Apr 21 13:29:00.098757 np0000168700 devstack@n-api-meta.service[109575]: DEBUG nova.api.openstack.wsgi_app [None req-19e0703c-aafa-4a1e-8b41-54a0739b62ef None None] oslo_limit.endpoint_service_type = None {{(pid=109575) log_opt_values /opt/stack/data/venv/lib/python3.12/site-packages/oslo_config/cfg.py:3006}}
Apr 21 13:29:00.098884 np0000168700 devstack@n-api-meta.service[109575]: DEBUG nova.api.openstack.wsgi_app [None req-19e0703c-aafa-4a1e-8b41-54a0739b62ef None None] oslo_limit.insecure = False {{(pid=109575) log_opt_values /opt/stack/data/venv/lib/python3.12/site-packages/oslo_config/cfg.py:3006}}
Apr 21 13:29:00.099008 np0000168700 devstack@n-api-meta.service[109575]: DEBUG nova.api.openstack.wsgi_app [None req-19e0703c-aafa-4a1e-8b41-54a0739b62ef None None] oslo_limit.keyfile = None {{(pid=109575) log_opt_values /opt/stack/data/venv/lib/python3.12/site-packages/oslo_config/cfg.py:3006}}
Apr 21 13:29:00.099133 np0000168700 devstack@n-api-meta.service[109575]: DEBUG nova.api.openstack.wsgi_app [None req-19e0703c-aafa-4a1e-8b41-54a0739b62ef None None] oslo_limit.max_version = None {{(pid=109575) log_opt_values /opt/stack/data/venv/lib/python3.12/site-packages/oslo_config/cfg.py:3006}}
Apr 21 13:29:00.099259 np0000168700 devstack@n-api-meta.service[109575]: DEBUG nova.api.openstack.wsgi_app [None req-19e0703c-aafa-4a1e-8b41-54a0739b62ef None None] oslo_limit.min_version = None {{(pid=109575) log_opt_values /opt/stack/data/venv/lib/python3.12/site-packages/oslo_config/cfg.py:3006}}
Apr 21 13:29:00.099384 np0000168700 devstack@n-api-meta.service[109575]: DEBUG nova.api.openstack.wsgi_app [None req-19e0703c-aafa-4a1e-8b41-54a0739b62ef None None] oslo_limit.region_name = None {{(pid=109575) log_opt_values /opt/stack/data/venv/lib/python3.12/site-packages/oslo_config/cfg.py:3006}}
Apr 21 13:29:00.099529 np0000168700 devstack@n-api-meta.service[109575]: DEBUG nova.api.openstack.wsgi_app [None req-19e0703c-aafa-4a1e-8b41-54a0739b62ef None None] oslo_limit.retriable_status_codes = None {{(pid=109575) log_opt_values /opt/stack/data/venv/lib/python3.12/site-packages/oslo_config/cfg.py:3006}}
Apr 21 13:29:00.099656 np0000168700 devstack@n-api-meta.service[109575]: DEBUG nova.api.openstack.wsgi_app [None req-19e0703c-aafa-4a1e-8b41-54a0739b62ef None None] oslo_limit.service_name = None {{(pid=109575) log_opt_values /opt/stack/data/venv/lib/python3.12/site-packages/oslo_config/cfg.py:3006}}
Apr 21 13:29:00.099789 np0000168700 devstack@n-api-meta.service[109575]: DEBUG nova.api.openstack.wsgi_app [None req-19e0703c-aafa-4a1e-8b41-54a0739b62ef None None] oslo_limit.service_type = None {{(pid=109575) log_opt_values /opt/stack/data/venv/lib/python3.12/site-packages/oslo_config/cfg.py:3006}}
Apr 21 13:29:00.099917 np0000168700 devstack@n-api-meta.service[109575]: DEBUG nova.api.openstack.wsgi_app [None req-19e0703c-aafa-4a1e-8b41-54a0739b62ef None None] oslo_limit.split_loggers = False {{(pid=109575) log_opt_values /opt/stack/data/venv/lib/python3.12/site-packages/oslo_config/cfg.py:3006}}
Apr 21 13:29:00.100043 np0000168700 devstack@n-api-meta.service[109575]: DEBUG nova.api.openstack.wsgi_app [None req-19e0703c-aafa-4a1e-8b41-54a0739b62ef None None] oslo_limit.status_code_retries = None {{(pid=109575) log_opt_values /opt/stack/data/venv/lib/python3.12/site-packages/oslo_config/cfg.py:3006}}
Apr 21 13:29:00.100168 np0000168700 devstack@n-api-meta.service[109575]: DEBUG nova.api.openstack.wsgi_app [None req-19e0703c-aafa-4a1e-8b41-54a0739b62ef None None] oslo_limit.status_code_retry_delay = None {{(pid=109575) log_opt_values /opt/stack/data/venv/lib/python3.12/site-packages/oslo_config/cfg.py:3006}}
Apr 21 13:29:00.100324 np0000168700 devstack@n-api-meta.service[109575]: DEBUG nova.api.openstack.wsgi_app [None req-19e0703c-aafa-4a1e-8b41-54a0739b62ef None None] oslo_limit.timeout = None {{(pid=109575) log_opt_values /opt/stack/data/venv/lib/python3.12/site-packages/oslo_config/cfg.py:3006}}
Apr 21 13:29:00.100413 np0000168700 devstack@n-api-meta.service[109575]: DEBUG nova.api.openstack.wsgi_app [None req-19e0703c-aafa-4a1e-8b41-54a0739b62ef None None] oslo_limit.valid_interfaces = None {{(pid=109575) log_opt_values /opt/stack/data/venv/lib/python3.12/site-packages/oslo_config/cfg.py:3006}}
Apr 21 13:29:00.100702 np0000168700 devstack@n-api-meta.service[109575]: DEBUG nova.api.openstack.wsgi_app [None req-19e0703c-aafa-4a1e-8b41-54a0739b62ef None None] oslo_limit.version = None {{(pid=109575) log_opt_values /opt/stack/data/venv/lib/python3.12/site-packages/oslo_config/cfg.py:3006}}
Apr 21 13:29:00.100856 np0000168700 devstack@n-api-meta.service[109575]: DEBUG nova.api.openstack.wsgi_app [None req-19e0703c-aafa-4a1e-8b41-54a0739b62ef None None] oslo_messaging_rabbit.amqp_auto_delete = False {{(pid=109575) log_opt_values /opt/stack/data/venv/lib/python3.12/site-packages/oslo_config/cfg.py:3006}}
Apr 21 13:29:00.101063 np0000168700 devstack@n-api-meta.service[109575]: DEBUG nova.api.openstack.wsgi_app [None req-19e0703c-aafa-4a1e-8b41-54a0739b62ef None None] oslo_messaging_rabbit.amqp_durable_queues = False {{(pid=109575) log_opt_values /opt/stack/data/venv/lib/python3.12/site-packages/oslo_config/cfg.py:3006}}
Apr 21 13:29:00.101220 np0000168700 devstack@n-api-meta.service[109575]: DEBUG nova.api.openstack.wsgi_app [None req-19e0703c-aafa-4a1e-8b41-54a0739b62ef None None] oslo_messaging_rabbit.conn_pool_min_size = 2 {{(pid=109575) log_opt_values /opt/stack/data/venv/lib/python3.12/site-packages/oslo_config/cfg.py:3006}}
Apr 21 13:29:00.101477 np0000168700 devstack@n-api-meta.service[109575]: DEBUG nova.api.openstack.wsgi_app [None req-19e0703c-aafa-4a1e-8b41-54a0739b62ef None None] oslo_messaging_rabbit.conn_pool_ttl = 1200 {{(pid=109575) log_opt_values /opt/stack/data/venv/lib/python3.12/site-packages/oslo_config/cfg.py:3006}}
Apr 21 13:29:00.101685 np0000168700 devstack@n-api-meta.service[109575]: DEBUG nova.api.openstack.wsgi_app [None req-19e0703c-aafa-4a1e-8b41-54a0739b62ef None None] oslo_messaging_rabbit.direct_mandatory_flag = True {{(pid=109575) log_opt_values /opt/stack/data/venv/lib/python3.12/site-packages/oslo_config/cfg.py:3006}}
Apr 21 13:29:00.101866 np0000168700 devstack@n-api-meta.service[109575]: DEBUG nova.api.openstack.wsgi_app [None req-19e0703c-aafa-4a1e-8b41-54a0739b62ef None None] oslo_messaging_rabbit.enable_cancel_on_failover = False {{(pid=109575) log_opt_values /opt/stack/data/venv/lib/python3.12/site-packages/oslo_config/cfg.py:3006}}
Apr 21 13:29:00.102016 np0000168700 devstack@n-api-meta.service[109575]: DEBUG nova.api.openstack.wsgi_app [None req-19e0703c-aafa-4a1e-8b41-54a0739b62ef None None] oslo_messaging_rabbit.heartbeat_in_pthread = False {{(pid=109575) log_opt_values /opt/stack/data/venv/lib/python3.12/site-packages/oslo_config/cfg.py:3006}}
Apr 21 13:29:00.102148 np0000168700 devstack@n-api-meta.service[109575]: DEBUG nova.api.openstack.wsgi_app [None req-19e0703c-aafa-4a1e-8b41-54a0739b62ef None None] oslo_messaging_rabbit.heartbeat_rate = 3 {{(pid=109575) log_opt_values /opt/stack/data/venv/lib/python3.12/site-packages/oslo_config/cfg.py:3006}}
Apr 21 13:29:00.102280 np0000168700 devstack@n-api-meta.service[109575]: DEBUG nova.api.openstack.wsgi_app [None req-19e0703c-aafa-4a1e-8b41-54a0739b62ef None None] oslo_messaging_rabbit.heartbeat_timeout_threshold = 60 {{(pid=109575) log_opt_values /opt/stack/data/venv/lib/python3.12/site-packages/oslo_config/cfg.py:3006}}
Apr 21 13:29:00.102449 np0000168700 devstack@n-api-meta.service[109575]: DEBUG nova.api.openstack.wsgi_app [None req-19e0703c-aafa-4a1e-8b41-54a0739b62ef None None] oslo_messaging_rabbit.hostname = np0000168700 {{(pid=109575) log_opt_values /opt/stack/data/venv/lib/python3.12/site-packages/oslo_config/cfg.py:3006}}
Apr 21 13:29:00.102669 np0000168700 devstack@n-api-meta.service[109575]: DEBUG nova.api.openstack.wsgi_app [None req-19e0703c-aafa-4a1e-8b41-54a0739b62ef None None] oslo_messaging_rabbit.kombu_compression = None {{(pid=109575) log_opt_values /opt/stack/data/venv/lib/python3.12/site-packages/oslo_config/cfg.py:3006}}
Apr 21 13:29:00.102848 np0000168700 devstack@n-api-meta.service[109575]: DEBUG nova.api.openstack.wsgi_app [None req-19e0703c-aafa-4a1e-8b41-54a0739b62ef None None] oslo_messaging_rabbit.kombu_failover_strategy = round-robin {{(pid=109575) log_opt_values /opt/stack/data/venv/lib/python3.12/site-packages/oslo_config/cfg.py:3006}}
Apr 21 13:29:00.103034 np0000168700 devstack@n-api-meta.service[109575]: DEBUG nova.api.openstack.wsgi_app [None req-19e0703c-aafa-4a1e-8b41-54a0739b62ef None None] oslo_messaging_rabbit.kombu_missing_consumer_retry_timeout = 60 {{(pid=109575) log_opt_values /opt/stack/data/venv/lib/python3.12/site-packages/oslo_config/cfg.py:3006}}
Apr 21 13:29:00.103233 np0000168700 devstack@n-api-meta.service[109575]: DEBUG nova.api.openstack.wsgi_app [None req-19e0703c-aafa-4a1e-8b41-54a0739b62ef None None] oslo_messaging_rabbit.kombu_reconnect_delay = 1.0 {{(pid=109575) log_opt_values /opt/stack/data/venv/lib/python3.12/site-packages/oslo_config/cfg.py:3006}}
Apr 21 13:29:00.103420 np0000168700 devstack@n-api-meta.service[109575]: DEBUG nova.api.openstack.wsgi_app [None req-19e0703c-aafa-4a1e-8b41-54a0739b62ef None None] oslo_messaging_rabbit.kombu_reconnect_splay = 0.0 {{(pid=109575) log_opt_values /opt/stack/data/venv/lib/python3.12/site-packages/oslo_config/cfg.py:3006}}
Apr 21 13:29:00.103676 np0000168700 devstack@n-api-meta.service[109575]: DEBUG nova.api.openstack.wsgi_app [None req-19e0703c-aafa-4a1e-8b41-54a0739b62ef None None] oslo_messaging_rabbit.processname = uwsgi {{(pid=109575) log_opt_values /opt/stack/data/venv/lib/python3.12/site-packages/oslo_config/cfg.py:3006}}
Apr 21 13:29:00.104071 np0000168700 devstack@n-api-meta.service[109575]: DEBUG nova.api.openstack.wsgi_app [None req-19e0703c-aafa-4a1e-8b41-54a0739b62ef None None] oslo_messaging_rabbit.rabbit_ha_queues = False {{(pid=109575) log_opt_values /opt/stack/data/venv/lib/python3.12/site-packages/oslo_config/cfg.py:3006}}
Apr 21 13:29:00.104286 np0000168700 devstack@n-api-meta.service[109575]: DEBUG nova.api.openstack.wsgi_app [None req-19e0703c-aafa-4a1e-8b41-54a0739b62ef None None] oslo_messaging_rabbit.rabbit_interval_max = 30 {{(pid=109575) log_opt_values /opt/stack/data/venv/lib/python3.12/site-packages/oslo_config/cfg.py:3006}}
Apr 21 13:29:00.104444 np0000168700 devstack@n-api-meta.service[109575]: DEBUG nova.api.openstack.wsgi_app [None req-19e0703c-aafa-4a1e-8b41-54a0739b62ef None None] oslo_messaging_rabbit.rabbit_login_method = AMQPLAIN {{(pid=109575) log_opt_values /opt/stack/data/venv/lib/python3.12/site-packages/oslo_config/cfg.py:3006}}
Apr 21 13:29:00.104671 np0000168700 devstack@n-api-meta.service[109575]: DEBUG nova.api.openstack.wsgi_app [None req-19e0703c-aafa-4a1e-8b41-54a0739b62ef None None] oslo_messaging_rabbit.rabbit_qos_prefetch_count = 0 {{(pid=109575) log_opt_values /opt/stack/data/venv/lib/python3.12/site-packages/oslo_config/cfg.py:3006}}
Apr 21 13:29:00.104855 np0000168700 devstack@n-api-meta.service[109575]: DEBUG nova.api.openstack.wsgi_app [None req-19e0703c-aafa-4a1e-8b41-54a0739b62ef None None] oslo_messaging_rabbit.rabbit_quorum_delivery_limit = 0 {{(pid=109575) log_opt_values /opt/stack/data/venv/lib/python3.12/site-packages/oslo_config/cfg.py:3006}}
Apr 21 13:29:00.105011 np0000168700 devstack@n-api-meta.service[109575]: DEBUG nova.api.openstack.wsgi_app [None req-19e0703c-aafa-4a1e-8b41-54a0739b62ef None None] oslo_messaging_rabbit.rabbit_quorum_max_memory_bytes = 0 {{(pid=109575) log_opt_values /opt/stack/data/venv/lib/python3.12/site-packages/oslo_config/cfg.py:3006}}
Apr 21 13:29:00.105154 np0000168700 devstack@n-api-meta.service[109575]: DEBUG nova.api.openstack.wsgi_app [None req-19e0703c-aafa-4a1e-8b41-54a0739b62ef None None] oslo_messaging_rabbit.rabbit_quorum_max_memory_length = 0 {{(pid=109575) log_opt_values /opt/stack/data/venv/lib/python3.12/site-packages/oslo_config/cfg.py:3006}}
Apr 21 13:29:00.105291 np0000168700 devstack@n-api-meta.service[109575]: DEBUG nova.api.openstack.wsgi_app [None req-19e0703c-aafa-4a1e-8b41-54a0739b62ef None None] oslo_messaging_rabbit.rabbit_quorum_queue = False {{(pid=109575) log_opt_values /opt/stack/data/venv/lib/python3.12/site-packages/oslo_config/cfg.py:3006}}
Apr 21 13:29:00.105541 np0000168700 devstack@n-api-meta.service[109575]: DEBUG nova.api.openstack.wsgi_app [None req-19e0703c-aafa-4a1e-8b41-54a0739b62ef None None] oslo_messaging_rabbit.rabbit_retry_backoff = 2 {{(pid=109575) log_opt_values /opt/stack/data/venv/lib/python3.12/site-packages/oslo_config/cfg.py:3006}}
Apr 21 13:29:00.105673 np0000168700 devstack@n-api-meta.service[109575]: DEBUG nova.api.openstack.wsgi_app [None req-19e0703c-aafa-4a1e-8b41-54a0739b62ef None None] oslo_messaging_rabbit.rabbit_retry_interval = 1 {{(pid=109575) log_opt_values /opt/stack/data/venv/lib/python3.12/site-packages/oslo_config/cfg.py:3006}}
Apr 21 13:29:00.105893 np0000168700 devstack@n-api-meta.service[109575]: DEBUG nova.api.openstack.wsgi_app [None req-19e0703c-aafa-4a1e-8b41-54a0739b62ef None None] oslo_messaging_rabbit.rabbit_stream_fanout = False {{(pid=109575) log_opt_values /opt/stack/data/venv/lib/python3.12/site-packages/oslo_config/cfg.py:3006}}
Apr 21 13:29:00.106077 np0000168700 devstack@n-api-meta.service[109575]: DEBUG nova.api.openstack.wsgi_app [None req-19e0703c-aafa-4a1e-8b41-54a0739b62ef None None] oslo_messaging_rabbit.rabbit_transient_queues_ttl = 1800 {{(pid=109575) log_opt_values /opt/stack/data/venv/lib/python3.12/site-packages/oslo_config/cfg.py:3006}}
Apr 21 13:29:00.106275 np0000168700 devstack@n-api-meta.service[109575]: DEBUG nova.api.openstack.wsgi_app [None req-19e0703c-aafa-4a1e-8b41-54a0739b62ef None None] oslo_messaging_rabbit.rabbit_transient_quorum_queue = False {{(pid=109575) log_opt_values /opt/stack/data/venv/lib/python3.12/site-packages/oslo_config/cfg.py:3006}}
Apr 21 13:29:00.106453 np0000168700 devstack@n-api-meta.service[109575]: DEBUG nova.api.openstack.wsgi_app [None req-19e0703c-aafa-4a1e-8b41-54a0739b62ef None None] oslo_messaging_rabbit.rpc_conn_pool_size = 30 {{(pid=109575) log_opt_values /opt/stack/data/venv/lib/python3.12/site-packages/oslo_config/cfg.py:3006}}
Apr 21 13:29:00.106619 np0000168700 devstack@n-api-meta.service[109575]: DEBUG nova.api.openstack.wsgi_app [None req-19e0703c-aafa-4a1e-8b41-54a0739b62ef None None] oslo_messaging_rabbit.ssl = False {{(pid=109575) log_opt_values /opt/stack/data/venv/lib/python3.12/site-packages/oslo_config/cfg.py:3006}}
Apr 21 13:29:00.106778 np0000168700 devstack@n-api-meta.service[109575]: DEBUG nova.api.openstack.wsgi_app [None req-19e0703c-aafa-4a1e-8b41-54a0739b62ef None None] oslo_messaging_rabbit.ssl_ca_file = {{(pid=109575) log_opt_values /opt/stack/data/venv/lib/python3.12/site-packages/oslo_config/cfg.py:3006}}
Apr 21 13:29:00.106931 np0000168700 devstack@n-api-meta.service[109575]: DEBUG nova.api.openstack.wsgi_app [None req-19e0703c-aafa-4a1e-8b41-54a0739b62ef None None] oslo_messaging_rabbit.ssl_cert_file = {{(pid=109575) log_opt_values /opt/stack/data/venv/lib/python3.12/site-packages/oslo_config/cfg.py:3006}}
Apr 21 13:29:00.107084 np0000168700 devstack@n-api-meta.service[109575]: DEBUG nova.api.openstack.wsgi_app [None req-19e0703c-aafa-4a1e-8b41-54a0739b62ef None None] oslo_messaging_rabbit.ssl_enforce_fips_mode = False {{(pid=109575) log_opt_values /opt/stack/data/venv/lib/python3.12/site-packages/oslo_config/cfg.py:3006}}
Apr 21 13:29:00.107220 np0000168700 devstack@n-api-meta.service[109575]: DEBUG nova.api.openstack.wsgi_app [None req-19e0703c-aafa-4a1e-8b41-54a0739b62ef None None] oslo_messaging_rabbit.ssl_key_file = {{(pid=109575) log_opt_values /opt/stack/data/venv/lib/python3.12/site-packages/oslo_config/cfg.py:3006}}
Apr 21 13:29:00.107382 np0000168700 devstack@n-api-meta.service[109575]: DEBUG nova.api.openstack.wsgi_app [None req-19e0703c-aafa-4a1e-8b41-54a0739b62ef None None] oslo_messaging_rabbit.ssl_version = {{(pid=109575) log_opt_values /opt/stack/data/venv/lib/python3.12/site-packages/oslo_config/cfg.py:3006}}
Apr 21 13:29:00.107546 np0000168700 devstack@n-api-meta.service[109575]: DEBUG nova.api.openstack.wsgi_app [None req-19e0703c-aafa-4a1e-8b41-54a0739b62ef None None] oslo_messaging_rabbit.use_queue_manager = False {{(pid=109575) log_opt_values /opt/stack/data/venv/lib/python3.12/site-packages/oslo_config/cfg.py:3006}}
Apr 21 13:29:00.107703 np0000168700 devstack@n-api-meta.service[109575]: DEBUG nova.api.openstack.wsgi_app [None req-19e0703c-aafa-4a1e-8b41-54a0739b62ef None None] oslo_messaging_notifications.driver = ['messagingv2'] {{(pid=109575) log_opt_values /opt/stack/data/venv/lib/python3.12/site-packages/oslo_config/cfg.py:3006}}
Apr 21 13:29:00.107836 np0000168700 devstack@n-api-meta.service[109575]: DEBUG nova.api.openstack.wsgi_app [None req-19e0703c-aafa-4a1e-8b41-54a0739b62ef None None] oslo_messaging_notifications.retry = -1 {{(pid=109575) log_opt_values /opt/stack/data/venv/lib/python3.12/site-packages/oslo_config/cfg.py:3006}}
Apr 21 13:29:00.107976 np0000168700 devstack@n-api-meta.service[109575]: DEBUG nova.api.openstack.wsgi_app [None req-19e0703c-aafa-4a1e-8b41-54a0739b62ef None None] oslo_messaging_notifications.topics = ['notifications'] {{(pid=109575) log_opt_values /opt/stack/data/venv/lib/python3.12/site-packages/oslo_config/cfg.py:3006}}
Apr 21 13:29:00.108112 np0000168700 devstack@n-api-meta.service[109575]: DEBUG nova.api.openstack.wsgi_app [None req-19e0703c-aafa-4a1e-8b41-54a0739b62ef None None] oslo_messaging_notifications.transport_url = **** {{(pid=109575) log_opt_values /opt/stack/data/venv/lib/python3.12/site-packages/oslo_config/cfg.py:3006}}
Apr 21 13:29:00.108247 np0000168700 devstack@n-api-meta.service[109575]: DEBUG nova.api.openstack.wsgi_app [None req-19e0703c-aafa-4a1e-8b41-54a0739b62ef None None] oslo_reports.file_event_handler = None {{(pid=109575) log_opt_values /opt/stack/data/venv/lib/python3.12/site-packages/oslo_config/cfg.py:3006}}
Apr 21 13:29:00.108378 np0000168700 devstack@n-api-meta.service[109575]: DEBUG nova.api.openstack.wsgi_app [None req-19e0703c-aafa-4a1e-8b41-54a0739b62ef None None] oslo_reports.file_event_handler_interval = 1 {{(pid=109575) log_opt_values /opt/stack/data/venv/lib/python3.12/site-packages/oslo_config/cfg.py:3006}}
Apr 21 13:29:00.108529 np0000168700 devstack@n-api-meta.service[109575]: DEBUG nova.api.openstack.wsgi_app [None req-19e0703c-aafa-4a1e-8b41-54a0739b62ef None None] oslo_reports.log_dir = None {{(pid=109575) log_opt_values /opt/stack/data/venv/lib/python3.12/site-packages/oslo_config/cfg.py:3006}}
Apr 21 13:29:00.108635 np0000168700 devstack@n-api-meta.service[109575]: DEBUG nova.api.openstack.wsgi_app [None req-19e0703c-aafa-4a1e-8b41-54a0739b62ef None None] ******************************************************************************** {{(pid=109575) log_opt_values /opt/stack/data/venv/lib/python3.12/site-packages/oslo_config/cfg.py:3013}}
Apr 21 13:29:00.108766 np0000168700 devstack@n-api-meta.service[109575]: WSGI app 0 (mountpoint='') ready in 3 seconds on interpreter 0x7ef3074a3668 pid: 109575 (default app)
Apr 21 13:29:09.579846 np0000168700 devstack@n-api-meta.service[109576]: DEBUG dbcounter [-] [109576] Writing DB stats nova_api:SELECT=1 {{(pid=109576) stat_writer /opt/stack/data/venv/lib/python3.12/site-packages/dbcounter.py:115}}
Apr 21 13:29:09.689724 np0000168700 devstack@n-api-meta.service[109574]: DEBUG dbcounter [-] [109574] Writing DB stats nova_api:SELECT=1 {{(pid=109574) stat_writer /opt/stack/data/venv/lib/python3.12/site-packages/dbcounter.py:115}}
Apr 21 13:29:09.697165 np0000168700 devstack@n-api-meta.service[109573]: DEBUG dbcounter [-] [109573] Writing DB stats nova_api:SELECT=1 {{(pid=109573) stat_writer /opt/stack/data/venv/lib/python3.12/site-packages/dbcounter.py:115}}
Apr 21 13:29:09.706230 np0000168700 devstack@n-api-meta.service[109576]: DEBUG dbcounter [-] [109576] Writing DB stats nova_cell0:SELECT=1 {{(pid=109576) stat_writer /opt/stack/data/venv/lib/python3.12/site-packages/dbcounter.py:115}}
Apr 21 13:29:09.707157 np0000168700 devstack@n-api-meta.service[109576]: DEBUG dbcounter [-] [109576] Writing DB stats nova_cell1:SELECT=1 {{(pid=109576) stat_writer /opt/stack/data/venv/lib/python3.12/site-packages/dbcounter.py:115}}
Apr 21 13:29:09.741404 np0000168700 devstack@n-api-meta.service[109575]: DEBUG dbcounter [-] [109575] Writing DB stats nova_api:SELECT=1 {{(pid=109575) stat_writer /opt/stack/data/venv/lib/python3.12/site-packages/dbcounter.py:115}}
Apr 21 13:29:09.751409 np0000168700 devstack@n-api-meta.service[109576]: DEBUG dbcounter [-] [109576] Writing DB stats nova_cell0:SELECT=2,nova_cell0:INSERT=1 {{(pid=109576) stat_writer /opt/stack/data/venv/lib/python3.12/site-packages/dbcounter.py:115}}
Apr 21 13:29:09.817571 np0000168700 devstack@n-api-meta.service[109574]: DEBUG dbcounter [-] [109574] Writing DB stats nova_cell0:SELECT=1 {{(pid=109574) stat_writer /opt/stack/data/venv/lib/python3.12/site-packages/dbcounter.py:115}}
Apr 21 13:29:09.820492 np0000168700 devstack@n-api-meta.service[109574]: DEBUG dbcounter [-] [109574] Writing DB stats nova_cell1:SELECT=1 {{(pid=109574) stat_writer /opt/stack/data/venv/lib/python3.12/site-packages/dbcounter.py:115}}
Apr 21 13:29:09.836095 np0000168700 devstack@n-api-meta.service[109573]: DEBUG dbcounter [-] [109573] Writing DB stats nova_cell1:SELECT=1 {{(pid=109573) stat_writer /opt/stack/data/venv/lib/python3.12/site-packages/dbcounter.py:115}}
Apr 21 13:29:09.838206 np0000168700 devstack@n-api-meta.service[109573]: DEBUG dbcounter [-] [109573] Writing DB stats nova_cell0:SELECT=1 {{(pid=109573) stat_writer /opt/stack/data/venv/lib/python3.12/site-packages/dbcounter.py:115}}
Apr 21 13:29:09.840539 np0000168700 devstack@n-api-meta.service[109574]: DEBUG dbcounter [-] [109574] Writing DB stats nova_cell0:SELECT=1 {{(pid=109574) stat_writer /opt/stack/data/venv/lib/python3.12/site-packages/dbcounter.py:115}}
Apr 21 13:29:09.861848 np0000168700 devstack@n-api-meta.service[109573]: DEBUG dbcounter [-] [109573] Writing DB stats nova_cell0:SELECT=1 {{(pid=109573) stat_writer /opt/stack/data/venv/lib/python3.12/site-packages/dbcounter.py:115}}
Apr 21 13:29:09.887105 np0000168700 devstack@n-api-meta.service[109575]: DEBUG dbcounter [-] [109575] Writing DB stats nova_cell1:SELECT=1 {{(pid=109575) stat_writer /opt/stack/data/venv/lib/python3.12/site-packages/dbcounter.py:115}}
Apr 21 13:29:09.888112 np0000168700 devstack@n-api-meta.service[109575]: DEBUG dbcounter [-] [109575] Writing DB stats nova_cell0:SELECT=1 {{(pid=109575) stat_writer /opt/stack/data/venv/lib/python3.12/site-packages/dbcounter.py:115}}
Apr 21 13:29:09.921943 np0000168700 devstack@n-api-meta.service[109575]: DEBUG dbcounter [-] [109575] Writing DB stats nova_cell0:SELECT=1 {{(pid=109575) stat_writer /opt/stack/data/venv/lib/python3.12/site-packages/dbcounter.py:115}}
Apr 21 13:36:42.778283 np0000168700 devstack@n-api-meta.service[109576]: DEBUG nova.api.metadata.handler [None req-87e4aed3-7dfb-4c4d-9b62-51497c26b26e None None] Metadata request headers: {'Host': '199.19.213.24:8775', 'User-Agent': 'python-requests/2.33.1', 'Accept-Encoding': 'gzip, deflate', 'Accept': '*/*', 'Connection': 'keep-alive', 'X-Forwarded-For': '192.168.24.180', 'X-Instance-Id': 'ca902065-4aa0-4805-ae7c-2b81549d9a11', 'X-Tenant-Id': '5201fed1820d4a19984b72ec5d712ee8', 'X-Instance-Id-Signature': 'd55e023a9537f0414f29e3ddf0b5009d865d394e595fb98e5ae37faf8b3951cd'} {{(pid=109576) __call__ /opt/stack/nova/nova/api/metadata/handler.py:109}}
Apr 21 13:36:42.791924 np0000168700 devstack@n-api-meta.service[109576]: DEBUG oslo_concurrency.lockutils [None req-f92b9b5d-0417-466c-b92d-1a178421e88d None None] Acquiring lock "f5a949d1-1987-4793-9f6d-358c4bb0d318" by "nova.context.set_target_cell..get_or_set_cached_cell_and_set_connections" {{(pid=109576) inner /opt/stack/data/venv/lib/python3.12/site-packages/oslo_concurrency/lockutils.py:506}}
Apr 21 13:36:42.792151 np0000168700 devstack@n-api-meta.service[109576]: DEBUG oslo_concurrency.lockutils [None req-f92b9b5d-0417-466c-b92d-1a178421e88d None None] Lock "f5a949d1-1987-4793-9f6d-358c4bb0d318" acquired by "nova.context.set_target_cell..get_or_set_cached_cell_and_set_connections" :: waited 0.000s {{(pid=109576) inner /opt/stack/data/venv/lib/python3.12/site-packages/oslo_concurrency/lockutils.py:519}}
Apr 21 13:36:42.792314 np0000168700 devstack@n-api-meta.service[109576]: DEBUG oslo_concurrency.lockutils [None req-f92b9b5d-0417-466c-b92d-1a178421e88d None None] Lock "f5a949d1-1987-4793-9f6d-358c4bb0d318" "released" by "nova.context.set_target_cell..get_or_set_cached_cell_and_set_connections" :: held 0.000s {{(pid=109576) inner /opt/stack/data/venv/lib/python3.12/site-packages/oslo_concurrency/lockutils.py:538}}
Apr 21 13:36:42.850123 np0000168700 devstack@n-api-meta.service[109576]: WARNING neutronclient.v2_0.client [None req-f92b9b5d-0417-466c-b92d-1a178421e88d None None] The python binding code in neutronclient is deprecated in favor of OpenstackSDK, please use that as this will be removed in a future release.
Apr 21 13:36:43.602147 np0000168700 devstack@n-api-meta.service[109576]: [pid: 109576|app: 0|req: 1/1] 199.19.213.24 () {40 vars in 641 bytes} [Tue Apr 21 13:36:42 2026] GET /openstack => generated 116 bytes in 826 msecs (HTTP/1.1 200) 3 headers in 100 bytes (1 switches on core 0)
Apr 21 13:36:43.618188 np0000168700 devstack@n-api-meta.service[109574]: DEBUG nova.api.metadata.handler [None req-2152b3ed-d604-4029-9756-67ae3d4e9d7f None None] Metadata request headers: {'Host': '199.19.213.24:8775', 'User-Agent': 'python-requests/2.33.1', 'Accept-Encoding': 'gzip, deflate', 'Accept': '*/*', 'Connection': 'keep-alive', 'X-Forwarded-For': '192.168.24.180', 'X-Instance-Id': 'ca902065-4aa0-4805-ae7c-2b81549d9a11', 'X-Tenant-Id': '5201fed1820d4a19984b72ec5d712ee8', 'X-Instance-Id-Signature': 'd55e023a9537f0414f29e3ddf0b5009d865d394e595fb98e5ae37faf8b3951cd'} {{(pid=109574) __call__ /opt/stack/nova/nova/api/metadata/handler.py:109}}
Apr 21 13:36:43.623726 np0000168700 devstack@n-api-meta.service[109574]: DEBUG nova.api.metadata.handler [None req-2152b3ed-d604-4029-9756-67ae3d4e9d7f None None] Using cached metadata for instance ca902065-4aa0-4805-ae7c-2b81549d9a11 {{(pid=109574) get_metadata_by_instance_id /opt/stack/nova/nova/api/metadata/handler.py:84}}
Apr 21 13:36:43.624167 np0000168700 devstack@n-api-meta.service[109574]: [pid: 109574|app: 0|req: 1/2] 199.19.213.24 () {40 vars in 641 bytes} [Tue Apr 21 13:36:43 2026] GET /openstack => generated 116 bytes in 9 msecs (HTTP/1.1 200) 3 headers in 100 bytes (1 switches on core 0)
Apr 21 13:36:43.634948 np0000168700 devstack@n-api-meta.service[109573]: DEBUG nova.api.metadata.handler [None req-87e830d9-24b5-4ba4-8670-05389a38b9dc None None] Metadata request headers: {'Host': '199.19.213.24:8775', 'User-Agent': 'python-requests/2.33.1', 'Accept-Encoding': 'gzip, deflate', 'Accept': '*/*', 'Connection': 'keep-alive', 'X-Forwarded-For': '192.168.24.180', 'X-Instance-Id': 'ca902065-4aa0-4805-ae7c-2b81549d9a11', 'X-Tenant-Id': '5201fed1820d4a19984b72ec5d712ee8', 'X-Instance-Id-Signature': 'd55e023a9537f0414f29e3ddf0b5009d865d394e595fb98e5ae37faf8b3951cd'} {{(pid=109573) __call__ /opt/stack/nova/nova/api/metadata/handler.py:109}}
Apr 21 13:36:43.640105 np0000168700 devstack@n-api-meta.service[109573]: DEBUG nova.api.metadata.handler [None req-87e830d9-24b5-4ba4-8670-05389a38b9dc None None] Using cached metadata for instance ca902065-4aa0-4805-ae7c-2b81549d9a11 {{(pid=109573) get_metadata_by_instance_id /opt/stack/nova/nova/api/metadata/handler.py:84}}
Apr 21 13:36:43.640719 np0000168700 devstack@n-api-meta.service[109573]: [pid: 109573|app: 0|req: 1/3] 199.19.213.24 () {40 vars in 693 bytes} [Tue Apr 21 13:36:43 2026] GET /openstack/2018-08-27/meta_data.json => generated 946 bytes in 7 msecs (HTTP/1.1 200) 3 headers in 91 bytes (1 switches on core 0)
Apr 21 13:36:43.653604 np0000168700 devstack@n-api-meta.service[109575]: DEBUG nova.api.metadata.handler [None req-19e0703c-aafa-4a1e-8b41-54a0739b62ef None None] Metadata request headers: {'Host': '199.19.213.24:8775', 'User-Agent': 'python-requests/2.33.1', 'Accept-Encoding': 'gzip, deflate', 'Accept': '*/*', 'Connection': 'keep-alive', 'X-Forwarded-For': '192.168.24.180', 'X-Instance-Id': 'ca902065-4aa0-4805-ae7c-2b81549d9a11', 'X-Tenant-Id': '5201fed1820d4a19984b72ec5d712ee8', 'X-Instance-Id-Signature': 'd55e023a9537f0414f29e3ddf0b5009d865d394e595fb98e5ae37faf8b3951cd'} {{(pid=109575) __call__ /opt/stack/nova/nova/api/metadata/handler.py:109}}
Apr 21 13:36:43.658110 np0000168700 devstack@n-api-meta.service[109575]: DEBUG nova.api.metadata.handler [None req-19e0703c-aafa-4a1e-8b41-54a0739b62ef None None] Using cached metadata for instance ca902065-4aa0-4805-ae7c-2b81549d9a11 {{(pid=109575) get_metadata_by_instance_id /opt/stack/nova/nova/api/metadata/handler.py:84}}
Apr 21 13:36:43.658597 np0000168700 devstack@n-api-meta.service[109575]: [pid: 109575|app: 0|req: 1/4] 199.19.213.24 () {40 vars in 683 bytes} [Tue Apr 21 13:36:43 2026] GET /openstack/2018-08-27/user_data => generated 26434 bytes in 9 msecs (HTTP/1.1 200) 3 headers in 102 bytes (1 switches on core 0)
Apr 21 13:36:43.666083 np0000168700 devstack@n-api-meta.service[109576]: DEBUG nova.api.metadata.handler [None req-f92b9b5d-0417-466c-b92d-1a178421e88d None None] Metadata request headers: {'Host': '199.19.213.24:8775', 'User-Agent': 'python-requests/2.33.1', 'Accept-Encoding': 'gzip, deflate', 'Accept': '*/*', 'Connection': 'keep-alive', 'X-Forwarded-For': '192.168.24.180', 'X-Instance-Id': 'ca902065-4aa0-4805-ae7c-2b81549d9a11', 'X-Tenant-Id': '5201fed1820d4a19984b72ec5d712ee8', 'X-Instance-Id-Signature': 'd55e023a9537f0414f29e3ddf0b5009d865d394e595fb98e5ae37faf8b3951cd'} {{(pid=109576) __call__ /opt/stack/nova/nova/api/metadata/handler.py:109}}
Apr 21 13:36:43.668044 np0000168700 devstack@n-api-meta.service[109576]: DEBUG nova.api.metadata.handler [None req-f92b9b5d-0417-466c-b92d-1a178421e88d None None] Using cached metadata for instance ca902065-4aa0-4805-ae7c-2b81549d9a11 {{(pid=109576) get_metadata_by_instance_id /opt/stack/nova/nova/api/metadata/handler.py:84}}
Apr 21 13:36:43.668570 np0000168700 devstack@n-api-meta.service[109576]: [pid: 109576|app: 0|req: 2/5] 199.19.213.24 () {40 vars in 697 bytes} [Tue Apr 21 13:36:43 2026] GET /openstack/2018-08-27/vendor_data.json => generated 2 bytes in 3 msecs (HTTP/1.1 200) 3 headers in 89 bytes (1 switches on core 0)
Apr 21 13:36:43.674719 np0000168700 devstack@n-api-meta.service[109574]: DEBUG nova.api.metadata.handler [None req-2152b3ed-d604-4029-9756-67ae3d4e9d7f None None] Metadata request headers: {'Host': '199.19.213.24:8775', 'User-Agent': 'python-requests/2.33.1', 'Accept-Encoding': 'gzip, deflate', 'Accept': '*/*', 'Connection': 'keep-alive', 'X-Forwarded-For': '192.168.24.180', 'X-Instance-Id': 'ca902065-4aa0-4805-ae7c-2b81549d9a11', 'X-Tenant-Id': '5201fed1820d4a19984b72ec5d712ee8', 'X-Instance-Id-Signature': 'd55e023a9537f0414f29e3ddf0b5009d865d394e595fb98e5ae37faf8b3951cd'} {{(pid=109574) __call__ /opt/stack/nova/nova/api/metadata/handler.py:109}}
Apr 21 13:36:43.680378 np0000168700 devstack@n-api-meta.service[109574]: DEBUG nova.api.metadata.handler [None req-2152b3ed-d604-4029-9756-67ae3d4e9d7f None None] Using cached metadata for instance ca902065-4aa0-4805-ae7c-2b81549d9a11 {{(pid=109574) get_metadata_by_instance_id /opt/stack/nova/nova/api/metadata/handler.py:84}}
Apr 21 13:36:43.681274 np0000168700 devstack@n-api-meta.service[109574]: [pid: 109574|app: 0|req: 2/6] 199.19.213.24 () {40 vars in 699 bytes} [Tue Apr 21 13:36:43 2026] GET /openstack/2018-08-27/vendor_data2.json => generated 14 bytes in 7 msecs (HTTP/1.1 200) 3 headers in 90 bytes (1 switches on core 0)
Apr 21 13:36:43.688863 np0000168700 devstack@n-api-meta.service[109573]: DEBUG nova.api.metadata.handler [None req-87e830d9-24b5-4ba4-8670-05389a38b9dc None None] Metadata request headers: {'Host': '199.19.213.24:8775', 'User-Agent': 'python-requests/2.33.1', 'Accept-Encoding': 'gzip, deflate', 'Accept': '*/*', 'Connection': 'keep-alive', 'X-Forwarded-For': '192.168.24.180', 'X-Instance-Id': 'ca902065-4aa0-4805-ae7c-2b81549d9a11', 'X-Tenant-Id': '5201fed1820d4a19984b72ec5d712ee8', 'X-Instance-Id-Signature': 'd55e023a9537f0414f29e3ddf0b5009d865d394e595fb98e5ae37faf8b3951cd'} {{(pid=109573) __call__ /opt/stack/nova/nova/api/metadata/handler.py:109}}
Apr 21 13:36:43.692417 np0000168700 devstack@n-api-meta.service[109573]: DEBUG nova.api.metadata.handler [None req-87e830d9-24b5-4ba4-8670-05389a38b9dc None None] Using cached metadata for instance ca902065-4aa0-4805-ae7c-2b81549d9a11 {{(pid=109573) get_metadata_by_instance_id /opt/stack/nova/nova/api/metadata/handler.py:84}}
Apr 21 13:36:43.692875 np0000168700 devstack@n-api-meta.service[109573]: [pid: 109573|app: 0|req: 2/7] 199.19.213.24 () {40 vars in 699 bytes} [Tue Apr 21 13:36:43 2026] GET /openstack/2018-08-27/network_data.json => generated 348 bytes in 5 msecs (HTTP/1.1 200) 3 headers in 100 bytes (1 switches on core 0)
Apr 21 13:36:43.700671 np0000168700 devstack@n-api-meta.service[109575]: DEBUG nova.api.metadata.handler [None req-19e0703c-aafa-4a1e-8b41-54a0739b62ef None None] Metadata request headers: {'Host': '199.19.213.24:8775', 'User-Agent': 'python-requests/2.33.1', 'Accept-Encoding': 'gzip, deflate', 'Accept': '*/*', 'Connection': 'keep-alive', 'X-Forwarded-For': '192.168.24.180', 'X-Instance-Id': 'ca902065-4aa0-4805-ae7c-2b81549d9a11', 'X-Tenant-Id': '5201fed1820d4a19984b72ec5d712ee8', 'X-Instance-Id-Signature': 'd55e023a9537f0414f29e3ddf0b5009d865d394e595fb98e5ae37faf8b3951cd'} {{(pid=109575) __call__ /opt/stack/nova/nova/api/metadata/handler.py:109}}
Apr 21 13:36:43.704123 np0000168700 devstack@n-api-meta.service[109575]: DEBUG nova.api.metadata.handler [None req-19e0703c-aafa-4a1e-8b41-54a0739b62ef None None] Using cached metadata for instance ca902065-4aa0-4805-ae7c-2b81549d9a11 {{(pid=109575) get_metadata_by_instance_id /opt/stack/nova/nova/api/metadata/handler.py:84}}
Apr 21 13:36:43.705030 np0000168700 devstack@n-api-meta.service[109575]: [pid: 109575|app: 0|req: 2/8] 199.19.213.24 () {40 vars in 657 bytes} [Tue Apr 21 13:36:43 2026] GET /latest/meta-data/ => generated 210 bytes in 5 msecs (HTTP/1.1 200) 3 headers in 100 bytes (1 switches on core 0)
Apr 21 13:36:43.712404 np0000168700 devstack@n-api-meta.service[109576]: DEBUG nova.api.metadata.handler [None req-f92b9b5d-0417-466c-b92d-1a178421e88d None None] Metadata request headers: {'Host': '199.19.213.24:8775', 'User-Agent': 'python-requests/2.33.1', 'Accept-Encoding': 'gzip, deflate', 'Accept': '*/*', 'Connection': 'keep-alive', 'X-Forwarded-For': '192.168.24.180', 'X-Instance-Id': 'ca902065-4aa0-4805-ae7c-2b81549d9a11', 'X-Tenant-Id': '5201fed1820d4a19984b72ec5d712ee8', 'X-Instance-Id-Signature': 'd55e023a9537f0414f29e3ddf0b5009d865d394e595fb98e5ae37faf8b3951cd'} {{(pid=109576) __call__ /opt/stack/nova/nova/api/metadata/handler.py:109}}
Apr 21 13:36:43.715439 np0000168700 devstack@n-api-meta.service[109576]: DEBUG nova.api.metadata.handler [None req-f92b9b5d-0417-466c-b92d-1a178421e88d None None] Using cached metadata for instance ca902065-4aa0-4805-ae7c-2b81549d9a11 {{(pid=109576) get_metadata_by_instance_id /opt/stack/nova/nova/api/metadata/handler.py:84}}
Apr 21 13:36:43.716369 np0000168700 devstack@n-api-meta.service[109576]: [pid: 109576|app: 0|req: 3/9] 199.19.213.24 () {40 vars in 699 bytes} [Tue Apr 21 13:36:43 2026] GET /latest/meta-data/block-device-mapping/ => generated 8 bytes in 4 msecs (HTTP/1.1 200) 3 headers in 98 bytes (1 switches on core 0)
Apr 21 13:36:43.725881 np0000168700 devstack@n-api-meta.service[109574]: DEBUG nova.api.metadata.handler [None req-2152b3ed-d604-4029-9756-67ae3d4e9d7f None None] Metadata request headers: {'Host': '199.19.213.24:8775', 'User-Agent': 'python-requests/2.33.1', 'Accept-Encoding': 'gzip, deflate', 'Accept': '*/*', 'Connection': 'keep-alive', 'X-Forwarded-For': '192.168.24.180', 'X-Instance-Id': 'ca902065-4aa0-4805-ae7c-2b81549d9a11', 'X-Tenant-Id': '5201fed1820d4a19984b72ec5d712ee8', 'X-Instance-Id-Signature': 'd55e023a9537f0414f29e3ddf0b5009d865d394e595fb98e5ae37faf8b3951cd'} {{(pid=109574) __call__ /opt/stack/nova/nova/api/metadata/handler.py:109}}
Apr 21 13:36:43.728874 np0000168700 devstack@n-api-meta.service[109574]: DEBUG nova.api.metadata.handler [None req-2152b3ed-d604-4029-9756-67ae3d4e9d7f None None] Using cached metadata for instance ca902065-4aa0-4805-ae7c-2b81549d9a11 {{(pid=109574) get_metadata_by_instance_id /opt/stack/nova/nova/api/metadata/handler.py:84}}
Apr 21 13:36:43.730049 np0000168700 devstack@n-api-meta.service[109574]: [pid: 109574|app: 0|req: 3/10] 199.19.213.24 () {40 vars in 705 bytes} [Tue Apr 21 13:36:43 2026] GET /latest/meta-data/block-device-mapping/ami => generated 3 bytes in 5 msecs (HTTP/1.1 200) 3 headers in 98 bytes (1 switches on core 0)
Apr 21 13:36:43.736974 np0000168700 devstack@n-api-meta.service[109573]: DEBUG nova.api.metadata.handler [None req-87e830d9-24b5-4ba4-8670-05389a38b9dc None None] Metadata request headers: {'Host': '199.19.213.24:8775', 'User-Agent': 'python-requests/2.33.1', 'Accept-Encoding': 'gzip, deflate', 'Accept': '*/*', 'Connection': 'keep-alive', 'X-Forwarded-For': '192.168.24.180', 'X-Instance-Id': 'ca902065-4aa0-4805-ae7c-2b81549d9a11', 'X-Tenant-Id': '5201fed1820d4a19984b72ec5d712ee8', 'X-Instance-Id-Signature': 'd55e023a9537f0414f29e3ddf0b5009d865d394e595fb98e5ae37faf8b3951cd'} {{(pid=109573) __call__ /opt/stack/nova/nova/api/metadata/handler.py:109}}
Apr 21 13:36:43.739650 np0000168700 devstack@n-api-meta.service[109573]: DEBUG nova.api.metadata.handler [None req-87e830d9-24b5-4ba4-8670-05389a38b9dc None None] Using cached metadata for instance ca902065-4aa0-4805-ae7c-2b81549d9a11 {{(pid=109573) get_metadata_by_instance_id /opt/stack/nova/nova/api/metadata/handler.py:84}}
Apr 21 13:36:43.740293 np0000168700 devstack@n-api-meta.service[109573]: [pid: 109573|app: 0|req: 3/11] 199.19.213.24 () {40 vars in 707 bytes} [Tue Apr 21 13:36:43 2026] GET /latest/meta-data/block-device-mapping/root => generated 8 bytes in 4 msecs (HTTP/1.1 200) 3 headers in 98 bytes (1 switches on core 0)
Apr 21 13:36:43.746874 np0000168700 devstack@n-api-meta.service[109575]: DEBUG nova.api.metadata.handler [None req-19e0703c-aafa-4a1e-8b41-54a0739b62ef None None] Metadata request headers: {'Host': '199.19.213.24:8775', 'User-Agent': 'python-requests/2.33.1', 'Accept-Encoding': 'gzip, deflate', 'Accept': '*/*', 'Connection': 'keep-alive', 'X-Forwarded-For': '192.168.24.180', 'X-Instance-Id': 'ca902065-4aa0-4805-ae7c-2b81549d9a11', 'X-Tenant-Id': '5201fed1820d4a19984b72ec5d712ee8', 'X-Instance-Id-Signature': 'd55e023a9537f0414f29e3ddf0b5009d865d394e595fb98e5ae37faf8b3951cd'} {{(pid=109575) __call__ /opt/stack/nova/nova/api/metadata/handler.py:109}}
Apr 21 13:36:43.750251 np0000168700 devstack@n-api-meta.service[109575]: DEBUG nova.api.metadata.handler [None req-19e0703c-aafa-4a1e-8b41-54a0739b62ef None None] Using cached metadata for instance ca902065-4aa0-4805-ae7c-2b81549d9a11 {{(pid=109575) get_metadata_by_instance_id /opt/stack/nova/nova/api/metadata/handler.py:84}}
Apr 21 13:36:43.750999 np0000168700 devstack@n-api-meta.service[109575]: [pid: 109575|app: 0|req: 3/12] 199.19.213.24 () {40 vars in 677 bytes} [Tue Apr 21 13:36:43 2026] GET /latest/meta-data/placement/ => generated 17 bytes in 5 msecs (HTTP/1.1 200) 3 headers in 99 bytes (1 switches on core 0)
Apr 21 13:36:43.760275 np0000168700 devstack@n-api-meta.service[109576]: DEBUG nova.api.metadata.handler [None req-f92b9b5d-0417-466c-b92d-1a178421e88d None None] Metadata request headers: {'Host': '199.19.213.24:8775', 'User-Agent': 'python-requests/2.33.1', 'Accept-Encoding': 'gzip, deflate', 'Accept': '*/*', 'Connection': 'keep-alive', 'X-Forwarded-For': '192.168.24.180', 'X-Instance-Id': 'ca902065-4aa0-4805-ae7c-2b81549d9a11', 'X-Tenant-Id': '5201fed1820d4a19984b72ec5d712ee8', 'X-Instance-Id-Signature': 'd55e023a9537f0414f29e3ddf0b5009d865d394e595fb98e5ae37faf8b3951cd'} {{(pid=109576) __call__ /opt/stack/nova/nova/api/metadata/handler.py:109}}
Apr 21 13:36:43.763229 np0000168700 devstack@n-api-meta.service[109576]: DEBUG nova.api.metadata.handler [None req-f92b9b5d-0417-466c-b92d-1a178421e88d None None] Using cached metadata for instance ca902065-4aa0-4805-ae7c-2b81549d9a11 {{(pid=109576) get_metadata_by_instance_id /opt/stack/nova/nova/api/metadata/handler.py:84}}
Apr 21 13:36:43.763959 np0000168700 devstack@n-api-meta.service[109576]: [pid: 109576|app: 0|req: 4/13] 199.19.213.24 () {40 vars in 711 bytes} [Tue Apr 21 13:36:43 2026] GET /latest/meta-data/placement/availability-zone => generated 4 bytes in 4 msecs (HTTP/1.1 200) 3 headers in 98 bytes (1 switches on core 0)
Apr 21 13:36:43.773506 np0000168700 devstack@n-api-meta.service[109574]: DEBUG nova.api.metadata.handler [None req-2152b3ed-d604-4029-9756-67ae3d4e9d7f None None] Metadata request headers: {'Host': '199.19.213.24:8775', 'User-Agent': 'python-requests/2.33.1', 'Accept-Encoding': 'gzip, deflate', 'Accept': '*/*', 'Connection': 'keep-alive', 'X-Forwarded-For': '192.168.24.180', 'X-Instance-Id': 'ca902065-4aa0-4805-ae7c-2b81549d9a11', 'X-Tenant-Id': '5201fed1820d4a19984b72ec5d712ee8', 'X-Instance-Id-Signature': 'd55e023a9537f0414f29e3ddf0b5009d865d394e595fb98e5ae37faf8b3951cd'} {{(pid=109574) __call__ /opt/stack/nova/nova/api/metadata/handler.py:109}}
Apr 21 13:36:43.773506 np0000168700 devstack@n-api-meta.service[109574]: DEBUG nova.api.metadata.handler [None req-2152b3ed-d604-4029-9756-67ae3d4e9d7f None None] Using cached metadata for instance ca902065-4aa0-4805-ae7c-2b81549d9a11 {{(pid=109574) get_metadata_by_instance_id /opt/stack/nova/nova/api/metadata/handler.py:84}}
Apr 21 13:36:43.773705 np0000168700 devstack@n-api-meta.service[109574]: [pid: 109574|app: 0|req: 4/14] 199.19.213.24 () {40 vars in 667 bytes} [Tue Apr 21 13:36:43 2026] GET /latest/meta-data/ami-id => generated 12 bytes in 3 msecs (HTTP/1.1 200) 3 headers in 99 bytes (1 switches on core 0)
Apr 21 13:36:43.780153 np0000168700 devstack@n-api-meta.service[109573]: DEBUG nova.api.metadata.handler [None req-87e830d9-24b5-4ba4-8670-05389a38b9dc None None] Metadata request headers: {'Host': '199.19.213.24:8775', 'User-Agent': 'python-requests/2.33.1', 'Accept-Encoding': 'gzip, deflate', 'Accept': '*/*', 'Connection': 'keep-alive', 'X-Forwarded-For': '192.168.24.180', 'X-Instance-Id': 'ca902065-4aa0-4805-ae7c-2b81549d9a11', 'X-Tenant-Id': '5201fed1820d4a19984b72ec5d712ee8', 'X-Instance-Id-Signature': 'd55e023a9537f0414f29e3ddf0b5009d865d394e595fb98e5ae37faf8b3951cd'} {{(pid=109573) __call__ /opt/stack/nova/nova/api/metadata/handler.py:109}}
Apr 21 13:36:43.783005 np0000168700 devstack@n-api-meta.service[109573]: DEBUG nova.api.metadata.handler [None req-87e830d9-24b5-4ba4-8670-05389a38b9dc None None] Using cached metadata for instance ca902065-4aa0-4805-ae7c-2b81549d9a11 {{(pid=109573) get_metadata_by_instance_id /opt/stack/nova/nova/api/metadata/handler.py:84}}
Apr 21 13:36:43.784344 np0000168700 devstack@n-api-meta.service[109573]: [pid: 109573|app: 0|req: 4/15] 199.19.213.24 () {40 vars in 688 bytes} [Tue Apr 21 13:36:43 2026] GET /latest/meta-data/ami-launch-index => generated 1 bytes in 5 msecs (HTTP/1.1 200) 3 headers in 98 bytes (1 switches on core 0)
Apr 21 13:36:43.792193 np0000168700 devstack@n-api-meta.service[109575]: DEBUG nova.api.metadata.handler [None req-19e0703c-aafa-4a1e-8b41-54a0739b62ef None None] Metadata request headers: {'Host': '199.19.213.24:8775', 'User-Agent': 'python-requests/2.33.1', 'Accept-Encoding': 'gzip, deflate', 'Accept': '*/*', 'Connection': 'keep-alive', 'X-Forwarded-For': '192.168.24.180', 'X-Instance-Id': 'ca902065-4aa0-4805-ae7c-2b81549d9a11', 'X-Tenant-Id': '5201fed1820d4a19984b72ec5d712ee8', 'X-Instance-Id-Signature': 'd55e023a9537f0414f29e3ddf0b5009d865d394e595fb98e5ae37faf8b3951cd'} {{(pid=109575) __call__ /opt/stack/nova/nova/api/metadata/handler.py:109}}
Apr 21 13:36:43.793639 np0000168700 devstack@n-api-meta.service[109575]: DEBUG nova.api.metadata.handler [None req-19e0703c-aafa-4a1e-8b41-54a0739b62ef None None] Using cached metadata for instance ca902065-4aa0-4805-ae7c-2b81549d9a11 {{(pid=109575) get_metadata_by_instance_id /opt/stack/nova/nova/api/metadata/handler.py:84}}
Apr 21 13:36:43.794124 np0000168700 devstack@n-api-meta.service[109575]: [pid: 109575|app: 0|req: 4/16] 199.19.213.24 () {40 vars in 690 bytes} [Tue Apr 21 13:36:43 2026] GET /latest/meta-data/ami-manifest-path => generated 5 bytes in 3 msecs (HTTP/1.1 200) 3 headers in 98 bytes (1 switches on core 0)
Apr 21 13:36:43.801037 np0000168700 devstack@n-api-meta.service[109576]: DEBUG nova.api.metadata.handler [None req-f92b9b5d-0417-466c-b92d-1a178421e88d None None] Metadata request headers: {'Host': '199.19.213.24:8775', 'User-Agent': 'python-requests/2.33.1', 'Accept-Encoding': 'gzip, deflate', 'Accept': '*/*', 'Connection': 'keep-alive', 'X-Forwarded-For': '192.168.24.180', 'X-Instance-Id': 'ca902065-4aa0-4805-ae7c-2b81549d9a11', 'X-Tenant-Id': '5201fed1820d4a19984b72ec5d712ee8', 'X-Instance-Id-Signature': 'd55e023a9537f0414f29e3ddf0b5009d865d394e595fb98e5ae37faf8b3951cd'} {{(pid=109576) __call__ /opt/stack/nova/nova/api/metadata/handler.py:109}}
Apr 21 13:36:43.803868 np0000168700 devstack@n-api-meta.service[109576]: DEBUG nova.api.metadata.handler [None req-f92b9b5d-0417-466c-b92d-1a178421e88d None None] Using cached metadata for instance ca902065-4aa0-4805-ae7c-2b81549d9a11 {{(pid=109576) get_metadata_by_instance_id /opt/stack/nova/nova/api/metadata/handler.py:84}}
Apr 21 13:36:43.805104 np0000168700 devstack@n-api-meta.service[109576]: [pid: 109576|app: 0|req: 5/17] 199.19.213.24 () {40 vars in 672 bytes} [Tue Apr 21 13:36:43 2026] GET /latest/meta-data/hostname => generated 32 bytes in 5 msecs (HTTP/1.1 200) 3 headers in 99 bytes (1 switches on core 0)
Apr 21 13:36:43.814779 np0000168700 devstack@n-api-meta.service[109574]: DEBUG nova.api.metadata.handler [None req-2152b3ed-d604-4029-9756-67ae3d4e9d7f None None] Metadata request headers: {'Host': '199.19.213.24:8775', 'User-Agent': 'python-requests/2.33.1', 'Accept-Encoding': 'gzip, deflate', 'Accept': '*/*', 'Connection': 'keep-alive', 'X-Forwarded-For': '192.168.24.180', 'X-Instance-Id': 'ca902065-4aa0-4805-ae7c-2b81549d9a11', 'X-Tenant-Id': '5201fed1820d4a19984b72ec5d712ee8', 'X-Instance-Id-Signature': 'd55e023a9537f0414f29e3ddf0b5009d865d394e595fb98e5ae37faf8b3951cd'} {{(pid=109574) __call__ /opt/stack/nova/nova/api/metadata/handler.py:109}}
Apr 21 13:36:43.817741 np0000168700 devstack@n-api-meta.service[109574]: DEBUG nova.api.metadata.handler [None req-2152b3ed-d604-4029-9756-67ae3d4e9d7f None None] Using cached metadata for instance ca902065-4aa0-4805-ae7c-2b81549d9a11 {{(pid=109574) get_metadata_by_instance_id /opt/stack/nova/nova/api/metadata/handler.py:84}}
Apr 21 13:36:43.818311 np0000168700 devstack@n-api-meta.service[109574]: [pid: 109574|app: 0|req: 5/18] 199.19.213.24 () {40 vars in 686 bytes} [Tue Apr 21 13:36:43 2026] GET /latest/meta-data/instance-action => generated 4 bytes in 4 msecs (HTTP/1.1 200) 3 headers in 98 bytes (1 switches on core 0)
Apr 21 13:36:43.827109 np0000168700 devstack@n-api-meta.service[109573]: DEBUG nova.api.metadata.handler [None req-87e830d9-24b5-4ba4-8670-05389a38b9dc None None] Metadata request headers: {'Host': '199.19.213.24:8775', 'User-Agent': 'python-requests/2.33.1', 'Accept-Encoding': 'gzip, deflate', 'Accept': '*/*', 'Connection': 'keep-alive', 'X-Forwarded-For': '192.168.24.180', 'X-Instance-Id': 'ca902065-4aa0-4805-ae7c-2b81549d9a11', 'X-Tenant-Id': '5201fed1820d4a19984b72ec5d712ee8', 'X-Instance-Id-Signature': 'd55e023a9537f0414f29e3ddf0b5009d865d394e595fb98e5ae37faf8b3951cd'} {{(pid=109573) __call__ /opt/stack/nova/nova/api/metadata/handler.py:109}}
Apr 21 13:36:43.829872 np0000168700 devstack@n-api-meta.service[109573]: DEBUG nova.api.metadata.handler [None req-87e830d9-24b5-4ba4-8670-05389a38b9dc None None] Using cached metadata for instance ca902065-4aa0-4805-ae7c-2b81549d9a11 {{(pid=109573) get_metadata_by_instance_id /opt/stack/nova/nova/api/metadata/handler.py:84}}
Apr 21 13:36:43.830592 np0000168700 devstack@n-api-meta.service[109573]: [pid: 109573|app: 0|req: 5/19] 199.19.213.24 () {40 vars in 679 bytes} [Tue Apr 21 13:36:43 2026] GET /latest/meta-data/instance-id => generated 10 bytes in 4 msecs (HTTP/1.1 200) 3 headers in 99 bytes (1 switches on core 0)
Apr 21 13:36:43.837140 np0000168700 devstack@n-api-meta.service[109575]: DEBUG nova.api.metadata.handler [None req-19e0703c-aafa-4a1e-8b41-54a0739b62ef None None] Metadata request headers: {'Host': '199.19.213.24:8775', 'User-Agent': 'python-requests/2.33.1', 'Accept-Encoding': 'gzip, deflate', 'Accept': '*/*', 'Connection': 'keep-alive', 'X-Forwarded-For': '192.168.24.180', 'X-Instance-Id': 'ca902065-4aa0-4805-ae7c-2b81549d9a11', 'X-Tenant-Id': '5201fed1820d4a19984b72ec5d712ee8', 'X-Instance-Id-Signature': 'd55e023a9537f0414f29e3ddf0b5009d865d394e595fb98e5ae37faf8b3951cd'} {{(pid=109575) __call__ /opt/stack/nova/nova/api/metadata/handler.py:109}}
Apr 21 13:36:43.839811 np0000168700 devstack@n-api-meta.service[109575]: DEBUG nova.api.metadata.handler [None req-19e0703c-aafa-4a1e-8b41-54a0739b62ef None None] Using cached metadata for instance ca902065-4aa0-4805-ae7c-2b81549d9a11 {{(pid=109575) get_metadata_by_instance_id /opt/stack/nova/nova/api/metadata/handler.py:84}}
Apr 21 13:36:43.840374 np0000168700 devstack@n-api-meta.service[109575]: [pid: 109575|app: 0|req: 5/20] 199.19.213.24 () {40 vars in 683 bytes} [Tue Apr 21 13:36:43 2026] GET /latest/meta-data/instance-type => generated 8 bytes in 4 msecs (HTTP/1.1 200) 3 headers in 98 bytes (1 switches on core 0)
