2026-05-09 14:17:50.023 10 INFO neutron.api.v2.resource [None req-7afdb957-be42-42ab-97c2-6cffc08a82bc 880469447fb74915b012b7ef6b434c7b ed5655635d93406d998b4f7f8d2dec3d - - default default] delete failed (client error): The resource could not be found.
2026-05-09 14:17:50.025 10 INFO neutron.wsgi [None req-7afdb957-be42-42ab-97c2-6cffc08a82bc 880469447fb74915b012b7ef6b434c7b ed5655635d93406d998b4f7f8d2dec3d - - default default] 10.0.0.51 "DELETE /v2.0/subnets/3f19702b-7c52-4693-9e08-de1a37586aa1/tags/green HTTP/1.1" status: 404 len: 299 time: 0.0442843
2026-05-09 14:17:50.083 10 INFO neutron.wsgi [None req-91ef7d07-b5b6-40ce-a1f9-fa08420804aa 880469447fb74915b012b7ef6b434c7b ed5655635d93406d998b4f7f8d2dec3d - - default default] 10.0.0.51 "DELETE /v2.0/subnets/3f19702b-7c52-4693-9e08-de1a37586aa1/tags HTTP/1.1" status: 204 len: 168 time: 0.0526412
2026-05-09 14:17:50.121 10 INFO neutron.wsgi [None req-42df6b04-e1e9-41ca-a26a-d1c4c6bd017a 880469447fb74915b012b7ef6b434c7b ed5655635d93406d998b4f7f8d2dec3d - - default default] 10.0.0.51 "GET /v2.0/subnets/3f19702b-7c52-4693-9e08-de1a37586aa1/tags HTTP/1.1" status: 200 len: 205 time: 0.0317917
2026-05-09 14:17:50.372 9 INFO neutron.wsgi [None req-d2d58db3-d884-4089-a075-3d607da3ac92 880469447fb74915b012b7ef6b434c7b ed5655635d93406d998b4f7f8d2dec3d - - default default] 10.0.0.51 "DELETE /v2.0/subnets/3f19702b-7c52-4693-9e08-de1a37586aa1 HTTP/1.1" status: 204 len: 168 time: 0.2354584
2026-05-09 14:17:50.728 9 INFO neutron.services.segments.plugin [-] Segment 7be777cf-7137-4f37-aee8-51e8548b29ea resource provider aggregate not found
2026-05-09 14:17:50.732 9 INFO neutron.services.segments.plugin [-] Segment 7be777cf-7137-4f37-aee8-51e8548b29ea resource provider aggregate not found
2026-05-09 14:17:50.747 9 INFO neutron.services.segments.plugin [-] Segment 7be777cf-7137-4f37-aee8-51e8548b29ea resource provider not found; error: Placement Client Error (4xx): {"errors": [{"status": 404, "title": "Not Found", "detail": "The resource could not be found.\n\n No resource provider with uuid 7be777cf-7137-4f37-aee8-51e8548b29ea found for delete ", "request_id": "req-3835e323-9f27-48e7-98ac-fe66ffdb4028"}]}
2026-05-09 14:17:50.749 9 INFO neutron.services.segments.plugin [-] Segment 7be777cf-7137-4f37-aee8-51e8548b29ea resource provider not found; error: Placement Client Error (4xx): {"errors": [{"status": 404, "title": "Not Found", "detail": "The resource could not be found.\n\n No resource provider with uuid 7be777cf-7137-4f37-aee8-51e8548b29ea found for delete ", "request_id": "req-cc0d3934-a425-46db-86ea-d35b77c18c77"}]}
2026-05-09 14:17:50.784 9 INFO neutron.wsgi [None req-5f5b00f0-c542-42d5-ac11-08940f1c5b99 880469447fb74915b012b7ef6b434c7b ed5655635d93406d998b4f7f8d2dec3d - - default default] 10.0.0.51 "DELETE /v2.0/networks/b9c77503-7712-4ac0-bf41-68d556962abf HTTP/1.1" status: 204 len: 168 time: 0.4068580
2026-05-09 14:17:51.668 10 INFO neutron.db.ovn_revision_numbers_db [None req-fe6f544d-59ae-4e4a-ba3a-0e4c44fcd619 8cf26d45df56422da93471a9dbcd9fd6 805bb55269bb47df87fc224616b37195 - - default default] Successfully bumped revision number for resource b55924ea-fc0d-40c5-bca4-4875a5909969 (type: security_groups) to 1
2026-05-09 14:17:51.683 10 INFO neutron.db.ovn_revision_numbers_db [None req-fe6f544d-59ae-4e4a-ba3a-0e4c44fcd619 8cf26d45df56422da93471a9dbcd9fd6 805bb55269bb47df87fc224616b37195 - - default default] Successfully bumped revision number for resource 4cbda301-ffcd-4016-bed1-7286c7f95a6a (type: security_group_rules) to 0
2026-05-09 14:17:51.699 10 INFO neutron.db.ovn_revision_numbers_db [None req-fe6f544d-59ae-4e4a-ba3a-0e4c44fcd619 8cf26d45df56422da93471a9dbcd9fd6 805bb55269bb47df87fc224616b37195 - - default default] Successfully bumped revision number for resource 5bfc0d8c-e07d-4c8c-a414-1c4482708e60 (type: security_group_rules) to 0
2026-05-09 14:17:51.716 10 INFO neutron.db.ovn_revision_numbers_db [None req-fe6f544d-59ae-4e4a-ba3a-0e4c44fcd619 8cf26d45df56422da93471a9dbcd9fd6 805bb55269bb47df87fc224616b37195 - - default default] Successfully bumped revision number for resource 98706475-7ce7-4056-83f4-1e623d0cbf38 (type: security_group_rules) to 0
2026-05-09 14:17:51.733 10 INFO neutron.db.ovn_revision_numbers_db [None req-fe6f544d-59ae-4e4a-ba3a-0e4c44fcd619 8cf26d45df56422da93471a9dbcd9fd6 805bb55269bb47df87fc224616b37195 - - default default] Successfully bumped revision number for resource c702318b-9331-4a87-a30d-0c8987d93a5f (type: security_group_rules) to 0
2026-05-09 14:17:51.758 10 INFO neutron.wsgi [None req-fe6f544d-59ae-4e4a-ba3a-0e4c44fcd619 8cf26d45df56422da93471a9dbcd9fd6 805bb55269bb47df87fc224616b37195 - - default default] 10.0.0.51 "GET /v2.0/security-groups?tenant_id=0594aadf9e3f4bd6ac74a196ce05e236&name=default HTTP/1.1" status: 200 len: 3000 time: 0.3106642
2026-05-09 14:17:51.953 10 INFO neutron.wsgi [None req-1eed65c5-d3e3-44e9-83ba-49e62a28d7c9 8cf26d45df56422da93471a9dbcd9fd6 805bb55269bb47df87fc224616b37195 - - default default] 10.0.0.51 "DELETE /v2.0/security-groups/b55924ea-fc0d-40c5-bca4-4875a5909969 HTTP/1.1" status: 204 len: 168 time: 0.1899447
2026-05-09 14:17:52.083 9 INFO neutron.wsgi [None req-c2923e5e-6510-4c16-ade9-f77cb2ccda2a 8cf26d45df56422da93471a9dbcd9fd6 805bb55269bb47df87fc224616b37195 - - default default] 10.0.0.51 "GET /v2.0/security-groups?tenant_id=ed5655635d93406d998b4f7f8d2dec3d&name=default HTTP/1.1" status: 200 len: 3000 time: 0.0339801
2026-05-09 14:17:52.268 9 INFO neutron.wsgi [None req-4dbeb13d-7698-4656-b10f-9f5784915575 8cf26d45df56422da93471a9dbcd9fd6 805bb55269bb47df87fc224616b37195 - - default default] 10.0.0.51 "DELETE /v2.0/security-groups/d481f23d-cdf9-4c5c-b9cd-0edecde20159 HTTP/1.1" status: 204 len: 168 time: 0.1807723
2026-05-09 14:18:01.327 10 INFO neutron.db.ovn_revision_numbers_db [None req-2cb5d84e-225b-4df0-8d5f-c7e40ea3b7bb 1ecbbacc29fe4ec59f3c1b3f59bde2c1 649ccc05773945a38a9cf0fcdd230b2d - - default default] Successfully bumped revision number for resource c7bc9007-5064-4e4d-ad24-205e0f17a043 (type: security_groups) to 1
2026-05-09 14:18:01.340 10 INFO neutron.db.ovn_revision_numbers_db [None req-2cb5d84e-225b-4df0-8d5f-c7e40ea3b7bb 1ecbbacc29fe4ec59f3c1b3f59bde2c1 649ccc05773945a38a9cf0fcdd230b2d - - default default] Successfully bumped revision number for resource 0308fe69-32b6-45b8-a09c-43d79ebcc687 (type: security_group_rules) to 0
2026-05-09 14:18:01.353 10 INFO neutron.db.ovn_revision_numbers_db [None req-2cb5d84e-225b-4df0-8d5f-c7e40ea3b7bb 1ecbbacc29fe4ec59f3c1b3f59bde2c1 649ccc05773945a38a9cf0fcdd230b2d - - default default] Successfully bumped revision number for resource 18af5d46-1442-4ed8-96ba-f1528842acec (type: security_group_rules) to 0
2026-05-09 14:18:01.367 10 INFO neutron.db.ovn_revision_numbers_db [None req-2cb5d84e-225b-4df0-8d5f-c7e40ea3b7bb 1ecbbacc29fe4ec59f3c1b3f59bde2c1 649ccc05773945a38a9cf0fcdd230b2d - - default default] Successfully bumped revision number for resource 75045ff4-c0d4-46ba-a933-15e5fa3f152c (type: security_group_rules) to 0
2026-05-09 14:18:01.382 10 INFO neutron.db.ovn_revision_numbers_db [None req-2cb5d84e-225b-4df0-8d5f-c7e40ea3b7bb 1ecbbacc29fe4ec59f3c1b3f59bde2c1 649ccc05773945a38a9cf0fcdd230b2d - - default default] Successfully bumped revision number for resource aa0f3d9e-2c66-484f-a127-7ef4472d6de6 (type: security_group_rules) to 0
2026-05-09 14:18:01.432 10 INFO neutron.db.segments_db [None req-2cb5d84e-225b-4df0-8d5f-c7e40ea3b7bb 1ecbbacc29fe4ec59f3c1b3f59bde2c1 649ccc05773945a38a9cf0fcdd230b2d - - default default] Added segment 57b98c37-9448-4cfe-927a-655e42cf37fe of type geneve for network 0a6e1a4d-f9d7-40e4-872b-781816999bc3
2026-05-09 14:18:01.577 10 INFO neutron.db.ovn_revision_numbers_db [None req-2cb5d84e-225b-4df0-8d5f-c7e40ea3b7bb 1ecbbacc29fe4ec59f3c1b3f59bde2c1 649ccc05773945a38a9cf0fcdd230b2d - - default default] Successfully bumped revision number for resource 0a6e1a4d-f9d7-40e4-872b-781816999bc3 (type: networks) to 1
2026-05-09 14:18:01.762 10 WARNING neutron.scheduler.dhcp_agent_scheduler [None req-2cb5d84e-225b-4df0-8d5f-c7e40ea3b7bb 1ecbbacc29fe4ec59f3c1b3f59bde2c1 649ccc05773945a38a9cf0fcdd230b2d - - default default] No more DHCP agents
2026-05-09 14:18:01.766 10 WARNING neutron.api.rpc.agentnotifiers.dhcp_rpc_agent_api [None req-2cb5d84e-225b-4df0-8d5f-c7e40ea3b7bb 1ecbbacc29fe4ec59f3c1b3f59bde2c1 649ccc05773945a38a9cf0fcdd230b2d - - default default] Unable to schedule network 0a6e1a4d-f9d7-40e4-872b-781816999bc3: no agents available; will retry on subsequent port and subnet creation events.
2026-05-09 14:18:01.851 10 INFO neutron.db.ovn_revision_numbers_db [None req-2cb5d84e-225b-4df0-8d5f-c7e40ea3b7bb 1ecbbacc29fe4ec59f3c1b3f59bde2c1 649ccc05773945a38a9cf0fcdd230b2d - - default default] Successfully bumped revision number for resource 17f7d009-f8bc-40a9-8d74-5155df010541 (type: ports) to 1
2026-05-09 14:18:01.871 10 INFO neutron.wsgi [None req-2cb5d84e-225b-4df0-8d5f-c7e40ea3b7bb 1ecbbacc29fe4ec59f3c1b3f59bde2c1 649ccc05773945a38a9cf0fcdd230b2d - - default default] 10.0.0.51 "POST /v2.0/networks HTTP/1.1" status: 201 len: 838 time: 0.8237464
2026-05-09 14:18:02.117 10 WARNING neutron.scheduler.dhcp_agent_scheduler [None req-7e803ab5-7f77-4f5a-9a34-b6a09661ad5d 1ecbbacc29fe4ec59f3c1b3f59bde2c1 649ccc05773945a38a9cf0fcdd230b2d - - default default] No more DHCP agents
2026-05-09 14:18:02.120 10 WARNING neutron.api.rpc.agentnotifiers.dhcp_rpc_agent_api [None req-7e803ab5-7f77-4f5a-9a34-b6a09661ad5d 1ecbbacc29fe4ec59f3c1b3f59bde2c1 649ccc05773945a38a9cf0fcdd230b2d - - default default] Unable to schedule network 0a6e1a4d-f9d7-40e4-872b-781816999bc3: no agents available; will retry on subsequent port and subnet creation events.
2026-05-09 14:18:02.576 9 INFO neutron.wsgi [-] 10.0.0.180 "GET / HTTP/1.1" status: 200 len: 246 time: 0.0016305
2026-05-09 14:18:02.579 9 INFO neutron.wsgi [-] 10.0.0.180 "GET / HTTP/1.1" status: 200 len: 246 time: 0.0017388
2026-05-09 14:18:02.593 10 INFO neutron.db.ovn_revision_numbers_db [None req-7e803ab5-7f77-4f5a-9a34-b6a09661ad5d 1ecbbacc29fe4ec59f3c1b3f59bde2c1 649ccc05773945a38a9cf0fcdd230b2d - - default default] Successfully bumped revision number for resource 17f7d009-f8bc-40a9-8d74-5155df010541 (type: ports) to 2
2026-05-09 14:18:02.630 10 INFO neutron.db.ovn_revision_numbers_db [None req-7e803ab5-7f77-4f5a-9a34-b6a09661ad5d 1ecbbacc29fe4ec59f3c1b3f59bde2c1 649ccc05773945a38a9cf0fcdd230b2d - - default default] Successfully bumped revision number for resource 63511bca-a0eb-4ad6-8574-11d77ed4fcaa (type: subnets) to 0
2026-05-09 14:18:02.643 10 INFO neutron.wsgi [None req-7e803ab5-7f77-4f5a-9a34-b6a09661ad5d 1ecbbacc29fe4ec59f3c1b3f59bde2c1 649ccc05773945a38a9cf0fcdd230b2d - - default default] 10.0.0.51 "POST /v2.0/subnets HTTP/1.1" status: 201 len: 832 time: 0.7666829
2026-05-09 14:18:02.697 10 INFO neutron.wsgi [None req-615006af-d723-4aef-a1e6-0bb29f6bd754 5bf2f1228bf642629461c0e7c36b8b67 378c1d8a0b684141879f5c5ab6a7f065 - - default default] 10.0.0.51 "GET /v2.0/subnetpools?name=shared-default-subnetpool-v6 HTTP/1.1" status: 200 len: 212 time: 0.0475180
2026-05-09 14:18:02.956 10 WARNING neutron.scheduler.dhcp_agent_scheduler [None req-9ebb0baa-0c98-4fb8-8aa0-bdf1dfb1a3a6 1ecbbacc29fe4ec59f3c1b3f59bde2c1 649ccc05773945a38a9cf0fcdd230b2d - - default default] No more DHCP agents
2026-05-09 14:18:02.959 10 WARNING neutron.api.rpc.agentnotifiers.dhcp_rpc_agent_api [None req-9ebb0baa-0c98-4fb8-8aa0-bdf1dfb1a3a6 1ecbbacc29fe4ec59f3c1b3f59bde2c1 649ccc05773945a38a9cf0fcdd230b2d - - default default] Unable to schedule network 0a6e1a4d-f9d7-40e4-872b-781816999bc3: no agents available; will retry on subsequent port and subnet creation events.
2026-05-09 14:18:02.991 10 INFO neutron.db.ovn_revision_numbers_db [None req-9ebb0baa-0c98-4fb8-8aa0-bdf1dfb1a3a6 1ecbbacc29fe4ec59f3c1b3f59bde2c1 649ccc05773945a38a9cf0fcdd230b2d - - default default] Successfully bumped revision number for resource 761febc1-7eff-4fde-9599-8b32695a3e70 (type: subnets) to 0
2026-05-09 14:18:03.006 10 INFO neutron.wsgi [None req-9ebb0baa-0c98-4fb8-8aa0-bdf1dfb1a3a6 1ecbbacc29fe4ec59f3c1b3f59bde2c1 649ccc05773945a38a9cf0fcdd230b2d - - default default] 10.0.0.51 "POST /v2.0/subnets HTTP/1.1" status: 201 len: 907 time: 0.3041863
2026-05-09 14:18:03.157 9 INFO neutron.db.segments_db [None req-5f778e47-6583-457a-9091-8672ab29ce70 1ecbbacc29fe4ec59f3c1b3f59bde2c1 649ccc05773945a38a9cf0fcdd230b2d - - default default] Added segment b08e57a0-ae1a-46f9-8862-7b6abc0a17c0 of type geneve for network 054ddb7f-3759-493f-87f7-10b0846d13eb
2026-05-09 14:18:03.296 9 INFO neutron.db.ovn_revision_numbers_db [None req-5f778e47-6583-457a-9091-8672ab29ce70 1ecbbacc29fe4ec59f3c1b3f59bde2c1 649ccc05773945a38a9cf0fcdd230b2d - - default default] Successfully bumped revision number for resource 054ddb7f-3759-493f-87f7-10b0846d13eb (type: networks) to 1
2026-05-09 14:18:03.490 9 WARNING neutron.scheduler.dhcp_agent_scheduler [None req-5f778e47-6583-457a-9091-8672ab29ce70 1ecbbacc29fe4ec59f3c1b3f59bde2c1 649ccc05773945a38a9cf0fcdd230b2d - - default default] No more DHCP agents
2026-05-09 14:18:03.495 9 WARNING neutron.api.rpc.agentnotifiers.dhcp_rpc_agent_api [None req-5f778e47-6583-457a-9091-8672ab29ce70 1ecbbacc29fe4ec59f3c1b3f59bde2c1 649ccc05773945a38a9cf0fcdd230b2d - - default default] Unable to schedule network 054ddb7f-3759-493f-87f7-10b0846d13eb: no agents available; will retry on subsequent port and subnet creation events.
2026-05-09 14:18:03.582 9 INFO neutron.db.ovn_revision_numbers_db [None req-5f778e47-6583-457a-9091-8672ab29ce70 1ecbbacc29fe4ec59f3c1b3f59bde2c1 649ccc05773945a38a9cf0fcdd230b2d - - default default] Successfully bumped revision number for resource 88441a00-39d8-4370-942f-c51e1e06e685 (type: ports) to 1
2026-05-09 14:18:03.605 9 INFO neutron.wsgi [None req-5f778e47-6583-457a-9091-8672ab29ce70 1ecbbacc29fe4ec59f3c1b3f59bde2c1 649ccc05773945a38a9cf0fcdd230b2d - - default default] 10.0.0.51 "POST /v2.0/networks HTTP/1.1" status: 201 len: 836 time: 0.5918384
2026-05-09 14:18:03.869 9 WARNING neutron.scheduler.dhcp_agent_scheduler [None req-5c4b3410-a190-4782-986f-52e90aae96fc 1ecbbacc29fe4ec59f3c1b3f59bde2c1 649ccc05773945a38a9cf0fcdd230b2d - - default default] No more DHCP agents
2026-05-09 14:18:03.872 9 WARNING neutron.api.rpc.agentnotifiers.dhcp_rpc_agent_api [None req-5c4b3410-a190-4782-986f-52e90aae96fc 1ecbbacc29fe4ec59f3c1b3f59bde2c1 649ccc05773945a38a9cf0fcdd230b2d - - default default] Unable to schedule network 054ddb7f-3759-493f-87f7-10b0846d13eb: no agents available; will retry on subsequent port and subnet creation events.
2026-05-09 14:18:04.355 9 INFO neutron.db.ovn_revision_numbers_db [None req-5c4b3410-a190-4782-986f-52e90aae96fc 1ecbbacc29fe4ec59f3c1b3f59bde2c1 649ccc05773945a38a9cf0fcdd230b2d - - default default] Successfully bumped revision number for resource 88441a00-39d8-4370-942f-c51e1e06e685 (type: ports) to 2
2026-05-09 14:18:04.390 9 INFO neutron.db.ovn_revision_numbers_db [None req-5c4b3410-a190-4782-986f-52e90aae96fc 1ecbbacc29fe4ec59f3c1b3f59bde2c1 649ccc05773945a38a9cf0fcdd230b2d - - default default] Successfully bumped revision number for resource 32393d33-0989-4ee0-a599-c7676027e8c6 (type: subnets) to 0
2026-05-09 14:18:04.406 9 INFO neutron.wsgi [None req-5c4b3410-a190-4782-986f-52e90aae96fc 1ecbbacc29fe4ec59f3c1b3f59bde2c1 649ccc05773945a38a9cf0fcdd230b2d - - default default] 10.0.0.51 "POST /v2.0/subnets HTTP/1.1" status: 201 len: 831 time: 0.7957428
2026-05-09 14:18:04.749 10 WARNING neutron.scheduler.dhcp_agent_scheduler [None req-fe8a5494-fb81-4f17-ac8a-8181eeacbfb3 1ecbbacc29fe4ec59f3c1b3f59bde2c1 649ccc05773945a38a9cf0fcdd230b2d - - default default] No more DHCP agents
2026-05-09 14:18:04.752 10 WARNING neutron.api.rpc.agentnotifiers.dhcp_rpc_agent_api [None req-fe8a5494-fb81-4f17-ac8a-8181eeacbfb3 1ecbbacc29fe4ec59f3c1b3f59bde2c1 649ccc05773945a38a9cf0fcdd230b2d - - default default] Unable to schedule network 054ddb7f-3759-493f-87f7-10b0846d13eb: no agents available; will retry on subsequent port and subnet creation events.
2026-05-09 14:18:04.791 10 INFO neutron.db.ovn_revision_numbers_db [None req-fe8a5494-fb81-4f17-ac8a-8181eeacbfb3 1ecbbacc29fe4ec59f3c1b3f59bde2c1 649ccc05773945a38a9cf0fcdd230b2d - - default default] Successfully bumped revision number for resource 1c02c52a-68f6-4509-a53a-02b6e7b6eabf (type: subnets) to 0
2026-05-09 14:18:04.807 10 INFO neutron.wsgi [None req-fe8a5494-fb81-4f17-ac8a-8181eeacbfb3 1ecbbacc29fe4ec59f3c1b3f59bde2c1 649ccc05773945a38a9cf0fcdd230b2d - - default default] 10.0.0.51 "POST /v2.0/subnets HTTP/1.1" status: 201 len: 900 time: 0.3812585
2026-05-09 14:18:04.904 10 INFO neutron.db.segments_db [None req-35fcac4f-fff2-4716-bff3-eb6ead56f10b 1ecbbacc29fe4ec59f3c1b3f59bde2c1 649ccc05773945a38a9cf0fcdd230b2d - - default default] Added segment bc416192-377a-4bd3-9b23-bebf528df2ba of type geneve for network 83daeda7-eeff-40c2-8fdc-7c941c7bbd50
2026-05-09 14:18:05.045 10 INFO neutron.db.ovn_revision_numbers_db [None req-35fcac4f-fff2-4716-bff3-eb6ead56f10b 1ecbbacc29fe4ec59f3c1b3f59bde2c1 649ccc05773945a38a9cf0fcdd230b2d - - default default] Successfully bumped revision number for resource 83daeda7-eeff-40c2-8fdc-7c941c7bbd50 (type: networks) to 1
2026-05-09 14:18:05.229 10 WARNING neutron.scheduler.dhcp_agent_scheduler [None req-35fcac4f-fff2-4716-bff3-eb6ead56f10b 1ecbbacc29fe4ec59f3c1b3f59bde2c1 649ccc05773945a38a9cf0fcdd230b2d - - default default] No more DHCP agents
2026-05-09 14:18:05.232 10 WARNING neutron.api.rpc.agentnotifiers.dhcp_rpc_agent_api [None req-35fcac4f-fff2-4716-bff3-eb6ead56f10b 1ecbbacc29fe4ec59f3c1b3f59bde2c1 649ccc05773945a38a9cf0fcdd230b2d - - default default] Unable to schedule network 83daeda7-eeff-40c2-8fdc-7c941c7bbd50: no agents available; will retry on subsequent port and subnet creation events.
2026-05-09 14:18:05.314 10 INFO neutron.db.ovn_revision_numbers_db [None req-35fcac4f-fff2-4716-bff3-eb6ead56f10b 1ecbbacc29fe4ec59f3c1b3f59bde2c1 649ccc05773945a38a9cf0fcdd230b2d - - default default] Successfully bumped revision number for resource dc794207-de28-4901-922b-97a306147a5d (type: ports) to 1
2026-05-09 14:18:05.337 10 INFO neutron.wsgi [None req-35fcac4f-fff2-4716-bff3-eb6ead56f10b 1ecbbacc29fe4ec59f3c1b3f59bde2c1 649ccc05773945a38a9cf0fcdd230b2d - - default default] 10.0.0.51 "POST /v2.0/networks HTTP/1.1" status: 201 len: 836 time: 0.5246060
2026-05-09 14:18:05.585 10 WARNING neutron.scheduler.dhcp_agent_scheduler [None req-8e968a7d-fb68-460e-9dce-58f095bd0463 1ecbbacc29fe4ec59f3c1b3f59bde2c1 649ccc05773945a38a9cf0fcdd230b2d - - default default] No more DHCP agents
2026-05-09 14:18:05.587 10 WARNING neutron.api.rpc.agentnotifiers.dhcp_rpc_agent_api [None req-8e968a7d-fb68-460e-9dce-58f095bd0463 1ecbbacc29fe4ec59f3c1b3f59bde2c1 649ccc05773945a38a9cf0fcdd230b2d - - default default] Unable to schedule network 83daeda7-eeff-40c2-8fdc-7c941c7bbd50: no agents available; will retry on subsequent port and subnet creation events.
2026-05-09 14:18:06.045 10 INFO neutron.db.ovn_revision_numbers_db [None req-8e968a7d-fb68-460e-9dce-58f095bd0463 1ecbbacc29fe4ec59f3c1b3f59bde2c1 649ccc05773945a38a9cf0fcdd230b2d - - default default] Successfully bumped revision number for resource dc794207-de28-4901-922b-97a306147a5d (type: ports) to 2
2026-05-09 14:18:06.078 10 INFO neutron.db.ovn_revision_numbers_db [None req-8e968a7d-fb68-460e-9dce-58f095bd0463 1ecbbacc29fe4ec59f3c1b3f59bde2c1 649ccc05773945a38a9cf0fcdd230b2d - - default default] Successfully bumped revision number for resource c2c5da50-1efe-4ac8-8e56-d54e7b480aa6 (type: subnets) to 0
2026-05-09 14:18:06.092 10 INFO neutron.wsgi [None req-8e968a7d-fb68-460e-9dce-58f095bd0463 1ecbbacc29fe4ec59f3c1b3f59bde2c1 649ccc05773945a38a9cf0fcdd230b2d - - default default] 10.0.0.51 "POST /v2.0/subnets HTTP/1.1" status: 201 len: 830 time: 0.7490125
2026-05-09 14:18:06.402 9 WARNING neutron.scheduler.dhcp_agent_scheduler [None req-4a945343-fa20-46d4-b370-bc462aa41a89 1ecbbacc29fe4ec59f3c1b3f59bde2c1 649ccc05773945a38a9cf0fcdd230b2d - - default default] No more DHCP agents
2026-05-09 14:18:06.405 9 WARNING neutron.api.rpc.agentnotifiers.dhcp_rpc_agent_api [None req-4a945343-fa20-46d4-b370-bc462aa41a89 1ecbbacc29fe4ec59f3c1b3f59bde2c1 649ccc05773945a38a9cf0fcdd230b2d - - default default] Unable to schedule network 83daeda7-eeff-40c2-8fdc-7c941c7bbd50: no agents available; will retry on subsequent port and subnet creation events.
2026-05-09 14:18:06.432 9 INFO neutron.db.ovn_revision_numbers_db [None req-4a945343-fa20-46d4-b370-bc462aa41a89 1ecbbacc29fe4ec59f3c1b3f59bde2c1 649ccc05773945a38a9cf0fcdd230b2d - - default default] Successfully bumped revision number for resource 85a898f1-9452-43ce-ac05-d065e286f339 (type: subnets) to 0
2026-05-09 14:18:06.445 9 INFO neutron.wsgi [None req-4a945343-fa20-46d4-b370-bc462aa41a89 1ecbbacc29fe4ec59f3c1b3f59bde2c1 649ccc05773945a38a9cf0fcdd230b2d - - default default] 10.0.0.51 "POST /v2.0/subnets HTTP/1.1" status: 201 len: 905 time: 0.3470082
2026-05-09 14:18:07.149 9 WARNING neutron.scheduler.dhcp_agent_scheduler [None req-078948e7-8245-41ad-9cba-37ce2f754c81 1ecbbacc29fe4ec59f3c1b3f59bde2c1 649ccc05773945a38a9cf0fcdd230b2d - - default default] No more DHCP agents
2026-05-09 14:18:07.151 9 WARNING neutron.api.rpc.agentnotifiers.dhcp_rpc_agent_api [None req-078948e7-8245-41ad-9cba-37ce2f754c81 1ecbbacc29fe4ec59f3c1b3f59bde2c1 649ccc05773945a38a9cf0fcdd230b2d - - default default] Unable to schedule network b5cdaea7-c0af-467e-b8d5-85f23f6c91ee: no agents available; will retry on subsequent port and subnet creation events.
2026-05-09 14:18:07.313 9 INFO neutron.db.ovn_revision_numbers_db [None req-078948e7-8245-41ad-9cba-37ce2f754c81 1ecbbacc29fe4ec59f3c1b3f59bde2c1 649ccc05773945a38a9cf0fcdd230b2d - - default default] Successfully bumped revision number for resource e5ad05b1-c113-4246-ba75-c4bc9da42ccd (type: ports) to 1
2026-05-09 14:18:07.879 9 INFO neutron.plugins.ml2.drivers.ovn.mech_driver.mech_driver [None req-99dbe489-30e6-4693-be04-8443d667d431 - - - - - -] OVN reports status up for port: e5ad05b1-c113-4246-ba75-c4bc9da42ccd
2026-05-09 14:18:07.892 10 INFO neutron.plugins.ml2.drivers.ovn.mech_driver.ovsdb.ovsdb_monitor [None req-0aade094-8159-45bb-bc67-a136ea2eba99 - - - - - -] Router a9d05f85-e22a-4126-9780-c28a6a3f82ce is bound to host instance
2026-05-09 14:18:07.898 9 INFO neutron.plugins.ml2.plugin [None req-99dbe489-30e6-4693-be04-8443d667d431 - - - - - -] Attempt 1 to provision port e5ad05b1-c113-4246-ba75-c4bc9da42ccd
2026-05-09 14:18:07.915 9 INFO neutron.db.ovn_revision_numbers_db [None req-078948e7-8245-41ad-9cba-37ce2f754c81 1ecbbacc29fe4ec59f3c1b3f59bde2c1 649ccc05773945a38a9cf0fcdd230b2d - - default default] Successfully bumped revision number for resource e5ad05b1-c113-4246-ba75-c4bc9da42ccd (type: router_ports) to 1
2026-05-09 14:18:07.987 9 INFO neutron.db.ovn_revision_numbers_db [None req-078948e7-8245-41ad-9cba-37ce2f754c81 1ecbbacc29fe4ec59f3c1b3f59bde2c1 649ccc05773945a38a9cf0fcdd230b2d - - default default] Successfully bumped revision number for resource a9d05f85-e22a-4126-9780-c28a6a3f82ce (type: routers) to 2
2026-05-09 14:18:08.000 9 INFO neutron.wsgi [None req-078948e7-8245-41ad-9cba-37ce2f754c81 1ecbbacc29fe4ec59f3c1b3f59bde2c1 649ccc05773945a38a9cf0fcdd230b2d - - default default] 10.0.0.51 "POST /v2.0/routers HTTP/1.1" status: 201 len: 865 time: 1.5480762
2026-05-09 14:18:08.520 9 WARNING neutron.scheduler.dhcp_agent_scheduler [None req-4b6b40b8-41c9-4954-9718-7222585719a2 1ecbbacc29fe4ec59f3c1b3f59bde2c1 649ccc05773945a38a9cf0fcdd230b2d - - default default] No more DHCP agents
2026-05-09 14:18:08.523 9 WARNING neutron.api.rpc.agentnotifiers.dhcp_rpc_agent_api [None req-4b6b40b8-41c9-4954-9718-7222585719a2 1ecbbacc29fe4ec59f3c1b3f59bde2c1 649ccc05773945a38a9cf0fcdd230b2d - - default default] Unable to schedule network 0a6e1a4d-f9d7-40e4-872b-781816999bc3: no agents available; will retry on subsequent port and subnet creation events.
2026-05-09 14:18:08.665 10 INFO neutron.db.ovn_revision_numbers_db [None req-0aade094-8159-45bb-bc67-a136ea2eba99 - - - - - -] Successfully bumped revision number for resource e5ad05b1-c113-4246-ba75-c4bc9da42ccd (type: ports) to 1
2026-05-09 14:18:08.675 9 INFO neutron.db.ovn_revision_numbers_db [None req-4b6b40b8-41c9-4954-9718-7222585719a2 1ecbbacc29fe4ec59f3c1b3f59bde2c1 649ccc05773945a38a9cf0fcdd230b2d - - default default] Successfully bumped revision number for resource 6d9bf51d-81f9-4179-b598-ddea2f7c4fad (type: ports) to 1
2026-05-09 14:18:08.945 10 INFO neutron.db.ovn_revision_numbers_db [None req-0aade094-8159-45bb-bc67-a136ea2eba99 - - - - - -] Successfully bumped revision number for resource e5ad05b1-c113-4246-ba75-c4bc9da42ccd (type: router_ports) to 3
2026-05-09 14:18:09.094 10 INFO neutron.db.ovn_revision_numbers_db [None req-0aade094-8159-45bb-bc67-a136ea2eba99 - - - - - -] Successfully bumped revision number for resource e5ad05b1-c113-4246-ba75-c4bc9da42ccd (type: ports) to 2
2026-05-09 14:18:09.151 10 INFO neutron.plugins.ml2.drivers.ovn.mech_driver.mech_driver [None req-b88ed565-36a1-4567-a008-9913f34a8206 - - - - - -] OVN reports status up for port: 6d9bf51d-81f9-4179-b598-ddea2f7c4fad
2026-05-09 14:18:09.160 10 INFO neutron.plugins.ml2.plugin [None req-b88ed565-36a1-4567-a008-9913f34a8206 - - - - - -] Attempt 1 to provision port 6d9bf51d-81f9-4179-b598-ddea2f7c4fad
2026-05-09 14:18:09.171 9 INFO neutron.db.ovn_revision_numbers_db [None req-4b6b40b8-41c9-4954-9718-7222585719a2 1ecbbacc29fe4ec59f3c1b3f59bde2c1 649ccc05773945a38a9cf0fcdd230b2d - - default default] Successfully bumped revision number for resource 6d9bf51d-81f9-4179-b598-ddea2f7c4fad (type: router_ports) to 1
2026-05-09 14:18:09.321 9 INFO neutron.db.ovn_revision_numbers_db [None req-4b6b40b8-41c9-4954-9718-7222585719a2 1ecbbacc29fe4ec59f3c1b3f59bde2c1 649ccc05773945a38a9cf0fcdd230b2d - - default default] Successfully bumped revision number for resource 6d9bf51d-81f9-4179-b598-ddea2f7c4fad (type: ports) to 1
2026-05-09 14:18:09.359 10 INFO neutron.db.ovn_revision_numbers_db [None req-0aade094-8159-45bb-bc67-a136ea2eba99 - - - - - -] Successfully bumped revision number for resource e5ad05b1-c113-4246-ba75-c4bc9da42ccd (type: ports) to 4
2026-05-09 14:18:09.387 9 WARNING neutron.scheduler.dhcp_agent_scheduler [None req-4b6b40b8-41c9-4954-9718-7222585719a2 1ecbbacc29fe4ec59f3c1b3f59bde2c1 649ccc05773945a38a9cf0fcdd230b2d - - default default] No more DHCP agents
2026-05-09 14:18:09.388 9 WARNING neutron.api.rpc.agentnotifiers.dhcp_rpc_agent_api [None req-4b6b40b8-41c9-4954-9718-7222585719a2 1ecbbacc29fe4ec59f3c1b3f59bde2c1 649ccc05773945a38a9cf0fcdd230b2d - - default default] Unable to schedule network 0a6e1a4d-f9d7-40e4-872b-781816999bc3: no agents available; will retry on subsequent port and subnet creation events.
2026-05-09 14:18:09.511 10 INFO neutron.db.ovn_revision_numbers_db [None req-b88ed565-36a1-4567-a008-9913f34a8206 - - - - - -] Successfully bumped revision number for resource 6d9bf51d-81f9-4179-b598-ddea2f7c4fad (type: ports) to 2
2026-05-09 14:18:09.662 10 INFO neutron.db.ovn_revision_numbers_db [None req-b88ed565-36a1-4567-a008-9913f34a8206 - - - - - -] Successfully bumped revision number for resource 6d9bf51d-81f9-4179-b598-ddea2f7c4fad (type: router_ports) to 2
2026-05-09 14:18:09.664 10 INFO neutron.db.ovn_revision_numbers_db [None req-0aade094-8159-45bb-bc67-a136ea2eba99 - - - - - -] Successfully bumped revision number for resource e5ad05b1-c113-4246-ba75-c4bc9da42ccd (type: router_ports) to 4
2026-05-09 14:18:09.918 9 INFO neutron.db.ovn_revision_numbers_db [None req-4b6b40b8-41c9-4954-9718-7222585719a2 1ecbbacc29fe4ec59f3c1b3f59bde2c1 649ccc05773945a38a9cf0fcdd230b2d - - default default] Successfully bumped revision number for resource 6d9bf51d-81f9-4179-b598-ddea2f7c4fad (type: router_ports) to 2
2026-05-09 14:18:09.921 9 INFO neutron.wsgi [None req-4b6b40b8-41c9-4954-9718-7222585719a2 1ecbbacc29fe4ec59f3c1b3f59bde2c1 649ccc05773945a38a9cf0fcdd230b2d - - default default] 10.0.0.51 "PUT /v2.0/routers/a9d05f85-e22a-4126-9780-c28a6a3f82ce/add_router_interface HTTP/1.1" status: 200 len: 503 time: 1.9145415
2026-05-09 14:18:10.426 9 WARNING neutron.scheduler.dhcp_agent_scheduler [None req-a85b6825-07c0-4bd3-8ee0-8344297085ac 1ecbbacc29fe4ec59f3c1b3f59bde2c1 649ccc05773945a38a9cf0fcdd230b2d - - default default] No more DHCP agents
2026-05-09 14:18:10.429 9 WARNING neutron.api.rpc.agentnotifiers.dhcp_rpc_agent_api [None req-a85b6825-07c0-4bd3-8ee0-8344297085ac 1ecbbacc29fe4ec59f3c1b3f59bde2c1 649ccc05773945a38a9cf0fcdd230b2d - - default default] Unable to schedule network 054ddb7f-3759-493f-87f7-10b0846d13eb: no agents available; will retry on subsequent port and subnet creation events.
2026-05-09 14:18:10.589 9 INFO neutron.db.ovn_revision_numbers_db [None req-a85b6825-07c0-4bd3-8ee0-8344297085ac 1ecbbacc29fe4ec59f3c1b3f59bde2c1 649ccc05773945a38a9cf0fcdd230b2d - - default default] Successfully bumped revision number for resource 56efe861-0c6a-4e0b-bb49-e29b1fb9c58a (type: ports) to 1
2026-05-09 14:18:11.066 9 INFO neutron.plugins.ml2.drivers.ovn.mech_driver.mech_driver [None req-99dbe489-30e6-4693-be04-8443d667d431 - - - - - -] OVN reports status up for port: 56efe861-0c6a-4e0b-bb49-e29b1fb9c58a
2026-05-09 14:18:11.085 9 INFO neutron.plugins.ml2.plugin [None req-99dbe489-30e6-4693-be04-8443d667d431 - - - - - -] Attempt 1 to provision port 56efe861-0c6a-4e0b-bb49-e29b1fb9c58a
2026-05-09 14:18:11.103 9 INFO neutron.db.ovn_revision_numbers_db [None req-a85b6825-07c0-4bd3-8ee0-8344297085ac 1ecbbacc29fe4ec59f3c1b3f59bde2c1 649ccc05773945a38a9cf0fcdd230b2d - - default default] Successfully bumped revision number for resource 56efe861-0c6a-4e0b-bb49-e29b1fb9c58a (type: router_ports) to 1
2026-05-09 14:18:11.311 9 INFO neutron.db.ovn_revision_numbers_db [None req-a85b6825-07c0-4bd3-8ee0-8344297085ac 1ecbbacc29fe4ec59f3c1b3f59bde2c1 649ccc05773945a38a9cf0fcdd230b2d - - default default] Successfully bumped revision number for resource 56efe861-0c6a-4e0b-bb49-e29b1fb9c58a (type: ports) to 1
2026-05-09 14:18:11.430 9 WARNING neutron.scheduler.dhcp_agent_scheduler [None req-a85b6825-07c0-4bd3-8ee0-8344297085ac 1ecbbacc29fe4ec59f3c1b3f59bde2c1 649ccc05773945a38a9cf0fcdd230b2d - - default default] No more DHCP agents
2026-05-09 14:18:11.433 9 WARNING neutron.api.rpc.agentnotifiers.dhcp_rpc_agent_api [None req-a85b6825-07c0-4bd3-8ee0-8344297085ac 1ecbbacc29fe4ec59f3c1b3f59bde2c1 649ccc05773945a38a9cf0fcdd230b2d - - default default] Unable to schedule network 054ddb7f-3759-493f-87f7-10b0846d13eb: no agents available; will retry on subsequent port and subnet creation events.
2026-05-09 14:18:11.488 9 INFO neutron.db.ovn_revision_numbers_db [None req-99dbe489-30e6-4693-be04-8443d667d431 - - - - - -] Successfully bumped revision number for resource 56efe861-0c6a-4e0b-bb49-e29b1fb9c58a (type: ports) to 2
2026-05-09 14:18:11.662 9 INFO neutron.db.ovn_revision_numbers_db [None req-99dbe489-30e6-4693-be04-8443d667d431 - - - - - -] Successfully bumped revision number for resource 56efe861-0c6a-4e0b-bb49-e29b1fb9c58a (type: router_ports) to 2
2026-05-09 14:18:11.813 9 INFO neutron.db.ovn_revision_numbers_db [None req-a85b6825-07c0-4bd3-8ee0-8344297085ac 1ecbbacc29fe4ec59f3c1b3f59bde2c1 649ccc05773945a38a9cf0fcdd230b2d - - default default] Successfully bumped revision number for resource 56efe861-0c6a-4e0b-bb49-e29b1fb9c58a (type: router_ports) to 2
2026-05-09 14:18:11.815 9 INFO neutron.wsgi [None req-a85b6825-07c0-4bd3-8ee0-8344297085ac 1ecbbacc29fe4ec59f3c1b3f59bde2c1 649ccc05773945a38a9cf0fcdd230b2d - - default default] 10.0.0.51 "PUT /v2.0/routers/a9d05f85-e22a-4126-9780-c28a6a3f82ce/add_router_interface HTTP/1.1" status: 200 len: 503 time: 1.8889074
2026-05-09 14:18:12.352 9 WARNING neutron.scheduler.dhcp_agent_scheduler [None req-887534d5-9c3b-4413-889c-caecf8611c2b 1ecbbacc29fe4ec59f3c1b3f59bde2c1 649ccc05773945a38a9cf0fcdd230b2d - - default default] No more DHCP agents
2026-05-09 14:18:12.354 9 WARNING neutron.api.rpc.agentnotifiers.dhcp_rpc_agent_api [None req-887534d5-9c3b-4413-889c-caecf8611c2b 1ecbbacc29fe4ec59f3c1b3f59bde2c1 649ccc05773945a38a9cf0fcdd230b2d - - default default] Unable to schedule network 83daeda7-eeff-40c2-8fdc-7c941c7bbd50: no agents available; will retry on subsequent port and subnet creation events.
2026-05-09 14:18:12.504 9 INFO neutron.db.ovn_revision_numbers_db [None req-887534d5-9c3b-4413-889c-caecf8611c2b 1ecbbacc29fe4ec59f3c1b3f59bde2c1 649ccc05773945a38a9cf0fcdd230b2d - - default default] Successfully bumped revision number for resource 87503d7e-663d-49ef-9e3e-1169afb94bbf (type: ports) to 1
2026-05-09 14:18:13.048 9 INFO neutron.db.ovn_revision_numbers_db [None req-887534d5-9c3b-4413-889c-caecf8611c2b 1ecbbacc29fe4ec59f3c1b3f59bde2c1 649ccc05773945a38a9cf0fcdd230b2d - - default default] Successfully bumped revision number for resource 87503d7e-663d-49ef-9e3e-1169afb94bbf (type: router_ports) to 1
2026-05-09 14:18:13.211 9 INFO neutron.db.ovn_revision_numbers_db [None req-887534d5-9c3b-4413-889c-caecf8611c2b 1ecbbacc29fe4ec59f3c1b3f59bde2c1 649ccc05773945a38a9cf0fcdd230b2d - - default default] Successfully bumped revision number for resource 87503d7e-663d-49ef-9e3e-1169afb94bbf (type: ports) to 1
2026-05-09 14:18:13.275 9 WARNING neutron.scheduler.dhcp_agent_scheduler [None req-887534d5-9c3b-4413-889c-caecf8611c2b 1ecbbacc29fe4ec59f3c1b3f59bde2c1 649ccc05773945a38a9cf0fcdd230b2d - - default default] No more DHCP agents
2026-05-09 14:18:13.276 9 WARNING neutron.api.rpc.agentnotifiers.dhcp_rpc_agent_api [None req-887534d5-9c3b-4413-889c-caecf8611c2b 1ecbbacc29fe4ec59f3c1b3f59bde2c1 649ccc05773945a38a9cf0fcdd230b2d - - default default] Unable to schedule network 83daeda7-eeff-40c2-8fdc-7c941c7bbd50: no agents available; will retry on subsequent port and subnet creation events.
2026-05-09 14:18:13.836 9 INFO neutron.db.ovn_revision_numbers_db [None req-887534d5-9c3b-4413-889c-caecf8611c2b 1ecbbacc29fe4ec59f3c1b3f59bde2c1 649ccc05773945a38a9cf0fcdd230b2d - - default default] Successfully bumped revision number for resource 87503d7e-663d-49ef-9e3e-1169afb94bbf (type: router_ports) to 1
2026-05-09 14:18:13.838 9 INFO neutron.wsgi [None req-887534d5-9c3b-4413-889c-caecf8611c2b 1ecbbacc29fe4ec59f3c1b3f59bde2c1 649ccc05773945a38a9cf0fcdd230b2d - - default default] 10.0.0.51 "PUT /v2.0/routers/a9d05f85-e22a-4126-9780-c28a6a3f82ce/add_router_interface HTTP/1.1" status: 200 len: 503 time: 2.0162127
2026-05-09 14:18:14.024 9 INFO neutron.db.ovn_revision_numbers_db [None req-85eb836e-72be-4971-bd7d-74dee47989be 1ecbbacc29fe4ec59f3c1b3f59bde2c1 649ccc05773945a38a9cf0fcdd230b2d - - default default] Successfully bumped revision number for resource 385187da-4657-4c9b-89ce-4bb00d17260d (type: security_groups) to 1
2026-05-09 14:18:14.039 9 INFO neutron.db.ovn_revision_numbers_db [None req-85eb836e-72be-4971-bd7d-74dee47989be 1ecbbacc29fe4ec59f3c1b3f59bde2c1 649ccc05773945a38a9cf0fcdd230b2d - - default default] Successfully bumped revision number for resource 3bf1055b-a4b6-4b32-9382-58fc81436eb6 (type: security_group_rules) to 0
2026-05-09 14:18:14.064 9 INFO neutron.db.ovn_revision_numbers_db [None req-85eb836e-72be-4971-bd7d-74dee47989be 1ecbbacc29fe4ec59f3c1b3f59bde2c1 649ccc05773945a38a9cf0fcdd230b2d - - default default] Successfully bumped revision number for resource 7f2c81e4-1b63-4161-b530-8bd7dbabafad (type: security_group_rules) to 0
2026-05-09 14:18:14.102 9 INFO neutron.wsgi [None req-85eb836e-72be-4971-bd7d-74dee47989be 1ecbbacc29fe4ec59f3c1b3f59bde2c1 649ccc05773945a38a9cf0fcdd230b2d - - default default] 10.0.0.51 "POST /v2.0/security-groups HTTP/1.1" status: 201 len: 1765 time: 0.1989739
2026-05-09 14:18:14.229 10 WARNING neutron.plugins.ml2.drivers.ovn.mech_driver.ovsdb.ovn_client [None req-b88ed565-36a1-4567-a008-9913f34a8206 - - - - - -] No hosting information found for port 6d9bf51d-81f9-4179-b598-ddea2f7c4fad: RuntimeError: No hosting information found for port 6d9bf51d-81f9-4179-b598-ddea2f7c4fad
2026-05-09 14:18:14.281 10 INFO neutron.db.ovn_revision_numbers_db [None req-daa7a31a-250f-4c55-89b5-7e0deb947269 1ecbbacc29fe4ec59f3c1b3f59bde2c1 649ccc05773945a38a9cf0fcdd230b2d - - default default] Successfully bumped revision number for resource 39301d66-fe70-42d5-aea2-e876c8da88cc (type: security_group_rules) to 0
2026-05-09 14:18:14.313 10 INFO neutron.wsgi [None req-daa7a31a-250f-4c55-89b5-7e0deb947269 1ecbbacc29fe4ec59f3c1b3f59bde2c1 649ccc05773945a38a9cf0fcdd230b2d - - default default] 10.0.0.51 "POST /v2.0/security-group-rules HTTP/1.1" status: 201 len: 764 time: 0.2054312
2026-05-09 14:18:14.444 10 INFO neutron.db.ovn_revision_numbers_db [None req-ed3a51ac-6bd5-44e5-8bc6-d462d8549611 1ecbbacc29fe4ec59f3c1b3f59bde2c1 649ccc05773945a38a9cf0fcdd230b2d - - default default] Successfully bumped revision number for resource db833e00-9cab-4eaa-847a-c37d34068064 (type: security_group_rules) to 0
2026-05-09 14:18:14.474 10 INFO neutron.wsgi [None req-ed3a51ac-6bd5-44e5-8bc6-d462d8549611 1ecbbacc29fe4ec59f3c1b3f59bde2c1 649ccc05773945a38a9cf0fcdd230b2d - - default default] 10.0.0.51 "POST /v2.0/security-group-rules HTTP/1.1" status: 201 len: 764 time: 0.1558359
2026-05-09 14:18:14.623 10 INFO neutron.db.ovn_revision_numbers_db [None req-03815495-3859-4b5a-b1c6-72c9eb91ba42 1ecbbacc29fe4ec59f3c1b3f59bde2c1 649ccc05773945a38a9cf0fcdd230b2d - - default default] Successfully bumped revision number for resource 038991d7-791a-4144-887f-b147558ffc3c (type: security_group_rules) to 0
2026-05-09 14:18:14.647 10 INFO neutron.wsgi [None req-03815495-3859-4b5a-b1c6-72c9eb91ba42 1ecbbacc29fe4ec59f3c1b3f59bde2c1 649ccc05773945a38a9cf0fcdd230b2d - - default default] 10.0.0.51 "POST /v2.0/security-group-rules HTTP/1.1" status: 201 len: 766 time: 0.1671207
2026-05-09 14:18:14.806 10 INFO neutron.db.ovn_revision_numbers_db [None req-2358dc94-709e-479c-b2b5-2783c00f1e8e 1ecbbacc29fe4ec59f3c1b3f59bde2c1 649ccc05773945a38a9cf0fcdd230b2d - - default default] Successfully bumped revision number for resource 54af5ddf-0fe4-4ed4-8b84-e4174a30041f (type: security_group_rules) to 0
2026-05-09 14:18:14.833 10 INFO neutron.wsgi [None req-2358dc94-709e-479c-b2b5-2783c00f1e8e 1ecbbacc29fe4ec59f3c1b3f59bde2c1 649ccc05773945a38a9cf0fcdd230b2d - - default default] 10.0.0.51 "POST /v2.0/security-group-rules HTTP/1.1" status: 201 len: 768 time: 0.1810372
2026-05-09 14:18:14.957 10 INFO neutron.db.ovn_revision_numbers_db [None req-7c07bd7a-077b-4dbb-beac-844dc1787f1e 1ecbbacc29fe4ec59f3c1b3f59bde2c1 649ccc05773945a38a9cf0fcdd230b2d - - default default] Successfully bumped revision number for resource c777592b-5a02-47c3-96fe-59b385e9c83b (type: security_group_rules) to 0
2026-05-09 14:18:14.999 10 INFO neutron.wsgi [None req-7c07bd7a-077b-4dbb-beac-844dc1787f1e 1ecbbacc29fe4ec59f3c1b3f59bde2c1 649ccc05773945a38a9cf0fcdd230b2d - - default default] 10.0.0.51 "POST /v2.0/security-group-rules HTTP/1.1" status: 201 len: 768 time: 0.1621037
2026-05-09 14:18:15.154 10 INFO neutron.db.ovn_revision_numbers_db [None req-493a8f36-64a2-424f-b085-bf1f77b68cee 1ecbbacc29fe4ec59f3c1b3f59bde2c1 649ccc05773945a38a9cf0fcdd230b2d - - default default] Successfully bumped revision number for resource b154fbe0-8b3d-4547-834e-d0a9707699e7 (type: security_group_rules) to 0
2026-05-09 14:18:15.179 10 INFO neutron.wsgi [None req-493a8f36-64a2-424f-b085-bf1f77b68cee 1ecbbacc29fe4ec59f3c1b3f59bde2c1 649ccc05773945a38a9cf0fcdd230b2d - - default default] 10.0.0.51 "POST /v2.0/security-group-rules HTTP/1.1" status: 201 len: 764 time: 0.1764438
2026-05-09 14:18:15.394 10 INFO neutron.db.ovn_revision_numbers_db [None req-b91f4865-574f-43d3-8154-ed21a26f9c12 1ecbbacc29fe4ec59f3c1b3f59bde2c1 649ccc05773945a38a9cf0fcdd230b2d - - default default] Successfully bumped revision number for resource 991c126d-14b5-4660-aa70-74dee6d9ef94 (type: security_group_rules) to 0
2026-05-09 14:18:15.418 10 INFO neutron.wsgi [None req-b91f4865-574f-43d3-8154-ed21a26f9c12 1ecbbacc29fe4ec59f3c1b3f59bde2c1 649ccc05773945a38a9cf0fcdd230b2d - - default default] 10.0.0.51 "POST /v2.0/security-group-rules HTTP/1.1" status: 201 len: 764 time: 0.2232509
2026-05-09 14:18:15.547 10 INFO neutron.db.ovn_revision_numbers_db [None req-2d101bf0-4a34-4cc2-8afc-b2655131863f 1ecbbacc29fe4ec59f3c1b3f59bde2c1 649ccc05773945a38a9cf0fcdd230b2d - - default default] Successfully bumped revision number for resource 02d315e1-4f57-4b74-a645-4762316f2bdd (type: security_group_rules) to 0
2026-05-09 14:18:15.570 10 INFO neutron.wsgi [None req-2d101bf0-4a34-4cc2-8afc-b2655131863f 1ecbbacc29fe4ec59f3c1b3f59bde2c1 649ccc05773945a38a9cf0fcdd230b2d - - default default] 10.0.0.51 "POST /v2.0/security-group-rules HTTP/1.1" status: 201 len: 764 time: 0.1472809
2026-05-09 14:18:15.630 9 INFO neutron.wsgi [None req-7676acaa-1204-48b4-8a6a-c64ce453430f 8cf26d45df56422da93471a9dbcd9fd6 805bb55269bb47df87fc224616b37195 - - default default] 10.0.0.131 "GET /v2.0/security-groups HTTP/1.1" status: 200 len: 25780 time: 0.1469111
2026-05-09 14:18:15.680 9 INFO neutron.wsgi [None req-35ba984c-c95a-49cd-a806-6aa8c1141140 8cf26d45df56422da93471a9dbcd9fd6 805bb55269bb47df87fc224616b37195 - - default default] 10.0.0.131 "GET /v2.0/ports HTTP/1.1" status: 200 len: 12735 time: 0.0405579
2026-05-09 14:18:15.699 9 INFO neutron.wsgi [None req-a83fefa2-0691-46e3-8fb3-c401194ac537 8cf26d45df56422da93471a9dbcd9fd6 805bb55269bb47df87fc224616b37195 - - default default] 10.0.0.131 "GET /v2.0/agents HTTP/1.1" status: 200 len: 997 time: 0.0111289
2026-05-09 14:18:15.718 9 INFO neutron.wsgi [None req-5496af39-169a-4dcd-aa83-197b5f6206a8 8cf26d45df56422da93471a9dbcd9fd6 805bb55269bb47df87fc224616b37195 - - default default] 10.0.0.131 "GET /v2.0/floatingips HTTP/1.1" status: 200 len: 193 time: 0.0184340
2026-05-09 14:18:15.722 10 INFO neutron.db.ovn_revision_numbers_db [None req-76f6b555-5874-4f70-a35f-3fb428c7fadb 1ecbbacc29fe4ec59f3c1b3f59bde2c1 649ccc05773945a38a9cf0fcdd230b2d - - default default] Successfully bumped revision number for resource 83a2d2c5-fe68-437d-9867-ee30f0186cdc (type: security_group_rules) to 0
2026-05-09 14:18:15.751 10 INFO neutron.wsgi [None req-76f6b555-5874-4f70-a35f-3fb428c7fadb 1ecbbacc29fe4ec59f3c1b3f59bde2c1 649ccc05773945a38a9cf0fcdd230b2d - - default default] 10.0.0.51 "POST /v2.0/security-group-rules HTTP/1.1" status: 201 len: 766 time: 0.1757462
2026-05-09 14:18:15.781 9 INFO neutron.wsgi [None req-3dd6dc75-4079-479c-854e-6c4639e4d007 8cf26d45df56422da93471a9dbcd9fd6 805bb55269bb47df87fc224616b37195 - - default default] 10.0.0.131 "GET /v2.0/networks HTTP/1.1" status: 200 len: 4718 time: 0.0621901
2026-05-09 14:18:15.826 9 INFO neutron.wsgi [None req-2f0d4991-bb56-49b9-b60c-06c5f3adc089 8cf26d45df56422da93471a9dbcd9fd6 805bb55269bb47df87fc224616b37195 - - default default] 10.0.0.131 "GET /v2.0/subnets HTTP/1.1" status: 200 len: 5496 time: 0.0413437
2026-05-09 14:18:15.838 9 INFO neutron.wsgi [None req-d79a2666-ceda-4a34-8d04-8da806f61e9b 8cf26d45df56422da93471a9dbcd9fd6 805bb55269bb47df87fc224616b37195 - - default default] 10.0.0.131 "GET /v2.0/subnetpools HTTP/1.1" status: 200 len: 193 time: 0.0101237
2026-05-09 14:18:15.850 9 INFO neutron.wsgi [None req-8099be8d-6b9d-4c2f-b2d6-f105ee68ec03 8cf26d45df56422da93471a9dbcd9fd6 805bb55269bb47df87fc224616b37195 - - default default] 10.0.0.131 "GET /v2.0/network-ip-availabilities HTTP/1.1" status: 200 len: 3361 time: 0.0099823
2026-05-09 14:18:15.888 10 INFO neutron.db.ovn_revision_numbers_db [None req-da89d095-523b-4851-929b-eb051503e53e 1ecbbacc29fe4ec59f3c1b3f59bde2c1 649ccc05773945a38a9cf0fcdd230b2d - - default default] Successfully bumped revision number for resource 272df4b4-06e4-4c85-ba9a-caca1477be8a (type: security_group_rules) to 0
2026-05-09 14:18:15.898 9 INFO neutron.wsgi [None req-2107eee9-9fee-4244-8035-72d3ca6f6e5c 8cf26d45df56422da93471a9dbcd9fd6 805bb55269bb47df87fc224616b37195 - - default default] 10.0.0.131 "GET /v2.0/subnets HTTP/1.1" status: 200 len: 5496 time: 0.0470536
2026-05-09 14:18:15.915 10 INFO neutron.wsgi [None req-da89d095-523b-4851-929b-eb051503e53e 1ecbbacc29fe4ec59f3c1b3f59bde2c1 649ccc05773945a38a9cf0fcdd230b2d - - default default] 10.0.0.51 "POST /v2.0/security-group-rules HTTP/1.1" status: 201 len: 768 time: 0.1597593
2026-05-09 14:18:15.990 9 INFO neutron.wsgi [None req-22e21d40-5c51-4201-a6b4-2268a8b7a227 8cf26d45df56422da93471a9dbcd9fd6 805bb55269bb47df87fc224616b37195 - - default default] 10.0.0.131 "GET /v2.0/routers HTTP/1.1" status: 200 len: 850 time: 0.0903876
2026-05-09 14:18:16.009 9 INFO neutron.wsgi [None req-730cd6d3-b284-46f5-a026-0e9fb4f213ad 8cf26d45df56422da93471a9dbcd9fd6 805bb55269bb47df87fc224616b37195 - - default default] 10.0.0.131 "GET /v2.0/agents?binary=ovn-controller HTTP/1.1" status: 200 len: 591 time: 0.0154696
2026-05-09 14:18:16.120 9 INFO neutron.db.ovn_revision_numbers_db [None req-c1d8df02-0455-4e4a-af6b-b233887ed858 1ecbbacc29fe4ec59f3c1b3f59bde2c1 649ccc05773945a38a9cf0fcdd230b2d - - default default] Successfully bumped revision number for resource 637869bb-08e3-47d6-82d6-abcce2c257e9 (type: security_group_rules) to 0
2026-05-09 14:18:16.149 9 INFO neutron.wsgi [None req-c1d8df02-0455-4e4a-af6b-b233887ed858 1ecbbacc29fe4ec59f3c1b3f59bde2c1 649ccc05773945a38a9cf0fcdd230b2d - - default default] 10.0.0.51 "POST /v2.0/security-group-rules HTTP/1.1" status: 201 len: 764 time: 0.2296407
2026-05-09 14:18:16.624 9 WARNING neutron.plugins.ml2.drivers.ovn.mech_driver.ovsdb.ovn_client [None req-99dbe489-30e6-4693-be04-8443d667d431 - - - - - -] No hosting information found for port 56efe861-0c6a-4e0b-bb49-e29b1fb9c58a: RuntimeError: No hosting information found for port 56efe861-0c6a-4e0b-bb49-e29b1fb9c58a
2026-05-09 14:18:16.625 9 INFO neutron.plugins.ml2.drivers.ovn.mech_driver.mech_driver [None req-99dbe489-30e6-4693-be04-8443d667d431 - - - - - -] OVN reports status up for port: 87503d7e-663d-49ef-9e3e-1169afb94bbf
2026-05-09 14:18:16.631 9 INFO neutron.plugins.ml2.plugin [None req-99dbe489-30e6-4693-be04-8443d667d431 - - - - - -] Attempt 1 to provision port 87503d7e-663d-49ef-9e3e-1169afb94bbf
2026-05-09 14:18:16.705 10 INFO neutron.wsgi [req-05aaf0c1-103f-47ea-bc97-47216840d082 req-4ce09355-f02a-4bd5-92e5-d89c63a2fc43 1ecbbacc29fe4ec59f3c1b3f59bde2c1 649ccc05773945a38a9cf0fcdd230b2d - - default default] 10.0.0.98 "GET /v2.0/security-groups?name=tempest-lb_member_SG-992922163&fields=id&tenant_id=649ccc05773945a38a9cf0fcdd230b2d HTTP/1.1" status: 200 len: 267 time: 0.0483320
2026-05-09 14:18:16.829 10 INFO neutron.wsgi [req-05aaf0c1-103f-47ea-bc97-47216840d082 req-7679028c-2ae1-4c5a-8977-95b03742381a 1ecbbacc29fe4ec59f3c1b3f59bde2c1 649ccc05773945a38a9cf0fcdd230b2d - - default default] 10.0.0.98 "GET /v2.0/networks?id=054ddb7f-3759-493f-87f7-10b0846d13eb HTTP/1.1" status: 200 len: 903 time: 0.1151834
2026-05-09 14:18:16.844 10 INFO neutron.wsgi [req-05aaf0c1-103f-47ea-bc97-47216840d082 req-463c21db-5325-419d-9ce9-3029a2d8aba1 1ecbbacc29fe4ec59f3c1b3f59bde2c1 649ccc05773945a38a9cf0fcdd230b2d - - default default] 10.0.0.98 "GET /v2.0/quotas/649ccc05773945a38a9cf0fcdd230b2d HTTP/1.1" status: 200 len: 386 time: 0.0092499
2026-05-09 14:18:17.022 9 INFO neutron.db.ovn_revision_numbers_db [None req-99dbe489-30e6-4693-be04-8443d667d431 - - - - - -] Successfully bumped revision number for resource 87503d7e-663d-49ef-9e3e-1169afb94bbf (type: ports) to 2
2026-05-09 14:18:17.082 10 INFO neutron.wsgi [req-05aaf0c1-103f-47ea-bc97-47216840d082 req-5aa92584-753b-4a6d-9682-52d77cbc78ae 1ecbbacc29fe4ec59f3c1b3f59bde2c1 649ccc05773945a38a9cf0fcdd230b2d - - default default] 10.0.0.98 "GET /v2.0/ports?tenant_id=649ccc05773945a38a9cf0fcdd230b2d&fields=id HTTP/1.1" status: 200 len: 486 time: 0.2312541
2026-05-09 14:18:17.196 9 INFO neutron.db.ovn_revision_numbers_db [None req-99dbe489-30e6-4693-be04-8443d667d431 - - - - - -] Successfully bumped revision number for resource 87503d7e-663d-49ef-9e3e-1169afb94bbf (type: router_ports) to 2
2026-05-09 14:18:17.222 10 INFO neutron.wsgi [req-05aaf0c1-103f-47ea-bc97-47216840d082 req-ba147219-e9c6-4c9a-a0f5-16b9ce29cca8 620a48df10c3403f8938efaf207413ad 6e77d59566744f7a801e02a9fad94e26 - - 765f530ee013449185b73b04af3fb09d 765f530ee013449185b73b04af3fb09d] 10.0.0.98 "GET /v2.0/networks/054ddb7f-3759-493f-87f7-10b0846d13eb?fields=segments HTTP/1.1" status: 200 len: 212 time: 0.1223075
2026-05-09 14:18:17.296 10 INFO neutron.wsgi [req-05aaf0c1-103f-47ea-bc97-47216840d082 req-c0d7363d-92cf-4b5e-ad53-629fd3d3997e 620a48df10c3403f8938efaf207413ad 6e77d59566744f7a801e02a9fad94e26 - - 765f530ee013449185b73b04af3fb09d 765f530ee013449185b73b04af3fb09d] 10.0.0.98 "GET /v2.0/networks/054ddb7f-3759-493f-87f7-10b0846d13eb?fields=provider%3Aphysical_network&fields=provider%3Anetwork_type HTTP/1.1" status: 200 len: 277 time: 0.0670624
2026-05-09 14:18:17.470 10 INFO neutron.wsgi [req-63d614f2-df2d-4fa1-8025-997dcee9b867 req-850bc8fb-a89a-46c1-89dd-22313e478f7d 1ecbbacc29fe4ec59f3c1b3f59bde2c1 649ccc05773945a38a9cf0fcdd230b2d - - default default] 10.0.0.98 "GET /v2.0/ports?device_id=665fc573-0eb5-4c58-8cbd-35eaecee9c31 HTTP/1.1" status: 200 len: 210 time: 0.0645070
2026-05-09 14:18:17.578 10 INFO neutron.wsgi [-] 10.0.0.180 "GET / HTTP/1.1" status: 200 len: 246 time: 0.0028734
2026-05-09 14:18:17.581 10 INFO neutron.wsgi [-] 10.0.0.180 "GET / HTTP/1.1" status: 200 len: 246 time: 0.0022252
2026-05-09 14:18:18.286 10 INFO neutron.wsgi [req-05aaf0c1-103f-47ea-bc97-47216840d082 req-9a422224-434d-41fe-8d39-d5680b9f1a95 1ecbbacc29fe4ec59f3c1b3f59bde2c1 649ccc05773945a38a9cf0fcdd230b2d - - default default] 199.204.45.144 "GET /v2.0/networks?id=054ddb7f-3759-493f-87f7-10b0846d13eb HTTP/1.1" status: 200 len: 903 time: 0.1192758
