2026-05-09 14:12:58.733 9 INFO neutron.notifiers.nova [-] Nova event matching ['req-63b34829-c987-465f-bce3-bca245efe66b'] response: {'server_uuid': '46f2fbc4-0387-429c-8d37-d4dce2582933', 'name': 'network-vif-plugged', 'status': 'completed', 'tag': '9c1def16-0540-46f7-81bf-05e27f884c75', 'code': 200}
2026-05-09 14:12:58.791 9 INFO neutron.db.ovn_revision_numbers_db [None req-754ef695-32b7-4376-903b-f5ab68004a20 91cc3e319dac4dbb9c14a4dae408e339 64e65dd76b1e4dd0bdd6b374a40d49a6 - - default default] Successfully bumped revision number for resource d881ae1d-c59b-45ca-9924-7e3e1dbe5483 (type: ports) to 1
2026-05-09 14:12:58.859 10 INFO neutron.db.ovn_revision_numbers_db [req-634ffed1-0f29-4061-bc0c-588f691a0c4d req-454659cc-a32b-496d-9bb8-5cb945e0e0ba 620a48df10c3403f8938efaf207413ad 6e77d59566744f7a801e02a9fad94e26 - - 765f530ee013449185b73b04af3fb09d 765f530ee013449185b73b04af3fb09d] Successfully bumped revision number for resource 8c77760d-1540-48f0-91a9-63427d9de4e9 (type: ports) to 2 /var/lib/openstack/lib/python3.10/site-packages/pycadf/identifier.py:71: UserWarning: Invalid uuid: neutron. To ensure interoperability, identifiers should be a valid uuid. warnings.warn(('Invalid uuid: %s. To ensure interoperability, '
2026-05-09 14:12:59.048 10 INFO neutron.wsgi [req-ad31349f-ea08-4a2f-b492-f5e354e72ba3 req-fd136821-e87c-4357-999d-d2248b13e544 11380c2ab6a04c4bb69bde41fb85edaf 68aa46215fd54fd69d5b14e1da3f01b4 - - default default] 10.0.0.98 "GET /v2.0/ports?device_id=09eccaa5-323f-4241-96c8-d374bf6885ef HTTP/1.1" status: 200 len: 1168 time: 0.0561481
2026-05-09 14:12:59.108 10 INFO neutron.wsgi [req-ad31349f-ea08-4a2f-b492-f5e354e72ba3 req-07ddb27a-5f05-4493-894d-f8c242210f98 11380c2ab6a04c4bb69bde41fb85edaf 68aa46215fd54fd69d5b14e1da3f01b4 - - default default] 10.0.0.98 "GET /v2.0/security-groups?id=7255552d-9562-4d2f-8566-24748dab3465&fields=id&fields=name HTTP/1.1" status: 200 len: 313 time: 0.0518341
2026-05-09 14:12:59.119 10 INFO neutron.db.ovn_revision_numbers_db [req-634ffed1-0f29-4061-bc0c-588f691a0c4d req-454659cc-a32b-496d-9bb8-5cb945e0e0ba 620a48df10c3403f8938efaf207413ad 6e77d59566744f7a801e02a9fad94e26 - - 765f530ee013449185b73b04af3fb09d 765f530ee013449185b73b04af3fb09d] Successfully bumped revision number for resource 8c77760d-1540-48f0-91a9-63427d9de4e9 (type: ports) to 2
2026-05-09 14:12:59.134 10 INFO neutron.wsgi [req-634ffed1-0f29-4061-bc0c-588f691a0c4d req-454659cc-a32b-496d-9bb8-5cb945e0e0ba 620a48df10c3403f8938efaf207413ad 6e77d59566744f7a801e02a9fad94e26 - - 765f530ee013449185b73b04af3fb09d 765f530ee013449185b73b04af3fb09d] 199.204.45.144 "PUT /v2.0/ports/8c77760d-1540-48f0-91a9-63427d9de4e9 HTTP/1.1" status: 200 len: 1376 time: 1.4944532
2026-05-09 14:12:59.186 10 INFO neutron.plugins.ml2.drivers.ovn.mech_driver.mech_driver [None req-b88ed565-36a1-4567-a008-9913f34a8206 - - - - - -] OVN reports status up for port: d881ae1d-c59b-45ca-9924-7e3e1dbe5483
2026-05-09 14:12:59.199 10 INFO neutron.plugins.ml2.plugin [None req-b88ed565-36a1-4567-a008-9913f34a8206 - - - - - -] Attempt 1 to provision port d881ae1d-c59b-45ca-9924-7e3e1dbe5483
2026-05-09 14:12:59.203 9 INFO neutron.db.ovn_revision_numbers_db [None req-754ef695-32b7-4376-903b-f5ab68004a20 91cc3e319dac4dbb9c14a4dae408e339 64e65dd76b1e4dd0bdd6b374a40d49a6 - - default default] Successfully bumped revision number for resource d881ae1d-c59b-45ca-9924-7e3e1dbe5483 (type: router_ports) to 1
2026-05-09 14:12:59.212 10 INFO neutron.wsgi [req-634ffed1-0f29-4061-bc0c-588f691a0c4d req-6538f992-fdde-4df6-80ba-04f8d0fc997c 620a48df10c3403f8938efaf207413ad 6e77d59566744f7a801e02a9fad94e26 - - 765f530ee013449185b73b04af3fb09d 765f530ee013449185b73b04af3fb09d] 199.204.45.144 "GET /v2.0/ports?tenant_id=68aa46215fd54fd69d5b14e1da3f01b4&device_id=09eccaa5-323f-4241-96c8-d374bf6885ef HTTP/1.1" status: 200 len: 1407 time: 0.0417845
2026-05-09 14:12:59.245 10 INFO neutron.wsgi [req-634ffed1-0f29-4061-bc0c-588f691a0c4d req-a5403db1-7674-40b4-8852-fc894eb7a70e 620a48df10c3403f8938efaf207413ad 6e77d59566744f7a801e02a9fad94e26 - - 765f530ee013449185b73b04af3fb09d 765f530ee013449185b73b04af3fb09d] 199.204.45.144 "GET /v2.0/floatingips?fixed_ip_address=10.100.0.6&port_id=8c77760d-1540-48f0-91a9-63427d9de4e9 HTTP/1.1" status: 200 len: 217 time: 0.0256057
2026-05-09 14:12:59.290 10 INFO neutron.wsgi [req-634ffed1-0f29-4061-bc0c-588f691a0c4d req-4d8bfde7-6c00-433c-b317-ea7fe9c35991 620a48df10c3403f8938efaf207413ad 6e77d59566744f7a801e02a9fad94e26 - - 765f530ee013449185b73b04af3fb09d 765f530ee013449185b73b04af3fb09d] 199.204.45.144 "GET /v2.0/subnets?id=88ece44b-a84f-43cc-a881-f96110197800 HTTP/1.1" status: 200 len: 869 time: 0.0377979
2026-05-09 14:12:59.318 10 INFO neutron.wsgi [req-634ffed1-0f29-4061-bc0c-588f691a0c4d req-505e9ed1-e697-40a9-bc2e-185d1197f217 620a48df10c3403f8938efaf207413ad 6e77d59566744f7a801e02a9fad94e26 - - 765f530ee013449185b73b04af3fb09d 765f530ee013449185b73b04af3fb09d] 199.204.45.144 "GET /v2.0/ports?network_id=3bcfbf47-b4ff-4385-a9d7-7a607489c39c&device_owner=network%3Adhcp HTTP/1.1" status: 200 len: 210 time: 0.0207939
2026-05-09 14:12:59.385 9 INFO neutron.db.ovn_revision_numbers_db [None req-754ef695-32b7-4376-903b-f5ab68004a20 91cc3e319dac4dbb9c14a4dae408e339 64e65dd76b1e4dd0bdd6b374a40d49a6 - - default default] Successfully bumped revision number for resource d881ae1d-c59b-45ca-9924-7e3e1dbe5483 (type: ports) to 1
2026-05-09 14:12:59.419 10 INFO neutron.wsgi [req-634ffed1-0f29-4061-bc0c-588f691a0c4d req-7314166b-9862-4d1e-8a2a-ac23329c84a7 620a48df10c3403f8938efaf207413ad 6e77d59566744f7a801e02a9fad94e26 - - 765f530ee013449185b73b04af3fb09d 765f530ee013449185b73b04af3fb09d] 199.204.45.144 "GET /v2.0/networks/3bcfbf47-b4ff-4385-a9d7-7a607489c39c?fields=segments HTTP/1.1" status: 200 len: 212 time: 0.0920417
2026-05-09 14:12:59.471 9 WARNING neutron.scheduler.dhcp_agent_scheduler [None req-754ef695-32b7-4376-903b-f5ab68004a20 91cc3e319dac4dbb9c14a4dae408e339 64e65dd76b1e4dd0bdd6b374a40d49a6 - - default default] No more DHCP agents
2026-05-09 14:12:59.472 9 WARNING neutron.api.rpc.agentnotifiers.dhcp_rpc_agent_api [None req-754ef695-32b7-4376-903b-f5ab68004a20 91cc3e319dac4dbb9c14a4dae408e339 64e65dd76b1e4dd0bdd6b374a40d49a6 - - default default] Unable to schedule network 8093c241-90bd-4922-962c-1b8b949421db: no agents available; will retry on subsequent port and subnet creation events.
2026-05-09 14:12:59.558 10 INFO neutron.wsgi [req-4df5dfcb-3cd3-4ee4-8345-aec9e2b9ced3 req-7f31983f-42b4-4063-87c2-929e19906069 695af2fb5a3a46f9a2d1358219e345dc f1e62e0db74d440fa527ceffe1a85bea - - default default] 10.0.0.98 "GET /v2.0/ports?device_id=901b83b6-1b66-496a-919c-a8c78df222ff HTTP/1.1" status: 200 len: 1170 time: 0.1632869
2026-05-09 14:12:59.567 10 INFO neutron.wsgi [req-634ffed1-0f29-4061-bc0c-588f691a0c4d req-6a18e3d0-3964-415e-b197-f0754c714f80 620a48df10c3403f8938efaf207413ad 6e77d59566744f7a801e02a9fad94e26 - - 765f530ee013449185b73b04af3fb09d 765f530ee013449185b73b04af3fb09d] 199.204.45.144 "GET /v2.0/networks/3bcfbf47-b4ff-4385-a9d7-7a607489c39c?fields=provider%3Aphysical_network&fields=provider%3Anetwork_type HTTP/1.1" status: 200 len: 277 time: 0.1377778
2026-05-09 14:12:59.621 10 INFO neutron.wsgi [req-4df5dfcb-3cd3-4ee4-8345-aec9e2b9ced3 req-f07b5b65-a95f-4f51-9e5a-2c9779a82915 695af2fb5a3a46f9a2d1358219e345dc f1e62e0db74d440fa527ceffe1a85bea - - default default] 10.0.0.98 "GET /v2.0/security-groups?id=b008aca0-2a26-4019-9062-8e9345a0c7e9&fields=id&fields=name HTTP/1.1" status: 200 len: 286 time: 0.0529020
2026-05-09 14:12:59.633 10 INFO neutron.db.ovn_revision_numbers_db [None req-b88ed565-36a1-4567-a008-9913f34a8206 - - - - - -] Successfully bumped revision number for resource d881ae1d-c59b-45ca-9924-7e3e1dbe5483 (type: ports) to 2
2026-05-09 14:12:59.680 9 INFO neutron.wsgi [None req-012d70e2-b51d-4f4d-ad1f-97454bd515f3 7fcd04decec34a90b03bbdda11d893d1 18cdf0b0b451403a89e26f2624e15b50 - - default default] 10.0.0.51 "DELETE /v2.0/security-groups/437d1f85-1533-4685-891b-29c7dbe7eb8c HTTP/1.1" status: 204 len: 168 time: 0.1859930
2026-05-09 14:12:59.695 9 INFO neutron.api.v2.resource [None req-30a5ef6c-7468-4625-a11f-faa75a5a8788 7fcd04decec34a90b03bbdda11d893d1 18cdf0b0b451403a89e26f2624e15b50 - - default default] show failed (client error): The resource could not be found.
2026-05-09 14:12:59.696 9 INFO neutron.wsgi [None req-30a5ef6c-7468-4625-a11f-faa75a5a8788 7fcd04decec34a90b03bbdda11d893d1 18cdf0b0b451403a89e26f2624e15b50 - - default default] 10.0.0.51 "GET /v2.0/security-groups/437d1f85-1533-4685-891b-29c7dbe7eb8c HTTP/1.1" status: 404 len: 347 time: 0.0125682
2026-05-09 14:12:59.798 9 INFO neutron.db.ovn_revision_numbers_db [None req-754ef695-32b7-4376-903b-f5ab68004a20 91cc3e319dac4dbb9c14a4dae408e339 64e65dd76b1e4dd0bdd6b374a40d49a6 - - default default] Successfully bumped revision number for resource d881ae1d-c59b-45ca-9924-7e3e1dbe5483 (type: router_ports) to 2
2026-05-09 14:12:59.801 9 INFO neutron.wsgi [None req-754ef695-32b7-4376-903b-f5ab68004a20 91cc3e319dac4dbb9c14a4dae408e339 64e65dd76b1e4dd0bdd6b374a40d49a6 - - default default] 10.0.0.51 "PUT /v2.0/routers/620fdb39-7a66-4425-9f11-1dd387755697/add_router_interface HTTP/1.1" status: 200 len: 503 time: 1.6857412
2026-05-09 14:12:59.962 10 INFO neutron.wsgi [None req-7038073c-63fe-449f-ac61-12fd409fa4b3 91cc3e319dac4dbb9c14a4dae408e339 64e65dd76b1e4dd0bdd6b374a40d49a6 - - default default] 10.0.0.51 "GET /v2.0/ports/d881ae1d-c59b-45ca-9924-7e3e1dbe5483 HTTP/1.1" status: 200 len: 1137 time: 0.1534863
2026-05-09 14:13:00.094 10 INFO neutron.wsgi [req-6fc39ad5-9d9b-4e3a-b8e8-e09622a3f8af req-032d2962-bcd3-4ad8-963b-9fea27e0de77 695af2fb5a3a46f9a2d1358219e345dc f1e62e0db74d440fa527ceffe1a85bea - - default default] 10.0.0.98 "GET /v2.0/ports?device_id=901b83b6-1b66-496a-919c-a8c78df222ff HTTP/1.1" status: 200 len: 1170 time: 0.0934021
2026-05-09 14:13:00.148 10 INFO neutron.wsgi [req-6fc39ad5-9d9b-4e3a-b8e8-e09622a3f8af req-beeadbbc-e71f-4cc9-9512-7db7fb2796b4 695af2fb5a3a46f9a2d1358219e345dc f1e62e0db74d440fa527ceffe1a85bea - - default default] 10.0.0.98 "GET /v2.0/security-groups?id=b008aca0-2a26-4019-9062-8e9345a0c7e9&fields=id&fields=name HTTP/1.1" status: 200 len: 286 time: 0.0487545
2026-05-09 14:13:00.277 10 INFO neutron.wsgi [req-3169ab06-6af5-4a80-97b0-4e147871f97d req-b80c6195-a505-402a-90c5-a7956d34bbca 11380c2ab6a04c4bb69bde41fb85edaf 68aa46215fd54fd69d5b14e1da3f01b4 - - default default] 10.0.0.98 "GET /v2.0/ports?device_id=09eccaa5-323f-4241-96c8-d374bf6885ef HTTP/1.1" status: 200 len: 1168 time: 0.0930758
2026-05-09 14:13:00.281 9 INFO neutron.wsgi [None req-7c1c3217-6e7a-4712-8f7f-6e38d1145006 7fcd04decec34a90b03bbdda11d893d1 18cdf0b0b451403a89e26f2624e15b50 - - default default] 10.0.0.51 "DELETE /v2.0/floatingips/07019e95-4d77-4948-8e37-f67a56c05134 HTTP/1.1" status: 204 len: 168 time: 0.5775893
2026-05-09 14:13:00.338 10 INFO neutron.wsgi [req-3169ab06-6af5-4a80-97b0-4e147871f97d req-2eb47136-902b-4e43-b577-c5f5c3948c75 11380c2ab6a04c4bb69bde41fb85edaf 68aa46215fd54fd69d5b14e1da3f01b4 - - default default] 10.0.0.98 "GET /v2.0/security-groups?id=7255552d-9562-4d2f-8566-24748dab3465&fields=id&fields=name HTTP/1.1" status: 200 len: 313 time: 0.0543454
2026-05-09 14:13:00.392 10 INFO neutron.wsgi [req-1838f871-62cb-4175-96f5-b3eca10c870d req-9dc76531-a4ca-4349-95aa-c0944ed12466 695af2fb5a3a46f9a2d1358219e345dc f1e62e0db74d440fa527ceffe1a85bea - - default default] 199.204.45.144 "GET /v2.0/ports?device_id=901b83b6-1b66-496a-919c-a8c78df222ff HTTP/1.1" status: 200 len: 1170 time: 0.0506063
2026-05-09 14:13:00.431 10 INFO neutron.notifiers.nova [-] Nova event matching ['req-a34d6a60-82a9-450b-a3d0-73a252c841c5'] response: {'server_uuid': '46f2fbc4-0387-429c-8d37-d4dce2582933', 'name': 'network-vif-deleted', 'tag': '9c1def16-0540-46f7-81bf-05e27f884c75', 'status': 'completed', 'code': 200}
2026-05-09 14:13:00.431 10 INFO neutron.notifiers.nova [-] Nova event matching ['req-a34d6a60-82a9-450b-a3d0-73a252c841c5'] response: {'server_uuid': '901b83b6-1b66-496a-919c-a8c78df222ff', 'name': 'network-vif-plugged', 'status': 'completed', 'tag': '3917af81-88de-4c1b-b708-83b54f5a79b2', 'code': 200}
2026-05-09 14:13:00.432 10 INFO neutron.notifiers.nova [-] Nova event matching ['req-a34d6a60-82a9-450b-a3d0-73a252c841c5'] response: {'name': 'network-changed', 'server_uuid': '09eccaa5-323f-4241-96c8-d374bf6885ef', 'tag': '8c77760d-1540-48f0-91a9-63427d9de4e9', 'status': 'completed', 'code': 200}
2026-05-09 14:13:00.491 10 INFO neutron.wsgi [req-2a30249a-29cc-4e8d-ae83-9c6b744f9ae0 req-8edce34d-9494-413c-83d1-6c5db94eff83 620a48df10c3403f8938efaf207413ad 6e77d59566744f7a801e02a9fad94e26 - - 765f530ee013449185b73b04af3fb09d 765f530ee013449185b73b04af3fb09d] 199.204.45.144 "GET /v2.0/ports?tenant_id=68aa46215fd54fd69d5b14e1da3f01b4&device_id=09eccaa5-323f-4241-96c8-d374bf6885ef HTTP/1.1" status: 200 len: 1407 time: 0.0399640
2026-05-09 14:13:00.575 10 INFO neutron.wsgi [req-2a30249a-29cc-4e8d-ae83-9c6b744f9ae0 req-98b91bcc-23b6-4e6c-a8ec-858ad01836d8 620a48df10c3403f8938efaf207413ad 6e77d59566744f7a801e02a9fad94e26 - - 765f530ee013449185b73b04af3fb09d 765f530ee013449185b73b04af3fb09d] 199.204.45.144 "GET /v2.0/networks?id=3bcfbf47-b4ff-4385-a9d7-7a607489c39c HTTP/1.1" status: 200 len: 974 time: 0.0781584
2026-05-09 14:13:00.616 10 INFO neutron.wsgi [req-2a30249a-29cc-4e8d-ae83-9c6b744f9ae0 req-e8be100d-1280-40b2-bd0b-0d8dc8f79407 620a48df10c3403f8938efaf207413ad 6e77d59566744f7a801e02a9fad94e26 - - 765f530ee013449185b73b04af3fb09d 765f530ee013449185b73b04af3fb09d] 199.204.45.144 "GET /v2.0/floatingips?fixed_ip_address=10.100.0.6&port_id=8c77760d-1540-48f0-91a9-63427d9de4e9 HTTP/1.1" status: 200 len: 217 time: 0.0334389
2026-05-09 14:13:00.661 10 INFO neutron.wsgi [req-2a30249a-29cc-4e8d-ae83-9c6b744f9ae0 req-6b26d684-df8b-4802-9de8-5c42ce2b2e3e 620a48df10c3403f8938efaf207413ad 6e77d59566744f7a801e02a9fad94e26 - - 765f530ee013449185b73b04af3fb09d 765f530ee013449185b73b04af3fb09d] 199.204.45.144 "GET /v2.0/subnets?id=88ece44b-a84f-43cc-a881-f96110197800 HTTP/1.1" status: 200 len: 869 time: 0.0399590
2026-05-09 14:13:00.692 10 INFO neutron.wsgi [req-2a30249a-29cc-4e8d-ae83-9c6b744f9ae0 req-c9c10fb5-9e2c-4a1f-bd62-c52a614f8ce3 620a48df10c3403f8938efaf207413ad 6e77d59566744f7a801e02a9fad94e26 - - 765f530ee013449185b73b04af3fb09d 765f530ee013449185b73b04af3fb09d] 199.204.45.144 "GET /v2.0/ports?network_id=3bcfbf47-b4ff-4385-a9d7-7a607489c39c&device_owner=network%3Adhcp HTTP/1.1" status: 200 len: 210 time: 0.0218923
2026-05-09 14:13:00.771 10 INFO neutron.wsgi [req-2a30249a-29cc-4e8d-ae83-9c6b744f9ae0 req-088be24f-78de-4b0f-97a8-93386214cd64 620a48df10c3403f8938efaf207413ad 6e77d59566744f7a801e02a9fad94e26 - - 765f530ee013449185b73b04af3fb09d 765f530ee013449185b73b04af3fb09d] 199.204.45.144 "GET /v2.0/networks/3bcfbf47-b4ff-4385-a9d7-7a607489c39c?fields=segments HTTP/1.1" status: 200 len: 212 time: 0.0708346
2026-05-09 14:13:00.787 10 INFO neutron.wsgi [req-1838f871-62cb-4175-96f5-b3eca10c870d req-e5777fd8-de60-4bfc-be77-c047d10cf2e1 695af2fb5a3a46f9a2d1358219e345dc f1e62e0db74d440fa527ceffe1a85bea - - default default] 199.204.45.144 "DELETE /v2.0/ports/3917af81-88de-4c1b-b708-83b54f5a79b2 HTTP/1.1" status: 204 len: 173 time: 0.3907619
2026-05-09 14:13:00.829 9 WARNING neutron.scheduler.dhcp_agent_scheduler [None req-192296e5-ef9f-4bc8-9162-fbfa3b34a9b8 91cc3e319dac4dbb9c14a4dae408e339 64e65dd76b1e4dd0bdd6b374a40d49a6 - - default default] No more DHCP agents
2026-05-09 14:13:00.832 9 WARNING neutron.api.rpc.agentnotifiers.dhcp_rpc_agent_api [None req-192296e5-ef9f-4bc8-9162-fbfa3b34a9b8 91cc3e319dac4dbb9c14a4dae408e339 64e65dd76b1e4dd0bdd6b374a40d49a6 - - default default] Unable to schedule network eb84e74c-f2b5-4fbc-a4de-da7287e6d8dc: no agents available; will retry on subsequent port and subnet creation events.
2026-05-09 14:13:00.839 10 INFO neutron.wsgi [req-2a30249a-29cc-4e8d-ae83-9c6b744f9ae0 req-0c5bad76-6e8a-41e1-8596-17b31e3246da 620a48df10c3403f8938efaf207413ad 6e77d59566744f7a801e02a9fad94e26 - - 765f530ee013449185b73b04af3fb09d 765f530ee013449185b73b04af3fb09d] 199.204.45.144 "GET /v2.0/networks/3bcfbf47-b4ff-4385-a9d7-7a607489c39c?fields=provider%3Aphysical_network&fields=provider%3Anetwork_type HTTP/1.1" status: 200 len: 277 time: 0.0621309
2026-05-09 14:13:01.043 9 INFO neutron.db.ovn_revision_numbers_db [None req-192296e5-ef9f-4bc8-9162-fbfa3b34a9b8 91cc3e319dac4dbb9c14a4dae408e339 64e65dd76b1e4dd0bdd6b374a40d49a6 - - default default] Successfully bumped revision number for resource 7da9559e-b1c9-43d7-848a-f1e49490abc6 (type: ports) to 1
2026-05-09 14:13:01.453 10 INFO neutron.wsgi [req-45a44a80-6743-4b17-9ff0-5486238a3d11 req-eb3bc092-f933-4e82-be98-15f2a19eb83d 11380c2ab6a04c4bb69bde41fb85edaf 68aa46215fd54fd69d5b14e1da3f01b4 - - default default] 10.0.0.98 "GET /v2.0/ports?device_id=09eccaa5-323f-4241-96c8-d374bf6885ef HTTP/1.1" status: 200 len: 1168 time: 0.0467708
2026-05-09 14:13:01.595 9 INFO neutron.db.ovn_revision_numbers_db [None req-192296e5-ef9f-4bc8-9162-fbfa3b34a9b8 91cc3e319dac4dbb9c14a4dae408e339 64e65dd76b1e4dd0bdd6b374a40d49a6 - - default default] Successfully bumped revision number for resource 7da9559e-b1c9-43d7-848a-f1e49490abc6 (type: router_ports) to 1
2026-05-09 14:13:01.760 10 INFO neutron.wsgi [req-45a44a80-6743-4b17-9ff0-5486238a3d11 req-9c1ab23e-b433-425f-8411-582cb56bc5fd 11380c2ab6a04c4bb69bde41fb85edaf 68aa46215fd54fd69d5b14e1da3f01b4 - - default default] 10.0.0.98 "GET /v2.0/security-groups?id=7255552d-9562-4d2f-8566-24748dab3465&fields=id&fields=name HTTP/1.1" status: 200 len: 313 time: 0.0504661
2026-05-09 14:13:01.787 9 INFO neutron.db.ovn_revision_numbers_db [None req-192296e5-ef9f-4bc8-9162-fbfa3b34a9b8 91cc3e319dac4dbb9c14a4dae408e339 64e65dd76b1e4dd0bdd6b374a40d49a6 - - default default] Successfully bumped revision number for resource 7da9559e-b1c9-43d7-848a-f1e49490abc6 (type: ports) to 1
2026-05-09 14:13:01.877 9 WARNING neutron.scheduler.dhcp_agent_scheduler [None req-192296e5-ef9f-4bc8-9162-fbfa3b34a9b8 91cc3e319dac4dbb9c14a4dae408e339 64e65dd76b1e4dd0bdd6b374a40d49a6 - - default default] No more DHCP agents
2026-05-09 14:13:01.879 9 WARNING neutron.api.rpc.agentnotifiers.dhcp_rpc_agent_api [None req-192296e5-ef9f-4bc8-9162-fbfa3b34a9b8 91cc3e319dac4dbb9c14a4dae408e339 64e65dd76b1e4dd0bdd6b374a40d49a6 - - default default] Unable to schedule network eb84e74c-f2b5-4fbc-a4de-da7287e6d8dc: no agents available; will retry on subsequent port and subnet creation events.
2026-05-09 14:13:02.040 9 INFO neutron.wsgi [None req-dd1d94b0-b6d4-4c52-9ea0-49c69733e70b 8cf26d45df56422da93471a9dbcd9fd6 805bb55269bb47df87fc224616b37195 - - default default] 10.0.0.51 "PUT /v2.0/routers/6139b17b-2e4d-410d-bc57-96e6319ff552/remove_router_interface HTTP/1.1" status: 200 len: 503 time: 1.6605914
2026-05-09 14:13:02.088 9 INFO neutron.db.ovn_revision_numbers_db [None req-192296e5-ef9f-4bc8-9162-fbfa3b34a9b8 91cc3e319dac4dbb9c14a4dae408e339 64e65dd76b1e4dd0bdd6b374a40d49a6 - - default default] Successfully bumped revision number for resource 7da9559e-b1c9-43d7-848a-f1e49490abc6 (type: router_ports) to 1
2026-05-09 14:13:02.092 9 INFO neutron.wsgi [None req-192296e5-ef9f-4bc8-9162-fbfa3b34a9b8 91cc3e319dac4dbb9c14a4dae408e339 64e65dd76b1e4dd0bdd6b374a40d49a6 - - default default] 10.0.0.51 "PUT /v2.0/routers/620fdb39-7a66-4425-9f11-1dd387755697/add_router_interface HTTP/1.1" status: 200 len: 503 time: 2.1192937 /var/lib/openstack/lib/python3.10/site-packages/pycadf/identifier.py:71: UserWarning: Invalid uuid: neutron. To ensure interoperability, identifiers should be a valid uuid. warnings.warn(('Invalid uuid: %s. To ensure interoperability, '
2026-05-09 14:13:02.184 9 INFO neutron.wsgi [None req-e75cd111-5036-4a84-91e3-1f4b2d220494 91cc3e319dac4dbb9c14a4dae408e339 64e65dd76b1e4dd0bdd6b374a40d49a6 - - default default] 10.0.0.51 "GET /v2.0/ports/7da9559e-b1c9-43d7-848a-f1e49490abc6 HTTP/1.1" status: 200 len: 1135 time: 0.0870714
2026-05-09 14:13:02.229 9 INFO neutron.wsgi [None req-271bc6b3-6fb0-41de-95a8-92d22f887310 91cc3e319dac4dbb9c14a4dae408e339 64e65dd76b1e4dd0bdd6b374a40d49a6 - - default default] 10.0.0.51 "GET /v2.0/ports/7da9559e-b1c9-43d7-848a-f1e49490abc6 HTTP/1.1" status: 200 len: 1135 time: 0.0379529
2026-05-09 14:13:02.476 10 INFO neutron.notifiers.nova [-] Nova event matching ['req-0cf749a5-046e-4936-8bad-8f6ebada256e'] response: {'server_uuid': '901b83b6-1b66-496a-919c-a8c78df222ff', 'name': 'network-vif-deleted', 'tag': '3917af81-88de-4c1b-b708-83b54f5a79b2', 'status': 'completed', 'code': 200}
2026-05-09 14:13:02.575 10 INFO neutron.wsgi [-] 10.0.0.180 "GET / HTTP/1.1" status: 200 len: 246 time: 0.0013022
2026-05-09 14:13:02.577 9 INFO neutron.wsgi [-] 10.0.0.180 "GET / HTTP/1.1" status: 200 len: 246 time: 0.0028780
2026-05-09 14:13:02.899 10 INFO neutron.wsgi [None req-f6e819a7-5806-4a02-a05a-ec4a820c0ead 8cf26d45df56422da93471a9dbcd9fd6 805bb55269bb47df87fc224616b37195 - - default default] 10.0.0.51 "PUT /v2.0/routers/5ed41574-dbec-485c-8abd-00a1952b594a/remove_router_interface HTTP/1.1" status: 200 len: 503 time: 1.6879072
2026-05-09 14:13:02.924 10 INFO neutron.wsgi [req-402423e1-7499-4f48-8368-667c769c852b req-256efd93-da15-4eb7-a29c-c971a25ba405 11380c2ab6a04c4bb69bde41fb85edaf 68aa46215fd54fd69d5b14e1da3f01b4 - - default default] 10.0.0.98 "GET /v2.0/ports?device_id=09eccaa5-323f-4241-96c8-d374bf6885ef HTTP/1.1" status: 200 len: 1168 time: 0.0844758 /var/lib/openstack/lib/python3.10/site-packages/pycadf/identifier.py:71: UserWarning: Invalid uuid: neutron. To ensure interoperability, identifiers should be a valid uuid. warnings.warn(('Invalid uuid: %s. To ensure interoperability, '
2026-05-09 14:13:02.970 10 INFO neutron.wsgi [None req-79a781f9-0056-44c9-a8e4-8e7cea1777ea 8cf26d45df56422da93471a9dbcd9fd6 805bb55269bb47df87fc224616b37195 - - default default] 10.0.0.51 "DELETE /v2.0/routers/6139b17b-2e4d-410d-bc57-96e6319ff552 HTTP/1.1" status: 204 len: 168 time: 0.9246016
2026-05-09 14:13:02.985 10 INFO neutron.wsgi [req-402423e1-7499-4f48-8368-667c769c852b req-95ad69d1-b1f2-4a5e-aad4-12834d999cc5 11380c2ab6a04c4bb69bde41fb85edaf 68aa46215fd54fd69d5b14e1da3f01b4 - - default default] 10.0.0.98 "GET /v2.0/security-groups?id=7255552d-9562-4d2f-8566-24748dab3465&fields=id&fields=name HTTP/1.1" status: 200 len: 313 time: 0.0516524
2026-05-09 14:13:03.155 10 INFO neutron.wsgi [None req-1b5e06ae-088c-4471-9c6b-8660e8e82e4e 8cf26d45df56422da93471a9dbcd9fd6 805bb55269bb47df87fc224616b37195 - - default default] 10.0.0.51 "DELETE /v2.0/subnets/522e1aaf-5885-4daa-8c61-0bbc64875119 HTTP/1.1" status: 204 len: 168 time: 0.1807141
2026-05-09 14:13:03.349 10 INFO neutron.wsgi [None req-1ac737ba-4466-4e27-a229-deafd6d249f0 91cc3e319dac4dbb9c14a4dae408e339 64e65dd76b1e4dd0bdd6b374a40d49a6 - - default default] 10.0.0.51 "GET /v2.0/ports/7da9559e-b1c9-43d7-848a-f1e49490abc6 HTTP/1.1" status: 200 len: 1135 time: 0.1144121
2026-05-09 14:13:03.517 10 INFO neutron.services.segments.plugin [-] Segment f33e96a0-861e-4c84-8cac-b214446afc22 resource provider aggregate not found
2026-05-09 14:13:03.523 10 INFO neutron.services.segments.plugin [-] Segment f33e96a0-861e-4c84-8cac-b214446afc22 resource provider aggregate not found
2026-05-09 14:13:03.539 10 INFO neutron.services.segments.plugin [-] Segment f33e96a0-861e-4c84-8cac-b214446afc22 resource provider not found; error: Placement Client Error (4xx): {"errors": [{"status": 404, "title": "Not Found", "detail": "The resource could not be found.\n\n No resource provider with uuid f33e96a0-861e-4c84-8cac-b214446afc22 found for delete ", "request_id": "req-a152ec08-f541-4cfc-82dd-121413b219bd"}]}
2026-05-09 14:13:03.543 10 INFO neutron.services.segments.plugin [-] Segment f33e96a0-861e-4c84-8cac-b214446afc22 resource provider not found; error: Placement Client Error (4xx): {"errors": [{"status": 404, "title": "Not Found", "detail": "The resource could not be found.\n\n No resource provider with uuid f33e96a0-861e-4c84-8cac-b214446afc22 found for delete ", "request_id": "req-6a9d8f16-6583-45a2-a61a-c894620539d9"}]}
2026-05-09 14:13:03.557 10 INFO neutron.wsgi [None req-e1309840-3200-4128-87e3-e28cbf065181 8cf26d45df56422da93471a9dbcd9fd6 805bb55269bb47df87fc224616b37195 - - default default] 10.0.0.51 "DELETE /v2.0/networks/a3a2110a-3199-49d4-b224-4e154b98da79 HTTP/1.1" status: 204 len: 168 time: 0.3972936
2026-05-09 14:13:03.669 9 INFO neutron.wsgi [None req-d188eff4-ddc5-4af8-b746-1133d3cbf586 8cf26d45df56422da93471a9dbcd9fd6 805bb55269bb47df87fc224616b37195 - - default default] 10.0.0.51 "DELETE /v2.0/routers/5ed41574-dbec-485c-8abd-00a1952b594a HTTP/1.1" status: 204 len: 168 time: 0.7652521
2026-05-09 14:13:03.759 9 INFO neutron.wsgi [None req-3dab62a7-e2a1-4677-b500-81701cb8193c 8cf26d45df56422da93471a9dbcd9fd6 805bb55269bb47df87fc224616b37195 - - default default] 10.0.0.51 "GET /v2.0/security-groups?tenant_id=18cdf0b0b451403a89e26f2624e15b50&name=default HTTP/1.1" status: 200 len: 2992 time: 0.0484176
2026-05-09 14:13:03.878 9 INFO neutron.wsgi [None req-67d5d0ef-e342-4ddd-bc77-e18180079097 8cf26d45df56422da93471a9dbcd9fd6 805bb55269bb47df87fc224616b37195 - - default default] 10.0.0.51 "DELETE /v2.0/subnets/981c1202-c67c-4ac4-bd0f-4c22bd867a40 HTTP/1.1" status: 204 len: 168 time: 0.2050452
2026-05-09 14:13:03.964 10 INFO neutron.wsgi [None req-5c4ad9a1-51e9-47ba-8eb1-f0e2ab159909 8cf26d45df56422da93471a9dbcd9fd6 805bb55269bb47df87fc224616b37195 - - default default] 10.0.0.51 "DELETE /v2.0/security-groups/2b8e9290-9e13-4f0e-8119-adc28ab54abe HTTP/1.1" status: 204 len: 168 time: 0.1993973
2026-05-09 14:13:04.082 10 INFO neutron.wsgi [req-7b93bd35-a5af-4023-b63f-87563f55f492 req-e183dc07-29cc-4b26-9b0b-6831f9abff57 11380c2ab6a04c4bb69bde41fb85edaf 68aa46215fd54fd69d5b14e1da3f01b4 - - default default] 10.0.0.98 "GET /v2.0/ports?device_id=09eccaa5-323f-4241-96c8-d374bf6885ef HTTP/1.1" status: 200 len: 1168 time: 0.0365496
2026-05-09 14:13:04.126 10 INFO neutron.wsgi [req-7b93bd35-a5af-4023-b63f-87563f55f492 req-0e49c5ac-fcc8-44b5-a317-7d106e6c85b2 11380c2ab6a04c4bb69bde41fb85edaf 68aa46215fd54fd69d5b14e1da3f01b4 - - default default] 10.0.0.98 "GET /v2.0/security-groups?id=7255552d-9562-4d2f-8566-24748dab3465&fields=id&fields=name HTTP/1.1" status: 200 len: 313 time: 0.0370042
2026-05-09 14:13:04.229 9 INFO neutron.services.segments.plugin [-] Segment a846336f-0f68-468f-9038-5a23f2a59ef4 resource provider aggregate not found
2026-05-09 14:13:04.235 9 INFO neutron.services.segments.plugin [-] Segment a846336f-0f68-468f-9038-5a23f2a59ef4 resource provider aggregate not found
2026-05-09 14:13:04.244 9 INFO neutron.services.segments.plugin [-] Segment a846336f-0f68-468f-9038-5a23f2a59ef4 resource provider not found; error: Placement Client Error (4xx): {"errors": [{"status": 404, "title": "Not Found", "detail": "The resource could not be found.\n\n No resource provider with uuid a846336f-0f68-468f-9038-5a23f2a59ef4 found for delete ", "request_id": "req-f771e3d1-d40e-4b43-991e-7c9e1140bc01"}]}
2026-05-09 14:13:04.250 9 INFO neutron.services.segments.plugin [-] Segment a846336f-0f68-468f-9038-5a23f2a59ef4 resource provider not found; error: Placement Client Error (4xx): {"errors": [{"status": 404, "title": "Not Found", "detail": "The resource could not be found.\n\n No resource provider with uuid a846336f-0f68-468f-9038-5a23f2a59ef4 found for delete ", "request_id": "req-6e334b26-2cca-4c6d-a395-21f95553c748"}]}
2026-05-09 14:13:04.273 9 INFO neutron.wsgi [None req-b8d87849-9568-4f39-9c78-d09fc92bd122 8cf26d45df56422da93471a9dbcd9fd6 805bb55269bb47df87fc224616b37195 - - default default] 10.0.0.51 "DELETE /v2.0/networks/4d87f5f0-f1bd-4ad8-b52c-df6b3e4c4363 HTTP/1.1" status: 204 len: 168 time: 0.3912299
2026-05-09 14:13:04.385 10 INFO neutron.wsgi [None req-5e367416-72c4-4a92-b56b-5f4b161f9781 91cc3e319dac4dbb9c14a4dae408e339 64e65dd76b1e4dd0bdd6b374a40d49a6 - - default default] 10.0.0.51 "GET /v2.0/ports/7da9559e-b1c9-43d7-848a-f1e49490abc6 HTTP/1.1" status: 200 len: 1135 time: 0.0304313
2026-05-09 14:13:04.451 10 INFO neutron.wsgi [None req-330633fb-0134-4344-be1e-c6b49170c973 8cf26d45df56422da93471a9dbcd9fd6 805bb55269bb47df87fc224616b37195 - - default default] 10.0.0.51 "GET /v2.0/security-groups?tenant_id=f1e62e0db74d440fa527ceffe1a85bea&name=default HTTP/1.1" status: 200 len: 2996 time: 0.0458307
2026-05-09 14:13:04.665 10 INFO neutron.wsgi [None req-75d5aa3b-5e61-4730-8c82-90607ed42b24 8cf26d45df56422da93471a9dbcd9fd6 805bb55269bb47df87fc224616b37195 - - default default] 10.0.0.51 "DELETE /v2.0/security-groups/b008aca0-2a26-4019-9062-8e9345a0c7e9 HTTP/1.1" status: 204 len: 168 time: 0.2097754
2026-05-09 14:13:05.230 10 INFO neutron.wsgi [req-049c8677-dbbc-4cb7-9404-f6ea7c3f368f req-731f38fc-98d3-4e77-9b65-d4abeb3d8129 11380c2ab6a04c4bb69bde41fb85edaf 68aa46215fd54fd69d5b14e1da3f01b4 - - default default] 10.0.0.98 "GET /v2.0/ports?device_id=09eccaa5-323f-4241-96c8-d374bf6885ef HTTP/1.1" status: 200 len: 1168 time: 0.0391140
2026-05-09 14:13:05.271 10 INFO neutron.wsgi [req-049c8677-dbbc-4cb7-9404-f6ea7c3f368f req-b2958cea-825e-4082-9986-42c537f3b546 11380c2ab6a04c4bb69bde41fb85edaf 68aa46215fd54fd69d5b14e1da3f01b4 - - default default] 10.0.0.98 "GET /v2.0/security-groups?id=7255552d-9562-4d2f-8566-24748dab3465&fields=id&fields=name HTTP/1.1" status: 200 len: 313 time: 0.0346670
2026-05-09 14:13:05.431 10 INFO neutron.wsgi [None req-593ed18f-746f-4922-a011-75b2c36fb359 91cc3e319dac4dbb9c14a4dae408e339 64e65dd76b1e4dd0bdd6b374a40d49a6 - - default default] 10.0.0.51 "GET /v2.0/ports/7da9559e-b1c9-43d7-848a-f1e49490abc6 HTTP/1.1" status: 200 len: 1135 time: 0.0394082
2026-05-09 14:13:05.455 10 WARNING neutron.plugins.ml2.drivers.ovn.mech_driver.ovsdb.ovn_client [None req-b88ed565-36a1-4567-a008-9913f34a8206 - - - - - -] No hosting information found for port d881ae1d-c59b-45ca-9924-7e3e1dbe5483: RuntimeError: No hosting information found for port d881ae1d-c59b-45ca-9924-7e3e1dbe5483
2026-05-09 14:13:05.456 10 INFO neutron.plugins.ml2.drivers.ovn.mech_driver.mech_driver [None req-b88ed565-36a1-4567-a008-9913f34a8206 - - - - - -] OVN reports status up for port: 8c77760d-1540-48f0-91a9-63427d9de4e9
2026-05-09 14:13:05.492 10 INFO neutron.plugins.ml2.plugin [None req-b88ed565-36a1-4567-a008-9913f34a8206 - - - - - -] Attempt 1 to provision port 8c77760d-1540-48f0-91a9-63427d9de4e9
2026-05-09 14:13:05.630 10 INFO neutron.notifiers.nova [-] Nova event matching ['req-adfe8879-6e95-45a0-8378-ae1fdb8c52a6'] response: {'server_uuid': '09eccaa5-323f-4241-96c8-d374bf6885ef', 'name': 'network-vif-plugged', 'status': 'completed', 'tag': '8c77760d-1540-48f0-91a9-63427d9de4e9', 'code': 200}
2026-05-09 14:13:05.827 10 INFO neutron.db.ovn_revision_numbers_db [None req-b88ed565-36a1-4567-a008-9913f34a8206 - - - - - -] Successfully bumped revision number for resource 8c77760d-1540-48f0-91a9-63427d9de4e9 (type: ports) to 4
2026-05-09 14:13:05.871 10 INFO neutron.plugins.ml2.drivers.ovn.mech_driver.mech_driver [None req-b88ed565-36a1-4567-a008-9913f34a8206 - - - - - -] OVN reports status down for port: 3917af81-88de-4c1b-b708-83b54f5a79b2
2026-05-09 14:13:05.881 10 INFO neutron.plugins.ml2.drivers.ovn.mech_driver.mech_driver [None req-b88ed565-36a1-4567-a008-9913f34a8206 - - - - - -] OVN reports status up for port: 7da9559e-b1c9-43d7-848a-f1e49490abc6
2026-05-09 14:13:05.886 10 INFO neutron.plugins.ml2.plugin [None req-b88ed565-36a1-4567-a008-9913f34a8206 - - - - - -] Attempt 1 to provision port 7da9559e-b1c9-43d7-848a-f1e49490abc6 /var/lib/openstack/lib/python3.10/site-packages/pycadf/identifier.py:71: UserWarning: Invalid uuid: neutron. To ensure interoperability, identifiers should be a valid uuid. warnings.warn(('Invalid uuid: %s. To ensure interoperability, '
2026-05-09 14:13:06.058 10 INFO neutron.db.ovn_revision_numbers_db [None req-fbb581da-ab05-458a-8a97-4d109ed51163 8cf26d45df56422da93471a9dbcd9fd6 805bb55269bb47df87fc224616b37195 - - default default] Successfully bumped revision number for resource 65e31d05-235d-4e96-a016-aaf78b737cc3 (type: security_groups) to 1
2026-05-09 14:13:06.083 10 INFO neutron.db.ovn_revision_numbers_db [None req-fbb581da-ab05-458a-8a97-4d109ed51163 8cf26d45df56422da93471a9dbcd9fd6 805bb55269bb47df87fc224616b37195 - - default default] Successfully bumped revision number for resource 023049ff-6956-47e3-964b-ab5df0d8212b (type: security_group_rules) to 0
2026-05-09 14:13:06.102 10 INFO neutron.db.ovn_revision_numbers_db [None req-fbb581da-ab05-458a-8a97-4d109ed51163 8cf26d45df56422da93471a9dbcd9fd6 805bb55269bb47df87fc224616b37195 - - default default] Successfully bumped revision number for resource 1b3351ac-8c01-40b8-9417-8b2454233133 (type: security_group_rules) to 0
2026-05-09 14:13:06.126 10 INFO neutron.db.ovn_revision_numbers_db [None req-fbb581da-ab05-458a-8a97-4d109ed51163 8cf26d45df56422da93471a9dbcd9fd6 805bb55269bb47df87fc224616b37195 - - default default] Successfully bumped revision number for resource 2569ac4c-502e-4cc9-962d-ff3bb6a87794 (type: security_group_rules) to 0
2026-05-09 14:13:06.155 10 INFO neutron.db.ovn_revision_numbers_db [None req-fbb581da-ab05-458a-8a97-4d109ed51163 8cf26d45df56422da93471a9dbcd9fd6 805bb55269bb47df87fc224616b37195 - - default default] Successfully bumped revision number for resource 40be7f8e-939f-41be-837b-22442d322b8a (type: security_group_rules) to 0
2026-05-09 14:13:06.179 10 INFO neutron.db.ovn_revision_numbers_db [None req-b88ed565-36a1-4567-a008-9913f34a8206 - - - - - -] Successfully bumped revision number for resource 7da9559e-b1c9-43d7-848a-f1e49490abc6 (type: ports) to 2
2026-05-09 14:13:06.218 10 INFO neutron.db.segments_db [None req-fbb581da-ab05-458a-8a97-4d109ed51163 8cf26d45df56422da93471a9dbcd9fd6 805bb55269bb47df87fc224616b37195 - - default default] Added segment d47bfcfa-d80c-475a-ba1e-c534e79f5bbb of type geneve for network 45df3fcf-7302-4651-8384-d859a411e5bb
2026-05-09 14:13:06.479 9 INFO neutron.wsgi [None req-47292c4d-1194-48cc-b0c2-d894b24d8dc0 91cc3e319dac4dbb9c14a4dae408e339 64e65dd76b1e4dd0bdd6b374a40d49a6 - - default default] 10.0.0.51 "GET /v2.0/ports/7da9559e-b1c9-43d7-848a-f1e49490abc6 HTTP/1.1" status: 200 len: 1137 time: 0.0426199
2026-05-09 14:13:06.599 10 INFO neutron.db.ovn_revision_numbers_db [None req-b88ed565-36a1-4567-a008-9913f34a8206 - - - - - -] Successfully bumped revision number for resource 7da9559e-b1c9-43d7-848a-f1e49490abc6 (type: router_ports) to 2
2026-05-09 14:13:06.657 10 INFO neutron.wsgi [req-cbbc838f-fefe-4286-b565-0e204fc6e140 req-c8586fe1-a04f-4d6f-9bfb-e25615b97fe6 11380c2ab6a04c4bb69bde41fb85edaf 68aa46215fd54fd69d5b14e1da3f01b4 - - default default] 10.0.0.98 "GET /v2.0/ports?device_id=09eccaa5-323f-4241-96c8-d374bf6885ef HTTP/1.1" status: 200 len: 1170 time: 0.1571131
2026-05-09 14:13:06.657 10 INFO neutron.db.ovn_revision_numbers_db [None req-fbb581da-ab05-458a-8a97-4d109ed51163 8cf26d45df56422da93471a9dbcd9fd6 805bb55269bb47df87fc224616b37195 - - default default] Successfully bumped revision number for resource 45df3fcf-7302-4651-8384-d859a411e5bb (type: networks) to 1
2026-05-09 14:13:06.728 10 INFO neutron.wsgi [req-cbbc838f-fefe-4286-b565-0e204fc6e140 req-b2f5d87a-1769-4a65-85ac-1a1d27edf6f7 11380c2ab6a04c4bb69bde41fb85edaf 68aa46215fd54fd69d5b14e1da3f01b4 - - default default] 10.0.0.98 "GET /v2.0/security-groups?id=7255552d-9562-4d2f-8566-24748dab3465&fields=id&fields=name HTTP/1.1" status: 200 len: 313 time: 0.0619440
2026-05-09 14:13:06.851 10 INFO neutron.wsgi [req-9959b3cf-6da7-4249-8592-3133c6d2c76b req-288649c7-fa55-4351-892a-1cc7e5c2d94e 11380c2ab6a04c4bb69bde41fb85edaf 68aa46215fd54fd69d5b14e1da3f01b4 - - default default] 10.0.0.98 "GET /v2.0/ports?device_id=09eccaa5-323f-4241-96c8-d374bf6885ef HTTP/1.1" status: 200 len: 1170 time: 0.0442488
2026-05-09 14:13:06.867 10 WARNING neutron.scheduler.dhcp_agent_scheduler [None req-fbb581da-ab05-458a-8a97-4d109ed51163 8cf26d45df56422da93471a9dbcd9fd6 805bb55269bb47df87fc224616b37195 - - default default] No more DHCP agents
2026-05-09 14:13:06.870 10 WARNING neutron.api.rpc.agentnotifiers.dhcp_rpc_agent_api [None req-fbb581da-ab05-458a-8a97-4d109ed51163 8cf26d45df56422da93471a9dbcd9fd6 805bb55269bb47df87fc224616b37195 - - default default] Unable to schedule network 45df3fcf-7302-4651-8384-d859a411e5bb: no agents available; will retry on subsequent port and subnet creation events.
2026-05-09 14:13:06.951 10 INFO neutron.db.ovn_revision_numbers_db [None req-fbb581da-ab05-458a-8a97-4d109ed51163 8cf26d45df56422da93471a9dbcd9fd6 805bb55269bb47df87fc224616b37195 - - default default] Successfully bumped revision number for resource 482e2ee1-482b-4ff9-b626-398be5ffc876 (type: ports) to 1
2026-05-09 14:13:06.969 10 INFO neutron.wsgi [None req-fbb581da-ab05-458a-8a97-4d109ed51163 8cf26d45df56422da93471a9dbcd9fd6 805bb55269bb47df87fc224616b37195 - - default default] 10.0.0.51 "POST /v2.0/networks HTTP/1.1" status: 201 len: 945 time: 1.2870750
2026-05-09 14:13:07.126 10 WARNING neutron.scheduler.dhcp_agent_scheduler [None req-b07935d8-045a-4555-8a87-98a498beccb8 8cf26d45df56422da93471a9dbcd9fd6 805bb55269bb47df87fc224616b37195 - - default default] No more DHCP agents
2026-05-09 14:13:07.128 10 WARNING neutron.api.rpc.agentnotifiers.dhcp_rpc_agent_api [None req-b07935d8-045a-4555-8a87-98a498beccb8 8cf26d45df56422da93471a9dbcd9fd6 805bb55269bb47df87fc224616b37195 - - default default] Unable to schedule network 45df3fcf-7302-4651-8384-d859a411e5bb: no agents available; will retry on subsequent port and subnet creation events.
2026-05-09 14:13:07.132 9 INFO neutron.db.l3_db [None req-7c2d6e40-b7ff-4966-b94a-caba0cc5ea9e 11380c2ab6a04c4bb69bde41fb85edaf 68aa46215fd54fd69d5b14e1da3f01b4 - - default default] Floating IP d8c42c38-61e6-4942-a8f7-48d20b164a4c associated. External IP: 10.96.250.214, port: 8c77760d-1540-48f0-91a9-63427d9de4e9.
2026-05-09 14:13:07.254 9 INFO neutron.wsgi [None req-f41e858c-720f-4cee-bf9e-ebcc40de3efc 91cc3e319dac4dbb9c14a4dae408e339 64e65dd76b1e4dd0bdd6b374a40d49a6 - - default default] 10.0.0.51 "PUT /v2.0/routers/620fdb39-7a66-4425-9f11-1dd387755697/remove_router_interface HTTP/1.1" status: 200 len: 503 time: 0.7701283
2026-05-09 14:13:07.358 10 INFO neutron.wsgi [None req-747be985-f8ee-4428-a83a-6319d3863065 91cc3e319dac4dbb9c14a4dae408e339 64e65dd76b1e4dd0bdd6b374a40d49a6 - - default default] 10.0.0.51 "GET /v2.0/ports/d881ae1d-c59b-45ca-9924-7e3e1dbe5483 HTTP/1.1" status: 200 len: 1137 time: 0.0952260
2026-05-09 14:13:07.373 9 INFO neutron.db.ovn_revision_numbers_db [None req-7c2d6e40-b7ff-4966-b94a-caba0cc5ea9e 11380c2ab6a04c4bb69bde41fb85edaf 68aa46215fd54fd69d5b14e1da3f01b4 - - default default] Successfully bumped revision number for resource d8c42c38-61e6-4942-a8f7-48d20b164a4c (type: floatingips) to 1
2026-05-09 14:13:07.512 9 INFO neutron.db.ovn_revision_numbers_db [None req-7c2d6e40-b7ff-4966-b94a-caba0cc5ea9e 11380c2ab6a04c4bb69bde41fb85edaf 68aa46215fd54fd69d5b14e1da3f01b4 - - default default] Successfully bumped revision number for resource d8c42c38-61e6-4942-a8f7-48d20b164a4c (type: floatingips) to 2
2026-05-09 14:13:07.540 9 INFO neutron.wsgi [None req-7c2d6e40-b7ff-4966-b94a-caba0cc5ea9e 11380c2ab6a04c4bb69bde41fb85edaf 68aa46215fd54fd69d5b14e1da3f01b4 - - default default] 10.0.0.51 "PUT /v2.0/floatingips/d8c42c38-61e6-4942-a8f7-48d20b164a4c HTTP/1.1" status: 200 len: 1049 time: 0.6778507 /var/lib/openstack/lib/python3.10/site-packages/pycadf/identifier.py:71: UserWarning: Invalid uuid: neutron. To ensure interoperability, identifiers should be a valid uuid. warnings.warn(('Invalid uuid: %s. To ensure interoperability, '
2026-05-09 14:13:07.577 9 INFO neutron.notifiers.nova [-] Nova event matching ['req-5cc6df9e-4b04-4d9b-a1b9-5f873d09167a'] response: {'name': 'network-changed', 'server_uuid': '09eccaa5-323f-4241-96c8-d374bf6885ef', 'tag': '8c77760d-1540-48f0-91a9-63427d9de4e9', 'status': 'completed', 'code': 200}
2026-05-09 14:13:07.660 10 INFO neutron.wsgi [req-f877a41d-2310-4cbf-9926-e4ab1322111d req-8111365b-4493-46f0-82da-b1a869114a53 620a48df10c3403f8938efaf207413ad 6e77d59566744f7a801e02a9fad94e26 - - 765f530ee013449185b73b04af3fb09d 765f530ee013449185b73b04af3fb09d] 199.204.45.144 "GET /v2.0/ports?tenant_id=68aa46215fd54fd69d5b14e1da3f01b4&device_id=09eccaa5-323f-4241-96c8-d374bf6885ef HTTP/1.1" status: 200 len: 1409 time: 0.0586834
2026-05-09 14:13:07.671 10 INFO neutron.notifiers.nova [-] Nova event matching ['req-e4cbe765-7f3e-42c1-adc4-ab7ccb2f9402'] response: {'server_uuid': '09eccaa5-323f-4241-96c8-d374bf6885ef', 'name': 'network-vif-plugged', 'status': 'completed', 'tag': '8c77760d-1540-48f0-91a9-63427d9de4e9', 'code': 200}
2026-05-09 14:13:07.710 9 INFO neutron.db.ovn_revision_numbers_db [None req-af9acc84-791c-443f-9bfb-41fef5d71039 8cf26d45df56422da93471a9dbcd9fd6 805bb55269bb47df87fc224616b37195 - - default default] Successfully bumped revision number for resource b21eb294-32b8-4f9a-b4e8-910f4ccbd47c (type: security_groups) to 1
2026-05-09 14:13:07.735 9 INFO neutron.db.ovn_revision_numbers_db [None req-af9acc84-791c-443f-9bfb-41fef5d71039 8cf26d45df56422da93471a9dbcd9fd6 805bb55269bb47df87fc224616b37195 - - default default] Successfully bumped revision number for resource 8d62ce89-19e4-42f6-9a5f-dcf760c184fa (type: security_group_rules) to 0
2026-05-09 14:13:07.750 9 INFO neutron.db.ovn_revision_numbers_db [None req-af9acc84-791c-443f-9bfb-41fef5d71039 8cf26d45df56422da93471a9dbcd9fd6 805bb55269bb47df87fc224616b37195 - - default default] Successfully bumped revision number for resource 9ca62096-f0d0-48c1-8d99-96ed446cdf48 (type: security_group_rules) to 0
2026-05-09 14:13:07.763 9 INFO neutron.db.ovn_revision_numbers_db [None req-af9acc84-791c-443f-9bfb-41fef5d71039 8cf26d45df56422da93471a9dbcd9fd6 805bb55269bb47df87fc224616b37195 - - default default] Successfully bumped revision number for resource dd6c5c5d-6fca-4eb7-b8e9-456f67203717 (type: security_group_rules) to 0
2026-05-09 14:13:07.784 10 INFO neutron.wsgi [req-f877a41d-2310-4cbf-9926-e4ab1322111d req-b8db2b85-3490-4cce-8da6-c7df65442bb1 620a48df10c3403f8938efaf207413ad 6e77d59566744f7a801e02a9fad94e26 - - 765f530ee013449185b73b04af3fb09d 765f530ee013449185b73b04af3fb09d] 199.204.45.144 "GET /v2.0/networks?id=3bcfbf47-b4ff-4385-a9d7-7a607489c39c HTTP/1.1" status: 200 len: 974 time: 0.1115782
2026-05-09 14:13:07.790 9 INFO neutron.db.ovn_revision_numbers_db [None req-af9acc84-791c-443f-9bfb-41fef5d71039 8cf26d45df56422da93471a9dbcd9fd6 805bb55269bb47df87fc224616b37195 - - default default] Successfully bumped revision number for resource f2fe1334-8e95-474d-8ff8-c58cc4eee1c6 (type: security_group_rules) to 0
2026-05-09 14:13:07.810 9 INFO neutron.wsgi [None req-af9acc84-791c-443f-9bfb-41fef5d71039 8cf26d45df56422da93471a9dbcd9fd6 805bb55269bb47df87fc224616b37195 - - default default] 10.0.0.51 "GET /v2.0/security-groups?tenant_id=51989fb50d3e442b85dc939e88699444&name=default HTTP/1.1" status: 200 len: 2996 time: 0.3845787
2026-05-09 14:13:07.842 10 INFO neutron.db.ovn_revision_numbers_db [None req-b07935d8-045a-4555-8a87-98a498beccb8 8cf26d45df56422da93471a9dbcd9fd6 805bb55269bb47df87fc224616b37195 - - default default] Successfully bumped revision number for resource 482e2ee1-482b-4ff9-b626-398be5ffc876 (type: ports) to 2
2026-05-09 14:13:07.866 10 INFO neutron.wsgi [req-f877a41d-2310-4cbf-9926-e4ab1322111d req-6b4df651-ef92-429d-9293-1405b785d126 620a48df10c3403f8938efaf207413ad 6e77d59566744f7a801e02a9fad94e26 - - 765f530ee013449185b73b04af3fb09d 765f530ee013449185b73b04af3fb09d] 199.204.45.144 "GET /v2.0/floatingips?fixed_ip_address=10.100.0.6&port_id=8c77760d-1540-48f0-91a9-63427d9de4e9 HTTP/1.1" status: 200 len: 1059 time: 0.0684388
2026-05-09 14:13:07.938 10 INFO neutron.wsgi [req-f877a41d-2310-4cbf-9926-e4ab1322111d req-7bc3d3f8-b7ab-487b-862b-fa65d93f838c 620a48df10c3403f8938efaf207413ad 6e77d59566744f7a801e02a9fad94e26 - - 765f530ee013449185b73b04af3fb09d 765f530ee013449185b73b04af3fb09d] 199.204.45.144 "GET /v2.0/subnets?id=88ece44b-a84f-43cc-a881-f96110197800 HTTP/1.1" status: 200 len: 869 time: 0.0642321
2026-05-09 14:13:07.939 10 INFO neutron.db.ovn_revision_numbers_db [None req-b07935d8-045a-4555-8a87-98a498beccb8 8cf26d45df56422da93471a9dbcd9fd6 805bb55269bb47df87fc224616b37195 - - default default] Successfully bumped revision number for resource 079bb997-aac5-4fc5-8501-814649a9de23 (type: subnets) to 0
2026-05-09 14:13:07.971 10 INFO neutron.wsgi [None req-b07935d8-045a-4555-8a87-98a498beccb8 8cf26d45df56422da93471a9dbcd9fd6 805bb55269bb47df87fc224616b37195 - - default default] 10.0.0.51 "POST /v2.0/subnets HTTP/1.1" status: 201 len: 865 time: 0.9975669
2026-05-09 14:13:07.982 10 INFO neutron.wsgi [req-f877a41d-2310-4cbf-9926-e4ab1322111d req-26365a59-c5eb-44bf-8efd-db2ce224c2be 620a48df10c3403f8938efaf207413ad 6e77d59566744f7a801e02a9fad94e26 - - 765f530ee013449185b73b04af3fb09d 765f530ee013449185b73b04af3fb09d] 199.204.45.144 "GET /v2.0/ports?network_id=3bcfbf47-b4ff-4385-a9d7-7a607489c39c&device_owner=network%3Adhcp HTTP/1.1" status: 200 len: 210 time: 0.0346816
2026-05-09 14:13:08.056 10 INFO neutron.wsgi [req-f877a41d-2310-4cbf-9926-e4ab1322111d req-19d4c871-c96f-4dc1-a737-6b0f23d0c621 620a48df10c3403f8938efaf207413ad 6e77d59566744f7a801e02a9fad94e26 - - 765f530ee013449185b73b04af3fb09d 765f530ee013449185b73b04af3fb09d] 199.204.45.144 "GET /v2.0/networks/3bcfbf47-b4ff-4385-a9d7-7a607489c39c?fields=segments HTTP/1.1" status: 200 len: 212 time: 0.0645542
2026-05-09 14:13:08.110 9 INFO neutron.wsgi [None req-4a982539-f6fd-4639-b5b5-12e3c0c859b4 8cf26d45df56422da93471a9dbcd9fd6 805bb55269bb47df87fc224616b37195 - - default default] 10.0.0.51 "DELETE /v2.0/security-groups/b21eb294-32b8-4f9a-b4e8-910f4ccbd47c HTTP/1.1" status: 204 len: 168 time: 0.2931473
2026-05-09 14:13:08.137 10 INFO neutron.wsgi [req-f877a41d-2310-4cbf-9926-e4ab1322111d req-59c8f9c3-f269-4e4a-9b49-ed289563d7a9 620a48df10c3403f8938efaf207413ad 6e77d59566744f7a801e02a9fad94e26 - - 765f530ee013449185b73b04af3fb09d 765f530ee013449185b73b04af3fb09d] 199.204.45.144 "GET /v2.0/networks/3bcfbf47-b4ff-4385-a9d7-7a607489c39c?fields=provider%3Aphysical_network&fields=provider%3Anetwork_type HTTP/1.1" status: 200 len: 277 time: 0.0722060
2026-05-09 14:13:08.332 10 INFO neutron.wsgi [None req-829d845f-103e-4ad0-95d1-f578c7d583e9 91cc3e319dac4dbb9c14a4dae408e339 64e65dd76b1e4dd0bdd6b374a40d49a6 - - default default] 10.0.0.51 "PUT /v2.0/routers/620fdb39-7a66-4425-9f11-1dd387755697/remove_router_interface HTTP/1.1" status: 200 len: 503 time: 0.9687703 /var/lib/openstack/lib/python3.10/site-packages/pycadf/identifier.py:71: UserWarning: Invalid uuid: neutron. To ensure interoperability, identifiers should be a valid uuid. warnings.warn(('Invalid uuid: %s. To ensure interoperability, '
2026-05-09 14:13:08.359 10 INFO neutron.wsgi [None req-20f6ad10-efe6-4c4f-99bd-ba266eaaa162 91cc3e319dac4dbb9c14a4dae408e339 64e65dd76b1e4dd0bdd6b374a40d49a6 - - default default] 10.0.0.51 "GET /v2.0/ports?device_id=620fdb39-7a66-4425-9f11-1dd387755697 HTTP/1.1" status: 200 len: 205 time: 0.0232666
2026-05-09 14:13:08.653 9 WARNING neutron.scheduler.dhcp_agent_scheduler [None req-9b96e6d1-e31d-4215-8682-fea797c49f4e 8cf26d45df56422da93471a9dbcd9fd6 805bb55269bb47df87fc224616b37195 - - default default] No more DHCP agents
2026-05-09 14:13:08.656 9 WARNING neutron.api.rpc.agentnotifiers.dhcp_rpc_agent_api [None req-9b96e6d1-e31d-4215-8682-fea797c49f4e 8cf26d45df56422da93471a9dbcd9fd6 805bb55269bb47df87fc224616b37195 - - default default] Unable to schedule network b5cdaea7-c0af-467e-b8d5-85f23f6c91ee: no agents available; will retry on subsequent port and subnet creation events.
2026-05-09 14:13:08.821 10 INFO neutron.wsgi [None req-3f8dd1c6-3b40-4c66-9af8-629cab45b5ba 91cc3e319dac4dbb9c14a4dae408e339 64e65dd76b1e4dd0bdd6b374a40d49a6 - - default default] 10.0.0.51 "DELETE /v2.0/routers/620fdb39-7a66-4425-9f11-1dd387755697 HTTP/1.1" status: 204 len: 168 time: 0.4585776
2026-05-09 14:13:08.827 9 INFO neutron.db.ovn_revision_numbers_db [None req-9b96e6d1-e31d-4215-8682-fea797c49f4e 8cf26d45df56422da93471a9dbcd9fd6 805bb55269bb47df87fc224616b37195 - - default default] Successfully bumped revision number for resource 3d98b44d-f064-446d-a666-d3238cb4cf39 (type: ports) to 1
2026-05-09 14:13:09.082 10 INFO neutron.wsgi [None req-90be1812-c959-452a-868d-21a2f544635f 91cc3e319dac4dbb9c14a4dae408e339 64e65dd76b1e4dd0bdd6b374a40d49a6 - - default default] 10.0.0.51 "DELETE /v2.0/subnets/3a32460d-06b3-4a52-93a4-f473f339ee07 HTTP/1.1" status: 204 len: 168 time: 0.2578535
2026-05-09 14:13:09.332 10 INFO neutron.wsgi [None req-aee35f3b-c4b0-4aeb-8fe7-24bb2571f8ca 91cc3e319dac4dbb9c14a4dae408e339 64e65dd76b1e4dd0bdd6b374a40d49a6 - - default default] 10.0.0.51 "DELETE /v2.0/subnets/275935e2-01f6-49e6-a67c-b921b4569044 HTTP/1.1" status: 204 len: 168 time: 0.2455292
2026-05-09 14:13:09.699 10 INFO neutron.plugins.ml2.drivers.ovn.mech_driver.ovsdb.ovsdb_monitor [None req-0aade094-8159-45bb-bc67-a136ea2eba99 - - - - - -] Router 3a287a73-8712-4fb9-badb-a69757b5a5a5 is bound to host instance
2026-05-09 14:13:09.734 9 INFO neutron.db.ovn_revision_numbers_db [None req-9b96e6d1-e31d-4215-8682-fea797c49f4e 8cf26d45df56422da93471a9dbcd9fd6 805bb55269bb47df87fc224616b37195 - - default default] Successfully bumped revision number for resource 3d98b44d-f064-446d-a666-d3238cb4cf39 (type: router_ports) to 1
2026-05-09 14:13:09.823 9 INFO neutron.db.ovn_revision_numbers_db [None req-9b96e6d1-e31d-4215-8682-fea797c49f4e 8cf26d45df56422da93471a9dbcd9fd6 805bb55269bb47df87fc224616b37195 - - default default] Successfully bumped revision number for resource 3a287a73-8712-4fb9-badb-a69757b5a5a5 (type: routers) to 2
2026-05-09 14:13:09.869 10 INFO neutron.services.segments.plugin [-] Segment a8d6da79-2c4c-4d73-a0bf-c4bffa263b35 resource provider aggregate not found
2026-05-09 14:13:09.874 10 INFO neutron.services.segments.plugin [-] Segment a8d6da79-2c4c-4d73-a0bf-c4bffa263b35 resource provider aggregate not found
