2026-05-09 14:12:33.621 9 INFO neutron.db.ovn_revision_numbers_db [None req-07c162cb-f099-46f0-b10f-d88a434b62b5 4f3517062a324a11ba2acc260ca66cd9 1690c4ed52424df383a96801ff058276 - - default default] Successfully bumped revision number for resource 0845479a-a8e7-4ef8-8bdd-e4790093cfe4 (type: ports) to 1
2026-05-09 14:12:33.644 9 INFO neutron.wsgi [None req-07c162cb-f099-46f0-b10f-d88a434b62b5 4f3517062a324a11ba2acc260ca66cd9 1690c4ed52424df383a96801ff058276 - - default default] 10.0.0.51 "POST /v2.0/ports HTTP/1.1" status: 201 len: 1705 time: 1.1846106 /var/lib/openstack/lib/python3.10/site-packages/pycadf/identifier.py:71: UserWarning: Invalid uuid: neutron. To ensure interoperability, identifiers should be a valid uuid. warnings.warn(('Invalid uuid: %s. To ensure interoperability, '
2026-05-09 14:12:33.659 10 INFO neutron.wsgi [req-a4ab5477-4dba-42cf-9e3e-9a32e21ca500 req-04fae2cf-97d2-4c6f-aaed-77da1f058f45 7fcd04decec34a90b03bbdda11d893d1 18cdf0b0b451403a89e26f2624e15b50 - - default default] 10.0.0.98 "GET /v2.0/security-groups?id=437d1f85-1533-4685-891b-29c7dbe7eb8c&fields=id&fields=name HTTP/1.1" status: 200 len: 313 time: 0.0396416
2026-05-09 14:12:33.775 9 INFO neutron.wsgi [None req-7cc8f16e-ceb5-4c2d-bbce-5232ba64510f 4f3517062a324a11ba2acc260ca66cd9 1690c4ed52424df383a96801ff058276 - - default default] 10.0.0.51 "GET /v2.0/ports HTTP/1.1" status: 200 len: 3212 time: 0.1223857
2026-05-09 14:12:34.024 9 INFO neutron.wsgi [None req-b42c44bb-0d29-44dc-b795-1cf22f547130 4f3517062a324a11ba2acc260ca66cd9 1690c4ed52424df383a96801ff058276 - - default default] 10.0.0.51 "DELETE /v2.0/ports/d5d82831-5f63-4495-83a8-0eab6e734adb HTTP/1.1" status: 204 len: 168 time: 0.2440791
2026-05-09 14:12:34.085 10 INFO neutron.wsgi [req-e8149f7e-379a-464d-bd96-e7137063dd9a req-f6c3147a-1ff8-4b18-b5e6-74bfd168d864 f7678d19ec564b6cb0550b4ea30cd854 b7d640d8392f43f8ab4b102e0b75fbe9 - - default default] 10.0.0.98 "GET /v2.0/ports?device_id=2635e9c4-2973-485e-96d3-c92b77203e84 HTTP/1.1" status: 200 len: 1174 time: 0.0430810
2026-05-09 14:12:34.143 10 INFO neutron.wsgi [req-e8149f7e-379a-464d-bd96-e7137063dd9a req-303c4b37-da37-4b2e-8e21-e01368cf9789 f7678d19ec564b6cb0550b4ea30cd854 b7d640d8392f43f8ab4b102e0b75fbe9 - - default default] 10.0.0.98 "GET /v2.0/security-groups?id=ef8f049e-19ae-4b26-96eb-9ea140659a77&fields=id&fields=name HTTP/1.1" status: 200 len: 313 time: 0.0463619
2026-05-09 14:12:34.181 9 INFO neutron.notifiers.nova [-] Nova event matching ['req-de839f47-6476-464c-8c8e-05937fb0d6fe'] response: {'server_uuid': '2635e9c4-2973-485e-96d3-c92b77203e84', 'name': 'network-vif-plugged', 'status': 'completed', 'tag': '750a9ad3-aa1e-4cbf-b845-67e43b7eca89', 'code': 200}
2026-05-09 14:12:34.182 9 INFO neutron.notifiers.nova [-] Nova event matching ['req-de839f47-6476-464c-8c8e-05937fb0d6fe'] response: {'server_uuid': '2635e9c4-2973-485e-96d3-c92b77203e84', 'name': 'network-vif-plugged', 'status': 'completed', 'tag': '750a9ad3-aa1e-4cbf-b845-67e43b7eca89', 'code': 200}
2026-05-09 14:12:34.183 9 INFO neutron.notifiers.nova [-] Nova event matching ['req-de839f47-6476-464c-8c8e-05937fb0d6fe'] response: {'server_uuid': '46f2fbc4-0387-429c-8d37-d4dce2582933', 'name': 'network-vif-plugged', 'status': 'completed', 'tag': '9c1def16-0540-46f7-81bf-05e27f884c75', 'code': 200}
2026-05-09 14:12:34.184 9 INFO neutron.notifiers.nova [-] Nova event matching ['req-de839f47-6476-464c-8c8e-05937fb0d6fe'] response: {'server_uuid': '46f2fbc4-0387-429c-8d37-d4dce2582933', 'name': 'network-vif-plugged', 'status': 'completed', 'tag': '9c1def16-0540-46f7-81bf-05e27f884c75', 'code': 200}
2026-05-09 14:12:34.276 10 INFO neutron.wsgi [None req-49adf8ec-1eca-4e20-b200-6ecdeb62f9a6 4f3517062a324a11ba2acc260ca66cd9 1690c4ed52424df383a96801ff058276 - - default default] 10.0.0.51 "DELETE /v2.0/ports/0845479a-a8e7-4ef8-8bdd-e4790093cfe4 HTTP/1.1" status: 204 len: 168 time: 0.2467134
2026-05-09 14:12:34.440 10 INFO neutron.wsgi [None req-90be88f2-7d93-4683-8fa9-8cf2fd304667 4f3517062a324a11ba2acc260ca66cd9 1690c4ed52424df383a96801ff058276 - - default default] 10.0.0.51 "GET /v2.0/ports HTTP/1.1" status: 200 len: 1718 time: 0.1585193
2026-05-09 14:12:34.574 10 INFO neutron.db.segments_db [None req-dcada920-9257-48ca-8cf2-835fe3242bf3 4f3517062a324a11ba2acc260ca66cd9 1690c4ed52424df383a96801ff058276 - - default default] Added segment 6c4310a8-010b-4b11-98d2-4be85da0eb59 of type geneve for network eb2c69bf-77af-4d88-a553-0b62fb6c2b82
2026-05-09 14:12:34.695 10 INFO neutron.wsgi [req-c04f065f-16f0-4c6e-b643-c4eb79335ec5 req-81e54814-78f8-402a-a1a7-e2759727e346 be8672e5609745bcb91dc37ef65022ca 10ade9b70d114e3f96c7a00645957975 - - default default] 10.0.0.98 "GET /v2.0/ports?device_id=3a0663ca-73ea-46df-b50a-5e11e5cc9923 HTTP/1.1" status: 200 len: 1174 time: 0.1330652
2026-05-09 14:12:34.786 10 INFO neutron.wsgi [req-b76460c0-00eb-4137-9011-b1bdc4ba0e9c req-91bb5317-0f45-46df-9893-03fd43d5ce67 7fcd04decec34a90b03bbdda11d893d1 18cdf0b0b451403a89e26f2624e15b50 - - default default] 10.0.0.98 "GET /v2.0/ports?device_id=46f2fbc4-0387-429c-8d37-d4dce2582933 HTTP/1.1" status: 200 len: 1170 time: 0.0574195
2026-05-09 14:12:34.793 10 INFO neutron.wsgi [req-c04f065f-16f0-4c6e-b643-c4eb79335ec5 req-ef4565f7-2c6a-40f6-83f3-ee4570f22ed9 be8672e5609745bcb91dc37ef65022ca 10ade9b70d114e3f96c7a00645957975 - - default default] 10.0.0.98 "GET /v2.0/security-groups?id=0eda9a01-8dc6-466f-bd80-d3b51fd5247c&fields=id&fields=name HTTP/1.1" status: 200 len: 312 time: 0.0920012
2026-05-09 14:12:34.828 10 INFO neutron.db.ovn_revision_numbers_db [None req-dcada920-9257-48ca-8cf2-835fe3242bf3 4f3517062a324a11ba2acc260ca66cd9 1690c4ed52424df383a96801ff058276 - - default default] Successfully bumped revision number for resource eb2c69bf-77af-4d88-a553-0b62fb6c2b82 (type: networks) to 1
2026-05-09 14:12:34.855 10 INFO neutron.wsgi [req-b76460c0-00eb-4137-9011-b1bdc4ba0e9c req-4a007d20-de70-40e3-a528-cee6bbc8a78b 7fcd04decec34a90b03bbdda11d893d1 18cdf0b0b451403a89e26f2624e15b50 - - default default] 10.0.0.98 "GET /v2.0/security-groups?id=437d1f85-1533-4685-891b-29c7dbe7eb8c&fields=id&fields=name HTTP/1.1" status: 200 len: 313 time: 0.0569978
2026-05-09 14:12:34.943 10 INFO neutron.wsgi [req-1df3afdd-ee86-429e-a3c9-762c36bfac46 req-8cc1a369-e949-495e-88ca-5a0e97161bf5 be8672e5609745bcb91dc37ef65022ca 10ade9b70d114e3f96c7a00645957975 - - default default] 10.0.0.98 "GET /v2.0/ports?device_id=3a0663ca-73ea-46df-b50a-5e11e5cc9923 HTTP/1.1" status: 200 len: 1174 time: 0.0388052
2026-05-09 14:12:34.992 10 INFO neutron.wsgi [req-5cda995f-ce36-4ef2-babb-71cebb20069e req-64ada1b3-e97b-4d21-bc24-4c9fc6411001 7fcd04decec34a90b03bbdda11d893d1 18cdf0b0b451403a89e26f2624e15b50 - - default default] 10.0.0.98 "GET /v2.0/ports?device_id=46f2fbc4-0387-429c-8d37-d4dce2582933 HTTP/1.1" status: 200 len: 1170 time: 0.0414290
2026-05-09 14:12:35.058 10 WARNING neutron.scheduler.dhcp_agent_scheduler [None req-dcada920-9257-48ca-8cf2-835fe3242bf3 4f3517062a324a11ba2acc260ca66cd9 1690c4ed52424df383a96801ff058276 - - default default] No more DHCP agents
2026-05-09 14:12:35.062 10 WARNING neutron.api.rpc.agentnotifiers.dhcp_rpc_agent_api [None req-dcada920-9257-48ca-8cf2-835fe3242bf3 4f3517062a324a11ba2acc260ca66cd9 1690c4ed52424df383a96801ff058276 - - default default] Unable to schedule network eb2c69bf-77af-4d88-a553-0b62fb6c2b82: no agents available; will retry on subsequent port and subnet creation events.
2026-05-09 14:12:35.175 10 INFO neutron.db.ovn_revision_numbers_db [None req-dcada920-9257-48ca-8cf2-835fe3242bf3 4f3517062a324a11ba2acc260ca66cd9 1690c4ed52424df383a96801ff058276 - - default default] Successfully bumped revision number for resource 9e678d37-e3a1-4772-b240-ec10872030aa (type: ports) to 1
2026-05-09 14:12:35.200 10 INFO neutron.wsgi [None req-dcada920-9257-48ca-8cf2-835fe3242bf3 4f3517062a324a11ba2acc260ca66cd9 1690c4ed52424df383a96801ff058276 - - default default] 10.0.0.51 "POST /v2.0/networks HTTP/1.1" status: 201 len: 849 time: 0.7551963
2026-05-09 14:12:35.253 10 INFO neutron.notifiers.nova [-] Nova event matching ['req-01335142-16d8-4da1-9b01-855c3d0b9b10'] response: {'server_uuid': '3a0663ca-73ea-46df-b50a-5e11e5cc9923', 'name': 'network-vif-plugged', 'status': 'completed', 'tag': '800d5a9f-50e9-4be9-a7b8-86992c26b60b', 'code': 200}
2026-05-09 14:12:35.263 10 INFO neutron.wsgi [req-739c8233-e371-4551-a495-6d75902d33c9 req-5d77a46a-b7fa-49e2-a34b-72d3e985812d f7678d19ec564b6cb0550b4ea30cd854 b7d640d8392f43f8ab4b102e0b75fbe9 - - default default] 10.0.0.98 "GET /v2.0/ports?device_id=2635e9c4-2973-485e-96d3-c92b77203e84 HTTP/1.1" status: 200 len: 1174 time: 0.0401709
2026-05-09 14:12:35.312 10 INFO neutron.wsgi [req-739c8233-e371-4551-a495-6d75902d33c9 req-109b6a00-020f-496c-934a-38020355d3b6 f7678d19ec564b6cb0550b4ea30cd854 b7d640d8392f43f8ab4b102e0b75fbe9 - - default default] 10.0.0.98 "GET /v2.0/security-groups?id=ef8f049e-19ae-4b26-96eb-9ea140659a77&fields=id&fields=name HTTP/1.1" status: 200 len: 313 time: 0.0412049
2026-05-09 14:12:35.367 10 INFO neutron.db.segments_db [None req-6184dd86-9ea8-4581-976c-d2103ebaa78d 4f3517062a324a11ba2acc260ca66cd9 1690c4ed52424df383a96801ff058276 - - default default] Added segment f149f3b1-2ce8-4657-a34b-ae902ecb6241 of type geneve for network e76ef564-60d2-4d68-89ca-a2bf94cf8c3b
2026-05-09 14:12:35.418 9 INFO neutron.db.l3_db [None req-57696a05-7686-4fc1-a009-11dabf071a9b be8672e5609745bcb91dc37ef65022ca 10ade9b70d114e3f96c7a00645957975 - - default default] Floating IP 0ddc9ba1-3300-4da9-9740-75ff6f2bbb16 associated. External IP: 10.96.250.213, port: 800d5a9f-50e9-4be9-a7b8-86992c26b60b.
2026-05-09 14:12:35.428 10 INFO neutron.wsgi [req-8c32c4d4-02b8-4f05-941f-f86f3af64d16 req-819f5513-35fd-4165-a339-4388f9bba978 f7678d19ec564b6cb0550b4ea30cd854 b7d640d8392f43f8ab4b102e0b75fbe9 - - default default] 10.0.0.98 "GET /v2.0/ports?device_id=2635e9c4-2973-485e-96d3-c92b77203e84 HTTP/1.1" status: 200 len: 1174 time: 0.0472934
2026-05-09 14:12:35.448 9 INFO neutron.db.l3_db [None req-43c7cdb0-602c-48c7-83b3-00e8740709d5 7fcd04decec34a90b03bbdda11d893d1 18cdf0b0b451403a89e26f2624e15b50 - - default default] Floating IP 07019e95-4d77-4948-8e37-f67a56c05134 associated. External IP: 10.96.250.203, port: 9c1def16-0540-46f7-81bf-05e27f884c75.
2026-05-09 14:12:35.632 10 INFO neutron.db.ovn_revision_numbers_db [None req-6184dd86-9ea8-4581-976c-d2103ebaa78d 4f3517062a324a11ba2acc260ca66cd9 1690c4ed52424df383a96801ff058276 - - default default] Successfully bumped revision number for resource e76ef564-60d2-4d68-89ca-a2bf94cf8c3b (type: networks) to 1
2026-05-09 14:12:35.868 9 INFO neutron.db.ovn_revision_numbers_db [None req-57696a05-7686-4fc1-a009-11dabf071a9b be8672e5609745bcb91dc37ef65022ca 10ade9b70d114e3f96c7a00645957975 - - default default] Successfully bumped revision number for resource 0ddc9ba1-3300-4da9-9740-75ff6f2bbb16 (type: floatingips) to 1
2026-05-09 14:12:35.884 9 INFO neutron.db.ovn_revision_numbers_db [None req-43c7cdb0-602c-48c7-83b3-00e8740709d5 7fcd04decec34a90b03bbdda11d893d1 18cdf0b0b451403a89e26f2624e15b50 - - default default] Successfully bumped revision number for resource 07019e95-4d77-4948-8e37-f67a56c05134 (type: floatingips) to 1
2026-05-09 14:12:36.018 9 INFO neutron.db.ovn_revision_numbers_db [None req-57696a05-7686-4fc1-a009-11dabf071a9b be8672e5609745bcb91dc37ef65022ca 10ade9b70d114e3f96c7a00645957975 - - default default] Successfully bumped revision number for resource 0ddc9ba1-3300-4da9-9740-75ff6f2bbb16 (type: floatingips) to 2
2026-05-09 14:12:36.032 9 INFO neutron.db.ovn_revision_numbers_db [None req-43c7cdb0-602c-48c7-83b3-00e8740709d5 7fcd04decec34a90b03bbdda11d893d1 18cdf0b0b451403a89e26f2624e15b50 - - default default] Successfully bumped revision number for resource 07019e95-4d77-4948-8e37-f67a56c05134 (type: floatingips) to 2
2026-05-09 14:12:36.050 9 INFO neutron.wsgi [None req-57696a05-7686-4fc1-a009-11dabf071a9b be8672e5609745bcb91dc37ef65022ca 10ade9b70d114e3f96c7a00645957975 - - default default] 10.0.0.51 "PUT /v2.0/floatingips/0ddc9ba1-3300-4da9-9740-75ff6f2bbb16 HTTP/1.1" status: 200 len: 1050 time: 1.0913062
2026-05-09 14:12:36.054 10 INFO neutron.db.l3_db [None req-dbdfe5e7-a0ad-4423-ab7f-78d009a01b3a f7678d19ec564b6cb0550b4ea30cd854 b7d640d8392f43f8ab4b102e0b75fbe9 - - default default] Floating IP 689acbe5-ca43-4d85-b0a7-1eef4d2efb1f associated. External IP: 10.96.250.219, port: 750a9ad3-aa1e-4cbf-b845-67e43b7eca89.
2026-05-09 14:12:36.056 9 INFO neutron.wsgi [None req-43c7cdb0-602c-48c7-83b3-00e8740709d5 7fcd04decec34a90b03bbdda11d893d1 18cdf0b0b451403a89e26f2624e15b50 - - default default] 10.0.0.51 "PUT /v2.0/floatingips/07019e95-4d77-4948-8e37-f67a56c05134 HTTP/1.1" status: 200 len: 1049 time: 1.0521007 /var/lib/openstack/lib/python3.10/site-packages/pycadf/identifier.py:71: UserWarning: Invalid uuid: neutron. To ensure interoperability, identifiers should be a valid uuid. warnings.warn(('Invalid uuid: %s. To ensure interoperability, '
2026-05-09 14:12:36.170 10 WARNING neutron.scheduler.dhcp_agent_scheduler [None req-6184dd86-9ea8-4581-976c-d2103ebaa78d 4f3517062a324a11ba2acc260ca66cd9 1690c4ed52424df383a96801ff058276 - - default default] No more DHCP agents
2026-05-09 14:12:36.176 10 INFO neutron.wsgi [req-037729c0-ad7b-4023-8fde-eafa2f725a20 req-913af3ba-d129-4b27-b452-46f9d79a3cf6 be8672e5609745bcb91dc37ef65022ca 10ade9b70d114e3f96c7a00645957975 - - default default] 10.0.0.98 "GET /v2.0/ports?device_id=3a0663ca-73ea-46df-b50a-5e11e5cc9923 HTTP/1.1" status: 200 len: 1174 time: 0.0802932
2026-05-09 14:12:36.179 10 WARNING neutron.api.rpc.agentnotifiers.dhcp_rpc_agent_api [None req-6184dd86-9ea8-4581-976c-d2103ebaa78d 4f3517062a324a11ba2acc260ca66cd9 1690c4ed52424df383a96801ff058276 - - default default] Unable to schedule network e76ef564-60d2-4d68-89ca-a2bf94cf8c3b: no agents available; will retry on subsequent port and subnet creation events.
2026-05-09 14:12:36.187 10 INFO neutron.wsgi [req-a387190e-26c4-48ae-a170-998846329795 req-c4accec4-b825-4cb8-9feb-da4a41ce5fa8 7fcd04decec34a90b03bbdda11d893d1 18cdf0b0b451403a89e26f2624e15b50 - - default default] 10.0.0.98 "GET /v2.0/ports?device_id=46f2fbc4-0387-429c-8d37-d4dce2582933 HTTP/1.1" status: 200 len: 1170 time: 0.0758011
2026-05-09 14:12:36.295 10 INFO neutron.wsgi [req-037729c0-ad7b-4023-8fde-eafa2f725a20 req-df17f040-032c-4437-9b85-0832aadd90b7 be8672e5609745bcb91dc37ef65022ca 10ade9b70d114e3f96c7a00645957975 - - default default] 10.0.0.98 "GET /v2.0/security-groups?id=0eda9a01-8dc6-466f-bd80-d3b51fd5247c&fields=id&fields=name HTTP/1.1" status: 200 len: 312 time: 0.1026669
2026-05-09 14:12:36.302 10 INFO neutron.wsgi [req-a387190e-26c4-48ae-a170-998846329795 req-7423d7f7-c479-4ca6-a21c-67d53df80cf6 7fcd04decec34a90b03bbdda11d893d1 18cdf0b0b451403a89e26f2624e15b50 - - default default] 10.0.0.98 "GET /v2.0/security-groups?id=437d1f85-1533-4685-891b-29c7dbe7eb8c&fields=id&fields=name HTTP/1.1" status: 200 len: 313 time: 0.1070344
2026-05-09 14:12:36.363 9 INFO neutron.notifiers.nova [-] Nova event matching ['req-df0ec289-6629-44af-961b-ac919f13abc2'] response: {'name': 'network-changed', 'server_uuid': '3a0663ca-73ea-46df-b50a-5e11e5cc9923', 'tag': '800d5a9f-50e9-4be9-a7b8-86992c26b60b', 'status': 'completed', 'code': 200}
2026-05-09 14:12:36.363 9 INFO neutron.notifiers.nova [-] Nova event matching ['req-df0ec289-6629-44af-961b-ac919f13abc2'] response: {'name': 'network-changed', 'server_uuid': '46f2fbc4-0387-429c-8d37-d4dce2582933', 'tag': '9c1def16-0540-46f7-81bf-05e27f884c75', 'status': 'completed', 'code': 200}
2026-05-09 14:12:36.378 10 INFO neutron.db.ovn_revision_numbers_db [None req-6184dd86-9ea8-4581-976c-d2103ebaa78d 4f3517062a324a11ba2acc260ca66cd9 1690c4ed52424df383a96801ff058276 - - default default] Successfully bumped revision number for resource 3ad5311d-30fd-4d6b-b84c-8a8e02a3622a (type: ports) to 1
2026-05-09 14:12:36.407 9 INFO neutron.wsgi [req-a02cf9f5-cade-4579-b8d4-b2d5f6a20913 req-5aa99233-4c4c-4cef-a49c-1eecc42b1ef8 620a48df10c3403f8938efaf207413ad 6e77d59566744f7a801e02a9fad94e26 - - 765f530ee013449185b73b04af3fb09d 765f530ee013449185b73b04af3fb09d] 199.204.45.144 "GET /v2.0/ports?tenant_id=10ade9b70d114e3f96c7a00645957975&device_id=3a0663ca-73ea-46df-b50a-5e11e5cc9923 HTTP/1.1" status: 200 len: 1413 time: 0.0296431
2026-05-09 14:12:36.435 10 INFO neutron.wsgi [None req-6184dd86-9ea8-4581-976c-d2103ebaa78d 4f3517062a324a11ba2acc260ca66cd9 1690c4ed52424df383a96801ff058276 - - default default] 10.0.0.51 "POST /v2.0/networks HTTP/1.1" status: 201 len: 849 time: 1.2288265
2026-05-09 14:12:36.444 10 INFO neutron.db.ovn_revision_numbers_db [None req-dbdfe5e7-a0ad-4423-ab7f-78d009a01b3a f7678d19ec564b6cb0550b4ea30cd854 b7d640d8392f43f8ab4b102e0b75fbe9 - - default default] Successfully bumped revision number for resource 689acbe5-ca43-4d85-b0a7-1eef4d2efb1f (type: floatingips) to 1
2026-05-09 14:12:36.468 9 INFO neutron.wsgi [req-a02cf9f5-cade-4579-b8d4-b2d5f6a20913 req-2ef51f47-c5d5-4b9f-b4ef-5d49d07ec43b 620a48df10c3403f8938efaf207413ad 6e77d59566744f7a801e02a9fad94e26 - - 765f530ee013449185b73b04af3fb09d 765f530ee013449185b73b04af3fb09d] 199.204.45.144 "GET /v2.0/networks?id=a94f1417-f6cb-4ca6-b82a-8369d78ee8a4 HTTP/1.1" status: 200 len: 967 time: 0.0561407
2026-05-09 14:12:36.549 9 INFO neutron.wsgi [req-a02cf9f5-cade-4579-b8d4-b2d5f6a20913 req-c2cf89aa-5784-4df9-ac3c-0bc131fb84de 620a48df10c3403f8938efaf207413ad 6e77d59566744f7a801e02a9fad94e26 - - 765f530ee013449185b73b04af3fb09d 765f530ee013449185b73b04af3fb09d] 199.204.45.144 "GET /v2.0/floatingips?fixed_ip_address=10.100.0.14&port_id=800d5a9f-50e9-4be9-a7b8-86992c26b60b HTTP/1.1" status: 200 len: 1060 time: 0.0696881
2026-05-09 14:12:36.586 10 INFO neutron.db.ovn_revision_numbers_db [None req-dbdfe5e7-a0ad-4423-ab7f-78d009a01b3a f7678d19ec564b6cb0550b4ea30cd854 b7d640d8392f43f8ab4b102e0b75fbe9 - - default default] Successfully bumped revision number for resource 689acbe5-ca43-4d85-b0a7-1eef4d2efb1f (type: floatingips) to 2
2026-05-09 14:12:36.603 9 INFO neutron.wsgi [req-a02cf9f5-cade-4579-b8d4-b2d5f6a20913 req-91a4c4cf-ba94-4e20-8ece-0f1b40d1f7bd 620a48df10c3403f8938efaf207413ad 6e77d59566744f7a801e02a9fad94e26 - - 765f530ee013449185b73b04af3fb09d 765f530ee013449185b73b04af3fb09d] 199.204.45.144 "GET /v2.0/subnets?id=fe593188-1b68-4b91-be39-0f9f5751052d HTTP/1.1" status: 200 len: 862 time: 0.0439434
2026-05-09 14:12:36.620 10 INFO neutron.wsgi [None req-dbdfe5e7-a0ad-4423-ab7f-78d009a01b3a f7678d19ec564b6cb0550b4ea30cd854 b7d640d8392f43f8ab4b102e0b75fbe9 - - default default] 10.0.0.51 "PUT /v2.0/floatingips/689acbe5-ca43-4d85-b0a7-1eef4d2efb1f HTTP/1.1" status: 200 len: 1050 time: 1.1775031
2026-05-09 14:12:36.633 9 INFO neutron.wsgi [req-a02cf9f5-cade-4579-b8d4-b2d5f6a20913 req-b4e8997a-1779-4343-9d43-49e70b762dc0 620a48df10c3403f8938efaf207413ad 6e77d59566744f7a801e02a9fad94e26 - - 765f530ee013449185b73b04af3fb09d 765f530ee013449185b73b04af3fb09d] 199.204.45.144 "GET /v2.0/ports?network_id=a94f1417-f6cb-4ca6-b82a-8369d78ee8a4&device_owner=network%3Adhcp HTTP/1.1" status: 200 len: 210 time: 0.0207341 /var/lib/openstack/lib/python3.10/site-packages/pycadf/identifier.py:71: UserWarning: Invalid uuid: neutron. To ensure interoperability, identifiers should be a valid uuid. warnings.warn(('Invalid uuid: %s. To ensure interoperability, '
2026-05-09 14:12:36.716 10 INFO neutron.plugins.ml2.drivers.ovn.mech_driver.mech_driver [None req-b88ed565-36a1-4567-a008-9913f34a8206 - - - - - -] OVN reports status down for port: 800d5a9f-50e9-4be9-a7b8-86992c26b60b
2026-05-09 14:12:36.721 10 INFO neutron.wsgi [req-f720b61b-59d4-419f-b81d-50cd4df7e29b req-4e9afb5f-f92e-4343-874f-903b021cb7e0 f7678d19ec564b6cb0550b4ea30cd854 b7d640d8392f43f8ab4b102e0b75fbe9 - - default default] 10.0.0.98 "GET /v2.0/ports?device_id=2635e9c4-2973-485e-96d3-c92b77203e84 HTTP/1.1" status: 200 len: 1174 time: 0.0562119
2026-05-09 14:12:36.726 9 INFO neutron.wsgi [req-a02cf9f5-cade-4579-b8d4-b2d5f6a20913 req-84b7a1cd-832e-4253-88b1-9b7344a576b9 620a48df10c3403f8938efaf207413ad 6e77d59566744f7a801e02a9fad94e26 - - 765f530ee013449185b73b04af3fb09d 765f530ee013449185b73b04af3fb09d] 199.204.45.144 "GET /v2.0/networks/a94f1417-f6cb-4ca6-b82a-8369d78ee8a4?fields=segments HTTP/1.1" status: 200 len: 212 time: 0.0849767
2026-05-09 14:12:36.756 10 INFO neutron.wsgi [req-c819886b-cc6c-4844-95e6-4ae1d25420f1 req-a3091440-a205-4938-850a-61ec12c6b1c1 be8672e5609745bcb91dc37ef65022ca 10ade9b70d114e3f96c7a00645957975 - - default default] 10.0.0.98 "GET /v2.0/ports?device_id=3a0663ca-73ea-46df-b50a-5e11e5cc9923 HTTP/1.1" status: 200 len: 1174 time: 0.0664558
2026-05-09 14:12:36.805 10 INFO neutron.wsgi [req-f720b61b-59d4-419f-b81d-50cd4df7e29b req-ad02a5b0-fd4f-4521-aacb-090111ce73da f7678d19ec564b6cb0550b4ea30cd854 b7d640d8392f43f8ab4b102e0b75fbe9 - - default default] 10.0.0.98 "GET /v2.0/security-groups?id=ef8f049e-19ae-4b26-96eb-9ea140659a77&fields=id&fields=name HTTP/1.1" status: 200 len: 313 time: 0.0731962
2026-05-09 14:12:36.826 9 INFO neutron.wsgi [req-a02cf9f5-cade-4579-b8d4-b2d5f6a20913 req-e4a61b04-51c6-4318-bd9f-b84d0338efeb 620a48df10c3403f8938efaf207413ad 6e77d59566744f7a801e02a9fad94e26 - - 765f530ee013449185b73b04af3fb09d 765f530ee013449185b73b04af3fb09d] 199.204.45.144 "GET /v2.0/networks/a94f1417-f6cb-4ca6-b82a-8369d78ee8a4?fields=provider%3Aphysical_network&fields=provider%3Anetwork_type HTTP/1.1" status: 200 len: 277 time: 0.0875180
2026-05-09 14:12:36.830 10 INFO neutron.wsgi [req-c819886b-cc6c-4844-95e6-4ae1d25420f1 req-885c6fb1-e5e9-4dab-a27c-9376c97dad10 be8672e5609745bcb91dc37ef65022ca 10ade9b70d114e3f96c7a00645957975 - - default default] 10.0.0.98 "GET /v2.0/security-groups?id=0eda9a01-8dc6-466f-bd80-d3b51fd5247c&fields=id&fields=name HTTP/1.1" status: 200 len: 312 time: 0.0584149
2026-05-09 14:12:36.938 9 INFO neutron.wsgi [req-a02cf9f5-cade-4579-b8d4-b2d5f6a20913 req-3152fff9-906b-4251-adbd-ece5d2aa96c1 620a48df10c3403f8938efaf207413ad 6e77d59566744f7a801e02a9fad94e26 - - 765f530ee013449185b73b04af3fb09d 765f530ee013449185b73b04af3fb09d] 199.204.45.144 "GET /v2.0/ports?tenant_id=18cdf0b0b451403a89e26f2624e15b50&device_id=46f2fbc4-0387-429c-8d37-d4dce2582933 HTTP/1.1" status: 200 len: 1409 time: 0.0500450
2026-05-09 14:12:37.004 9 INFO neutron.wsgi [req-a02cf9f5-cade-4579-b8d4-b2d5f6a20913 req-ff9db172-935c-4de2-8865-8199db5f24dd 620a48df10c3403f8938efaf207413ad 6e77d59566744f7a801e02a9fad94e26 - - 765f530ee013449185b73b04af3fb09d 765f530ee013449185b73b04af3fb09d] 199.204.45.144 "GET /v2.0/networks?id=a3a2110a-3199-49d4-b224-4e154b98da79 HTTP/1.1" status: 200 len: 980 time: 0.0601640
2026-05-09 14:12:37.084 10 INFO neutron.db.ovn_revision_numbers_db [None req-b88ed565-36a1-4567-a008-9913f34a8206 - - - - - -] Successfully bumped revision number for resource 800d5a9f-50e9-4be9-a7b8-86992c26b60b (type: ports) to 5
2026-05-09 14:12:37.100 9 INFO neutron.wsgi [req-a02cf9f5-cade-4579-b8d4-b2d5f6a20913 req-43ff9954-1826-4db4-abcf-ddfb24ca547e 620a48df10c3403f8938efaf207413ad 6e77d59566744f7a801e02a9fad94e26 - - 765f530ee013449185b73b04af3fb09d 765f530ee013449185b73b04af3fb09d] 199.204.45.144 "GET /v2.0/floatingips?fixed_ip_address=10.100.0.7&port_id=9c1def16-0540-46f7-81bf-05e27f884c75 HTTP/1.1" status: 200 len: 1059 time: 0.0883377
2026-05-09 14:12:37.114 10 INFO neutron.wsgi [req-253da2e3-9bb6-42e8-b2fd-c52cd2459899 req-79a48d67-7080-4918-a453-0718ca8b2e2e f7678d19ec564b6cb0550b4ea30cd854 b7d640d8392f43f8ab4b102e0b75fbe9 - - default default] 10.0.0.98 "GET /v2.0/ports?device_id=2635e9c4-2973-485e-96d3-c92b77203e84 HTTP/1.1" status: 200 len: 1174 time: 0.0373034
2026-05-09 14:12:37.154 9 INFO neutron.plugins.ml2.drivers.ovn.mech_driver.mech_driver [None req-99dbe489-30e6-4693-be04-8443d667d431 - - - - - -] OVN reports status down for port: 750a9ad3-aa1e-4cbf-b845-67e43b7eca89
2026-05-09 14:12:37.169 10 INFO neutron.wsgi [req-253da2e3-9bb6-42e8-b2fd-c52cd2459899 req-7ceebae7-3472-438a-9fb3-a7d83b0f8837 f7678d19ec564b6cb0550b4ea30cd854 b7d640d8392f43f8ab4b102e0b75fbe9 - - default default] 10.0.0.98 "GET /v2.0/security-groups?id=ef8f049e-19ae-4b26-96eb-9ea140659a77&fields=id&fields=name HTTP/1.1" status: 200 len: 313 time: 0.0424051
2026-05-09 14:12:37.186 9 INFO neutron.wsgi [req-a02cf9f5-cade-4579-b8d4-b2d5f6a20913 req-db6b0ee3-1b25-40f8-9719-feaeec77eb1d 620a48df10c3403f8938efaf207413ad 6e77d59566744f7a801e02a9fad94e26 - - 765f530ee013449185b73b04af3fb09d 765f530ee013449185b73b04af3fb09d] 199.204.45.144 "GET /v2.0/subnets?id=522e1aaf-5885-4daa-8c61-0bbc64875119 HTTP/1.1" status: 200 len: 876 time: 0.0791056
2026-05-09 14:12:37.196 9 WARNING neutron.scheduler.dhcp_agent_scheduler [None req-cb475338-e82d-41ab-b704-5cccf642f3c6 4f3517062a324a11ba2acc260ca66cd9 1690c4ed52424df383a96801ff058276 - - default default] No more DHCP agents
2026-05-09 14:12:37.210 9 INFO neutron.wsgi [req-f2c564f3-f88a-48c0-b816-292f49380a00 req-1a98a0de-32cd-49fb-ac98-60a464522649 be8672e5609745bcb91dc37ef65022ca 10ade9b70d114e3f96c7a00645957975 - - default default] 199.204.45.144 "GET /v2.0/ports?device_id=3a0663ca-73ea-46df-b50a-5e11e5cc9923 HTTP/1.1" status: 200 len: 1172 time: 0.1790402
2026-05-09 14:12:37.211 9 WARNING neutron.api.rpc.agentnotifiers.dhcp_rpc_agent_api [None req-cb475338-e82d-41ab-b704-5cccf642f3c6 4f3517062a324a11ba2acc260ca66cd9 1690c4ed52424df383a96801ff058276 - - default default] Unable to schedule network eb2c69bf-77af-4d88-a553-0b62fb6c2b82: no agents available; will retry on subsequent port and subnet creation events.
2026-05-09 14:12:37.232 9 INFO neutron.wsgi [req-a02cf9f5-cade-4579-b8d4-b2d5f6a20913 req-a18c8de8-eeab-46ee-81aa-ab08916a5efe 620a48df10c3403f8938efaf207413ad 6e77d59566744f7a801e02a9fad94e26 - - 765f530ee013449185b73b04af3fb09d 765f530ee013449185b73b04af3fb09d] 199.204.45.144 "GET /v2.0/ports?network_id=a3a2110a-3199-49d4-b224-4e154b98da79&device_owner=network%3Adhcp HTTP/1.1" status: 200 len: 210 time: 0.0341926
2026-05-09 14:12:37.323 10 INFO neutron.notifiers.nova [-] Nova event matching ['req-072641f4-86e6-4bc2-bad1-03aef95de8e4'] response: {'name': 'network-changed', 'server_uuid': '2635e9c4-2973-485e-96d3-c92b77203e84', 'tag': '750a9ad3-aa1e-4cbf-b845-67e43b7eca89', 'status': 'completed', 'code': 200}
2026-05-09 14:12:37.324 10 INFO neutron.notifiers.nova [-] Nova event matching ['req-072641f4-86e6-4bc2-bad1-03aef95de8e4'] response: {'server_uuid': '3a0663ca-73ea-46df-b50a-5e11e5cc9923', 'name': 'network-vif-unplugged', 'status': 'completed', 'tag': '800d5a9f-50e9-4be9-a7b8-86992c26b60b', 'code': 200}
2026-05-09 14:12:37.324 10 INFO neutron.notifiers.nova [-] Nova event matching ['req-072641f4-86e6-4bc2-bad1-03aef95de8e4'] response: {'server_uuid': '3a0663ca-73ea-46df-b50a-5e11e5cc9923', 'name': 'network-vif-plugged', 'status': 'completed', 'tag': '800d5a9f-50e9-4be9-a7b8-86992c26b60b', 'code': 200} /var/lib/openstack/lib/python3.10/site-packages/pycadf/identifier.py:71: UserWarning: Invalid uuid: neutron. To ensure interoperability, identifiers should be a valid uuid. warnings.warn(('Invalid uuid: %s. To ensure interoperability, '
2026-05-09 14:12:37.404 10 INFO neutron.wsgi [req-fda9dc92-9e87-495e-9e4c-afabb5709bd4 req-9e1b7bb0-cf65-4998-bfb6-dfd38e9915a1 620a48df10c3403f8938efaf207413ad 6e77d59566744f7a801e02a9fad94e26 - - 765f530ee013449185b73b04af3fb09d 765f530ee013449185b73b04af3fb09d] 199.204.45.144 "GET /v2.0/ports?tenant_id=b7d640d8392f43f8ab4b102e0b75fbe9&device_id=2635e9c4-2973-485e-96d3-c92b77203e84 HTTP/1.1" status: 200 len: 1413 time: 0.0572729
2026-05-09 14:12:37.470 10 INFO neutron.wsgi [req-2c410ca0-6d45-4c3a-a88a-ae9141469050 req-b3ea9306-1fa1-4ac9-82c4-35e282a02071 f7678d19ec564b6cb0550b4ea30cd854 b7d640d8392f43f8ab4b102e0b75fbe9 - - default default] 199.204.45.144 "GET /v2.0/ports?device_id=2635e9c4-2973-485e-96d3-c92b77203e84 HTTP/1.1" status: 200 len: 1174 time: 0.0493448
2026-05-09 14:12:37.515 10 INFO neutron.wsgi [req-fda9dc92-9e87-495e-9e4c-afabb5709bd4 req-a0256ed0-be35-4a03-9d96-cdf21d2515ee 620a48df10c3403f8938efaf207413ad 6e77d59566744f7a801e02a9fad94e26 - - 765f530ee013449185b73b04af3fb09d 765f530ee013449185b73b04af3fb09d] 199.204.45.144 "GET /v2.0/networks?id=77c309b2-9942-476c-a455-0b5ae883e452 HTTP/1.1" status: 200 len: 978 time: 0.1052823
2026-05-09 14:12:37.548 9 INFO neutron.wsgi [req-a02cf9f5-cade-4579-b8d4-b2d5f6a20913 req-529abbac-6d55-43e2-b095-7d3dc11a60f8 620a48df10c3403f8938efaf207413ad 6e77d59566744f7a801e02a9fad94e26 - - 765f530ee013449185b73b04af3fb09d 765f530ee013449185b73b04af3fb09d] 199.204.45.144 "GET /v2.0/networks/a3a2110a-3199-49d4-b224-4e154b98da79?fields=segments HTTP/1.1" status: 200 len: 212 time: 0.3088284
2026-05-09 14:12:37.697 9 INFO neutron.wsgi [req-a02cf9f5-cade-4579-b8d4-b2d5f6a20913 req-d3a6ae8b-5bd8-4437-9ccc-ea292eacf8a0 620a48df10c3403f8938efaf207413ad 6e77d59566744f7a801e02a9fad94e26 - - 765f530ee013449185b73b04af3fb09d 765f530ee013449185b73b04af3fb09d] 199.204.45.144 "GET /v2.0/networks/a3a2110a-3199-49d4-b224-4e154b98da79?fields=provider%3Aphysical_network&fields=provider%3Anetwork_type HTTP/1.1" status: 200 len: 277 time: 0.1392872
2026-05-09 14:12:37.754 10 INFO neutron.wsgi [req-fda9dc92-9e87-495e-9e4c-afabb5709bd4 req-08ff560f-0f4f-4054-be16-2bf09b9506bb 620a48df10c3403f8938efaf207413ad 6e77d59566744f7a801e02a9fad94e26 - - 765f530ee013449185b73b04af3fb09d 765f530ee013449185b73b04af3fb09d] 199.204.45.144 "GET /v2.0/floatingips?fixed_ip_address=10.100.0.13&port_id=750a9ad3-aa1e-4cbf-b845-67e43b7eca89 HTTP/1.1" status: 200 len: 1060 time: 0.2310274
2026-05-09 14:12:37.814 10 INFO neutron.wsgi [req-fda9dc92-9e87-495e-9e4c-afabb5709bd4 req-b07de75a-e040-4a8f-854f-f36efc8b9b8d 620a48df10c3403f8938efaf207413ad 6e77d59566744f7a801e02a9fad94e26 - - 765f530ee013449185b73b04af3fb09d 765f530ee013449185b73b04af3fb09d] 199.204.45.144 "GET /v2.0/subnets?id=37d6505f-80eb-4cbf-9d95-96615fa45abe HTTP/1.1" status: 200 len: 873 time: 0.0478511
2026-05-09 14:12:37.852 10 INFO neutron.wsgi [req-fda9dc92-9e87-495e-9e4c-afabb5709bd4 req-b2d001cb-aec3-4020-afde-c3cead92efb8 620a48df10c3403f8938efaf207413ad 6e77d59566744f7a801e02a9fad94e26 - - 765f530ee013449185b73b04af3fb09d 765f530ee013449185b73b04af3fb09d] 199.204.45.144 "GET /v2.0/ports?network_id=77c309b2-9942-476c-a455-0b5ae883e452&device_owner=network%3Adhcp HTTP/1.1" status: 200 len: 210 time: 0.0283790
2026-05-09 14:12:37.969 9 INFO neutron.db.ovn_revision_numbers_db [None req-99dbe489-30e6-4693-be04-8443d667d431 - - - - - -] Successfully bumped revision number for resource 750a9ad3-aa1e-4cbf-b845-67e43b7eca89 (type: ports) to 5
2026-05-09 14:12:37.975 10 INFO neutron.wsgi [req-e3c0e3e0-ed04-42bd-af41-93ba61a96530 req-2d933bc9-cbbe-4ecc-ab19-91d9977d633d be8672e5609745bcb91dc37ef65022ca 10ade9b70d114e3f96c7a00645957975 - - default default] 10.0.0.98 "GET /v2.0/ports?device_id=3a0663ca-73ea-46df-b50a-5e11e5cc9923 HTTP/1.1" status: 200 len: 1172 time: 0.0684149
2026-05-09 14:12:37.984 10 INFO neutron.wsgi [req-fda9dc92-9e87-495e-9e4c-afabb5709bd4 req-ec646882-662e-4651-b11f-ac8d88fbd5a7 620a48df10c3403f8938efaf207413ad 6e77d59566744f7a801e02a9fad94e26 - - 765f530ee013449185b73b04af3fb09d 765f530ee013449185b73b04af3fb09d] 199.204.45.144 "GET /v2.0/networks/77c309b2-9942-476c-a455-0b5ae883e452?fields=segments HTTP/1.1" status: 200 len: 212 time: 0.1261833
2026-05-09 14:12:38.007 9 INFO neutron.db.l3_db [req-f2c564f3-f88a-48c0-b816-292f49380a00 req-25ca6c8e-ef81-4a27-a54b-007bc390725b be8672e5609745bcb91dc37ef65022ca 10ade9b70d114e3f96c7a00645957975 - - default default] Floating IP 0ddc9ba1-3300-4da9-9740-75ff6f2bbb16 disassociated. External IP: 10.96.250.213, port: 800d5a9f-50e9-4be9-a7b8-86992c26b60b.
2026-05-09 14:12:38.105 10 INFO neutron.wsgi [req-e3c0e3e0-ed04-42bd-af41-93ba61a96530 req-d1a4d0f0-303b-4623-a21f-62c549c54c63 be8672e5609745bcb91dc37ef65022ca 10ade9b70d114e3f96c7a00645957975 - - default default] 10.0.0.98 "GET /v2.0/security-groups?id=0eda9a01-8dc6-466f-bd80-d3b51fd5247c&fields=id&fields=name HTTP/1.1" status: 200 len: 312 time: 0.1186779
2026-05-09 14:12:38.143 10 INFO neutron.wsgi [req-fda9dc92-9e87-495e-9e4c-afabb5709bd4 req-5dd43312-54af-4360-877d-a93e8921e0e6 620a48df10c3403f8938efaf207413ad 6e77d59566744f7a801e02a9fad94e26 - - 765f530ee013449185b73b04af3fb09d 765f530ee013449185b73b04af3fb09d] 199.204.45.144 "GET /v2.0/networks/77c309b2-9942-476c-a455-0b5ae883e452?fields=provider%3Aphysical_network&fields=provider%3Anetwork_type HTTP/1.1" status: 200 len: 277 time: 0.1503379
2026-05-09 14:12:38.185 10 INFO neutron.db.l3_db [req-2c410ca0-6d45-4c3a-a88a-ae9141469050 req-c9268ceb-9c31-463b-b6cb-9eec9f1ed1f2 f7678d19ec564b6cb0550b4ea30cd854 b7d640d8392f43f8ab4b102e0b75fbe9 - - default default] Floating IP 689acbe5-ca43-4d85-b0a7-1eef4d2efb1f disassociated. External IP: 10.96.250.219, port: 750a9ad3-aa1e-4cbf-b845-67e43b7eca89.
2026-05-09 14:12:38.234 9 INFO neutron.wsgi [req-f2c564f3-f88a-48c0-b816-292f49380a00 req-25ca6c8e-ef81-4a27-a54b-007bc390725b be8672e5609745bcb91dc37ef65022ca 10ade9b70d114e3f96c7a00645957975 - - default default] 199.204.45.144 "DELETE /v2.0/ports/800d5a9f-50e9-4be9-a7b8-86992c26b60b HTTP/1.1" status: 204 len: 173 time: 1.0090308 /var/lib/openstack/lib/python3.10/site-packages/pycadf/identifier.py:71: UserWarning: Invalid uuid: neutron. To ensure interoperability, identifiers should be a valid uuid. warnings.warn(('Invalid uuid: %s. To ensure interoperability, '
2026-05-09 14:12:38.241 9 INFO neutron.db.ovn_revision_numbers_db [None req-cb475338-e82d-41ab-b704-5cccf642f3c6 4f3517062a324a11ba2acc260ca66cd9 1690c4ed52424df383a96801ff058276 - - default default] Successfully bumped revision number for resource 9e678d37-e3a1-4772-b240-ec10872030aa (type: ports) to 2
2026-05-09 14:12:38.280 9 INFO neutron.db.ovn_revision_numbers_db [None req-cb475338-e82d-41ab-b704-5cccf642f3c6 4f3517062a324a11ba2acc260ca66cd9 1690c4ed52424df383a96801ff058276 - - default default] Successfully bumped revision number for resource 909670a1-2df0-4bf5-88d1-07972f17aa5c (type: subnets) to 0
2026-05-09 14:12:38.303 9 WARNING neutron.scheduler.dhcp_agent_scheduler [None req-cb475338-e82d-41ab-b704-5cccf642f3c6 4f3517062a324a11ba2acc260ca66cd9 1690c4ed52424df383a96801ff058276 - - default default] No more DHCP agents
2026-05-09 14:12:38.306 9 WARNING neutron.api.rpc.agentnotifiers.dhcp_rpc_agent_api [None req-cb475338-e82d-41ab-b704-5cccf642f3c6 4f3517062a324a11ba2acc260ca66cd9 1690c4ed52424df383a96801ff058276 - - default default] Unable to schedule network e76ef564-60d2-4d68-89ca-a2bf94cf8c3b: no agents available; will retry on subsequent port and subnet creation events.
2026-05-09 14:12:38.350 10 INFO neutron.wsgi [req-8b6cc44c-8d90-4e06-8ede-4b73a10bd2fd req-2e528bd0-9b4a-41c9-ac5a-ffe91eb8db22 f7678d19ec564b6cb0550b4ea30cd854 b7d640d8392f43f8ab4b102e0b75fbe9 - - default default] 10.0.0.98 "GET /v2.0/ports?device_id=2635e9c4-2973-485e-96d3-c92b77203e84 HTTP/1.1" status: 200 len: 1172 time: 0.1157560
2026-05-09 14:12:38.407 9 INFO neutron.notifiers.nova [-] Nova event matching ['req-6eb445e6-d5ac-4582-a987-e77e97521ee1'] response: {'server_uuid': '2635e9c4-2973-485e-96d3-c92b77203e84', 'name': 'network-vif-unplugged', 'status': 'completed', 'tag': '750a9ad3-aa1e-4cbf-b845-67e43b7eca89', 'code': 200}
2026-05-09 14:12:38.407 9 INFO neutron.notifiers.nova [-] Nova event matching ['req-6eb445e6-d5ac-4582-a987-e77e97521ee1'] response: {'server_uuid': '2635e9c4-2973-485e-96d3-c92b77203e84', 'name': 'network-vif-plugged', 'status': 'completed', 'tag': '750a9ad3-aa1e-4cbf-b845-67e43b7eca89', 'code': 200}
2026-05-09 14:12:38.407 9 INFO neutron.notifiers.nova [-] Nova event matching ['req-6eb445e6-d5ac-4582-a987-e77e97521ee1'] response: {'server_uuid': '3a0663ca-73ea-46df-b50a-5e11e5cc9923', 'name': 'network-vif-deleted', 'tag': '800d5a9f-50e9-4be9-a7b8-86992c26b60b', 'status': 'completed', 'code': 200}
2026-05-09 14:12:38.411 10 INFO neutron.wsgi [req-8b6cc44c-8d90-4e06-8ede-4b73a10bd2fd req-3a49174c-82cb-4e1e-af82-0d51534ea630 f7678d19ec564b6cb0550b4ea30cd854 b7d640d8392f43f8ab4b102e0b75fbe9 - - default default] 10.0.0.98 "GET /v2.0/security-groups?id=ef8f049e-19ae-4b26-96eb-9ea140659a77&fields=id&fields=name HTTP/1.1" status: 200 len: 313 time: 0.0533040
2026-05-09 14:12:38.445 10 INFO neutron.wsgi [req-2c410ca0-6d45-4c3a-a88a-ae9141469050 req-c9268ceb-9c31-463b-b6cb-9eec9f1ed1f2 f7678d19ec564b6cb0550b4ea30cd854 b7d640d8392f43f8ab4b102e0b75fbe9 - - default default] 199.204.45.144 "DELETE /v2.0/ports/750a9ad3-aa1e-4cbf-b845-67e43b7eca89 HTTP/1.1" status: 204 len: 173 time: 0.9710882
2026-05-09 14:12:38.809 9 INFO neutron.db.ovn_revision_numbers_db [None req-cb475338-e82d-41ab-b704-5cccf642f3c6 4f3517062a324a11ba2acc260ca66cd9 1690c4ed52424df383a96801ff058276 - - default default] Successfully bumped revision number for resource 3ad5311d-30fd-4d6b-b84c-8a8e02a3622a (type: ports) to 2
2026-05-09 14:12:38.845 9 INFO neutron.db.ovn_revision_numbers_db [None req-cb475338-e82d-41ab-b704-5cccf642f3c6 4f3517062a324a11ba2acc260ca66cd9 1690c4ed52424df383a96801ff058276 - - default default] Successfully bumped revision number for resource ddd66797-2ff4-465b-a751-8aa693436773 (type: subnets) to 0
2026-05-09 14:12:38.862 9 INFO neutron.wsgi [None req-cb475338-e82d-41ab-b704-5cccf642f3c6 4f3517062a324a11ba2acc260ca66cd9 1690c4ed52424df383a96801ff058276 - - default default] 10.0.0.51 "POST /v2.0/subnets HTTP/1.1" status: 201 len: 1426 time: 2.3899567
2026-05-09 14:12:38.922 10 INFO neutron.wsgi [None req-66ae5a9c-00e0-4a23-9f45-f0e1f4afff48 4f3517062a324a11ba2acc260ca66cd9 1690c4ed52424df383a96801ff058276 - - default default] 10.0.0.51 "GET /v2.0/subnets HTTP/1.1" status: 200 len: 2034 time: 0.0541091
2026-05-09 14:12:39.155 10 INFO neutron.wsgi [None req-6710dc02-fdb8-4db8-9158-4cd9a4516293 4f3517062a324a11ba2acc260ca66cd9 1690c4ed52424df383a96801ff058276 - - default default] 10.0.0.51 "DELETE /v2.0/subnets/909670a1-2df0-4bf5-88d1-07972f17aa5c HTTP/1.1" status: 204 len: 168 time: 0.2261763 /var/lib/openstack/lib/python3.10/site-packages/pycadf/identifier.py:71: UserWarning: Invalid uuid: neutron. To ensure interoperability, identifiers should be a valid uuid. warnings.warn(('Invalid uuid: %s. To ensure interoperability, '
2026-05-09 14:12:39.302 10 INFO neutron.wsgi [None req-3af6c9d3-203a-47b2-94e1-49e92ec57e72 be8672e5609745bcb91dc37ef65022ca 10ade9b70d114e3f96c7a00645957975 - - default default] 10.0.0.51 "DELETE /v2.0/security-groups/0eda9a01-8dc6-466f-bd80-d3b51fd5247c HTTP/1.1" status: 204 len: 168 time: 0.1076837
2026-05-09 14:12:39.315 10 INFO neutron.api.v2.resource [None req-7ca46148-1aa1-40d4-b927-edc2cac542af be8672e5609745bcb91dc37ef65022ca 10ade9b70d114e3f96c7a00645957975 - - default default] show failed (client error): The resource could not be found.
2026-05-09 14:12:39.317 10 INFO neutron.wsgi [None req-7ca46148-1aa1-40d4-b927-edc2cac542af be8672e5609745bcb91dc37ef65022ca 10ade9b70d114e3f96c7a00645957975 - - default default] 10.0.0.51 "GET /v2.0/security-groups/0eda9a01-8dc6-466f-bd80-d3b51fd5247c HTTP/1.1" status: 404 len: 347 time: 0.0099604
2026-05-09 14:12:39.371 10 INFO neutron.notifiers.nova [-] Nova event matching ['req-36478740-db52-416d-b42b-fafa58631a01'] response: {'server_uuid': '2635e9c4-2973-485e-96d3-c92b77203e84', 'name': 'network-vif-deleted', 'tag': '750a9ad3-aa1e-4cbf-b845-67e43b7eca89', 'status': 'completed', 'code': 200}
2026-05-09 14:12:39.378 9 INFO neutron.wsgi [None req-9f8072f8-e896-42d1-822f-784bb2d07746 4f3517062a324a11ba2acc260ca66cd9 1690c4ed52424df383a96801ff058276 - - default default] 10.0.0.51 "DELETE /v2.0/subnets/ddd66797-2ff4-465b-a751-8aa693436773 HTTP/1.1" status: 204 len: 168 time: 0.2185473
2026-05-09 14:12:39.427 9 INFO neutron.wsgi [None req-c3cb7b75-64cc-42e7-82d8-601b0d0ea649 4f3517062a324a11ba2acc260ca66cd9 1690c4ed52424df383a96801ff058276 - - default default] 10.0.0.51 "GET /v2.0/subnets HTTP/1.1" status: 200 len: 820 time: 0.0444732
2026-05-09 14:12:39.643 10 INFO neutron.wsgi [None req-75706539-e2ef-4d66-815f-3b37bb7f26bc f7678d19ec564b6cb0550b4ea30cd854 b7d640d8392f43f8ab4b102e0b75fbe9 - - default default] 10.0.0.51 "DELETE /v2.0/security-groups/ef8f049e-19ae-4b26-96eb-9ea140659a77 HTTP/1.1" status: 204 len: 168 time: 0.1528294
2026-05-09 14:12:39.657 9 INFO neutron.api.v2.resource [None req-caf1c4de-4990-4f3d-a55a-a8f490f32575 f7678d19ec564b6cb0550b4ea30cd854 b7d640d8392f43f8ab4b102e0b75fbe9 - - default default] show failed (client error): The resource could not be found.
2026-05-09 14:12:39.658 9 INFO neutron.wsgi [None req-caf1c4de-4990-4f3d-a55a-a8f490f32575 f7678d19ec564b6cb0550b4ea30cd854 b7d640d8392f43f8ab4b102e0b75fbe9 - - default default] 10.0.0.51 "GET /v2.0/security-groups/ef8f049e-19ae-4b26-96eb-9ea140659a77 HTTP/1.1" status: 404 len: 347 time: 0.0096850
2026-05-09 14:12:39.672 10 INFO neutron.wsgi [None req-662cc67d-e2d2-43ae-b4b7-fcb081de4008 be8672e5609745bcb91dc37ef65022ca 10ade9b70d114e3f96c7a00645957975 - - default default] 10.0.0.51 "DELETE /v2.0/floatingips/0ddc9ba1-3300-4da9-9740-75ff6f2bbb16 HTTP/1.1" status: 204 len: 168 time: 0.3514988
2026-05-09 14:12:39.809 9 INFO neutron.services.segments.plugin [-] Segment f149f3b1-2ce8-4657-a34b-ae902ecb6241 resource provider aggregate not found
2026-05-09 14:12:39.815 9 INFO neutron.services.segments.plugin [-] Segment f149f3b1-2ce8-4657-a34b-ae902ecb6241 resource provider aggregate not found
2026-05-09 14:12:39.827 9 INFO neutron.services.segments.plugin [-] Segment f149f3b1-2ce8-4657-a34b-ae902ecb6241 resource provider not found; error: Placement Client Error (4xx): {"errors": [{"status": 404, "title": "Not Found", "detail": "The resource could not be found.\n\n No resource provider with uuid f149f3b1-2ce8-4657-a34b-ae902ecb6241 found for delete ", "request_id": "req-61478877-9e08-4475-afdd-40fb968242a6"}]}
2026-05-09 14:12:39.832 9 INFO neutron.services.segments.plugin [-] Segment f149f3b1-2ce8-4657-a34b-ae902ecb6241 resource provider not found; error: Placement Client Error (4xx): {"errors": [{"status": 404, "title": "Not Found", "detail": "The resource could not be found.\n\n No resource provider with uuid f149f3b1-2ce8-4657-a34b-ae902ecb6241 found for delete ", "request_id": "req-6ffc9a6d-17bb-41b5-92cb-0a82a978d9a0"}]}
2026-05-09 14:12:39.859 9 INFO neutron.wsgi [None req-92fe4f09-0ac0-4104-86fa-36cbced0fdda 4f3517062a324a11ba2acc260ca66cd9 1690c4ed52424df383a96801ff058276 - - default default] 10.0.0.51 "DELETE /v2.0/networks/e76ef564-60d2-4d68-89ca-a2bf94cf8c3b HTTP/1.1" status: 204 len: 168 time: 0.4252443
2026-05-09 14:12:40.060 9 INFO neutron.wsgi [None req-9e244788-01ee-47aa-b97b-4454d52d2fe3 f7678d19ec564b6cb0550b4ea30cd854 b7d640d8392f43f8ab4b102e0b75fbe9 - - default default] 10.0.0.51 "DELETE /v2.0/floatingips/689acbe5-ca43-4d85-b0a7-1eef4d2efb1f HTTP/1.1" status: 204 len: 168 time: 0.3980544
2026-05-09 14:12:40.421 10 INFO neutron.services.segments.plugin [-] Segment 6c4310a8-010b-4b11-98d2-4be85da0eb59 resource provider aggregate not found
2026-05-09 14:12:40.426 10 INFO neutron.services.segments.plugin [-] Segment 6c4310a8-010b-4b11-98d2-4be85da0eb59 resource provider aggregate not found
2026-05-09 14:12:40.445 10 INFO neutron.services.segments.plugin [-] Segment 6c4310a8-010b-4b11-98d2-4be85da0eb59 resource provider not found; error: Placement Client Error (4xx): {"errors": [{"status": 404, "title": "Not Found", "detail": "The resource could not be found.\n\n No resource provider with uuid 6c4310a8-010b-4b11-98d2-4be85da0eb59 found for delete ", "request_id": "req-754e50d7-5deb-4f7c-a57d-61802118c0f7"}]}
2026-05-09 14:12:40.456 10 INFO neutron.services.segments.plugin [-] Segment 6c4310a8-010b-4b11-98d2-4be85da0eb59 resource provider not found; error: Placement Client Error (4xx): {"errors": [{"status": 404, "title": "Not Found", "detail": "The resource could not be found.\n\n No resource provider with uuid 6c4310a8-010b-4b11-98d2-4be85da0eb59 found for delete ", "request_id": "req-78cbf3fc-75dd-4d45-99c7-b17483b4b35e"}]}
2026-05-09 14:12:40.496 10 INFO neutron.wsgi [None req-8bcc8455-2ae2-4c5e-9f14-8a3220cf0dc9 4f3517062a324a11ba2acc260ca66cd9 1690c4ed52424df383a96801ff058276 - - default default] 10.0.0.51 "DELETE /v2.0/networks/eb2c69bf-77af-4d88-a553-0b62fb6c2b82 HTTP/1.1" status: 204 len: 168 time: 0.6330876
2026-05-09 14:12:40.997 10 INFO neutron.wsgi [None req-1d29d2ac-3b60-4c33-a17c-dfc1351813b1 4f3517062a324a11ba2acc260ca66cd9 1690c4ed52424df383a96801ff058276 - - default default] 10.0.0.51 "DELETE /v2.0/networks/a33092a7-7a66-4e12-8a6b-0557093b78a5 HTTP/1.1" status: 204 len: 168 time: 0.4960256
2026-05-09 14:12:41.115 10 INFO neutron.wsgi [None req-81f6971f-1791-4964-ab5f-b727c0f6472e 8cf26d45df56422da93471a9dbcd9fd6 805bb55269bb47df87fc224616b37195 - - default default] 10.0.0.51 "PUT /v2.0/routers/121ffb81-b917-41e7-b1e4-8868f5990bc6/remove_router_interface HTTP/1.1" status: 200 len: 503 time: 1.4386997 /var/lib/openstack/lib/python3.10/site-packages/pycadf/identifier.py:71: UserWarning: Invalid uuid: neutron. To ensure interoperability, identifiers should be a valid uuid. warnings.warn(('Invalid uuid: %s. To ensure interoperability, '
2026-05-09 14:12:41.322 9 INFO neutron.wsgi [None req-9e674fba-bb73-4a7c-aa0e-eb6560f1b366 8cf26d45df56422da93471a9dbcd9fd6 805bb55269bb47df87fc224616b37195 - - default default] 10.0.0.51 "PUT /v2.0/routers/2bd1291f-28e6-4682-b373-4a536ea374f8/remove_router_interface HTTP/1.1" status: 200 len: 503 time: 1.2537820 /var/lib/openstack/lib/python3.10/site-packages/pycadf/identifier.py:71: UserWarning: Invalid uuid: neutron. To ensure interoperability, identifiers should be a valid uuid. warnings.warn(('Invalid uuid: %s. To ensure interoperability, '
2026-05-09 14:12:41.550 10 INFO neutron.wsgi [None req-e1f0fc88-ff5a-464f-8726-5251dd4da0cf 4f3517062a324a11ba2acc260ca66cd9 1690c4ed52424df383a96801ff058276 - - default default] 10.0.0.51 "DELETE /v2.0/networks/1958b328-7569-4171-810f-db347c791b25 HTTP/1.1" status: 204 len: 168 time: 0.5462787
2026-05-09 14:12:41.809 10 INFO neutron.wsgi [None req-fd74e3ad-c914-49d4-9b5e-3131b659e950 8cf26d45df56422da93471a9dbcd9fd6 805bb55269bb47df87fc224616b37195 - - default default] 10.0.0.51 "DELETE /v2.0/routers/121ffb81-b917-41e7-b1e4-8868f5990bc6 HTTP/1.1" status: 204 len: 168 time: 0.6866481
2026-05-09 14:12:41.915 9 INFO neutron.wsgi [None req-1ed9ceaf-2631-4875-b09f-b20fd6cea27b 8cf26d45df56422da93471a9dbcd9fd6 805bb55269bb47df87fc224616b37195 - - default default] 10.0.0.51 "DELETE /v2.0/routers/2bd1291f-28e6-4682-b373-4a536ea374f8 HTTP/1.1" status: 204 len: 168 time: 0.5873840
2026-05-09 14:12:42.005 10 INFO neutron.wsgi [None req-1711c668-5beb-4c8a-8d08-0f3fe1f7aa29 8cf26d45df56422da93471a9dbcd9fd6 805bb55269bb47df87fc224616b37195 - - default default] 10.0.0.51 "DELETE /v2.0/subnets/fe593188-1b68-4b91-be39-0f9f5751052d HTTP/1.1" status: 204 len: 168 time: 0.1921949
2026-05-09 14:12:42.102 9 INFO neutron.wsgi [None req-e3d3d7f3-2605-4bf3-8f82-97b2c00bed93 8cf26d45df56422da93471a9dbcd9fd6 805bb55269bb47df87fc224616b37195 - - default default] 10.0.0.51 "DELETE /v2.0/subnets/37d6505f-80eb-4cbf-9d95-96615fa45abe HTTP/1.1" status: 204 len: 168 time: 0.1830828
2026-05-09 14:12:42.186 9 INFO neutron.wsgi [None req-6f7822cc-e7eb-4e8d-91fb-d7edfcd45562 8cf26d45df56422da93471a9dbcd9fd6 805bb55269bb47df87fc224616b37195 - - default default] 10.0.0.51 "GET /v2.0/security-groups?tenant_id=1690c4ed52424df383a96801ff058276&name=default HTTP/1.1" status: 200 len: 2996 time: 0.1250420
2026-05-09 14:12:42.399 10 INFO neutron.wsgi [None req-6daf67c5-fb3a-4123-be97-96c02d360ce8 8cf26d45df56422da93471a9dbcd9fd6 805bb55269bb47df87fc224616b37195 - - default default] 10.0.0.51 "DELETE /v2.0/networks/a94f1417-f6cb-4ca6-b82a-8369d78ee8a4 HTTP/1.1" status: 204 len: 168 time: 0.3868878
2026-05-09 14:12:42.435 9 INFO neutron.services.segments.plugin [-] Segment de25a762-99cc-4ba4-90af-9608c782374f resource provider aggregate not found
2026-05-09 14:12:42.440 9 INFO neutron.services.segments.plugin [-] Segment de25a762-99cc-4ba4-90af-9608c782374f resource provider aggregate not found
2026-05-09 14:12:42.457 9 INFO neutron.services.segments.plugin [-] Segment de25a762-99cc-4ba4-90af-9608c782374f resource provider not found; error: Placement Client Error (4xx): {"errors": [{"status": 404, "title": "Not Found", "detail": "The resource could not be found.\n\n No resource provider with uuid de25a762-99cc-4ba4-90af-9608c782374f found for delete ", "request_id": "req-1d9b6d17-5998-4f7b-95f5-4fb3b495abd2"}]}
2026-05-09 14:12:42.460 9 INFO neutron.services.segments.plugin [-] Segment de25a762-99cc-4ba4-90af-9608c782374f resource provider not found; error: Placement Client Error (4xx): {"errors": [{"status": 404, "title": "Not Found", "detail": "The resource could not be found.\n\n No resource provider with uuid de25a762-99cc-4ba4-90af-9608c782374f found for delete ", "request_id": "req-c6d44a7c-f570-49d0-a172-fef0832f6959"}]}
2026-05-09 14:12:42.469 10 INFO neutron.services.segments.plugin [-] Segment a84fd4ef-4d50-4654-817e-2823bbb40225 resource provider aggregate not found
2026-05-09 14:12:42.477 9 INFO neutron.wsgi [None req-cd7c6593-8971-4b32-b8a6-9260e70566b2 8cf26d45df56422da93471a9dbcd9fd6 805bb55269bb47df87fc224616b37195 - - default default] 10.0.0.51 "DELETE /v2.0/networks/77c309b2-9942-476c-a455-0b5ae883e452 HTTP/1.1" status: 204 len: 168 time: 0.3698385
2026-05-09 14:12:42.478 10 INFO neutron.services.segments.plugin [-] Segment a84fd4ef-4d50-4654-817e-2823bbb40225 resource provider aggregate not found
2026-05-09 14:12:42.488 10 INFO neutron.services.segments.plugin [-] Segment a84fd4ef-4d50-4654-817e-2823bbb40225 resource provider not found; error: Placement Client Error (4xx): {"errors": [{"status": 404, "title": "Not Found", "detail": "The resource could not be found.\n\n No resource provider with uuid a84fd4ef-4d50-4654-817e-2823bbb40225 found for delete ", "request_id": "req-98e9870d-dd8b-47e6-82bc-eb72a49d3c7f"}]}
