2026-05-09 14:12:08.021 9 INFO neutron.plugins.ml2.drivers.ovn.mech_driver.ovsdb.ovsdb_monitor [-] Router 2bd1291f-28e6-4682-b373-4a536ea374f8 is bound to host instance
2026-05-09 14:12:08.116 9 INFO neutron.db.ovn_revision_numbers_db [None req-afc6f687-e1a3-4d4c-9732-8dd4f3b07e21 8cf26d45df56422da93471a9dbcd9fd6 805bb55269bb47df87fc224616b37195 - - default default] Successfully bumped revision number for resource f043a6b0-b7e7-4c0b-a7d7-65ad75a7f315 (type: router_ports) to 1
2026-05-09 14:12:08.241 10 WARNING neutron.scheduler.dhcp_agent_scheduler [None req-e8b6f918-6eb1-4bca-9f3e-fcbf62a4e5fd 8cf26d45df56422da93471a9dbcd9fd6 805bb55269bb47df87fc224616b37195 - - default default] No more DHCP agents
2026-05-09 14:12:08.247 10 WARNING neutron.api.rpc.agentnotifiers.dhcp_rpc_agent_api [None req-e8b6f918-6eb1-4bca-9f3e-fcbf62a4e5fd 8cf26d45df56422da93471a9dbcd9fd6 805bb55269bb47df87fc224616b37195 - - default default] Unable to schedule network a3a2110a-3199-49d4-b224-4e154b98da79: no agents available; will retry on subsequent port and subnet creation events.
2026-05-09 14:12:08.284 10 INFO neutron.plugins.ml2.drivers.ovn.mech_driver.mech_driver [None req-b88ed565-36a1-4567-a008-9913f34a8206 - - - - - -] OVN reports status up for port: 1748c290-4273-47d8-8f5e-d3f9d54b3106
2026-05-09 14:12:08.299 10 INFO neutron.plugins.ml2.plugin [None req-b88ed565-36a1-4567-a008-9913f34a8206 - - - - - -] Attempt 1 to provision port 1748c290-4273-47d8-8f5e-d3f9d54b3106
2026-05-09 14:12:08.302 9 INFO neutron.db.ovn_revision_numbers_db [None req-afc6f687-e1a3-4d4c-9732-8dd4f3b07e21 8cf26d45df56422da93471a9dbcd9fd6 805bb55269bb47df87fc224616b37195 - - default default] Successfully bumped revision number for resource 2bd1291f-28e6-4682-b373-4a536ea374f8 (type: routers) to 2
2026-05-09 14:12:08.322 9 WARNING neutron.scheduler.dhcp_agent_scheduler [None req-651e77bf-5b23-4349-af1a-2f0929052c60 8cf26d45df56422da93471a9dbcd9fd6 805bb55269bb47df87fc224616b37195 - - default default] No more DHCP agents
2026-05-09 14:12:08.328 9 WARNING neutron.api.rpc.agentnotifiers.dhcp_rpc_agent_api [None req-651e77bf-5b23-4349-af1a-2f0929052c60 8cf26d45df56422da93471a9dbcd9fd6 805bb55269bb47df87fc224616b37195 - - default default] Unable to schedule network cc2a8924-b6b1-4228-bb24-44fbbd886fee: no agents available; will retry on subsequent port and subnet creation events.
2026-05-09 14:12:08.336 9 INFO neutron.wsgi [None req-afc6f687-e1a3-4d4c-9732-8dd4f3b07e21 8cf26d45df56422da93471a9dbcd9fd6 805bb55269bb47df87fc224616b37195 - - default default] 10.0.0.51 "POST /v2.0/routers HTTP/1.1" status: 201 len: 881 time: 2.2753358
2026-05-09 14:12:08.352 10 INFO neutron.db.ovn_revision_numbers_db [None req-0aade094-8159-45bb-bc67-a136ea2eba99 - - - - - -] Successfully bumped revision number for resource 0f2ce7bd-4fda-43ef-947a-07f03c040b06 (type: router_ports) to 3
2026-05-09 14:12:08.384 9 INFO neutron.db.ovn_revision_numbers_db [None req-8b080446-01d2-48e8-adb1-38c71ca78c92 8cf26d45df56422da93471a9dbcd9fd6 805bb55269bb47df87fc224616b37195 - - default default] Successfully bumped revision number for resource 1748c290-4273-47d8-8f5e-d3f9d54b3106 (type: router_ports) to 1
2026-05-09 14:12:08.534 10 INFO neutron.db.ovn_revision_numbers_db [None req-0aade094-8159-45bb-bc67-a136ea2eba99 - - - - - -] Successfully bumped revision number for resource 0f2ce7bd-4fda-43ef-947a-07f03c040b06 (type: ports) to 2
2026-05-09 14:12:08.538 9 INFO neutron.db.ovn_revision_numbers_db [None req-8b080446-01d2-48e8-adb1-38c71ca78c92 8cf26d45df56422da93471a9dbcd9fd6 805bb55269bb47df87fc224616b37195 - - default default] Successfully bumped revision number for resource 3ac54c66-ac05-40f6-a552-4bc4031e0999 (type: routers) to 2
2026-05-09 14:12:08.667 9 INFO neutron.wsgi [None req-8b080446-01d2-48e8-adb1-38c71ca78c92 8cf26d45df56422da93471a9dbcd9fd6 805bb55269bb47df87fc224616b37195 - - default default] 10.0.0.51 "POST /v2.0/routers HTTP/1.1" status: 201 len: 882 time: 2.4175086
2026-05-09 14:12:08.726 9 INFO neutron.db.ovn_revision_numbers_db [None req-651e77bf-5b23-4349-af1a-2f0929052c60 8cf26d45df56422da93471a9dbcd9fd6 805bb55269bb47df87fc224616b37195 - - default default] Successfully bumped revision number for resource 219d86a0-7ad2-461c-84ae-4e5fb4bf5dc9 (type: ports) to 1
2026-05-09 14:12:08.957 10 INFO neutron.db.ovn_revision_numbers_db [None req-e8b6f918-6eb1-4bca-9f3e-fcbf62a4e5fd 8cf26d45df56422da93471a9dbcd9fd6 805bb55269bb47df87fc224616b37195 - - default default] Successfully bumped revision number for resource 2453cf4d-27e0-4bfa-8758-a37acb2c0441 (type: ports) to 2
2026-05-09 14:12:09.002 10 INFO neutron.db.ovn_revision_numbers_db [None req-0aade094-8159-45bb-bc67-a136ea2eba99 - - - - - -] Successfully bumped revision number for resource 0f2ce7bd-4fda-43ef-947a-07f03c040b06 (type: ports) to 4
2026-05-09 14:12:09.020 10 INFO neutron.db.ovn_revision_numbers_db [None req-e8b6f918-6eb1-4bca-9f3e-fcbf62a4e5fd 8cf26d45df56422da93471a9dbcd9fd6 805bb55269bb47df87fc224616b37195 - - default default] Successfully bumped revision number for resource 522e1aaf-5885-4daa-8c61-0bbc64875119 (type: subnets) to 0
2026-05-09 14:12:09.047 10 INFO neutron.wsgi [None req-e8b6f918-6eb1-4bca-9f3e-fcbf62a4e5fd 8cf26d45df56422da93471a9dbcd9fd6 805bb55269bb47df87fc224616b37195 - - default default] 10.0.0.51 "POST /v2.0/subnets HTTP/1.1" status: 201 len: 873 time: 1.0246484
2026-05-09 14:12:09.125 9 INFO neutron.db.ovn_revision_numbers_db [None req-4509aa95-85f8-435d-9d24-e58772a8e3a1 - - - - - -] Successfully bumped revision number for resource f043a6b0-b7e7-4c0b-a7d7-65ad75a7f315 (type: ports) to 1
2026-05-09 14:12:09.335 10 INFO neutron.db.ovn_revision_numbers_db [None req-0aade094-8159-45bb-bc67-a136ea2eba99 - - - - - -] Successfully bumped revision number for resource 0f2ce7bd-4fda-43ef-947a-07f03c040b06 (type: router_ports) to 4
2026-05-09 14:12:09.365 10 WARNING neutron.scheduler.dhcp_agent_scheduler [None req-65b26b00-de93-440d-94cf-d3c4ecd6d66c 8cf26d45df56422da93471a9dbcd9fd6 805bb55269bb47df87fc224616b37195 - - default default] No more DHCP agents
2026-05-09 14:12:09.367 10 WARNING neutron.api.rpc.agentnotifiers.dhcp_rpc_agent_api [None req-65b26b00-de93-440d-94cf-d3c4ecd6d66c 8cf26d45df56422da93471a9dbcd9fd6 805bb55269bb47df87fc224616b37195 - - default default] Unable to schedule network a09273cd-93c1-4730-807d-9c1fb7a9768c: no agents available; will retry on subsequent port and subnet creation events.
2026-05-09 14:12:09.408 9 WARNING neutron.scheduler.dhcp_agent_scheduler [None req-d4cd422c-ccd6-4a93-adc2-2d7ba18ff74c 8cf26d45df56422da93471a9dbcd9fd6 805bb55269bb47df87fc224616b37195 - - default default] No more DHCP agents
2026-05-09 14:12:09.414 9 WARNING neutron.api.rpc.agentnotifiers.dhcp_rpc_agent_api [None req-d4cd422c-ccd6-4a93-adc2-2d7ba18ff74c 8cf26d45df56422da93471a9dbcd9fd6 805bb55269bb47df87fc224616b37195 - - default default] Unable to schedule network 77c309b2-9942-476c-a455-0b5ae883e452: no agents available; will retry on subsequent port and subnet creation events.
2026-05-09 14:12:09.495 10 INFO neutron.db.ovn_revision_numbers_db [None req-65b26b00-de93-440d-94cf-d3c4ecd6d66c 8cf26d45df56422da93471a9dbcd9fd6 805bb55269bb47df87fc224616b37195 - - default default] Successfully bumped revision number for resource ed7d5650-bb24-4721-a1c3-62b3a6b3a8e6 (type: ports) to 1
2026-05-09 14:12:09.745 9 INFO neutron.plugins.ml2.drivers.ovn.mech_driver.mech_driver [None req-99dbe489-30e6-4693-be04-8443d667d431 - - - - - -] OVN reports status up for port: f043a6b0-b7e7-4c0b-a7d7-65ad75a7f315
2026-05-09 14:12:09.783 9 INFO neutron.plugins.ml2.plugin [None req-99dbe489-30e6-4693-be04-8443d667d431 - - - - - -] Attempt 1 to provision port f043a6b0-b7e7-4c0b-a7d7-65ad75a7f315
2026-05-09 14:12:09.840 9 INFO neutron.db.ovn_revision_numbers_db [None req-d4cd422c-ccd6-4a93-adc2-2d7ba18ff74c 8cf26d45df56422da93471a9dbcd9fd6 805bb55269bb47df87fc224616b37195 - - default default] Successfully bumped revision number for resource 50443419-2122-4e24-a493-3db9001c02c0 (type: ports) to 1
2026-05-09 14:12:09.859 9 INFO neutron.db.ovn_revision_numbers_db [None req-651e77bf-5b23-4349-af1a-2f0929052c60 8cf26d45df56422da93471a9dbcd9fd6 805bb55269bb47df87fc224616b37195 - - default default] Successfully bumped revision number for resource 219d86a0-7ad2-461c-84ae-4e5fb4bf5dc9 (type: router_ports) to 1
2026-05-09 14:12:10.035 9 INFO neutron.db.ovn_revision_numbers_db [None req-4509aa95-85f8-435d-9d24-e58772a8e3a1 - - - - - -] Successfully bumped revision number for resource f043a6b0-b7e7-4c0b-a7d7-65ad75a7f315 (type: router_ports) to 3
2026-05-09 14:12:10.076 10 INFO neutron.db.ovn_revision_numbers_db [None req-65b26b00-de93-440d-94cf-d3c4ecd6d66c 8cf26d45df56422da93471a9dbcd9fd6 805bb55269bb47df87fc224616b37195 - - default default] Successfully bumped revision number for resource ed7d5650-bb24-4721-a1c3-62b3a6b3a8e6 (type: router_ports) to 1
2026-05-09 14:12:10.203 10 INFO neutron.db.ovn_revision_numbers_db [None req-65b26b00-de93-440d-94cf-d3c4ecd6d66c 8cf26d45df56422da93471a9dbcd9fd6 805bb55269bb47df87fc224616b37195 - - default default] Successfully bumped revision number for resource ed7d5650-bb24-4721-a1c3-62b3a6b3a8e6 (type: ports) to 1
2026-05-09 14:12:10.270 10 WARNING neutron.scheduler.dhcp_agent_scheduler [None req-65b26b00-de93-440d-94cf-d3c4ecd6d66c 8cf26d45df56422da93471a9dbcd9fd6 805bb55269bb47df87fc224616b37195 - - default default] No more DHCP agents
2026-05-09 14:12:10.271 10 WARNING neutron.api.rpc.agentnotifiers.dhcp_rpc_agent_api [None req-65b26b00-de93-440d-94cf-d3c4ecd6d66c 8cf26d45df56422da93471a9dbcd9fd6 805bb55269bb47df87fc224616b37195 - - default default] Unable to schedule network a09273cd-93c1-4730-807d-9c1fb7a9768c: no agents available; will retry on subsequent port and subnet creation events.
2026-05-09 14:12:10.388 9 WARNING neutron.scheduler.dhcp_agent_scheduler [None req-cbc0000f-1fed-42fa-90b9-03ccc2e6ba43 8cf26d45df56422da93471a9dbcd9fd6 805bb55269bb47df87fc224616b37195 - - default default] No more DHCP agents
2026-05-09 14:12:10.407 9 WARNING neutron.api.rpc.agentnotifiers.dhcp_rpc_agent_api [None req-cbc0000f-1fed-42fa-90b9-03ccc2e6ba43 8cf26d45df56422da93471a9dbcd9fd6 805bb55269bb47df87fc224616b37195 - - default default] Unable to schedule network b5cdaea7-c0af-467e-b8d5-85f23f6c91ee: no agents available; will retry on subsequent port and subnet creation events.
2026-05-09 14:12:10.455 9 INFO neutron.db.ovn_revision_numbers_db [None req-651e77bf-5b23-4349-af1a-2f0929052c60 8cf26d45df56422da93471a9dbcd9fd6 805bb55269bb47df87fc224616b37195 - - default default] Successfully bumped revision number for resource 219d86a0-7ad2-461c-84ae-4e5fb4bf5dc9 (type: ports) to 1
2026-05-09 14:12:10.537 9 INFO neutron.db.ovn_revision_numbers_db [None req-4509aa95-85f8-435d-9d24-e58772a8e3a1 - - - - - -] Successfully bumped revision number for resource f043a6b0-b7e7-4c0b-a7d7-65ad75a7f315 (type: ports) to 2
2026-05-09 14:12:10.667 9 WARNING neutron.scheduler.dhcp_agent_scheduler [None req-651e77bf-5b23-4349-af1a-2f0929052c60 8cf26d45df56422da93471a9dbcd9fd6 805bb55269bb47df87fc224616b37195 - - default default] No more DHCP agents
2026-05-09 14:12:10.681 9 WARNING neutron.api.rpc.agentnotifiers.dhcp_rpc_agent_api [None req-651e77bf-5b23-4349-af1a-2f0929052c60 8cf26d45df56422da93471a9dbcd9fd6 805bb55269bb47df87fc224616b37195 - - default default] Unable to schedule network cc2a8924-b6b1-4228-bb24-44fbbd886fee: no agents available; will retry on subsequent port and subnet creation events.
2026-05-09 14:12:10.688 9 INFO neutron.plugins.ml2.drivers.ovn.mech_driver.ovsdb.ovsdb_monitor [None req-4509aa95-85f8-435d-9d24-e58772a8e3a1 - - - - - -] Router 3ac54c66-ac05-40f6-a552-4bc4031e0999 is bound to host instance
2026-05-09 14:12:10.734 9 INFO neutron.db.ovn_revision_numbers_db [None req-99dbe489-30e6-4693-be04-8443d667d431 - - - - - -] Successfully bumped revision number for resource f043a6b0-b7e7-4c0b-a7d7-65ad75a7f315 (type: ports) to 4
2026-05-09 14:12:10.820 9 INFO neutron.db.ovn_revision_numbers_db [None req-cbc0000f-1fed-42fa-90b9-03ccc2e6ba43 8cf26d45df56422da93471a9dbcd9fd6 805bb55269bb47df87fc224616b37195 - - default default] Successfully bumped revision number for resource 1b8d208a-d3e4-4b0c-9845-aece001166e9 (type: ports) to 1
2026-05-09 14:12:10.974 10 INFO neutron.db.ovn_revision_numbers_db [None req-65b26b00-de93-440d-94cf-d3c4ecd6d66c 8cf26d45df56422da93471a9dbcd9fd6 805bb55269bb47df87fc224616b37195 - - default default] Successfully bumped revision number for resource ed7d5650-bb24-4721-a1c3-62b3a6b3a8e6 (type: router_ports) to 1
2026-05-09 14:12:10.976 10 INFO neutron.wsgi [None req-65b26b00-de93-440d-94cf-d3c4ecd6d66c 8cf26d45df56422da93471a9dbcd9fd6 805bb55269bb47df87fc224616b37195 - - default default] 10.0.0.51 "PUT /v2.0/routers/3ac54c66-ac05-40f6-a552-4bc4031e0999/add_router_interface HTTP/1.1" status: 200 len: 503 time: 2.3037155
2026-05-09 14:12:11.371 9 INFO neutron.db.ovn_revision_numbers_db [None req-d4cd422c-ccd6-4a93-adc2-2d7ba18ff74c 8cf26d45df56422da93471a9dbcd9fd6 805bb55269bb47df87fc224616b37195 - - default default] Successfully bumped revision number for resource 50443419-2122-4e24-a493-3db9001c02c0 (type: router_ports) to 1
2026-05-09 14:12:11.661 9 INFO neutron.db.ovn_revision_numbers_db [None req-99dbe489-30e6-4693-be04-8443d667d431 - - - - - -] Successfully bumped revision number for resource f043a6b0-b7e7-4c0b-a7d7-65ad75a7f315 (type: router_ports) to 4
2026-05-09 14:12:11.826 9 INFO neutron.db.ovn_revision_numbers_db [None req-d4cd422c-ccd6-4a93-adc2-2d7ba18ff74c 8cf26d45df56422da93471a9dbcd9fd6 805bb55269bb47df87fc224616b37195 - - default default] Successfully bumped revision number for resource 50443419-2122-4e24-a493-3db9001c02c0 (type: ports) to 1
2026-05-09 14:12:11.833 9 INFO neutron.plugins.ml2.drivers.ovn.mech_driver.mech_driver [None req-99dbe489-30e6-4693-be04-8443d667d431 - - - - - -] OVN reports status up for port: 50443419-2122-4e24-a493-3db9001c02c0
2026-05-09 14:12:11.860 9 INFO neutron.plugins.ml2.plugin [None req-99dbe489-30e6-4693-be04-8443d667d431 - - - - - -] Attempt 1 to provision port 50443419-2122-4e24-a493-3db9001c02c0
2026-05-09 14:12:11.997 10 INFO neutron.db.ovn_revision_numbers_db [req-0ab2bf20-8c24-4bc3-8d23-eb84afff1ba3 req-c93f2b7a-9f66-4049-9afb-4f98800f420a 70a0add18752490091ff18294d5fb508 e4f09c28b0ea4bbe835cee72705f3853 - - default default] Successfully bumped revision number for resource f13d27e2-ce22-4226-a8c1-e3cd6bc82f83 (type: security_groups) to 1
2026-05-09 14:12:12.009 10 INFO neutron.db.ovn_revision_numbers_db [req-0ab2bf20-8c24-4bc3-8d23-eb84afff1ba3 req-c93f2b7a-9f66-4049-9afb-4f98800f420a 70a0add18752490091ff18294d5fb508 e4f09c28b0ea4bbe835cee72705f3853 - - default default] Successfully bumped revision number for resource 387adab0-4123-4eb9-8822-e6cba5cdb841 (type: security_group_rules) to 0
2026-05-09 14:12:12.020 10 INFO neutron.db.ovn_revision_numbers_db [req-0ab2bf20-8c24-4bc3-8d23-eb84afff1ba3 req-c93f2b7a-9f66-4049-9afb-4f98800f420a 70a0add18752490091ff18294d5fb508 e4f09c28b0ea4bbe835cee72705f3853 - - default default] Successfully bumped revision number for resource e723314b-7e74-48ee-af41-f062cd8bb47b (type: security_group_rules) to 0
2026-05-09 14:12:12.041 10 INFO neutron.wsgi [req-0ab2bf20-8c24-4bc3-8d23-eb84afff1ba3 req-c93f2b7a-9f66-4049-9afb-4f98800f420a 70a0add18752490091ff18294d5fb508 e4f09c28b0ea4bbe835cee72705f3853 - - default default] 10.0.0.98 "POST /v2.0/security-groups HTTP/1.1" status: 201 len: 1825 time: 0.1953294
2026-05-09 14:12:12.184 9 WARNING neutron.scheduler.dhcp_agent_scheduler [None req-d4cd422c-ccd6-4a93-adc2-2d7ba18ff74c 8cf26d45df56422da93471a9dbcd9fd6 805bb55269bb47df87fc224616b37195 - - default default] No more DHCP agents
2026-05-09 14:12:12.195 9 WARNING neutron.api.rpc.agentnotifiers.dhcp_rpc_agent_api [None req-d4cd422c-ccd6-4a93-adc2-2d7ba18ff74c 8cf26d45df56422da93471a9dbcd9fd6 805bb55269bb47df87fc224616b37195 - - default default] Unable to schedule network 77c309b2-9942-476c-a455-0b5ae883e452: no agents available; will retry on subsequent port and subnet creation events.
2026-05-09 14:12:12.448 10 INFO neutron.wsgi [req-bc5a8b34-7506-4173-aa3a-2444a2ae25ed req-cf3f763f-ec50-4623-9ce2-0171f43821a6 70a0add18752490091ff18294d5fb508 e4f09c28b0ea4bbe835cee72705f3853 - - default default] 10.0.0.98 "GET /v2.0/security-groups/f13d27e2-ce22-4226-a8c1-e3cd6bc82f83 HTTP/1.1" status: 200 len: 1820 time: 0.0681145
2026-05-09 14:12:12.592 10 INFO neutron.db.ovn_revision_numbers_db [req-bc5a8b34-7506-4173-aa3a-2444a2ae25ed req-afc2cd98-8908-4e42-a6fe-0bc91315fdc8 70a0add18752490091ff18294d5fb508 e4f09c28b0ea4bbe835cee72705f3853 - - default default] Successfully bumped revision number for resource 9dd94525-e89f-41d4-b407-6db7e8274e71 (type: security_group_rules) to 0
2026-05-09 14:12:12.617 10 INFO neutron.wsgi [req-bc5a8b34-7506-4173-aa3a-2444a2ae25ed req-afc2cd98-8908-4e42-a6fe-0bc91315fdc8 70a0add18752490091ff18294d5fb508 e4f09c28b0ea4bbe835cee72705f3853 - - default default] 10.0.0.98 "POST /v2.0/security-group-rules HTTP/1.1" status: 201 len: 786 time: 0.1606059
2026-05-09 14:12:12.643 9 INFO neutron.db.ovn_revision_numbers_db [None req-4509aa95-85f8-435d-9d24-e58772a8e3a1 - - - - - -] Successfully bumped revision number for resource 1748c290-4273-47d8-8f5e-d3f9d54b3106 (type: ports) to 1
2026-05-09 14:12:12.804 9 INFO neutron.db.ovn_revision_numbers_db [None req-cbc0000f-1fed-42fa-90b9-03ccc2e6ba43 8cf26d45df56422da93471a9dbcd9fd6 805bb55269bb47df87fc224616b37195 - - default default] Successfully bumped revision number for resource 1b8d208a-d3e4-4b0c-9845-aece001166e9 (type: router_ports) to 1
2026-05-09 14:12:12.819 10 INFO neutron.db.ovn_revision_numbers_db [req-9726de44-a627-40a6-b67f-bc7d472794cf req-cf0c419c-f68e-4542-808b-83ba2250ecd6 70a0add18752490091ff18294d5fb508 e4f09c28b0ea4bbe835cee72705f3853 - - default default] Successfully bumped revision number for resource dff29438-5c69-471f-ac55-e962c9daf3d0 (type: security_groups) to 1
2026-05-09 14:12:12.832 10 INFO neutron.db.ovn_revision_numbers_db [req-9726de44-a627-40a6-b67f-bc7d472794cf req-cf0c419c-f68e-4542-808b-83ba2250ecd6 70a0add18752490091ff18294d5fb508 e4f09c28b0ea4bbe835cee72705f3853 - - default default] Successfully bumped revision number for resource ecd336c5-6331-4a2c-bbc4-516cd2461f6f (type: security_group_rules) to 0
2026-05-09 14:12:12.847 10 INFO neutron.db.ovn_revision_numbers_db [req-9726de44-a627-40a6-b67f-bc7d472794cf req-cf0c419c-f68e-4542-808b-83ba2250ecd6 70a0add18752490091ff18294d5fb508 e4f09c28b0ea4bbe835cee72705f3853 - - default default] Successfully bumped revision number for resource fb693e35-f634-4ff5-bc0e-60db350f4797 (type: security_group_rules) to 0
2026-05-09 14:12:12.868 10 INFO neutron.wsgi [req-9726de44-a627-40a6-b67f-bc7d472794cf req-cf0c419c-f68e-4542-808b-83ba2250ecd6 70a0add18752490091ff18294d5fb508 e4f09c28b0ea4bbe835cee72705f3853 - - default default] 10.0.0.98 "POST /v2.0/security-groups HTTP/1.1" status: 201 len: 1827 time: 0.2125297
2026-05-09 14:12:12.924 10 INFO neutron.wsgi [req-641a516d-724f-4433-a938-ab1771c4b46f req-bcb81d89-07eb-4de5-b397-93db94e66701 70a0add18752490091ff18294d5fb508 e4f09c28b0ea4bbe835cee72705f3853 - - default default] 10.0.0.98 "GET /v2.0/security-groups/dff29438-5c69-471f-ac55-e962c9daf3d0 HTTP/1.1" status: 200 len: 1822 time: 0.0334439
2026-05-09 14:12:12.939 9 INFO neutron.db.ovn_revision_numbers_db [None req-99dbe489-30e6-4693-be04-8443d667d431 - - - - - -] Successfully bumped revision number for resource 50443419-2122-4e24-a493-3db9001c02c0 (type: ports) to 2
2026-05-09 14:12:13.046 10 INFO neutron.db.ovn_revision_numbers_db [req-641a516d-724f-4433-a938-ab1771c4b46f req-608c7f77-93ea-42c7-a7ba-ddd0d9ddd49b 70a0add18752490091ff18294d5fb508 e4f09c28b0ea4bbe835cee72705f3853 - - default default] Successfully bumped revision number for resource de23e561-8466-4c06-b904-404d86a91c0d (type: security_group_rules) to 0
2026-05-09 14:12:13.068 10 INFO neutron.wsgi [req-641a516d-724f-4433-a938-ab1771c4b46f req-608c7f77-93ea-42c7-a7ba-ddd0d9ddd49b 70a0add18752490091ff18294d5fb508 e4f09c28b0ea4bbe835cee72705f3853 - - default default] 10.0.0.98 "POST /v2.0/security-group-rules HTTP/1.1" status: 201 len: 786 time: 0.1377511
2026-05-09 14:12:13.104 9 INFO neutron.db.ovn_revision_numbers_db [None req-cbc0000f-1fed-42fa-90b9-03ccc2e6ba43 8cf26d45df56422da93471a9dbcd9fd6 805bb55269bb47df87fc224616b37195 - - default default] Successfully bumped revision number for resource 6139b17b-2e4d-410d-bc57-96e6319ff552 (type: routers) to 2
2026-05-09 14:12:13.125 10 INFO neutron.wsgi [req-cfc0b0f7-795a-4667-a8d9-0b3628ddb13b req-83e7c18e-d686-41d8-aaff-c57e957a4271 70a0add18752490091ff18294d5fb508 e4f09c28b0ea4bbe835cee72705f3853 - - default default] 10.0.0.98 "GET /v2.0/security-groups/dff29438-5c69-471f-ac55-e962c9daf3d0 HTTP/1.1" status: 200 len: 2415 time: 0.0326495
2026-05-09 14:12:13.159 9 INFO neutron.wsgi [None req-cbc0000f-1fed-42fa-90b9-03ccc2e6ba43 8cf26d45df56422da93471a9dbcd9fd6 805bb55269bb47df87fc224616b37195 - - default default] 10.0.0.51 "POST /v2.0/routers HTTP/1.1" status: 201 len: 884 time: 4.1051590
2026-05-09 14:12:13.224 9 INFO neutron.db.ovn_revision_numbers_db [None req-651e77bf-5b23-4349-af1a-2f0929052c60 8cf26d45df56422da93471a9dbcd9fd6 805bb55269bb47df87fc224616b37195 - - default default] Successfully bumped revision number for resource 219d86a0-7ad2-461c-84ae-4e5fb4bf5dc9 (type: router_ports) to 1
2026-05-09 14:12:13.226 9 INFO neutron.wsgi [None req-651e77bf-5b23-4349-af1a-2f0929052c60 8cf26d45df56422da93471a9dbcd9fd6 805bb55269bb47df87fc224616b37195 - - default default] 10.0.0.51 "PUT /v2.0/routers/108a09b9-f665-4beb-9727-a23ede308094/add_router_interface HTTP/1.1" status: 200 len: 503 time: 5.8189266
2026-05-09 14:12:13.312 10 INFO neutron.db.ovn_revision_numbers_db [req-cfc0b0f7-795a-4667-a8d9-0b3628ddb13b req-3094268f-04d1-4ae4-99f2-6337cdedb800 70a0add18752490091ff18294d5fb508 e4f09c28b0ea4bbe835cee72705f3853 - - default default] Successfully bumped revision number for resource 3425f217-2f8c-40fe-bb1c-23b7aafcca2e (type: security_group_rules) to 0
2026-05-09 14:12:13.314 9 INFO neutron.db.ovn_revision_numbers_db [None req-99dbe489-30e6-4693-be04-8443d667d431 - - - - - -] Successfully bumped revision number for resource 50443419-2122-4e24-a493-3db9001c02c0 (type: router_ports) to 2
2026-05-09 14:12:13.337 10 INFO neutron.wsgi [req-cfc0b0f7-795a-4667-a8d9-0b3628ddb13b req-3094268f-04d1-4ae4-99f2-6337cdedb800 70a0add18752490091ff18294d5fb508 e4f09c28b0ea4bbe835cee72705f3853 - - default default] 10.0.0.98 "POST /v2.0/security-group-rules HTTP/1.1" status: 201 len: 791 time: 0.2061527
2026-05-09 14:12:13.396 10 INFO neutron.wsgi [req-0a8fee53-01a7-4dfe-b66e-909b05fd758f req-63ee7763-f390-4e44-a199-5921ac48dca3 70a0add18752490091ff18294d5fb508 e4f09c28b0ea4bbe835cee72705f3853 - - default default] 10.0.0.98 "GET /v2.0/security-groups/dff29438-5c69-471f-ac55-e962c9daf3d0 HTTP/1.1" status: 200 len: 3013 time: 0.0363736
2026-05-09 14:12:13.431 9 INFO neutron.db.ovn_revision_numbers_db [None req-4509aa95-85f8-435d-9d24-e58772a8e3a1 - - - - - -] Successfully bumped revision number for resource 1748c290-4273-47d8-8f5e-d3f9d54b3106 (type: router_ports) to 3
2026-05-09 14:12:13.447 10 INFO neutron.wsgi [req-0fe4256d-04de-43e5-b227-f4c5e09a5698 req-5bfddba0-7dab-409c-9b0a-b29d7741ca29 70a0add18752490091ff18294d5fb508 e4f09c28b0ea4bbe835cee72705f3853 - - default default] 10.0.0.98 "GET /v2.0/security-group-rules/3425f217-2f8c-40fe-bb1c-23b7aafcca2e HTTP/1.1" status: 200 len: 783 time: 0.0244222
2026-05-09 14:12:13.502 10 INFO neutron.wsgi [req-0fe4256d-04de-43e5-b227-f4c5e09a5698 req-3ebc92f1-8508-48eb-ad71-49f10897d1a5 70a0add18752490091ff18294d5fb508 e4f09c28b0ea4bbe835cee72705f3853 - - default default] 10.0.0.98 "GET /v2.0/security-groups/dff29438-5c69-471f-ac55-e962c9daf3d0 HTTP/1.1" status: 200 len: 3013 time: 0.0480518
2026-05-09 14:12:13.602 9 INFO neutron.db.ovn_revision_numbers_db [None req-4509aa95-85f8-435d-9d24-e58772a8e3a1 - - - - - -] Successfully bumped revision number for resource 1748c290-4273-47d8-8f5e-d3f9d54b3106 (type: ports) to 2
2026-05-09 14:12:13.701 9 INFO neutron.wsgi [None req-d4cd422c-ccd6-4a93-adc2-2d7ba18ff74c 8cf26d45df56422da93471a9dbcd9fd6 805bb55269bb47df87fc224616b37195 - - default default] 10.0.0.51 "PUT /v2.0/routers/2bd1291f-28e6-4682-b373-4a536ea374f8/add_router_interface HTTP/1.1" status: 200 len: 503 time: 5.3538342
2026-05-09 14:12:13.792 10 INFO neutron.wsgi [req-0fe4256d-04de-43e5-b227-f4c5e09a5698 req-42d5d322-afe8-478b-8dd3-5d5574b363ff 70a0add18752490091ff18294d5fb508 e4f09c28b0ea4bbe835cee72705f3853 - - default default] 10.0.0.98 "DELETE /v2.0/security-group-rules/3425f217-2f8c-40fe-bb1c-23b7aafcca2e HTTP/1.1" status: 204 len: 173 time: 0.2812541
2026-05-09 14:12:13.800 10 WARNING neutron.scheduler.dhcp_agent_scheduler [None req-fe91f542-df47-48a3-8a8d-a868c6b3aa39 8cf26d45df56422da93471a9dbcd9fd6 805bb55269bb47df87fc224616b37195 - - default default] No more DHCP agents
2026-05-09 14:12:13.803 10 WARNING neutron.api.rpc.agentnotifiers.dhcp_rpc_agent_api [None req-fe91f542-df47-48a3-8a8d-a868c6b3aa39 8cf26d45df56422da93471a9dbcd9fd6 805bb55269bb47df87fc224616b37195 - - default default] Unable to schedule network a3a2110a-3199-49d4-b224-4e154b98da79: no agents available; will retry on subsequent port and subnet creation events.
2026-05-09 14:12:13.863 10 INFO neutron.plugins.ml2.drivers.ovn.mech_driver.mech_driver [None req-b88ed565-36a1-4567-a008-9913f34a8206 - - - - - -] OVN reports status up for port: 219d86a0-7ad2-461c-84ae-4e5fb4bf5dc9
2026-05-09 14:12:13.875 10 INFO neutron.db.ovn_revision_numbers_db [req-25f9c3de-2621-4034-84d0-6c4651cfbdd2 req-6561c3ab-f3c7-47e4-95e2-ee895f59c379 71a44c28cc21438b942c969010cfb88b c745e8498fab4aa3bfd3eeedc89400a7 - - default default] Successfully bumped revision number for resource 82f57181-5d91-493c-8df9-c13f2d73ee7a (type: security_groups) to 1
2026-05-09 14:12:13.877 10 INFO neutron.wsgi [req-f093f107-a32f-4787-ab59-0a245f7471ff req-a25a0918-c546-478f-ae4d-167590f768cc 70a0add18752490091ff18294d5fb508 e4f09c28b0ea4bbe835cee72705f3853 - - default default] 10.0.0.98 "GET /v2.0/security-groups/dff29438-5c69-471f-ac55-e962c9daf3d0 HTTP/1.1" status: 200 len: 2415 time: 0.0645106
2026-05-09 14:12:13.879 10 INFO neutron.plugins.ml2.plugin [None req-b88ed565-36a1-4567-a008-9913f34a8206 - - - - - -] Attempt 1 to provision port 219d86a0-7ad2-461c-84ae-4e5fb4bf5dc9
2026-05-09 14:12:13.907 10 INFO neutron.db.ovn_revision_numbers_db [req-25f9c3de-2621-4034-84d0-6c4651cfbdd2 req-6561c3ab-f3c7-47e4-95e2-ee895f59c379 71a44c28cc21438b942c969010cfb88b c745e8498fab4aa3bfd3eeedc89400a7 - - default default] Successfully bumped revision number for resource b65b8963-ebcd-4320-83bc-e0771389cd22 (type: security_group_rules) to 0
2026-05-09 14:12:13.950 10 INFO neutron.db.ovn_revision_numbers_db [req-25f9c3de-2621-4034-84d0-6c4651cfbdd2 req-6561c3ab-f3c7-47e4-95e2-ee895f59c379 71a44c28cc21438b942c969010cfb88b c745e8498fab4aa3bfd3eeedc89400a7 - - default default] Successfully bumped revision number for resource ce0b4768-239d-4f0a-ae52-829632edc48f (type: security_group_rules) to 0
2026-05-09 14:12:13.969 9 INFO neutron.db.ovn_revision_numbers_db [None req-4509aa95-85f8-435d-9d24-e58772a8e3a1 - - - - - -] Successfully bumped revision number for resource 1748c290-4273-47d8-8f5e-d3f9d54b3106 (type: ports) to 4
2026-05-09 14:12:13.982 10 INFO neutron.wsgi [req-25f9c3de-2621-4034-84d0-6c4651cfbdd2 req-6561c3ab-f3c7-47e4-95e2-ee895f59c379 71a44c28cc21438b942c969010cfb88b c745e8498fab4aa3bfd3eeedc89400a7 - - default default] 10.0.0.98 "POST /v2.0/security-groups HTTP/1.1" status: 201 len: 1823 time: 0.3154740
2026-05-09 14:12:14.074 10 INFO neutron.db.ovn_revision_numbers_db [None req-fe91f542-df47-48a3-8a8d-a868c6b3aa39 8cf26d45df56422da93471a9dbcd9fd6 805bb55269bb47df87fc224616b37195 - - default default] Successfully bumped revision number for resource f332bd37-66ef-4824-ad57-19d9ee8b1c94 (type: ports) to 1
2026-05-09 14:12:14.167 10 INFO neutron.wsgi [req-f093f107-a32f-4787-ab59-0a245f7471ff req-c7d09af3-847c-4832-bdcb-a9214324ba65 70a0add18752490091ff18294d5fb508 e4f09c28b0ea4bbe835cee72705f3853 - - default default] 10.0.0.98 "DELETE /v2.0/security-groups/dff29438-5c69-471f-ac55-e962c9daf3d0 HTTP/1.1" status: 204 len: 173 time: 0.2778943
2026-05-09 14:12:14.242 9 INFO neutron.db.ovn_revision_numbers_db [None req-4509aa95-85f8-435d-9d24-e58772a8e3a1 - - - - - -] Successfully bumped revision number for resource 1748c290-4273-47d8-8f5e-d3f9d54b3106 (type: router_ports) to 4
2026-05-09 14:12:14.278 9 INFO neutron.plugins.ml2.drivers.ovn.mech_driver.ovsdb.ovsdb_monitor [None req-4509aa95-85f8-435d-9d24-e58772a8e3a1 - - - - - -] Router 6139b17b-2e4d-410d-bc57-96e6319ff552 is bound to host instance
2026-05-09 14:12:14.312 10 INFO neutron.db.ovn_revision_numbers_db [req-a969723b-6dc7-4be7-ac2a-f6c499790529 req-18ef7008-0b16-4172-a177-a96e5b5583ca 71a44c28cc21438b942c969010cfb88b c745e8498fab4aa3bfd3eeedc89400a7 - - default default] Successfully bumped revision number for resource b0b89ae3-5cdb-4e3b-a36a-d4c21005a985 (type: security_groups) to 1
2026-05-09 14:12:14.363 10 INFO neutron.db.ovn_revision_numbers_db [req-a969723b-6dc7-4be7-ac2a-f6c499790529 req-18ef7008-0b16-4172-a177-a96e5b5583ca 71a44c28cc21438b942c969010cfb88b c745e8498fab4aa3bfd3eeedc89400a7 - - default default] Successfully bumped revision number for resource 281f2347-b4ac-4bfd-8ce5-61d7bbd8bab2 (type: security_group_rules) to 0
2026-05-09 14:12:14.375 10 INFO neutron.wsgi [req-256be431-4b00-491e-b4ff-4549c03d9063 req-3cd5eca8-a71f-4e64-82ac-dfe5ede9fd98 70a0add18752490091ff18294d5fb508 e4f09c28b0ea4bbe835cee72705f3853 - - default default] 10.0.0.98 "GET /v2.0/security-groups/f13d27e2-ce22-4226-a8c1-e3cd6bc82f83 HTTP/1.1" status: 200 len: 2412 time: 0.0818720
2026-05-09 14:12:14.404 10 INFO neutron.db.ovn_revision_numbers_db [req-a969723b-6dc7-4be7-ac2a-f6c499790529 req-18ef7008-0b16-4172-a177-a96e5b5583ca 71a44c28cc21438b942c969010cfb88b c745e8498fab4aa3bfd3eeedc89400a7 - - default default] Successfully bumped revision number for resource 2c0ea58f-2181-442f-b217-1f5f57462735 (type: security_group_rules) to 0
2026-05-09 14:12:14.449 10 INFO neutron.wsgi [req-a969723b-6dc7-4be7-ac2a-f6c499790529 req-18ef7008-0b16-4172-a177-a96e5b5583ca 71a44c28cc21438b942c969010cfb88b c745e8498fab4aa3bfd3eeedc89400a7 - - default default] 10.0.0.98 "POST /v2.0/security-groups HTTP/1.1" status: 201 len: 1821 time: 0.4373765
2026-05-09 14:12:14.467 10 INFO neutron.db.ovn_revision_numbers_db [None req-b88ed565-36a1-4567-a008-9913f34a8206 - - - - - -] Successfully bumped revision number for resource 219d86a0-7ad2-461c-84ae-4e5fb4bf5dc9 (type: ports) to 2
2026-05-09 14:12:14.503 9 INFO neutron.db.ovn_revision_numbers_db [None req-1d41c480-769a-494c-a919-d1fc2c840bfd f7678d19ec564b6cb0550b4ea30cd854 b7d640d8392f43f8ab4b102e0b75fbe9 - - default default] Successfully bumped revision number for resource ef8f049e-19ae-4b26-96eb-9ea140659a77 (type: security_groups) to 1
2026-05-09 14:12:14.529 9 INFO neutron.db.ovn_revision_numbers_db [None req-1d41c480-769a-494c-a919-d1fc2c840bfd f7678d19ec564b6cb0550b4ea30cd854 b7d640d8392f43f8ab4b102e0b75fbe9 - - default default] Successfully bumped revision number for resource 2c340640-b12c-44ca-b98c-f93757214c7a (type: security_group_rules) to 0
2026-05-09 14:12:14.552 9 INFO neutron.db.ovn_revision_numbers_db [None req-1d41c480-769a-494c-a919-d1fc2c840bfd f7678d19ec564b6cb0550b4ea30cd854 b7d640d8392f43f8ab4b102e0b75fbe9 - - default default] Successfully bumped revision number for resource 697cf15a-dd19-4c52-baa5-e28bab53840b (type: security_group_rules) to 0
2026-05-09 14:12:14.599 9 INFO neutron.wsgi [None req-1d41c480-769a-494c-a919-d1fc2c840bfd f7678d19ec564b6cb0550b4ea30cd854 b7d640d8392f43f8ab4b102e0b75fbe9 - - default default] 10.0.0.51 "POST /v2.0/security-groups HTTP/1.1" status: 201 len: 1797 time: 0.3142476
2026-05-09 14:12:14.725 10 INFO neutron.db.ovn_revision_numbers_db [None req-b88ed565-36a1-4567-a008-9913f34a8206 - - - - - -] Successfully bumped revision number for resource 219d86a0-7ad2-461c-84ae-4e5fb4bf5dc9 (type: router_ports) to 2
2026-05-09 14:12:14.750 10 INFO neutron.wsgi [req-256be431-4b00-491e-b4ff-4549c03d9063 req-fefeb52a-4149-4ea2-98cd-d2a9da1f0f92 70a0add18752490091ff18294d5fb508 e4f09c28b0ea4bbe835cee72705f3853 - - default default] 10.0.0.98 "DELETE /v2.0/security-groups/f13d27e2-ce22-4226-a8c1-e3cd6bc82f83 HTTP/1.1" status: 204 len: 173 time: 0.3636117
2026-05-09 14:12:14.829 10 INFO neutron.db.ovn_revision_numbers_db [req-c59574a8-f0ad-4267-b2b0-4639bcf8b07b req-61826ac5-514d-4be9-933f-0b08b3496445 71a44c28cc21438b942c969010cfb88b c745e8498fab4aa3bfd3eeedc89400a7 - - default default] Successfully bumped revision number for resource da0d4382-b256-4302-8ea1-1a67536b6886 (type: security_groups) to 1
2026-05-09 14:12:14.855 10 INFO neutron.db.ovn_revision_numbers_db [req-c59574a8-f0ad-4267-b2b0-4639bcf8b07b req-61826ac5-514d-4be9-933f-0b08b3496445 71a44c28cc21438b942c969010cfb88b c745e8498fab4aa3bfd3eeedc89400a7 - - default default] Successfully bumped revision number for resource 967237f2-90e8-4ef7-a60f-3befeff0944a (type: security_group_rules) to 0
2026-05-09 14:12:14.963 10 INFO neutron.db.ovn_revision_numbers_db [req-c59574a8-f0ad-4267-b2b0-4639bcf8b07b req-61826ac5-514d-4be9-933f-0b08b3496445 71a44c28cc21438b942c969010cfb88b c745e8498fab4aa3bfd3eeedc89400a7 - - default default] Successfully bumped revision number for resource e0bf84eb-2b1a-491b-954d-d36d392c97f9 (type: security_group_rules) to 0
2026-05-09 14:12:14.991 10 INFO neutron.wsgi [req-c59574a8-f0ad-4267-b2b0-4639bcf8b07b req-61826ac5-514d-4be9-933f-0b08b3496445 71a44c28cc21438b942c969010cfb88b c745e8498fab4aa3bfd3eeedc89400a7 - - default default] 10.0.0.98 "POST /v2.0/security-groups HTTP/1.1" status: 201 len: 1823 time: 0.5152683
2026-05-09 14:12:14.992 10 INFO neutron.db.ovn_revision_numbers_db [None req-11901af2-bbfb-42ba-b677-43c5bbeeac85 f7678d19ec564b6cb0550b4ea30cd854 b7d640d8392f43f8ab4b102e0b75fbe9 - - default default] Successfully bumped revision number for resource 295bd425-e5e7-41eb-8bd5-440b1b2eb1b3 (type: security_group_rules) to 0
2026-05-09 14:12:15.021 10 INFO neutron.wsgi [None req-11901af2-bbfb-42ba-b677-43c5bbeeac85 f7678d19ec564b6cb0550b4ea30cd854 b7d640d8392f43f8ab4b102e0b75fbe9 - - default default] 10.0.0.51 "POST /v2.0/security-group-rules HTTP/1.1" status: 201 len: 764 time: 0.4108977
2026-05-09 14:12:15.023 10 INFO neutron.db.ovn_revision_numbers_db [None req-fe91f542-df47-48a3-8a8d-a868c6b3aa39 8cf26d45df56422da93471a9dbcd9fd6 805bb55269bb47df87fc224616b37195 - - default default] Successfully bumped revision number for resource f332bd37-66ef-4824-ad57-19d9ee8b1c94 (type: router_ports) to 1
2026-05-09 14:12:15.101 10 INFO neutron.wsgi [req-276e8987-1943-4ed1-abf9-38ad5928949d req-3edb44c9-6965-48a2-abd7-769e4494a119 71a44c28cc21438b942c969010cfb88b c745e8498fab4aa3bfd3eeedc89400a7 - - default default] 10.0.0.98 "GET /v2.0/security-groups?tenant_id=c745e8498fab4aa3bfd3eeedc89400a7 HTTP/1.1" status: 200 len: 7795 time: 0.0779288
2026-05-09 14:12:15.167 10 INFO neutron.wsgi [req-276e8987-1943-4ed1-abf9-38ad5928949d req-1d9699f3-7e7a-486e-8171-42970f66eed3 71a44c28cc21438b942c969010cfb88b c745e8498fab4aa3bfd3eeedc89400a7 - - default default] 10.0.0.98 "GET /v2.0/security-groups/3f32ab0c-6d81-4a30-bcd8-ccef552d8c9c HTTP/1.1" status: 200 len: 2994 time: 0.0581865
2026-05-09 14:12:15.202 9 INFO neutron.db.ovn_revision_numbers_db [None req-4509aa95-85f8-435d-9d24-e58772a8e3a1 - - - - - -] Successfully bumped revision number for resource 1b8d208a-d3e4-4b0c-9845-aece001166e9 (type: ports) to 1
2026-05-09 14:12:15.224 10 INFO neutron.wsgi [req-276e8987-1943-4ed1-abf9-38ad5928949d req-711821ad-fbae-40eb-ac6e-4318b3f7fd22 71a44c28cc21438b942c969010cfb88b c745e8498fab4aa3bfd3eeedc89400a7 - - default default] 10.0.0.98 "GET /v2.0/security-groups/3f32ab0c-6d81-4a30-bcd8-ccef552d8c9c HTTP/1.1" status: 200 len: 2994 time: 0.0505044
2026-05-09 14:12:15.224 10 INFO neutron.db.ovn_revision_numbers_db [None req-fe91f542-df47-48a3-8a8d-a868c6b3aa39 8cf26d45df56422da93471a9dbcd9fd6 805bb55269bb47df87fc224616b37195 - - default default] Successfully bumped revision number for resource f332bd37-66ef-4824-ad57-19d9ee8b1c94 (type: ports) to 1
2026-05-09 14:12:15.246 10 INFO neutron.db.ovn_revision_numbers_db [None req-5ac5af7f-1daa-4117-b724-d6c4f3f4b309 f7678d19ec564b6cb0550b4ea30cd854 b7d640d8392f43f8ab4b102e0b75fbe9 - - default default] Successfully bumped revision number for resource 63b61140-c505-4f8c-a360-d80a6bd4f5e2 (type: security_group_rules) to 0
2026-05-09 14:12:15.296 10 INFO neutron.wsgi [None req-5ac5af7f-1daa-4117-b724-d6c4f3f4b309 f7678d19ec564b6cb0550b4ea30cd854 b7d640d8392f43f8ab4b102e0b75fbe9 - - default default] 10.0.0.51 "POST /v2.0/security-group-rules HTTP/1.1" status: 201 len: 769 time: 0.2650371
2026-05-09 14:12:15.312 10 INFO neutron.wsgi [req-a8b20c11-e2fb-4244-92fa-2c494704d85f req-82ccefcb-bcdf-4841-a631-a189707e4bda 71a44c28cc21438b942c969010cfb88b c745e8498fab4aa3bfd3eeedc89400a7 - - default default] 10.0.0.98 "GET /v2.0/security-groups/82f57181-5d91-493c-8df9-c13f2d73ee7a HTTP/1.1" status: 200 len: 1818 time: 0.0629694
2026-05-09 14:12:15.325 10 WARNING neutron.scheduler.dhcp_agent_scheduler [None req-fe91f542-df47-48a3-8a8d-a868c6b3aa39 8cf26d45df56422da93471a9dbcd9fd6 805bb55269bb47df87fc224616b37195 - - default default] No more DHCP agents
2026-05-09 14:12:15.332 10 WARNING neutron.api.rpc.agentnotifiers.dhcp_rpc_agent_api [None req-fe91f542-df47-48a3-8a8d-a868c6b3aa39 8cf26d45df56422da93471a9dbcd9fd6 805bb55269bb47df87fc224616b37195 - - default default] Unable to schedule network a3a2110a-3199-49d4-b224-4e154b98da79: no agents available; will retry on subsequent port and subnet creation events.
2026-05-09 14:12:15.518 9 INFO neutron.wsgi [None req-c310af5e-c883-454a-a031-d9c939b83055 8cf26d45df56422da93471a9dbcd9fd6 805bb55269bb47df87fc224616b37195 - - default default] 10.0.0.131 "GET /v2.0/subnets HTTP/1.1" status: 200 len: 4082 time: 0.1326180
2026-05-09 14:12:15.589 9 INFO neutron.wsgi [None req-734919c1-127e-4532-afad-0f5e0abfe351 8cf26d45df56422da93471a9dbcd9fd6 805bb55269bb47df87fc224616b37195 - - default default] 10.0.0.131 "GET /v2.0/subnets HTTP/1.1" status: 200 len: 4082 time: 0.0540683
2026-05-09 14:12:15.593 10 INFO neutron.wsgi [req-a8b20c11-e2fb-4244-92fa-2c494704d85f req-67da6898-6585-4eee-8bb1-4b06040ff2b7 71a44c28cc21438b942c969010cfb88b c745e8498fab4aa3bfd3eeedc89400a7 - - default default] 10.0.0.98 "DELETE /v2.0/security-groups/82f57181-5d91-493c-8df9-c13f2d73ee7a HTTP/1.1" status: 204 len: 173 time: 0.2707164
2026-05-09 14:12:15.605 9 INFO neutron.wsgi [None req-323a099e-623a-43d0-9abe-90e5670ff57f 8cf26d45df56422da93471a9dbcd9fd6 805bb55269bb47df87fc224616b37195 - - default default] 10.0.0.131 "GET /v2.0/subnetpools HTTP/1.1" status: 200 len: 193 time: 0.0104876
2026-05-09 14:12:15.643 10 INFO neutron.api.v2.resource [req-133026f2-8cb8-45ab-9bc6-45ef80b349de req-4d53b036-a48e-43de-b597-7528fbf7f1d3 71a44c28cc21438b942c969010cfb88b c745e8498fab4aa3bfd3eeedc89400a7 - - default default] show failed (client error): The resource could not be found.
2026-05-09 14:12:15.644 10 INFO neutron.wsgi [req-133026f2-8cb8-45ab-9bc6-45ef80b349de req-4d53b036-a48e-43de-b597-7528fbf7f1d3 71a44c28cc21438b942c969010cfb88b c745e8498fab4aa3bfd3eeedc89400a7 - - default default] 10.0.0.98 "GET /v2.0/security-groups/82f57181-5d91-493c-8df9-c13f2d73ee7a HTTP/1.1" status: 404 len: 352 time: 0.0297558
2026-05-09 14:12:15.694 9 INFO neutron.wsgi [None req-922ae587-115b-4dad-b959-825598074e13 8cf26d45df56422da93471a9dbcd9fd6 805bb55269bb47df87fc224616b37195 - - default default] 10.0.0.131 "GET /v2.0/networks HTTP/1.1" status: 200 len: 5409 time: 0.0875006
2026-05-09 14:12:15.722 10 WARNING neutron.scheduler.dhcp_agent_scheduler [None req-6dfdd6b6-0af7-42da-823e-15fcf92fb0cd f7678d19ec564b6cb0550b4ea30cd854 b7d640d8392f43f8ab4b102e0b75fbe9 - - default default] No more DHCP agents
2026-05-09 14:12:15.726 10 WARNING neutron.api.rpc.agentnotifiers.dhcp_rpc_agent_api [None req-6dfdd6b6-0af7-42da-823e-15fcf92fb0cd f7678d19ec564b6cb0550b4ea30cd854 b7d640d8392f43f8ab4b102e0b75fbe9 - - default default] Unable to schedule network b5cdaea7-c0af-467e-b8d5-85f23f6c91ee: no agents available; will retry on subsequent port and subnet creation events.
2026-05-09 14:12:15.736 9 INFO neutron.wsgi [None req-77befbb8-d942-47ba-9b2d-173769bec672 8cf26d45df56422da93471a9dbcd9fd6 805bb55269bb47df87fc224616b37195 - - default default] 10.0.0.131 "GET /v2.0/network-ip-availabilities HTTP/1.1" status: 200 len: 3226 time: 0.0283620
2026-05-09 14:12:15.751 10 INFO neutron.wsgi [req-aae88671-59fb-4cad-898a-cd4e0534974d req-102fc59d-af3a-4fce-94d8-4055e00d18b6 71a44c28cc21438b942c969010cfb88b c745e8498fab4aa3bfd3eeedc89400a7 - - default default] 10.0.0.98 "GET /v2.0/security-groups/b0b89ae3-5cdb-4e3b-a36a-d4c21005a985 HTTP/1.1" status: 200 len: 1816 time: 0.0670972
2026-05-09 14:12:15.812 9 INFO neutron.db.ovn_revision_numbers_db [None req-4509aa95-85f8-435d-9d24-e58772a8e3a1 - - - - - -] Successfully bumped revision number for resource 1b8d208a-d3e4-4b0c-9845-aece001166e9 (type: router_ports) to 3
2026-05-09 14:12:15.882 9 INFO neutron.wsgi [None req-6cbd001b-2056-4d44-bac0-da65748e04a1 8cf26d45df56422da93471a9dbcd9fd6 805bb55269bb47df87fc224616b37195 - - default default] 10.0.0.131 "GET /v2.0/routers HTTP/1.1" status: 200 len: 2902 time: 0.1434565
2026-05-09 14:12:15.906 9 INFO neutron.wsgi [None req-6f7c54c4-329b-4f5a-a871-2589536b8d1d 8cf26d45df56422da93471a9dbcd9fd6 805bb55269bb47df87fc224616b37195 - - default default] 10.0.0.131 "GET /v2.0/agents?binary=ovn-controller HTTP/1.1" status: 200 len: 591 time: 0.0228794
2026-05-09 14:12:15.930 9 INFO neutron.wsgi [None req-126aa441-aa54-4732-aa03-1b0403f043d2 8cf26d45df56422da93471a9dbcd9fd6 805bb55269bb47df87fc224616b37195 - - default default] 10.0.0.131 "GET /v2.0/agents HTTP/1.1" status: 200 len: 997 time: 0.0213237
2026-05-09 14:12:16.083 9 INFO neutron.wsgi [None req-c20d7693-47e8-4bc5-9aae-08bca12fc963 8cf26d45df56422da93471a9dbcd9fd6 805bb55269bb47df87fc224616b37195 - - default default] 10.0.0.131 "GET /v2.0/floatingips HTTP/1.1" status: 200 len: 730 time: 0.1492603
2026-05-09 14:12:16.169 10 INFO neutron.wsgi [req-aae88671-59fb-4cad-898a-cd4e0534974d req-a2aaf8af-59ae-49eb-805c-5cb5a5c11f0a 71a44c28cc21438b942c969010cfb88b c745e8498fab4aa3bfd3eeedc89400a7 - - default default] 10.0.0.98 "DELETE /v2.0/security-groups/b0b89ae3-5cdb-4e3b-a36a-d4c21005a985 HTTP/1.1" status: 204 len: 173 time: 0.4056284
2026-05-09 14:12:16.204 9 INFO neutron.wsgi [None req-50cd2a6a-c5f5-45ca-9ce0-d02207c5f619 8cf26d45df56422da93471a9dbcd9fd6 805bb55269bb47df87fc224616b37195 - - default default] 10.0.0.131 "GET /v2.0/security-groups HTTP/1.1" status: 200 len: 32245 time: 0.1168458
2026-05-09 14:12:16.205 9 INFO neutron.db.ovn_revision_numbers_db [None req-4509aa95-85f8-435d-9d24-e58772a8e3a1 - - - - - -] Successfully bumped revision number for resource 1b8d208a-d3e4-4b0c-9845-aece001166e9 (type: ports) to 2
2026-05-09 14:12:16.210 10 INFO neutron.api.v2.resource [req-ef060f56-614a-4b49-8bab-edbbe37273bf req-e8910862-9366-4d8e-8d48-25ff0f513003 71a44c28cc21438b942c969010cfb88b c745e8498fab4aa3bfd3eeedc89400a7 - - default default] show failed (client error): The resource could not be found.
2026-05-09 14:12:16.211 10 INFO neutron.wsgi [req-ef060f56-614a-4b49-8bab-edbbe37273bf req-e8910862-9366-4d8e-8d48-25ff0f513003 71a44c28cc21438b942c969010cfb88b c745e8498fab4aa3bfd3eeedc89400a7 - - default default] 10.0.0.98 "GET /v2.0/security-groups/b0b89ae3-5cdb-4e3b-a36a-d4c21005a985 HTTP/1.1" status: 404 len: 352 time: 0.0191739
2026-05-09 14:12:16.291 9 INFO neutron.wsgi [None req-dfcabc2a-cc1f-4c92-888e-7241f5682927 8cf26d45df56422da93471a9dbcd9fd6 805bb55269bb47df87fc224616b37195 - - default default] 10.0.0.131 "GET /v2.0/ports HTTP/1.1" status: 200 len: 18183 time: 0.0627236
2026-05-09 14:12:16.330 10 INFO neutron.wsgi [req-aa4af830-ee40-447c-88c7-baee1ca5c5ca req-1738b406-7deb-430f-a0c1-e6e4dd71e3c3 71a44c28cc21438b942c969010cfb88b c745e8498fab4aa3bfd3eeedc89400a7 - - default default] 10.0.0.98 "GET /v2.0/security-groups/da0d4382-b256-4302-8ea1-1a67536b6886 HTTP/1.1" status: 200 len: 1818 time: 0.0841992
2026-05-09 14:12:16.483 10 INFO neutron.db.ovn_revision_numbers_db [None req-6dfdd6b6-0af7-42da-823e-15fcf92fb0cd f7678d19ec564b6cb0550b4ea30cd854 b7d640d8392f43f8ab4b102e0b75fbe9 - - default default] Successfully bumped revision number for resource 689acbe5-ca43-4d85-b0a7-1eef4d2efb1f (type: floatingips) to 0
2026-05-09 14:12:16.558 10 INFO neutron.wsgi [None req-6dfdd6b6-0af7-42da-823e-15fcf92fb0cd f7678d19ec564b6cb0550b4ea30cd854 b7d640d8392f43f8ab4b102e0b75fbe9 - - default default] 10.0.0.51 "POST /v2.0/floatingips HTTP/1.1" status: 201 len: 751 time: 1.2577548
2026-05-09 14:12:16.577 10 INFO neutron.wsgi [req-aa4af830-ee40-447c-88c7-baee1ca5c5ca req-8e6b0a2f-3d30-4552-8e3d-e436faa3caea 71a44c28cc21438b942c969010cfb88b c745e8498fab4aa3bfd3eeedc89400a7 - - default default] 10.0.0.98 "DELETE /v2.0/security-groups/da0d4382-b256-4302-8ea1-1a67536b6886 HTTP/1.1" status: 204 len: 173 time: 0.2381077
2026-05-09 14:12:16.580 10 INFO neutron.db.ovn_revision_numbers_db [None req-fe91f542-df47-48a3-8a8d-a868c6b3aa39 8cf26d45df56422da93471a9dbcd9fd6 805bb55269bb47df87fc224616b37195 - - default default] Successfully bumped revision number for resource f332bd37-66ef-4824-ad57-19d9ee8b1c94 (type: router_ports) to 1
2026-05-09 14:12:16.581 10 INFO neutron.wsgi [None req-fe91f542-df47-48a3-8a8d-a868c6b3aa39 8cf26d45df56422da93471a9dbcd9fd6 805bb55269bb47df87fc224616b37195 - - default default] 10.0.0.51 "PUT /v2.0/routers/6139b17b-2e4d-410d-bc57-96e6319ff552/add_router_interface HTTP/1.1" status: 200 len: 503 time: 3.4166131
2026-05-09 14:12:16.619 10 INFO neutron.api.v2.resource [req-14358629-3f3b-4ca4-a337-fe49ea65ac8d req-82b02e39-f45a-4989-a4d9-935ca4799661 71a44c28cc21438b942c969010cfb88b c745e8498fab4aa3bfd3eeedc89400a7 - - default default] show failed (client error): The resource could not be found.
2026-05-09 14:12:16.620 10 INFO neutron.wsgi [req-14358629-3f3b-4ca4-a337-fe49ea65ac8d req-82b02e39-f45a-4989-a4d9-935ca4799661 71a44c28cc21438b942c969010cfb88b c745e8498fab4aa3bfd3eeedc89400a7 - - default default] 10.0.0.98 "GET /v2.0/security-groups/da0d4382-b256-4302-8ea1-1a67536b6886 HTTP/1.1" status: 404 len: 352 time: 0.0158460
2026-05-09 14:12:16.692 10 INFO neutron.wsgi [req-cab46723-314e-48c8-b37e-6ec482418e31 req-601a7dcb-9887-43ff-8132-4d531d20c38c 71a44c28cc21438b942c969010cfb88b c745e8498fab4aa3bfd3eeedc89400a7 - - default default] 10.0.0.98 "GET /v2.0/security-groups?tenant_id=c745e8498fab4aa3bfd3eeedc89400a7 HTTP/1.1" status: 200 len: 2997 time: 0.0472195
2026-05-09 14:12:16.730 10 INFO neutron.wsgi [req-cab46723-314e-48c8-b37e-6ec482418e31 req-88fc3c91-012a-41bb-b3be-5480a8943597 71a44c28cc21438b942c969010cfb88b c745e8498fab4aa3bfd3eeedc89400a7 - - default default] 10.0.0.98 "GET /v2.0/security-groups/3f32ab0c-6d81-4a30-bcd8-ccef552d8c9c HTTP/1.1" status: 200 len: 2994 time: 0.0279143
2026-05-09 14:12:16.770 10 INFO neutron.wsgi [req-cab46723-314e-48c8-b37e-6ec482418e31 req-6563ff7e-6bf1-4bc2-a3a6-be2a7b2ecfa8 71a44c28cc21438b942c969010cfb88b c745e8498fab4aa3bfd3eeedc89400a7 - - default default] 10.0.0.98 "GET /v2.0/security-groups/3f32ab0c-6d81-4a30-bcd8-ccef552d8c9c HTTP/1.1" status: 200 len: 2994 time: 0.0330071
2026-05-09 14:12:16.825 10 INFO neutron.api.v2.resource [req-02fb7061-a469-447e-8936-ca73ba4ed573 req-9455aab2-22ff-431a-8f28-bd6f0beead95 71a44c28cc21438b942c969010cfb88b c745e8498fab4aa3bfd3eeedc89400a7 - - default default] show failed (client error): The resource could not be found.
2026-05-09 14:12:16.826 10 INFO neutron.wsgi [req-02fb7061-a469-447e-8936-ca73ba4ed573 req-9455aab2-22ff-431a-8f28-bd6f0beead95 71a44c28cc21438b942c969010cfb88b c745e8498fab4aa3bfd3eeedc89400a7 - - default default] 10.0.0.98 "GET /v2.0/security-groups/da0d4382-b256-4302-8ea1-1a67536b6886 HTTP/1.1" status: 404 len: 352 time: 0.0158846
2026-05-09 14:12:16.849 9 INFO neutron.db.ovn_revision_numbers_db [None req-4509aa95-85f8-435d-9d24-e58772a8e3a1 - - - - - -] Successfully bumped revision number for resource 1b8d208a-d3e4-4b0c-9845-aece001166e9 (type: ports) to 4
2026-05-09 14:12:16.859 9 INFO neutron.wsgi [None req-49a125a1-a4f4-4ffd-a72a-64614780be0e 8cf26d45df56422da93471a9dbcd9fd6 805bb55269bb47df87fc224616b37195 - - default default] 10.0.0.51 "PUT /v2.0/routers/3ac54c66-ac05-40f6-a552-4bc4031e0999/remove_router_interface HTTP/1.1" status: 200 len: 503 time: 2.0981367
2026-05-09 14:12:16.864 10 INFO neutron.api.v2.resource [req-701e05a5-ba45-4ff1-b03c-14604b6e4c0c req-10fdf7b5-6f12-454a-a82c-4ab3519b51ea 71a44c28cc21438b942c969010cfb88b c745e8498fab4aa3bfd3eeedc89400a7 - - default default] show failed (client error): The resource could not be found.
2026-05-09 14:12:16.865 10 INFO neutron.wsgi [req-701e05a5-ba45-4ff1-b03c-14604b6e4c0c req-10fdf7b5-6f12-454a-a82c-4ab3519b51ea 71a44c28cc21438b942c969010cfb88b c745e8498fab4aa3bfd3eeedc89400a7 - - default default] 10.0.0.98 "GET /v2.0/security-groups/b0b89ae3-5cdb-4e3b-a36a-d4c21005a985 HTTP/1.1" status: 404 len: 352 time: 0.0205054 /var/lib/openstack/lib/python3.10/site-packages/pycadf/identifier.py:71: UserWarning: Invalid uuid: neutron. To ensure interoperability, identifiers should be a valid uuid. warnings.warn(('Invalid uuid: %s. To ensure interoperability, '
2026-05-09 14:12:16.905 10 INFO neutron.api.v2.resource [req-ed987d5b-f177-4c3c-a782-71617a6ef601 req-5a0ef8cb-e670-44bc-82db-60b097c3ca88 71a44c28cc21438b942c969010cfb88b c745e8498fab4aa3bfd3eeedc89400a7 - - default default] show failed (client error): The resource could not be found.
