2026-05-09 14:08:15.605 9 INFO neutron.wsgi [None req-99fbb136-58d5-41c0-885f-cac9013bd088 8cf26d45df56422da93471a9dbcd9fd6 805bb55269bb47df87fc224616b37195 - - default default] 10.0.0.131 "GET /v2.0/routers HTTP/1.1" status: 200 len: 189 time: 0.0191247
2026-05-09 14:08:15.613 9 INFO neutron.wsgi [None req-d3190db1-8641-41e0-9d19-faf8ab7dc407 8cf26d45df56422da93471a9dbcd9fd6 805bb55269bb47df87fc224616b37195 - - default default] 10.0.0.131 "GET /v2.0/agents?binary=ovn-controller HTTP/1.1" status: 200 len: 591 time: 0.0074461
2026-05-09 14:08:15.627 9 INFO neutron.wsgi [None req-60c45ffb-3e8b-4cde-ab64-cb27ea170855 8cf26d45df56422da93471a9dbcd9fd6 805bb55269bb47df87fc224616b37195 - - default default] 10.0.0.131 "GET /v2.0/floatingips HTTP/1.1" status: 200 len: 193 time: 0.0135081
2026-05-09 14:08:15.716 9 INFO neutron.wsgi [None req-96ed84eb-4e3b-4e80-b589-e23a329df15d 8cf26d45df56422da93471a9dbcd9fd6 805bb55269bb47df87fc224616b37195 - - default default] 10.0.0.131 "GET /v2.0/networks HTTP/1.1" status: 200 len: 2350 time: 0.0873365
2026-05-09 14:08:15.759 9 INFO neutron.wsgi [None req-661eeb2b-e841-4c20-a9f8-de746a64cc43 8cf26d45df56422da93471a9dbcd9fd6 805bb55269bb47df87fc224616b37195 - - default default] 10.0.0.131 "GET /v2.0/security-groups HTTP/1.1" status: 200 len: 16799 time: 0.0409992
2026-05-09 14:08:15.813 9 INFO neutron.wsgi [None req-3735b176-6642-4197-b442-8d70e3741ef9 8cf26d45df56422da93471a9dbcd9fd6 805bb55269bb47df87fc224616b37195 - - default default] 10.0.0.131 "GET /v2.0/subnets HTTP/1.1" status: 200 len: 1437 time: 0.0444932
2026-05-09 14:08:15.842 9 INFO neutron.wsgi [None req-e580abe3-13f4-4ab9-a1bc-758bd9e456a2 8cf26d45df56422da93471a9dbcd9fd6 805bb55269bb47df87fc224616b37195 - - default default] 10.0.0.131 "GET /v2.0/ports HTTP/1.1" status: 200 len: 5347 time: 0.0277722
2026-05-09 14:08:17.575 9 INFO neutron.wsgi [-] 10.0.0.180 "GET / HTTP/1.1" status: 200 len: 246 time: 0.0015490
2026-05-09 14:08:17.577 10 INFO neutron.wsgi [-] 10.0.0.180 "GET / HTTP/1.1" status: 200 len: 246 time: 0.0023744
2026-05-09 14:08:18.335 9 INFO neutron.wsgi [None req-faa43a62-ac41-45c5-9e29-83a1e08bea6f 8cf26d45df56422da93471a9dbcd9fd6 805bb55269bb47df87fc224616b37195 - - default default] 199.204.45.144,10.0.0.180 "GET /v2.0/networks HTTP/1.1" status: 200 len: 2350 time: 0.1174161
2026-05-09 14:08:19.400 9 INFO neutron.wsgi [None req-df2a6ec3-4ea1-4a8c-a36f-c91f0ce8be1e 8cf26d45df56422da93471a9dbcd9fd6 805bb55269bb47df87fc224616b37195 - - default default] 199.204.45.144,10.0.0.180 "GET /v2.0/subnets HTTP/1.1" status: 200 len: 1437 time: 0.0729675
2026-05-09 14:08:19.462 9 INFO neutron.wsgi [None req-75909a40-3ac6-4901-8dc4-3dbdac45d7e8 8cf26d45df56422da93471a9dbcd9fd6 805bb55269bb47df87fc224616b37195 - - default default] 199.204.45.144,10.0.0.180 "GET /v2.0/networks HTTP/1.1" status: 200 len: 2350 time: 0.0568347
2026-05-09 14:08:32.577 9 INFO neutron.wsgi [-] 10.0.0.180 "GET / HTTP/1.1" status: 200 len: 246 time: 0.0023558
2026-05-09 14:08:32.578 10 INFO neutron.wsgi [-] 10.0.0.180 "GET / HTTP/1.1" status: 200 len: 246 time: 0.0025725
2026-05-09 14:08:47.576 9 INFO neutron.wsgi [-] 10.0.0.180 "GET / HTTP/1.1" status: 200 len: 246 time: 0.0017796
2026-05-09 14:08:47.577 10 INFO neutron.wsgi [-] 10.0.0.180 "GET / HTTP/1.1" status: 200 len: 246 time: 0.0026157
2026-05-09 14:08:54.387 9 INFO neutron.wsgi [None req-9fa9afed-3c05-4223-b7f6-367ba6a1f712 8cf26d45df56422da93471a9dbcd9fd6 805bb55269bb47df87fc224616b37195 - - default default] 199.204.45.144,10.0.0.180 "GET /v2.0/networks HTTP/1.1" status: 200 len: 2350 time: 0.1047370 /var/lib/openstack/lib/python3.10/site-packages/pycadf/identifier.py:71: UserWarning: Invalid uuid: unknown. To ensure interoperability, identifiers should be a valid uuid. warnings.warn(('Invalid uuid: %s. To ensure interoperability, '
2026-05-09 14:08:55.269 10 INFO neutron.wsgi [None req-561d1b50-a77d-4e80-bbdc-6364814e717d 8cf26d45df56422da93471a9dbcd9fd6 805bb55269bb47df87fc224616b37195 - - default default] 199.204.45.144,10.0.0.180 "GET /v2.0/subnets HTTP/1.1" status: 200 len: 1437 time: 0.0794661
2026-05-09 14:08:55.336 10 INFO neutron.wsgi [None req-dc81c1a4-5d24-4659-b078-314cffd6a930 8cf26d45df56422da93471a9dbcd9fd6 805bb55269bb47df87fc224616b37195 - - default default] 199.204.45.144,10.0.0.180 "GET /v2.0/networks HTTP/1.1" status: 200 len: 2350 time: 0.0600705
2026-05-09 14:08:56.361 10 INFO neutron.wsgi [None req-e4683eef-2744-4e06-b60f-d57b39e12863 8cf26d45df56422da93471a9dbcd9fd6 805bb55269bb47df87fc224616b37195 - - default default] 199.204.45.144,10.0.0.180 "GET /v2.0/security-groups?tenant_id=805bb55269bb47df87fc224616b37195 HTTP/1.1" status: 200 len: 10157 time: 0.0846250
2026-05-09 14:08:57.459 10 INFO neutron.wsgi [None req-94e19f05-8789-4db6-b41e-f8a3f940a5dd 8cf26d45df56422da93471a9dbcd9fd6 805bb55269bb47df87fc224616b37195 - - default default] 199.204.45.144,10.0.0.180 "GET /v2.0/security-groups?tenant_id=805bb55269bb47df87fc224616b37195 HTTP/1.1" status: 200 len: 10157 time: 0.0727806
2026-05-09 14:08:58.305 10 INFO neutron.wsgi [None req-72b43256-d80c-455c-95b6-7c97539f1009 8cf26d45df56422da93471a9dbcd9fd6 805bb55269bb47df87fc224616b37195 - - default default] 199.204.45.144,10.0.0.180 "GET /v2.0/security-groups?tenant_id=805bb55269bb47df87fc224616b37195 HTTP/1.1" status: 200 len: 10157 time: 0.0806043
2026-05-09 14:08:59.123 10 INFO neutron.wsgi [None req-96c6ad61-cf69-4d21-96d2-ff7d6960fcc3 8cf26d45df56422da93471a9dbcd9fd6 805bb55269bb47df87fc224616b37195 - - default default] 199.204.45.144,10.0.0.180 "GET /v2.0/security-groups?tenant_id=805bb55269bb47df87fc224616b37195 HTTP/1.1" status: 200 len: 10157 time: 0.0754955
2026-05-09 14:08:59.972 9 INFO neutron.wsgi [None req-11741158-e5ac-43bb-aaf3-efafee6f0581 8cf26d45df56422da93471a9dbcd9fd6 805bb55269bb47df87fc224616b37195 - - default default] 199.204.45.144,10.0.0.180 "GET /v2.0/security-groups?tenant_id=805bb55269bb47df87fc224616b37195 HTTP/1.1" status: 200 len: 10157 time: 0.0836754
2026-05-09 14:09:00.784 10 INFO neutron.wsgi [None req-2e39327d-67c5-47e9-8009-559457af8fb3 8cf26d45df56422da93471a9dbcd9fd6 805bb55269bb47df87fc224616b37195 - - default default] 199.204.45.144,10.0.0.180 "GET /v2.0/security-groups?tenant_id=805bb55269bb47df87fc224616b37195 HTTP/1.1" status: 200 len: 10157 time: 0.0746236
2026-05-09 14:09:01.867 9 INFO neutron.wsgi [None req-5b81410a-eb42-4493-a9f9-b31bab3b37c9 8cf26d45df56422da93471a9dbcd9fd6 805bb55269bb47df87fc224616b37195 - - default default] 199.204.45.144,10.0.0.180 "GET /v2.0/security-groups HTTP/1.1" status: 200 len: 16799 time: 0.0858686
2026-05-09 14:09:01.910 9 INFO neutron.wsgi [None req-03e99960-5dc4-485c-846e-b3bd067eb301 8cf26d45df56422da93471a9dbcd9fd6 805bb55269bb47df87fc224616b37195 - - default default] 199.204.45.144,10.0.0.180 "GET /v2.0/ports HTTP/1.1" status: 200 len: 5347 time: 0.0318327
2026-05-09 14:09:02.576 9 INFO neutron.wsgi [-] 10.0.0.180 "GET / HTTP/1.1" status: 200 len: 246 time: 0.0016503
2026-05-09 14:09:02.577 10 INFO neutron.wsgi [-] 10.0.0.180 "GET / HTTP/1.1" status: 200 len: 246 time: 0.0022497
2026-05-09 14:09:08.075 9 INFO neutron.pecan_wsgi.hooks.translation [None req-666dd8d7-a41e-4cfb-a25b-f5e8b9ac988f 8cf26d45df56422da93471a9dbcd9fd6 805bb55269bb47df87fc224616b37195 - - default default] GET failed (client error): The resource could not be found.
2026-05-09 14:09:08.076 9 INFO neutron.wsgi [None req-666dd8d7-a41e-4cfb-a25b-f5e8b9ac988f 8cf26d45df56422da93471a9dbcd9fd6 805bb55269bb47df87fc224616b37195 - - default default] 199.204.45.144,10.0.0.180 "GET /v2.0/ports/octavia-health-manager-port-instance HTTP/1.1" status: 404 len: 314 time: 0.0669792
2026-05-09 14:09:08.112 9 INFO neutron.wsgi [None req-6959bd4a-35fb-4778-9091-c0249a68865e 8cf26d45df56422da93471a9dbcd9fd6 805bb55269bb47df87fc224616b37195 - - default default] 199.204.45.144,10.0.0.180 "GET /v2.0/ports?name=octavia-health-manager-port-instance HTTP/1.1" status: 200 len: 1395 time: 0.0303059
2026-05-09 14:09:09.514 9 INFO neutron.wsgi [None req-19a571c3-d448-4458-9607-b344e445c83c 8cf26d45df56422da93471a9dbcd9fd6 805bb55269bb47df87fc224616b37195 - - default default] 199.204.45.144,10.0.0.180 "GET /v2.0/ports HTTP/1.1" status: 200 len: 5347 time: 0.0941682
2026-05-09 14:09:10.623 10 INFO neutron.wsgi [None req-fa12260c-1a12-423d-9f87-888c4ddacb2f 8cf26d45df56422da93471a9dbcd9fd6 805bb55269bb47df87fc224616b37195 - - default default] 199.204.45.144,10.0.0.180 "GET /v2.0/security-groups?tenant_id=805bb55269bb47df87fc224616b37195 HTTP/1.1" status: 200 len: 10157 time: 0.0858445
2026-05-09 14:09:11.546 10 INFO neutron.wsgi [None req-4c46a84b-a64a-412d-bc7f-cf6ea21ebf3e 8cf26d45df56422da93471a9dbcd9fd6 805bb55269bb47df87fc224616b37195 - - default default] 199.204.45.144,10.0.0.180 "GET /v2.0/security-groups?tenant_id=805bb55269bb47df87fc224616b37195 HTTP/1.1" status: 200 len: 10157 time: 0.0815217
2026-05-09 14:09:12.380 10 INFO neutron.wsgi [None req-9b250f5c-4643-48cc-8654-6b4e2f6ba960 8cf26d45df56422da93471a9dbcd9fd6 805bb55269bb47df87fc224616b37195 - - default default] 199.204.45.144,10.0.0.180 "GET /v2.0/security-groups?tenant_id=805bb55269bb47df87fc224616b37195 HTTP/1.1" status: 200 len: 10157 time: 0.0778913
2026-05-09 14:09:15.515 9 INFO neutron.wsgi [None req-1d53cbe7-7357-4d5b-a5ca-4d6a6c2e0998 8cf26d45df56422da93471a9dbcd9fd6 805bb55269bb47df87fc224616b37195 - - default default] 10.0.0.131 "GET /v2.0/security-groups HTTP/1.1" status: 200 len: 16799 time: 0.0855672
2026-05-09 14:09:15.552 9 INFO neutron.wsgi [None req-6f39961f-aac1-410a-ac41-af18e3affe82 8cf26d45df56422da93471a9dbcd9fd6 805bb55269bb47df87fc224616b37195 - - default default] 10.0.0.131 "GET /v2.0/ports HTTP/1.1" status: 200 len: 5347 time: 0.0310054
2026-05-09 14:09:15.570 9 INFO neutron.wsgi [None req-96804b95-f682-4f53-a756-a0e25b340dc5 8cf26d45df56422da93471a9dbcd9fd6 805bb55269bb47df87fc224616b37195 - - default default] 10.0.0.131 "GET /v2.0/network-ip-availabilities HTTP/1.1" status: 200 len: 1280 time: 0.0111606
2026-05-09 14:09:15.598 9 INFO neutron.wsgi [None req-c8d167c4-08ec-456f-868b-6d29984d57bb 8cf26d45df56422da93471a9dbcd9fd6 805bb55269bb47df87fc224616b37195 - - default default] 10.0.0.131 "GET /v2.0/subnets HTTP/1.1" status: 200 len: 1437 time: 0.0273123
2026-05-09 14:09:15.618 9 INFO neutron.wsgi [None req-d79e9949-5da4-41d6-90d3-bcf538d7801f 8cf26d45df56422da93471a9dbcd9fd6 805bb55269bb47df87fc224616b37195 - - default default] 10.0.0.131 "GET /v2.0/floatingips HTTP/1.1" status: 200 len: 193 time: 0.0180683
2026-05-09 14:09:15.648 9 INFO neutron.wsgi [None req-87d913be-4832-4455-a547-9dd5b20e0d2c 8cf26d45df56422da93471a9dbcd9fd6 805bb55269bb47df87fc224616b37195 - - default default] 10.0.0.131 "GET /v2.0/agents HTTP/1.1" status: 200 len: 997 time: 0.0298898
2026-05-09 14:09:15.683 9 INFO neutron.wsgi [None req-fca32fdf-c960-47bf-810b-d20a01df9118 8cf26d45df56422da93471a9dbcd9fd6 805bb55269bb47df87fc224616b37195 - - default default] 10.0.0.131 "GET /v2.0/subnets HTTP/1.1" status: 200 len: 1437 time: 0.0332010
2026-05-09 14:09:15.696 9 INFO neutron.wsgi [None req-7c7af2b9-ada1-4d83-83e1-e0f87859ac56 8cf26d45df56422da93471a9dbcd9fd6 805bb55269bb47df87fc224616b37195 - - default default] 10.0.0.131 "GET /v2.0/subnetpools HTTP/1.1" status: 200 len: 193 time: 0.0129328
2026-05-09 14:09:15.749 9 INFO neutron.wsgi [None req-e4108b16-1aeb-4453-8e03-04247689f7e3 8cf26d45df56422da93471a9dbcd9fd6 805bb55269bb47df87fc224616b37195 - - default default] 10.0.0.131 "GET /v2.0/networks HTTP/1.1" status: 200 len: 2350 time: 0.0519037
2026-05-09 14:09:15.771 9 INFO neutron.wsgi [None req-15ae1220-2648-4e1e-ac3f-e33b32f17359 8cf26d45df56422da93471a9dbcd9fd6 805bb55269bb47df87fc224616b37195 - - default default] 10.0.0.131 "GET /v2.0/routers HTTP/1.1" status: 200 len: 189 time: 0.0188634
2026-05-09 14:09:15.779 9 INFO neutron.wsgi [None req-d2c9fbc2-9724-434f-920e-412cbceffd58 8cf26d45df56422da93471a9dbcd9fd6 805bb55269bb47df87fc224616b37195 - - default default] 10.0.0.131 "GET /v2.0/agents?binary=ovn-controller HTTP/1.1" status: 200 len: 591 time: 0.0077567
2026-05-09 14:09:17.576 9 INFO neutron.wsgi [-] 10.0.0.180 "GET / HTTP/1.1" status: 200 len: 246 time: 0.0015893
2026-05-09 14:09:17.577 10 INFO neutron.wsgi [-] 10.0.0.180 "GET / HTTP/1.1" status: 200 len: 246 time: 0.0029612
2026-05-09 14:09:22.919 9 INFO neutron.wsgi [None req-836c7b9c-1140-4ea4-89f1-73fc34aa7e02 8cf26d45df56422da93471a9dbcd9fd6 805bb55269bb47df87fc224616b37195 - - default default] 199.204.45.144,10.0.0.180 "GET /v2.0/quotas/805bb55269bb47df87fc224616b37195 HTTP/1.1" status: 200 len: 361 time: 0.0119398
2026-05-09 14:09:32.578 9 INFO neutron.wsgi [-] 10.0.0.180 "GET / HTTP/1.1" status: 200 len: 246 time: 0.0024774
2026-05-09 14:09:32.578 10 INFO neutron.wsgi [-] 10.0.0.180 "GET / HTTP/1.1" status: 200 len: 246 time: 0.0023193
2026-05-09 14:09:47.577 9 INFO neutron.wsgi [-] 10.0.0.180 "GET / HTTP/1.1" status: 200 len: 246 time: 0.0024843
2026-05-09 14:09:47.577 10 INFO neutron.wsgi [-] 10.0.0.180 "GET / HTTP/1.1" status: 200 len: 246 time: 0.0028877
2026-05-09 14:10:02.578 9 INFO neutron.wsgi [-] 10.0.0.180 "GET / HTTP/1.1" status: 200 len: 246 time: 0.0032516
2026-05-09 14:10:02.581 9 INFO neutron.wsgi [-] 10.0.0.180 "GET / HTTP/1.1" status: 200 len: 246 time: 0.0019917
2026-05-09 14:10:11.406 10 INFO neutron.wsgi [None req-0c663db7-b7b0-4803-b151-e7e5668d3e7b 8cf26d45df56422da93471a9dbcd9fd6 805bb55269bb47df87fc224616b37195 - - default default] 199.204.45.144,10.0.0.180 "GET /v2.0/security-groups?tenant_id=6e77d59566744f7a801e02a9fad94e26 HTTP/1.1" status: 200 len: 6838 time: 0.0763381
2026-05-09 14:10:12.356 10 INFO neutron.wsgi [None req-4ca16d64-7f57-4bd9-8cc7-f9390f17b8b8 8cf26d45df56422da93471a9dbcd9fd6 805bb55269bb47df87fc224616b37195 - - default default] 199.204.45.144,10.0.0.180 "GET /v2.0/security-groups?tenant_id=6e77d59566744f7a801e02a9fad94e26 HTTP/1.1" status: 200 len: 6838 time: 0.0778213
2026-05-09 14:10:13.207 10 INFO neutron.wsgi [None req-662be720-ad5b-4273-953e-d34c8d876e2c 8cf26d45df56422da93471a9dbcd9fd6 805bb55269bb47df87fc224616b37195 - - default default] 199.204.45.144,10.0.0.180 "GET /v2.0/security-groups?tenant_id=6e77d59566744f7a801e02a9fad94e26 HTTP/1.1" status: 200 len: 6838 time: 0.0803168
2026-05-09 14:10:14.078 9 INFO neutron.wsgi [None req-88e20659-52a2-4ecf-8fd4-60f03cbb950b 8cf26d45df56422da93471a9dbcd9fd6 805bb55269bb47df87fc224616b37195 - - default default] 199.204.45.144,10.0.0.180 "GET /v2.0/security-groups?tenant_id=6e77d59566744f7a801e02a9fad94e26 HTTP/1.1" status: 200 len: 6838 time: 0.0810933
2026-05-09 14:10:15.021 9 INFO neutron.wsgi [None req-9875209a-61cd-43e7-87f4-bba3914bdd4a 8cf26d45df56422da93471a9dbcd9fd6 805bb55269bb47df87fc224616b37195 - - default default] 199.204.45.144,10.0.0.180 "GET /v2.0/security-groups?tenant_id=6e77d59566744f7a801e02a9fad94e26 HTTP/1.1" status: 200 len: 6838 time: 0.0839181
2026-05-09 14:10:15.502 9 INFO neutron.wsgi [None req-3aefbf57-6339-419a-a5d5-ffdc1efe10b1 8cf26d45df56422da93471a9dbcd9fd6 805bb55269bb47df87fc224616b37195 - - default default] 10.0.0.131 "GET /v2.0/floatingips HTTP/1.1" status: 200 len: 193 time: 0.0667338
2026-05-09 14:10:15.530 9 INFO neutron.wsgi [None req-ce29e632-c38b-4d49-8420-ab0b5093cafa 8cf26d45df56422da93471a9dbcd9fd6 805bb55269bb47df87fc224616b37195 - - default default] 10.0.0.131 "GET /v2.0/ports HTTP/1.1" status: 200 len: 5347 time: 0.0270793
2026-05-09 14:10:15.556 9 INFO neutron.wsgi [None req-48bf795a-fec8-45ad-b4e3-ac7f5b488c12 8cf26d45df56422da93471a9dbcd9fd6 805bb55269bb47df87fc224616b37195 - - default default] 10.0.0.131 "GET /v2.0/routers HTTP/1.1" status: 200 len: 189 time: 0.0211790
2026-05-09 14:10:15.582 9 INFO neutron.wsgi [None req-6e785897-3a39-4508-9f8c-19b374933710 8cf26d45df56422da93471a9dbcd9fd6 805bb55269bb47df87fc224616b37195 - - default default] 10.0.0.131 "GET /v2.0/agents?binary=ovn-controller HTTP/1.1" status: 200 len: 591 time: 0.0254343
2026-05-09 14:10:15.590 9 INFO neutron.wsgi [None req-06f010bf-e587-4e1c-9f0a-05603c501680 8cf26d45df56422da93471a9dbcd9fd6 805bb55269bb47df87fc224616b37195 - - default default] 10.0.0.131 "GET /v2.0/network-ip-availabilities HTTP/1.1" status: 200 len: 1280 time: 0.0076759
2026-05-09 14:10:15.626 9 INFO neutron.wsgi [None req-e34f594f-b7e2-479e-8994-9a39ac349002 8cf26d45df56422da93471a9dbcd9fd6 805bb55269bb47df87fc224616b37195 - - default default] 10.0.0.131 "GET /v2.0/subnets HTTP/1.1" status: 200 len: 1437 time: 0.0348535
2026-05-09 14:10:15.637 9 INFO neutron.wsgi [None req-05452506-2764-4f12-9a1f-d86f0650f2ee 8cf26d45df56422da93471a9dbcd9fd6 805bb55269bb47df87fc224616b37195 - - default default] 10.0.0.131 "GET /v2.0/subnetpools HTTP/1.1" status: 200 len: 193 time: 0.0099766
2026-05-09 14:10:15.682 9 INFO neutron.wsgi [None req-e27c0f85-92e6-473c-b9e5-494e7ec5916e 8cf26d45df56422da93471a9dbcd9fd6 805bb55269bb47df87fc224616b37195 - - default default] 10.0.0.131 "GET /v2.0/networks HTTP/1.1" status: 200 len: 2350 time: 0.0438907
2026-05-09 14:10:15.726 9 INFO neutron.wsgi [None req-08b1098a-35fe-4a5c-a445-83b016dfd05d 8cf26d45df56422da93471a9dbcd9fd6 805bb55269bb47df87fc224616b37195 - - default default] 10.0.0.131 "GET /v2.0/security-groups HTTP/1.1" status: 200 len: 16799 time: 0.0419745
2026-05-09 14:10:15.770 9 INFO neutron.wsgi [None req-883c8c28-074b-40a7-be42-69db16b12949 8cf26d45df56422da93471a9dbcd9fd6 805bb55269bb47df87fc224616b37195 - - default default] 10.0.0.131 "GET /v2.0/subnets HTTP/1.1" status: 200 len: 1437 time: 0.0396965
2026-05-09 14:10:15.780 9 INFO neutron.wsgi [None req-4d5f641a-b171-4a99-bd71-ac641c937504 8cf26d45df56422da93471a9dbcd9fd6 805bb55269bb47df87fc224616b37195 - - default default] 10.0.0.131 "GET /v2.0/agents HTTP/1.1" status: 200 len: 997 time: 0.0094213
2026-05-09 14:10:17.576 9 INFO neutron.wsgi [-] 10.0.0.180 "GET / HTTP/1.1" status: 200 len: 246 time: 0.0018263
2026-05-09 14:10:17.579 9 INFO neutron.wsgi [-] 10.0.0.180 "GET / HTTP/1.1" status: 200 len: 246 time: 0.0017514
2026-05-09 14:10:22.147 10 INFO neutron.wsgi [None req-4e14e2e8-3413-4726-be19-390972480d5e 8cf26d45df56422da93471a9dbcd9fd6 805bb55269bb47df87fc224616b37195 - - default default] 199.204.45.144,10.0.0.180 "GET /v2.0/quotas/6e77d59566744f7a801e02a9fad94e26 HTTP/1.1" status: 200 len: 361 time: 0.0111716
2026-05-09 14:10:32.577 10 INFO neutron.wsgi [-] 10.0.0.180 "GET / HTTP/1.1" status: 200 len: 246 time: 0.0023389
2026-05-09 14:10:32.581 9 INFO neutron.wsgi [-] 10.0.0.180 "GET / HTTP/1.1" status: 200 len: 246 time: 0.0027251
2026-05-09 14:10:47.576 9 INFO neutron.wsgi [-] 10.0.0.180 "GET / HTTP/1.1" status: 200 len: 246 time: 0.0021257
2026-05-09 14:10:47.579 10 INFO neutron.wsgi [-] 10.0.0.180 "GET / HTTP/1.1" status: 200 len: 246 time: 0.0041089
2026-05-09 14:11:02.582 9 INFO neutron.wsgi [-] 10.0.0.180 "GET / HTTP/1.1" status: 200 len: 246 time: 0.0067503
2026-05-09 14:11:02.584 9 INFO neutron.wsgi [-] 10.0.0.180 "GET / HTTP/1.1" status: 200 len: 246 time: 0.0014629
2026-05-09 14:11:11.906 9 INFO neutron.wsgi [None req-2a4471fe-bcbb-4376-99a0-71eb1661a305 8cf26d45df56422da93471a9dbcd9fd6 805bb55269bb47df87fc224616b37195 - - default default] 199.204.45.144,10.0.0.180 "GET /v2.0/networks HTTP/1.1" status: 200 len: 2350 time: 0.1034050
2026-05-09 14:11:15.484 9 INFO neutron.wsgi [None req-c7a1ca50-26b1-45af-aa4c-b194fc47d480 8cf26d45df56422da93471a9dbcd9fd6 805bb55269bb47df87fc224616b37195 - - default default] 10.0.0.131 "GET /v2.0/routers HTTP/1.1" status: 200 len: 189 time: 0.0835850
2026-05-09 14:11:15.510 9 INFO neutron.wsgi [None req-97498353-3144-444d-b6fd-b5dab31715ad 8cf26d45df56422da93471a9dbcd9fd6 805bb55269bb47df87fc224616b37195 - - default default] 10.0.0.131 "GET /v2.0/agents?binary=ovn-controller HTTP/1.1" status: 200 len: 591 time: 0.0256097
2026-05-09 14:11:15.528 9 INFO neutron.wsgi [None req-4fe034db-2423-4b40-8c50-029c21c894ed 8cf26d45df56422da93471a9dbcd9fd6 805bb55269bb47df87fc224616b37195 - - default default] 10.0.0.131 "GET /v2.0/floatingips HTTP/1.1" status: 200 len: 193 time: 0.0173411
2026-05-09 14:11:15.537 9 INFO neutron.wsgi [None req-535321b3-1b89-4f6b-9ab6-a13c4057a1e5 8cf26d45df56422da93471a9dbcd9fd6 805bb55269bb47df87fc224616b37195 - - default default] 10.0.0.131 "GET /v2.0/network-ip-availabilities HTTP/1.1" status: 200 len: 1280 time: 0.0079689
2026-05-09 14:11:15.547 9 INFO neutron.wsgi [None req-8a27a03d-9ca0-44ab-8b45-9833c4c9cdac 8cf26d45df56422da93471a9dbcd9fd6 805bb55269bb47df87fc224616b37195 - - default default] 10.0.0.131 "GET /v2.0/agents HTTP/1.1" status: 200 len: 997 time: 0.0091505
2026-05-09 14:11:15.578 9 INFO neutron.wsgi [None req-05810fe7-1d8e-4e8f-9573-0d5c40f5718a 8cf26d45df56422da93471a9dbcd9fd6 805bb55269bb47df87fc224616b37195 - - default default] 10.0.0.131 "GET /v2.0/subnets HTTP/1.1" status: 200 len: 1437 time: 0.0298572
2026-05-09 14:11:15.587 9 INFO neutron.wsgi [None req-0f4343a2-24ec-4493-aeed-279f2bcf1fd6 8cf26d45df56422da93471a9dbcd9fd6 805bb55269bb47df87fc224616b37195 - - default default] 10.0.0.131 "GET /v2.0/subnetpools HTTP/1.1" status: 200 len: 193 time: 0.0079267
2026-05-09 14:11:15.657 9 INFO neutron.wsgi [None req-7df1580f-25f2-4fde-b71e-77ad543a452b 8cf26d45df56422da93471a9dbcd9fd6 805bb55269bb47df87fc224616b37195 - - default default] 10.0.0.131 "GET /v2.0/networks HTTP/1.1" status: 200 len: 2350 time: 0.0688312
2026-05-09 14:11:15.728 9 INFO neutron.wsgi [None req-501d8d9d-4cdf-4541-b042-fc8845ae0379 8cf26d45df56422da93471a9dbcd9fd6 805bb55269bb47df87fc224616b37195 - - default default] 10.0.0.131 "GET /v2.0/security-groups HTTP/1.1" status: 200 len: 16799 time: 0.0688450
2026-05-09 14:11:15.767 9 INFO neutron.wsgi [None req-9dfbdd7b-9345-4345-a991-e67c172d539c 8cf26d45df56422da93471a9dbcd9fd6 805bb55269bb47df87fc224616b37195 - - default default] 10.0.0.131 "GET /v2.0/subnets HTTP/1.1" status: 200 len: 1437 time: 0.0357852
2026-05-09 14:11:15.809 9 INFO neutron.wsgi [None req-fe28f33b-28e3-40fc-9944-83b480c86814 8cf26d45df56422da93471a9dbcd9fd6 805bb55269bb47df87fc224616b37195 - - default default] 10.0.0.131 "GET /v2.0/ports HTTP/1.1" status: 200 len: 5347 time: 0.0401583
2026-05-09 14:11:17.576 10 INFO neutron.wsgi [-] 10.0.0.180 "GET / HTTP/1.1" status: 200 len: 246 time: 0.0014429
2026-05-09 14:11:17.578 9 INFO neutron.wsgi [-] 10.0.0.180 "GET / HTTP/1.1" status: 200 len: 246 time: 0.0029864
2026-05-09 14:11:32.576 10 INFO neutron.wsgi [-] 10.0.0.180 "GET / HTTP/1.1" status: 200 len: 246 time: 0.0020218
2026-05-09 14:11:32.577 9 INFO neutron.wsgi [-] 10.0.0.180 "GET / HTTP/1.1" status: 200 len: 246 time: 0.0024436
2026-05-09 14:11:47.578 9 INFO neutron.wsgi [-] 10.0.0.180 "GET / HTTP/1.1" status: 200 len: 246 time: 0.0025325
2026-05-09 14:11:47.580 10 INFO neutron.wsgi [-] 10.0.0.180 "GET / HTTP/1.1" status: 200 len: 246 time: 0.0043240
2026-05-09 14:11:52.144 9 INFO neutron.wsgi [None req-5153303f-1379-4276-9785-78cbdf83af09 8cf26d45df56422da93471a9dbcd9fd6 805bb55269bb47df87fc224616b37195 - - default default] 10.0.0.51 "GET /v2.0/networks HTTP/1.1" status: 200 len: 2369 time: 0.2081532
2026-05-09 14:11:53.288 9 INFO neutron.wsgi [None req-2a7ec623-bbe5-43bd-b6df-66d62ce753cd 8cf26d45df56422da93471a9dbcd9fd6 805bb55269bb47df87fc224616b37195 - - default default] 10.0.0.51 "GET /v2.0/floatingips HTTP/1.1" status: 200 len: 212 time: 0.0205448
2026-05-09 14:11:53.328 9 INFO neutron.wsgi [None req-16e3cd75-3542-48fe-858b-e47e1288991a 8cf26d45df56422da93471a9dbcd9fd6 805bb55269bb47df87fc224616b37195 - - default default] 10.0.0.51 "GET /v2.0/routers HTTP/1.1" status: 200 len: 208 time: 0.0325842
2026-05-09 14:11:53.388 9 INFO neutron.wsgi [None req-1fbb3565-f0fc-4a8b-a5e4-1b79e47303cf 8cf26d45df56422da93471a9dbcd9fd6 805bb55269bb47df87fc224616b37195 - - default default] 10.0.0.51 "GET /v2.0/ports HTTP/1.1" status: 200 len: 5366 time: 0.0562027
2026-05-09 14:11:53.420 9 INFO neutron.wsgi [None req-40e3dbcd-bb12-4ada-ab9c-3f96564ec8c6 8cf26d45df56422da93471a9dbcd9fd6 805bb55269bb47df87fc224616b37195 - - default default] 10.0.0.51 "GET /v2.0/subnets HTTP/1.1" status: 200 len: 1456 time: 0.0278265
2026-05-09 14:11:53.482 9 INFO neutron.wsgi [None req-4858403d-52a4-4686-89c2-a3c8ba0211e8 8cf26d45df56422da93471a9dbcd9fd6 805bb55269bb47df87fc224616b37195 - - default default] 10.0.0.51 "GET /v2.0/networks HTTP/1.1" status: 200 len: 2369 time: 0.0593989
2026-05-09 14:11:53.532 9 INFO neutron.wsgi [None req-b15f7e91-81e3-4b49-b975-c49f728ca4e8 8cf26d45df56422da93471a9dbcd9fd6 805bb55269bb47df87fc224616b37195 - - default default] 10.0.0.51 "GET /v2.0/security-groups HTTP/1.1" status: 200 len: 16818 time: 0.0456672
2026-05-09 14:11:53.546 9 INFO neutron.wsgi [None req-f3c99932-6444-47a8-9726-079c0efdb3a9 8cf26d45df56422da93471a9dbcd9fd6 805bb55269bb47df87fc224616b37195 - - default default] 10.0.0.51 "GET /v2.0/subnetpools HTTP/1.1" status: 200 len: 212 time: 0.0090153
2026-05-09 14:12:02.576 10 INFO neutron.wsgi [-] 10.0.0.180 "GET / HTTP/1.1" status: 200 len: 246 time: 0.0022986
2026-05-09 14:12:02.577 9 INFO neutron.wsgi [-] 10.0.0.180 "GET / HTTP/1.1" status: 200 len: 246 time: 0.0027082
2026-05-09 14:12:04.416 9 INFO neutron.db.ovn_revision_numbers_db [None req-92cd27b5-4b13-4c68-83a4-5b6a61b4e26f 8cf26d45df56422da93471a9dbcd9fd6 805bb55269bb47df87fc224616b37195 - - default default] Successfully bumped revision number for resource 37ea6335-cc7c-4c9a-8ca3-aee0d750968e (type: security_groups) to 1
2026-05-09 14:12:04.423 9 INFO neutron.db.ovn_revision_numbers_db [None req-b4df95b5-332d-48b5-9222-437c347ce2cd 8cf26d45df56422da93471a9dbcd9fd6 805bb55269bb47df87fc224616b37195 - - default default] Successfully bumped revision number for resource 4b89fbc1-7791-48db-be71-81a6dc538b9b (type: security_groups) to 1
2026-05-09 14:12:04.460 9 INFO neutron.db.ovn_revision_numbers_db [None req-b4df95b5-332d-48b5-9222-437c347ce2cd 8cf26d45df56422da93471a9dbcd9fd6 805bb55269bb47df87fc224616b37195 - - default default] Successfully bumped revision number for resource 6670f712-81f9-48a3-b411-1d7a99f9abd3 (type: security_group_rules) to 0
2026-05-09 14:12:04.468 9 INFO neutron.db.ovn_revision_numbers_db [None req-92cd27b5-4b13-4c68-83a4-5b6a61b4e26f 8cf26d45df56422da93471a9dbcd9fd6 805bb55269bb47df87fc224616b37195 - - default default] Successfully bumped revision number for resource 20379bab-cb0a-4ebf-8adf-0bf3e5452e55 (type: security_group_rules) to 0
2026-05-09 14:12:04.472 10 INFO neutron.db.ovn_revision_numbers_db [None req-333b8da3-279f-4c79-9457-05413eb989e3 8cf26d45df56422da93471a9dbcd9fd6 805bb55269bb47df87fc224616b37195 - - default default] Successfully bumped revision number for resource 3f32ab0c-6d81-4a30-bcd8-ccef552d8c9c (type: security_groups) to 1
2026-05-09 14:12:04.478 9 INFO neutron.db.ovn_revision_numbers_db [None req-b4df95b5-332d-48b5-9222-437c347ce2cd 8cf26d45df56422da93471a9dbcd9fd6 805bb55269bb47df87fc224616b37195 - - default default] Successfully bumped revision number for resource 79174885-fd44-471e-a991-240a73909ad6 (type: security_group_rules) to 0
2026-05-09 14:12:04.482 9 INFO neutron.db.ovn_revision_numbers_db [None req-92cd27b5-4b13-4c68-83a4-5b6a61b4e26f 8cf26d45df56422da93471a9dbcd9fd6 805bb55269bb47df87fc224616b37195 - - default default] Successfully bumped revision number for resource 4e8944c8-e005-40bf-a6cf-ca07b3451aac (type: security_group_rules) to 0
2026-05-09 14:12:04.483 10 INFO neutron.db.ovn_revision_numbers_db [None req-333b8da3-279f-4c79-9457-05413eb989e3 8cf26d45df56422da93471a9dbcd9fd6 805bb55269bb47df87fc224616b37195 - - default default] Successfully bumped revision number for resource bebf608c-2fad-4b51-86f9-29b9170d2e1a (type: security_group_rules) to 0
2026-05-09 14:12:04.497 9 INFO neutron.db.ovn_revision_numbers_db [None req-b4df95b5-332d-48b5-9222-437c347ce2cd 8cf26d45df56422da93471a9dbcd9fd6 805bb55269bb47df87fc224616b37195 - - default default] Successfully bumped revision number for resource ac45d8d2-4f15-4a90-b85c-07797e504d16 (type: security_group_rules) to 0
2026-05-09 14:12:04.498 10 INFO neutron.db.ovn_revision_numbers_db [None req-333b8da3-279f-4c79-9457-05413eb989e3 8cf26d45df56422da93471a9dbcd9fd6 805bb55269bb47df87fc224616b37195 - - default default] Successfully bumped revision number for resource d8e79e5b-bfaf-4990-92be-cd536a8fde6d (type: security_group_rules) to 0
2026-05-09 14:12:04.501 9 INFO neutron.db.ovn_revision_numbers_db [None req-92cd27b5-4b13-4c68-83a4-5b6a61b4e26f 8cf26d45df56422da93471a9dbcd9fd6 805bb55269bb47df87fc224616b37195 - - default default] Successfully bumped revision number for resource 730640b4-b01d-4c2b-b80b-afa1669f6efb (type: security_group_rules) to 0
2026-05-09 14:12:04.512 10 INFO neutron.db.ovn_revision_numbers_db [None req-333b8da3-279f-4c79-9457-05413eb989e3 8cf26d45df56422da93471a9dbcd9fd6 805bb55269bb47df87fc224616b37195 - - default default] Successfully bumped revision number for resource edf73346-2bad-4643-a2ef-0ac0e9116770 (type: security_group_rules) to 0
2026-05-09 14:12:04.514 9 INFO neutron.db.ovn_revision_numbers_db [None req-b4df95b5-332d-48b5-9222-437c347ce2cd 8cf26d45df56422da93471a9dbcd9fd6 805bb55269bb47df87fc224616b37195 - - default default] Successfully bumped revision number for resource b7de90c7-ad11-4d25-9d63-6f3ac01fefdc (type: security_group_rules) to 0
2026-05-09 14:12:04.519 9 INFO neutron.db.ovn_revision_numbers_db [None req-92cd27b5-4b13-4c68-83a4-5b6a61b4e26f 8cf26d45df56422da93471a9dbcd9fd6 805bb55269bb47df87fc224616b37195 - - default default] Successfully bumped revision number for resource fd418496-3b94-4cf8-878c-9ced4217bfb8 (type: security_group_rules) to 0
2026-05-09 14:12:04.529 10 INFO neutron.db.ovn_revision_numbers_db [None req-333b8da3-279f-4c79-9457-05413eb989e3 8cf26d45df56422da93471a9dbcd9fd6 805bb55269bb47df87fc224616b37195 - - default default] Successfully bumped revision number for resource f918727b-e948-49d9-b3d6-01c19278b307 (type: security_group_rules) to 0
2026-05-09 14:12:04.584 10 INFO neutron.db.segments_db [None req-333b8da3-279f-4c79-9457-05413eb989e3 8cf26d45df56422da93471a9dbcd9fd6 805bb55269bb47df87fc224616b37195 - - default default] Added segment 7ca8f515-7f13-45d6-bfdd-ecfaa45453c2 of type geneve for network cc2a8924-b6b1-4228-bb24-44fbbd886fee
2026-05-09 14:12:04.589 9 INFO neutron.db.segments_db [None req-b4df95b5-332d-48b5-9222-437c347ce2cd 8cf26d45df56422da93471a9dbcd9fd6 805bb55269bb47df87fc224616b37195 - - default default] Added segment b42f4402-3525-461a-b092-7030277df12b of type geneve for network a09273cd-93c1-4730-807d-9c1fb7a9768c
2026-05-09 14:12:04.607 9 INFO neutron.db.segments_db [None req-92cd27b5-4b13-4c68-83a4-5b6a61b4e26f 8cf26d45df56422da93471a9dbcd9fd6 805bb55269bb47df87fc224616b37195 - - default default] Added segment de25a762-99cc-4ba4-90af-9608c782374f of type geneve for network 77c309b2-9942-476c-a455-0b5ae883e452
2026-05-09 14:12:04.739 10 INFO neutron.db.ovn_revision_numbers_db [None req-333b8da3-279f-4c79-9457-05413eb989e3 8cf26d45df56422da93471a9dbcd9fd6 805bb55269bb47df87fc224616b37195 - - default default] Successfully bumped revision number for resource cc2a8924-b6b1-4228-bb24-44fbbd886fee (type: networks) to 1
2026-05-09 14:12:04.779 10 INFO neutron.db.ovn_revision_numbers_db [None req-3a9600a3-4cb5-4037-893d-f3e025f64396 8cf26d45df56422da93471a9dbcd9fd6 805bb55269bb47df87fc224616b37195 - - default default] Successfully bumped revision number for resource 3e9a2651-9c7a-4baf-9719-b5472401519c (type: security_groups) to 1
2026-05-09 14:12:04.807 10 INFO neutron.db.ovn_revision_numbers_db [None req-3a9600a3-4cb5-4037-893d-f3e025f64396 8cf26d45df56422da93471a9dbcd9fd6 805bb55269bb47df87fc224616b37195 - - default default] Successfully bumped revision number for resource 3656c7a9-afd4-4ec4-bb51-17657d96729d (type: security_group_rules) to 0
2026-05-09 14:12:04.823 9 INFO neutron.db.ovn_revision_numbers_db [None req-92cd27b5-4b13-4c68-83a4-5b6a61b4e26f 8cf26d45df56422da93471a9dbcd9fd6 805bb55269bb47df87fc224616b37195 - - default default] Successfully bumped revision number for resource 77c309b2-9942-476c-a455-0b5ae883e452 (type: networks) to 1
2026-05-09 14:12:04.833 9 INFO neutron.db.ovn_revision_numbers_db [None req-b4df95b5-332d-48b5-9222-437c347ce2cd 8cf26d45df56422da93471a9dbcd9fd6 805bb55269bb47df87fc224616b37195 - - default default] Successfully bumped revision number for resource a09273cd-93c1-4730-807d-9c1fb7a9768c (type: networks) to 1
2026-05-09 14:12:04.835 10 INFO neutron.db.ovn_revision_numbers_db [None req-3a9600a3-4cb5-4037-893d-f3e025f64396 8cf26d45df56422da93471a9dbcd9fd6 805bb55269bb47df87fc224616b37195 - - default default] Successfully bumped revision number for resource a9e56cf3-d4b4-408b-bc86-a0db17dd2199 (type: security_group_rules) to 0
2026-05-09 14:12:04.853 10 INFO neutron.db.ovn_revision_numbers_db [None req-3a9600a3-4cb5-4037-893d-f3e025f64396 8cf26d45df56422da93471a9dbcd9fd6 805bb55269bb47df87fc224616b37195 - - default default] Successfully bumped revision number for resource ae0d28a8-9a29-42cf-b38c-c78578365478 (type: security_group_rules) to 0
2026-05-09 14:12:04.874 10 INFO neutron.db.ovn_revision_numbers_db [None req-3a9600a3-4cb5-4037-893d-f3e025f64396 8cf26d45df56422da93471a9dbcd9fd6 805bb55269bb47df87fc224616b37195 - - default default] Successfully bumped revision number for resource ba66238c-4f29-40fb-b176-f2d417ca9179 (type: security_group_rules) to 0
2026-05-09 14:12:04.906 10 INFO neutron.wsgi [None req-3a9600a3-4cb5-4037-893d-f3e025f64396 8cf26d45df56422da93471a9dbcd9fd6 805bb55269bb47df87fc224616b37195 - - default default] 10.0.0.51 "GET /v2.0/security-groups?tenant_id=3ba8147ad2aa432091ed5a64baba72f0&name=default HTTP/1.1" status: 200 len: 2992 time: 0.3897610
2026-05-09 14:12:04.908 10 WARNING neutron.scheduler.dhcp_agent_scheduler [None req-333b8da3-279f-4c79-9457-05413eb989e3 8cf26d45df56422da93471a9dbcd9fd6 805bb55269bb47df87fc224616b37195 - - default default] No more DHCP agents
2026-05-09 14:12:04.909 10 WARNING neutron.api.rpc.agentnotifiers.dhcp_rpc_agent_api [None req-333b8da3-279f-4c79-9457-05413eb989e3 8cf26d45df56422da93471a9dbcd9fd6 805bb55269bb47df87fc224616b37195 - - default default] Unable to schedule network cc2a8924-b6b1-4228-bb24-44fbbd886fee: no agents available; will retry on subsequent port and subnet creation events.
2026-05-09 14:12:05.006 10 INFO neutron.db.ovn_revision_numbers_db [None req-333b8da3-279f-4c79-9457-05413eb989e3 8cf26d45df56422da93471a9dbcd9fd6 805bb55269bb47df87fc224616b37195 - - default default] Successfully bumped revision number for resource a9cee029-d594-4bbe-8ce9-2e21d3328bfc (type: ports) to 1
2026-05-09 14:12:05.033 10 INFO neutron.wsgi [None req-333b8da3-279f-4c79-9457-05413eb989e3 8cf26d45df56422da93471a9dbcd9fd6 805bb55269bb47df87fc224616b37195 - - default default] 10.0.0.51 "POST /v2.0/networks HTTP/1.1" status: 201 len: 947 time: 0.9867170
2026-05-09 14:12:05.070 9 WARNING neutron.scheduler.dhcp_agent_scheduler [None req-92cd27b5-4b13-4c68-83a4-5b6a61b4e26f 8cf26d45df56422da93471a9dbcd9fd6 805bb55269bb47df87fc224616b37195 - - default default] No more DHCP agents
2026-05-09 14:12:05.072 9 WARNING neutron.api.rpc.agentnotifiers.dhcp_rpc_agent_api [None req-92cd27b5-4b13-4c68-83a4-5b6a61b4e26f 8cf26d45df56422da93471a9dbcd9fd6 805bb55269bb47df87fc224616b37195 - - default default] Unable to schedule network 77c309b2-9942-476c-a455-0b5ae883e452: no agents available; will retry on subsequent port and subnet creation events.
2026-05-09 14:12:05.083 9 WARNING neutron.scheduler.dhcp_agent_scheduler [None req-b4df95b5-332d-48b5-9222-437c347ce2cd 8cf26d45df56422da93471a9dbcd9fd6 805bb55269bb47df87fc224616b37195 - - default default] No more DHCP agents
2026-05-09 14:12:05.087 9 WARNING neutron.api.rpc.agentnotifiers.dhcp_rpc_agent_api [None req-b4df95b5-332d-48b5-9222-437c347ce2cd 8cf26d45df56422da93471a9dbcd9fd6 805bb55269bb47df87fc224616b37195 - - default default] Unable to schedule network a09273cd-93c1-4730-807d-9c1fb7a9768c: no agents available; will retry on subsequent port and subnet creation events.
2026-05-09 14:12:05.227 10 INFO neutron.wsgi [None req-cdf04c8f-85c7-4202-b48b-4b8603bb12d2 8cf26d45df56422da93471a9dbcd9fd6 805bb55269bb47df87fc224616b37195 - - default default] 10.0.0.51 "DELETE /v2.0/security-groups/3e9a2651-9c7a-4baf-9719-b5472401519c HTTP/1.1" status: 204 len: 168 time: 0.3159800
2026-05-09 14:12:05.233 10 WARNING neutron.scheduler.dhcp_agent_scheduler [None req-b4976dde-6a16-4b8d-bcc6-0da8e5e64c11 8cf26d45df56422da93471a9dbcd9fd6 805bb55269bb47df87fc224616b37195 - - default default] No more DHCP agents
2026-05-09 14:12:05.234 10 WARNING neutron.api.rpc.agentnotifiers.dhcp_rpc_agent_api [None req-b4976dde-6a16-4b8d-bcc6-0da8e5e64c11 8cf26d45df56422da93471a9dbcd9fd6 805bb55269bb47df87fc224616b37195 - - default default] Unable to schedule network cc2a8924-b6b1-4228-bb24-44fbbd886fee: no agents available; will retry on subsequent port and subnet creation events.
2026-05-09 14:12:05.258 9 INFO neutron.db.ovn_revision_numbers_db [None req-92cd27b5-4b13-4c68-83a4-5b6a61b4e26f 8cf26d45df56422da93471a9dbcd9fd6 805bb55269bb47df87fc224616b37195 - - default default] Successfully bumped revision number for resource 6e9a9310-aade-40ee-afa4-51bf21802fe8 (type: ports) to 1
2026-05-09 14:12:05.268 9 INFO neutron.db.ovn_revision_numbers_db [None req-b4df95b5-332d-48b5-9222-437c347ce2cd 8cf26d45df56422da93471a9dbcd9fd6 805bb55269bb47df87fc224616b37195 - - default default] Successfully bumped revision number for resource ad2926ea-9871-4d6c-8309-c7babc4b4a02 (type: ports) to 1
2026-05-09 14:12:05.282 9 INFO neutron.wsgi [None req-92cd27b5-4b13-4c68-83a4-5b6a61b4e26f 8cf26d45df56422da93471a9dbcd9fd6 805bb55269bb47df87fc224616b37195 - - default default] 10.0.0.51 "POST /v2.0/networks HTTP/1.1" status: 201 len: 950 time: 1.2440431
2026-05-09 14:12:05.285 9 INFO neutron.wsgi [None req-b4df95b5-332d-48b5-9222-437c347ce2cd 8cf26d45df56422da93471a9dbcd9fd6 805bb55269bb47df87fc224616b37195 - - default default] 10.0.0.51 "POST /v2.0/networks HTTP/1.1" status: 201 len: 950 time: 1.2272530
2026-05-09 14:12:05.452 9 WARNING neutron.scheduler.dhcp_agent_scheduler [None req-38a2fb37-95a7-4b58-b564-833b06be4ea4 8cf26d45df56422da93471a9dbcd9fd6 805bb55269bb47df87fc224616b37195 - - default default] No more DHCP agents
2026-05-09 14:12:05.454 9 WARNING neutron.api.rpc.agentnotifiers.dhcp_rpc_agent_api [None req-38a2fb37-95a7-4b58-b564-833b06be4ea4 8cf26d45df56422da93471a9dbcd9fd6 805bb55269bb47df87fc224616b37195 - - default default] Unable to schedule network 77c309b2-9942-476c-a455-0b5ae883e452: no agents available; will retry on subsequent port and subnet creation events.
2026-05-09 14:12:05.496 10 WARNING neutron.scheduler.dhcp_agent_scheduler [None req-d209d42b-84be-4f97-8808-f5ce45922d99 8cf26d45df56422da93471a9dbcd9fd6 805bb55269bb47df87fc224616b37195 - - default default] No more DHCP agents
2026-05-09 14:12:05.501 10 WARNING neutron.api.rpc.agentnotifiers.dhcp_rpc_agent_api [None req-d209d42b-84be-4f97-8808-f5ce45922d99 8cf26d45df56422da93471a9dbcd9fd6 805bb55269bb47df87fc224616b37195 - - default default] Unable to schedule network a09273cd-93c1-4730-807d-9c1fb7a9768c: no agents available; will retry on subsequent port and subnet creation events.
2026-05-09 14:12:05.885 10 INFO neutron.db.ovn_revision_numbers_db [None req-b4976dde-6a16-4b8d-bcc6-0da8e5e64c11 8cf26d45df56422da93471a9dbcd9fd6 805bb55269bb47df87fc224616b37195 - - default default] Successfully bumped revision number for resource a9cee029-d594-4bbe-8ce9-2e21d3328bfc (type: ports) to 2
2026-05-09 14:12:05.943 10 INFO neutron.db.ovn_revision_numbers_db [None req-b4976dde-6a16-4b8d-bcc6-0da8e5e64c11 8cf26d45df56422da93471a9dbcd9fd6 805bb55269bb47df87fc224616b37195 - - default default] Successfully bumped revision number for resource 786dcc86-74cb-4bf1-a040-32a169195630 (type: subnets) to 0
2026-05-09 14:12:05.958 10 INFO neutron.wsgi [None req-b4976dde-6a16-4b8d-bcc6-0da8e5e64c11 8cf26d45df56422da93471a9dbcd9fd6 805bb55269bb47df87fc224616b37195 - - default default] 10.0.0.51 "POST /v2.0/subnets HTTP/1.1" status: 201 len: 867 time: 0.9186985
2026-05-09 14:12:05.995 9 INFO neutron.db.ovn_revision_numbers_db [None req-38a2fb37-95a7-4b58-b564-833b06be4ea4 8cf26d45df56422da93471a9dbcd9fd6 805bb55269bb47df87fc224616b37195 - - default default] Successfully bumped revision number for resource 6e9a9310-aade-40ee-afa4-51bf21802fe8 (type: ports) to 2
2026-05-09 14:12:06.043 9 INFO neutron.db.ovn_revision_numbers_db [None req-38a2fb37-95a7-4b58-b564-833b06be4ea4 8cf26d45df56422da93471a9dbcd9fd6 805bb55269bb47df87fc224616b37195 - - default default] Successfully bumped revision number for resource 37d6505f-80eb-4cbf-9d95-96615fa45abe (type: subnets) to 0
2026-05-09 14:12:06.055 9 INFO neutron.wsgi [None req-38a2fb37-95a7-4b58-b564-833b06be4ea4 8cf26d45df56422da93471a9dbcd9fd6 805bb55269bb47df87fc224616b37195 - - default default] 10.0.0.51 "POST /v2.0/subnets HTTP/1.1" status: 201 len: 870 time: 0.7669480
2026-05-09 14:12:06.171 10 INFO neutron.db.ovn_revision_numbers_db [None req-d209d42b-84be-4f97-8808-f5ce45922d99 8cf26d45df56422da93471a9dbcd9fd6 805bb55269bb47df87fc224616b37195 - - default default] Successfully bumped revision number for resource ad2926ea-9871-4d6c-8309-c7babc4b4a02 (type: ports) to 2
2026-05-09 14:12:06.218 10 INFO neutron.db.ovn_revision_numbers_db [None req-d209d42b-84be-4f97-8808-f5ce45922d99 8cf26d45df56422da93471a9dbcd9fd6 805bb55269bb47df87fc224616b37195 - - default default] Successfully bumped revision number for resource 39d73728-0bf8-4d5f-b3d9-e9db6b462b7b (type: subnets) to 0
2026-05-09 14:12:06.244 10 INFO neutron.wsgi [None req-d209d42b-84be-4f97-8808-f5ce45922d99 8cf26d45df56422da93471a9dbcd9fd6 805bb55269bb47df87fc224616b37195 - - default default] 10.0.0.51 "POST /v2.0/subnets HTTP/1.1" status: 201 len: 871 time: 0.9542809
2026-05-09 14:12:06.443 10 WARNING neutron.scheduler.dhcp_agent_scheduler [None req-c9c494ee-e4df-421a-9a3d-4f9583c3e37a 8cf26d45df56422da93471a9dbcd9fd6 805bb55269bb47df87fc224616b37195 - - default default] No more DHCP agents
2026-05-09 14:12:06.444 10 WARNING neutron.api.rpc.agentnotifiers.dhcp_rpc_agent_api [None req-c9c494ee-e4df-421a-9a3d-4f9583c3e37a 8cf26d45df56422da93471a9dbcd9fd6 805bb55269bb47df87fc224616b37195 - - default default] Unable to schedule network b5cdaea7-c0af-467e-b8d5-85f23f6c91ee: no agents available; will retry on subsequent port and subnet creation events.
2026-05-09 14:12:06.577 10 INFO neutron.db.ovn_revision_numbers_db [None req-c9c494ee-e4df-421a-9a3d-4f9583c3e37a 8cf26d45df56422da93471a9dbcd9fd6 805bb55269bb47df87fc224616b37195 - - default default] Successfully bumped revision number for resource 0f2ce7bd-4fda-43ef-947a-07f03c040b06 (type: ports) to 1
2026-05-09 14:12:06.705 9 WARNING neutron.scheduler.dhcp_agent_scheduler [None req-afc6f687-e1a3-4d4c-9732-8dd4f3b07e21 8cf26d45df56422da93471a9dbcd9fd6 805bb55269bb47df87fc224616b37195 - - default default] No more DHCP agents
2026-05-09 14:12:06.711 9 WARNING neutron.api.rpc.agentnotifiers.dhcp_rpc_agent_api [None req-afc6f687-e1a3-4d4c-9732-8dd4f3b07e21 8cf26d45df56422da93471a9dbcd9fd6 805bb55269bb47df87fc224616b37195 - - default default] Unable to schedule network b5cdaea7-c0af-467e-b8d5-85f23f6c91ee: no agents available; will retry on subsequent port and subnet creation events.
2026-05-09 14:12:06.892 9 WARNING neutron.scheduler.dhcp_agent_scheduler [None req-8b080446-01d2-48e8-adb1-38c71ca78c92 8cf26d45df56422da93471a9dbcd9fd6 805bb55269bb47df87fc224616b37195 - - default default] No more DHCP agents
2026-05-09 14:12:06.901 9 WARNING neutron.api.rpc.agentnotifiers.dhcp_rpc_agent_api [None req-8b080446-01d2-48e8-adb1-38c71ca78c92 8cf26d45df56422da93471a9dbcd9fd6 805bb55269bb47df87fc224616b37195 - - default default] Unable to schedule network b5cdaea7-c0af-467e-b8d5-85f23f6c91ee: no agents available; will retry on subsequent port and subnet creation events.
2026-05-09 14:12:06.926 10 INFO neutron.plugins.ml2.drivers.ovn.mech_driver.ovsdb.extensions.qos [None req-c9c494ee-e4df-421a-9a3d-4f9583c3e37a 8cf26d45df56422da93471a9dbcd9fd6 805bb55269bb47df87fc224616b37195 - - default default] Starting OVNClientQosExtension
2026-05-09 14:12:06.939 9 INFO neutron.db.ovn_revision_numbers_db [None req-afc6f687-e1a3-4d4c-9732-8dd4f3b07e21 8cf26d45df56422da93471a9dbcd9fd6 805bb55269bb47df87fc224616b37195 - - default default] Successfully bumped revision number for resource f043a6b0-b7e7-4c0b-a7d7-65ad75a7f315 (type: ports) to 1
2026-05-09 14:12:07.116 9 INFO neutron.db.ovn_revision_numbers_db [None req-8b080446-01d2-48e8-adb1-38c71ca78c92 8cf26d45df56422da93471a9dbcd9fd6 805bb55269bb47df87fc224616b37195 - - default default] Successfully bumped revision number for resource 1748c290-4273-47d8-8f5e-d3f9d54b3106 (type: ports) to 1
2026-05-09 14:12:07.212 10 INFO neutron.db.ovn_revision_numbers_db [None req-01ce9654-6a20-4126-9f36-be10b2c6955c 8cf26d45df56422da93471a9dbcd9fd6 805bb55269bb47df87fc224616b37195 - - default default] Successfully bumped revision number for resource 2b8e9290-9e13-4f0e-8119-adc28ab54abe (type: security_groups) to 1
2026-05-09 14:12:07.232 10 INFO neutron.db.ovn_revision_numbers_db [None req-01ce9654-6a20-4126-9f36-be10b2c6955c 8cf26d45df56422da93471a9dbcd9fd6 805bb55269bb47df87fc224616b37195 - - default default] Successfully bumped revision number for resource 2580ea20-53d6-42fd-88e6-a9b6f37d209e (type: security_group_rules) to 0
2026-05-09 14:12:07.251 10 INFO neutron.plugins.ml2.drivers.ovn.mech_driver.ovsdb.ovsdb_monitor [-] Router 108a09b9-f665-4beb-9727-a23ede308094 is bound to host instance
2026-05-09 14:12:07.252 9 INFO neutron.plugins.ml2.drivers.ovn.mech_driver.mech_driver [-] OVN reports status up for port: 0f2ce7bd-4fda-43ef-947a-07f03c040b06
2026-05-09 14:12:07.267 9 INFO neutron.plugins.ml2.plugin [None req-99dbe489-30e6-4693-be04-8443d667d431 - - - - - -] Attempt 1 to provision port 0f2ce7bd-4fda-43ef-947a-07f03c040b06
2026-05-09 14:12:07.281 10 INFO neutron.db.ovn_revision_numbers_db [None req-01ce9654-6a20-4126-9f36-be10b2c6955c 8cf26d45df56422da93471a9dbcd9fd6 805bb55269bb47df87fc224616b37195 - - default default] Successfully bumped revision number for resource 8f9a1d5d-271c-4054-9cb5-5f20c1813976 (type: security_group_rules) to 0
2026-05-09 14:12:07.286 10 INFO neutron.db.ovn_revision_numbers_db [None req-c9c494ee-e4df-421a-9a3d-4f9583c3e37a 8cf26d45df56422da93471a9dbcd9fd6 805bb55269bb47df87fc224616b37195 - - default default] Successfully bumped revision number for resource 0f2ce7bd-4fda-43ef-947a-07f03c040b06 (type: router_ports) to 1
2026-05-09 14:12:07.312 10 INFO neutron.db.ovn_revision_numbers_db [None req-01ce9654-6a20-4126-9f36-be10b2c6955c 8cf26d45df56422da93471a9dbcd9fd6 805bb55269bb47df87fc224616b37195 - - default default] Successfully bumped revision number for resource baa81c63-2b04-486f-9e32-5049b923fa6e (type: security_group_rules) to 0
2026-05-09 14:12:07.346 10 INFO neutron.db.ovn_revision_numbers_db [None req-01ce9654-6a20-4126-9f36-be10b2c6955c 8cf26d45df56422da93471a9dbcd9fd6 805bb55269bb47df87fc224616b37195 - - default default] Successfully bumped revision number for resource fc6115af-518c-4675-a6b7-fa1bd4d18934 (type: security_group_rules) to 0
2026-05-09 14:12:07.383 10 INFO neutron.db.ovn_revision_numbers_db [None req-c9c494ee-e4df-421a-9a3d-4f9583c3e37a 8cf26d45df56422da93471a9dbcd9fd6 805bb55269bb47df87fc224616b37195 - - default default] Successfully bumped revision number for resource 108a09b9-f665-4beb-9727-a23ede308094 (type: routers) to 2
2026-05-09 14:12:07.401 10 INFO neutron.wsgi [None req-c9c494ee-e4df-421a-9a3d-4f9583c3e37a 8cf26d45df56422da93471a9dbcd9fd6 805bb55269bb47df87fc224616b37195 - - default default] 10.0.0.51 "POST /v2.0/routers HTTP/1.1" status: 201 len: 878 time: 1.4356546
2026-05-09 14:12:07.405 10 INFO neutron.db.segments_db [None req-01ce9654-6a20-4126-9f36-be10b2c6955c 8cf26d45df56422da93471a9dbcd9fd6 805bb55269bb47df87fc224616b37195 - - default default] Added segment f33e96a0-861e-4c84-8cac-b214446afc22 of type geneve for network a3a2110a-3199-49d4-b224-4e154b98da79
2026-05-09 14:12:07.408 9 INFO neutron.plugins.ml2.drivers.ovn.mech_driver.ovsdb.extensions.qos [None req-afc6f687-e1a3-4d4c-9732-8dd4f3b07e21 8cf26d45df56422da93471a9dbcd9fd6 805bb55269bb47df87fc224616b37195 - - default default] Starting OVNClientQosExtension
2026-05-09 14:12:07.582 10 INFO neutron.db.ovn_revision_numbers_db [None req-01ce9654-6a20-4126-9f36-be10b2c6955c 8cf26d45df56422da93471a9dbcd9fd6 805bb55269bb47df87fc224616b37195 - - default default] Successfully bumped revision number for resource a3a2110a-3199-49d4-b224-4e154b98da79 (type: networks) to 1
2026-05-09 14:12:07.875 10 WARNING neutron.scheduler.dhcp_agent_scheduler [None req-01ce9654-6a20-4126-9f36-be10b2c6955c 8cf26d45df56422da93471a9dbcd9fd6 805bb55269bb47df87fc224616b37195 - - default default] No more DHCP agents
2026-05-09 14:12:07.883 10 WARNING neutron.api.rpc.agentnotifiers.dhcp_rpc_agent_api [None req-01ce9654-6a20-4126-9f36-be10b2c6955c 8cf26d45df56422da93471a9dbcd9fd6 805bb55269bb47df87fc224616b37195 - - default default] Unable to schedule network a3a2110a-3199-49d4-b224-4e154b98da79: no agents available; will retry on subsequent port and subnet creation events.
2026-05-09 14:12:07.993 10 INFO neutron.db.ovn_revision_numbers_db [None req-01ce9654-6a20-4126-9f36-be10b2c6955c 8cf26d45df56422da93471a9dbcd9fd6 805bb55269bb47df87fc224616b37195 - - default default] Successfully bumped revision number for resource 2453cf4d-27e0-4bfa-8758-a37acb2c0441 (type: ports) to 1
2026-05-09 14:12:08.014 10 INFO neutron.db.ovn_revision_numbers_db [None req-0aade094-8159-45bb-bc67-a136ea2eba99 - - - - - -] Successfully bumped revision number for resource 0f2ce7bd-4fda-43ef-947a-07f03c040b06 (type: ports) to 1
2026-05-09 14:12:08.017 10 INFO neutron.wsgi [None req-01ce9654-6a20-4126-9f36-be10b2c6955c 8cf26d45df56422da93471a9dbcd9fd6 805bb55269bb47df87fc224616b37195 - - default default] 10.0.0.51 "POST /v2.0/networks HTTP/1.1" status: 201 len: 952 time: 1.1292307
