2026-05-09 14:14:03.088 9 INFO neutron.pecan_wsgi.hooks.translation [None req-cc74accb-26ef-4d4e-a1f2-8364316ef298 6e92204943304cf690a52ebda420fe20 5d53f9715ba741a3b00680d29a9afd9f - - default default] DELETE failed (client error): The resource could not be found.
2026-05-09 14:14:03.090 9 INFO neutron.wsgi [None req-cc74accb-26ef-4d4e-a1f2-8364316ef298 6e92204943304cf690a52ebda420fe20 5d53f9715ba741a3b00680d29a9afd9f - - default default] 10.0.0.51 "DELETE /v2.0/networks/053ec001-7df3-4b23-b9bf-204234d8d7e3 HTTP/1.1" status: 404 len: 339 time: 0.0170262
2026-05-09 14:14:03.195 10 INFO neutron.db.ovn_revision_numbers_db [None req-84fd7c38-6c64-4af0-acd9-d3400448abc5 6cdc516efa8246df90ebc4495f20faa0 d067e5dd32064659ba809edf1f4c7176 - - default default] Successfully bumped revision number for resource 488dc2fc-e48f-4395-9a4e-892e244b8989 (type: ports) to 1
2026-05-09 14:14:03.237 10 INFO neutron.wsgi [None req-84fd7c38-6c64-4af0-acd9-d3400448abc5 6cdc516efa8246df90ebc4495f20faa0 d067e5dd32064659ba809edf1f4c7176 - - default default] 10.0.0.51 "POST /v2.0/ports HTTP/1.1" status: 201 len: 1154 time: 0.7182717 /var/lib/openstack/lib/python3.10/site-packages/pycadf/identifier.py:71: UserWarning: Invalid uuid: neutron. To ensure interoperability, identifiers should be a valid uuid. warnings.warn(('Invalid uuid: %s. To ensure interoperability, '
2026-05-09 14:14:03.419 9 INFO neutron.wsgi [None req-9783b847-79ce-4802-81e5-7ed07417dc1a 6e92204943304cf690a52ebda420fe20 5d53f9715ba741a3b00680d29a9afd9f - - default default] 10.0.0.51 "GET /v2.0/networks?router%3Aexternal=True HTTP/1.1" status: 200 len: 845 time: 0.3223200
2026-05-09 14:14:03.465 10 INFO neutron.wsgi [None req-48dcb0b0-b0e8-4ebd-bfc1-4e3fb8c4ba97 6e92204943304cf690a52ebda420fe20 5d53f9715ba741a3b00680d29a9afd9f - - default default] 10.0.0.51 "GET /v2.0/subnets?network_id=b5cdaea7-c0af-467e-b8d5-85f23f6c91ee HTTP/1.1" status: 200 len: 820 time: 0.0411966
2026-05-09 14:14:03.474 10 INFO neutron.wsgi [None req-69d50bc6-0a07-489b-8657-4626be196690 6e92204943304cf690a52ebda420fe20 5d53f9715ba741a3b00680d29a9afd9f - - default default] 10.0.0.51 "GET /v2.0/extensions HTTP/1.1" status: 200 len: 16520 time: 0.0052369
2026-05-09 14:14:03.479 9 INFO neutron.services.segments.plugin [-] Segment ec420f94-b24a-4b00-b0aa-4cea8b8078f4 resource provider aggregate not found
2026-05-09 14:14:03.483 9 INFO neutron.services.segments.plugin [-] Segment ec420f94-b24a-4b00-b0aa-4cea8b8078f4 resource provider aggregate not found
2026-05-09 14:14:03.498 9 INFO neutron.services.segments.plugin [-] Segment ec420f94-b24a-4b00-b0aa-4cea8b8078f4 resource provider not found; error: Placement Client Error (4xx): {"errors": [{"status": 404, "title": "Not Found", "detail": "The resource could not be found.\n\n No resource provider with uuid ec420f94-b24a-4b00-b0aa-4cea8b8078f4 found for delete ", "request_id": "req-9c5c28c8-27bc-44a4-9555-c5abe976fe62"}]}
2026-05-09 14:14:03.503 9 INFO neutron.services.segments.plugin [-] Segment ec420f94-b24a-4b00-b0aa-4cea8b8078f4 resource provider not found; error: Placement Client Error (4xx): {"errors": [{"status": 404, "title": "Not Found", "detail": "The resource could not be found.\n\n No resource provider with uuid ec420f94-b24a-4b00-b0aa-4cea8b8078f4 found for delete ", "request_id": "req-f7ba5a3b-01d2-4579-af1e-1afae6277742"}]}
2026-05-09 14:14:03.556 9 INFO neutron.wsgi [None req-efbbdef8-9ad0-4e09-b130-af638c2d0d38 345806ba355642239d4cc842ee5885dc 7ead3f5b23fc41d48da7f58661d7a9ef - - default default] 10.0.0.51 "DELETE /v2.0/networks/c55f3605-b7b0-42dc-9c9d-a37acb51bfee HTTP/1.1" status: 204 len: 168 time: 0.9998000
2026-05-09 14:14:03.628 10 INFO neutron.wsgi [None req-bd470e35-b431-418d-9d26-2a352e53ae16 6e92204943304cf690a52ebda420fe20 5d53f9715ba741a3b00680d29a9afd9f - - default default] 10.0.0.51 "GET /v2.0/networks HTTP/1.1" status: 200 len: 1504 time: 0.1488025
2026-05-09 14:14:03.678 9 INFO neutron.wsgi [None req-6b42aa8e-ffaf-4ae9-bb8a-aefd00440d9c 6e92204943304cf690a52ebda420fe20 5d53f9715ba741a3b00680d29a9afd9f - - default default] 10.0.0.51 "GET /v2.0/subnets HTTP/1.1" status: 200 len: 1428 time: 0.0432434
2026-05-09 14:14:03.722 10 INFO neutron.db.segments_db [None req-9ab312b1-c31c-46c7-a850-6ddcb433e750 345806ba355642239d4cc842ee5885dc 7ead3f5b23fc41d48da7f58661d7a9ef - - default default] Added segment 22c144fa-3eeb-462c-a2c7-a9d71cb35858 of type geneve for network 6437efe3-81bd-4f2c-a619-5a485c573967
2026-05-09 14:14:03.755 9 INFO neutron.wsgi [None req-f1609d78-531e-4e87-a941-753a1c6fa7b5 6e92204943304cf690a52ebda420fe20 5d53f9715ba741a3b00680d29a9afd9f - - default default] 10.0.0.51 "GET /v2.0/networks/13380c3e-f942-42bd-963b-ba6dba76cc49 HTTP/1.1" status: 200 len: 863 time: 0.0712588
2026-05-09 14:14:03.799 9 INFO neutron.wsgi [None req-65f9e29d-9c82-4b26-aaa3-d62ac376ad1f 6e92204943304cf690a52ebda420fe20 5d53f9715ba741a3b00680d29a9afd9f - - default default] 10.0.0.51 "GET /v2.0/subnets/034ce0e9-2cb5-405a-9f50-93ebe786559d HTTP/1.1" status: 200 len: 811 time: 0.0371647
2026-05-09 14:14:03.812 10 WARNING neutron.scheduler.dhcp_agent_scheduler [None req-3126dce7-53a2-4a95-a21e-5910c547efda 6cdc516efa8246df90ebc4495f20faa0 d067e5dd32064659ba809edf1f4c7176 - - default default] No more DHCP agents
2026-05-09 14:14:03.815 10 WARNING neutron.api.rpc.agentnotifiers.dhcp_rpc_agent_api [None req-3126dce7-53a2-4a95-a21e-5910c547efda 6cdc516efa8246df90ebc4495f20faa0 d067e5dd32064659ba809edf1f4c7176 - - default default] Unable to schedule network 0baad657-5f84-49a4-928a-885f4130ac6c: no agents available; will retry on subsequent port and subnet creation events.
2026-05-09 14:14:03.828 9 INFO neutron.pecan_wsgi.hooks.translation [None req-01af5340-6f00-4297-9fa1-e3de50dd48b1 6e92204943304cf690a52ebda420fe20 5d53f9715ba741a3b00680d29a9afd9f - - default default] DELETE failed (client error): The resource could not be found.
2026-05-09 14:14:03.831 9 INFO neutron.wsgi [None req-01af5340-6f00-4297-9fa1-e3de50dd48b1 6e92204943304cf690a52ebda420fe20 5d53f9715ba741a3b00680d29a9afd9f - - default default] 10.0.0.51 "DELETE /v2.0/subnets/e38ebee0-ce13-4b5e-9fd7-5fced1687a19 HTTP/1.1" status: 404 len: 337 time: 0.0255828 /var/lib/openstack/lib/python3.10/site-packages/pycadf/identifier.py:71: UserWarning: Invalid uuid: neutron. To ensure interoperability, identifiers should be a valid uuid. warnings.warn(('Invalid uuid: %s. To ensure interoperability, '
2026-05-09 14:14:03.867 10 INFO neutron.pecan_wsgi.hooks.translation [None req-15f5e800-d1ae-4d8d-be6d-a078c20be7f2 6e92204943304cf690a52ebda420fe20 5d53f9715ba741a3b00680d29a9afd9f - - default default] DELETE failed (client error): The resource could not be found.
2026-05-09 14:14:03.870 10 INFO neutron.wsgi [None req-15f5e800-d1ae-4d8d-be6d-a078c20be7f2 6e92204943304cf690a52ebda420fe20 5d53f9715ba741a3b00680d29a9afd9f - - default default] 10.0.0.51 "DELETE /v2.0/networks/053ec001-7df3-4b23-b9bf-204234d8d7e3 HTTP/1.1" status: 404 len: 339 time: 0.0328064
2026-05-09 14:14:03.986 10 INFO neutron.db.ovn_revision_numbers_db [None req-9ab312b1-c31c-46c7-a850-6ddcb433e750 345806ba355642239d4cc842ee5885dc 7ead3f5b23fc41d48da7f58661d7a9ef - - default default] Successfully bumped revision number for resource 6437efe3-81bd-4f2c-a619-5a485c573967 (type: networks) to 1
2026-05-09 14:14:04.091 10 INFO neutron.db.ovn_revision_numbers_db [None req-3126dce7-53a2-4a95-a21e-5910c547efda 6cdc516efa8246df90ebc4495f20faa0 d067e5dd32064659ba809edf1f4c7176 - - default default] Successfully bumped revision number for resource fa9eb51f-b02a-41dd-aa8c-2cbcdd791668 (type: ports) to 1
2026-05-09 14:14:04.291 10 INFO neutron.wsgi [None req-3126dce7-53a2-4a95-a21e-5910c547efda 6cdc516efa8246df90ebc4495f20faa0 d067e5dd32064659ba809edf1f4c7176 - - default default] 10.0.0.51 "POST /v2.0/ports HTTP/1.1" status: 201 len: 1158 time: 1.0481453
2026-05-09 14:14:04.315 10 WARNING neutron.scheduler.dhcp_agent_scheduler [None req-9ab312b1-c31c-46c7-a850-6ddcb433e750 345806ba355642239d4cc842ee5885dc 7ead3f5b23fc41d48da7f58661d7a9ef - - default default] No more DHCP agents
2026-05-09 14:14:04.318 10 WARNING neutron.api.rpc.agentnotifiers.dhcp_rpc_agent_api [None req-9ab312b1-c31c-46c7-a850-6ddcb433e750 345806ba355642239d4cc842ee5885dc 7ead3f5b23fc41d48da7f58661d7a9ef - - default default] Unable to schedule network 6437efe3-81bd-4f2c-a619-5a485c573967: no agents available; will retry on subsequent port and subnet creation events.
2026-05-09 14:14:04.353 9 INFO neutron.wsgi [None req-5071ed65-7e03-4111-b4ec-db82881b2f47 6e92204943304cf690a52ebda420fe20 5d53f9715ba741a3b00680d29a9afd9f - - default default] 10.0.0.51 "DELETE /v2.0/subnets/034ce0e9-2cb5-405a-9f50-93ebe786559d HTTP/1.1" status: 204 len: 168 time: 0.4742835
2026-05-09 14:14:04.434 9 WARNING neutron.plugins.ml2.drivers.ovn.mech_driver.ovsdb.ovn_client [None req-99dbe489-30e6-4693-be04-8443d667d431 - - - - - -] No hosting information found for port 31271610-1382-46dc-90d9-4337aac678e2: RuntimeError: No hosting information found for port 31271610-1382-46dc-90d9-4337aac678e2
2026-05-09 14:14:04.453 10 INFO neutron.db.ovn_revision_numbers_db [None req-9ab312b1-c31c-46c7-a850-6ddcb433e750 345806ba355642239d4cc842ee5885dc 7ead3f5b23fc41d48da7f58661d7a9ef - - default default] Successfully bumped revision number for resource d9bdf9ca-3bc0-4f8b-ac5d-4cfd8750517d (type: ports) to 1
2026-05-09 14:14:04.491 10 INFO neutron.wsgi [None req-9ab312b1-c31c-46c7-a850-6ddcb433e750 345806ba355642239d4cc842ee5885dc 7ead3f5b23fc41d48da7f58661d7a9ef - - default default] 10.0.0.51 "POST /v2.0/networks HTTP/1.1" status: 201 len: 928 time: 0.9267480
2026-05-09 14:14:04.645 9 WARNING neutron.scheduler.dhcp_agent_scheduler [None req-30b66051-3790-4759-a5b1-7794428f37b6 6cdc516efa8246df90ebc4495f20faa0 d067e5dd32064659ba809edf1f4c7176 - - default default] No more DHCP agents
2026-05-09 14:14:04.648 9 WARNING neutron.api.rpc.agentnotifiers.dhcp_rpc_agent_api [None req-30b66051-3790-4759-a5b1-7794428f37b6 6cdc516efa8246df90ebc4495f20faa0 d067e5dd32064659ba809edf1f4c7176 - - default default] Unable to schedule network b5cdaea7-c0af-467e-b8d5-85f23f6c91ee: no agents available; will retry on subsequent port and subnet creation events.
2026-05-09 14:14:04.771 9 WARNING neutron.scheduler.dhcp_agent_scheduler [None req-39c42503-2d68-43c5-8855-826469a0defe 345806ba355642239d4cc842ee5885dc 7ead3f5b23fc41d48da7f58661d7a9ef - - default default] No more DHCP agents
2026-05-09 14:14:04.779 9 WARNING neutron.api.rpc.agentnotifiers.dhcp_rpc_agent_api [None req-39c42503-2d68-43c5-8855-826469a0defe 345806ba355642239d4cc842ee5885dc 7ead3f5b23fc41d48da7f58661d7a9ef - - default default] Unable to schedule network 6437efe3-81bd-4f2c-a619-5a485c573967: no agents available; will retry on subsequent port and subnet creation events.
2026-05-09 14:14:04.851 10 INFO neutron.wsgi [None req-5eee6977-cedc-44a6-9f7e-abbcaded6771 6e92204943304cf690a52ebda420fe20 5d53f9715ba741a3b00680d29a9afd9f - - default default] 10.0.0.51 "DELETE /v2.0/networks/13380c3e-f942-42bd-963b-ba6dba76cc49 HTTP/1.1" status: 204 len: 168 time: 0.4918349
2026-05-09 14:14:04.958 10 INFO neutron.services.segments.plugin [-] Segment ffa7667c-f2a4-4e73-887e-3c0bdd472a6b resource provider aggregate not found
2026-05-09 14:14:04.964 10 INFO neutron.services.segments.plugin [-] Segment ffa7667c-f2a4-4e73-887e-3c0bdd472a6b resource provider aggregate not found
2026-05-09 14:14:04.975 10 INFO neutron.services.segments.plugin [-] Segment ffa7667c-f2a4-4e73-887e-3c0bdd472a6b resource provider not found; error: Placement Client Error (4xx): {"errors": [{"status": 404, "title": "Not Found", "detail": "The resource could not be found.\n\n No resource provider with uuid ffa7667c-f2a4-4e73-887e-3c0bdd472a6b found for delete ", "request_id": "req-5b02a4fc-bc6c-4040-95cc-4cabbb669bcb"}]}
2026-05-09 14:14:04.980 10 INFO neutron.services.segments.plugin [-] Segment ffa7667c-f2a4-4e73-887e-3c0bdd472a6b resource provider not found; error: Placement Client Error (4xx): {"errors": [{"status": 404, "title": "Not Found", "detail": "The resource could not be found.\n\n No resource provider with uuid ffa7667c-f2a4-4e73-887e-3c0bdd472a6b found for delete ", "request_id": "req-5d48d794-1a37-4e55-a7f8-41bb4df0ba61"}]}
2026-05-09 14:14:05.251 9 INFO neutron.db.l3_db [None req-30b66051-3790-4759-a5b1-7794428f37b6 6cdc516efa8246df90ebc4495f20faa0 d067e5dd32064659ba809edf1f4c7176 - - default default] Floating IP 3b6275e2-b81d-4196-95d3-ea3803263281 associated. External IP: 10.96.250.219, port: fa9eb51f-b02a-41dd-aa8c-2cbcdd791668.
2026-05-09 14:14:05.505 9 INFO neutron.db.ovn_revision_numbers_db [None req-39c42503-2d68-43c5-8855-826469a0defe 345806ba355642239d4cc842ee5885dc 7ead3f5b23fc41d48da7f58661d7a9ef - - default default] Successfully bumped revision number for resource d9bdf9ca-3bc0-4f8b-ac5d-4cfd8750517d (type: ports) to 2
2026-05-09 14:14:05.512 9 INFO neutron.db.ovn_revision_numbers_db [None req-30b66051-3790-4759-a5b1-7794428f37b6 6cdc516efa8246df90ebc4495f20faa0 d067e5dd32064659ba809edf1f4c7176 - - default default] Successfully bumped revision number for resource 3b6275e2-b81d-4196-95d3-ea3803263281 (type: floatingips) to 0
2026-05-09 14:14:05.565 9 INFO neutron.db.ovn_revision_numbers_db [None req-39c42503-2d68-43c5-8855-826469a0defe 345806ba355642239d4cc842ee5885dc 7ead3f5b23fc41d48da7f58661d7a9ef - - default default] Successfully bumped revision number for resource 3f7f3c29-112f-4144-9ed7-08a8158df379 (type: subnets) to 0
2026-05-09 14:14:05.582 9 INFO neutron.wsgi [None req-39c42503-2d68-43c5-8855-826469a0defe 345806ba355642239d4cc842ee5885dc 7ead3f5b23fc41d48da7f58661d7a9ef - - default default] 10.0.0.51 "POST /v2.0/subnets HTTP/1.1" status: 201 len: 822 time: 1.0858004
2026-05-09 14:14:05.590 9 WARNING neutron.api.v2.base [None req-e725a059-ea19-4c79-bb1f-af872875958c 345806ba355642239d4cc842ee5885dc 7ead3f5b23fc41d48da7f58661d7a9ef - - default default] An exception happened while processing the request body. The exception message is [Invalid input for target_tenant. Reason: '1234123412341234123412341234123412341234123412341234123412341234123412341234123412341234123412341234123412341234123412341234123412341234123412341234123412341234123412341234123412341234123412341234123412341234123412341234123412341234123412341234123412341234123412341234123412341234123412341234123412341234123412341234123412341234123412341234123412341234123412341234123412341234123412341234123412341234' exceeds maximum length of 255.].: webob.exc.HTTPBadRequest: Invalid input for target_tenant. Reason: '1234123412341234123412341234123412341234123412341234123412341234123412341234123412341234123412341234123412341234123412341234123412341234123412341234123412341234123412341234123412341234123412341234123412341234123412341234123412341234123412341234123412341234123412341234123412341234123412341234123412341234123412341234123412341234123412341234123412341234123412341234123412341234123412341234123412341234' exceeds maximum length of 255.
2026-05-09 14:14:05.590 9 INFO neutron.api.v2.resource [None req-e725a059-ea19-4c79-bb1f-af872875958c 345806ba355642239d4cc842ee5885dc 7ead3f5b23fc41d48da7f58661d7a9ef - - default default] create failed (client error): Invalid input for target_tenant. Reason: '1234123412341234123412341234123412341234123412341234123412341234123412341234123412341234123412341234123412341234123412341234123412341234123412341234123412341234123412341234123412341234123412341234123412341234123412341234123412341234123412341234123412341234123412341234123412341234123412341234123412341234123412341234123412341234123412341234123412341234123412341234123412341234123412341234123412341234' exceeds maximum length of 255.
2026-05-09 14:14:05.591 9 INFO neutron.wsgi [None req-e725a059-ea19-4c79-bb1f-af872875958c 345806ba355642239d4cc842ee5885dc 7ead3f5b23fc41d48da7f58661d7a9ef - - default default] 10.0.0.51 "POST /v2.0/rbac-policies HTTP/1.1" status: 400 len: 750 time: 0.0051625
2026-05-09 14:14:05.661 9 INFO neutron.db.ovn_revision_numbers_db [None req-30b66051-3790-4759-a5b1-7794428f37b6 6cdc516efa8246df90ebc4495f20faa0 d067e5dd32064659ba809edf1f4c7176 - - default default] Successfully bumped revision number for resource 3b6275e2-b81d-4196-95d3-ea3803263281 (type: floatingips) to 1
2026-05-09 14:14:05.689 10 INFO neutron.wsgi [None req-8a3442a6-741a-4acd-a123-61e3c07f69ce 8cf26d45df56422da93471a9dbcd9fd6 805bb55269bb47df87fc224616b37195 - - default default] 10.0.0.51 "GET /v2.0/security-groups?tenant_id=5d53f9715ba741a3b00680d29a9afd9f&name=default HTTP/1.1" status: 200 len: 2996 time: 0.1628361
2026-05-09 14:14:05.772 9 INFO neutron.wsgi [None req-30b66051-3790-4759-a5b1-7794428f37b6 6cdc516efa8246df90ebc4495f20faa0 d067e5dd32064659ba809edf1f4c7176 - - default default] 10.0.0.51 "POST /v2.0/floatingips HTTP/1.1" status: 201 len: 1042 time: 1.4760151
2026-05-09 14:14:05.920 10 INFO neutron.db.l3_db [None req-ee71669c-ee5c-4278-8b36-129ca0b0375b 6cdc516efa8246df90ebc4495f20faa0 d067e5dd32064659ba809edf1f4c7176 - - default default] Floating IP 3b6275e2-b81d-4196-95d3-ea3803263281 disassociated. External IP: 10.96.250.219, port: fa9eb51f-b02a-41dd-aa8c-2cbcdd791668.
2026-05-09 14:14:05.965 10 INFO neutron.db.ovn_revision_numbers_db [None req-ee71669c-ee5c-4278-8b36-129ca0b0375b 6cdc516efa8246df90ebc4495f20faa0 d067e5dd32064659ba809edf1f4c7176 - - default default] Successfully bumped revision number for resource 3b6275e2-b81d-4196-95d3-ea3803263281 (type: floatingips) to 2
2026-05-09 14:14:06.001 9 INFO neutron.wsgi [None req-46a64e75-dabd-4ef3-b0dc-bb29a0da420d 8cf26d45df56422da93471a9dbcd9fd6 805bb55269bb47df87fc224616b37195 - - default default] 10.0.0.51 "DELETE /v2.0/security-groups/9750dde3-5e16-4e52-88e8-315940d1eb45 HTTP/1.1" status: 204 len: 168 time: 0.3065956
2026-05-09 14:14:06.069 10 INFO neutron.wsgi [None req-ee71669c-ee5c-4278-8b36-129ca0b0375b 6cdc516efa8246df90ebc4495f20faa0 d067e5dd32064659ba809edf1f4c7176 - - default default] 10.0.0.51 "PUT /v2.0/floatingips/3b6275e2-b81d-4196-95d3-ea3803263281 HTTP/1.1" status: 200 len: 748 time: 0.2909250
2026-05-09 14:14:06.178 9 INFO neutron.services.segments.plugin [-] Segment 22c144fa-3eeb-462c-a2c7-a9d71cb35858 resource provider aggregate not found
2026-05-09 14:14:06.183 9 INFO neutron.services.segments.plugin [-] Segment 22c144fa-3eeb-462c-a2c7-a9d71cb35858 resource provider aggregate not found
2026-05-09 14:14:06.199 9 INFO neutron.services.segments.plugin [-] Segment 22c144fa-3eeb-462c-a2c7-a9d71cb35858 resource provider not found; error: Placement Client Error (4xx): {"errors": [{"status": 404, "title": "Not Found", "detail": "The resource could not be found.\n\n No resource provider with uuid 22c144fa-3eeb-462c-a2c7-a9d71cb35858 found for delete ", "request_id": "req-00f46ac1-9c85-4a72-a5bd-cdb40bb84448"}]}
2026-05-09 14:14:06.200 9 INFO neutron.services.segments.plugin [-] Segment 22c144fa-3eeb-462c-a2c7-a9d71cb35858 resource provider not found; error: Placement Client Error (4xx): {"errors": [{"status": 404, "title": "Not Found", "detail": "The resource could not be found.\n\n No resource provider with uuid 22c144fa-3eeb-462c-a2c7-a9d71cb35858 found for delete ", "request_id": "req-5ddcbd4a-beaa-4000-9ae6-e501c3b4c50e"}]}
2026-05-09 14:14:06.235 9 INFO neutron.wsgi [None req-bdb09d98-8997-483c-b423-a8fc9da170a8 345806ba355642239d4cc842ee5885dc 7ead3f5b23fc41d48da7f58661d7a9ef - - default default] 10.0.0.51 "DELETE /v2.0/networks/6437efe3-81bd-4f2c-a619-5a485c573967 HTTP/1.1" status: 204 len: 168 time: 0.6407473
2026-05-09 14:14:06.365 10 INFO neutron.db.segments_db [None req-2a2ef509-9ae9-4c89-9e08-1497b8c3bebc 345806ba355642239d4cc842ee5885dc 7ead3f5b23fc41d48da7f58661d7a9ef - - default default] Added segment 9244c654-23bf-448c-bd30-575af3ce649c of type geneve for network f469544a-01d7-486b-b29d-a6e6842016a7
2026-05-09 14:14:06.470 10 INFO neutron.wsgi [None req-911482e1-5c70-4837-b84a-c02df1695e2b 6cdc516efa8246df90ebc4495f20faa0 d067e5dd32064659ba809edf1f4c7176 - - default default] 10.0.0.51 "DELETE /v2.0/floatingips/3b6275e2-b81d-4196-95d3-ea3803263281 HTTP/1.1" status: 204 len: 168 time: 0.3958292
2026-05-09 14:14:06.598 10 INFO neutron.db.ovn_revision_numbers_db [None req-2a2ef509-9ae9-4c89-9e08-1497b8c3bebc 345806ba355642239d4cc842ee5885dc 7ead3f5b23fc41d48da7f58661d7a9ef - - default default] Successfully bumped revision number for resource f469544a-01d7-486b-b29d-a6e6842016a7 (type: networks) to 1
2026-05-09 14:14:06.851 10 WARNING neutron.scheduler.dhcp_agent_scheduler [None req-2a2ef509-9ae9-4c89-9e08-1497b8c3bebc 345806ba355642239d4cc842ee5885dc 7ead3f5b23fc41d48da7f58661d7a9ef - - default default] No more DHCP agents
2026-05-09 14:14:06.859 10 WARNING neutron.api.rpc.agentnotifiers.dhcp_rpc_agent_api [None req-2a2ef509-9ae9-4c89-9e08-1497b8c3bebc 345806ba355642239d4cc842ee5885dc 7ead3f5b23fc41d48da7f58661d7a9ef - - default default] Unable to schedule network f469544a-01d7-486b-b29d-a6e6842016a7: no agents available; will retry on subsequent port and subnet creation events.
2026-05-09 14:14:06.968 10 WARNING neutron.scheduler.dhcp_agent_scheduler [None req-b7ec8632-c16b-4160-b517-a82b4ea76f7e 6cdc516efa8246df90ebc4495f20faa0 d067e5dd32064659ba809edf1f4c7176 - - default default] No more DHCP agents
2026-05-09 14:14:06.971 10 WARNING neutron.api.rpc.agentnotifiers.dhcp_rpc_agent_api [None req-b7ec8632-c16b-4160-b517-a82b4ea76f7e 6cdc516efa8246df90ebc4495f20faa0 d067e5dd32064659ba809edf1f4c7176 - - default default] Unable to schedule network b5cdaea7-c0af-467e-b8d5-85f23f6c91ee: no agents available; will retry on subsequent port and subnet creation events.
2026-05-09 14:14:07.011 10 INFO neutron.db.ovn_revision_numbers_db [None req-2a2ef509-9ae9-4c89-9e08-1497b8c3bebc 345806ba355642239d4cc842ee5885dc 7ead3f5b23fc41d48da7f58661d7a9ef - - default default] Successfully bumped revision number for resource 26b11c9a-9f2b-41d7-9192-a4b74edf60ce (type: ports) to 1
2026-05-09 14:14:07.037 10 INFO neutron.wsgi [None req-2a2ef509-9ae9-4c89-9e08-1497b8c3bebc 345806ba355642239d4cc842ee5885dc 7ead3f5b23fc41d48da7f58661d7a9ef - - default default] 10.0.0.51 "POST /v2.0/networks HTTP/1.1" status: 201 len: 929 time: 0.7950850
2026-05-09 14:14:07.215 9 INFO neutron.db.ovn_revision_numbers_db [None req-10f0579b-8fed-4cef-94dd-7b98b7e0984e 8cf26d45df56422da93471a9dbcd9fd6 805bb55269bb47df87fc224616b37195 - - default default] Successfully bumped revision number for resource 95cee590-d560-45fd-bd87-8b8664d27ba1 (type: security_groups) to 1
2026-05-09 14:14:07.280 9 INFO neutron.db.ovn_revision_numbers_db [None req-10f0579b-8fed-4cef-94dd-7b98b7e0984e 8cf26d45df56422da93471a9dbcd9fd6 805bb55269bb47df87fc224616b37195 - - default default] Successfully bumped revision number for resource 0a95958d-3286-4151-906a-f55176ed3fdb (type: security_group_rules) to 0
2026-05-09 14:14:07.314 9 INFO neutron.db.ovn_revision_numbers_db [None req-10f0579b-8fed-4cef-94dd-7b98b7e0984e 8cf26d45df56422da93471a9dbcd9fd6 805bb55269bb47df87fc224616b37195 - - default default] Successfully bumped revision number for resource 1f1f8ca6-0055-4a41-bb81-0851f57c08c7 (type: security_group_rules) to 0
2026-05-09 14:14:07.316 9 WARNING neutron.scheduler.dhcp_agent_scheduler [None req-a7611f46-da2e-482e-8d9d-a9667553d3de 345806ba355642239d4cc842ee5885dc 7ead3f5b23fc41d48da7f58661d7a9ef - - default default] No more DHCP agents
2026-05-09 14:14:07.320 9 WARNING neutron.api.rpc.agentnotifiers.dhcp_rpc_agent_api [None req-a7611f46-da2e-482e-8d9d-a9667553d3de 345806ba355642239d4cc842ee5885dc 7ead3f5b23fc41d48da7f58661d7a9ef - - default default] Unable to schedule network f469544a-01d7-486b-b29d-a6e6842016a7: no agents available; will retry on subsequent port and subnet creation events.
2026-05-09 14:14:07.346 9 INFO neutron.db.ovn_revision_numbers_db [None req-10f0579b-8fed-4cef-94dd-7b98b7e0984e 8cf26d45df56422da93471a9dbcd9fd6 805bb55269bb47df87fc224616b37195 - - default default] Successfully bumped revision number for resource 66280b01-efec-463c-8bce-35f5899e5a8d (type: security_group_rules) to 0
2026-05-09 14:14:07.381 9 INFO neutron.db.ovn_revision_numbers_db [None req-10f0579b-8fed-4cef-94dd-7b98b7e0984e 8cf26d45df56422da93471a9dbcd9fd6 805bb55269bb47df87fc224616b37195 - - default default] Successfully bumped revision number for resource 8299a985-b4ea-47ac-b96c-de149dd6583e (type: security_group_rules) to 0
2026-05-09 14:14:07.381 10 INFO neutron.db.l3_db [None req-b7ec8632-c16b-4160-b517-a82b4ea76f7e 6cdc516efa8246df90ebc4495f20faa0 d067e5dd32064659ba809edf1f4c7176 - - default default] Floating IP 90316604-d4f0-46f7-91cb-affa2d4a8eff associated. External IP: 10.96.250.213, port: 488dc2fc-e48f-4395-9a4e-892e244b8989.
2026-05-09 14:14:07.419 9 INFO neutron.wsgi [None req-10f0579b-8fed-4cef-94dd-7b98b7e0984e 8cf26d45df56422da93471a9dbcd9fd6 805bb55269bb47df87fc224616b37195 - - default default] 10.0.0.51 "GET /v2.0/security-groups?tenant_id=96005328e26d415a966e90ce01ce449b&name=default HTTP/1.1" status: 200 len: 2996 time: 0.5694265
2026-05-09 14:14:07.688 9 INFO neutron.wsgi [None req-046853f8-ce92-4c21-ae7a-c859612a3486 8cf26d45df56422da93471a9dbcd9fd6 805bb55269bb47df87fc224616b37195 - - default default] 10.0.0.51 "DELETE /v2.0/security-groups/95cee590-d560-45fd-bd87-8b8664d27ba1 HTTP/1.1" status: 204 len: 168 time: 0.2633216
2026-05-09 14:14:07.766 10 INFO neutron.db.ovn_revision_numbers_db [None req-b7ec8632-c16b-4160-b517-a82b4ea76f7e 6cdc516efa8246df90ebc4495f20faa0 d067e5dd32064659ba809edf1f4c7176 - - default default] Successfully bumped revision number for resource 90316604-d4f0-46f7-91cb-affa2d4a8eff (type: floatingips) to 0
2026-05-09 14:14:07.888 10 INFO neutron.db.ovn_revision_numbers_db [None req-b7ec8632-c16b-4160-b517-a82b4ea76f7e 6cdc516efa8246df90ebc4495f20faa0 d067e5dd32064659ba809edf1f4c7176 - - default default] Successfully bumped revision number for resource 90316604-d4f0-46f7-91cb-affa2d4a8eff (type: floatingips) to 1
2026-05-09 14:14:07.922 9 INFO neutron.db.ovn_revision_numbers_db [None req-a7611f46-da2e-482e-8d9d-a9667553d3de 345806ba355642239d4cc842ee5885dc 7ead3f5b23fc41d48da7f58661d7a9ef - - default default] Successfully bumped revision number for resource 26b11c9a-9f2b-41d7-9192-a4b74edf60ce (type: ports) to 2
2026-05-09 14:14:07.926 10 INFO neutron.wsgi [None req-b7ec8632-c16b-4160-b517-a82b4ea76f7e 6cdc516efa8246df90ebc4495f20faa0 d067e5dd32064659ba809edf1f4c7176 - - default default] 10.0.0.51 "POST /v2.0/floatingips HTTP/1.1" status: 201 len: 1041 time: 1.4501653
2026-05-09 14:14:07.931 10 INFO neutron.wsgi [None req-7aa4a541-77a7-4fa4-8953-f3f27757a465 cd9d1269f0ab4c3896beef53089e846a 989ed528e0a541d397bd09df4876d700 - - default default] 10.0.0.51 "POST /v2.0/subnetpools HTTP/1.1" status: 201 len: 747 time: 0.1896515 /var/lib/openstack/lib/python3.10/site-packages/pycadf/identifier.py:71: UserWarning: Invalid uuid: neutron. To ensure interoperability, identifiers should be a valid uuid. warnings.warn(('Invalid uuid: %s. To ensure interoperability, '
2026-05-09 14:14:07.964 10 INFO neutron.wsgi [None req-cdc3e5d1-e088-4c65-a8c7-659a5debf29a cd9d1269f0ab4c3896beef53089e846a 989ed528e0a541d397bd09df4876d700 - - default default] 10.0.0.51 "GET /v2.0/subnetpools/51b24f69-69fd-4a50-b977-a0d483e4266c HTTP/1.1" status: 200 len: 742 time: 0.0285714
2026-05-09 14:14:07.980 9 INFO neutron.wsgi [None req-60791013-b565-49be-9a3b-8975d8fb10bc 6cdc516efa8246df90ebc4495f20faa0 d067e5dd32064659ba809edf1f4c7176 - - default default] 10.0.0.51 "GET /v2.0/floatingips/90316604-d4f0-46f7-91cb-affa2d4a8eff HTTP/1.1" status: 200 len: 1038 time: 0.0485485
2026-05-09 14:14:07.982 9 INFO neutron.db.ovn_revision_numbers_db [None req-a7611f46-da2e-482e-8d9d-a9667553d3de 345806ba355642239d4cc842ee5885dc 7ead3f5b23fc41d48da7f58661d7a9ef - - default default] Successfully bumped revision number for resource 64bd9ea6-9431-4575-88f6-d793637bca8d (type: subnets) to 0
2026-05-09 14:14:08.003 9 INFO neutron.wsgi [None req-a7611f46-da2e-482e-8d9d-a9667553d3de 345806ba355642239d4cc842ee5885dc 7ead3f5b23fc41d48da7f58661d7a9ef - - default default] 10.0.0.51 "POST /v2.0/subnets HTTP/1.1" status: 201 len: 822 time: 0.9612172
2026-05-09 14:14:08.046 10 INFO neutron.wsgi [None req-7faba834-e5ef-45cd-bb33-686b5dab0889 6cdc516efa8246df90ebc4495f20faa0 d067e5dd32064659ba809edf1f4c7176 - - default default] 10.0.0.51 "GET /v2.0/floatingips HTTP/1.1" status: 200 len: 1041 time: 0.0615671
2026-05-09 14:14:08.066 10 INFO neutron.wsgi [None req-3c5202f6-c1b3-4109-bf34-80b5b979d222 cd9d1269f0ab4c3896beef53089e846a 989ed528e0a541d397bd09df4876d700 - - default default] 10.0.0.51 "PUT /v2.0/subnetpools/51b24f69-69fd-4a50-b977-a0d483e4266c HTTP/1.1" status: 200 len: 695 time: 0.0969617
2026-05-09 14:14:08.175 10 INFO neutron.wsgi [None req-a5f4dfe2-0218-41a7-9af9-88c517e78a3b cd9d1269f0ab4c3896beef53089e846a 989ed528e0a541d397bd09df4876d700 - - default default] 10.0.0.51 "DELETE /v2.0/subnetpools/51b24f69-69fd-4a50-b977-a0d483e4266c HTTP/1.1" status: 204 len: 168 time: 0.1035290
2026-05-09 14:14:08.177 10 WARNING neutron.plugins.ml2.drivers.ovn.mech_driver.ovsdb.ovn_client [None req-b88ed565-36a1-4567-a008-9913f34a8206 - - - - - -] No hosting information found for port d0bb06d9-eac5-4723-bd24-0f90f41aa2d3: RuntimeError: No hosting information found for port d0bb06d9-eac5-4723-bd24-0f90f41aa2d3 /var/lib/openstack/lib/python3.10/site-packages/pycadf/identifier.py:71: UserWarning: Invalid uuid: neutron. To ensure interoperability, identifiers should be a valid uuid. warnings.warn(('Invalid uuid: %s. To ensure interoperability, '
2026-05-09 14:14:08.239 10 INFO neutron.api.v2.resource [None req-209abdb2-f42a-4721-a5f5-15f8dc5a6bbe cd9d1269f0ab4c3896beef53089e846a 989ed528e0a541d397bd09df4876d700 - - default default] show failed (client error): The resource could not be found.
2026-05-09 14:14:08.241 10 INFO neutron.wsgi [None req-209abdb2-f42a-4721-a5f5-15f8dc5a6bbe cd9d1269f0ab4c3896beef53089e846a 989ed528e0a541d397bd09df4876d700 - - default default] 10.0.0.51 "GET /v2.0/subnetpools/51b24f69-69fd-4a50-b977-a0d483e4266c HTTP/1.1" status: 404 len: 346 time: 0.0422552 /var/lib/openstack/lib/python3.10/site-packages/pycadf/identifier.py:71: UserWarning: Invalid uuid: neutron. To ensure interoperability, identifiers should be a valid uuid. warnings.warn(('Invalid uuid: %s. To ensure interoperability, '
2026-05-09 14:14:08.259 10 INFO neutron.api.v2.resource [None req-07ec0c2f-9097-4b73-a79d-e5f797b27e35 cd9d1269f0ab4c3896beef53089e846a 989ed528e0a541d397bd09df4876d700 - - default default] delete failed (client error): The resource could not be found.
2026-05-09 14:14:08.260 10 INFO neutron.wsgi [None req-07ec0c2f-9097-4b73-a79d-e5f797b27e35 cd9d1269f0ab4c3896beef53089e846a 989ed528e0a541d397bd09df4876d700 - - default default] 10.0.0.51 "DELETE /v2.0/subnetpools/51b24f69-69fd-4a50-b977-a0d483e4266c HTTP/1.1" status: 404 len: 346 time: 0.0130935
2026-05-09 14:14:08.660 9 INFO neutron.db.l3_db [None req-2824f675-9128-4eb6-800d-502e1dce2f4c 6cdc516efa8246df90ebc4495f20faa0 d067e5dd32064659ba809edf1f4c7176 - - default default] Floating IP 90316604-d4f0-46f7-91cb-affa2d4a8eff associated. External IP: 10.96.250.213, port: 488dc2fc-e48f-4395-9a4e-892e244b8989.
2026-05-09 14:14:08.702 9 INFO neutron.wsgi [None req-9f448a67-e42a-410e-991f-e1e8a0efbc39 345806ba355642239d4cc842ee5885dc 7ead3f5b23fc41d48da7f58661d7a9ef - - default default] 10.0.0.51 "POST /v2.0/rbac-policies HTTP/1.1" status: 201 len: 523 time: 0.6956811 /var/lib/openstack/lib/python3.10/site-packages/pycadf/identifier.py:71: UserWarning: Invalid uuid: neutron. To ensure interoperability, identifiers should be a valid uuid. warnings.warn(('Invalid uuid: %s. To ensure interoperability, '
2026-05-09 14:14:08.916 9 INFO neutron.db.ovn_revision_numbers_db [None req-2824f675-9128-4eb6-800d-502e1dce2f4c 6cdc516efa8246df90ebc4495f20faa0 d067e5dd32064659ba809edf1f4c7176 - - default default] Successfully bumped revision number for resource 90316604-d4f0-46f7-91cb-affa2d4a8eff (type: floatingips) to 2
2026-05-09 14:14:09.001 10 INFO neutron.db.ovn_revision_numbers_db [None req-a857c4d7-1221-4491-999d-9e3022f8d7dd 8cf26d45df56422da93471a9dbcd9fd6 805bb55269bb47df87fc224616b37195 - - default default] Successfully bumped revision number for resource 184b0035-a122-4083-b022-21798856c583 (type: security_groups) to 1
2026-05-09 14:14:09.020 10 INFO neutron.db.ovn_revision_numbers_db [None req-a857c4d7-1221-4491-999d-9e3022f8d7dd 8cf26d45df56422da93471a9dbcd9fd6 805bb55269bb47df87fc224616b37195 - - default default] Successfully bumped revision number for resource 2341798d-4e97-45b5-ab24-00af546f8a43 (type: security_group_rules) to 0
2026-05-09 14:14:09.028 9 INFO neutron.db.ovn_revision_numbers_db [None req-2824f675-9128-4eb6-800d-502e1dce2f4c 6cdc516efa8246df90ebc4495f20faa0 d067e5dd32064659ba809edf1f4c7176 - - default default] Successfully bumped revision number for resource 90316604-d4f0-46f7-91cb-affa2d4a8eff (type: floatingips) to 2
2026-05-09 14:14:09.037 10 INFO neutron.db.ovn_revision_numbers_db [None req-a857c4d7-1221-4491-999d-9e3022f8d7dd 8cf26d45df56422da93471a9dbcd9fd6 805bb55269bb47df87fc224616b37195 - - default default] Successfully bumped revision number for resource 46c37ed9-12ae-4bcf-970c-c126224d52bb (type: security_group_rules) to 0
2026-05-09 14:14:09.056 10 INFO neutron.db.ovn_revision_numbers_db [None req-a857c4d7-1221-4491-999d-9e3022f8d7dd 8cf26d45df56422da93471a9dbcd9fd6 805bb55269bb47df87fc224616b37195 - - default default] Successfully bumped revision number for resource 529066ce-25f2-4f5a-9325-70c56ab548a3 (type: security_group_rules) to 0
2026-05-09 14:14:09.074 9 INFO neutron.wsgi [None req-2824f675-9128-4eb6-800d-502e1dce2f4c 6cdc516efa8246df90ebc4495f20faa0 d067e5dd32064659ba809edf1f4c7176 - - default default] 10.0.0.51 "PUT /v2.0/floatingips/90316604-d4f0-46f7-91cb-affa2d4a8eff HTTP/1.1" status: 200 len: 1039 time: 1.0229166
2026-05-09 14:14:09.090 10 INFO neutron.db.ovn_revision_numbers_db [None req-a857c4d7-1221-4491-999d-9e3022f8d7dd 8cf26d45df56422da93471a9dbcd9fd6 805bb55269bb47df87fc224616b37195 - - default default] Successfully bumped revision number for resource b2adfa85-3a2e-44e6-93b5-29b9092ea4b1 (type: security_group_rules) to 0
2026-05-09 14:14:09.134 10 INFO neutron.wsgi [None req-a857c4d7-1221-4491-999d-9e3022f8d7dd 8cf26d45df56422da93471a9dbcd9fd6 805bb55269bb47df87fc224616b37195 - - default default] 10.0.0.51 "GET /v2.0/security-groups?tenant_id=989ed528e0a541d397bd09df4876d700&name=default HTTP/1.1" status: 200 len: 2996 time: 0.4420259 /var/lib/openstack/lib/python3.10/site-packages/pycadf/identifier.py:71: UserWarning: Invalid uuid: neutron. To ensure interoperability, identifiers should be a valid uuid. warnings.warn(('Invalid uuid: %s. To ensure interoperability, '
2026-05-09 14:14:09.231 9 INFO neutron.wsgi [None req-48170b1e-fcba-4efb-9385-88a4145dcfb5 0bf6a0ab764c4234880deec7cbb2c13a 77c909acf9484fe692eb4cfab57c02cd - - default default] 10.0.0.51 "GET /v2.0/networks/f469544a-01d7-486b-b29d-a6e6842016a7 HTTP/1.1" status: 200 len: 849 time: 0.1376302
2026-05-09 14:14:09.256 10 INFO neutron.db.l3_db [None req-a6f15ac2-e55a-4164-944a-99db39c9331d 6cdc516efa8246df90ebc4495f20faa0 d067e5dd32064659ba809edf1f4c7176 - - default default] Floating IP 90316604-d4f0-46f7-91cb-affa2d4a8eff disassociated. External IP: 10.96.250.213, port: fa9eb51f-b02a-41dd-aa8c-2cbcdd791668.
2026-05-09 14:14:09.321 10 INFO neutron.db.ovn_revision_numbers_db [None req-a6f15ac2-e55a-4164-944a-99db39c9331d 6cdc516efa8246df90ebc4495f20faa0 d067e5dd32064659ba809edf1f4c7176 - - default default] Successfully bumped revision number for resource 90316604-d4f0-46f7-91cb-affa2d4a8eff (type: floatingips) to 3
2026-05-09 14:14:09.405 10 INFO neutron.wsgi [None req-a6f15ac2-e55a-4164-944a-99db39c9331d 6cdc516efa8246df90ebc4495f20faa0 d067e5dd32064659ba809edf1f4c7176 - - default default] 10.0.0.51 "PUT /v2.0/floatingips/90316604-d4f0-46f7-91cb-affa2d4a8eff HTTP/1.1" status: 200 len: 748 time: 0.3242319
2026-05-09 14:14:09.439 9 INFO neutron.wsgi [None req-53345e2d-7735-41c9-aeef-3a24d2a7b22e 8cf26d45df56422da93471a9dbcd9fd6 805bb55269bb47df87fc224616b37195 - - default default] 10.0.0.51 "DELETE /v2.0/security-groups/184b0035-a122-4083-b022-21798856c583 HTTP/1.1" status: 204 len: 168 time: 0.2972860 /var/lib/openstack/lib/python3.10/site-packages/pycadf/identifier.py:71: UserWarning: Invalid uuid: neutron. To ensure interoperability, identifiers should be a valid uuid. warnings.warn(('Invalid uuid: %s. To ensure interoperability, '
2026-05-09 14:14:09.771 10 INFO neutron.pecan_wsgi.hooks.translation [None req-9e387e45-969c-4acd-915c-c5fccc6e3363 9df68877da9e4732a8e14bc21bfce648 b6cb737e5f924272bd86b28c5935c374 - - default default] GET failed (client error): The resource could not be found.
2026-05-09 14:14:09.773 10 INFO neutron.wsgi [None req-9e387e45-969c-4acd-915c-c5fccc6e3363 9df68877da9e4732a8e14bc21bfce648 b6cb737e5f924272bd86b28c5935c374 - - default default] 10.0.0.51 "GET /v2.0/networks/f469544a-01d7-486b-b29d-a6e6842016a7 HTTP/1.1" status: 404 len: 339 time: 0.2003644
2026-05-09 14:14:09.804 9 INFO neutron.wsgi [None req-821f6f99-0830-447a-b78f-1251d1426f34 6cdc516efa8246df90ebc4495f20faa0 d067e5dd32064659ba809edf1f4c7176 - - default default] 10.0.0.51 "DELETE /v2.0/floatingips/90316604-d4f0-46f7-91cb-affa2d4a8eff HTTP/1.1" status: 204 len: 168 time: 0.3933156
2026-05-09 14:14:09.836 9 INFO neutron.api.v2.resource [None req-0bf31b6e-570b-48c5-a313-9dfea4f7ec58 6cdc516efa8246df90ebc4495f20faa0 d067e5dd32064659ba809edf1f4c7176 - - default default] delete failed (client error): The resource could not be found.
2026-05-09 14:14:09.837 9 INFO neutron.wsgi [None req-0bf31b6e-570b-48c5-a313-9dfea4f7ec58 6cdc516efa8246df90ebc4495f20faa0 d067e5dd32064659ba809edf1f4c7176 - - default default] 10.0.0.51 "DELETE /v2.0/floatingips/90316604-d4f0-46f7-91cb-affa2d4a8eff HTTP/1.1" status: 404 len: 345 time: 0.0283422
2026-05-09 14:14:09.945 10 INFO neutron.db.ovn_revision_numbers_db [None req-34911856-9878-4e57-98b7-17f6e64b7066 8ba04ff0d63c4ef18117356a6f3b57ba 6ca5d180d1e74d0abcc36e1c3feafe5d - - default default] Successfully bumped revision number for resource 162dade0-56fd-4367-a419-7c5081c308e4 (type: security_groups) to 1
2026-05-09 14:14:09.975 10 INFO neutron.db.ovn_revision_numbers_db [None req-34911856-9878-4e57-98b7-17f6e64b7066 8ba04ff0d63c4ef18117356a6f3b57ba 6ca5d180d1e74d0abcc36e1c3feafe5d - - default default] Successfully bumped revision number for resource 34304daa-0bf9-4792-b8db-9bfc988bf3a2 (type: security_group_rules) to 0
2026-05-09 14:14:10.010 10 INFO neutron.db.ovn_revision_numbers_db [None req-34911856-9878-4e57-98b7-17f6e64b7066 8ba04ff0d63c4ef18117356a6f3b57ba 6ca5d180d1e74d0abcc36e1c3feafe5d - - default default] Successfully bumped revision number for resource 8a952a5e-ef1e-4f6d-b464-71a54f4d34fb (type: security_group_rules) to 0
2026-05-09 14:14:10.045 10 INFO neutron.db.ovn_revision_numbers_db [None req-34911856-9878-4e57-98b7-17f6e64b7066 8ba04ff0d63c4ef18117356a6f3b57ba 6ca5d180d1e74d0abcc36e1c3feafe5d - - default default] Successfully bumped revision number for resource f2524e20-2266-483d-a3fb-a53bcce2896b (type: security_group_rules) to 0
2026-05-09 14:14:10.082 10 INFO neutron.db.ovn_revision_numbers_db [None req-34911856-9878-4e57-98b7-17f6e64b7066 8ba04ff0d63c4ef18117356a6f3b57ba 6ca5d180d1e74d0abcc36e1c3feafe5d - - default default] Successfully bumped revision number for resource fdf167f7-fd67-431e-858b-d737077ea8d1 (type: security_group_rules) to 0
2026-05-09 14:14:10.146 10 INFO neutron.db.segments_db [None req-34911856-9878-4e57-98b7-17f6e64b7066 8ba04ff0d63c4ef18117356a6f3b57ba 6ca5d180d1e74d0abcc36e1c3feafe5d - - default default] Added segment b5eeeb9d-5194-47ed-8c73-463a30c8b50b of type geneve for network 21324781-0f20-4dbc-9712-9e09453de209
2026-05-09 14:14:10.248 9 INFO neutron.wsgi [None req-a1a05bdb-f697-41df-9b05-d5ce3a0b31c8 6cdc516efa8246df90ebc4495f20faa0 d067e5dd32064659ba809edf1f4c7176 - - default default] 10.0.0.51 "DELETE /v2.0/ports/fa9eb51f-b02a-41dd-aa8c-2cbcdd791668 HTTP/1.1" status: 204 len: 168 time: 0.4051628
2026-05-09 14:14:10.347 10 INFO neutron.db.ovn_revision_numbers_db [None req-34911856-9878-4e57-98b7-17f6e64b7066 8ba04ff0d63c4ef18117356a6f3b57ba 6ca5d180d1e74d0abcc36e1c3feafe5d - - default default] Successfully bumped revision number for resource 21324781-0f20-4dbc-9712-9e09453de209 (type: networks) to 1
2026-05-09 14:14:10.444 10 INFO neutron.services.segments.plugin [-] Segment 9244c654-23bf-448c-bd30-575af3ce649c resource provider aggregate not found
2026-05-09 14:14:10.452 10 INFO neutron.services.segments.plugin [-] Segment 9244c654-23bf-448c-bd30-575af3ce649c resource provider aggregate not found
2026-05-09 14:14:10.475 10 INFO neutron.services.segments.plugin [-] Segment 9244c654-23bf-448c-bd30-575af3ce649c resource provider not found; error: Placement Client Error (4xx): {"errors": [{"status": 404, "title": "Not Found", "detail": "The resource could not be found.\n\n No resource provider with uuid 9244c654-23bf-448c-bd30-575af3ce649c found for delete ", "request_id": "req-e690acad-6c71-415b-94a3-aa4ffefef000"}]}
2026-05-09 14:14:10.478 10 INFO neutron.services.segments.plugin [-] Segment 9244c654-23bf-448c-bd30-575af3ce649c resource provider not found; error: Placement Client Error (4xx): {"errors": [{"status": 404, "title": "Not Found", "detail": "The resource could not be found.\n\n No resource provider with uuid 9244c654-23bf-448c-bd30-575af3ce649c found for delete ", "request_id": "req-2ace20a1-6662-4704-8c61-a3ecb3b998f8"}]}
2026-05-09 14:14:10.519 10 INFO neutron.wsgi [None req-4bed90f1-8f11-47bb-aac8-81ae6be0dfc9 345806ba355642239d4cc842ee5885dc 7ead3f5b23fc41d48da7f58661d7a9ef - - default default] 10.0.0.51 "DELETE /v2.0/networks/f469544a-01d7-486b-b29d-a6e6842016a7 HTTP/1.1" status: 204 len: 168 time: 0.7412703
2026-05-09 14:14:10.545 10 INFO neutron.pecan_wsgi.hooks.translation [None req-a34f2b65-3083-4cad-ac19-98de3b80e403 345806ba355642239d4cc842ee5885dc 7ead3f5b23fc41d48da7f58661d7a9ef - - default default] DELETE failed (client error): The resource could not be found.
2026-05-09 14:14:10.547 10 INFO neutron.wsgi [None req-a34f2b65-3083-4cad-ac19-98de3b80e403 345806ba355642239d4cc842ee5885dc 7ead3f5b23fc41d48da7f58661d7a9ef - - default default] 10.0.0.51 "DELETE /v2.0/subnets/8dcc21ce-8718-461f-a1f4-9b0b8f21bd9b HTTP/1.1" status: 404 len: 337 time: 0.0174425
2026-05-09 14:14:10.573 10 INFO neutron.pecan_wsgi.hooks.translation [None req-c617ea3e-3f0b-4a0e-9c46-af4e6661dc4f 345806ba355642239d4cc842ee5885dc 7ead3f5b23fc41d48da7f58661d7a9ef - - default default] DELETE failed (client error): The resource could not be found.
2026-05-09 14:14:10.576 10 INFO neutron.wsgi [None req-c617ea3e-3f0b-4a0e-9c46-af4e6661dc4f 345806ba355642239d4cc842ee5885dc 7ead3f5b23fc41d48da7f58661d7a9ef - - default default] 10.0.0.51 "DELETE /v2.0/subnets/3f7f3c29-112f-4144-9ed7-08a8158df379 HTTP/1.1" status: 404 len: 337 time: 0.0215354
2026-05-09 14:14:10.601 10 INFO neutron.pecan_wsgi.hooks.translation [None req-bb2d24e2-cbef-4a4a-a8cb-f520279360ef 345806ba355642239d4cc842ee5885dc 7ead3f5b23fc41d48da7f58661d7a9ef - - default default] DELETE failed (client error): The resource could not be found.
2026-05-09 14:14:10.603 10 INFO neutron.wsgi [None req-bb2d24e2-cbef-4a4a-a8cb-f520279360ef 345806ba355642239d4cc842ee5885dc 7ead3f5b23fc41d48da7f58661d7a9ef - - default default] 10.0.0.51 "DELETE /v2.0/subnets/64bd9ea6-9431-4575-88f6-d793637bca8d HTTP/1.1" status: 404 len: 337 time: 0.0191276
2026-05-09 14:14:10.605 10 WARNING neutron.scheduler.dhcp_agent_scheduler [None req-34911856-9878-4e57-98b7-17f6e64b7066 8ba04ff0d63c4ef18117356a6f3b57ba 6ca5d180d1e74d0abcc36e1c3feafe5d - - default default] No more DHCP agents
2026-05-09 14:14:10.607 10 WARNING neutron.api.rpc.agentnotifiers.dhcp_rpc_agent_api [None req-34911856-9878-4e57-98b7-17f6e64b7066 8ba04ff0d63c4ef18117356a6f3b57ba 6ca5d180d1e74d0abcc36e1c3feafe5d - - default default] Unable to schedule network 21324781-0f20-4dbc-9712-9e09453de209: no agents available; will retry on subsequent port and subnet creation events.
2026-05-09 14:14:10.662 9 INFO neutron.wsgi [None req-04117154-b9d2-429f-8f52-4d988e8af725 6cdc516efa8246df90ebc4495f20faa0 d067e5dd32064659ba809edf1f4c7176 - - default default] 10.0.0.51 "DELETE /v2.0/ports/488dc2fc-e48f-4395-9a4e-892e244b8989 HTTP/1.1" status: 204 len: 168 time: 0.4068499
2026-05-09 14:14:10.729 10 INFO neutron.db.ovn_revision_numbers_db [None req-34911856-9878-4e57-98b7-17f6e64b7066 8ba04ff0d63c4ef18117356a6f3b57ba 6ca5d180d1e74d0abcc36e1c3feafe5d - - default default] Successfully bumped revision number for resource 07e07880-35f2-4119-9d87-c941ada96a03 (type: ports) to 1
2026-05-09 14:14:10.763 10 INFO neutron.wsgi [None req-34911856-9878-4e57-98b7-17f6e64b7066 8ba04ff0d63c4ef18117356a6f3b57ba 6ca5d180d1e74d0abcc36e1c3feafe5d - - default default] 10.0.0.51 "POST /v2.0/networks HTTP/1.1" status: 201 len: 832 time: 1.2274940
2026-05-09 14:14:10.785 10 INFO neutron.wsgi [None req-0d2d1a03-2916-4dce-b454-1061b9185e1a 6cdc516efa8246df90ebc4495f20faa0 d067e5dd32064659ba809edf1f4c7176 - - default default] 10.0.0.51 "GET /v2.0/ports?device_id=d97c082a-cfdf-4a61-abf6-c829bc7fddf1 HTTP/1.1" status: 200 len: 1140 time: 0.1168690
2026-05-09 14:14:10.896 10 INFO neutron.db.segments_db [None req-9d6514e7-ba79-4ad8-a943-39a749a48040 8ba04ff0d63c4ef18117356a6f3b57ba 6ca5d180d1e74d0abcc36e1c3feafe5d - - default default] Added segment d7c9c7b2-533a-4e00-aff4-c951012d25b8 of type geneve for network 0e731866-220e-49d2-a441-d9496ade424f
2026-05-09 14:14:11.157 10 INFO neutron.db.ovn_revision_numbers_db [None req-9d6514e7-ba79-4ad8-a943-39a749a48040 8ba04ff0d63c4ef18117356a6f3b57ba 6ca5d180d1e74d0abcc36e1c3feafe5d - - default default] Successfully bumped revision number for resource 0e731866-220e-49d2-a441-d9496ade424f (type: networks) to 1
2026-05-09 14:14:11.412 10 WARNING neutron.scheduler.dhcp_agent_scheduler [None req-9d6514e7-ba79-4ad8-a943-39a749a48040 8ba04ff0d63c4ef18117356a6f3b57ba 6ca5d180d1e74d0abcc36e1c3feafe5d - - default default] No more DHCP agents
2026-05-09 14:14:11.414 10 WARNING neutron.api.rpc.agentnotifiers.dhcp_rpc_agent_api [None req-9d6514e7-ba79-4ad8-a943-39a749a48040 8ba04ff0d63c4ef18117356a6f3b57ba 6ca5d180d1e74d0abcc36e1c3feafe5d - - default default] Unable to schedule network 0e731866-220e-49d2-a441-d9496ade424f: no agents available; will retry on subsequent port and subnet creation events.
2026-05-09 14:14:11.524 10 INFO neutron.db.ovn_revision_numbers_db [None req-9d6514e7-ba79-4ad8-a943-39a749a48040 8ba04ff0d63c4ef18117356a6f3b57ba 6ca5d180d1e74d0abcc36e1c3feafe5d - - default default] Successfully bumped revision number for resource 258ecdcc-f1af-468e-a608-34ced68f47e1 (type: ports) to 1
2026-05-09 14:14:11.562 10 INFO neutron.wsgi [None req-9d6514e7-ba79-4ad8-a943-39a749a48040 8ba04ff0d63c4ef18117356a6f3b57ba 6ca5d180d1e74d0abcc36e1c3feafe5d - - default default] 10.0.0.51 "POST /v2.0/networks HTTP/1.1" status: 201 len: 832 time: 0.7935622
2026-05-09 14:14:11.562 9 INFO neutron.db.ovn_revision_numbers_db [None req-f41f388e-7183-400e-a613-ee7447c34cce 8cf26d45df56422da93471a9dbcd9fd6 805bb55269bb47df87fc224616b37195 - - default default] Successfully bumped revision number for resource 24cfbe76-8b0a-4ba6-8d78-5f2033b58037 (type: security_groups) to 1
2026-05-09 14:14:11.600 9 INFO neutron.db.ovn_revision_numbers_db [None req-f41f388e-7183-400e-a613-ee7447c34cce 8cf26d45df56422da93471a9dbcd9fd6 805bb55269bb47df87fc224616b37195 - - default default] Successfully bumped revision number for resource 46c0d3d7-ee8e-42f4-a279-d75aeafd3553 (type: security_group_rules) to 0
2026-05-09 14:14:11.634 9 INFO neutron.db.ovn_revision_numbers_db [None req-f41f388e-7183-400e-a613-ee7447c34cce 8cf26d45df56422da93471a9dbcd9fd6 805bb55269bb47df87fc224616b37195 - - default default] Successfully bumped revision number for resource 63a54c8c-7c19-43ee-82f8-48aac2abc65c (type: security_group_rules) to 0
2026-05-09 14:14:11.663 9 INFO neutron.db.ovn_revision_numbers_db [None req-f41f388e-7183-400e-a613-ee7447c34cce 8cf26d45df56422da93471a9dbcd9fd6 805bb55269bb47df87fc224616b37195 - - default default] Successfully bumped revision number for resource 67b11c7d-adae-49e6-a15b-48d0e0fddf8d (type: security_group_rules) to 0
2026-05-09 14:14:11.692 9 INFO neutron.db.ovn_revision_numbers_db [None req-f41f388e-7183-400e-a613-ee7447c34cce 8cf26d45df56422da93471a9dbcd9fd6 805bb55269bb47df87fc224616b37195 - - default default] Successfully bumped revision number for resource 70f2b78a-dc2d-4ee9-975f-605a47e66088 (type: security_group_rules) to 0
2026-05-09 14:14:11.709 9 INFO neutron.db.ovn_revision_numbers_db [None req-662ddf4f-995d-433c-aa45-db02a6422ee8 8cf26d45df56422da93471a9dbcd9fd6 805bb55269bb47df87fc224616b37195 - - default default] Successfully bumped revision number for resource d49db5ce-8abb-4fb8-a649-d2573442f86a (type: security_groups) to 1
2026-05-09 14:14:11.743 9 INFO neutron.db.ovn_revision_numbers_db [None req-662ddf4f-995d-433c-aa45-db02a6422ee8 8cf26d45df56422da93471a9dbcd9fd6 805bb55269bb47df87fc224616b37195 - - default default] Successfully bumped revision number for resource 3283e34d-cf5f-4369-ad70-7d8a8464ae46 (type: security_group_rules) to 0
2026-05-09 14:14:11.758 9 INFO neutron.db.segments_db [None req-f41f388e-7183-400e-a613-ee7447c34cce 8cf26d45df56422da93471a9dbcd9fd6 805bb55269bb47df87fc224616b37195 - - default default] Added segment 9016ca20-ab86-403e-a80f-ea21c78338df of type geneve for network 130de039-2934-4e23-b918-8a26aa9de06e
2026-05-09 14:14:11.787 9 INFO neutron.db.ovn_revision_numbers_db [None req-662ddf4f-995d-433c-aa45-db02a6422ee8 8cf26d45df56422da93471a9dbcd9fd6 805bb55269bb47df87fc224616b37195 - - default default] Successfully bumped revision number for resource 75646d41-44a3-4d1d-b4e7-57ab856b5792 (type: security_group_rules) to 0
