2026-05-09 14:15:20.424 9 INFO neutron.wsgi [None req-da492bfa-7c5d-4dcd-b5a8-6dda3ac15c49 18c3b976208849afa7535f79ed4e9013 ad0e4c3b7e0f4587a302288596ba15ce - - default default] 10.0.0.51 "DELETE /v2.0/networks/cc570488-c1dc-4b57-bbc5-c8a96577ae53 HTTP/1.1" status: 204 len: 168 time: 0.4815772
2026-05-09 14:15:20.453 9 INFO neutron.wsgi [None req-349ca27e-c1ce-41e7-8455-703c63d0d598 1ae5040144124c9fb59efa820ec05cf3 f3630fd1fa844945896af38f3bd4b51c - - default default] 10.0.0.51 "DELETE /v2.0/security-groups/ab5e70c8-19ad-4be7-9b1b-2bcaeca46f88 HTTP/1.1" status: 204 len: 168 time: 0.1666667
2026-05-09 14:15:20.558 10 INFO neutron.db.ovn_revision_numbers_db [None req-4c3166eb-61d9-4625-97a1-aef1e1bd7186 1516c57522184d3fad81bb3c50ec2d15 5a4777d3982140cb9bc05ddf9e49ad2d - - default default] Successfully bumped revision number for resource 41d70c2f-cd95-469b-b477-85484e395dab (type: security_groups) to 1
2026-05-09 14:15:20.577 10 INFO neutron.db.ovn_revision_numbers_db [None req-4c3166eb-61d9-4625-97a1-aef1e1bd7186 1516c57522184d3fad81bb3c50ec2d15 5a4777d3982140cb9bc05ddf9e49ad2d - - default default] Successfully bumped revision number for resource 4fce19f5-ac4a-462f-897b-67fbc8e8ac8e (type: security_group_rules) to 0
2026-05-09 14:15:20.579 9 INFO neutron.wsgi [None req-d31cf7da-27c0-4444-b1fc-3d3e1bfe51b2 1ae5040144124c9fb59efa820ec05cf3 f3630fd1fa844945896af38f3bd4b51c - - default default] 10.0.0.51 "DELETE /v2.0/security-groups/2c2fefbc-1368-4a4b-9cb8-8f8cebe393a7 HTTP/1.1" status: 204 len: 168 time: 0.1201236
2026-05-09 14:15:20.596 10 INFO neutron.db.ovn_revision_numbers_db [None req-4c3166eb-61d9-4625-97a1-aef1e1bd7186 1516c57522184d3fad81bb3c50ec2d15 5a4777d3982140cb9bc05ddf9e49ad2d - - default default] Successfully bumped revision number for resource d2213866-e6ef-4c44-924c-46b966ab5e64 (type: security_group_rules) to 0
2026-05-09 14:15:20.620 10 INFO neutron.wsgi [None req-4c3166eb-61d9-4625-97a1-aef1e1bd7186 1516c57522184d3fad81bb3c50ec2d15 5a4777d3982140cb9bc05ddf9e49ad2d - - default default] 10.0.0.51 "POST /v2.0/security-groups HTTP/1.1" status: 201 len: 1809 time: 0.1905785
2026-05-09 14:15:20.722 9 INFO neutron.wsgi [None req-377daf8f-7e70-4031-9935-b0ce12810470 1ae5040144124c9fb59efa820ec05cf3 f3630fd1fa844945896af38f3bd4b51c - - default default] 10.0.0.51 "DELETE /v2.0/security-groups/d3fb3393-c3b5-4e2f-b4d6-3fb949de1755 HTTP/1.1" status: 204 len: 168 time: 0.1381783
2026-05-09 14:15:20.751 9 INFO neutron.db.ovn_revision_numbers_db [None req-ecfe413f-85c4-48f4-b021-ab42384df08e 1516c57522184d3fad81bb3c50ec2d15 5a4777d3982140cb9bc05ddf9e49ad2d - - default default] Successfully bumped revision number for resource 933c6a57-b254-4950-b516-5dfcca217dfe (type: security_group_rules) to 0
2026-05-09 14:15:20.782 9 INFO neutron.wsgi [None req-ecfe413f-85c4-48f4-b021-ab42384df08e 1516c57522184d3fad81bb3c50ec2d15 5a4777d3982140cb9bc05ddf9e49ad2d - - default default] 10.0.0.51 "POST /v2.0/security-group-rules HTTP/1.1" status: 201 len: 764 time: 0.1578429
2026-05-09 14:15:20.871 10 INFO neutron.wsgi [None req-67ab8bb6-b5be-4b08-b67e-76be5f7f10a8 1ae5040144124c9fb59efa820ec05cf3 f3630fd1fa844945896af38f3bd4b51c - - default default] 10.0.0.51 "DELETE /v2.0/security-groups/6bff92cf-5311-43bf-8e3c-db5225761c0d HTTP/1.1" status: 204 len: 168 time: 0.1436634
2026-05-09 14:15:20.973 9 INFO neutron.db.ovn_revision_numbers_db [None req-967b2f0a-1e54-463f-9208-943efebfae52 1516c57522184d3fad81bb3c50ec2d15 5a4777d3982140cb9bc05ddf9e49ad2d - - default default] Successfully bumped revision number for resource 7b23d2ef-0db6-4f23-b196-fe03aa26bb3f (type: security_group_rules) to 0
2026-05-09 14:15:21.053 9 INFO neutron.wsgi [None req-967b2f0a-1e54-463f-9208-943efebfae52 1516c57522184d3fad81bb3c50ec2d15 5a4777d3982140cb9bc05ddf9e49ad2d - - default default] 10.0.0.51 "POST /v2.0/security-group-rules HTTP/1.1" status: 201 len: 763 time: 0.2663617
2026-05-09 14:15:21.220 10 INFO neutron.db.ovn_revision_numbers_db [None req-194015ec-1a2d-492d-9756-88a9ed767fa0 1516c57522184d3fad81bb3c50ec2d15 5a4777d3982140cb9bc05ddf9e49ad2d - - default default] Successfully bumped revision number for resource fb2c2358-9d61-469d-ac18-aea3e4d30321 (type: security_group_rules) to 0
2026-05-09 14:15:21.261 10 INFO neutron.wsgi [None req-194015ec-1a2d-492d-9756-88a9ed767fa0 1516c57522184d3fad81bb3c50ec2d15 5a4777d3982140cb9bc05ddf9e49ad2d - - default default] 10.0.0.51 "POST /v2.0/security-group-rules HTTP/1.1" status: 201 len: 769 time: 0.1950812
2026-05-09 14:15:21.421 9 INFO neutron.db.ovn_revision_numbers_db [None req-a7e01be6-d2a2-469c-8950-6602e47fab7d 1516c57522184d3fad81bb3c50ec2d15 5a4777d3982140cb9bc05ddf9e49ad2d - - default default] Successfully bumped revision number for resource b0ac90db-7df1-40ba-95b2-4d3f8bb26b50 (type: security_group_rules) to 0
2026-05-09 14:15:21.456 9 INFO neutron.wsgi [None req-a7e01be6-d2a2-469c-8950-6602e47fab7d 1516c57522184d3fad81bb3c50ec2d15 5a4777d3982140cb9bc05ddf9e49ad2d - - default default] 10.0.0.51 "POST /v2.0/security-group-rules HTTP/1.1" status: 201 len: 768 time: 0.1872935
2026-05-09 14:15:21.483 9 INFO neutron.db.securitygroups_db [None req-74bde8b9-dd45-47f1-89a9-1251aa115ead 1516c57522184d3fad81bb3c50ec2d15 5a4777d3982140cb9bc05ddf9e49ad2d - - default default] Project 5a4777d3982140cb9bc05ddf9e49ad2d added a security group rule with legacy IPv6 ICMP protocol name icmp, ipv6-icmp should be used instead. It was automatically converted.
2026-05-09 14:15:21.586 9 INFO neutron.db.ovn_revision_numbers_db [None req-74bde8b9-dd45-47f1-89a9-1251aa115ead 1516c57522184d3fad81bb3c50ec2d15 5a4777d3982140cb9bc05ddf9e49ad2d - - default default] Successfully bumped revision number for resource 8ca49f39-81d5-42c7-8501-ef19384484d4 (type: security_group_rules) to 0
2026-05-09 14:15:21.602 10 INFO neutron.db.ovn_revision_numbers_db [None req-3011fcc3-b99d-419f-bfad-9d1e802098e3 8cf26d45df56422da93471a9dbcd9fd6 805bb55269bb47df87fc224616b37195 - - default default] Successfully bumped revision number for resource 212d9f87-ce82-40e6-8f30-3dbbbaf78c63 (type: security_groups) to 1
2026-05-09 14:15:21.607 9 INFO neutron.wsgi [None req-74bde8b9-dd45-47f1-89a9-1251aa115ead 1516c57522184d3fad81bb3c50ec2d15 5a4777d3982140cb9bc05ddf9e49ad2d - - default default] 10.0.0.51 "POST /v2.0/security-group-rules HTTP/1.1" status: 201 len: 774 time: 0.1477373
2026-05-09 14:15:21.621 10 INFO neutron.db.ovn_revision_numbers_db [None req-3011fcc3-b99d-419f-bfad-9d1e802098e3 8cf26d45df56422da93471a9dbcd9fd6 805bb55269bb47df87fc224616b37195 - - default default] Successfully bumped revision number for resource 04c56f2f-bba9-485d-a1b3-9652474a1a3c (type: security_group_rules) to 0
2026-05-09 14:15:21.634 9 INFO neutron.db.securitygroups_db [None req-1d47ee2e-0646-4829-b261-05ab764b13d8 1516c57522184d3fad81bb3c50ec2d15 5a4777d3982140cb9bc05ddf9e49ad2d - - default default] Project 5a4777d3982140cb9bc05ddf9e49ad2d added a security group rule with legacy IPv6 ICMP protocol name icmp, ipv6-icmp should be used instead. It was automatically converted.
2026-05-09 14:15:21.635 10 INFO neutron.db.ovn_revision_numbers_db [None req-3011fcc3-b99d-419f-bfad-9d1e802098e3 8cf26d45df56422da93471a9dbcd9fd6 805bb55269bb47df87fc224616b37195 - - default default] Successfully bumped revision number for resource 255721b2-4e7f-42d4-b086-1ef662eee47c (type: security_group_rules) to 0
2026-05-09 14:15:21.652 10 INFO neutron.db.ovn_revision_numbers_db [None req-3011fcc3-b99d-419f-bfad-9d1e802098e3 8cf26d45df56422da93471a9dbcd9fd6 805bb55269bb47df87fc224616b37195 - - default default] Successfully bumped revision number for resource 4c6a448a-8fb8-483e-a1d9-b1cc10f48c76 (type: security_group_rules) to 0
2026-05-09 14:15:21.665 10 INFO neutron.db.ovn_revision_numbers_db [None req-3011fcc3-b99d-419f-bfad-9d1e802098e3 8cf26d45df56422da93471a9dbcd9fd6 805bb55269bb47df87fc224616b37195 - - default default] Successfully bumped revision number for resource e9097d1e-537e-4ce6-bdfd-074e2d484cfd (type: security_group_rules) to 0
2026-05-09 14:15:21.687 10 INFO neutron.wsgi [None req-3011fcc3-b99d-419f-bfad-9d1e802098e3 8cf26d45df56422da93471a9dbcd9fd6 805bb55269bb47df87fc224616b37195 - - default default] 10.0.0.51 "GET /v2.0/security-groups?tenant_id=eb887cc2602b4f748fc14f24ddb6a204&name=default HTTP/1.1" status: 200 len: 2996 time: 0.4534352
2026-05-09 14:15:21.737 9 INFO neutron.db.ovn_revision_numbers_db [None req-1d47ee2e-0646-4829-b261-05ab764b13d8 1516c57522184d3fad81bb3c50ec2d15 5a4777d3982140cb9bc05ddf9e49ad2d - - default default] Successfully bumped revision number for resource d688517d-5b53-4b3f-acc0-350c945ab5d1 (type: security_group_rules) to 0
2026-05-09 14:15:21.769 9 INFO neutron.wsgi [None req-1d47ee2e-0646-4829-b261-05ab764b13d8 1516c57522184d3fad81bb3c50ec2d15 5a4777d3982140cb9bc05ddf9e49ad2d - - default default] 10.0.0.51 "POST /v2.0/security-group-rules HTTP/1.1" status: 201 len: 773 time: 0.1547649
2026-05-09 14:15:21.895 10 INFO neutron.wsgi [None req-cb8bb49a-e0f2-4d32-9ee8-748f0fdbbc7a 8cf26d45df56422da93471a9dbcd9fd6 805bb55269bb47df87fc224616b37195 - - default default] 10.0.0.51 "DELETE /v2.0/security-groups/212d9f87-ce82-40e6-8f30-3dbbbaf78c63 HTTP/1.1" status: 204 len: 168 time: 0.2009609
2026-05-09 14:15:22.048 10 INFO neutron.wsgi [None req-6823bebf-ef6e-4892-ba30-adab3a041322 8cf26d45df56422da93471a9dbcd9fd6 805bb55269bb47df87fc224616b37195 - - default default] 10.0.0.51 "GET /v2.0/security-groups?tenant_id=ad0e4c3b7e0f4587a302288596ba15ce&name=default HTTP/1.1" status: 200 len: 2996 time: 0.0349257
2026-05-09 14:15:22.264 10 INFO neutron.wsgi [None req-96234013-4590-45be-826d-734fc56a778c 8cf26d45df56422da93471a9dbcd9fd6 805bb55269bb47df87fc224616b37195 - - default default] 10.0.0.51 "DELETE /v2.0/security-groups/3dbe4500-f3b6-41fe-a2f4-ced1f33fec65 HTTP/1.1" status: 204 len: 168 time: 0.2110014
2026-05-09 14:15:22.277 10 INFO neutron.db.ovn_revision_numbers_db [None req-7e563d0a-5e6c-4349-ad07-12415af330cb 8cf26d45df56422da93471a9dbcd9fd6 805bb55269bb47df87fc224616b37195 - - default default] Successfully bumped revision number for resource ec53c148-b61e-48a6-93ed-314db1755f0e (type: security_groups) to 1
2026-05-09 14:15:22.279 9 INFO neutron.wsgi [None req-fe0074f9-2385-45dc-9e1b-7994097fdc4b 1516c57522184d3fad81bb3c50ec2d15 5a4777d3982140cb9bc05ddf9e49ad2d - - default default] 10.0.0.51 "GET /v2.0/networks HTTP/1.1" status: 200 len: 1493 time: 0.1516519
2026-05-09 14:15:22.294 10 INFO neutron.db.ovn_revision_numbers_db [None req-7e563d0a-5e6c-4349-ad07-12415af330cb 8cf26d45df56422da93471a9dbcd9fd6 805bb55269bb47df87fc224616b37195 - - default default] Successfully bumped revision number for resource 93a3e570-fce3-4d7d-8e30-06fd6913b88e (type: security_group_rules) to 0
2026-05-09 14:15:22.310 10 INFO neutron.db.ovn_revision_numbers_db [None req-7e563d0a-5e6c-4349-ad07-12415af330cb 8cf26d45df56422da93471a9dbcd9fd6 805bb55269bb47df87fc224616b37195 - - default default] Successfully bumped revision number for resource c8ef731e-bc47-4646-8f1f-8799ab1615cf (type: security_group_rules) to 0
2026-05-09 14:15:22.329 10 INFO neutron.db.ovn_revision_numbers_db [None req-7e563d0a-5e6c-4349-ad07-12415af330cb 8cf26d45df56422da93471a9dbcd9fd6 805bb55269bb47df87fc224616b37195 - - default default] Successfully bumped revision number for resource d3930370-869a-4dec-8acb-d35f9a303396 (type: security_group_rules) to 0
2026-05-09 14:15:22.350 10 INFO neutron.db.ovn_revision_numbers_db [None req-7e563d0a-5e6c-4349-ad07-12415af330cb 8cf26d45df56422da93471a9dbcd9fd6 805bb55269bb47df87fc224616b37195 - - default default] Successfully bumped revision number for resource e02f17ce-c13c-4509-a1e8-f24c8e0497b8 (type: security_group_rules) to 0
2026-05-09 14:15:22.378 10 INFO neutron.wsgi [None req-7e563d0a-5e6c-4349-ad07-12415af330cb 8cf26d45df56422da93471a9dbcd9fd6 805bb55269bb47df87fc224616b37195 - - default default] 10.0.0.51 "GET /v2.0/security-groups?tenant_id=fa62cb6036124584b2150797be630a0e&name=default HTTP/1.1" status: 200 len: 2996 time: 0.4584203
2026-05-09 14:15:22.392 10 INFO neutron.wsgi [req-4a797b49-9a40-4171-9850-f115217dcc6a req-a34ccafb-d176-4c89-a6e5-1d7be238f30e 1516c57522184d3fad81bb3c50ec2d15 5a4777d3982140cb9bc05ddf9e49ad2d - - default default] 10.0.0.98 "GET /v2.0/security-groups?name=tempest-secgroup-smoke-440913572&fields=id&tenant_id=5a4777d3982140cb9bc05ddf9e49ad2d HTTP/1.1" status: 200 len: 267 time: 0.0479085
2026-05-09 14:15:22.463 10 INFO neutron.wsgi [req-4a797b49-9a40-4171-9850-f115217dcc6a req-fb740d42-f9c6-4d38-8694-4ddce5c48bc3 1516c57522184d3fad81bb3c50ec2d15 5a4777d3982140cb9bc05ddf9e49ad2d - - default default] 10.0.0.98 "GET /v2.0/networks?id=f2944c35-3c05-4794-9d0d-08f50d368b00 HTTP/1.1" status: 200 len: 860 time: 0.0621464
2026-05-09 14:15:22.479 10 INFO neutron.wsgi [req-4a797b49-9a40-4171-9850-f115217dcc6a req-95510a64-3130-48cf-a54c-0f820bdd2dfd 1516c57522184d3fad81bb3c50ec2d15 5a4777d3982140cb9bc05ddf9e49ad2d - - default default] 10.0.0.98 "GET /v2.0/quotas/5a4777d3982140cb9bc05ddf9e49ad2d HTTP/1.1" status: 200 len: 386 time: 0.0093381
2026-05-09 14:15:22.584 10 INFO neutron.wsgi [req-4a797b49-9a40-4171-9850-f115217dcc6a req-b06a5106-4e4f-4eee-a890-dbfe2e237aa6 1516c57522184d3fad81bb3c50ec2d15 5a4777d3982140cb9bc05ddf9e49ad2d - - default default] 10.0.0.98 "GET /v2.0/ports?tenant_id=5a4777d3982140cb9bc05ddf9e49ad2d&fields=id HTTP/1.1" status: 200 len: 348 time: 0.0991974
2026-05-09 14:15:22.601 9 INFO neutron.wsgi [None req-da95db56-c0d9-42bc-a7ea-5b3673332a24 8cf26d45df56422da93471a9dbcd9fd6 805bb55269bb47df87fc224616b37195 - - default default] 10.0.0.51 "DELETE /v2.0/security-groups/ec53c148-b61e-48a6-93ed-314db1755f0e HTTP/1.1" status: 204 len: 168 time: 0.2183487
2026-05-09 14:15:22.665 10 INFO neutron.wsgi [req-4a797b49-9a40-4171-9850-f115217dcc6a req-5f3ba273-d888-4bbe-8f66-b7dac692a910 620a48df10c3403f8938efaf207413ad 6e77d59566744f7a801e02a9fad94e26 - - 765f530ee013449185b73b04af3fb09d 765f530ee013449185b73b04af3fb09d] 10.0.0.98 "GET /v2.0/networks/f2944c35-3c05-4794-9d0d-08f50d368b00?fields=segments HTTP/1.1" status: 200 len: 212 time: 0.0678520
2026-05-09 14:15:22.730 10 INFO neutron.wsgi [req-4a797b49-9a40-4171-9850-f115217dcc6a req-e8d59f23-d426-4aea-aaf5-ce1d09e60020 620a48df10c3403f8938efaf207413ad 6e77d59566744f7a801e02a9fad94e26 - - 765f530ee013449185b73b04af3fb09d 765f530ee013449185b73b04af3fb09d] 10.0.0.98 "GET /v2.0/networks/f2944c35-3c05-4794-9d0d-08f50d368b00?fields=provider%3Aphysical_network&fields=provider%3Anetwork_type HTTP/1.1" status: 200 len: 277 time: 0.0595920
2026-05-09 14:15:22.854 9 INFO neutron.wsgi [None req-f9367046-db6e-45ae-a7e8-7e24fe17a863 8cf26d45df56422da93471a9dbcd9fd6 805bb55269bb47df87fc224616b37195 - - default default] 10.0.0.51 "GET /v2.0/security-groups?tenant_id=f3630fd1fa844945896af38f3bd4b51c&name=default HTTP/1.1" status: 200 len: 2996 time: 0.0423999
2026-05-09 14:15:22.907 10 INFO neutron.wsgi [req-e02d4d62-97c0-46b4-9503-346c302bf647 req-9c765d89-2adc-4635-8b63-0e5bbda95c8f 1516c57522184d3fad81bb3c50ec2d15 5a4777d3982140cb9bc05ddf9e49ad2d - - default default] 10.0.0.98 "GET /v2.0/ports?device_id=318406ce-3fbe-495c-8b75-e4d7452cb55a HTTP/1.1" status: 200 len: 210 time: 0.0224922
2026-05-09 14:15:23.132 10 INFO neutron.wsgi [None req-7cbb1ae5-5e45-4542-8d16-267fef3670bf 8cf26d45df56422da93471a9dbcd9fd6 805bb55269bb47df87fc224616b37195 - - default default] 10.0.0.51 "DELETE /v2.0/security-groups/14633814-60b2-42ff-a775-20f0bcc092b6 HTTP/1.1" status: 204 len: 168 time: 0.2734332
2026-05-09 14:15:23.334 10 INFO neutron.db.ovn_revision_numbers_db [None req-24549129-963d-4845-801a-5fd6f40ef76e 8cf26d45df56422da93471a9dbcd9fd6 805bb55269bb47df87fc224616b37195 - - default default] Successfully bumped revision number for resource f1d976d7-ecc2-4854-ab67-e669c9160637 (type: security_groups) to 1
2026-05-09 14:15:23.353 10 INFO neutron.db.ovn_revision_numbers_db [None req-24549129-963d-4845-801a-5fd6f40ef76e 8cf26d45df56422da93471a9dbcd9fd6 805bb55269bb47df87fc224616b37195 - - default default] Successfully bumped revision number for resource 31e20e39-d93b-4a38-87ff-9d610d3a581d (type: security_group_rules) to 0
2026-05-09 14:15:23.368 10 INFO neutron.db.ovn_revision_numbers_db [None req-24549129-963d-4845-801a-5fd6f40ef76e 8cf26d45df56422da93471a9dbcd9fd6 805bb55269bb47df87fc224616b37195 - - default default] Successfully bumped revision number for resource 61c5be9f-73e5-4154-ab5b-0d84f808cdc0 (type: security_group_rules) to 0
2026-05-09 14:15:23.382 10 INFO neutron.db.ovn_revision_numbers_db [None req-24549129-963d-4845-801a-5fd6f40ef76e 8cf26d45df56422da93471a9dbcd9fd6 805bb55269bb47df87fc224616b37195 - - default default] Successfully bumped revision number for resource a9760455-ac98-4726-ab24-10a5de3bfa4d (type: security_group_rules) to 0
2026-05-09 14:15:23.398 10 INFO neutron.db.ovn_revision_numbers_db [None req-24549129-963d-4845-801a-5fd6f40ef76e 8cf26d45df56422da93471a9dbcd9fd6 805bb55269bb47df87fc224616b37195 - - default default] Successfully bumped revision number for resource e5de62b4-5bf6-46f4-9365-40e9de71a045 (type: security_group_rules) to 0
2026-05-09 14:15:23.422 10 INFO neutron.wsgi [None req-24549129-963d-4845-801a-5fd6f40ef76e 8cf26d45df56422da93471a9dbcd9fd6 805bb55269bb47df87fc224616b37195 - - default default] 10.0.0.51 "GET /v2.0/security-groups?tenant_id=aab51116e5ec42bb9b5ce9e842a07991&name=default HTTP/1.1" status: 200 len: 2996 time: 0.1948190
2026-05-09 14:15:23.613 10 INFO neutron.wsgi [None req-ed6781b2-8879-4b77-a743-d7df717dc44b 8cf26d45df56422da93471a9dbcd9fd6 805bb55269bb47df87fc224616b37195 - - default default] 10.0.0.51 "DELETE /v2.0/security-groups/f1d976d7-ecc2-4854-ab67-e669c9160637 HTTP/1.1" status: 204 len: 168 time: 0.1869538
2026-05-09 14:15:23.680 10 INFO neutron.wsgi [req-4a797b49-9a40-4171-9850-f115217dcc6a req-778bc652-4684-4a18-9bd5-045fec4e56af 1516c57522184d3fad81bb3c50ec2d15 5a4777d3982140cb9bc05ddf9e49ad2d - - default default] 199.204.45.144 "GET /v2.0/networks?id=f2944c35-3c05-4794-9d0d-08f50d368b00 HTTP/1.1" status: 200 len: 860 time: 0.0653701
2026-05-09 14:15:23.734 10 INFO neutron.wsgi [req-4a797b49-9a40-4171-9850-f115217dcc6a req-7d3e9aad-7969-43bf-8e49-64d4e298d70d 1516c57522184d3fad81bb3c50ec2d15 5a4777d3982140cb9bc05ddf9e49ad2d - - default default] 199.204.45.144 "GET /v2.0/security-groups?fields=id&fields=name&tenant_id=5a4777d3982140cb9bc05ddf9e49ad2d HTTP/1.1" status: 200 len: 471 time: 0.0479124
2026-05-09 14:15:24.025 10 INFO neutron.wsgi [req-bbbc9300-c262-44bc-94fe-c45c92eb1572 req-d1c06dfd-9277-49b4-9e54-1290c181118a 1516c57522184d3fad81bb3c50ec2d15 5a4777d3982140cb9bc05ddf9e49ad2d - - default default] 10.0.0.98 "GET /v2.0/ports?device_id=318406ce-3fbe-495c-8b75-e4d7452cb55a HTTP/1.1" status: 200 len: 210 time: 0.0323567
2026-05-09 14:15:24.121 10 WARNING neutron.scheduler.dhcp_agent_scheduler [req-4a797b49-9a40-4171-9850-f115217dcc6a req-5881b566-060d-4660-a46d-94595f882c19 1516c57522184d3fad81bb3c50ec2d15 5a4777d3982140cb9bc05ddf9e49ad2d - - default default] No more DHCP agents
2026-05-09 14:15:24.125 10 WARNING neutron.api.rpc.agentnotifiers.dhcp_rpc_agent_api [req-4a797b49-9a40-4171-9850-f115217dcc6a req-5881b566-060d-4660-a46d-94595f882c19 1516c57522184d3fad81bb3c50ec2d15 5a4777d3982140cb9bc05ddf9e49ad2d - - default default] Unable to schedule network f2944c35-3c05-4794-9d0d-08f50d368b00: no agents available; will retry on subsequent port and subnet creation events.
2026-05-09 14:15:24.320 10 INFO neutron.db.ovn_revision_numbers_db [req-4a797b49-9a40-4171-9850-f115217dcc6a req-5881b566-060d-4660-a46d-94595f882c19 1516c57522184d3fad81bb3c50ec2d15 5a4777d3982140cb9bc05ddf9e49ad2d - - default default] Successfully bumped revision number for resource 49749bcd-5c72-4c6d-aed9-20d3a3685e14 (type: ports) to 1
2026-05-09 14:15:24.345 10 INFO neutron.wsgi [req-4a797b49-9a40-4171-9850-f115217dcc6a req-5881b566-060d-4660-a46d-94595f882c19 1516c57522184d3fad81bb3c50ec2d15 5a4777d3982140cb9bc05ddf9e49ad2d - - default default] 199.204.45.144 "POST /v2.0/ports HTTP/1.1" status: 201 len: 1162 time: 0.6048629 /var/lib/openstack/lib/python3.10/site-packages/pycadf/identifier.py:71: UserWarning: Invalid uuid: neutron. To ensure interoperability, identifiers should be a valid uuid. warnings.warn(('Invalid uuid: %s. To ensure interoperability, '
2026-05-09 14:15:24.791 10 INFO neutron.db.ovn_revision_numbers_db [req-4a797b49-9a40-4171-9850-f115217dcc6a req-9fd83623-4cb6-41fb-a32f-dfea62facc0c 620a48df10c3403f8938efaf207413ad 6e77d59566744f7a801e02a9fad94e26 - - 765f530ee013449185b73b04af3fb09d 765f530ee013449185b73b04af3fb09d] Successfully bumped revision number for resource 49749bcd-5c72-4c6d-aed9-20d3a3685e14 (type: ports) to 2
2026-05-09 14:15:25.009 10 INFO neutron.db.ovn_revision_numbers_db [req-4a797b49-9a40-4171-9850-f115217dcc6a req-9fd83623-4cb6-41fb-a32f-dfea62facc0c 620a48df10c3403f8938efaf207413ad 6e77d59566744f7a801e02a9fad94e26 - - 765f530ee013449185b73b04af3fb09d 765f530ee013449185b73b04af3fb09d] Successfully bumped revision number for resource 49749bcd-5c72-4c6d-aed9-20d3a3685e14 (type: ports) to 2
2026-05-09 14:15:25.028 10 INFO neutron.wsgi [req-4a797b49-9a40-4171-9850-f115217dcc6a req-9fd83623-4cb6-41fb-a32f-dfea62facc0c 620a48df10c3403f8938efaf207413ad 6e77d59566744f7a801e02a9fad94e26 - - 765f530ee013449185b73b04af3fb09d 765f530ee013449185b73b04af3fb09d] 199.204.45.144 "PUT /v2.0/ports/49749bcd-5c72-4c6d-aed9-20d3a3685e14 HTTP/1.1" status: 200 len: 1380 time: 0.6738105 /var/lib/openstack/lib/python3.10/site-packages/pycadf/identifier.py:71: UserWarning: Invalid uuid: neutron. To ensure interoperability, identifiers should be a valid uuid. warnings.warn(('Invalid uuid: %s. To ensure interoperability, '
2026-05-09 14:15:25.080 10 INFO neutron.notifiers.nova [-] Nova event matching ['req-a10db96c-6be9-4540-951e-cbf149a6fc21'] response: {'name': 'network-changed', 'server_uuid': '318406ce-3fbe-495c-8b75-e4d7452cb55a', 'tag': '49749bcd-5c72-4c6d-aed9-20d3a3685e14', 'status': 'completed', 'code': 200}
2026-05-09 14:15:25.112 10 INFO neutron.wsgi [req-4a797b49-9a40-4171-9850-f115217dcc6a req-c2e69bcd-1cbf-45f9-9f2f-c140795b733b 620a48df10c3403f8938efaf207413ad 6e77d59566744f7a801e02a9fad94e26 - - 765f530ee013449185b73b04af3fb09d 765f530ee013449185b73b04af3fb09d] 199.204.45.144 "GET /v2.0/ports?tenant_id=5a4777d3982140cb9bc05ddf9e49ad2d&device_id=318406ce-3fbe-495c-8b75-e4d7452cb55a HTTP/1.1" status: 200 len: 1411 time: 0.0483010
2026-05-09 14:15:25.160 10 INFO neutron.wsgi [req-4a797b49-9a40-4171-9850-f115217dcc6a req-7923fe0c-39d1-48f5-8460-9c9b1ec62f0f 620a48df10c3403f8938efaf207413ad 6e77d59566744f7a801e02a9fad94e26 - - 765f530ee013449185b73b04af3fb09d 765f530ee013449185b73b04af3fb09d] 199.204.45.144 "GET /v2.0/floatingips?fixed_ip_address=10.100.0.12&port_id=49749bcd-5c72-4c6d-aed9-20d3a3685e14 HTTP/1.1" status: 200 len: 217 time: 0.0385091
2026-05-09 14:15:25.165 10 INFO neutron.wsgi [req-653332a8-ad48-4f41-9268-60950ba48886 req-ea7d8437-a4d7-4b7e-93bc-529bc7cc82e8 1516c57522184d3fad81bb3c50ec2d15 5a4777d3982140cb9bc05ddf9e49ad2d - - default default] 10.0.0.98 "GET /v2.0/ports?device_id=318406ce-3fbe-495c-8b75-e4d7452cb55a HTTP/1.1" status: 200 len: 1172 time: 0.0661824
2026-05-09 14:15:25.214 10 INFO neutron.wsgi [req-4a797b49-9a40-4171-9850-f115217dcc6a req-9496177d-f927-4a90-a11b-a0de75a323e1 620a48df10c3403f8938efaf207413ad 6e77d59566744f7a801e02a9fad94e26 - - 765f530ee013449185b73b04af3fb09d 765f530ee013449185b73b04af3fb09d] 199.204.45.144 "GET /v2.0/subnets?id=0ca92457-4c61-46b8-b950-08f5ccfe521c HTTP/1.1" status: 200 len: 853 time: 0.0473826
2026-05-09 14:15:25.222 10 INFO neutron.wsgi [req-653332a8-ad48-4f41-9268-60950ba48886 req-4cde82db-a0d0-40e9-aada-a314f24d30aa 1516c57522184d3fad81bb3c50ec2d15 5a4777d3982140cb9bc05ddf9e49ad2d - - default default] 10.0.0.98 "GET /v2.0/security-groups?id=41d70c2f-cd95-469b-b477-85484e395dab&fields=id&fields=name HTTP/1.1" status: 200 len: 312 time: 0.0483472
2026-05-09 14:15:25.240 10 INFO neutron.wsgi [req-4a797b49-9a40-4171-9850-f115217dcc6a req-b1de3488-fc98-4171-800a-1dd9e828e386 620a48df10c3403f8938efaf207413ad 6e77d59566744f7a801e02a9fad94e26 - - 765f530ee013449185b73b04af3fb09d 765f530ee013449185b73b04af3fb09d] 199.204.45.144 "GET /v2.0/ports?network_id=f2944c35-3c05-4794-9d0d-08f50d368b00&device_owner=network%3Adhcp HTTP/1.1" status: 200 len: 210 time: 0.0176256
2026-05-09 14:15:25.307 10 INFO neutron.wsgi [req-4a797b49-9a40-4171-9850-f115217dcc6a req-ab48a680-a801-4f73-a0cc-ee5170f7f5c5 620a48df10c3403f8938efaf207413ad 6e77d59566744f7a801e02a9fad94e26 - - 765f530ee013449185b73b04af3fb09d 765f530ee013449185b73b04af3fb09d] 199.204.45.144 "GET /v2.0/networks/f2944c35-3c05-4794-9d0d-08f50d368b00?fields=segments HTTP/1.1" status: 200 len: 212 time: 0.0604279
2026-05-09 14:15:25.381 10 INFO neutron.wsgi [req-4a797b49-9a40-4171-9850-f115217dcc6a req-b0afa98d-5329-4916-8efd-d6a5339025c2 620a48df10c3403f8938efaf207413ad 6e77d59566744f7a801e02a9fad94e26 - - 765f530ee013449185b73b04af3fb09d 765f530ee013449185b73b04af3fb09d] 199.204.45.144 "GET /v2.0/networks/f2944c35-3c05-4794-9d0d-08f50d368b00?fields=provider%3Aphysical_network&fields=provider%3Anetwork_type HTTP/1.1" status: 200 len: 277 time: 0.0672607
2026-05-09 14:15:25.451 10 INFO neutron.wsgi [req-0a7e91bd-1dfd-49e9-8f02-5918d3d69834 req-352bc927-acaa-4fd5-b906-cd986fa71f26 620a48df10c3403f8938efaf207413ad 6e77d59566744f7a801e02a9fad94e26 - - 765f530ee013449185b73b04af3fb09d 765f530ee013449185b73b04af3fb09d] 199.204.45.144 "GET /v2.0/ports?tenant_id=5a4777d3982140cb9bc05ddf9e49ad2d&device_id=318406ce-3fbe-495c-8b75-e4d7452cb55a HTTP/1.1" status: 200 len: 1411 time: 0.0329766
2026-05-09 14:15:25.519 10 INFO neutron.wsgi [req-0a7e91bd-1dfd-49e9-8f02-5918d3d69834 req-6773f170-f818-456d-a224-ef0e734ede59 620a48df10c3403f8938efaf207413ad 6e77d59566744f7a801e02a9fad94e26 - - 765f530ee013449185b73b04af3fb09d 765f530ee013449185b73b04af3fb09d] 199.204.45.144 "GET /v2.0/networks?id=f2944c35-3c05-4794-9d0d-08f50d368b00 HTTP/1.1" status: 200 len: 959 time: 0.0617085
2026-05-09 14:15:25.553 10 INFO neutron.wsgi [req-0a7e91bd-1dfd-49e9-8f02-5918d3d69834 req-b263916f-88a6-4daa-b666-3d1abe9f5d97 620a48df10c3403f8938efaf207413ad 6e77d59566744f7a801e02a9fad94e26 - - 765f530ee013449185b73b04af3fb09d 765f530ee013449185b73b04af3fb09d] 199.204.45.144 "GET /v2.0/floatingips?fixed_ip_address=10.100.0.12&port_id=49749bcd-5c72-4c6d-aed9-20d3a3685e14 HTTP/1.1" status: 200 len: 217 time: 0.0265284
2026-05-09 14:15:25.585 9 INFO neutron.plugins.ml2.drivers.ovn.mech_driver.mech_driver [None req-99dbe489-30e6-4693-be04-8443d667d431 - - - - - -] OVN reports status up for port: 49749bcd-5c72-4c6d-aed9-20d3a3685e14
2026-05-09 14:15:25.604 9 INFO neutron.plugins.ml2.plugin [None req-99dbe489-30e6-4693-be04-8443d667d431 - - - - - -] Attempt 1 to provision port 49749bcd-5c72-4c6d-aed9-20d3a3685e14
2026-05-09 14:15:25.605 10 INFO neutron.wsgi [req-0a7e91bd-1dfd-49e9-8f02-5918d3d69834 req-4a9adda7-0f53-4481-ae75-603abcd53140 620a48df10c3403f8938efaf207413ad 6e77d59566744f7a801e02a9fad94e26 - - 765f530ee013449185b73b04af3fb09d 765f530ee013449185b73b04af3fb09d] 199.204.45.144 "GET /v2.0/subnets?id=0ca92457-4c61-46b8-b950-08f5ccfe521c HTTP/1.1" status: 200 len: 853 time: 0.0467513
2026-05-09 14:15:25.638 10 INFO neutron.wsgi [req-0a7e91bd-1dfd-49e9-8f02-5918d3d69834 req-04027643-146d-4ecf-9fcf-9e635e7e37a8 620a48df10c3403f8938efaf207413ad 6e77d59566744f7a801e02a9fad94e26 - - 765f530ee013449185b73b04af3fb09d 765f530ee013449185b73b04af3fb09d] 199.204.45.144 "GET /v2.0/ports?network_id=f2944c35-3c05-4794-9d0d-08f50d368b00&device_owner=network%3Adhcp HTTP/1.1" status: 200 len: 210 time: 0.0266097
2026-05-09 14:15:25.727 10 INFO neutron.wsgi [req-0a7e91bd-1dfd-49e9-8f02-5918d3d69834 req-b76d098c-51dd-42a4-a185-642b6bd7ea00 620a48df10c3403f8938efaf207413ad 6e77d59566744f7a801e02a9fad94e26 - - 765f530ee013449185b73b04af3fb09d 765f530ee013449185b73b04af3fb09d] 199.204.45.144 "GET /v2.0/networks/f2944c35-3c05-4794-9d0d-08f50d368b00?fields=segments HTTP/1.1" status: 200 len: 212 time: 0.0826600
2026-05-09 14:15:25.783 10 INFO neutron.wsgi [req-0a7e91bd-1dfd-49e9-8f02-5918d3d69834 req-518722f4-3d37-4f62-9367-5ebfb859c936 620a48df10c3403f8938efaf207413ad 6e77d59566744f7a801e02a9fad94e26 - - 765f530ee013449185b73b04af3fb09d 765f530ee013449185b73b04af3fb09d] 199.204.45.144 "GET /v2.0/networks/f2944c35-3c05-4794-9d0d-08f50d368b00?fields=provider%3Aphysical_network&fields=provider%3Anetwork_type HTTP/1.1" status: 200 len: 277 time: 0.0496204
2026-05-09 14:15:25.784 9 INFO neutron.notifiers.nova [-] Nova event matching ['req-fce6b695-c3e6-4e27-8664-5d199515aba7'] response: {'server_uuid': '318406ce-3fbe-495c-8b75-e4d7452cb55a', 'name': 'network-vif-plugged', 'status': 'completed', 'tag': '49749bcd-5c72-4c6d-aed9-20d3a3685e14', 'code': 200}
2026-05-09 14:15:25.929 9 INFO neutron.db.ovn_revision_numbers_db [None req-99dbe489-30e6-4693-be04-8443d667d431 - - - - - -] Successfully bumped revision number for resource 49749bcd-5c72-4c6d-aed9-20d3a3685e14 (type: ports) to 4 /var/lib/openstack/lib/python3.10/site-packages/pycadf/identifier.py:71: UserWarning: Invalid uuid: neutron. To ensure interoperability, identifiers should be a valid uuid. warnings.warn(('Invalid uuid: %s. To ensure interoperability, '
2026-05-09 14:15:26.102 9 INFO neutron.db.ovn_revision_numbers_db [None req-f7986ddb-a732-4d59-b037-d1d748800026 daca45c5ae284efb9e209ef08e58d16a 56a3bf76725c4abd9e620493bb2864b1 - - default default] Successfully bumped revision number for resource f57e350c-4894-45fa-8bbd-ccc481b361f2 (type: security_groups) to 1
2026-05-09 14:15:26.117 9 INFO neutron.db.ovn_revision_numbers_db [None req-f7986ddb-a732-4d59-b037-d1d748800026 daca45c5ae284efb9e209ef08e58d16a 56a3bf76725c4abd9e620493bb2864b1 - - default default] Successfully bumped revision number for resource 56495ff4-dc5c-4884-bcf5-53470dc65397 (type: security_group_rules) to 0
2026-05-09 14:15:26.131 9 INFO neutron.db.ovn_revision_numbers_db [None req-f7986ddb-a732-4d59-b037-d1d748800026 daca45c5ae284efb9e209ef08e58d16a 56a3bf76725c4abd9e620493bb2864b1 - - default default] Successfully bumped revision number for resource 7f9b089c-a685-4b82-81f1-b612ecfea709 (type: security_group_rules) to 0
2026-05-09 14:15:26.145 9 INFO neutron.db.ovn_revision_numbers_db [None req-f7986ddb-a732-4d59-b037-d1d748800026 daca45c5ae284efb9e209ef08e58d16a 56a3bf76725c4abd9e620493bb2864b1 - - default default] Successfully bumped revision number for resource d26fa6d6-ba23-443c-98cb-85307e327ad1 (type: security_group_rules) to 0
2026-05-09 14:15:26.158 9 INFO neutron.db.ovn_revision_numbers_db [None req-f7986ddb-a732-4d59-b037-d1d748800026 daca45c5ae284efb9e209ef08e58d16a 56a3bf76725c4abd9e620493bb2864b1 - - default default] Successfully bumped revision number for resource e6c1fa81-3d55-4501-8d7e-daf2495aee63 (type: security_group_rules) to 0
2026-05-09 14:15:26.223 9 INFO neutron.db.segments_db [None req-f7986ddb-a732-4d59-b037-d1d748800026 daca45c5ae284efb9e209ef08e58d16a 56a3bf76725c4abd9e620493bb2864b1 - - default default] Added segment 78654f9c-abf1-49e0-92a0-a5e19ccec1de of type geneve for network f4792026-baa3-4a90-b2cf-4d69058d8e5c
2026-05-09 14:15:26.347 10 INFO neutron.wsgi [req-f8b9060c-417a-4d80-841f-4f59a409f836 req-5186be7b-39ce-4b2f-88d0-85a71801613e 1516c57522184d3fad81bb3c50ec2d15 5a4777d3982140cb9bc05ddf9e49ad2d - - default default] 10.0.0.98 "GET /v2.0/ports?device_id=318406ce-3fbe-495c-8b75-e4d7452cb55a HTTP/1.1" status: 200 len: 1174 time: 0.0518286
2026-05-09 14:15:26.393 10 INFO neutron.wsgi [req-f8b9060c-417a-4d80-841f-4f59a409f836 req-30382f19-2470-4ce1-ae27-d87cdcbb3c10 1516c57522184d3fad81bb3c50ec2d15 5a4777d3982140cb9bc05ddf9e49ad2d - - default default] 10.0.0.98 "GET /v2.0/security-groups?id=41d70c2f-cd95-469b-b477-85484e395dab&fields=id&fields=name HTTP/1.1" status: 200 len: 312 time: 0.0368698
2026-05-09 14:15:26.400 9 INFO neutron.db.ovn_revision_numbers_db [None req-f7986ddb-a732-4d59-b037-d1d748800026 daca45c5ae284efb9e209ef08e58d16a 56a3bf76725c4abd9e620493bb2864b1 - - default default] Successfully bumped revision number for resource f4792026-baa3-4a90-b2cf-4d69058d8e5c (type: networks) to 1
2026-05-09 14:15:26.577 9 WARNING neutron.scheduler.dhcp_agent_scheduler [None req-f7986ddb-a732-4d59-b037-d1d748800026 daca45c5ae284efb9e209ef08e58d16a 56a3bf76725c4abd9e620493bb2864b1 - - default default] No more DHCP agents
2026-05-09 14:15:26.578 9 WARNING neutron.api.rpc.agentnotifiers.dhcp_rpc_agent_api [None req-f7986ddb-a732-4d59-b037-d1d748800026 daca45c5ae284efb9e209ef08e58d16a 56a3bf76725c4abd9e620493bb2864b1 - - default default] Unable to schedule network f4792026-baa3-4a90-b2cf-4d69058d8e5c: no agents available; will retry on subsequent port and subnet creation events.
2026-05-09 14:15:26.673 9 INFO neutron.db.ovn_revision_numbers_db [None req-f7986ddb-a732-4d59-b037-d1d748800026 daca45c5ae284efb9e209ef08e58d16a 56a3bf76725c4abd9e620493bb2864b1 - - default default] Successfully bumped revision number for resource 97b9a1a5-7096-4c23-9c6a-b1b7cdd270c1 (type: ports) to 1
2026-05-09 14:15:26.695 9 INFO neutron.wsgi [None req-f7986ddb-a732-4d59-b037-d1d748800026 daca45c5ae284efb9e209ef08e58d16a 56a3bf76725c4abd9e620493bb2864b1 - - default default] 10.0.0.51 "POST /v2.0/networks HTTP/1.1" status: 201 len: 831 time: 0.8502517
2026-05-09 14:15:26.931 9 WARNING neutron.scheduler.dhcp_agent_scheduler [None req-9b75e4ad-6f61-4b24-9a52-c348e815c2ff daca45c5ae284efb9e209ef08e58d16a 56a3bf76725c4abd9e620493bb2864b1 - - default default] No more DHCP agents
2026-05-09 14:15:26.935 9 WARNING neutron.api.rpc.agentnotifiers.dhcp_rpc_agent_api [None req-9b75e4ad-6f61-4b24-9a52-c348e815c2ff daca45c5ae284efb9e209ef08e58d16a 56a3bf76725c4abd9e620493bb2864b1 - - default default] Unable to schedule network f4792026-baa3-4a90-b2cf-4d69058d8e5c: no agents available; will retry on subsequent port and subnet creation events.
2026-05-09 14:15:27.065 9 INFO neutron.db.ovn_revision_numbers_db [None req-9b75e4ad-6f61-4b24-9a52-c348e815c2ff daca45c5ae284efb9e209ef08e58d16a 56a3bf76725c4abd9e620493bb2864b1 - - default default] Successfully bumped revision number for resource 4709f44b-591f-4915-9354-e861ff459144 (type: ports) to 1
2026-05-09 14:15:27.098 9 INFO neutron.wsgi [None req-9b75e4ad-6f61-4b24-9a52-c348e815c2ff daca45c5ae284efb9e209ef08e58d16a 56a3bf76725c4abd9e620493bb2864b1 - - default default] 10.0.0.51 "POST /v2.0/ports HTTP/1.1" status: 201 len: 942 time: 0.3983595 /var/lib/openstack/lib/python3.10/site-packages/pycadf/identifier.py:71: UserWarning: Invalid uuid: neutron. To ensure interoperability, identifiers should be a valid uuid. warnings.warn(('Invalid uuid: %s. To ensure interoperability, '
2026-05-09 14:15:27.152 9 INFO neutron.wsgi [None req-2de76696-69b7-463a-9baf-6654037c21b7 daca45c5ae284efb9e209ef08e58d16a 56a3bf76725c4abd9e620493bb2864b1 - - default default] 10.0.0.51 "PUT /v2.0/ports/4709f44b-591f-4915-9354-e861ff459144/tags HTTP/1.1" status: 200 len: 218 time: 0.0432141
2026-05-09 14:15:27.192 9 INFO neutron.wsgi [None req-9e62e604-951d-4d8d-b348-26b75936f316 daca45c5ae284efb9e209ef08e58d16a 56a3bf76725c4abd9e620493bb2864b1 - - default default] 10.0.0.51 "GET /v2.0/ports/4709f44b-591f-4915-9354-e861ff459144/tags HTTP/1.1" status: 200 len: 218 time: 0.0354073
2026-05-09 14:15:27.237 9 INFO neutron.wsgi [None req-17affab5-e6d8-4b99-b5cd-e9e0172c84ab daca45c5ae284efb9e209ef08e58d16a 56a3bf76725c4abd9e620493bb2864b1 - - default default] 10.0.0.51 "PUT /v2.0/ports/4709f44b-591f-4915-9354-e861ff459144/tags/green HTTP/1.1" status: 201 len: 201 time: 0.0397699
2026-05-09 14:15:27.271 9 INFO neutron.wsgi [None req-81c3aad6-7f51-4056-9b89-2233cad44f3c daca45c5ae284efb9e209ef08e58d16a 56a3bf76725c4abd9e620493bb2864b1 - - default default] 10.0.0.51 "GET /v2.0/ports/4709f44b-591f-4915-9354-e861ff459144/tags HTTP/1.1" status: 200 len: 227 time: 0.0283928
2026-05-09 14:15:27.315 9 INFO neutron.wsgi [None req-2104289c-3bac-4cc6-8bff-b02c6f79eb8a daca45c5ae284efb9e209ef08e58d16a 56a3bf76725c4abd9e620493bb2864b1 - - default default] 10.0.0.51 "PUT /v2.0/ports/4709f44b-591f-4915-9354-e861ff459144/tags/red HTTP/1.1" status: 201 len: 201 time: 0.0375764
2026-05-09 14:15:27.350 9 INFO neutron.wsgi [None req-bc696bfe-9820-41c6-8d02-82e58a994a2a daca45c5ae284efb9e209ef08e58d16a 56a3bf76725c4abd9e620493bb2864b1 - - default default] 10.0.0.51 "GET /v2.0/ports/4709f44b-591f-4915-9354-e861ff459144/tags HTTP/1.1" status: 200 len: 227 time: 0.0301192
2026-05-09 14:15:27.405 9 INFO neutron.wsgi [None req-bd739563-7e8f-4a69-993e-285e55579f51 daca45c5ae284efb9e209ef08e58d16a 56a3bf76725c4abd9e620493bb2864b1 - - default default] 10.0.0.51 "PUT /v2.0/ports/4709f44b-591f-4915-9354-e861ff459144/tags/black.or.white HTTP/1.1" status: 201 len: 201 time: 0.0503092
2026-05-09 14:15:27.438 9 INFO neutron.wsgi [None req-5bb5c6c4-c8e5-4766-a6e3-cfe4de2eaf00 daca45c5ae284efb9e209ef08e58d16a 56a3bf76725c4abd9e620493bb2864b1 - - default default] 10.0.0.51 "GET /v2.0/ports/4709f44b-591f-4915-9354-e861ff459144/tags HTTP/1.1" status: 200 len: 245 time: 0.0282707
2026-05-09 14:15:27.490 9 INFO neutron.wsgi [None req-64fd592c-2496-40f8-85e5-acaa0db8b889 daca45c5ae284efb9e209ef08e58d16a 56a3bf76725c4abd9e620493bb2864b1 - - default default] 10.0.0.51 "PUT /v2.0/ports/4709f44b-591f-4915-9354-e861ff459144/tags HTTP/1.1" status: 200 len: 230 time: 0.0459230
2026-05-09 14:15:27.507 10 INFO neutron.wsgi [req-f60570b4-8139-4ea1-bea3-fb71db5c9482 req-36866326-1646-44a6-af46-bd6647c35aa3 1516c57522184d3fad81bb3c50ec2d15 5a4777d3982140cb9bc05ddf9e49ad2d - - default default] 10.0.0.98 "GET /v2.0/ports?device_id=318406ce-3fbe-495c-8b75-e4d7452cb55a HTTP/1.1" status: 200 len: 1174 time: 0.0352070
2026-05-09 14:15:27.521 9 INFO neutron.wsgi [None req-fa532bfa-46eb-4602-9b60-f044eb1b7cef daca45c5ae284efb9e209ef08e58d16a 56a3bf76725c4abd9e620493bb2864b1 - - default default] 10.0.0.51 "GET /v2.0/ports/4709f44b-591f-4915-9354-e861ff459144/tags HTTP/1.1" status: 200 len: 230 time: 0.0266700
2026-05-09 14:15:27.555 10 INFO neutron.wsgi [req-f60570b4-8139-4ea1-bea3-fb71db5c9482 req-8cf00348-00fe-4307-8786-f521ef74bd37 1516c57522184d3fad81bb3c50ec2d15 5a4777d3982140cb9bc05ddf9e49ad2d - - default default] 10.0.0.98 "GET /v2.0/security-groups?id=41d70c2f-cd95-469b-b477-85484e395dab&fields=id&fields=name HTTP/1.1" status: 200 len: 312 time: 0.0402288
2026-05-09 14:15:27.559 9 INFO neutron.wsgi [None req-e770f389-de50-40d1-9fb5-dcd7078ada56 daca45c5ae284efb9e209ef08e58d16a 56a3bf76725c4abd9e620493bb2864b1 - - default default] 10.0.0.51 "GET /v2.0/ports/4709f44b-591f-4915-9354-e861ff459144/tags/red HTTP/1.1" status: 204 len: 168 time: 0.0336902
2026-05-09 14:15:27.595 9 INFO neutron.api.v2.resource [None req-84970adf-fbf6-45ab-b95a-1d7ae37f8641 daca45c5ae284efb9e209ef08e58d16a 56a3bf76725c4abd9e620493bb2864b1 - - default default] show failed (client error): The resource could not be found.
2026-05-09 14:15:27.596 9 INFO neutron.wsgi [None req-84970adf-fbf6-45ab-b95a-1d7ae37f8641 daca45c5ae284efb9e209ef08e58d16a 56a3bf76725c4abd9e620493bb2864b1 - - default default] 10.0.0.51 "GET /v2.0/ports/4709f44b-591f-4915-9354-e861ff459144/tags/green HTTP/1.1" status: 404 len: 299 time: 0.0331047
2026-05-09 14:15:27.643 9 INFO neutron.wsgi [None req-bd828ff7-76f8-4a14-8027-55ae5ac2b4e9 daca45c5ae284efb9e209ef08e58d16a 56a3bf76725c4abd9e620493bb2864b1 - - default default] 10.0.0.51 "DELETE /v2.0/ports/4709f44b-591f-4915-9354-e861ff459144/tags/red HTTP/1.1" status: 204 len: 168 time: 0.0412176
2026-05-09 14:15:27.677 9 INFO neutron.wsgi [None req-faf0e06c-9174-4b92-a7db-a86d9c8a72c1 daca45c5ae284efb9e209ef08e58d16a 56a3bf76725c4abd9e620493bb2864b1 - - default default] 10.0.0.51 "GET /v2.0/ports/4709f44b-591f-4915-9354-e861ff459144/tags HTTP/1.1" status: 200 len: 223 time: 0.0276802
2026-05-09 14:15:27.721 9 INFO neutron.api.v2.resource [None req-7edb41a1-33c2-4bf5-920d-e6e9b099f2ab daca45c5ae284efb9e209ef08e58d16a 56a3bf76725c4abd9e620493bb2864b1 - - default default] delete failed (client error): The resource could not be found.
2026-05-09 14:15:27.723 9 INFO neutron.wsgi [None req-7edb41a1-33c2-4bf5-920d-e6e9b099f2ab daca45c5ae284efb9e209ef08e58d16a 56a3bf76725c4abd9e620493bb2864b1 - - default default] 10.0.0.51 "DELETE /v2.0/ports/4709f44b-591f-4915-9354-e861ff459144/tags/green HTTP/1.1" status: 404 len: 299 time: 0.0404222
2026-05-09 14:15:27.771 9 INFO neutron.wsgi [None req-66b192ef-910d-4977-a417-938efc1e8e19 daca45c5ae284efb9e209ef08e58d16a 56a3bf76725c4abd9e620493bb2864b1 - - default default] 10.0.0.51 "DELETE /v2.0/ports/4709f44b-591f-4915-9354-e861ff459144/tags HTTP/1.1" status: 204 len: 168 time: 0.0440221
2026-05-09 14:15:27.810 9 INFO neutron.wsgi [None req-eb4f1e2c-102f-4a51-b168-1b7af241e06e daca45c5ae284efb9e209ef08e58d16a 56a3bf76725c4abd9e620493bb2864b1 - - default default] 10.0.0.51 "GET /v2.0/ports/4709f44b-591f-4915-9354-e861ff459144/tags HTTP/1.1" status: 200 len: 205 time: 0.0333204
2026-05-09 14:15:27.837 9 INFO neutron.notifiers.nova [-] Nova event matching ['req-682699b5-5678-4a3e-a14d-493ba7e27ec3'] response: {'server_uuid': '318406ce-3fbe-495c-8b75-e4d7452cb55a', 'name': 'network-vif-plugged', 'status': 'completed', 'tag': '49749bcd-5c72-4c6d-aed9-20d3a3685e14', 'code': 200}
2026-05-09 14:15:27.979 10 INFO neutron.wsgi [req-1f2db6fe-8f33-412f-92af-d6d162435018 req-b80bbaf2-c27f-4fc0-b542-c09658b16362 1516c57522184d3fad81bb3c50ec2d15 5a4777d3982140cb9bc05ddf9e49ad2d - - default default] 10.0.0.98 "GET /v2.0/ports?device_id=318406ce-3fbe-495c-8b75-e4d7452cb55a HTTP/1.1" status: 200 len: 1174 time: 0.3475826
2026-05-09 14:15:28.025 10 INFO neutron.wsgi [req-1f2db6fe-8f33-412f-92af-d6d162435018 req-06440785-233a-4f05-9c58-ad5f25632f0f 1516c57522184d3fad81bb3c50ec2d15 5a4777d3982140cb9bc05ddf9e49ad2d - - default default] 10.0.0.98 "GET /v2.0/security-groups?id=41d70c2f-cd95-469b-b477-85484e395dab&fields=id&fields=name HTTP/1.1" status: 200 len: 312 time: 0.0379848
2026-05-09 14:15:28.041 9 INFO neutron.wsgi [None req-474f2416-5ac1-400b-a8bc-8644105ba94e daca45c5ae284efb9e209ef08e58d16a 56a3bf76725c4abd9e620493bb2864b1 - - default default] 10.0.0.51 "DELETE /v2.0/ports/4709f44b-591f-4915-9354-e861ff459144 HTTP/1.1" status: 204 len: 168 time: 0.2132783
2026-05-09 14:15:28.101 9 INFO neutron.wsgi [None req-083ebbb5-6bbd-449d-9858-a0d86c09e576 2c1f6e7bcc3147e7a64f274723e5c5b6 16b1ee6b6150400c8a879acefe25307a - - default default] 10.0.0.51 "GET /v2.0/ports?device_id=318406ce-3fbe-495c-8b75-e4d7452cb55a HTTP/1.1" status: 200 len: 1408 time: 0.0469141
2026-05-09 14:15:28.308 10 INFO neutron.db.l3_db [None req-06088b67-5648-4fb1-b7a5-9a21377f4c64 1516c57522184d3fad81bb3c50ec2d15 5a4777d3982140cb9bc05ddf9e49ad2d - - default default] Floating IP 8a74fd4b-cc4d-4875-a42b-b7417655412a associated. External IP: 10.96.250.207, port: 49749bcd-5c72-4c6d-aed9-20d3a3685e14.
2026-05-09 14:15:28.402 10 INFO neutron.db.ovn_revision_numbers_db [None req-b2dcb9c6-4056-482d-a7e8-721c9c88dfd1 323d0e5312d74520bbe8a9a14101c7b4 20729d514ec9402bb76e650b7865f4bd - - default default] Successfully bumped revision number for resource 6dabd1c6-f60b-421f-a8c4-03cab6bd2e4f (type: security_groups) to 1
2026-05-09 14:15:28.420 10 INFO neutron.db.ovn_revision_numbers_db [None req-b2dcb9c6-4056-482d-a7e8-721c9c88dfd1 323d0e5312d74520bbe8a9a14101c7b4 20729d514ec9402bb76e650b7865f4bd - - default default] Successfully bumped revision number for resource 57b2b871-ba07-4316-bbd2-c50155f2f615 (type: security_group_rules) to 0
2026-05-09 14:15:28.434 9 INFO neutron.services.segments.plugin [-] Segment 78654f9c-abf1-49e0-92a0-a5e19ccec1de resource provider aggregate not found
2026-05-09 14:15:28.440 9 INFO neutron.services.segments.plugin [-] Segment 78654f9c-abf1-49e0-92a0-a5e19ccec1de resource provider aggregate not found
2026-05-09 14:15:28.442 10 INFO neutron.db.ovn_revision_numbers_db [None req-b2dcb9c6-4056-482d-a7e8-721c9c88dfd1 323d0e5312d74520bbe8a9a14101c7b4 20729d514ec9402bb76e650b7865f4bd - - default default] Successfully bumped revision number for resource 92eb87c6-4759-4633-a8db-c786cb3e1bf6 (type: security_group_rules) to 0
2026-05-09 14:15:28.460 9 INFO neutron.services.segments.plugin [-] Segment 78654f9c-abf1-49e0-92a0-a5e19ccec1de resource provider not found; error: Placement Client Error (4xx): {"errors": [{"status": 404, "title": "Not Found", "detail": "The resource could not be found.\n\n No resource provider with uuid 78654f9c-abf1-49e0-92a0-a5e19ccec1de found for delete ", "request_id": "req-f9cdc63f-bccb-4dbb-97e9-6c5e219c0113"}]}
2026-05-09 14:15:28.463 9 INFO neutron.services.segments.plugin [-] Segment 78654f9c-abf1-49e0-92a0-a5e19ccec1de resource provider not found; error: Placement Client Error (4xx): {"errors": [{"status": 404, "title": "Not Found", "detail": "The resource could not be found.\n\n No resource provider with uuid 78654f9c-abf1-49e0-92a0-a5e19ccec1de found for delete ", "request_id": "req-c605eb87-2bf5-471c-9100-aaab94554965"}]}
2026-05-09 14:15:28.491 9 INFO neutron.wsgi [None req-cf2298ca-c9fb-4982-84e9-938fc1c54671 daca45c5ae284efb9e209ef08e58d16a 56a3bf76725c4abd9e620493bb2864b1 - - default default] 10.0.0.51 "DELETE /v2.0/networks/f4792026-baa3-4a90-b2cf-4d69058d8e5c HTTP/1.1" status: 204 len: 168 time: 0.4443426
2026-05-09 14:15:28.496 10 INFO neutron.db.ovn_revision_numbers_db [None req-b2dcb9c6-4056-482d-a7e8-721c9c88dfd1 323d0e5312d74520bbe8a9a14101c7b4 20729d514ec9402bb76e650b7865f4bd - - default default] Successfully bumped revision number for resource 9a979ea0-bf42-49de-98b8-9ac989eae6c3 (type: security_group_rules) to 0
2026-05-09 14:15:28.513 10 INFO neutron.db.ovn_revision_numbers_db [None req-b2dcb9c6-4056-482d-a7e8-721c9c88dfd1 323d0e5312d74520bbe8a9a14101c7b4 20729d514ec9402bb76e650b7865f4bd - - default default] Successfully bumped revision number for resource cb6fb1ed-eaa0-41ec-b351-a62fdf84aa1b (type: security_group_rules) to 0
2026-05-09 14:15:28.525 10 INFO neutron.db.ovn_revision_numbers_db [None req-06088b67-5648-4fb1-b7a5-9a21377f4c64 1516c57522184d3fad81bb3c50ec2d15 5a4777d3982140cb9bc05ddf9e49ad2d - - default default] Successfully bumped revision number for resource 8a74fd4b-cc4d-4875-a42b-b7417655412a (type: floatingips) to 4
2026-05-09 14:15:28.571 10 INFO neutron.db.segments_db [None req-b2dcb9c6-4056-482d-a7e8-721c9c88dfd1 323d0e5312d74520bbe8a9a14101c7b4 20729d514ec9402bb76e650b7865f4bd - - default default] Added segment 220213ad-0e56-42ae-9a58-e691c6566c27 of type geneve for network 502aa46f-66a5-45ac-a368-df39532ec9cb
2026-05-09 14:15:28.661 10 INFO neutron.db.ovn_revision_numbers_db [None req-06088b67-5648-4fb1-b7a5-9a21377f4c64 1516c57522184d3fad81bb3c50ec2d15 5a4777d3982140cb9bc05ddf9e49ad2d - - default default] Successfully bumped revision number for resource 8a74fd4b-cc4d-4875-a42b-b7417655412a (type: floatingips) to 5
2026-05-09 14:15:28.704 10 INFO neutron.wsgi [None req-06088b67-5648-4fb1-b7a5-9a21377f4c64 1516c57522184d3fad81bb3c50ec2d15 5a4777d3982140cb9bc05ddf9e49ad2d - - default default] 10.0.0.51 "PUT /v2.0/floatingips/8a74fd4b-cc4d-4875-a42b-b7417655412a HTTP/1.1" status: 200 len: 1050 time: 0.5969069
2026-05-09 14:15:28.739 10 INFO neutron.notifiers.nova [-] Nova event matching ['req-367947f6-9d6e-44c3-a4f0-97f00a9cbc49'] response: {'name': 'network-changed', 'server_uuid': '318406ce-3fbe-495c-8b75-e4d7452cb55a', 'tag': '49749bcd-5c72-4c6d-aed9-20d3a3685e14', 'status': 'completed', 'code': 200}
2026-05-09 14:15:28.748 10 INFO neutron.db.ovn_revision_numbers_db [None req-b2dcb9c6-4056-482d-a7e8-721c9c88dfd1 323d0e5312d74520bbe8a9a14101c7b4 20729d514ec9402bb76e650b7865f4bd - - default default] Successfully bumped revision number for resource 502aa46f-66a5-45ac-a368-df39532ec9cb (type: networks) to 1
2026-05-09 14:15:28.758 9 INFO neutron.wsgi [None req-ebd1f95a-926c-4105-8585-8eca448cec3a 1516c57522184d3fad81bb3c50ec2d15 5a4777d3982140cb9bc05ddf9e49ad2d - - default default] 10.0.0.51 "GET /v2.0/floatingips/8a74fd4b-cc4d-4875-a42b-b7417655412a HTTP/1.1" status: 200 len: 1052 time: 0.0488315 /var/lib/openstack/lib/python3.10/site-packages/pycadf/identifier.py:71: UserWarning: Invalid uuid: neutron. To ensure interoperability, identifiers should be a valid uuid. warnings.warn(('Invalid uuid: %s. To ensure interoperability, '
2026-05-09 14:15:28.804 10 INFO neutron.wsgi [req-7fd09ba0-c749-4330-bdc8-90f9dd0917d4 req-a06bf64e-820e-4802-a8b0-f80dc52faced 620a48df10c3403f8938efaf207413ad 6e77d59566744f7a801e02a9fad94e26 - - 765f530ee013449185b73b04af3fb09d 765f530ee013449185b73b04af3fb09d] 199.204.45.144 "GET /v2.0/ports?tenant_id=5a4777d3982140cb9bc05ddf9e49ad2d&device_id=318406ce-3fbe-495c-8b75-e4d7452cb55a HTTP/1.1" status: 200 len: 1413 time: 0.0387619
2026-05-09 14:15:28.884 10 INFO neutron.wsgi [req-7fd09ba0-c749-4330-bdc8-90f9dd0917d4 req-9c0b70b1-6fa2-4a6b-9415-754a339e2e2f 620a48df10c3403f8938efaf207413ad 6e77d59566744f7a801e02a9fad94e26 - - 765f530ee013449185b73b04af3fb09d 765f530ee013449185b73b04af3fb09d] 199.204.45.144 "GET /v2.0/networks?id=f2944c35-3c05-4794-9d0d-08f50d368b00 HTTP/1.1" status: 200 len: 959 time: 0.0745430
2026-05-09 14:15:28.945 10 INFO neutron.wsgi [req-7fd09ba0-c749-4330-bdc8-90f9dd0917d4 req-a0742919-f9d1-47da-90c7-2f264cb26400 620a48df10c3403f8938efaf207413ad 6e77d59566744f7a801e02a9fad94e26 - - 765f530ee013449185b73b04af3fb09d 765f530ee013449185b73b04af3fb09d] 199.204.45.144 "GET /v2.0/floatingips?fixed_ip_address=10.100.0.12&port_id=49749bcd-5c72-4c6d-aed9-20d3a3685e14 HTTP/1.1" status: 200 len: 1060 time: 0.0510211
2026-05-09 14:15:28.992 10 WARNING neutron.scheduler.dhcp_agent_scheduler [None req-b2dcb9c6-4056-482d-a7e8-721c9c88dfd1 323d0e5312d74520bbe8a9a14101c7b4 20729d514ec9402bb76e650b7865f4bd - - default default] No more DHCP agents
