2026-05-09 14:14:11.821 9 INFO neutron.db.ovn_revision_numbers_db [None req-662ddf4f-995d-433c-aa45-db02a6422ee8 8cf26d45df56422da93471a9dbcd9fd6 805bb55269bb47df87fc224616b37195 - - default default] Successfully bumped revision number for resource 79546310-dd29-4639-ad8c-a4c494615e86 (type: security_group_rules) to 0
2026-05-09 14:14:11.844 10 INFO neutron.wsgi [None req-5620dabb-3cb4-4f7d-8607-f7d5f11f5fd3 6cdc516efa8246df90ebc4495f20faa0 d067e5dd32064659ba809edf1f4c7176 - - default default] 10.0.0.51 "PUT /v2.0/routers/d97c082a-cfdf-4a61-abf6-c829bc7fddf1/remove_router_interface HTTP/1.1" status: 200 len: 503 time: 1.0548959 /var/lib/openstack/lib/python3.10/site-packages/pycadf/identifier.py:71: UserWarning: Invalid uuid: neutron. To ensure interoperability, identifiers should be a valid uuid. warnings.warn(('Invalid uuid: %s. To ensure interoperability, '
2026-05-09 14:14:11.854 9 INFO neutron.db.ovn_revision_numbers_db [None req-662ddf4f-995d-433c-aa45-db02a6422ee8 8cf26d45df56422da93471a9dbcd9fd6 805bb55269bb47df87fc224616b37195 - - default default] Successfully bumped revision number for resource cc900080-2cdb-459b-9e49-6afabe6044ab (type: security_group_rules) to 0
2026-05-09 14:14:11.905 9 INFO neutron.wsgi [None req-662ddf4f-995d-433c-aa45-db02a6422ee8 8cf26d45df56422da93471a9dbcd9fd6 805bb55269bb47df87fc224616b37195 - - default default] 10.0.0.51 "GET /v2.0/security-groups?tenant_id=77c909acf9484fe692eb4cfab57c02cd&name=default HTTP/1.1" status: 200 len: 2996 time: 0.4639602
2026-05-09 14:14:11.926 9 WARNING neutron.scheduler.dhcp_agent_scheduler [None req-ef65d5bc-1af0-4c88-a5e5-f5450220409a 8ba04ff0d63c4ef18117356a6f3b57ba 6ca5d180d1e74d0abcc36e1c3feafe5d - - default default] No more DHCP agents
2026-05-09 14:14:11.937 9 WARNING neutron.api.rpc.agentnotifiers.dhcp_rpc_agent_api [None req-ef65d5bc-1af0-4c88-a5e5-f5450220409a 8ba04ff0d63c4ef18117356a6f3b57ba 6ca5d180d1e74d0abcc36e1c3feafe5d - - default default] Unable to schedule network 21324781-0f20-4dbc-9712-9e09453de209: no agents available; will retry on subsequent port and subnet creation events.
2026-05-09 14:14:12.007 9 INFO neutron.db.ovn_revision_numbers_db [None req-f41f388e-7183-400e-a613-ee7447c34cce 8cf26d45df56422da93471a9dbcd9fd6 805bb55269bb47df87fc224616b37195 - - default default] Successfully bumped revision number for resource 130de039-2934-4e23-b918-8a26aa9de06e (type: networks) to 1
2026-05-09 14:14:12.018 9 INFO neutron.db.ovn_revision_numbers_db [None req-ef65d5bc-1af0-4c88-a5e5-f5450220409a 8ba04ff0d63c4ef18117356a6f3b57ba 6ca5d180d1e74d0abcc36e1c3feafe5d - - default default] Successfully bumped revision number for resource 963a28d0-228d-44ee-b531-61677444034c (type: subnets) to 0
2026-05-09 14:14:12.048 9 INFO neutron.wsgi [None req-ef65d5bc-1af0-4c88-a5e5-f5450220409a 8ba04ff0d63c4ef18117356a6f3b57ba 6ca5d180d1e74d0abcc36e1c3feafe5d - - default default] 10.0.0.51 "POST /v2.0/subnets HTTP/1.1" status: 201 len: 821 time: 0.4801905
2026-05-09 14:14:12.270 9 WARNING neutron.scheduler.dhcp_agent_scheduler [None req-f41f388e-7183-400e-a613-ee7447c34cce 8cf26d45df56422da93471a9dbcd9fd6 805bb55269bb47df87fc224616b37195 - - default default] No more DHCP agents
2026-05-09 14:14:12.276 9 WARNING neutron.api.rpc.agentnotifiers.dhcp_rpc_agent_api [None req-f41f388e-7183-400e-a613-ee7447c34cce 8cf26d45df56422da93471a9dbcd9fd6 805bb55269bb47df87fc224616b37195 - - default default] Unable to schedule network 130de039-2934-4e23-b918-8a26aa9de06e: no agents available; will retry on subsequent port and subnet creation events.
2026-05-09 14:14:12.348 9 INFO neutron.wsgi [None req-ee06a2ac-80b1-4bfa-99d5-9b21f63b8987 8cf26d45df56422da93471a9dbcd9fd6 805bb55269bb47df87fc224616b37195 - - default default] 10.0.0.51 "DELETE /v2.0/security-groups/d49db5ce-8abb-4fb8-a649-d2573442f86a HTTP/1.1" status: 204 len: 168 time: 0.4362345
2026-05-09 14:14:12.391 9 INFO neutron.db.ovn_revision_numbers_db [None req-f41f388e-7183-400e-a613-ee7447c34cce 8cf26d45df56422da93471a9dbcd9fd6 805bb55269bb47df87fc224616b37195 - - default default] Successfully bumped revision number for resource 4a81fa18-74fe-4e9f-8d61-bdbf362ca1ad (type: ports) to 1
2026-05-09 14:14:12.413 9 WARNING neutron.scheduler.dhcp_agent_scheduler [None req-476ecbdb-a718-4257-bbb5-36e814a5aab8 8ba04ff0d63c4ef18117356a6f3b57ba 6ca5d180d1e74d0abcc36e1c3feafe5d - - default default] No more DHCP agents
2026-05-09 14:14:12.416 9 WARNING neutron.api.rpc.agentnotifiers.dhcp_rpc_agent_api [None req-476ecbdb-a718-4257-bbb5-36e814a5aab8 8ba04ff0d63c4ef18117356a6f3b57ba 6ca5d180d1e74d0abcc36e1c3feafe5d - - default default] Unable to schedule network 0e731866-220e-49d2-a441-d9496ade424f: no agents available; will retry on subsequent port and subnet creation events.
2026-05-09 14:14:12.433 9 INFO neutron.wsgi [None req-f41f388e-7183-400e-a613-ee7447c34cce 8cf26d45df56422da93471a9dbcd9fd6 805bb55269bb47df87fc224616b37195 - - default default] 10.0.0.51 "POST /v2.0/networks HTTP/1.1" status: 201 len: 943 time: 1.1818309
2026-05-09 14:14:12.462 9 INFO neutron.db.ovn_revision_numbers_db [None req-476ecbdb-a718-4257-bbb5-36e814a5aab8 8ba04ff0d63c4ef18117356a6f3b57ba 6ca5d180d1e74d0abcc36e1c3feafe5d - - default default] Successfully bumped revision number for resource 52889239-4d1a-4b75-a230-04805d4f70a2 (type: subnets) to 0
2026-05-09 14:14:12.487 9 INFO neutron.wsgi [None req-476ecbdb-a718-4257-bbb5-36e814a5aab8 8ba04ff0d63c4ef18117356a6f3b57ba 6ca5d180d1e74d0abcc36e1c3feafe5d - - default default] 10.0.0.51 "POST /v2.0/subnets HTTP/1.1" status: 201 len: 830 time: 0.4312975
2026-05-09 14:14:12.581 9 WARNING neutron.scheduler.dhcp_agent_scheduler [None req-e8692368-9ba5-4dca-878b-1c3269108917 8cf26d45df56422da93471a9dbcd9fd6 805bb55269bb47df87fc224616b37195 - - default default] No more DHCP agents
2026-05-09 14:14:12.583 9 WARNING neutron.api.rpc.agentnotifiers.dhcp_rpc_agent_api [None req-e8692368-9ba5-4dca-878b-1c3269108917 8cf26d45df56422da93471a9dbcd9fd6 805bb55269bb47df87fc224616b37195 - - default default] Unable to schedule network 130de039-2934-4e23-b918-8a26aa9de06e: no agents available; will retry on subsequent port and subnet creation events.
2026-05-09 14:14:12.658 10 INFO neutron.db.ovn_revision_numbers_db [None req-a2aaebbc-127f-4af6-89ed-88c1cf33fee1 8cf26d45df56422da93471a9dbcd9fd6 805bb55269bb47df87fc224616b37195 - - default default] Successfully bumped revision number for resource adb56088-7c35-4728-a5ce-3e449d865a43 (type: security_groups) to 1
2026-05-09 14:14:12.688 10 INFO neutron.db.ovn_revision_numbers_db [None req-a2aaebbc-127f-4af6-89ed-88c1cf33fee1 8cf26d45df56422da93471a9dbcd9fd6 805bb55269bb47df87fc224616b37195 - - default default] Successfully bumped revision number for resource 7d0a5909-fb91-4ad8-8b8d-4fafc2d80b0c (type: security_group_rules) to 0
2026-05-09 14:14:12.733 10 INFO neutron.db.ovn_revision_numbers_db [None req-a2aaebbc-127f-4af6-89ed-88c1cf33fee1 8cf26d45df56422da93471a9dbcd9fd6 805bb55269bb47df87fc224616b37195 - - default default] Successfully bumped revision number for resource bd174d88-d085-496c-bda0-fb8d0e4839f5 (type: security_group_rules) to 0
2026-05-09 14:14:12.761 10 INFO neutron.db.ovn_revision_numbers_db [None req-a2aaebbc-127f-4af6-89ed-88c1cf33fee1 8cf26d45df56422da93471a9dbcd9fd6 805bb55269bb47df87fc224616b37195 - - default default] Successfully bumped revision number for resource cefa30f3-4e96-4b0e-8cbc-e2483c1b854f (type: security_group_rules) to 0
2026-05-09 14:14:12.770 10 INFO neutron.db.ovn_revision_numbers_db [None req-e631853e-84d0-43f0-a658-6f1d48aeea51 8ba04ff0d63c4ef18117356a6f3b57ba 6ca5d180d1e74d0abcc36e1c3feafe5d - - default default] Successfully bumped revision number for resource 2d5d03d9-eedc-447d-9e2c-517548b9e23f (type: routers) to 1
2026-05-09 14:14:12.805 10 INFO neutron.db.ovn_revision_numbers_db [None req-a2aaebbc-127f-4af6-89ed-88c1cf33fee1 8cf26d45df56422da93471a9dbcd9fd6 805bb55269bb47df87fc224616b37195 - - default default] Successfully bumped revision number for resource d4e72cda-3dba-4a8c-b8c1-d825956d9ff0 (type: security_group_rules) to 0
2026-05-09 14:14:12.810 10 INFO neutron.wsgi [None req-e631853e-84d0-43f0-a658-6f1d48aeea51 8ba04ff0d63c4ef18117356a6f3b57ba 6ca5d180d1e74d0abcc36e1c3feafe5d - - default default] 10.0.0.51 "POST /v2.0/routers HTTP/1.1" status: 201 len: 690 time: 0.3173547
2026-05-09 14:14:12.840 10 INFO neutron.wsgi [None req-a2aaebbc-127f-4af6-89ed-88c1cf33fee1 8cf26d45df56422da93471a9dbcd9fd6 805bb55269bb47df87fc224616b37195 - - default default] 10.0.0.51 "GET /v2.0/security-groups?tenant_id=b6cb737e5f924272bd86b28c5935c374&name=default HTTP/1.1" status: 200 len: 2996 time: 0.3901205
2026-05-09 14:14:12.856 10 INFO neutron.wsgi [None req-c54dd27f-626e-458d-9a5b-56c724d68f6e 6cdc516efa8246df90ebc4495f20faa0 d067e5dd32064659ba809edf1f4c7176 - - default default] 10.0.0.51 "DELETE /v2.0/routers/d97c082a-cfdf-4a61-abf6-c829bc7fddf1 HTTP/1.1" status: 204 len: 168 time: 1.0077872
2026-05-09 14:14:13.092 10 INFO neutron.wsgi [None req-bef43e01-7d9c-4cb1-84ae-c098452ea9d2 6cdc516efa8246df90ebc4495f20faa0 d067e5dd32064659ba809edf1f4c7176 - - default default] 10.0.0.51 "DELETE /v2.0/subnets/91656d1f-cce0-4c3b-8149-b7ffc7ffb5f0 HTTP/1.1" status: 204 len: 168 time: 0.2315497
2026-05-09 14:14:13.149 10 INFO neutron.wsgi [None req-15f872a1-42b2-4912-8b6a-0889230fda17 8cf26d45df56422da93471a9dbcd9fd6 805bb55269bb47df87fc224616b37195 - - default default] 10.0.0.51 "DELETE /v2.0/security-groups/adb56088-7c35-4728-a5ce-3e449d865a43 HTTP/1.1" status: 204 len: 168 time: 0.3031964
2026-05-09 14:14:13.346 10 INFO neutron.wsgi [None req-3add6ec0-e0cf-429f-8914-fb167425b661 8cf26d45df56422da93471a9dbcd9fd6 805bb55269bb47df87fc224616b37195 - - default default] 10.0.0.51 "GET /v2.0/security-groups?tenant_id=7ead3f5b23fc41d48da7f58661d7a9ef&name=default HTTP/1.1" status: 200 len: 2996 time: 0.0390868
2026-05-09 14:14:13.454 10 INFO neutron.services.segments.plugin [-] Segment 87172478-88f3-4af2-9d25-ba2ceeb7f149 resource provider aggregate not found
2026-05-09 14:14:13.461 10 INFO neutron.services.segments.plugin [-] Segment 87172478-88f3-4af2-9d25-ba2ceeb7f149 resource provider aggregate not found
2026-05-09 14:14:13.473 10 INFO neutron.services.segments.plugin [-] Segment 87172478-88f3-4af2-9d25-ba2ceeb7f149 resource provider not found; error: Placement Client Error (4xx): {"errors": [{"status": 404, "title": "Not Found", "detail": "The resource could not be found.\n\n No resource provider with uuid 87172478-88f3-4af2-9d25-ba2ceeb7f149 found for delete ", "request_id": "req-a1b1470b-a1ab-44b7-bcbf-60bda64b2aee"}]}
2026-05-09 14:14:13.475 10 INFO neutron.services.segments.plugin [-] Segment 87172478-88f3-4af2-9d25-ba2ceeb7f149 resource provider not found; error: Placement Client Error (4xx): {"errors": [{"status": 404, "title": "Not Found", "detail": "The resource could not be found.\n\n No resource provider with uuid 87172478-88f3-4af2-9d25-ba2ceeb7f149 found for delete ", "request_id": "req-c1c1b813-18da-4aab-aa7b-d73c480a7cbf"}]}
2026-05-09 14:14:13.574 9 INFO neutron.db.ovn_revision_numbers_db [None req-e8692368-9ba5-4dca-878b-1c3269108917 8cf26d45df56422da93471a9dbcd9fd6 805bb55269bb47df87fc224616b37195 - - default default] Successfully bumped revision number for resource 4a81fa18-74fe-4e9f-8d61-bdbf362ca1ad (type: ports) to 2
2026-05-09 14:14:13.587 10 INFO neutron.wsgi [None req-0728e9f9-319d-4078-9d06-68874968927b 6cdc516efa8246df90ebc4495f20faa0 d067e5dd32064659ba809edf1f4c7176 - - default default] 10.0.0.51 "DELETE /v2.0/networks/0baad657-5f84-49a4-928a-885f4130ac6c HTTP/1.1" status: 204 len: 168 time: 0.4889209
2026-05-09 14:14:13.628 9 WARNING neutron.scheduler.dhcp_agent_scheduler [None req-25ce200b-7760-449d-8b56-072877847da9 8ba04ff0d63c4ef18117356a6f3b57ba 6ca5d180d1e74d0abcc36e1c3feafe5d - - default default] No more DHCP agents
2026-05-09 14:14:13.634 9 WARNING neutron.api.rpc.agentnotifiers.dhcp_rpc_agent_api [None req-25ce200b-7760-449d-8b56-072877847da9 8ba04ff0d63c4ef18117356a6f3b57ba 6ca5d180d1e74d0abcc36e1c3feafe5d - - default default] Unable to schedule network 21324781-0f20-4dbc-9712-9e09453de209: no agents available; will retry on subsequent port and subnet creation events.
2026-05-09 14:14:13.658 9 INFO neutron.db.ovn_revision_numbers_db [None req-e8692368-9ba5-4dca-878b-1c3269108917 8cf26d45df56422da93471a9dbcd9fd6 805bb55269bb47df87fc224616b37195 - - default default] Successfully bumped revision number for resource d2565652-2292-41ac-ba80-e9c3d94dc069 (type: subnets) to 0
2026-05-09 14:14:13.696 9 INFO neutron.wsgi [None req-e8692368-9ba5-4dca-878b-1c3269108917 8cf26d45df56422da93471a9dbcd9fd6 805bb55269bb47df87fc224616b37195 - - default default] 10.0.0.51 "POST /v2.0/subnets HTTP/1.1" status: 201 len: 863 time: 1.2562437
2026-05-09 14:14:13.802 9 INFO neutron.wsgi [None req-e5680725-3b3c-465a-bdc3-52208b5f7856 8cf26d45df56422da93471a9dbcd9fd6 805bb55269bb47df87fc224616b37195 - - default default] 10.0.0.51 "DELETE /v2.0/security-groups/9811b453-ed76-41dc-8ee7-a26a5043a6e5 HTTP/1.1" status: 204 len: 168 time: 0.4506216
2026-05-09 14:14:13.810 9 INFO neutron.db.ovn_revision_numbers_db [None req-25ce200b-7760-449d-8b56-072877847da9 8ba04ff0d63c4ef18117356a6f3b57ba 6ca5d180d1e74d0abcc36e1c3feafe5d - - default default] Successfully bumped revision number for resource f45aa9b1-6a51-48c4-9efb-5a59e0fbe1a7 (type: ports) to 1
2026-05-09 14:14:14.362 9 INFO neutron.plugins.ml2.drivers.ovn.mech_driver.mech_driver [None req-99dbe489-30e6-4693-be04-8443d667d431 - - - - - -] OVN reports status up for port: f45aa9b1-6a51-48c4-9efb-5a59e0fbe1a7
2026-05-09 14:14:14.386 9 INFO neutron.plugins.ml2.plugin [None req-99dbe489-30e6-4693-be04-8443d667d431 - - - - - -] Attempt 1 to provision port f45aa9b1-6a51-48c4-9efb-5a59e0fbe1a7
2026-05-09 14:14:14.401 9 WARNING neutron.scheduler.dhcp_agent_scheduler [None req-6258fbf3-fd1d-4207-9323-fbb95a3aad37 8cf26d45df56422da93471a9dbcd9fd6 805bb55269bb47df87fc224616b37195 - - default default] No more DHCP agents
2026-05-09 14:14:14.406 9 WARNING neutron.api.rpc.agentnotifiers.dhcp_rpc_agent_api [None req-6258fbf3-fd1d-4207-9323-fbb95a3aad37 8cf26d45df56422da93471a9dbcd9fd6 805bb55269bb47df87fc224616b37195 - - default default] Unable to schedule network b5cdaea7-c0af-467e-b8d5-85f23f6c91ee: no agents available; will retry on subsequent port and subnet creation events.
2026-05-09 14:14:14.420 9 INFO neutron.db.ovn_revision_numbers_db [None req-25ce200b-7760-449d-8b56-072877847da9 8ba04ff0d63c4ef18117356a6f3b57ba 6ca5d180d1e74d0abcc36e1c3feafe5d - - default default] Successfully bumped revision number for resource f45aa9b1-6a51-48c4-9efb-5a59e0fbe1a7 (type: router_ports) to 1
2026-05-09 14:14:14.451 10 INFO neutron.wsgi [None req-3037e8b0-032d-4be6-8ce1-3e9f7348cf44 8cf26d45df56422da93471a9dbcd9fd6 805bb55269bb47df87fc224616b37195 - - default default] 10.0.0.51 "GET /v2.0/security-groups?tenant_id=d067e5dd32064659ba809edf1f4c7176&name=default HTTP/1.1" status: 200 len: 2996 time: 0.2555439
2026-05-09 14:14:14.588 9 INFO neutron.db.ovn_revision_numbers_db [None req-25ce200b-7760-449d-8b56-072877847da9 8ba04ff0d63c4ef18117356a6f3b57ba 6ca5d180d1e74d0abcc36e1c3feafe5d - - default default] Successfully bumped revision number for resource f45aa9b1-6a51-48c4-9efb-5a59e0fbe1a7 (type: ports) to 1
2026-05-09 14:14:14.691 9 INFO neutron.db.ovn_revision_numbers_db [None req-6258fbf3-fd1d-4207-9323-fbb95a3aad37 8cf26d45df56422da93471a9dbcd9fd6 805bb55269bb47df87fc224616b37195 - - default default] Successfully bumped revision number for resource 60f018d2-3bfa-47c4-84b3-a2635f918cce (type: ports) to 1
2026-05-09 14:14:14.702 9 WARNING neutron.scheduler.dhcp_agent_scheduler [None req-25ce200b-7760-449d-8b56-072877847da9 8ba04ff0d63c4ef18117356a6f3b57ba 6ca5d180d1e74d0abcc36e1c3feafe5d - - default default] No more DHCP agents
2026-05-09 14:14:14.705 9 WARNING neutron.api.rpc.agentnotifiers.dhcp_rpc_agent_api [None req-25ce200b-7760-449d-8b56-072877847da9 8ba04ff0d63c4ef18117356a6f3b57ba 6ca5d180d1e74d0abcc36e1c3feafe5d - - default default] Unable to schedule network 21324781-0f20-4dbc-9712-9e09453de209: no agents available; will retry on subsequent port and subnet creation events.
2026-05-09 14:14:14.713 10 INFO neutron.wsgi [None req-2903f3ca-1282-422e-90ed-0c9647f04779 8cf26d45df56422da93471a9dbcd9fd6 805bb55269bb47df87fc224616b37195 - - default default] 10.0.0.51 "DELETE /v2.0/security-groups/c4995a8b-347f-4b74-914b-f26488a7ea9f HTTP/1.1" status: 204 len: 168 time: 0.2561154
2026-05-09 14:14:15.149 9 INFO neutron.db.ovn_revision_numbers_db [None req-99dbe489-30e6-4693-be04-8443d667d431 - - - - - -] Successfully bumped revision number for resource f45aa9b1-6a51-48c4-9efb-5a59e0fbe1a7 (type: ports) to 2
2026-05-09 14:14:15.299 9 INFO neutron.db.ovn_revision_numbers_db [None req-25ce200b-7760-449d-8b56-072877847da9 8ba04ff0d63c4ef18117356a6f3b57ba 6ca5d180d1e74d0abcc36e1c3feafe5d - - default default] Successfully bumped revision number for resource f45aa9b1-6a51-48c4-9efb-5a59e0fbe1a7 (type: router_ports) to 2
2026-05-09 14:14:15.301 9 INFO neutron.wsgi [None req-25ce200b-7760-449d-8b56-072877847da9 8ba04ff0d63c4ef18117356a6f3b57ba 6ca5d180d1e74d0abcc36e1c3feafe5d - - default default] 10.0.0.51 "PUT /v2.0/routers/2d5d03d9-eedc-447d-9e2c-517548b9e23f/add_router_interface HTTP/1.1" status: 200 len: 503 time: 2.4840655
2026-05-09 14:14:15.409 10 INFO neutron.wsgi [None req-09f3078b-da38-4d93-81b9-2e548266bbb0 8ba04ff0d63c4ef18117356a6f3b57ba 6ca5d180d1e74d0abcc36e1c3feafe5d - - default default] 10.0.0.51 "GET /v2.0/ports/f45aa9b1-6a51-48c4-9efb-5a59e0fbe1a7 HTTP/1.1" status: 200 len: 1141 time: 0.0947192
2026-05-09 14:14:15.593 9 INFO neutron.wsgi [None req-2e5640b9-54e6-4743-bdbf-235fc8136e30 8cf26d45df56422da93471a9dbcd9fd6 805bb55269bb47df87fc224616b37195 - - default default] 10.0.0.131 "GET /v2.0/agents HTTP/1.1" status: 200 len: 997 time: 0.1206534
2026-05-09 14:14:15.615 9 INFO neutron.wsgi [None req-417c1309-e3bb-4cb7-9720-cc6e888febf4 8cf26d45df56422da93471a9dbcd9fd6 805bb55269bb47df87fc224616b37195 - - default default] 10.0.0.131 "GET /v2.0/network-ip-availabilities HTTP/1.1" status: 200 len: 2658 time: 0.0128870
2026-05-09 14:14:15.660 9 INFO neutron.wsgi [None req-f77df845-f2d7-4114-a8e0-0b8f3725f0aa 8cf26d45df56422da93471a9dbcd9fd6 805bb55269bb47df87fc224616b37195 - - default default] 10.0.0.131 "GET /v2.0/subnets HTTP/1.1" status: 200 len: 3360 time: 0.0436454
2026-05-09 14:14:15.660 10 INFO neutron.plugins.ml2.drivers.ovn.mech_driver.mech_driver [None req-b88ed565-36a1-4567-a008-9913f34a8206 - - - - - -] OVN reports status up for port: 60f018d2-3bfa-47c4-84b3-a2635f918cce
2026-05-09 14:14:15.672 9 INFO neutron.plugins.ml2.drivers.ovn.mech_driver.ovsdb.ovsdb_monitor [None req-4509aa95-85f8-435d-9d24-e58772a8e3a1 - - - - - -] Router 948b64ad-c253-42a9-9da1-383074d9f9d0 is bound to host instance
2026-05-09 14:14:15.685 10 INFO neutron.plugins.ml2.plugin [None req-b88ed565-36a1-4567-a008-9913f34a8206 - - - - - -] Attempt 1 to provision port 60f018d2-3bfa-47c4-84b3-a2635f918cce
2026-05-09 14:14:15.690 9 INFO neutron.wsgi [None req-67227b76-a62e-494b-8e32-4806d5a4ed8b 8cf26d45df56422da93471a9dbcd9fd6 805bb55269bb47df87fc224616b37195 - - default default] 10.0.0.131 "GET /v2.0/subnetpools HTTP/1.1" status: 200 len: 193 time: 0.0286887
2026-05-09 14:14:15.735 9 INFO neutron.db.ovn_revision_numbers_db [None req-6258fbf3-fd1d-4207-9323-fbb95a3aad37 8cf26d45df56422da93471a9dbcd9fd6 805bb55269bb47df87fc224616b37195 - - default default] Successfully bumped revision number for resource 60f018d2-3bfa-47c4-84b3-a2635f918cce (type: router_ports) to 1
2026-05-09 14:14:15.818 9 INFO neutron.wsgi [None req-172d6288-405a-488e-a7e2-7c0293db9c61 8cf26d45df56422da93471a9dbcd9fd6 805bb55269bb47df87fc224616b37195 - - default default] 10.0.0.131 "GET /v2.0/networks HTTP/1.1" status: 200 len: 4600 time: 0.1242614
2026-05-09 14:14:15.886 9 INFO neutron.db.ovn_revision_numbers_db [None req-6258fbf3-fd1d-4207-9323-fbb95a3aad37 8cf26d45df56422da93471a9dbcd9fd6 805bb55269bb47df87fc224616b37195 - - default default] Successfully bumped revision number for resource 948b64ad-c253-42a9-9da1-383074d9f9d0 (type: routers) to 2
2026-05-09 14:14:15.911 9 INFO neutron.wsgi [None req-6258fbf3-fd1d-4207-9323-fbb95a3aad37 8cf26d45df56422da93471a9dbcd9fd6 805bb55269bb47df87fc224616b37195 - - default default] 10.0.0.51 "POST /v2.0/routers HTTP/1.1" status: 201 len: 874 time: 2.2099831
2026-05-09 14:14:15.915 9 INFO neutron.wsgi [None req-777f92a5-3bf0-498d-aba5-9bff163aa4e6 8cf26d45df56422da93471a9dbcd9fd6 805bb55269bb47df87fc224616b37195 - - default default] 10.0.0.131 "GET /v2.0/security-groups HTTP/1.1" status: 200 len: 22359 time: 0.0915663
2026-05-09 14:14:15.965 10 WARNING neutron.scheduler.dhcp_agent_scheduler [None req-f583195b-66b0-4b32-a013-aa187164e706 8ba04ff0d63c4ef18117356a6f3b57ba 6ca5d180d1e74d0abcc36e1c3feafe5d - - default default] No more DHCP agents
2026-05-09 14:14:15.969 9 INFO neutron.wsgi [None req-ecd487ef-b86c-47fe-8bbb-2b8dcfd08e9c 8cf26d45df56422da93471a9dbcd9fd6 805bb55269bb47df87fc224616b37195 - - default default] 10.0.0.131 "GET /v2.0/subnets HTTP/1.1" status: 200 len: 3360 time: 0.0450175
2026-05-09 14:14:15.970 10 WARNING neutron.api.rpc.agentnotifiers.dhcp_rpc_agent_api [None req-f583195b-66b0-4b32-a013-aa187164e706 8ba04ff0d63c4ef18117356a6f3b57ba 6ca5d180d1e74d0abcc36e1c3feafe5d - - default default] Unable to schedule network 0e731866-220e-49d2-a441-d9496ade424f: no agents available; will retry on subsequent port and subnet creation events.
2026-05-09 14:14:16.017 9 INFO neutron.wsgi [None req-c6621b18-5911-4b5e-a950-09d4a3b0d435 8cf26d45df56422da93471a9dbcd9fd6 805bb55269bb47df87fc224616b37195 - - default default] 10.0.0.131 "GET /v2.0/ports HTTP/1.1" status: 200 len: 11274 time: 0.0430012
2026-05-09 14:14:16.122 10 INFO neutron.db.ovn_revision_numbers_db [None req-f583195b-66b0-4b32-a013-aa187164e706 8ba04ff0d63c4ef18117356a6f3b57ba 6ca5d180d1e74d0abcc36e1c3feafe5d - - default default] Successfully bumped revision number for resource b01c01a7-0832-4687-a636-068328703e36 (type: ports) to 1
2026-05-09 14:14:16.136 9 INFO neutron.wsgi [None req-ef95ab11-67eb-48b5-a080-98c1299f5b61 8cf26d45df56422da93471a9dbcd9fd6 805bb55269bb47df87fc224616b37195 - - default default] 10.0.0.131 "GET /v2.0/routers HTTP/1.1" status: 200 len: 1347 time: 0.1141748
2026-05-09 14:14:16.152 9 INFO neutron.wsgi [None req-2b40c4f2-96dd-4db0-ba8b-2bd6ea402a22 8cf26d45df56422da93471a9dbcd9fd6 805bb55269bb47df87fc224616b37195 - - default default] 10.0.0.131 "GET /v2.0/agents?binary=ovn-controller HTTP/1.1" status: 200 len: 591 time: 0.0145392
2026-05-09 14:14:16.183 9 INFO neutron.wsgi [None req-2691f6cc-ac12-413a-a1d9-a0175de2ca90 8cf26d45df56422da93471a9dbcd9fd6 805bb55269bb47df87fc224616b37195 - - default default] 10.0.0.131 "GET /v2.0/floatingips HTTP/1.1" status: 200 len: 193 time: 0.0301623
2026-05-09 14:14:16.377 9 INFO neutron.db.ovn_revision_numbers_db [None req-4509aa95-85f8-435d-9d24-e58772a8e3a1 - - - - - -] Successfully bumped revision number for resource 60f018d2-3bfa-47c4-84b3-a2635f918cce (type: ports) to 1
2026-05-09 14:14:16.654 10 WARNING neutron.scheduler.dhcp_agent_scheduler [None req-35ac6e6c-b303-4f6d-b3f4-70dcbf90226a 8cf26d45df56422da93471a9dbcd9fd6 805bb55269bb47df87fc224616b37195 - - default default] No more DHCP agents
2026-05-09 14:14:16.656 10 WARNING neutron.api.rpc.agentnotifiers.dhcp_rpc_agent_api [None req-35ac6e6c-b303-4f6d-b3f4-70dcbf90226a 8cf26d45df56422da93471a9dbcd9fd6 805bb55269bb47df87fc224616b37195 - - default default] Unable to schedule network 130de039-2934-4e23-b918-8a26aa9de06e: no agents available; will retry on subsequent port and subnet creation events.
2026-05-09 14:14:16.688 9 INFO neutron.db.ovn_revision_numbers_db [None req-4509aa95-85f8-435d-9d24-e58772a8e3a1 - - - - - -] Successfully bumped revision number for resource 60f018d2-3bfa-47c4-84b3-a2635f918cce (type: router_ports) to 3
2026-05-09 14:14:16.857 9 INFO neutron.db.ovn_revision_numbers_db [None req-6df0386d-48a8-4c0d-8070-349f4bc59e0a 61fcd082c7e84286a379a327b00d4fe7 28f66f6051ce42b689fc2e6b599aea19 - - default default] Successfully bumped revision number for resource b82dc0c9-00b1-4ab5-a406-949086b86a9f (type: security_groups) to 1
2026-05-09 14:14:16.868 9 INFO neutron.db.ovn_revision_numbers_db [None req-4509aa95-85f8-435d-9d24-e58772a8e3a1 - - - - - -] Successfully bumped revision number for resource 60f018d2-3bfa-47c4-84b3-a2635f918cce (type: ports) to 2
2026-05-09 14:14:16.872 9 INFO neutron.db.ovn_revision_numbers_db [None req-6df0386d-48a8-4c0d-8070-349f4bc59e0a 61fcd082c7e84286a379a327b00d4fe7 28f66f6051ce42b689fc2e6b599aea19 - - default default] Successfully bumped revision number for resource 080989ef-3ea0-409b-94fa-a1fd07e59da7 (type: security_group_rules) to 0
2026-05-09 14:14:16.885 10 INFO neutron.db.ovn_revision_numbers_db [None req-35ac6e6c-b303-4f6d-b3f4-70dcbf90226a 8cf26d45df56422da93471a9dbcd9fd6 805bb55269bb47df87fc224616b37195 - - default default] Successfully bumped revision number for resource 9f418a0b-1ddb-4d2e-b4fc-6e5837e40f51 (type: ports) to 1
2026-05-09 14:14:16.914 9 INFO neutron.db.ovn_revision_numbers_db [None req-6df0386d-48a8-4c0d-8070-349f4bc59e0a 61fcd082c7e84286a379a327b00d4fe7 28f66f6051ce42b689fc2e6b599aea19 - - default default] Successfully bumped revision number for resource 3aca4194-83d6-4fda-8b53-9b0eeb03936a (type: security_group_rules) to 0
2026-05-09 14:14:16.932 10 INFO neutron.db.ovn_revision_numbers_db [None req-f583195b-66b0-4b32-a013-aa187164e706 8ba04ff0d63c4ef18117356a6f3b57ba 6ca5d180d1e74d0abcc36e1c3feafe5d - - default default] Successfully bumped revision number for resource b01c01a7-0832-4687-a636-068328703e36 (type: router_ports) to 1
2026-05-09 14:14:16.938 9 INFO neutron.db.ovn_revision_numbers_db [None req-6df0386d-48a8-4c0d-8070-349f4bc59e0a 61fcd082c7e84286a379a327b00d4fe7 28f66f6051ce42b689fc2e6b599aea19 - - default default] Successfully bumped revision number for resource 9132ddcb-294e-4026-9a01-c494dec87878 (type: security_group_rules) to 0
2026-05-09 14:14:16.956 9 INFO neutron.db.ovn_revision_numbers_db [None req-6df0386d-48a8-4c0d-8070-349f4bc59e0a 61fcd082c7e84286a379a327b00d4fe7 28f66f6051ce42b689fc2e6b599aea19 - - default default] Successfully bumped revision number for resource bf48e7a1-7d62-4296-85ec-77998494cf2c (type: security_group_rules) to 0
2026-05-09 14:14:17.027 9 INFO neutron.db.segments_db [None req-6df0386d-48a8-4c0d-8070-349f4bc59e0a 61fcd082c7e84286a379a327b00d4fe7 28f66f6051ce42b689fc2e6b599aea19 - - default default] Added segment 0a90887c-8291-406e-b1b7-8dc3b22a7a68 of type geneve for network 67b4d543-4a3f-43dd-9646-c722b7846d2f
2026-05-09 14:14:17.058 10 INFO neutron.db.ovn_revision_numbers_db [None req-f583195b-66b0-4b32-a013-aa187164e706 8ba04ff0d63c4ef18117356a6f3b57ba 6ca5d180d1e74d0abcc36e1c3feafe5d - - default default] Successfully bumped revision number for resource b01c01a7-0832-4687-a636-068328703e36 (type: ports) to 1
2026-05-09 14:14:17.138 10 WARNING neutron.scheduler.dhcp_agent_scheduler [None req-f583195b-66b0-4b32-a013-aa187164e706 8ba04ff0d63c4ef18117356a6f3b57ba 6ca5d180d1e74d0abcc36e1c3feafe5d - - default default] No more DHCP agents
2026-05-09 14:14:17.144 10 WARNING neutron.api.rpc.agentnotifiers.dhcp_rpc_agent_api [None req-f583195b-66b0-4b32-a013-aa187164e706 8ba04ff0d63c4ef18117356a6f3b57ba 6ca5d180d1e74d0abcc36e1c3feafe5d - - default default] Unable to schedule network 0e731866-220e-49d2-a441-d9496ade424f: no agents available; will retry on subsequent port and subnet creation events.
2026-05-09 14:14:17.217 9 INFO neutron.db.ovn_revision_numbers_db [None req-4509aa95-85f8-435d-9d24-e58772a8e3a1 - - - - - -] Successfully bumped revision number for resource 60f018d2-3bfa-47c4-84b3-a2635f918cce (type: ports) to 4
2026-05-09 14:14:17.223 9 INFO neutron.db.ovn_revision_numbers_db [None req-6df0386d-48a8-4c0d-8070-349f4bc59e0a 61fcd082c7e84286a379a327b00d4fe7 28f66f6051ce42b689fc2e6b599aea19 - - default default] Successfully bumped revision number for resource 67b4d543-4a3f-43dd-9646-c722b7846d2f (type: networks) to 1
2026-05-09 14:14:17.413 10 INFO neutron.db.ovn_revision_numbers_db [None req-f583195b-66b0-4b32-a013-aa187164e706 8ba04ff0d63c4ef18117356a6f3b57ba 6ca5d180d1e74d0abcc36e1c3feafe5d - - default default] Successfully bumped revision number for resource b01c01a7-0832-4687-a636-068328703e36 (type: router_ports) to 1
2026-05-09 14:14:17.416 10 INFO neutron.wsgi [None req-f583195b-66b0-4b32-a013-aa187164e706 8ba04ff0d63c4ef18117356a6f3b57ba 6ca5d180d1e74d0abcc36e1c3feafe5d - - default default] 10.0.0.51 "PUT /v2.0/routers/2d5d03d9-eedc-447d-9e2c-517548b9e23f/add_router_interface HTTP/1.1" status: 200 len: 503 time: 2.0007827
2026-05-09 14:14:17.470 10 INFO neutron.db.ovn_revision_numbers_db [None req-35ac6e6c-b303-4f6d-b3f4-70dcbf90226a 8cf26d45df56422da93471a9dbcd9fd6 805bb55269bb47df87fc224616b37195 - - default default] Successfully bumped revision number for resource 9f418a0b-1ddb-4d2e-b4fc-6e5837e40f51 (type: router_ports) to 1
2026-05-09 14:14:17.529 10 INFO neutron.wsgi [None req-6141af5f-cb5e-42f9-937b-3155ea8adf5c 8ba04ff0d63c4ef18117356a6f3b57ba 6ca5d180d1e74d0abcc36e1c3feafe5d - - default default] 10.0.0.51 "GET /v2.0/ports/b01c01a7-0832-4687-a636-068328703e36 HTTP/1.1" status: 200 len: 1147 time: 0.1082275
2026-05-09 14:14:17.571 10 INFO neutron.wsgi [None req-fd75a5bd-2296-4fde-b02b-3fb45654238d 8ba04ff0d63c4ef18117356a6f3b57ba 6ca5d180d1e74d0abcc36e1c3feafe5d - - default default] 10.0.0.51 "GET /v2.0/ports/b01c01a7-0832-4687-a636-068328703e36 HTTP/1.1" status: 200 len: 1147 time: 0.0374365
2026-05-09 14:14:17.576 10 INFO neutron.wsgi [-] 10.0.0.180 "GET / HTTP/1.1" status: 200 len: 246 time: 0.0011446
2026-05-09 14:14:17.577 10 INFO neutron.wsgi [-] 10.0.0.180 "GET / HTTP/1.1" status: 200 len: 246 time: 0.0008924
2026-05-09 14:14:17.656 10 INFO neutron.db.ovn_revision_numbers_db [None req-35ac6e6c-b303-4f6d-b3f4-70dcbf90226a 8cf26d45df56422da93471a9dbcd9fd6 805bb55269bb47df87fc224616b37195 - - default default] Successfully bumped revision number for resource 9f418a0b-1ddb-4d2e-b4fc-6e5837e40f51 (type: ports) to 1
2026-05-09 14:14:17.714 10 WARNING neutron.scheduler.dhcp_agent_scheduler [None req-35ac6e6c-b303-4f6d-b3f4-70dcbf90226a 8cf26d45df56422da93471a9dbcd9fd6 805bb55269bb47df87fc224616b37195 - - default default] No more DHCP agents
2026-05-09 14:14:17.715 10 WARNING neutron.api.rpc.agentnotifiers.dhcp_rpc_agent_api [None req-35ac6e6c-b303-4f6d-b3f4-70dcbf90226a 8cf26d45df56422da93471a9dbcd9fd6 805bb55269bb47df87fc224616b37195 - - default default] Unable to schedule network 130de039-2934-4e23-b918-8a26aa9de06e: no agents available; will retry on subsequent port and subnet creation events.
2026-05-09 14:14:17.739 9 WARNING neutron.scheduler.dhcp_agent_scheduler [None req-6df0386d-48a8-4c0d-8070-349f4bc59e0a 61fcd082c7e84286a379a327b00d4fe7 28f66f6051ce42b689fc2e6b599aea19 - - default default] No more DHCP agents
2026-05-09 14:14:17.743 9 WARNING neutron.api.rpc.agentnotifiers.dhcp_rpc_agent_api [None req-6df0386d-48a8-4c0d-8070-349f4bc59e0a 61fcd082c7e84286a379a327b00d4fe7 28f66f6051ce42b689fc2e6b599aea19 - - default default] Unable to schedule network 67b4d543-4a3f-43dd-9646-c722b7846d2f: no agents available; will retry on subsequent port and subnet creation events.
2026-05-09 14:14:17.816 9 INFO neutron.db.ovn_revision_numbers_db [None req-4509aa95-85f8-435d-9d24-e58772a8e3a1 - - - - - -] Successfully bumped revision number for resource 60f018d2-3bfa-47c4-84b3-a2635f918cce (type: router_ports) to 4
2026-05-09 14:14:17.851 9 INFO neutron.db.ovn_revision_numbers_db [None req-6df0386d-48a8-4c0d-8070-349f4bc59e0a 61fcd082c7e84286a379a327b00d4fe7 28f66f6051ce42b689fc2e6b599aea19 - - default default] Successfully bumped revision number for resource 3a748ce3-6697-4a24-8fdf-ffda84559bb5 (type: ports) to 1
2026-05-09 14:14:17.877 9 INFO neutron.wsgi [None req-6df0386d-48a8-4c0d-8070-349f4bc59e0a 61fcd082c7e84286a379a327b00d4fe7 28f66f6051ce42b689fc2e6b599aea19 - - default default] 10.0.0.51 "POST /v2.0/networks HTTP/1.1" status: 201 len: 847 time: 1.4003744
2026-05-09 14:14:18.131 9 WARNING neutron.scheduler.dhcp_agent_scheduler [None req-d545ea1e-a33c-4c27-ae6e-02f5035d514a 61fcd082c7e84286a379a327b00d4fe7 28f66f6051ce42b689fc2e6b599aea19 - - default default] No more DHCP agents
2026-05-09 14:14:18.133 9 WARNING neutron.api.rpc.agentnotifiers.dhcp_rpc_agent_api [None req-d545ea1e-a33c-4c27-ae6e-02f5035d514a 61fcd082c7e84286a379a327b00d4fe7 28f66f6051ce42b689fc2e6b599aea19 - - default default] Unable to schedule network 67b4d543-4a3f-43dd-9646-c722b7846d2f: no agents available; will retry on subsequent port and subnet creation events.
2026-05-09 14:14:18.162 10 INFO neutron.db.ovn_revision_numbers_db [None req-35ac6e6c-b303-4f6d-b3f4-70dcbf90226a 8cf26d45df56422da93471a9dbcd9fd6 805bb55269bb47df87fc224616b37195 - - default default] Successfully bumped revision number for resource 9f418a0b-1ddb-4d2e-b4fc-6e5837e40f51 (type: router_ports) to 1
2026-05-09 14:14:18.165 10 INFO neutron.wsgi [None req-35ac6e6c-b303-4f6d-b3f4-70dcbf90226a 8cf26d45df56422da93471a9dbcd9fd6 805bb55269bb47df87fc224616b37195 - - default default] 10.0.0.51 "PUT /v2.0/routers/948b64ad-c253-42a9-9da1-383074d9f9d0/add_router_interface HTTP/1.1" status: 200 len: 503 time: 2.2501557
2026-05-09 14:14:18.220 9 INFO neutron.db.ovn_revision_numbers_db [None req-d545ea1e-a33c-4c27-ae6e-02f5035d514a 61fcd082c7e84286a379a327b00d4fe7 28f66f6051ce42b689fc2e6b599aea19 - - default default] Successfully bumped revision number for resource b3219e3c-a19a-47e3-b5b5-2bcfce2118b4 (type: ports) to 1
2026-05-09 14:14:18.245 9 INFO neutron.wsgi [None req-d545ea1e-a33c-4c27-ae6e-02f5035d514a 61fcd082c7e84286a379a327b00d4fe7 28f66f6051ce42b689fc2e6b599aea19 - - default default] 10.0.0.51 "POST /v2.0/ports HTTP/1.1" status: 201 len: 978 time: 0.3610995 /var/lib/openstack/lib/python3.10/site-packages/pycadf/identifier.py:71: UserWarning: Invalid uuid: neutron. To ensure interoperability, identifiers should be a valid uuid. warnings.warn(('Invalid uuid: %s. To ensure interoperability, '
2026-05-09 14:14:18.341 9 INFO neutron.db.segments_db [None req-565e7d46-b4c1-46c5-b79e-3afbadb2a296 61fcd082c7e84286a379a327b00d4fe7 28f66f6051ce42b689fc2e6b599aea19 - - default default] Added segment eb804686-6b8a-4b86-a034-33271c8b85b8 of type geneve for network 3a6d27b7-7005-4e0b-9c69-8fd91aea059d
2026-05-09 14:14:18.432 10 INFO neutron.db.ovn_revision_numbers_db [None req-7fb076c1-af10-44e1-be34-8b38f9a42f5d 45b21a3e1b8d41c0b59b4ca0d2909cea 1d180edf1dcb4e238b2cd128aa1f6c4b - - default default] Successfully bumped revision number for resource 7379163c-303c-4632-9ef9-5a739490ecd8 (type: security_groups) to 1
2026-05-09 14:14:18.449 10 INFO neutron.db.ovn_revision_numbers_db [None req-7fb076c1-af10-44e1-be34-8b38f9a42f5d 45b21a3e1b8d41c0b59b4ca0d2909cea 1d180edf1dcb4e238b2cd128aa1f6c4b - - default default] Successfully bumped revision number for resource 51967286-b07c-4627-bea1-bf0322e49654 (type: security_group_rules) to 0
2026-05-09 14:14:18.483 10 INFO neutron.plugins.ml2.drivers.ovn.mech_driver.mech_driver [None req-b88ed565-36a1-4567-a008-9913f34a8206 - - - - - -] OVN reports status up for port: b01c01a7-0832-4687-a636-068328703e36
2026-05-09 14:14:18.485 10 INFO neutron.db.ovn_revision_numbers_db [None req-7fb076c1-af10-44e1-be34-8b38f9a42f5d 45b21a3e1b8d41c0b59b4ca0d2909cea 1d180edf1dcb4e238b2cd128aa1f6c4b - - default default] Successfully bumped revision number for resource 6b667f2a-f9ce-4d49-9b46-7b3b47e65270 (type: security_group_rules) to 0
2026-05-09 14:14:18.491 10 INFO neutron.plugins.ml2.plugin [None req-b88ed565-36a1-4567-a008-9913f34a8206 - - - - - -] Attempt 1 to provision port b01c01a7-0832-4687-a636-068328703e36
2026-05-09 14:14:18.501 9 INFO neutron.db.ovn_revision_numbers_db [None req-565e7d46-b4c1-46c5-b79e-3afbadb2a296 61fcd082c7e84286a379a327b00d4fe7 28f66f6051ce42b689fc2e6b599aea19 - - default default] Successfully bumped revision number for resource 3a6d27b7-7005-4e0b-9c69-8fd91aea059d (type: networks) to 1
2026-05-09 14:14:18.508 10 INFO neutron.db.ovn_revision_numbers_db [None req-7fb076c1-af10-44e1-be34-8b38f9a42f5d 45b21a3e1b8d41c0b59b4ca0d2909cea 1d180edf1dcb4e238b2cd128aa1f6c4b - - default default] Successfully bumped revision number for resource 7d2212a7-a0cf-4224-b12b-6eaa9420f464 (type: security_group_rules) to 0
2026-05-09 14:14:18.529 10 INFO neutron.db.ovn_revision_numbers_db [None req-7fb076c1-af10-44e1-be34-8b38f9a42f5d 45b21a3e1b8d41c0b59b4ca0d2909cea 1d180edf1dcb4e238b2cd128aa1f6c4b - - default default] Successfully bumped revision number for resource d27135ab-7647-4a93-9a00-012007b350d2 (type: security_group_rules) to 0
2026-05-09 14:14:18.576 10 INFO neutron.db.segments_db [None req-7fb076c1-af10-44e1-be34-8b38f9a42f5d 45b21a3e1b8d41c0b59b4ca0d2909cea 1d180edf1dcb4e238b2cd128aa1f6c4b - - default default] Added segment 4e2ed9d5-004b-46b7-ba5d-770b8401cbf7 of type geneve for network d7ef7b01-666d-4607-9b2b-56c4926fd671
2026-05-09 14:14:18.694 9 INFO neutron.wsgi [None req-c918e7e9-ecb1-48ba-9e03-85093f172181 8ba04ff0d63c4ef18117356a6f3b57ba 6ca5d180d1e74d0abcc36e1c3feafe5d - - default default] 10.0.0.51 "GET /v2.0/ports/b01c01a7-0832-4687-a636-068328703e36 HTTP/1.1" status: 200 len: 1147 time: 0.1183081
2026-05-09 14:14:18.709 9 WARNING neutron.scheduler.dhcp_agent_scheduler [None req-565e7d46-b4c1-46c5-b79e-3afbadb2a296 61fcd082c7e84286a379a327b00d4fe7 28f66f6051ce42b689fc2e6b599aea19 - - default default] No more DHCP agents
2026-05-09 14:14:18.711 9 WARNING neutron.api.rpc.agentnotifiers.dhcp_rpc_agent_api [None req-565e7d46-b4c1-46c5-b79e-3afbadb2a296 61fcd082c7e84286a379a327b00d4fe7 28f66f6051ce42b689fc2e6b599aea19 - - default default] Unable to schedule network 3a6d27b7-7005-4e0b-9c69-8fd91aea059d: no agents available; will retry on subsequent port and subnet creation events.
2026-05-09 14:14:18.793 9 INFO neutron.db.ovn_revision_numbers_db [None req-565e7d46-b4c1-46c5-b79e-3afbadb2a296 61fcd082c7e84286a379a327b00d4fe7 28f66f6051ce42b689fc2e6b599aea19 - - default default] Successfully bumped revision number for resource a39d33c3-f931-4631-945a-dc8b98616edc (type: ports) to 1
2026-05-09 14:14:18.816 9 INFO neutron.wsgi [None req-565e7d46-b4c1-46c5-b79e-3afbadb2a296 61fcd082c7e84286a379a327b00d4fe7 28f66f6051ce42b689fc2e6b599aea19 - - default default] 10.0.0.51 "POST /v2.0/networks HTTP/1.1" status: 201 len: 834 time: 0.5640748
2026-05-09 14:14:18.943 10 INFO neutron.db.ovn_revision_numbers_db [None req-7fb076c1-af10-44e1-be34-8b38f9a42f5d 45b21a3e1b8d41c0b59b4ca0d2909cea 1d180edf1dcb4e238b2cd128aa1f6c4b - - default default] Successfully bumped revision number for resource d7ef7b01-666d-4607-9b2b-56c4926fd671 (type: networks) to 1
2026-05-09 14:14:19.032 10 INFO neutron.db.ovn_revision_numbers_db [None req-b88ed565-36a1-4567-a008-9913f34a8206 - - - - - -] Successfully bumped revision number for resource b01c01a7-0832-4687-a636-068328703e36 (type: ports) to 2
2026-05-09 14:14:19.107 9 WARNING neutron.scheduler.dhcp_agent_scheduler [None req-2c1941e7-ced4-44a3-9f9f-abdc5e60daa5 61fcd082c7e84286a379a327b00d4fe7 28f66f6051ce42b689fc2e6b599aea19 - - default default] No more DHCP agents
2026-05-09 14:14:19.110 9 WARNING neutron.api.rpc.agentnotifiers.dhcp_rpc_agent_api [None req-2c1941e7-ced4-44a3-9f9f-abdc5e60daa5 61fcd082c7e84286a379a327b00d4fe7 28f66f6051ce42b689fc2e6b599aea19 - - default default] Unable to schedule network 3a6d27b7-7005-4e0b-9c69-8fd91aea059d: no agents available; will retry on subsequent port and subnet creation events.
2026-05-09 14:14:19.152 9 INFO neutron.db.ovn_revision_numbers_db [None req-2c1941e7-ced4-44a3-9f9f-abdc5e60daa5 61fcd082c7e84286a379a327b00d4fe7 28f66f6051ce42b689fc2e6b599aea19 - - default default] Successfully bumped revision number for resource 4fce0986-a59c-4143-a5f3-d2f1e64b030e (type: subnets) to 0
2026-05-09 14:14:19.172 9 INFO neutron.wsgi [None req-2c1941e7-ced4-44a3-9f9f-abdc5e60daa5 61fcd082c7e84286a379a327b00d4fe7 28f66f6051ce42b689fc2e6b599aea19 - - default default] 10.0.0.51 "POST /v2.0/subnets HTTP/1.1" status: 201 len: 821 time: 0.3507922
2026-05-09 14:14:19.173 10 WARNING neutron.scheduler.dhcp_agent_scheduler [None req-7fb076c1-af10-44e1-be34-8b38f9a42f5d 45b21a3e1b8d41c0b59b4ca0d2909cea 1d180edf1dcb4e238b2cd128aa1f6c4b - - default default] No more DHCP agents
2026-05-09 14:14:19.176 10 WARNING neutron.api.rpc.agentnotifiers.dhcp_rpc_agent_api [None req-7fb076c1-af10-44e1-be34-8b38f9a42f5d 45b21a3e1b8d41c0b59b4ca0d2909cea 1d180edf1dcb4e238b2cd128aa1f6c4b - - default default] Unable to schedule network d7ef7b01-666d-4607-9b2b-56c4926fd671: no agents available; will retry on subsequent port and subnet creation events.
2026-05-09 14:14:19.224 10 INFO neutron.db.ovn_revision_numbers_db [None req-b88ed565-36a1-4567-a008-9913f34a8206 - - - - - -] Successfully bumped revision number for resource b01c01a7-0832-4687-a636-068328703e36 (type: router_ports) to 2
2026-05-09 14:14:19.273 10 INFO neutron.db.ovn_revision_numbers_db [None req-7fb076c1-af10-44e1-be34-8b38f9a42f5d 45b21a3e1b8d41c0b59b4ca0d2909cea 1d180edf1dcb4e238b2cd128aa1f6c4b - - default default] Successfully bumped revision number for resource b0a6db22-f4a4-4e0b-b466-fb231e799111 (type: ports) to 1
2026-05-09 14:14:19.298 10 INFO neutron.wsgi [None req-7fb076c1-af10-44e1-be34-8b38f9a42f5d 45b21a3e1b8d41c0b59b4ca0d2909cea 1d180edf1dcb4e238b2cd128aa1f6c4b - - default default] 10.0.0.51 "POST /v2.0/networks HTTP/1.1" status: 201 len: 831 time: 1.1791015
2026-05-09 14:14:19.635 9 WARNING neutron.scheduler.dhcp_agent_scheduler [None req-53ef8413-0d38-49db-99de-c2be997a94cc 61fcd082c7e84286a379a327b00d4fe7 28f66f6051ce42b689fc2e6b599aea19 - - default default] No more DHCP agents
2026-05-09 14:14:19.638 9 WARNING neutron.api.rpc.agentnotifiers.dhcp_rpc_agent_api [None req-53ef8413-0d38-49db-99de-c2be997a94cc 61fcd082c7e84286a379a327b00d4fe7 28f66f6051ce42b689fc2e6b599aea19 - - default default] Unable to schedule network 3a6d27b7-7005-4e0b-9c69-8fd91aea059d: no agents available; will retry on subsequent port and subnet creation events.
2026-05-09 14:14:19.642 9 WARNING neutron.scheduler.dhcp_agent_scheduler [None req-8e93b53a-f1bc-4c53-8964-63c16d5217a0 45b21a3e1b8d41c0b59b4ca0d2909cea 1d180edf1dcb4e238b2cd128aa1f6c4b - - default default] No more DHCP agents
2026-05-09 14:14:19.651 9 WARNING neutron.api.rpc.agentnotifiers.dhcp_rpc_agent_api [None req-8e93b53a-f1bc-4c53-8964-63c16d5217a0 45b21a3e1b8d41c0b59b4ca0d2909cea 1d180edf1dcb4e238b2cd128aa1f6c4b - - default default] Unable to schedule network d7ef7b01-666d-4607-9b2b-56c4926fd671: no agents available; will retry on subsequent port and subnet creation events.
2026-05-09 14:14:19.739 10 INFO neutron.wsgi [None req-749c238f-bd1f-4ea1-b1c3-aa5e9c405011 8ba04ff0d63c4ef18117356a6f3b57ba 6ca5d180d1e74d0abcc36e1c3feafe5d - - default default] 10.0.0.51 "GET /v2.0/ports/b01c01a7-0832-4687-a636-068328703e36 HTTP/1.1" status: 200 len: 1149 time: 0.0377715
2026-05-09 14:14:19.782 9 INFO neutron.db.ovn_revision_numbers_db [None req-8e93b53a-f1bc-4c53-8964-63c16d5217a0 45b21a3e1b8d41c0b59b4ca0d2909cea 1d180edf1dcb4e238b2cd128aa1f6c4b - - default default] Successfully bumped revision number for resource 6fec4c59-d282-4455-bf61-55063e822aac (type: ports) to 1
2026-05-09 14:14:19.813 9 INFO neutron.wsgi [None req-8e93b53a-f1bc-4c53-8964-63c16d5217a0 45b21a3e1b8d41c0b59b4ca0d2909cea 1d180edf1dcb4e238b2cd128aa1f6c4b - - default default] 10.0.0.51 "POST /v2.0/ports HTTP/1.1" status: 201 len: 942 time: 0.5084355
2026-05-09 14:14:19.818 9 INFO neutron.db.ovn_revision_numbers_db [None req-53ef8413-0d38-49db-99de-c2be997a94cc 61fcd082c7e84286a379a327b00d4fe7 28f66f6051ce42b689fc2e6b599aea19 - - default default] Successfully bumped revision number for resource f8d7fa5c-1bbd-4d82-a1a7-bab18c8a1249 (type: ports) to 1
2026-05-09 14:14:19.842 9 INFO neutron.wsgi [None req-53ef8413-0d38-49db-99de-c2be997a94cc 61fcd082c7e84286a379a327b00d4fe7 28f66f6051ce42b689fc2e6b599aea19 - - default default] 10.0.0.51 "POST /v2.0/ports HTTP/1.1" status: 201 len: 1164 time: 0.6582835 /var/lib/openstack/lib/python3.10/site-packages/pycadf/identifier.py:71: UserWarning: Invalid uuid: neutron. To ensure interoperability, identifiers should be a valid uuid. warnings.warn(('Invalid uuid: %s. To ensure interoperability, '
2026-05-09 14:14:19.921 10 INFO neutron.db.segments_db [None req-1fabf895-ef28-4076-913d-17065c887925 45b21a3e1b8d41c0b59b4ca0d2909cea 1d180edf1dcb4e238b2cd128aa1f6c4b - - default default] Added segment 59d5cd92-1c83-4dc7-9f76-931a733d35b5 of type geneve for network 7a3f3746-5ae3-455e-b7e3-8375702bf45e
2026-05-09 14:14:20.109 10 INFO neutron.db.ovn_revision_numbers_db [None req-1fabf895-ef28-4076-913d-17065c887925 45b21a3e1b8d41c0b59b4ca0d2909cea 1d180edf1dcb4e238b2cd128aa1f6c4b - - default default] Successfully bumped revision number for resource 7a3f3746-5ae3-455e-b7e3-8375702bf45e (type: networks) to 1
2026-05-09 14:14:20.168 9 INFO neutron.wsgi [None req-3ebf8f17-10c1-402b-9a44-9cbad898934f 61fcd082c7e84286a379a327b00d4fe7 28f66f6051ce42b689fc2e6b599aea19 - - default default] 10.0.0.51 "DELETE /v2.0/ports/f8d7fa5c-1bbd-4d82-a1a7-bab18c8a1249 HTTP/1.1" status: 204 len: 168 time: 0.3201594
2026-05-09 14:14:20.190 9 INFO neutron.pecan_wsgi.hooks.translation [None req-852c5a73-057f-4c50-86fe-ce0f011bf54e 61fcd082c7e84286a379a327b00d4fe7 28f66f6051ce42b689fc2e6b599aea19 - - default default] DELETE failed (client error): The resource could not be found.
2026-05-09 14:14:20.192 9 INFO neutron.wsgi [None req-852c5a73-057f-4c50-86fe-ce0f011bf54e 61fcd082c7e84286a379a327b00d4fe7 28f66f6051ce42b689fc2e6b599aea19 - - default default] 10.0.0.51 "DELETE /v2.0/ports/f8d7fa5c-1bbd-4d82-a1a7-bab18c8a1249 HTTP/1.1" status: 404 len: 333 time: 0.0183907
2026-05-09 14:14:20.210 9 INFO neutron.pecan_wsgi.hooks.translation [None req-51c07c1a-9580-49c7-af85-c32342d2b8cb 61fcd082c7e84286a379a327b00d4fe7 28f66f6051ce42b689fc2e6b599aea19 - - default default] GET failed (client error): The resource could not be found.
2026-05-09 14:14:20.212 9 INFO neutron.wsgi [None req-51c07c1a-9580-49c7-af85-c32342d2b8cb 61fcd082c7e84286a379a327b00d4fe7 28f66f6051ce42b689fc2e6b599aea19 - - default default] 10.0.0.51 "GET /v2.0/ports/f8d7fa5c-1bbd-4d82-a1a7-bab18c8a1249 HTTP/1.1" status: 404 len: 333 time: 0.0163891
2026-05-09 14:14:20.332 10 WARNING neutron.scheduler.dhcp_agent_scheduler [None req-1fabf895-ef28-4076-913d-17065c887925 45b21a3e1b8d41c0b59b4ca0d2909cea 1d180edf1dcb4e238b2cd128aa1f6c4b - - default default] No more DHCP agents
2026-05-09 14:14:20.337 10 WARNING neutron.api.rpc.agentnotifiers.dhcp_rpc_agent_api [None req-1fabf895-ef28-4076-913d-17065c887925 45b21a3e1b8d41c0b59b4ca0d2909cea 1d180edf1dcb4e238b2cd128aa1f6c4b - - default default] Unable to schedule network 7a3f3746-5ae3-455e-b7e3-8375702bf45e: no agents available; will retry on subsequent port and subnet creation events.
2026-05-09 14:14:20.406 9 INFO neutron.wsgi [None req-971249bf-6282-4eee-872a-2a9993414dde 61fcd082c7e84286a379a327b00d4fe7 28f66f6051ce42b689fc2e6b599aea19 - - default default] 10.0.0.51 "DELETE /v2.0/subnets/4fce0986-a59c-4143-a5f3-d2f1e64b030e HTTP/1.1" status: 204 len: 168 time: 0.1881340
2026-05-09 14:14:20.476 10 INFO neutron.db.ovn_revision_numbers_db [None req-1fabf895-ef28-4076-913d-17065c887925 45b21a3e1b8d41c0b59b4ca0d2909cea 1d180edf1dcb4e238b2cd128aa1f6c4b - - default default] Successfully bumped revision number for resource dd40fa5b-86b6-47b1-862a-2fe6788b15db (type: ports) to 1
2026-05-09 14:14:20.557 10 INFO neutron.wsgi [None req-1fabf895-ef28-4076-913d-17065c887925 45b21a3e1b8d41c0b59b4ca0d2909cea 1d180edf1dcb4e238b2cd128aa1f6c4b - - default default] 10.0.0.51 "POST /v2.0/networks HTTP/1.1" status: 201 len: 830 time: 0.7373571
2026-05-09 14:14:20.609 9 WARNING neutron.plugins.ml2.drivers.ovn.mech_driver.ovsdb.ovn_client [None req-99dbe489-30e6-4693-be04-8443d667d431 - - - - - -] No hosting information found for port f45aa9b1-6a51-48c4-9efb-5a59e0fbe1a7: RuntimeError: No hosting information found for port f45aa9b1-6a51-48c4-9efb-5a59e0fbe1a7
2026-05-09 14:14:20.634 10 INFO neutron.wsgi [req-1666a059-f153-4830-aa78-8b3a2d876dc2 req-2d51e836-325f-4223-9b2d-d2dc9d35f19f c7e03fd84e884391994a687a5238894d 3be135d05f7a4b61ad8807a23b6ad305 - - default default] 10.0.0.98 "GET /v2.0/networks?id=130de039-2934-4e23-b918-8a26aa9de06e HTTP/1.1" status: 200 len: 872 time: 0.1583834 /var/lib/openstack/lib/python3.10/site-packages/pycadf/identifier.py:71: UserWarning: Invalid uuid: neutron. To ensure interoperability, identifiers should be a valid uuid. warnings.warn(('Invalid uuid: %s. To ensure interoperability, '
2026-05-09 14:14:20.666 10 INFO neutron.wsgi [None req-8928d361-95ef-47ee-a50d-3f4838eadd13 8ba04ff0d63c4ef18117356a6f3b57ba 6ca5d180d1e74d0abcc36e1c3feafe5d - - default default] 10.0.0.51 "PUT /v2.0/routers/2d5d03d9-eedc-447d-9e2c-517548b9e23f/remove_router_interface HTTP/1.1" status: 200 len: 503 time: 0.9101355
2026-05-09 14:14:20.671 10 INFO neutron.wsgi [req-1666a059-f153-4830-aa78-8b3a2d876dc2 req-cf9b32ac-9401-4d25-ba8a-6f53e0579129 c7e03fd84e884391994a687a5238894d 3be135d05f7a4b61ad8807a23b6ad305 - - default default] 10.0.0.98 "GET /v2.0/quotas/3be135d05f7a4b61ad8807a23b6ad305 HTTP/1.1" status: 200 len: 386 time: 0.0246439
2026-05-09 14:14:20.779 9 INFO neutron.wsgi [None req-efdf5829-8d8f-437d-87ca-e546b0d55423 8ba04ff0d63c4ef18117356a6f3b57ba 6ca5d180d1e74d0abcc36e1c3feafe5d - - default default] 10.0.0.51 "GET /v2.0/ports/f45aa9b1-6a51-48c4-9efb-5a59e0fbe1a7 HTTP/1.1" status: 200 len: 1141 time: 0.1051602
