2026-05-09 14:12:16.906 10 INFO neutron.wsgi [req-ed987d5b-f177-4c3c-a782-71617a6ef601 req-5a0ef8cb-e670-44bc-82db-60b097c3ca88 71a44c28cc21438b942c969010cfb88b c745e8498fab4aa3bfd3eeedc89400a7 - - default default] 10.0.0.98 "GET /v2.0/security-groups/82f57181-5d91-493c-8df9-c13f2d73ee7a HTTP/1.1" status: 404 len: 352 time: 0.0252092
2026-05-09 14:12:17.296 10 INFO neutron.db.ovn_revision_numbers_db [None req-b6aad504-8b95-4632-b7ee-c63e0cccaa55 7fcd04decec34a90b03bbdda11d893d1 18cdf0b0b451403a89e26f2624e15b50 - - default default] Successfully bumped revision number for resource 437d1f85-1533-4685-891b-29c7dbe7eb8c (type: security_groups) to 1
2026-05-09 14:12:17.367 9 INFO neutron.db.ovn_revision_numbers_db [None req-4509aa95-85f8-435d-9d24-e58772a8e3a1 - - - - - -] Successfully bumped revision number for resource 1b8d208a-d3e4-4b0c-9845-aece001166e9 (type: router_ports) to 4
2026-05-09 14:12:17.442 10 INFO neutron.db.ovn_revision_numbers_db [None req-b6aad504-8b95-4632-b7ee-c63e0cccaa55 7fcd04decec34a90b03bbdda11d893d1 18cdf0b0b451403a89e26f2624e15b50 - - default default] Successfully bumped revision number for resource 09c70ae2-bc32-4791-a0a8-a0d97dae6ba7 (type: security_group_rules) to 0
2026-05-09 14:12:17.467 10 INFO neutron.db.ovn_revision_numbers_db [None req-b6aad504-8b95-4632-b7ee-c63e0cccaa55 7fcd04decec34a90b03bbdda11d893d1 18cdf0b0b451403a89e26f2624e15b50 - - default default] Successfully bumped revision number for resource a740483a-b408-48c9-b4a0-4c3aa5a5ab58 (type: security_group_rules) to 0
2026-05-09 14:12:17.504 10 INFO neutron.wsgi [None req-b6aad504-8b95-4632-b7ee-c63e0cccaa55 7fcd04decec34a90b03bbdda11d893d1 18cdf0b0b451403a89e26f2624e15b50 - - default default] 10.0.0.51 "POST /v2.0/security-groups HTTP/1.1" status: 201 len: 1796 time: 0.3604503
2026-05-09 14:12:17.576 9 INFO neutron.wsgi [-] 10.0.0.180 "GET / HTTP/1.1" status: 200 len: 246 time: 0.0014029
2026-05-09 14:12:17.578 9 INFO neutron.wsgi [-] 10.0.0.180 "GET / HTTP/1.1" status: 200 len: 246 time: 0.0009716
2026-05-09 14:12:17.697 10 INFO neutron.db.ovn_revision_numbers_db [None req-7f84810a-c506-4401-8a5f-daa770fb456d 7fcd04decec34a90b03bbdda11d893d1 18cdf0b0b451403a89e26f2624e15b50 - - default default] Successfully bumped revision number for resource 361b6b6b-d21c-4b41-8432-93570024fd46 (type: security_group_rules) to 0
2026-05-09 14:12:17.735 9 INFO neutron.wsgi [None req-93bb6ea1-ef9d-4994-a2eb-435b4b3ef126 8cf26d45df56422da93471a9dbcd9fd6 805bb55269bb47df87fc224616b37195 - - default default] 10.0.0.51 "DELETE /v2.0/routers/3ac54c66-ac05-40f6-a552-4bc4031e0999 HTTP/1.1" status: 204 len: 168 time: 0.8709359
2026-05-09 14:12:17.747 10 INFO neutron.wsgi [None req-7f84810a-c506-4401-8a5f-daa770fb456d 7fcd04decec34a90b03bbdda11d893d1 18cdf0b0b451403a89e26f2624e15b50 - - default default] 10.0.0.51 "POST /v2.0/security-group-rules HTTP/1.1" status: 201 len: 764 time: 0.2388594
2026-05-09 14:12:17.912 9 INFO neutron.wsgi [None req-c3ebbe3c-116d-4489-8d3c-4c50107a0c02 8cf26d45df56422da93471a9dbcd9fd6 805bb55269bb47df87fc224616b37195 - - default default] 10.0.0.51 "DELETE /v2.0/subnets/39d73728-0bf8-4d5f-b3d9-e9db6b462b7b HTTP/1.1" status: 204 len: 168 time: 0.1717696
2026-05-09 14:12:17.947 10 INFO neutron.db.ovn_revision_numbers_db [None req-24b212ec-567a-4cf9-b0e9-b687363e20d5 7fcd04decec34a90b03bbdda11d893d1 18cdf0b0b451403a89e26f2624e15b50 - - default default] Successfully bumped revision number for resource a315aa95-6197-40a5-931d-7dbe85c34b59 (type: security_group_rules) to 0
2026-05-09 14:12:17.992 10 INFO neutron.wsgi [None req-24b212ec-567a-4cf9-b0e9-b687363e20d5 7fcd04decec34a90b03bbdda11d893d1 18cdf0b0b451403a89e26f2624e15b50 - - default default] 10.0.0.51 "POST /v2.0/security-group-rules HTTP/1.1" status: 201 len: 769 time: 0.2377229
2026-05-09 14:12:18.327 9 INFO neutron.wsgi [None req-e76af0ea-82df-4b35-9be5-8a56daa16f03 8cf26d45df56422da93471a9dbcd9fd6 805bb55269bb47df87fc224616b37195 - - default default] 10.0.0.51 "DELETE /v2.0/networks/a09273cd-93c1-4730-807d-9c1fb7a9768c HTTP/1.1" status: 204 len: 168 time: 0.4090133
2026-05-09 14:12:18.385 10 INFO neutron.wsgi [None req-7b569713-a028-41ec-8560-a5b129852cd0 8cf26d45df56422da93471a9dbcd9fd6 805bb55269bb47df87fc224616b37195 - - default default] 10.0.0.51 "PUT /v2.0/routers/108a09b9-f665-4beb-9727-a23ede308094/remove_router_interface HTTP/1.1" status: 200 len: 503 time: 1.4713373 /var/lib/openstack/lib/python3.10/site-packages/pycadf/identifier.py:71: UserWarning: Invalid uuid: neutron. To ensure interoperability, identifiers should be a valid uuid. warnings.warn(('Invalid uuid: %s. To ensure interoperability, '
2026-05-09 14:12:18.447 10 WARNING neutron.scheduler.dhcp_agent_scheduler [None req-7360246c-a627-4ff4-9811-e9783e3b7927 7fcd04decec34a90b03bbdda11d893d1 18cdf0b0b451403a89e26f2624e15b50 - - default default] No more DHCP agents
2026-05-09 14:12:18.451 10 WARNING neutron.api.rpc.agentnotifiers.dhcp_rpc_agent_api [None req-7360246c-a627-4ff4-9811-e9783e3b7927 7fcd04decec34a90b03bbdda11d893d1 18cdf0b0b451403a89e26f2624e15b50 - - default default] Unable to schedule network b5cdaea7-c0af-467e-b8d5-85f23f6c91ee: no agents available; will retry on subsequent port and subnet creation events.
2026-05-09 14:12:18.528 9 INFO neutron.wsgi [None req-5f81eb0f-fb7d-4724-a652-fa469c356f2a 8cf26d45df56422da93471a9dbcd9fd6 805bb55269bb47df87fc224616b37195 - - default default] 10.0.0.51 "GET /v2.0/security-groups?tenant_id=e4f09c28b0ea4bbe835cee72705f3853&name=default HTTP/1.1" status: 200 len: 2992 time: 0.0513287
2026-05-09 14:12:18.744 9 INFO neutron.wsgi [None req-bcde7db0-1415-4c35-960e-5ec058b9102e 8cf26d45df56422da93471a9dbcd9fd6 805bb55269bb47df87fc224616b37195 - - default default] 10.0.0.51 "DELETE /v2.0/security-groups/4b89fbc1-7791-48db-be71-81a6dc538b9b HTTP/1.1" status: 204 len: 168 time: 0.2122030
2026-05-09 14:12:18.805 9 INFO neutron.services.segments.plugin [-] Segment b42f4402-3525-461a-b092-7030277df12b resource provider aggregate not found
2026-05-09 14:12:18.813 9 INFO neutron.services.segments.plugin [-] Segment b42f4402-3525-461a-b092-7030277df12b resource provider aggregate not found
2026-05-09 14:12:18.829 9 INFO neutron.services.segments.plugin [-] Segment b42f4402-3525-461a-b092-7030277df12b resource provider not found; error: Placement Client Error (4xx): {"errors": [{"status": 404, "title": "Not Found", "detail": "The resource could not be found.\n\n No resource provider with uuid b42f4402-3525-461a-b092-7030277df12b found for delete ", "request_id": "req-d32b3111-db31-4cea-8a96-d63ce2c0c363"}]}
2026-05-09 14:12:18.832 9 INFO neutron.services.segments.plugin [-] Segment b42f4402-3525-461a-b092-7030277df12b resource provider not found; error: Placement Client Error (4xx): {"errors": [{"status": 404, "title": "Not Found", "detail": "The resource could not be found.\n\n No resource provider with uuid b42f4402-3525-461a-b092-7030277df12b found for delete ", "request_id": "req-6804b627-a9b7-40ef-ab08-42a4c352ff98"}]}
2026-05-09 14:12:18.954 10 INFO neutron.db.ovn_revision_numbers_db [None req-7360246c-a627-4ff4-9811-e9783e3b7927 7fcd04decec34a90b03bbdda11d893d1 18cdf0b0b451403a89e26f2624e15b50 - - default default] Successfully bumped revision number for resource 07019e95-4d77-4948-8e37-f67a56c05134 (type: floatingips) to 0
2026-05-09 14:12:18.970 10 INFO neutron.wsgi [None req-7360246c-a627-4ff4-9811-e9783e3b7927 7fcd04decec34a90b03bbdda11d893d1 18cdf0b0b451403a89e26f2624e15b50 - - default default] 10.0.0.51 "POST /v2.0/floatingips HTTP/1.1" status: 201 len: 751 time: 0.9708333
2026-05-09 14:12:19.189 10 WARNING neutron.plugins.ml2.drivers.ovn.mech_driver.ovsdb.ovn_client [None req-b88ed565-36a1-4567-a008-9913f34a8206 - - - - - -] No port found with ID 219d86a0-7ad2-461c-84ae-4e5fb4bf5dc9: RuntimeError: No port found with ID 219d86a0-7ad2-461c-84ae-4e5fb4bf5dc9
2026-05-09 14:12:19.190 10 INFO neutron.plugins.ml2.drivers.ovn.mech_driver.mech_driver [None req-b88ed565-36a1-4567-a008-9913f34a8206 - - - - - -] OVN reports status up for port: ed7d5650-bb24-4721-a1c3-62b3a6b3a8e6
2026-05-09 14:12:19.194 10 INFO neutron.wsgi [None req-8a906f80-f946-4ae2-a16d-9676c3f5d0b7 8cf26d45df56422da93471a9dbcd9fd6 805bb55269bb47df87fc224616b37195 - - default default] 10.0.0.51 "DELETE /v2.0/routers/108a09b9-f665-4beb-9727-a23ede308094 HTTP/1.1" status: 204 len: 168 time: 0.8036122
2026-05-09 14:12:19.243 9 WARNING neutron.plugins.ml2.drivers.ovn.mech_driver.ovsdb.ovn_client [None req-99dbe489-30e6-4693-be04-8443d667d431 - - - - - -] No hosting information found for port 50443419-2122-4e24-a493-3db9001c02c0: RuntimeError: No hosting information found for port 50443419-2122-4e24-a493-3db9001c02c0
2026-05-09 14:12:19.243 9 INFO neutron.plugins.ml2.drivers.ovn.mech_driver.mech_driver [None req-99dbe489-30e6-4693-be04-8443d667d431 - - - - - -] OVN reports status up for port: 1b8d208a-d3e4-4b0c-9845-aece001166e9
2026-05-09 14:12:19.259 9 INFO neutron.plugins.ml2.plugin [None req-99dbe489-30e6-4693-be04-8443d667d431 - - - - - -] Attempt 1 to provision port 1b8d208a-d3e4-4b0c-9845-aece001166e9
2026-05-09 14:12:19.354 9 INFO neutron.plugins.ml2.drivers.ovn.mech_driver.mech_driver [None req-99dbe489-30e6-4693-be04-8443d667d431 - - - - - -] OVN reports status up for port: f332bd37-66ef-4824-ad57-19d9ee8b1c94
2026-05-09 14:12:19.369 9 INFO neutron.plugins.ml2.plugin [None req-99dbe489-30e6-4693-be04-8443d667d431 - - - - - -] Attempt 1 to provision port f332bd37-66ef-4824-ad57-19d9ee8b1c94
2026-05-09 14:12:19.425 9 INFO neutron.wsgi [None req-1e0705c1-5880-4ccd-a5d4-bebdc5a82171 8cf26d45df56422da93471a9dbcd9fd6 805bb55269bb47df87fc224616b37195 - - default default] 10.0.0.51 "DELETE /v2.0/subnets/786dcc86-74cb-4bf1-a040-32a169195630 HTTP/1.1" status: 204 len: 168 time: 0.2255430
2026-05-09 14:12:19.483 10 INFO neutron.wsgi [req-7bd8447c-80ad-4b7c-a014-b7c3f233d2ee req-d2d15560-ad63-4cc8-9cac-7e79e064cb26 7fcd04decec34a90b03bbdda11d893d1 18cdf0b0b451403a89e26f2624e15b50 - - default default] 10.0.0.98 "GET /v2.0/security-groups?name=tempest-securitygroup--1803638940&fields=id&tenant_id=18cdf0b0b451403a89e26f2624e15b50 HTTP/1.1" status: 200 len: 267 time: 0.0634625
2026-05-09 14:12:19.599 10 INFO neutron.wsgi [req-7bd8447c-80ad-4b7c-a014-b7c3f233d2ee req-20966ad4-fdeb-4fb4-8b7d-60a582782832 7fcd04decec34a90b03bbdda11d893d1 18cdf0b0b451403a89e26f2624e15b50 - - default default] 10.0.0.98 "GET /v2.0/networks?id=a3a2110a-3199-49d4-b224-4e154b98da79 HTTP/1.1" status: 200 len: 882 time: 0.1076186
2026-05-09 14:12:19.633 10 INFO neutron.wsgi [req-7bd8447c-80ad-4b7c-a014-b7c3f233d2ee req-823a6331-8331-42f4-b92b-5c7bd5a66ba7 7fcd04decec34a90b03bbdda11d893d1 18cdf0b0b451403a89e26f2624e15b50 - - default default] 10.0.0.98 "GET /v2.0/quotas/18cdf0b0b451403a89e26f2624e15b50 HTTP/1.1" status: 200 len: 386 time: 0.0263383
2026-05-09 14:12:19.648 9 INFO neutron.db.ovn_revision_numbers_db [None req-99dbe489-30e6-4693-be04-8443d667d431 - - - - - -] Successfully bumped revision number for resource f332bd37-66ef-4824-ad57-19d9ee8b1c94 (type: ports) to 2
2026-05-09 14:12:19.763 9 INFO neutron.db.ovn_revision_numbers_db [None req-99dbe489-30e6-4693-be04-8443d667d431 - - - - - -] Successfully bumped revision number for resource f332bd37-66ef-4824-ad57-19d9ee8b1c94 (type: router_ports) to 2
2026-05-09 14:12:19.768 10 INFO neutron.wsgi [req-7bd8447c-80ad-4b7c-a014-b7c3f233d2ee req-79540724-7628-4cc2-a6e8-7cd25c33d96a 7fcd04decec34a90b03bbdda11d893d1 18cdf0b0b451403a89e26f2624e15b50 - - default default] 10.0.0.98 "GET /v2.0/ports?tenant_id=18cdf0b0b451403a89e26f2624e15b50&fields=id HTTP/1.1" status: 200 len: 302 time: 0.1279545
2026-05-09 14:12:20.002 10 INFO neutron.wsgi [None req-18c91dc1-49f5-40a2-b926-84d6f683ef6d 8cf26d45df56422da93471a9dbcd9fd6 805bb55269bb47df87fc224616b37195 - - default default] 10.0.0.51 "DELETE /v2.0/networks/cc2a8924-b6b1-4228-bb24-44fbbd886fee HTTP/1.1" status: 204 len: 168 time: 0.5711391
2026-05-09 14:12:20.239 10 INFO neutron.wsgi [None req-7d5589fc-fff9-422e-aefa-7a633a76f894 8cf26d45df56422da93471a9dbcd9fd6 805bb55269bb47df87fc224616b37195 - - default default] 10.0.0.51 "GET /v2.0/security-groups?tenant_id=c745e8498fab4aa3bfd3eeedc89400a7&name=default HTTP/1.1" status: 200 len: 2992 time: 0.0352352
2026-05-09 14:12:20.310 10 INFO neutron.wsgi [req-7bd8447c-80ad-4b7c-a014-b7c3f233d2ee req-62c3259b-9063-4467-b17b-714471743761 620a48df10c3403f8938efaf207413ad 6e77d59566744f7a801e02a9fad94e26 - - 765f530ee013449185b73b04af3fb09d 765f530ee013449185b73b04af3fb09d] 10.0.0.98 "GET /v2.0/extensions HTTP/1.1" status: 200 len: 16525 time: 0.1302056
2026-05-09 14:12:20.384 10 INFO neutron.services.segments.plugin [-] Segment 7ca8f515-7f13-45d6-bfdd-ecfaa45453c2 resource provider aggregate not found
2026-05-09 14:12:20.399 10 INFO neutron.wsgi [req-7bd8447c-80ad-4b7c-a014-b7c3f233d2ee req-0482b1f8-e55d-4973-b4e8-93b4d5e772f5 620a48df10c3403f8938efaf207413ad 6e77d59566744f7a801e02a9fad94e26 - - 765f530ee013449185b73b04af3fb09d 765f530ee013449185b73b04af3fb09d] 10.0.0.98 "GET /v2.0/networks/a3a2110a-3199-49d4-b224-4e154b98da79?fields=segments HTTP/1.1" status: 200 len: 212 time: 0.0747931
2026-05-09 14:12:20.406 10 INFO neutron.services.segments.plugin [-] Segment 7ca8f515-7f13-45d6-bfdd-ecfaa45453c2 resource provider not found; error: Placement Client Error (4xx): {"errors": [{"status": 404, "title": "Not Found", "detail": "The resource could not be found.\n\n No resource provider with uuid 7ca8f515-7f13-45d6-bfdd-ecfaa45453c2 found for delete ", "request_id": "req-96430058-22ce-4eb0-a883-3851439568f7"}]}
2026-05-09 14:12:20.418 10 INFO neutron.services.segments.plugin [-] Segment 7ca8f515-7f13-45d6-bfdd-ecfaa45453c2 resource provider aggregate not found
2026-05-09 14:12:20.468 10 INFO neutron.services.segments.plugin [-] Segment 7ca8f515-7f13-45d6-bfdd-ecfaa45453c2 resource provider not found; error: Placement Client Error (4xx): {"errors": [{"status": 404, "title": "Not Found", "detail": "The resource could not be found.\n\n No resource provider with uuid 7ca8f515-7f13-45d6-bfdd-ecfaa45453c2 found for delete ", "request_id": "req-e2e4e576-6c2b-4d7c-9c2b-f5da25057fe2"}]}
2026-05-09 14:12:20.475 10 INFO neutron.wsgi [req-7bd8447c-80ad-4b7c-a014-b7c3f233d2ee req-684808b7-f61a-42ef-9fb7-72107a62c665 620a48df10c3403f8938efaf207413ad 6e77d59566744f7a801e02a9fad94e26 - - 765f530ee013449185b73b04af3fb09d 765f530ee013449185b73b04af3fb09d] 10.0.0.98 "GET /v2.0/networks/a3a2110a-3199-49d4-b224-4e154b98da79?fields=provider%3Aphysical_network&fields=provider%3Anetwork_type HTTP/1.1" status: 200 len: 277 time: 0.0711608
2026-05-09 14:12:20.526 10 INFO neutron.wsgi [None req-65c26869-7a92-4260-994e-c54a97089601 8cf26d45df56422da93471a9dbcd9fd6 805bb55269bb47df87fc224616b37195 - - default default] 10.0.0.51 "DELETE /v2.0/security-groups/3f32ab0c-6d81-4a30-bcd8-ccef552d8c9c HTTP/1.1" status: 204 len: 168 time: 0.2816806
2026-05-09 14:12:20.674 10 INFO neutron.wsgi [req-2a531008-74e8-4850-a6ec-9afd40fab85d req-50eee1d8-ba74-4d2c-af86-77f77bef5303 7fcd04decec34a90b03bbdda11d893d1 18cdf0b0b451403a89e26f2624e15b50 - - default default] 10.0.0.98 "GET /v2.0/ports?device_id=46f2fbc4-0387-429c-8d37-d4dce2582933 HTTP/1.1" status: 200 len: 210 time: 0.0266497
2026-05-09 14:12:21.054 10 INFO neutron.db.ovn_revision_numbers_db [None req-3e816ebb-140c-416e-8fbf-8a2ec9ec0874 8cf26d45df56422da93471a9dbcd9fd6 805bb55269bb47df87fc224616b37195 - - default default] Successfully bumped revision number for resource 0b43bfb6-62d5-48d6-90d3-0a6710762aa7 (type: security_groups) to 1
2026-05-09 14:12:21.071 10 INFO neutron.db.ovn_revision_numbers_db [None req-3e816ebb-140c-416e-8fbf-8a2ec9ec0874 8cf26d45df56422da93471a9dbcd9fd6 805bb55269bb47df87fc224616b37195 - - default default] Successfully bumped revision number for resource 06548f03-b179-4f23-8270-26363f69e442 (type: security_group_rules) to 0
2026-05-09 14:12:21.091 10 INFO neutron.db.ovn_revision_numbers_db [None req-3e816ebb-140c-416e-8fbf-8a2ec9ec0874 8cf26d45df56422da93471a9dbcd9fd6 805bb55269bb47df87fc224616b37195 - - default default] Successfully bumped revision number for resource 1aa7c50f-04a1-484d-8915-ad84ec53eb25 (type: security_group_rules) to 0
2026-05-09 14:12:21.103 10 INFO neutron.db.ovn_revision_numbers_db [None req-3e816ebb-140c-416e-8fbf-8a2ec9ec0874 8cf26d45df56422da93471a9dbcd9fd6 805bb55269bb47df87fc224616b37195 - - default default] Successfully bumped revision number for resource 390d4536-c17e-4a13-87c6-e746bf6e2135 (type: security_group_rules) to 0
2026-05-09 14:12:21.115 10 INFO neutron.db.ovn_revision_numbers_db [None req-3e816ebb-140c-416e-8fbf-8a2ec9ec0874 8cf26d45df56422da93471a9dbcd9fd6 805bb55269bb47df87fc224616b37195 - - default default] Successfully bumped revision number for resource 58d43691-09a0-42da-8840-a3680f171c16 (type: security_group_rules) to 0
2026-05-09 14:12:21.164 10 INFO neutron.db.segments_db [None req-3e816ebb-140c-416e-8fbf-8a2ec9ec0874 8cf26d45df56422da93471a9dbcd9fd6 805bb55269bb47df87fc224616b37195 - - default default] Added segment c622345a-3fba-44db-ae32-f7422aa30613 of type geneve for network a94f1417-f6cb-4ca6-b82a-8369d78ee8a4
2026-05-09 14:12:21.329 10 INFO neutron.db.ovn_revision_numbers_db [None req-3e816ebb-140c-416e-8fbf-8a2ec9ec0874 8cf26d45df56422da93471a9dbcd9fd6 805bb55269bb47df87fc224616b37195 - - default default] Successfully bumped revision number for resource a94f1417-f6cb-4ca6-b82a-8369d78ee8a4 (type: networks) to 1
2026-05-09 14:12:21.498 10 INFO neutron.wsgi [req-b10c8c13-c83e-48ad-8724-a9bdb796d921 req-d24df9af-6a9a-4b32-9ce1-eb2a1265b7ba f7678d19ec564b6cb0550b4ea30cd854 b7d640d8392f43f8ab4b102e0b75fbe9 - - default default] 10.0.0.98 "GET /v2.0/security-groups?name=tempest-securitygroup--2129089754&fields=id&tenant_id=b7d640d8392f43f8ab4b102e0b75fbe9 HTTP/1.1" status: 200 len: 267 time: 0.0598092
2026-05-09 14:12:21.519 10 WARNING neutron.scheduler.dhcp_agent_scheduler [None req-3e816ebb-140c-416e-8fbf-8a2ec9ec0874 8cf26d45df56422da93471a9dbcd9fd6 805bb55269bb47df87fc224616b37195 - - default default] No more DHCP agents
2026-05-09 14:12:21.523 10 WARNING neutron.api.rpc.agentnotifiers.dhcp_rpc_agent_api [None req-3e816ebb-140c-416e-8fbf-8a2ec9ec0874 8cf26d45df56422da93471a9dbcd9fd6 805bb55269bb47df87fc224616b37195 - - default default] Unable to schedule network a94f1417-f6cb-4ca6-b82a-8369d78ee8a4: no agents available; will retry on subsequent port and subnet creation events.
2026-05-09 14:12:21.588 10 INFO neutron.wsgi [req-b10c8c13-c83e-48ad-8724-a9bdb796d921 req-d0a4c9a2-4d2a-42c6-8068-1beff8cf3366 f7678d19ec564b6cb0550b4ea30cd854 b7d640d8392f43f8ab4b102e0b75fbe9 - - default default] 10.0.0.98 "GET /v2.0/networks?id=77c309b2-9942-476c-a455-0b5ae883e452 HTTP/1.1" status: 200 len: 879 time: 0.0806775
2026-05-09 14:12:21.615 10 INFO neutron.wsgi [req-b10c8c13-c83e-48ad-8724-a9bdb796d921 req-2aa563a1-fcdb-4079-9f38-118f13652337 f7678d19ec564b6cb0550b4ea30cd854 b7d640d8392f43f8ab4b102e0b75fbe9 - - default default] 10.0.0.98 "GET /v2.0/quotas/b7d640d8392f43f8ab4b102e0b75fbe9 HTTP/1.1" status: 200 len: 386 time: 0.0139976
2026-05-09 14:12:21.628 10 INFO neutron.db.ovn_revision_numbers_db [None req-3e816ebb-140c-416e-8fbf-8a2ec9ec0874 8cf26d45df56422da93471a9dbcd9fd6 805bb55269bb47df87fc224616b37195 - - default default] Successfully bumped revision number for resource af59e2f1-8ff7-42e4-934c-b5df5e38f922 (type: ports) to 1
2026-05-09 14:12:21.770 10 INFO neutron.wsgi [None req-3e816ebb-140c-416e-8fbf-8a2ec9ec0874 8cf26d45df56422da93471a9dbcd9fd6 805bb55269bb47df87fc224616b37195 - - default default] 10.0.0.51 "POST /v2.0/networks HTTP/1.1" status: 201 len: 939 time: 1.0140924
2026-05-09 14:12:21.819 10 INFO neutron.wsgi [req-f2f0bb03-0152-4e3e-864d-4dce4b3d40ab req-8fa7657c-9204-4de6-9ecd-8694e5a241b3 7fcd04decec34a90b03bbdda11d893d1 18cdf0b0b451403a89e26f2624e15b50 - - default default] 10.0.0.98 "GET /v2.0/ports?device_id=46f2fbc4-0387-429c-8d37-d4dce2582933 HTTP/1.1" status: 200 len: 210 time: 0.0264828
2026-05-09 14:12:21.844 10 INFO neutron.wsgi [req-b10c8c13-c83e-48ad-8724-a9bdb796d921 req-0f940318-d461-47c1-807d-6679f2b86c17 f7678d19ec564b6cb0550b4ea30cd854 b7d640d8392f43f8ab4b102e0b75fbe9 - - default default] 10.0.0.98 "GET /v2.0/ports?tenant_id=b7d640d8392f43f8ab4b102e0b75fbe9&fields=id HTTP/1.1" status: 200 len: 302 time: 0.2220469
2026-05-09 14:12:21.929 10 INFO neutron.wsgi [req-b10c8c13-c83e-48ad-8724-a9bdb796d921 req-b711b095-63df-42bf-8950-94a7e5bf7aed 620a48df10c3403f8938efaf207413ad 6e77d59566744f7a801e02a9fad94e26 - - 765f530ee013449185b73b04af3fb09d 765f530ee013449185b73b04af3fb09d] 10.0.0.98 "GET /v2.0/networks/77c309b2-9942-476c-a455-0b5ae883e452?fields=segments HTTP/1.1" status: 200 len: 212 time: 0.0705602
2026-05-09 14:12:21.983 10 WARNING neutron.scheduler.dhcp_agent_scheduler [None req-1e2400b2-793d-4572-b23b-64facae27e62 8cf26d45df56422da93471a9dbcd9fd6 805bb55269bb47df87fc224616b37195 - - default default] No more DHCP agents
2026-05-09 14:12:21.987 10 WARNING neutron.api.rpc.agentnotifiers.dhcp_rpc_agent_api [None req-1e2400b2-793d-4572-b23b-64facae27e62 8cf26d45df56422da93471a9dbcd9fd6 805bb55269bb47df87fc224616b37195 - - default default] Unable to schedule network a94f1417-f6cb-4ca6-b82a-8369d78ee8a4: no agents available; will retry on subsequent port and subnet creation events.
2026-05-09 14:12:22.011 10 INFO neutron.wsgi [req-b10c8c13-c83e-48ad-8724-a9bdb796d921 req-46f9d66c-5a18-440f-8efc-ff6ca38e3b3c 620a48df10c3403f8938efaf207413ad 6e77d59566744f7a801e02a9fad94e26 - - 765f530ee013449185b73b04af3fb09d 765f530ee013449185b73b04af3fb09d] 10.0.0.98 "GET /v2.0/networks/77c309b2-9942-476c-a455-0b5ae883e452?fields=provider%3Aphysical_network&fields=provider%3Anetwork_type HTTP/1.1" status: 200 len: 277 time: 0.0752301
2026-05-09 14:12:22.375 10 INFO neutron.wsgi [req-2e0de9c2-7ac4-4db5-9ff6-96bbb92c6e00 req-c48721d0-ac48-4055-a65d-2d40e122c003 f7678d19ec564b6cb0550b4ea30cd854 b7d640d8392f43f8ab4b102e0b75fbe9 - - default default] 10.0.0.98 "GET /v2.0/ports?device_id=2635e9c4-2973-485e-96d3-c92b77203e84 HTTP/1.1" status: 200 len: 210 time: 0.0281720
2026-05-09 14:12:22.418 9 INFO neutron.wsgi [req-7bd8447c-80ad-4b7c-a014-b7c3f233d2ee req-a8e40493-bafb-4a51-92b9-d5ab9df0de71 7fcd04decec34a90b03bbdda11d893d1 18cdf0b0b451403a89e26f2624e15b50 - - default default] 199.204.45.144 "GET /v2.0/networks?id=a3a2110a-3199-49d4-b224-4e154b98da79 HTTP/1.1" status: 200 len: 882 time: 0.2286787
2026-05-09 14:12:22.492 9 INFO neutron.wsgi [req-7bd8447c-80ad-4b7c-a014-b7c3f233d2ee req-6e9e900d-dc52-456c-a36b-b02b37da9b3c 7fcd04decec34a90b03bbdda11d893d1 18cdf0b0b451403a89e26f2624e15b50 - - default default] 199.204.45.144 "GET /v2.0/security-groups?fields=id&fields=name&tenant_id=18cdf0b0b451403a89e26f2624e15b50 HTTP/1.1" status: 200 len: 380 time: 0.0562432
2026-05-09 14:12:22.507 10 INFO neutron.db.ovn_revision_numbers_db [None req-1e2400b2-793d-4572-b23b-64facae27e62 8cf26d45df56422da93471a9dbcd9fd6 805bb55269bb47df87fc224616b37195 - - default default] Successfully bumped revision number for resource af59e2f1-8ff7-42e4-934c-b5df5e38f922 (type: ports) to 2
2026-05-09 14:12:22.549 10 INFO neutron.db.ovn_revision_numbers_db [None req-1e2400b2-793d-4572-b23b-64facae27e62 8cf26d45df56422da93471a9dbcd9fd6 805bb55269bb47df87fc224616b37195 - - default default] Successfully bumped revision number for resource fe593188-1b68-4b91-be39-0f9f5751052d (type: subnets) to 0
2026-05-09 14:12:22.564 10 INFO neutron.wsgi [None req-1e2400b2-793d-4572-b23b-64facae27e62 8cf26d45df56422da93471a9dbcd9fd6 805bb55269bb47df87fc224616b37195 - - default default] 10.0.0.51 "POST /v2.0/subnets HTTP/1.1" status: 201 len: 859 time: 0.7894258
2026-05-09 14:12:22.980 10 INFO neutron.wsgi [req-f7266a28-13f4-4ed1-bd44-e95ff9868ba5 req-0c169fbd-0e29-464d-be6b-273a9aa46b45 7fcd04decec34a90b03bbdda11d893d1 18cdf0b0b451403a89e26f2624e15b50 - - default default] 10.0.0.98 "GET /v2.0/ports?device_id=46f2fbc4-0387-429c-8d37-d4dce2582933 HTTP/1.1" status: 200 len: 210 time: 0.0220132
2026-05-09 14:12:23.042 9 WARNING neutron.scheduler.dhcp_agent_scheduler [req-7bd8447c-80ad-4b7c-a014-b7c3f233d2ee req-9ae7514f-35ee-4da4-abe1-08c803283c35 7fcd04decec34a90b03bbdda11d893d1 18cdf0b0b451403a89e26f2624e15b50 - - default default] No more DHCP agents
2026-05-09 14:12:23.044 9 WARNING neutron.api.rpc.agentnotifiers.dhcp_rpc_agent_api [req-7bd8447c-80ad-4b7c-a014-b7c3f233d2ee req-9ae7514f-35ee-4da4-abe1-08c803283c35 7fcd04decec34a90b03bbdda11d893d1 18cdf0b0b451403a89e26f2624e15b50 - - default default] Unable to schedule network a3a2110a-3199-49d4-b224-4e154b98da79: no agents available; will retry on subsequent port and subnet creation events. /var/lib/openstack/lib/python3.10/site-packages/pycadf/identifier.py:71: UserWarning: Invalid uuid: neutron. To ensure interoperability, identifiers should be a valid uuid. warnings.warn(('Invalid uuid: %s. To ensure interoperability, '
2026-05-09 14:12:23.100 10 WARNING neutron.scheduler.dhcp_agent_scheduler [None req-43bdb996-3963-4e9c-b114-653f3bc24efe 8cf26d45df56422da93471a9dbcd9fd6 805bb55269bb47df87fc224616b37195 - - default default] No more DHCP agents
2026-05-09 14:12:23.102 10 WARNING neutron.api.rpc.agentnotifiers.dhcp_rpc_agent_api [None req-43bdb996-3963-4e9c-b114-653f3bc24efe 8cf26d45df56422da93471a9dbcd9fd6 805bb55269bb47df87fc224616b37195 - - default default] Unable to schedule network b5cdaea7-c0af-467e-b8d5-85f23f6c91ee: no agents available; will retry on subsequent port and subnet creation events.
2026-05-09 14:12:23.153 9 INFO neutron.wsgi [req-b10c8c13-c83e-48ad-8724-a9bdb796d921 req-737099f9-aeea-494d-b562-6ca24c02e5b7 f7678d19ec564b6cb0550b4ea30cd854 b7d640d8392f43f8ab4b102e0b75fbe9 - - default default] 199.204.45.144 "GET /v2.0/networks?id=77c309b2-9942-476c-a455-0b5ae883e452 HTTP/1.1" status: 200 len: 879 time: 0.0857475
2026-05-09 14:12:23.246 9 INFO neutron.wsgi [req-b10c8c13-c83e-48ad-8724-a9bdb796d921 req-518d58d0-e65d-4400-8061-f12c27da00a0 f7678d19ec564b6cb0550b4ea30cd854 b7d640d8392f43f8ab4b102e0b75fbe9 - - default default] 199.204.45.144 "GET /v2.0/security-groups?fields=id&fields=name&tenant_id=b7d640d8392f43f8ab4b102e0b75fbe9 HTTP/1.1" status: 200 len: 380 time: 0.0543516
2026-05-09 14:12:23.261 9 INFO neutron.db.ovn_revision_numbers_db [req-7bd8447c-80ad-4b7c-a014-b7c3f233d2ee req-9ae7514f-35ee-4da4-abe1-08c803283c35 7fcd04decec34a90b03bbdda11d893d1 18cdf0b0b451403a89e26f2624e15b50 - - default default] Successfully bumped revision number for resource 9c1def16-0540-46f7-81bf-05e27f884c75 (type: ports) to 1
2026-05-09 14:12:23.284 10 INFO neutron.db.ovn_revision_numbers_db [None req-43bdb996-3963-4e9c-b114-653f3bc24efe 8cf26d45df56422da93471a9dbcd9fd6 805bb55269bb47df87fc224616b37195 - - default default] Successfully bumped revision number for resource be1f3f12-a370-4f3b-a68c-f176b4792c2b (type: ports) to 1
2026-05-09 14:12:23.295 9 INFO neutron.wsgi [req-7bd8447c-80ad-4b7c-a014-b7c3f233d2ee req-9ae7514f-35ee-4da4-abe1-08c803283c35 7fcd04decec34a90b03bbdda11d893d1 18cdf0b0b451403a89e26f2624e15b50 - - default default] 199.204.45.144 "POST /v2.0/ports HTTP/1.1" status: 201 len: 1158 time: 0.7994485
2026-05-09 14:12:23.307 9 INFO neutron.wsgi [req-7bd8447c-80ad-4b7c-a014-b7c3f233d2ee req-3e4f99f1-2746-4574-8894-3f8b85ce270d 7fcd04decec34a90b03bbdda11d893d1 18cdf0b0b451403a89e26f2624e15b50 - - default default] 199.204.45.144 "GET /v2.0/extensions HTTP/1.1" status: 200 len: 16525 time: 0.0069675
2026-05-09 14:12:23.456 10 INFO neutron.wsgi [req-55903e38-9daf-41b5-ae36-01e36eac8d4b req-fa7d6e85-27eb-4a95-8815-4c27207247f8 f7678d19ec564b6cb0550b4ea30cd854 b7d640d8392f43f8ab4b102e0b75fbe9 - - default default] 10.0.0.98 "GET /v2.0/ports?device_id=2635e9c4-2973-485e-96d3-c92b77203e84 HTTP/1.1" status: 200 len: 210 time: 0.0181820
2026-05-09 14:12:23.559 9 WARNING neutron.scheduler.dhcp_agent_scheduler [req-b10c8c13-c83e-48ad-8724-a9bdb796d921 req-8ed2e2a4-2817-4662-8b39-da8d2ee30468 f7678d19ec564b6cb0550b4ea30cd854 b7d640d8392f43f8ab4b102e0b75fbe9 - - default default] No more DHCP agents
2026-05-09 14:12:23.560 9 WARNING neutron.api.rpc.agentnotifiers.dhcp_rpc_agent_api [req-b10c8c13-c83e-48ad-8724-a9bdb796d921 req-8ed2e2a4-2817-4662-8b39-da8d2ee30468 f7678d19ec564b6cb0550b4ea30cd854 b7d640d8392f43f8ab4b102e0b75fbe9 - - default default] Unable to schedule network 77c309b2-9942-476c-a455-0b5ae883e452: no agents available; will retry on subsequent port and subnet creation events.
2026-05-09 14:12:23.715 9 INFO neutron.db.ovn_revision_numbers_db [req-b10c8c13-c83e-48ad-8724-a9bdb796d921 req-8ed2e2a4-2817-4662-8b39-da8d2ee30468 f7678d19ec564b6cb0550b4ea30cd854 b7d640d8392f43f8ab4b102e0b75fbe9 - - default default] Successfully bumped revision number for resource 750a9ad3-aa1e-4cbf-b845-67e43b7eca89 (type: ports) to 1 /var/lib/openstack/lib/python3.10/site-packages/pycadf/identifier.py:71: UserWarning: Invalid uuid: neutron. To ensure interoperability, identifiers should be a valid uuid. warnings.warn(('Invalid uuid: %s. To ensure interoperability, '
2026-05-09 14:12:23.747 9 INFO neutron.wsgi [req-b10c8c13-c83e-48ad-8724-a9bdb796d921 req-8ed2e2a4-2817-4662-8b39-da8d2ee30468 f7678d19ec564b6cb0550b4ea30cd854 b7d640d8392f43f8ab4b102e0b75fbe9 - - default default] 199.204.45.144 "POST /v2.0/ports HTTP/1.1" status: 201 len: 1162 time: 0.4907887
2026-05-09 14:12:23.808 10 INFO neutron.plugins.ml2.drivers.ovn.mech_driver.mech_driver [None req-b88ed565-36a1-4567-a008-9913f34a8206 - - - - - -] OVN reports status up for port: be1f3f12-a370-4f3b-a68c-f176b4792c2b
2026-05-09 14:12:23.825 9 INFO neutron.plugins.ml2.drivers.ovn.mech_driver.ovsdb.ovsdb_monitor [None req-4509aa95-85f8-435d-9d24-e58772a8e3a1 - - - - - -] Router 121ffb81-b917-41e7-b1e4-8868f5990bc6 is bound to host instance
2026-05-09 14:12:23.827 10 INFO neutron.plugins.ml2.plugin [None req-b88ed565-36a1-4567-a008-9913f34a8206 - - - - - -] Attempt 1 to provision port be1f3f12-a370-4f3b-a68c-f176b4792c2b
2026-05-09 14:12:23.838 10 INFO neutron.db.ovn_revision_numbers_db [None req-43bdb996-3963-4e9c-b114-653f3bc24efe 8cf26d45df56422da93471a9dbcd9fd6 805bb55269bb47df87fc224616b37195 - - default default] Successfully bumped revision number for resource be1f3f12-a370-4f3b-a68c-f176b4792c2b (type: router_ports) to 1
2026-05-09 14:12:24.105 10 INFO neutron.db.ovn_revision_numbers_db [None req-43bdb996-3963-4e9c-b114-653f3bc24efe 8cf26d45df56422da93471a9dbcd9fd6 805bb55269bb47df87fc224616b37195 - - default default] Successfully bumped revision number for resource 121ffb81-b917-41e7-b1e4-8868f5990bc6 (type: routers) to 2
2026-05-09 14:12:24.126 10 INFO neutron.wsgi [req-77bc8423-588a-4bc7-96b5-347e10732eea req-55e4a9ad-671e-445f-a541-a9879daa0223 7fcd04decec34a90b03bbdda11d893d1 18cdf0b0b451403a89e26f2624e15b50 - - default default] 10.0.0.98 "GET /v2.0/ports?device_id=46f2fbc4-0387-429c-8d37-d4dce2582933 HTTP/1.1" status: 200 len: 1156 time: 0.0568466
2026-05-09 14:12:24.129 10 INFO neutron.wsgi [None req-43bdb996-3963-4e9c-b114-653f3bc24efe 8cf26d45df56422da93471a9dbcd9fd6 805bb55269bb47df87fc224616b37195 - - default default] 10.0.0.51 "POST /v2.0/routers HTTP/1.1" status: 201 len: 870 time: 1.5570459
2026-05-09 14:12:24.208 10 INFO neutron.wsgi [req-77bc8423-588a-4bc7-96b5-347e10732eea req-ad7d9663-0bd7-4ac5-be63-1208f06b6bba 7fcd04decec34a90b03bbdda11d893d1 18cdf0b0b451403a89e26f2624e15b50 - - default default] 10.0.0.98 "GET /v2.0/security-groups?id=437d1f85-1533-4685-891b-29c7dbe7eb8c&fields=id&fields=name HTTP/1.1" status: 200 len: 313 time: 0.0759990
2026-05-09 14:12:24.554 10 INFO neutron.wsgi [req-d20132c9-e137-477f-9b84-1d810c7d40c2 req-0abdc0a9-ccbc-4495-a07a-866c9ac771a8 f7678d19ec564b6cb0550b4ea30cd854 b7d640d8392f43f8ab4b102e0b75fbe9 - - default default] 10.0.0.98 "GET /v2.0/ports?device_id=2635e9c4-2973-485e-96d3-c92b77203e84 HTTP/1.1" status: 200 len: 1172 time: 0.0474861
2026-05-09 14:12:24.555 10 WARNING neutron.scheduler.dhcp_agent_scheduler [None req-f3d5da2b-0f0f-4de7-9917-37c64d6810de 8cf26d45df56422da93471a9dbcd9fd6 805bb55269bb47df87fc224616b37195 - - default default] No more DHCP agents
2026-05-09 14:12:24.558 10 WARNING neutron.api.rpc.agentnotifiers.dhcp_rpc_agent_api [None req-f3d5da2b-0f0f-4de7-9917-37c64d6810de 8cf26d45df56422da93471a9dbcd9fd6 805bb55269bb47df87fc224616b37195 - - default default] Unable to schedule network a94f1417-f6cb-4ca6-b82a-8369d78ee8a4: no agents available; will retry on subsequent port and subnet creation events.
2026-05-09 14:12:24.610 10 INFO neutron.wsgi [req-d20132c9-e137-477f-9b84-1d810c7d40c2 req-331f5560-05f2-4d54-a167-5c130b6f8685 f7678d19ec564b6cb0550b4ea30cd854 b7d640d8392f43f8ab4b102e0b75fbe9 - - default default] 10.0.0.98 "GET /v2.0/security-groups?id=ef8f049e-19ae-4b26-96eb-9ea140659a77&fields=id&fields=name HTTP/1.1" status: 200 len: 313 time: 0.0485132
2026-05-09 14:12:24.683 9 INFO neutron.db.ovn_revision_numbers_db [req-7bd8447c-80ad-4b7c-a014-b7c3f233d2ee req-51099c87-ed9e-4681-b311-7632fd6e8600 620a48df10c3403f8938efaf207413ad 6e77d59566744f7a801e02a9fad94e26 - - 765f530ee013449185b73b04af3fb09d 765f530ee013449185b73b04af3fb09d] Successfully bumped revision number for resource 9c1def16-0540-46f7-81bf-05e27f884c75 (type: ports) to 2
2026-05-09 14:12:24.686 9 INFO neutron.db.ovn_revision_numbers_db [req-b10c8c13-c83e-48ad-8724-a9bdb796d921 req-dcf6835f-0cf0-4c7c-97c6-cc6fae0edba2 620a48df10c3403f8938efaf207413ad 6e77d59566744f7a801e02a9fad94e26 - - 765f530ee013449185b73b04af3fb09d 765f530ee013449185b73b04af3fb09d] Successfully bumped revision number for resource 750a9ad3-aa1e-4cbf-b845-67e43b7eca89 (type: ports) to 2
2026-05-09 14:12:24.740 10 INFO neutron.db.ovn_revision_numbers_db [None req-f3d5da2b-0f0f-4de7-9917-37c64d6810de 8cf26d45df56422da93471a9dbcd9fd6 805bb55269bb47df87fc224616b37195 - - default default] Successfully bumped revision number for resource d0e93d7a-23e2-4281-9ad1-4b08e55382b0 (type: ports) to 1
2026-05-09 14:12:24.786 10 INFO neutron.db.ovn_revision_numbers_db [None req-8c5e1c26-3183-4b83-ba70-7c2bf7389266 8cf26d45df56422da93471a9dbcd9fd6 805bb55269bb47df87fc224616b37195 - - default default] Successfully bumped revision number for resource 7cf85abd-b83c-4e12-ad2c-69b82c474b75 (type: security_groups) to 1
2026-05-09 14:12:24.815 10 INFO neutron.db.ovn_revision_numbers_db [None req-8c5e1c26-3183-4b83-ba70-7c2bf7389266 8cf26d45df56422da93471a9dbcd9fd6 805bb55269bb47df87fc224616b37195 - - default default] Successfully bumped revision number for resource 5ecfc935-e4c4-4b7c-a6d4-440be7fb4144 (type: security_group_rules) to 0
2026-05-09 14:12:24.845 10 INFO neutron.db.ovn_revision_numbers_db [None req-8c5e1c26-3183-4b83-ba70-7c2bf7389266 8cf26d45df56422da93471a9dbcd9fd6 805bb55269bb47df87fc224616b37195 - - default default] Successfully bumped revision number for resource 6f779eb9-5e43-4d94-8f63-c45065f064bc (type: security_group_rules) to 0
2026-05-09 14:12:24.882 10 INFO neutron.db.ovn_revision_numbers_db [None req-8c5e1c26-3183-4b83-ba70-7c2bf7389266 8cf26d45df56422da93471a9dbcd9fd6 805bb55269bb47df87fc224616b37195 - - default default] Successfully bumped revision number for resource e619b3c8-b9d4-471f-92c4-801340bb563b (type: security_group_rules) to 0
2026-05-09 14:12:24.913 10 INFO neutron.db.ovn_revision_numbers_db [None req-8c5e1c26-3183-4b83-ba70-7c2bf7389266 8cf26d45df56422da93471a9dbcd9fd6 805bb55269bb47df87fc224616b37195 - - default default] Successfully bumped revision number for resource f940a36d-9f67-4331-9eda-5be7906e19d1 (type: security_group_rules) to 0
2026-05-09 14:12:24.938 10 INFO neutron.wsgi [None req-8c5e1c26-3183-4b83-ba70-7c2bf7389266 8cf26d45df56422da93471a9dbcd9fd6 805bb55269bb47df87fc224616b37195 - - default default] 10.0.0.51 "GET /v2.0/security-groups?tenant_id=90d84a630f5e4601aba5637fe25b6146&name=default HTTP/1.1" status: 200 len: 2996 time: 0.4124632
2026-05-09 14:12:25.077 9 INFO neutron.db.ovn_revision_numbers_db [req-7bd8447c-80ad-4b7c-a014-b7c3f233d2ee req-51099c87-ed9e-4681-b311-7632fd6e8600 620a48df10c3403f8938efaf207413ad 6e77d59566744f7a801e02a9fad94e26 - - 765f530ee013449185b73b04af3fb09d 765f530ee013449185b73b04af3fb09d] Successfully bumped revision number for resource 9c1def16-0540-46f7-81bf-05e27f884c75 (type: ports) to 2
2026-05-09 14:12:25.093 9 INFO neutron.db.ovn_revision_numbers_db [None req-4509aa95-85f8-435d-9d24-e58772a8e3a1 - - - - - -] Successfully bumped revision number for resource be1f3f12-a370-4f3b-a68c-f176b4792c2b (type: ports) to 1
2026-05-09 14:12:25.111 9 INFO neutron.wsgi [req-7bd8447c-80ad-4b7c-a014-b7c3f233d2ee req-51099c87-ed9e-4681-b311-7632fd6e8600 620a48df10c3403f8938efaf207413ad 6e77d59566744f7a801e02a9fad94e26 - - 765f530ee013449185b73b04af3fb09d 765f530ee013449185b73b04af3fb09d] 199.204.45.144 "PUT /v2.0/ports/9c1def16-0540-46f7-81bf-05e27f884c75 HTTP/1.1" status: 200 len: 1376 time: 1.4338562
2026-05-09 14:12:25.140 9 INFO neutron.db.ovn_revision_numbers_db [req-b10c8c13-c83e-48ad-8724-a9bdb796d921 req-dcf6835f-0cf0-4c7c-97c6-cc6fae0edba2 620a48df10c3403f8938efaf207413ad 6e77d59566744f7a801e02a9fad94e26 - - 765f530ee013449185b73b04af3fb09d 765f530ee013449185b73b04af3fb09d] Successfully bumped revision number for resource 750a9ad3-aa1e-4cbf-b845-67e43b7eca89 (type: ports) to 2
2026-05-09 14:12:25.164 9 INFO neutron.wsgi [req-b10c8c13-c83e-48ad-8724-a9bdb796d921 req-dcf6835f-0cf0-4c7c-97c6-cc6fae0edba2 620a48df10c3403f8938efaf207413ad 6e77d59566744f7a801e02a9fad94e26 - - 765f530ee013449185b73b04af3fb09d 765f530ee013449185b73b04af3fb09d] 199.204.45.144 "PUT /v2.0/ports/750a9ad3-aa1e-4cbf-b845-67e43b7eca89 HTTP/1.1" status: 200 len: 1380 time: 1.4118121 /var/lib/openstack/lib/python3.10/site-packages/pycadf/identifier.py:71: UserWarning: Invalid uuid: neutron. To ensure interoperability, identifiers should be a valid uuid. warnings.warn(('Invalid uuid: %s. To ensure interoperability, '
2026-05-09 14:12:25.416 10 INFO neutron.wsgi [req-ddcb5505-8794-4d8d-835e-992597824d85 req-840a62ac-b464-413e-8537-ac7029ef147e 7fcd04decec34a90b03bbdda11d893d1 18cdf0b0b451403a89e26f2624e15b50 - - default default] 10.0.0.98 "GET /v2.0/ports?device_id=46f2fbc4-0387-429c-8d37-d4dce2582933 HTTP/1.1" status: 200 len: 1168 time: 0.1423178
2026-05-09 14:12:25.436 9 WARNING neutron.plugins.ml2.drivers.ovn.mech_driver.ovsdb.ovn_client [None req-99dbe489-30e6-4693-be04-8443d667d431 - - - - - -] No hosting information found for port f332bd37-66ef-4824-ad57-19d9ee8b1c94: RuntimeError: No hosting information found for port f332bd37-66ef-4824-ad57-19d9ee8b1c94
2026-05-09 14:12:25.470 9 INFO neutron.wsgi [req-b10c8c13-c83e-48ad-8724-a9bdb796d921 req-2968e74c-5acb-4491-afbb-d9c7e1afa70d 620a48df10c3403f8938efaf207413ad 6e77d59566744f7a801e02a9fad94e26 - - 765f530ee013449185b73b04af3fb09d 765f530ee013449185b73b04af3fb09d] 199.204.45.144 "GET /v2.0/ports?tenant_id=b7d640d8392f43f8ab4b102e0b75fbe9&device_id=2635e9c4-2973-485e-96d3-c92b77203e84 HTTP/1.1" status: 200 len: 1411 time: 0.0982528
2026-05-09 14:12:25.484 9 INFO neutron.wsgi [req-7bd8447c-80ad-4b7c-a014-b7c3f233d2ee req-a322bad5-206b-4458-8929-58bee4dec0ba 620a48df10c3403f8938efaf207413ad 6e77d59566744f7a801e02a9fad94e26 - - 765f530ee013449185b73b04af3fb09d 765f530ee013449185b73b04af3fb09d] 199.204.45.144 "GET /v2.0/ports?tenant_id=18cdf0b0b451403a89e26f2624e15b50&device_id=46f2fbc4-0387-429c-8d37-d4dce2582933 HTTP/1.1" status: 200 len: 1407 time: 0.0884404
2026-05-09 14:12:25.492 9 INFO neutron.plugins.ml2.drivers.ovn.mech_driver.mech_driver [None req-99dbe489-30e6-4693-be04-8443d667d431 - - - - - -] OVN reports status up for port: d0e93d7a-23e2-4281-9ad1-4b08e55382b0
2026-05-09 14:12:25.497 10 INFO neutron.wsgi [req-ddcb5505-8794-4d8d-835e-992597824d85 req-76e4ec5f-41d9-4436-b635-a2a2f5cd380b 7fcd04decec34a90b03bbdda11d893d1 18cdf0b0b451403a89e26f2624e15b50 - - default default] 10.0.0.98 "GET /v2.0/security-groups?id=437d1f85-1533-4685-891b-29c7dbe7eb8c&fields=id&fields=name HTTP/1.1" status: 200 len: 313 time: 0.0675249
2026-05-09 14:12:25.508 10 INFO neutron.db.ovn_revision_numbers_db [None req-f3d5da2b-0f0f-4de7-9917-37c64d6810de 8cf26d45df56422da93471a9dbcd9fd6 805bb55269bb47df87fc224616b37195 - - default default] Successfully bumped revision number for resource d0e93d7a-23e2-4281-9ad1-4b08e55382b0 (type: router_ports) to 1
2026-05-09 14:12:25.532 10 INFO neutron.wsgi [None req-30ca6eaa-b684-431f-b3da-99f6ef1b0af6 8cf26d45df56422da93471a9dbcd9fd6 805bb55269bb47df87fc224616b37195 - - default default] 10.0.0.51 "DELETE /v2.0/security-groups/7cf85abd-b83c-4e12-ad2c-69b82c474b75 HTTP/1.1" status: 204 len: 168 time: 0.5863390
2026-05-09 14:12:25.658 10 INFO neutron.db.ovn_revision_numbers_db [None req-f3d5da2b-0f0f-4de7-9917-37c64d6810de 8cf26d45df56422da93471a9dbcd9fd6 805bb55269bb47df87fc224616b37195 - - default default] Successfully bumped revision number for resource d0e93d7a-23e2-4281-9ad1-4b08e55382b0 (type: ports) to 1
2026-05-09 14:12:25.702 9 INFO neutron.notifiers.nova [-] Nova event matching ['req-761ccf9f-f1df-4fb2-a616-5a7286fecab3'] response: {'name': 'network-changed', 'server_uuid': '46f2fbc4-0387-429c-8d37-d4dce2582933', 'tag': '9c1def16-0540-46f7-81bf-05e27f884c75', 'status': 'completed', 'code': 200}
2026-05-09 14:12:25.717 9 INFO neutron.wsgi [req-b10c8c13-c83e-48ad-8724-a9bdb796d921 req-94ac4fd7-c154-4502-9233-66daa0eb360f 620a48df10c3403f8938efaf207413ad 6e77d59566744f7a801e02a9fad94e26 - - 765f530ee013449185b73b04af3fb09d 765f530ee013449185b73b04af3fb09d] 199.204.45.144 "GET /v2.0/floatingips?fixed_ip_address=10.100.0.13&port_id=750a9ad3-aa1e-4cbf-b845-67e43b7eca89 HTTP/1.1" status: 200 len: 217 time: 0.2378168
2026-05-09 14:12:25.719 9 INFO neutron.plugins.ml2.plugin [None req-99dbe489-30e6-4693-be04-8443d667d431 - - - - - -] Attempt 1 to provision port d0e93d7a-23e2-4281-9ad1-4b08e55382b0
2026-05-09 14:12:25.721 9 INFO neutron.wsgi [req-7bd8447c-80ad-4b7c-a014-b7c3f233d2ee req-9fab5813-5708-4efd-8295-4c527b8ed38f 620a48df10c3403f8938efaf207413ad 6e77d59566744f7a801e02a9fad94e26 - - 765f530ee013449185b73b04af3fb09d 765f530ee013449185b73b04af3fb09d] 199.204.45.144 "GET /v2.0/floatingips?fixed_ip_address=10.100.0.7&port_id=9c1def16-0540-46f7-81bf-05e27f884c75 HTTP/1.1" status: 200 len: 217 time: 0.2242112
2026-05-09 14:12:25.730 10 INFO neutron.wsgi [req-3a4e9a37-14fa-4ab5-8016-0bddc0f430c5 req-afe0c2f1-da95-4067-8a95-dece05d70449 f7678d19ec564b6cb0550b4ea30cd854 b7d640d8392f43f8ab4b102e0b75fbe9 - - default default] 10.0.0.98 "GET /v2.0/ports?device_id=2635e9c4-2973-485e-96d3-c92b77203e84 HTTP/1.1" status: 200 len: 1172 time: 0.0511513
2026-05-09 14:12:25.762 10 WARNING neutron.scheduler.dhcp_agent_scheduler [None req-f3d5da2b-0f0f-4de7-9917-37c64d6810de 8cf26d45df56422da93471a9dbcd9fd6 805bb55269bb47df87fc224616b37195 - - default default] No more DHCP agents
2026-05-09 14:12:25.765 10 WARNING neutron.api.rpc.agentnotifiers.dhcp_rpc_agent_api [None req-f3d5da2b-0f0f-4de7-9917-37c64d6810de 8cf26d45df56422da93471a9dbcd9fd6 805bb55269bb47df87fc224616b37195 - - default default] Unable to schedule network a94f1417-f6cb-4ca6-b82a-8369d78ee8a4: no agents available; will retry on subsequent port and subnet creation events.
2026-05-09 14:12:25.795 10 INFO neutron.wsgi [req-3a4e9a37-14fa-4ab5-8016-0bddc0f430c5 req-04901f50-e377-4bf7-82b8-14edb762ccef f7678d19ec564b6cb0550b4ea30cd854 b7d640d8392f43f8ab4b102e0b75fbe9 - - default default] 10.0.0.98 "GET /v2.0/security-groups?id=ef8f049e-19ae-4b26-96eb-9ea140659a77&fields=id&fields=name HTTP/1.1" status: 200 len: 313 time: 0.0571413
2026-05-09 14:12:25.819 9 INFO neutron.wsgi [req-7bd8447c-80ad-4b7c-a014-b7c3f233d2ee req-a1064fdb-0afe-4b9d-a064-1a7be72fb514 620a48df10c3403f8938efaf207413ad 6e77d59566744f7a801e02a9fad94e26 - - 765f530ee013449185b73b04af3fb09d 765f530ee013449185b73b04af3fb09d] 199.204.45.144 "GET /v2.0/subnets?id=522e1aaf-5885-4daa-8c61-0bbc64875119 HTTP/1.1" status: 200 len: 876 time: 0.0879719
2026-05-09 14:12:25.829 9 INFO neutron.wsgi [req-b10c8c13-c83e-48ad-8724-a9bdb796d921 req-e7a31a55-c236-4e17-a18a-ccdb60ca5cc6 620a48df10c3403f8938efaf207413ad 6e77d59566744f7a801e02a9fad94e26 - - 765f530ee013449185b73b04af3fb09d 765f530ee013449185b73b04af3fb09d] 199.204.45.144 "GET /v2.0/subnets?id=37d6505f-80eb-4cbf-9d95-96615fa45abe HTTP/1.1" status: 200 len: 873 time: 0.0983293
2026-05-09 14:12:25.844 10 INFO neutron.db.ovn_revision_numbers_db [None req-b7eb8659-7b5b-4459-9961-6732d6c56651 8cf26d45df56422da93471a9dbcd9fd6 805bb55269bb47df87fc224616b37195 - - default default] Successfully bumped revision number for resource 3cd1a972-f967-4b71-b029-4af0c7e6066d (type: security_groups) to 1
2026-05-09 14:12:25.861 10 INFO neutron.db.ovn_revision_numbers_db [None req-b7eb8659-7b5b-4459-9961-6732d6c56651 8cf26d45df56422da93471a9dbcd9fd6 805bb55269bb47df87fc224616b37195 - - default default] Successfully bumped revision number for resource 03d704b6-f9ab-4d46-82e8-7ca7b33a5488 (type: security_group_rules) to 0
2026-05-09 14:12:25.875 9 INFO neutron.wsgi [req-7bd8447c-80ad-4b7c-a014-b7c3f233d2ee req-15cd552c-c81c-415d-8ded-ffdf400f9eed 620a48df10c3403f8938efaf207413ad 6e77d59566744f7a801e02a9fad94e26 - - 765f530ee013449185b73b04af3fb09d 765f530ee013449185b73b04af3fb09d] 199.204.45.144 "GET /v2.0/ports?network_id=a3a2110a-3199-49d4-b224-4e154b98da79&device_owner=network%3Adhcp HTTP/1.1" status: 200 len: 210 time: 0.0495400
2026-05-09 14:12:25.878 9 INFO neutron.wsgi [req-b10c8c13-c83e-48ad-8724-a9bdb796d921 req-2b5e98e6-49b6-4372-ba96-f221b58e7d1b 620a48df10c3403f8938efaf207413ad 6e77d59566744f7a801e02a9fad94e26 - - 765f530ee013449185b73b04af3fb09d 765f530ee013449185b73b04af3fb09d] 199.204.45.144 "GET /v2.0/ports?network_id=77c309b2-9942-476c-a455-0b5ae883e452&device_owner=network%3Adhcp HTTP/1.1" status: 200 len: 210 time: 0.0416167
2026-05-09 14:12:25.882 10 INFO neutron.db.ovn_revision_numbers_db [None req-b7eb8659-7b5b-4459-9961-6732d6c56651 8cf26d45df56422da93471a9dbcd9fd6 805bb55269bb47df87fc224616b37195 - - default default] Successfully bumped revision number for resource 5dbb26bd-5c71-44a1-93dc-109499616661 (type: security_group_rules) to 0
2026-05-09 14:12:25.903 10 INFO neutron.db.ovn_revision_numbers_db [None req-b7eb8659-7b5b-4459-9961-6732d6c56651 8cf26d45df56422da93471a9dbcd9fd6 805bb55269bb47df87fc224616b37195 - - default default] Successfully bumped revision number for resource 7d2583e7-b9eb-4fa7-80b3-011ff7d411d7 (type: security_group_rules) to 0
2026-05-09 14:12:25.935 10 INFO neutron.db.ovn_revision_numbers_db [None req-b7eb8659-7b5b-4459-9961-6732d6c56651 8cf26d45df56422da93471a9dbcd9fd6 805bb55269bb47df87fc224616b37195 - - default default] Successfully bumped revision number for resource c0bd36a9-51a6-4df6-b208-7e0c861f82c0 (type: security_group_rules) to 0
2026-05-09 14:12:25.969 10 INFO neutron.wsgi [None req-b7eb8659-7b5b-4459-9961-6732d6c56651 8cf26d45df56422da93471a9dbcd9fd6 805bb55269bb47df87fc224616b37195 - - default default] 10.0.0.51 "GET /v2.0/security-groups?tenant_id=4149cfdc92d14e9e85f10317af05075a&name=default HTTP/1.1" status: 200 len: 2996 time: 0.3087876
2026-05-09 14:12:26.028 9 INFO neutron.wsgi [req-b10c8c13-c83e-48ad-8724-a9bdb796d921 req-e6e3a326-e988-45b0-b44a-5dbae42283c7 620a48df10c3403f8938efaf207413ad 6e77d59566744f7a801e02a9fad94e26 - - 765f530ee013449185b73b04af3fb09d 765f530ee013449185b73b04af3fb09d] 199.204.45.144 "GET /v2.0/networks/77c309b2-9942-476c-a455-0b5ae883e452?fields=segments HTTP/1.1" status: 200 len: 212 time: 0.1378770
2026-05-09 14:12:26.032 9 INFO neutron.wsgi [req-7bd8447c-80ad-4b7c-a014-b7c3f233d2ee req-bfca155b-79a4-41c7-bce0-6d867208a461 620a48df10c3403f8938efaf207413ad 6e77d59566744f7a801e02a9fad94e26 - - 765f530ee013449185b73b04af3fb09d 765f530ee013449185b73b04af3fb09d] 199.204.45.144 "GET /v2.0/networks/a3a2110a-3199-49d4-b224-4e154b98da79?fields=segments HTTP/1.1" status: 200 len: 212 time: 0.1420534
2026-05-09 14:12:26.147 9 INFO neutron.db.ovn_revision_numbers_db [None req-4509aa95-85f8-435d-9d24-e58772a8e3a1 - - - - - -] Successfully bumped revision number for resource be1f3f12-a370-4f3b-a68c-f176b4792c2b (type: router_ports) to 3
2026-05-09 14:12:26.194 9 INFO neutron.wsgi [req-7bd8447c-80ad-4b7c-a014-b7c3f233d2ee req-43290c1f-0321-4c28-9ce3-4fc83c3ab0af 620a48df10c3403f8938efaf207413ad 6e77d59566744f7a801e02a9fad94e26 - - 765f530ee013449185b73b04af3fb09d 765f530ee013449185b73b04af3fb09d] 199.204.45.144 "GET /v2.0/networks/a3a2110a-3199-49d4-b224-4e154b98da79?fields=provider%3Aphysical_network&fields=provider%3Anetwork_type HTTP/1.1" status: 200 len: 277 time: 0.1456802
2026-05-09 14:12:26.199 9 INFO neutron.wsgi [req-b10c8c13-c83e-48ad-8724-a9bdb796d921 req-39041a16-9a3b-4b9a-aa42-6d45475d4e23 620a48df10c3403f8938efaf207413ad 6e77d59566744f7a801e02a9fad94e26 - - 765f530ee013449185b73b04af3fb09d 765f530ee013449185b73b04af3fb09d] 199.204.45.144 "GET /v2.0/networks/77c309b2-9942-476c-a455-0b5ae883e452?fields=provider%3Aphysical_network&fields=provider%3Anetwork_type HTTP/1.1" status: 200 len: 277 time: 0.1512175
2026-05-09 14:12:26.298 9 INFO neutron.wsgi [req-e03d9f5b-b8b4-4e14-95cb-0a28737c2514 req-b3360d15-9115-44ff-878b-54a3f6f75230 620a48df10c3403f8938efaf207413ad 6e77d59566744f7a801e02a9fad94e26 - - 765f530ee013449185b73b04af3fb09d 765f530ee013449185b73b04af3fb09d] 199.204.45.144 "GET /v2.0/ports?tenant_id=18cdf0b0b451403a89e26f2624e15b50&device_id=46f2fbc4-0387-429c-8d37-d4dce2582933 HTTP/1.1" status: 200 len: 1407 time: 0.0606132
2026-05-09 14:12:26.380 9 INFO neutron.db.ovn_revision_numbers_db [None req-99dbe489-30e6-4693-be04-8443d667d431 - - - - - -] Successfully bumped revision number for resource d0e93d7a-23e2-4281-9ad1-4b08e55382b0 (type: ports) to 2
2026-05-09 14:12:26.491 9 INFO neutron.wsgi [req-e03d9f5b-b8b4-4e14-95cb-0a28737c2514 req-b09a99bf-9f1e-478c-8276-4ad70639f1b1 620a48df10c3403f8938efaf207413ad 6e77d59566744f7a801e02a9fad94e26 - - 765f530ee013449185b73b04af3fb09d 765f530ee013449185b73b04af3fb09d] 199.204.45.144 "GET /v2.0/networks?id=a3a2110a-3199-49d4-b224-4e154b98da79 HTTP/1.1" status: 200 len: 980 time: 0.1132207
