2026-05-09 14:15:28.994 10 INFO neutron.wsgi [req-7fd09ba0-c749-4330-bdc8-90f9dd0917d4 req-79a2f9aa-b37a-4cef-b953-cd40ba19ec21 620a48df10c3403f8938efaf207413ad 6e77d59566744f7a801e02a9fad94e26 - - 765f530ee013449185b73b04af3fb09d 765f530ee013449185b73b04af3fb09d] 199.204.45.144 "GET /v2.0/subnets?id=0ca92457-4c61-46b8-b950-08f5ccfe521c HTTP/1.1" status: 200 len: 853 time: 0.0451992
2026-05-09 14:15:28.995 10 WARNING neutron.api.rpc.agentnotifiers.dhcp_rpc_agent_api [None req-b2dcb9c6-4056-482d-a7e8-721c9c88dfd1 323d0e5312d74520bbe8a9a14101c7b4 20729d514ec9402bb76e650b7865f4bd - - default default] Unable to schedule network 502aa46f-66a5-45ac-a368-df39532ec9cb: no agents available; will retry on subsequent port and subnet creation events.
2026-05-09 14:15:29.021 10 INFO neutron.wsgi [req-7fd09ba0-c749-4330-bdc8-90f9dd0917d4 req-91115b5b-d800-4d92-8f4e-b09ee4c60f2f 620a48df10c3403f8938efaf207413ad 6e77d59566744f7a801e02a9fad94e26 - - 765f530ee013449185b73b04af3fb09d 765f530ee013449185b73b04af3fb09d] 199.204.45.144 "GET /v2.0/ports?network_id=f2944c35-3c05-4794-9d0d-08f50d368b00&device_owner=network%3Adhcp HTTP/1.1" status: 200 len: 210 time: 0.0190666
2026-05-09 14:15:29.098 10 INFO neutron.wsgi [req-7fd09ba0-c749-4330-bdc8-90f9dd0917d4 req-2a34853d-9053-4d9b-9dac-944940ffec7c 620a48df10c3403f8938efaf207413ad 6e77d59566744f7a801e02a9fad94e26 - - 765f530ee013449185b73b04af3fb09d 765f530ee013449185b73b04af3fb09d] 199.204.45.144 "GET /v2.0/networks/f2944c35-3c05-4794-9d0d-08f50d368b00?fields=segments HTTP/1.1" status: 200 len: 212 time: 0.0684988
2026-05-09 14:15:29.110 10 INFO neutron.db.ovn_revision_numbers_db [None req-b2dcb9c6-4056-482d-a7e8-721c9c88dfd1 323d0e5312d74520bbe8a9a14101c7b4 20729d514ec9402bb76e650b7865f4bd - - default default] Successfully bumped revision number for resource 7949830c-53c5-4e94-a346-fa82ab755e00 (type: ports) to 1
2026-05-09 14:15:29.137 10 INFO neutron.wsgi [None req-b2dcb9c6-4056-482d-a7e8-721c9c88dfd1 323d0e5312d74520bbe8a9a14101c7b4 20729d514ec9402bb76e650b7865f4bd - - default default] 10.0.0.51 "POST /v2.0/networks HTTP/1.1" status: 201 len: 830 time: 1.0880504
2026-05-09 14:15:29.188 10 INFO neutron.wsgi [req-7fd09ba0-c749-4330-bdc8-90f9dd0917d4 req-723290ba-e6c6-4bbe-983b-343c1e1ccd4c 620a48df10c3403f8938efaf207413ad 6e77d59566744f7a801e02a9fad94e26 - - 765f530ee013449185b73b04af3fb09d 765f530ee013449185b73b04af3fb09d] 199.204.45.144 "GET /v2.0/networks/f2944c35-3c05-4794-9d0d-08f50d368b00?fields=provider%3Aphysical_network&fields=provider%3Anetwork_type HTTP/1.1" status: 200 len: 277 time: 0.0841205
2026-05-09 14:15:29.277 9 INFO neutron.wsgi [None req-dd122938-586b-44e2-9352-eeb5d890c83e 8cf26d45df56422da93471a9dbcd9fd6 805bb55269bb47df87fc224616b37195 - - default default] 10.0.0.51 "GET /v2.0/security-groups?tenant_id=56a3bf76725c4abd9e620493bb2864b1&name=default HTTP/1.1" status: 200 len: 2996 time: 0.1348584
2026-05-09 14:15:29.374 10 WARNING neutron.scheduler.dhcp_agent_scheduler [None req-e7715462-19a8-4f6c-89cf-96033e5c1aa2 323d0e5312d74520bbe8a9a14101c7b4 20729d514ec9402bb76e650b7865f4bd - - default default] No more DHCP agents
2026-05-09 14:15:29.381 10 WARNING neutron.api.rpc.agentnotifiers.dhcp_rpc_agent_api [None req-e7715462-19a8-4f6c-89cf-96033e5c1aa2 323d0e5312d74520bbe8a9a14101c7b4 20729d514ec9402bb76e650b7865f4bd - - default default] Unable to schedule network 502aa46f-66a5-45ac-a368-df39532ec9cb: no agents available; will retry on subsequent port and subnet creation events.
2026-05-09 14:15:29.485 10 INFO neutron.db.ovn_revision_numbers_db [None req-e7715462-19a8-4f6c-89cf-96033e5c1aa2 323d0e5312d74520bbe8a9a14101c7b4 20729d514ec9402bb76e650b7865f4bd - - default default] Successfully bumped revision number for resource ca9770f2-d8cf-48e8-ae8f-f672a5a0f69d (type: ports) to 1
2026-05-09 14:15:29.500 9 INFO neutron.wsgi [None req-9a8fd443-cdf0-4a12-8e26-9fa9361cd8d5 8cf26d45df56422da93471a9dbcd9fd6 805bb55269bb47df87fc224616b37195 - - default default] 10.0.0.51 "DELETE /v2.0/security-groups/f57e350c-4894-45fa-8bbd-ccc481b361f2 HTTP/1.1" status: 204 len: 168 time: 0.2180743
2026-05-09 14:15:29.504 10 INFO neutron.wsgi [None req-e7715462-19a8-4f6c-89cf-96033e5c1aa2 323d0e5312d74520bbe8a9a14101c7b4 20729d514ec9402bb76e650b7865f4bd - - default default] 10.0.0.51 "POST /v2.0/ports HTTP/1.1" status: 201 len: 942 time: 0.3626318 /var/lib/openstack/lib/python3.10/site-packages/pycadf/identifier.py:71: UserWarning: Invalid uuid: neutron. To ensure interoperability, identifiers should be a valid uuid. warnings.warn(('Invalid uuid: %s. To ensure interoperability, '
2026-05-09 14:15:29.711 9 INFO neutron.db.ovn_revision_numbers_db [None req-09a504ba-af07-47c1-a0c8-152230d11178 8cf26d45df56422da93471a9dbcd9fd6 805bb55269bb47df87fc224616b37195 - - default default] Successfully bumped revision number for resource 1896f7bd-5c47-41ad-a86a-aa737e211732 (type: security_groups) to 1
2026-05-09 14:15:29.727 9 INFO neutron.db.ovn_revision_numbers_db [None req-09a504ba-af07-47c1-a0c8-152230d11178 8cf26d45df56422da93471a9dbcd9fd6 805bb55269bb47df87fc224616b37195 - - default default] Successfully bumped revision number for resource 3cd4f17a-4d77-4bb7-938e-589b9f66c104 (type: security_group_rules) to 0
2026-05-09 14:15:29.734 10 INFO neutron.wsgi [None req-ddd69605-411c-43d3-bf50-72c14d0fe694 323d0e5312d74520bbe8a9a14101c7b4 20729d514ec9402bb76e650b7865f4bd - - default default] 10.0.0.51 "POST /v2.0/trunks HTTP/1.1" status: 201 len: 608 time: 0.2221498
2026-05-09 14:15:29.743 9 INFO neutron.db.ovn_revision_numbers_db [None req-09a504ba-af07-47c1-a0c8-152230d11178 8cf26d45df56422da93471a9dbcd9fd6 805bb55269bb47df87fc224616b37195 - - default default] Successfully bumped revision number for resource 6e3417fc-f7e5-46bc-bfc6-20f54b2b2eda (type: security_group_rules) to 0
2026-05-09 14:15:29.765 9 INFO neutron.db.ovn_revision_numbers_db [None req-09a504ba-af07-47c1-a0c8-152230d11178 8cf26d45df56422da93471a9dbcd9fd6 805bb55269bb47df87fc224616b37195 - - default default] Successfully bumped revision number for resource a2864360-02d2-4e1a-aa20-7b9f6301cdf8 (type: security_group_rules) to 0
2026-05-09 14:15:29.784 9 INFO neutron.db.ovn_revision_numbers_db [None req-09a504ba-af07-47c1-a0c8-152230d11178 8cf26d45df56422da93471a9dbcd9fd6 805bb55269bb47df87fc224616b37195 - - default default] Successfully bumped revision number for resource f7473417-3e6f-478b-996a-f05047b1f2d8 (type: security_group_rules) to 0
2026-05-09 14:15:29.806 9 INFO neutron.wsgi [None req-09a504ba-af07-47c1-a0c8-152230d11178 8cf26d45df56422da93471a9dbcd9fd6 805bb55269bb47df87fc224616b37195 - - default default] 10.0.0.51 "GET /v2.0/security-groups?tenant_id=1d98ce73e1da4447b5ec18920435a06f&name=default HTTP/1.1" status: 200 len: 2996 time: 0.2038052
2026-05-09 14:15:29.830 10 INFO neutron.db.segments_db [None req-c42e6775-20dc-43ef-9cf5-e2a659de5515 323d0e5312d74520bbe8a9a14101c7b4 20729d514ec9402bb76e650b7865f4bd - - default default] Added segment becb0d93-b33c-431a-be07-9994880b4229 of type geneve for network 205f1e4e-6c5e-4a35-b4ed-5f4238d51279
2026-05-09 14:15:29.994 10 INFO neutron.db.ovn_revision_numbers_db [None req-c42e6775-20dc-43ef-9cf5-e2a659de5515 323d0e5312d74520bbe8a9a14101c7b4 20729d514ec9402bb76e650b7865f4bd - - default default] Successfully bumped revision number for resource 205f1e4e-6c5e-4a35-b4ed-5f4238d51279 (type: networks) to 1
2026-05-09 14:15:30.083 9 INFO neutron.wsgi [None req-27c5f262-095d-4e43-a715-081f2765c828 8cf26d45df56422da93471a9dbcd9fd6 805bb55269bb47df87fc224616b37195 - - default default] 10.0.0.51 "DELETE /v2.0/security-groups/1896f7bd-5c47-41ad-a86a-aa737e211732 HTTP/1.1" status: 204 len: 168 time: 0.2712524
2026-05-09 14:15:30.212 10 WARNING neutron.scheduler.dhcp_agent_scheduler [None req-c42e6775-20dc-43ef-9cf5-e2a659de5515 323d0e5312d74520bbe8a9a14101c7b4 20729d514ec9402bb76e650b7865f4bd - - default default] No more DHCP agents
2026-05-09 14:15:30.214 10 WARNING neutron.api.rpc.agentnotifiers.dhcp_rpc_agent_api [None req-c42e6775-20dc-43ef-9cf5-e2a659de5515 323d0e5312d74520bbe8a9a14101c7b4 20729d514ec9402bb76e650b7865f4bd - - default default] Unable to schedule network 205f1e4e-6c5e-4a35-b4ed-5f4238d51279: no agents available; will retry on subsequent port and subnet creation events.
2026-05-09 14:15:30.296 10 INFO neutron.db.ovn_revision_numbers_db [None req-c42e6775-20dc-43ef-9cf5-e2a659de5515 323d0e5312d74520bbe8a9a14101c7b4 20729d514ec9402bb76e650b7865f4bd - - default default] Successfully bumped revision number for resource 412a30c1-a05d-454d-9785-5864a798efc9 (type: ports) to 1
2026-05-09 14:15:30.325 10 INFO neutron.wsgi [None req-c42e6775-20dc-43ef-9cf5-e2a659de5515 323d0e5312d74520bbe8a9a14101c7b4 20729d514ec9402bb76e650b7865f4bd - - default default] 10.0.0.51 "POST /v2.0/networks HTTP/1.1" status: 201 len: 830 time: 0.5856688
2026-05-09 14:15:30.583 10 WARNING neutron.scheduler.dhcp_agent_scheduler [None req-3c2728c4-9228-4b9c-8dd9-b44b77fd8a73 323d0e5312d74520bbe8a9a14101c7b4 20729d514ec9402bb76e650b7865f4bd - - default default] No more DHCP agents
2026-05-09 14:15:30.586 10 WARNING neutron.api.rpc.agentnotifiers.dhcp_rpc_agent_api [None req-3c2728c4-9228-4b9c-8dd9-b44b77fd8a73 323d0e5312d74520bbe8a9a14101c7b4 20729d514ec9402bb76e650b7865f4bd - - default default] Unable to schedule network 205f1e4e-6c5e-4a35-b4ed-5f4238d51279: no agents available; will retry on subsequent port and subnet creation events.
2026-05-09 14:15:30.665 10 INFO neutron.db.ovn_revision_numbers_db [None req-3c2728c4-9228-4b9c-8dd9-b44b77fd8a73 323d0e5312d74520bbe8a9a14101c7b4 20729d514ec9402bb76e650b7865f4bd - - default default] Successfully bumped revision number for resource a4a39db9-58b5-40bf-ba65-6e40b59cf1c8 (type: ports) to 1
2026-05-09 14:15:30.687 10 INFO neutron.wsgi [None req-3c2728c4-9228-4b9c-8dd9-b44b77fd8a73 323d0e5312d74520bbe8a9a14101c7b4 20729d514ec9402bb76e650b7865f4bd - - default default] 10.0.0.51 "POST /v2.0/ports HTTP/1.1" status: 201 len: 942 time: 0.3569586 /var/lib/openstack/lib/python3.10/site-packages/pycadf/identifier.py:71: UserWarning: Invalid uuid: neutron. To ensure interoperability, identifiers should be a valid uuid. warnings.warn(('Invalid uuid: %s. To ensure interoperability, '
2026-05-09 14:15:30.899 10 INFO neutron.wsgi [None req-2359fce9-1593-44ba-a8c6-833a2b3034a9 323d0e5312d74520bbe8a9a14101c7b4 20729d514ec9402bb76e650b7865f4bd - - default default] 10.0.0.51 "POST /v2.0/trunks HTTP/1.1" status: 201 len: 608 time: 0.2064042
2026-05-09 14:15:30.990 10 INFO neutron.db.segments_db [None req-34de1aa4-05f5-4f7b-81a0-19f905c46495 323d0e5312d74520bbe8a9a14101c7b4 20729d514ec9402bb76e650b7865f4bd - - default default] Added segment d697a0f5-c9d3-4dbf-9c0e-4044948986e1 of type geneve for network d8d8f04e-f98c-4440-bcf0-187636bd4ecf
2026-05-09 14:15:31.130 10 INFO neutron.db.ovn_revision_numbers_db [None req-34de1aa4-05f5-4f7b-81a0-19f905c46495 323d0e5312d74520bbe8a9a14101c7b4 20729d514ec9402bb76e650b7865f4bd - - default default] Successfully bumped revision number for resource d8d8f04e-f98c-4440-bcf0-187636bd4ecf (type: networks) to 1
2026-05-09 14:15:31.343 10 WARNING neutron.scheduler.dhcp_agent_scheduler [None req-34de1aa4-05f5-4f7b-81a0-19f905c46495 323d0e5312d74520bbe8a9a14101c7b4 20729d514ec9402bb76e650b7865f4bd - - default default] No more DHCP agents
2026-05-09 14:15:31.346 10 WARNING neutron.api.rpc.agentnotifiers.dhcp_rpc_agent_api [None req-34de1aa4-05f5-4f7b-81a0-19f905c46495 323d0e5312d74520bbe8a9a14101c7b4 20729d514ec9402bb76e650b7865f4bd - - default default] Unable to schedule network d8d8f04e-f98c-4440-bcf0-187636bd4ecf: no agents available; will retry on subsequent port and subnet creation events.
2026-05-09 14:15:31.436 10 INFO neutron.db.ovn_revision_numbers_db [None req-34de1aa4-05f5-4f7b-81a0-19f905c46495 323d0e5312d74520bbe8a9a14101c7b4 20729d514ec9402bb76e650b7865f4bd - - default default] Successfully bumped revision number for resource 714202fb-89ad-430f-ba06-de0439f24c7b (type: ports) to 1
2026-05-09 14:15:31.460 10 INFO neutron.wsgi [None req-34de1aa4-05f5-4f7b-81a0-19f905c46495 323d0e5312d74520bbe8a9a14101c7b4 20729d514ec9402bb76e650b7865f4bd - - default default] 10.0.0.51 "POST /v2.0/networks HTTP/1.1" status: 201 len: 831 time: 0.5551417
2026-05-09 14:15:31.880 10 WARNING neutron.scheduler.dhcp_agent_scheduler [None req-180bcdb3-c478-4c0a-93c7-0b622a164934 323d0e5312d74520bbe8a9a14101c7b4 20729d514ec9402bb76e650b7865f4bd - - default default] No more DHCP agents
2026-05-09 14:15:31.882 10 WARNING neutron.api.rpc.agentnotifiers.dhcp_rpc_agent_api [None req-180bcdb3-c478-4c0a-93c7-0b622a164934 323d0e5312d74520bbe8a9a14101c7b4 20729d514ec9402bb76e650b7865f4bd - - default default] Unable to schedule network d8d8f04e-f98c-4440-bcf0-187636bd4ecf: no agents available; will retry on subsequent port and subnet creation events.
2026-05-09 14:15:31.969 10 INFO neutron.db.ovn_revision_numbers_db [None req-180bcdb3-c478-4c0a-93c7-0b622a164934 323d0e5312d74520bbe8a9a14101c7b4 20729d514ec9402bb76e650b7865f4bd - - default default] Successfully bumped revision number for resource ab87cbbb-21b3-4595-9b68-02358b07db35 (type: ports) to 1
2026-05-09 14:15:31.993 10 INFO neutron.wsgi [None req-180bcdb3-c478-4c0a-93c7-0b622a164934 323d0e5312d74520bbe8a9a14101c7b4 20729d514ec9402bb76e650b7865f4bd - - default default] 10.0.0.51 "POST /v2.0/ports HTTP/1.1" status: 201 len: 942 time: 0.5280209
2026-05-09 14:15:32.222 9 INFO neutron.wsgi [None req-949e0ed4-aeaa-4525-aa55-6080627689b6 323d0e5312d74520bbe8a9a14101c7b4 20729d514ec9402bb76e650b7865f4bd - - default default] 10.0.0.51 "POST /v2.0/trunks HTTP/1.1" status: 201 len: 608 time: 0.2243624
2026-05-09 14:15:32.312 9 INFO neutron.db.segments_db [None req-b0423db6-c11b-4459-89df-bebc18f9c94e 323d0e5312d74520bbe8a9a14101c7b4 20729d514ec9402bb76e650b7865f4bd - - default default] Added segment 7e224347-48ac-4ffd-bf87-e0477f4d53a7 of type geneve for network 6f14c7c2-280e-42bd-88eb-91a00915475b
2026-05-09 14:15:32.461 9 INFO neutron.db.ovn_revision_numbers_db [None req-b0423db6-c11b-4459-89df-bebc18f9c94e 323d0e5312d74520bbe8a9a14101c7b4 20729d514ec9402bb76e650b7865f4bd - - default default] Successfully bumped revision number for resource 6f14c7c2-280e-42bd-88eb-91a00915475b (type: networks) to 1
2026-05-09 14:15:32.576 9 INFO neutron.wsgi [-] 10.0.0.180 "GET / HTTP/1.1" status: 200 len: 246 time: 0.0019441
2026-05-09 14:15:32.577 10 INFO neutron.wsgi [-] 10.0.0.180 "GET / HTTP/1.1" status: 200 len: 246 time: 0.0026939
2026-05-09 14:15:32.640 9 WARNING neutron.scheduler.dhcp_agent_scheduler [None req-b0423db6-c11b-4459-89df-bebc18f9c94e 323d0e5312d74520bbe8a9a14101c7b4 20729d514ec9402bb76e650b7865f4bd - - default default] No more DHCP agents
2026-05-09 14:15:32.642 9 WARNING neutron.api.rpc.agentnotifiers.dhcp_rpc_agent_api [None req-b0423db6-c11b-4459-89df-bebc18f9c94e 323d0e5312d74520bbe8a9a14101c7b4 20729d514ec9402bb76e650b7865f4bd - - default default] Unable to schedule network 6f14c7c2-280e-42bd-88eb-91a00915475b: no agents available; will retry on subsequent port and subnet creation events.
2026-05-09 14:15:32.726 9 INFO neutron.db.ovn_revision_numbers_db [None req-b0423db6-c11b-4459-89df-bebc18f9c94e 323d0e5312d74520bbe8a9a14101c7b4 20729d514ec9402bb76e650b7865f4bd - - default default] Successfully bumped revision number for resource 47a983b2-5ef5-488f-a675-3417775e3c0a (type: ports) to 1
2026-05-09 14:15:32.747 9 INFO neutron.wsgi [None req-b0423db6-c11b-4459-89df-bebc18f9c94e 323d0e5312d74520bbe8a9a14101c7b4 20729d514ec9402bb76e650b7865f4bd - - default default] 10.0.0.51 "POST /v2.0/networks HTTP/1.1" status: 201 len: 831 time: 0.5199723
2026-05-09 14:15:33.191 9 WARNING neutron.scheduler.dhcp_agent_scheduler [None req-df085585-9121-4461-bbe6-d9cbf6580fd9 323d0e5312d74520bbe8a9a14101c7b4 20729d514ec9402bb76e650b7865f4bd - - default default] No more DHCP agents
2026-05-09 14:15:33.193 9 WARNING neutron.api.rpc.agentnotifiers.dhcp_rpc_agent_api [None req-df085585-9121-4461-bbe6-d9cbf6580fd9 323d0e5312d74520bbe8a9a14101c7b4 20729d514ec9402bb76e650b7865f4bd - - default default] Unable to schedule network 6f14c7c2-280e-42bd-88eb-91a00915475b: no agents available; will retry on subsequent port and subnet creation events.
2026-05-09 14:15:33.282 9 INFO neutron.db.ovn_revision_numbers_db [None req-df085585-9121-4461-bbe6-d9cbf6580fd9 323d0e5312d74520bbe8a9a14101c7b4 20729d514ec9402bb76e650b7865f4bd - - default default] Successfully bumped revision number for resource 7de319fe-f149-4546-9555-5d04566f35bf (type: ports) to 1
2026-05-09 14:15:33.306 9 INFO neutron.wsgi [None req-df085585-9121-4461-bbe6-d9cbf6580fd9 323d0e5312d74520bbe8a9a14101c7b4 20729d514ec9402bb76e650b7865f4bd - - default default] 10.0.0.51 "POST /v2.0/ports HTTP/1.1" status: 201 len: 942 time: 0.5524850 /var/lib/openstack/lib/python3.10/site-packages/pycadf/identifier.py:71: UserWarning: Invalid uuid: neutron. To ensure interoperability, identifiers should be a valid uuid. warnings.warn(('Invalid uuid: %s. To ensure interoperability, '
2026-05-09 14:15:33.491 9 INFO neutron.wsgi [None req-ec4c2942-d1a9-46b9-bb9b-5657272896b2 323d0e5312d74520bbe8a9a14101c7b4 20729d514ec9402bb76e650b7865f4bd - - default default] 10.0.0.51 "POST /v2.0/trunks HTTP/1.1" status: 201 len: 608 time: 0.1786616
2026-05-09 14:15:33.573 9 INFO neutron.db.segments_db [None req-07f9f522-2c99-4d12-a17a-8a126f25c0a1 323d0e5312d74520bbe8a9a14101c7b4 20729d514ec9402bb76e650b7865f4bd - - default default] Added segment 41ac7abc-9392-45aa-bbe6-2abfb6d225d8 of type geneve for network d453a6b5-7f75-445c-9df9-a8e00b78221e
2026-05-09 14:15:33.712 9 INFO neutron.db.ovn_revision_numbers_db [None req-07f9f522-2c99-4d12-a17a-8a126f25c0a1 323d0e5312d74520bbe8a9a14101c7b4 20729d514ec9402bb76e650b7865f4bd - - default default] Successfully bumped revision number for resource d453a6b5-7f75-445c-9df9-a8e00b78221e (type: networks) to 1
2026-05-09 14:15:33.895 9 WARNING neutron.scheduler.dhcp_agent_scheduler [None req-07f9f522-2c99-4d12-a17a-8a126f25c0a1 323d0e5312d74520bbe8a9a14101c7b4 20729d514ec9402bb76e650b7865f4bd - - default default] No more DHCP agents
2026-05-09 14:15:33.899 9 WARNING neutron.api.rpc.agentnotifiers.dhcp_rpc_agent_api [None req-07f9f522-2c99-4d12-a17a-8a126f25c0a1 323d0e5312d74520bbe8a9a14101c7b4 20729d514ec9402bb76e650b7865f4bd - - default default] Unable to schedule network d453a6b5-7f75-445c-9df9-a8e00b78221e: no agents available; will retry on subsequent port and subnet creation events.
2026-05-09 14:15:33.980 9 INFO neutron.db.ovn_revision_numbers_db [None req-07f9f522-2c99-4d12-a17a-8a126f25c0a1 323d0e5312d74520bbe8a9a14101c7b4 20729d514ec9402bb76e650b7865f4bd - - default default] Successfully bumped revision number for resource a50180af-8b63-4923-8f17-e5323a159d51 (type: ports) to 1
2026-05-09 14:15:34.004 9 INFO neutron.wsgi [None req-07f9f522-2c99-4d12-a17a-8a126f25c0a1 323d0e5312d74520bbe8a9a14101c7b4 20729d514ec9402bb76e650b7865f4bd - - default default] 10.0.0.51 "POST /v2.0/networks HTTP/1.1" status: 201 len: 830 time: 0.5085018
2026-05-09 14:15:34.259 9 WARNING neutron.scheduler.dhcp_agent_scheduler [None req-97a35a39-3670-4e2d-9413-0a88da18995c 323d0e5312d74520bbe8a9a14101c7b4 20729d514ec9402bb76e650b7865f4bd - - default default] No more DHCP agents
2026-05-09 14:15:34.262 9 WARNING neutron.api.rpc.agentnotifiers.dhcp_rpc_agent_api [None req-97a35a39-3670-4e2d-9413-0a88da18995c 323d0e5312d74520bbe8a9a14101c7b4 20729d514ec9402bb76e650b7865f4bd - - default default] Unable to schedule network d453a6b5-7f75-445c-9df9-a8e00b78221e: no agents available; will retry on subsequent port and subnet creation events. /var/lib/openstack/lib/python3.10/site-packages/pycadf/identifier.py:71: UserWarning: Invalid uuid: neutron. To ensure interoperability, identifiers should be a valid uuid. warnings.warn(('Invalid uuid: %s. To ensure interoperability, '
2026-05-09 14:15:34.353 9 INFO neutron.db.ovn_revision_numbers_db [None req-97a35a39-3670-4e2d-9413-0a88da18995c 323d0e5312d74520bbe8a9a14101c7b4 20729d514ec9402bb76e650b7865f4bd - - default default] Successfully bumped revision number for resource 04405b53-3c5b-4b70-9221-3194f113fed3 (type: ports) to 1
2026-05-09 14:15:34.374 10 INFO neutron.wsgi [req-b44b5079-8b73-47e7-aa6c-bbeea8ac06fa req-dc4a5723-ea1b-468a-b377-5a135ae09046 620a48df10c3403f8938efaf207413ad 6e77d59566744f7a801e02a9fad94e26 - - 765f530ee013449185b73b04af3fb09d 765f530ee013449185b73b04af3fb09d] 199.204.45.144 "GET /v2.0/ports?device_id=291110b1-c96a-411a-a278-0be83c2dddd7&fields=binding%3Ahost_id&fields=binding%3Avif_type HTTP/1.1" status: 200 len: 265 time: 0.0308368
2026-05-09 14:15:34.374 9 INFO neutron.wsgi [None req-97a35a39-3670-4e2d-9413-0a88da18995c 323d0e5312d74520bbe8a9a14101c7b4 20729d514ec9402bb76e650b7865f4bd - - default default] 10.0.0.51 "POST /v2.0/ports HTTP/1.1" status: 201 len: 942 time: 0.3642116 /var/lib/openstack/lib/python3.10/site-packages/pycadf/identifier.py:71: UserWarning: Invalid uuid: neutron. To ensure interoperability, identifiers should be a valid uuid. warnings.warn(('Invalid uuid: %s. To ensure interoperability, '
2026-05-09 14:15:34.464 10 INFO neutron.wsgi [req-b44b5079-8b73-47e7-aa6c-bbeea8ac06fa req-370abbea-ac02-4d2f-a714-a6c8acbd85f9 620a48df10c3403f8938efaf207413ad 6e77d59566744f7a801e02a9fad94e26 - - 765f530ee013449185b73b04af3fb09d 765f530ee013449185b73b04af3fb09d] 199.204.45.144 "GET /v2.0/ports?tenant_id=5a4777d3982140cb9bc05ddf9e49ad2d&device_id=291110b1-c96a-411a-a278-0be83c2dddd7 HTTP/1.1" status: 200 len: 1409 time: 0.0508881
2026-05-09 14:15:34.541 10 INFO neutron.wsgi [req-b44b5079-8b73-47e7-aa6c-bbeea8ac06fa req-c35a793a-16cc-4c42-9360-9407150ea2ef 620a48df10c3403f8938efaf207413ad 6e77d59566744f7a801e02a9fad94e26 - - 765f530ee013449185b73b04af3fb09d 765f530ee013449185b73b04af3fb09d] 199.204.45.144 "GET /v2.0/networks?id=f2944c35-3c05-4794-9d0d-08f50d368b00 HTTP/1.1" status: 200 len: 959 time: 0.0540044
2026-05-09 14:15:34.566 10 INFO neutron.wsgi [req-b44b5079-8b73-47e7-aa6c-bbeea8ac06fa req-30a819ca-c22f-45f2-9237-77c2990fbd50 620a48df10c3403f8938efaf207413ad 6e77d59566744f7a801e02a9fad94e26 - - 765f530ee013449185b73b04af3fb09d 765f530ee013449185b73b04af3fb09d] 199.204.45.144 "GET /v2.0/floatingips?fixed_ip_address=10.100.0.6&port_id=4dfa8ea0-52ad-47ee-a07e-d778268b1809 HTTP/1.1" status: 200 len: 217 time: 0.0196538
2026-05-09 14:15:34.578 9 INFO neutron.wsgi [None req-96ca6df9-e23a-48f3-ae87-7709bdb0e3b1 323d0e5312d74520bbe8a9a14101c7b4 20729d514ec9402bb76e650b7865f4bd - - default default] 10.0.0.51 "POST /v2.0/trunks HTTP/1.1" status: 201 len: 608 time: 0.1950531
2026-05-09 14:15:34.604 10 INFO neutron.wsgi [req-b44b5079-8b73-47e7-aa6c-bbeea8ac06fa req-9df3be88-b368-4696-abec-813e58473fd4 620a48df10c3403f8938efaf207413ad 6e77d59566744f7a801e02a9fad94e26 - - 765f530ee013449185b73b04af3fb09d 765f530ee013449185b73b04af3fb09d] 199.204.45.144 "GET /v2.0/subnets?id=0ca92457-4c61-46b8-b950-08f5ccfe521c HTTP/1.1" status: 200 len: 853 time: 0.0318189
2026-05-09 14:15:34.611 9 INFO neutron.wsgi [None req-4339bf94-0907-4e99-be2e-567cf362a943 323d0e5312d74520bbe8a9a14101c7b4 20729d514ec9402bb76e650b7865f4bd - - default default] 10.0.0.51 "PUT /v2.0/trunks/f4cbf2c4-c232-4e07-939d-07125639db5c/tags HTTP/1.1" status: 200 len: 210 time: 0.0246451
2026-05-09 14:15:34.633 10 INFO neutron.wsgi [req-b44b5079-8b73-47e7-aa6c-bbeea8ac06fa req-637e166f-cec6-4c02-b09a-cb69aa949653 620a48df10c3403f8938efaf207413ad 6e77d59566744f7a801e02a9fad94e26 - - 765f530ee013449185b73b04af3fb09d 765f530ee013449185b73b04af3fb09d] 199.204.45.144 "GET /v2.0/ports?network_id=f2944c35-3c05-4794-9d0d-08f50d368b00&device_owner=network%3Adhcp HTTP/1.1" status: 200 len: 210 time: 0.0238631
2026-05-09 14:15:34.660 10 INFO neutron.wsgi [None req-cca4aca0-029e-4031-8ea3-fa023f33c97f 323d0e5312d74520bbe8a9a14101c7b4 20729d514ec9402bb76e650b7865f4bd - - default default] 10.0.0.51 "PUT /v2.0/trunks/be375d4d-e4fc-4957-9323-8955bffb6a55/tags HTTP/1.1" status: 200 len: 218 time: 0.0413792
2026-05-09 14:15:34.696 9 INFO neutron.wsgi [None req-b756fc9b-7fc6-4545-8a18-f8f71e865793 323d0e5312d74520bbe8a9a14101c7b4 20729d514ec9402bb76e650b7865f4bd - - default default] 10.0.0.51 "PUT /v2.0/trunks/ceee01e9-6919-450b-8516-1f7e45a0d6ed/tags HTTP/1.1" status: 200 len: 227 time: 0.0300639
2026-05-09 14:15:34.707 10 INFO neutron.wsgi [req-b44b5079-8b73-47e7-aa6c-bbeea8ac06fa req-585aa2df-286b-407c-87da-8f9a1708461a 620a48df10c3403f8938efaf207413ad 6e77d59566744f7a801e02a9fad94e26 - - 765f530ee013449185b73b04af3fb09d 765f530ee013449185b73b04af3fb09d] 199.204.45.144 "GET /v2.0/networks/f2944c35-3c05-4794-9d0d-08f50d368b00?fields=segments HTTP/1.1" status: 200 len: 212 time: 0.0676138
2026-05-09 14:15:34.734 9 INFO neutron.wsgi [None req-fcd74704-79be-462d-80d6-8005a8180273 323d0e5312d74520bbe8a9a14101c7b4 20729d514ec9402bb76e650b7865f4bd - - default default] 10.0.0.51 "PUT /v2.0/trunks/7faa4bd9-6145-4a4d-9ba1-5e186ac91d4f/tags HTTP/1.1" status: 200 len: 212 time: 0.0325072
2026-05-09 14:15:34.786 9 INFO neutron.wsgi [None req-9b8e3206-7ca9-4f61-8d17-e9786acbfefc 323d0e5312d74520bbe8a9a14101c7b4 20729d514ec9402bb76e650b7865f4bd - - default default] 10.0.0.51 "GET /v2.0/trunks?tags=red HTTP/1.1" status: 200 len: 1447 time: 0.0409615
2026-05-09 14:15:34.805 10 INFO neutron.wsgi [req-b44b5079-8b73-47e7-aa6c-bbeea8ac06fa req-bcfeb3ef-5f62-4ebe-a5a3-75e7623b10c0 620a48df10c3403f8938efaf207413ad 6e77d59566744f7a801e02a9fad94e26 - - 765f530ee013449185b73b04af3fb09d 765f530ee013449185b73b04af3fb09d] 199.204.45.144 "GET /v2.0/networks/f2944c35-3c05-4794-9d0d-08f50d368b00?fields=provider%3Aphysical_network&fields=provider%3Anetwork_type HTTP/1.1" status: 200 len: 277 time: 0.0928535
2026-05-09 14:15:34.814 9 INFO neutron.wsgi [None req-92d7e6b8-1902-4ccb-b191-de8c0c85cdb2 323d0e5312d74520bbe8a9a14101c7b4 20729d514ec9402bb76e650b7865f4bd - - default default] 10.0.0.51 "GET /v2.0/trunks?tags=red%2Cblue HTTP/1.1" status: 200 len: 1041 time: 0.0240562
2026-05-09 14:15:34.844 10 INFO neutron.wsgi [None req-beeb1ef6-7279-47e5-8eb6-54a90152dc24 323d0e5312d74520bbe8a9a14101c7b4 20729d514ec9402bb76e650b7865f4bd - - default default] 10.0.0.51 "GET /v2.0/trunks?tags-any=blue HTTP/1.1" status: 200 len: 1041 time: 0.0239246
2026-05-09 14:15:34.869 10 INFO neutron.wsgi [None req-ff27cb69-34fa-4fa8-b9a8-2f556a595553 323d0e5312d74520bbe8a9a14101c7b4 20729d514ec9402bb76e650b7865f4bd - - default default] 10.0.0.51 "GET /v2.0/trunks?tags-any=red%2Cblue HTTP/1.1" status: 200 len: 1447 time: 0.0201182
2026-05-09 14:15:34.892 10 INFO neutron.wsgi [None req-0d0b13c8-b5be-45d3-80ee-bd72d8f6277c 323d0e5312d74520bbe8a9a14101c7b4 20729d514ec9402bb76e650b7865f4bd - - default default] 10.0.0.51 "GET /v2.0/trunks?not-tags=red HTTP/1.1" status: 200 len: 1013 time: 0.0188518
2026-05-09 14:15:34.923 10 INFO neutron.wsgi [None req-48b255ab-f947-4995-a85d-ee3aa53924aa 323d0e5312d74520bbe8a9a14101c7b4 20729d514ec9402bb76e650b7865f4bd - - default default] 10.0.0.51 "GET /v2.0/trunks?not-tags=red%2Cblue HTTP/1.1" status: 200 len: 1419 time: 0.0264373
2026-05-09 14:15:34.965 10 INFO neutron.wsgi [None req-80f02cb0-592d-4a60-8934-9eb2ed4b99b8 323d0e5312d74520bbe8a9a14101c7b4 20729d514ec9402bb76e650b7865f4bd - - default default] 10.0.0.51 "GET /v2.0/trunks?not-tags-any=blue HTTP/1.1" status: 200 len: 1419 time: 0.0378473
2026-05-09 14:15:34.990 10 INFO neutron.wsgi [None req-21dd8f33-37b7-4bc7-a802-c86ec7bbb98e 323d0e5312d74520bbe8a9a14101c7b4 20729d514ec9402bb76e650b7865f4bd - - default default] 10.0.0.51 "GET /v2.0/trunks?not-tags-any=red%2Cblue HTTP/1.1" status: 200 len: 1013 time: 0.0203617
2026-05-09 14:15:35.012 10 INFO neutron.wsgi [None req-bdd441a1-44fb-4762-bf4d-0d04f781f989 323d0e5312d74520bbe8a9a14101c7b4 20729d514ec9402bb76e650b7865f4bd - - default default] 10.0.0.51 "GET /v2.0/trunks/f4cbf2c4-c232-4e07-939d-07125639db5c HTTP/1.1" status: 200 len: 608 time: 0.0170841
2026-05-09 14:15:35.128 10 INFO neutron.wsgi [None req-4ea4b5be-3847-4af5-b9a2-620093c7a0a4 323d0e5312d74520bbe8a9a14101c7b4 20729d514ec9402bb76e650b7865f4bd - - default default] 10.0.0.51 "GET /v2.0/ports/ca9770f2-d8cf-48e8-ae8f-f672a5a0f69d HTTP/1.1" status: 200 len: 1020 time: 0.1109855
2026-05-09 14:15:35.214 10 INFO neutron.wsgi [None req-5a641267-921c-41c7-bf90-7aad6f8d5214 323d0e5312d74520bbe8a9a14101c7b4 20729d514ec9402bb76e650b7865f4bd - - default default] 10.0.0.51 "DELETE /v2.0/trunks/f4cbf2c4-c232-4e07-939d-07125639db5c HTTP/1.1" status: 204 len: 168 time: 0.0793149
2026-05-09 14:15:35.240 10 INFO neutron.wsgi [None req-838e0b4f-0dcc-48d0-879e-2025576187c1 323d0e5312d74520bbe8a9a14101c7b4 20729d514ec9402bb76e650b7865f4bd - - default default] 10.0.0.51 "GET /v2.0/trunks/be375d4d-e4fc-4957-9323-8955bffb6a55 HTTP/1.1" status: 200 len: 616 time: 0.0199888
2026-05-09 14:15:35.322 10 INFO neutron.wsgi [None req-98db1da1-72cd-4fe4-b621-b782c961f04e 323d0e5312d74520bbe8a9a14101c7b4 20729d514ec9402bb76e650b7865f4bd - - default default] 10.0.0.51 "GET /v2.0/ports/a4a39db9-58b5-40bf-ba65-6e40b59cf1c8 HTTP/1.1" status: 200 len: 1020 time: 0.0787063
2026-05-09 14:15:35.440 10 INFO neutron.wsgi [None req-6625c1cb-cdec-4c81-970b-baf643b5b908 323d0e5312d74520bbe8a9a14101c7b4 20729d514ec9402bb76e650b7865f4bd - - default default] 10.0.0.51 "DELETE /v2.0/trunks/be375d4d-e4fc-4957-9323-8955bffb6a55 HTTP/1.1" status: 204 len: 168 time: 0.1003597
2026-05-09 14:15:35.463 10 INFO neutron.wsgi [None req-06227d1a-3a9d-4a2d-b51a-0fc67abe3a15 323d0e5312d74520bbe8a9a14101c7b4 20729d514ec9402bb76e650b7865f4bd - - default default] 10.0.0.51 "GET /v2.0/trunks/ceee01e9-6919-450b-8516-1f7e45a0d6ed HTTP/1.1" status: 200 len: 625 time: 0.0183733
2026-05-09 14:15:35.554 10 INFO neutron.wsgi [None req-3ee6d0d8-e21b-435c-819b-055825fdc261 323d0e5312d74520bbe8a9a14101c7b4 20729d514ec9402bb76e650b7865f4bd - - default default] 10.0.0.51 "GET /v2.0/ports/ab87cbbb-21b3-4595-9b68-02358b07db35 HTTP/1.1" status: 200 len: 1020 time: 0.0870690
2026-05-09 14:15:35.644 10 INFO neutron.wsgi [None req-5c42a017-b176-426b-a918-f8f3a360e0cd 323d0e5312d74520bbe8a9a14101c7b4 20729d514ec9402bb76e650b7865f4bd - - default default] 10.0.0.51 "DELETE /v2.0/trunks/ceee01e9-6919-450b-8516-1f7e45a0d6ed HTTP/1.1" status: 204 len: 168 time: 0.0806763
2026-05-09 14:15:35.666 10 INFO neutron.wsgi [None req-09b6f677-5d3e-41d8-8549-9e84b9a4bd2c 323d0e5312d74520bbe8a9a14101c7b4 20729d514ec9402bb76e650b7865f4bd - - default default] 10.0.0.51 "GET /v2.0/trunks/7faa4bd9-6145-4a4d-9ba1-5e186ac91d4f HTTP/1.1" status: 200 len: 610 time: 0.0180407
2026-05-09 14:15:35.754 10 INFO neutron.wsgi [None req-a5dc3f24-5647-4796-901d-8bd03fa743be 323d0e5312d74520bbe8a9a14101c7b4 20729d514ec9402bb76e650b7865f4bd - - default default] 10.0.0.51 "GET /v2.0/ports/7de319fe-f149-4546-9555-5d04566f35bf HTTP/1.1" status: 200 len: 1020 time: 0.0830998
2026-05-09 14:15:35.830 10 INFO neutron.wsgi [None req-0b4b5bf3-5859-477b-add0-a7a1b7c3ff53 323d0e5312d74520bbe8a9a14101c7b4 20729d514ec9402bb76e650b7865f4bd - - default default] 10.0.0.51 "DELETE /v2.0/trunks/7faa4bd9-6145-4a4d-9ba1-5e186ac91d4f HTTP/1.1" status: 204 len: 168 time: 0.0715177
2026-05-09 14:15:35.856 10 INFO neutron.wsgi [None req-48a573b9-8961-4b87-beb9-a06e187343df 323d0e5312d74520bbe8a9a14101c7b4 20729d514ec9402bb76e650b7865f4bd - - default default] 10.0.0.51 "GET /v2.0/trunks/3ccc8ccc-cf9d-429d-98cd-d012ad919abc HTTP/1.1" status: 200 len: 603 time: 0.0174763
2026-05-09 14:15:35.956 10 INFO neutron.wsgi [None req-ccd0eea0-adca-492f-ac25-ed59a320538d 323d0e5312d74520bbe8a9a14101c7b4 20729d514ec9402bb76e650b7865f4bd - - default default] 10.0.0.51 "GET /v2.0/ports/04405b53-3c5b-4b70-9221-3194f113fed3 HTTP/1.1" status: 200 len: 1020 time: 0.0957868
2026-05-09 14:15:36.036 10 INFO neutron.wsgi [None req-de794e9d-5629-4005-9084-2456dba6adab 323d0e5312d74520bbe8a9a14101c7b4 20729d514ec9402bb76e650b7865f4bd - - default default] 10.0.0.51 "DELETE /v2.0/trunks/3ccc8ccc-cf9d-429d-98cd-d012ad919abc HTTP/1.1" status: 204 len: 168 time: 0.0747221
2026-05-09 14:15:36.290 10 INFO neutron.wsgi [None req-af43907b-b86d-4338-8b91-58f13f9588b3 323d0e5312d74520bbe8a9a14101c7b4 20729d514ec9402bb76e650b7865f4bd - - default default] 10.0.0.51 "DELETE /v2.0/ports/ca9770f2-d8cf-48e8-ae8f-f672a5a0f69d HTTP/1.1" status: 204 len: 168 time: 0.2475939
2026-05-09 14:15:36.528 10 INFO neutron.wsgi [None req-1b1aafa8-f995-4a9f-b2ff-d469eeef26bd 323d0e5312d74520bbe8a9a14101c7b4 20729d514ec9402bb76e650b7865f4bd - - default default] 10.0.0.51 "DELETE /v2.0/ports/a4a39db9-58b5-40bf-ba65-6e40b59cf1c8 HTTP/1.1" status: 204 len: 168 time: 0.2329345
2026-05-09 14:15:36.777 10 INFO neutron.wsgi [None req-57878a92-cfca-4af1-9acd-357caf5e2a05 323d0e5312d74520bbe8a9a14101c7b4 20729d514ec9402bb76e650b7865f4bd - - default default] 10.0.0.51 "DELETE /v2.0/ports/ab87cbbb-21b3-4595-9b68-02358b07db35 HTTP/1.1" status: 204 len: 168 time: 0.2417402
2026-05-09 14:15:37.022 10 INFO neutron.wsgi [None req-d225bd5c-46a3-46b5-8cdf-db13c1e4184a 323d0e5312d74520bbe8a9a14101c7b4 20729d514ec9402bb76e650b7865f4bd - - default default] 10.0.0.51 "DELETE /v2.0/ports/7de319fe-f149-4546-9555-5d04566f35bf HTTP/1.1" status: 204 len: 168 time: 0.2391722
2026-05-09 14:15:37.275 10 INFO neutron.wsgi [None req-6b20d59f-53f8-48ab-b19b-31f2bc6670e9 323d0e5312d74520bbe8a9a14101c7b4 20729d514ec9402bb76e650b7865f4bd - - default default] 10.0.0.51 "DELETE /v2.0/ports/04405b53-3c5b-4b70-9221-3194f113fed3 HTTP/1.1" status: 204 len: 168 time: 0.2470086
2026-05-09 14:15:37.659 10 INFO neutron.services.segments.plugin [-] Segment 220213ad-0e56-42ae-9a58-e691c6566c27 resource provider aggregate not found
2026-05-09 14:15:37.678 10 INFO neutron.services.segments.plugin [-] Segment 220213ad-0e56-42ae-9a58-e691c6566c27 resource provider aggregate not found
2026-05-09 14:15:37.686 10 INFO neutron.services.segments.plugin [-] Segment 220213ad-0e56-42ae-9a58-e691c6566c27 resource provider not found; error: Placement Client Error (4xx): {"errors": [{"status": 404, "title": "Not Found", "detail": "The resource could not be found.\n\n No resource provider with uuid 220213ad-0e56-42ae-9a58-e691c6566c27 found for delete ", "request_id": "req-a49f0f23-3804-4b66-9ef8-1b4cabc90df2"}]}
2026-05-09 14:15:37.700 10 INFO neutron.services.segments.plugin [-] Segment 220213ad-0e56-42ae-9a58-e691c6566c27 resource provider not found; error: Placement Client Error (4xx): {"errors": [{"status": 404, "title": "Not Found", "detail": "The resource could not be found.\n\n No resource provider with uuid 220213ad-0e56-42ae-9a58-e691c6566c27 found for delete ", "request_id": "req-55192c82-93f5-460a-af5e-286e7f782b57"}]}
2026-05-09 14:15:37.725 10 INFO neutron.wsgi [None req-63242e63-9293-4f50-9ac8-c4352158c28c 323d0e5312d74520bbe8a9a14101c7b4 20729d514ec9402bb76e650b7865f4bd - - default default] 10.0.0.51 "DELETE /v2.0/networks/502aa46f-66a5-45ac-a368-df39532ec9cb HTTP/1.1" status: 204 len: 168 time: 0.4410102
2026-05-09 14:15:38.071 9 INFO neutron.services.segments.plugin [-] Segment becb0d93-b33c-431a-be07-9994880b4229 resource provider aggregate not found
2026-05-09 14:15:38.077 9 INFO neutron.services.segments.plugin [-] Segment becb0d93-b33c-431a-be07-9994880b4229 resource provider aggregate not found
2026-05-09 14:15:38.098 9 INFO neutron.services.segments.plugin [-] Segment becb0d93-b33c-431a-be07-9994880b4229 resource provider not found; error: Placement Client Error (4xx): {"errors": [{"status": 404, "title": "Not Found", "detail": "The resource could not be found.\n\n No resource provider with uuid becb0d93-b33c-431a-be07-9994880b4229 found for delete ", "request_id": "req-91072e89-9e42-4bd9-b1cd-121f8e44e317"}]}
2026-05-09 14:15:38.101 9 INFO neutron.services.segments.plugin [-] Segment becb0d93-b33c-431a-be07-9994880b4229 resource provider not found; error: Placement Client Error (4xx): {"errors": [{"status": 404, "title": "Not Found", "detail": "The resource could not be found.\n\n No resource provider with uuid becb0d93-b33c-431a-be07-9994880b4229 found for delete ", "request_id": "req-e3f6ffc4-8a4b-43ba-8fb1-8b087001fbac"}]}
2026-05-09 14:15:38.128 9 INFO neutron.wsgi [None req-5f705820-ddec-4fef-a394-e4228132279f 323d0e5312d74520bbe8a9a14101c7b4 20729d514ec9402bb76e650b7865f4bd - - default default] 10.0.0.51 "DELETE /v2.0/networks/205f1e4e-6c5e-4a35-b4ed-5f4238d51279 HTTP/1.1" status: 204 len: 168 time: 0.3977821
2026-05-09 14:15:38.512 10 INFO neutron.wsgi [None req-e131e726-39cd-478d-b80c-4fa8811a296c 323d0e5312d74520bbe8a9a14101c7b4 20729d514ec9402bb76e650b7865f4bd - - default default] 10.0.0.51 "DELETE /v2.0/networks/d8d8f04e-f98c-4440-bcf0-187636bd4ecf HTTP/1.1" status: 204 len: 168 time: 0.3776314
2026-05-09 14:15:38.921 9 INFO neutron.wsgi [None req-5a1684ff-fbfc-46c0-83f8-5171bf8806aa 323d0e5312d74520bbe8a9a14101c7b4 20729d514ec9402bb76e650b7865f4bd - - default default] 10.0.0.51 "DELETE /v2.0/networks/6f14c7c2-280e-42bd-88eb-91a00915475b HTTP/1.1" status: 204 len: 168 time: 0.4026730
2026-05-09 14:15:39.331 10 INFO neutron.wsgi [None req-37f10245-607f-497f-8f48-4490f2211a98 323d0e5312d74520bbe8a9a14101c7b4 20729d514ec9402bb76e650b7865f4bd - - default default] 10.0.0.51 "DELETE /v2.0/networks/d453a6b5-7f75-445c-9df9-a8e00b78221e HTTP/1.1" status: 204 len: 168 time: 0.4042118
2026-05-09 14:15:39.470 10 INFO neutron.wsgi [req-2589cfae-f159-4676-b6c6-5afaca0f8c58 req-4d25e2c4-c996-4922-a668-558e9af47549 620a48df10c3403f8938efaf207413ad 6e77d59566744f7a801e02a9fad94e26 - - 765f530ee013449185b73b04af3fb09d 765f530ee013449185b73b04af3fb09d] 10.0.0.210 "GET /v2.0/ports?device_id=318406ce-3fbe-495c-8b75-e4d7452cb55a HTTP/1.1" status: 200 len: 1413 time: 0.1139596
2026-05-09 14:15:39.512 10 INFO neutron.wsgi [req-2589cfae-f159-4676-b6c6-5afaca0f8c58 req-d026fc78-59f1-46d4-8e51-056831847856 620a48df10c3403f8938efaf207413ad 6e77d59566744f7a801e02a9fad94e26 - - 765f530ee013449185b73b04af3fb09d 765f530ee013449185b73b04af3fb09d] 10.0.0.210 "GET /v2.0/security-groups?id=41d70c2f-cd95-469b-b477-85484e395dab&fields=id&fields=name HTTP/1.1" status: 200 len: 312 time: 0.0360229
2026-05-09 14:15:39.708 10 INFO neutron.services.segments.plugin [-] Segment d697a0f5-c9d3-4dbf-9c0e-4044948986e1 resource provider aggregate not found
2026-05-09 14:15:39.719 10 INFO neutron.services.segments.plugin [-] Segment d697a0f5-c9d3-4dbf-9c0e-4044948986e1 resource provider aggregate not found
2026-05-09 14:15:39.725 10 INFO neutron.services.segments.plugin [-] Segment d697a0f5-c9d3-4dbf-9c0e-4044948986e1 resource provider not found; error: Placement Client Error (4xx): {"errors": [{"status": 404, "title": "Not Found", "detail": "The resource could not be found.\n\n No resource provider with uuid d697a0f5-c9d3-4dbf-9c0e-4044948986e1 found for delete ", "request_id": "req-88062cb2-f6ca-4a68-b5a1-6ab09d56b89e"}]}
2026-05-09 14:15:39.740 10 INFO neutron.services.segments.plugin [-] Segment d697a0f5-c9d3-4dbf-9c0e-4044948986e1 resource provider not found; error: Placement Client Error (4xx): {"errors": [{"status": 404, "title": "Not Found", "detail": "The resource could not be found.\n\n No resource provider with uuid d697a0f5-c9d3-4dbf-9c0e-4044948986e1 found for delete ", "request_id": "req-c26749eb-573b-49d9-84a3-b8761c2d5ac0"}]}
2026-05-09 14:15:39.749 10 INFO neutron.services.segments.plugin [-] Segment 41ac7abc-9392-45aa-bbe6-2abfb6d225d8 resource provider aggregate not found
2026-05-09 14:15:39.764 10 INFO neutron.services.segments.plugin [-] Segment 41ac7abc-9392-45aa-bbe6-2abfb6d225d8 resource provider aggregate not found
2026-05-09 14:15:39.773 10 INFO neutron.services.segments.plugin [-] Segment 41ac7abc-9392-45aa-bbe6-2abfb6d225d8 resource provider not found; error: Placement Client Error (4xx): {"errors": [{"status": 404, "title": "Not Found", "detail": "The resource could not be found.\n\n No resource provider with uuid 41ac7abc-9392-45aa-bbe6-2abfb6d225d8 found for delete ", "request_id": "req-ddd9a818-a400-4bc2-a8c6-22d5e3627008"}]}
2026-05-09 14:15:39.789 10 INFO neutron.services.segments.plugin [-] Segment 41ac7abc-9392-45aa-bbe6-2abfb6d225d8 resource provider not found; error: Placement Client Error (4xx): {"errors": [{"status": 404, "title": "Not Found", "detail": "The resource could not be found.\n\n No resource provider with uuid 41ac7abc-9392-45aa-bbe6-2abfb6d225d8 found for delete ", "request_id": "req-b361f718-5ea2-4eec-9c31-5aa3802072ae"}]}
2026-05-09 14:15:40.120 9 INFO neutron.services.segments.plugin [-] Segment 7e224347-48ac-4ffd-bf87-e0477f4d53a7 resource provider aggregate not found
2026-05-09 14:15:40.127 9 INFO neutron.services.segments.plugin [-] Segment 7e224347-48ac-4ffd-bf87-e0477f4d53a7 resource provider aggregate not found
2026-05-09 14:15:40.134 9 INFO neutron.services.segments.plugin [-] Segment 7e224347-48ac-4ffd-bf87-e0477f4d53a7 resource provider not found; error: Placement Client Error (4xx): {"errors": [{"status": 404, "title": "Not Found", "detail": "The resource could not be found.\n\n No resource provider with uuid 7e224347-48ac-4ffd-bf87-e0477f4d53a7 found for delete ", "request_id": "req-cb617fb2-6887-48f8-ad96-54c820a99948"}]}
2026-05-09 14:15:40.147 9 INFO neutron.services.segments.plugin [-] Segment 7e224347-48ac-4ffd-bf87-e0477f4d53a7 resource provider not found; error: Placement Client Error (4xx): {"errors": [{"status": 404, "title": "Not Found", "detail": "The resource could not be found.\n\n No resource provider with uuid 7e224347-48ac-4ffd-bf87-e0477f4d53a7 found for delete ", "request_id": "req-c80b8164-9e19-48c1-8ff5-cc2c31bfeecf"}]}
2026-05-09 14:15:40.436 9 INFO neutron.db.ovn_revision_numbers_db [None req-e08761c8-8faf-412c-8229-5f6b1abbe0aa 8cf26d45df56422da93471a9dbcd9fd6 805bb55269bb47df87fc224616b37195 - - default default] Successfully bumped revision number for resource 6950b44d-f717-48f3-95f1-a9d517d22dd9 (type: security_groups) to 1
2026-05-09 14:15:40.454 9 INFO neutron.db.ovn_revision_numbers_db [None req-e08761c8-8faf-412c-8229-5f6b1abbe0aa 8cf26d45df56422da93471a9dbcd9fd6 805bb55269bb47df87fc224616b37195 - - default default] Successfully bumped revision number for resource 0f939e39-a860-426a-90d9-a16f23e1f9fc (type: security_group_rules) to 0
2026-05-09 14:15:40.472 9 INFO neutron.db.ovn_revision_numbers_db [None req-e08761c8-8faf-412c-8229-5f6b1abbe0aa 8cf26d45df56422da93471a9dbcd9fd6 805bb55269bb47df87fc224616b37195 - - default default] Successfully bumped revision number for resource d5a87bac-0c44-4759-927d-2d7078fce0b6 (type: security_group_rules) to 0
2026-05-09 14:15:40.486 9 INFO neutron.db.ovn_revision_numbers_db [None req-e08761c8-8faf-412c-8229-5f6b1abbe0aa 8cf26d45df56422da93471a9dbcd9fd6 805bb55269bb47df87fc224616b37195 - - default default] Successfully bumped revision number for resource da37aea7-1c79-4be4-a784-526188bf1e00 (type: security_group_rules) to 0
2026-05-09 14:15:40.500 9 INFO neutron.db.ovn_revision_numbers_db [None req-e08761c8-8faf-412c-8229-5f6b1abbe0aa 8cf26d45df56422da93471a9dbcd9fd6 805bb55269bb47df87fc224616b37195 - - default default] Successfully bumped revision number for resource e40401a6-c7e9-49ec-8a3f-3dd206ff7af1 (type: security_group_rules) to 0
2026-05-09 14:15:40.523 9 INFO neutron.wsgi [None req-e08761c8-8faf-412c-8229-5f6b1abbe0aa 8cf26d45df56422da93471a9dbcd9fd6 805bb55269bb47df87fc224616b37195 - - default default] 10.0.0.51 "GET /v2.0/security-groups?tenant_id=297ecb86e74a4f639f1b916241e0da9c&name=default HTTP/1.1" status: 200 len: 2996 time: 0.3595114
2026-05-09 14:15:40.722 10 INFO neutron.wsgi [None req-7ed84a1d-3843-4975-af7e-46d480a64338 8cf26d45df56422da93471a9dbcd9fd6 805bb55269bb47df87fc224616b37195 - - default default] 10.0.0.51 "DELETE /v2.0/security-groups/6950b44d-f717-48f3-95f1-a9d517d22dd9 HTTP/1.1" status: 204 len: 168 time: 0.1938598
2026-05-09 14:15:40.851 9 INFO neutron.wsgi [None req-39fb5670-2897-46f4-805f-bf85e42dcdee 8cf26d45df56422da93471a9dbcd9fd6 805bb55269bb47df87fc224616b37195 - - default default] 10.0.0.51 "GET /v2.0/security-groups?tenant_id=20729d514ec9402bb76e650b7865f4bd&name=default HTTP/1.1" status: 200 len: 2996 time: 0.0345170
2026-05-09 14:15:41.038 9 INFO neutron.wsgi [None req-9572cc8e-9680-4933-aab6-b58d7669259e 8cf26d45df56422da93471a9dbcd9fd6 805bb55269bb47df87fc224616b37195 - - default default] 10.0.0.51 "DELETE /v2.0/security-groups/6dabd1c6-f60b-421f-a8c4-03cab6bd2e4f HTTP/1.1" status: 204 len: 168 time: 0.1802802
2026-05-09 14:15:41.278 9 INFO neutron.db.ovn_revision_numbers_db [None req-34c8dc3a-fb82-4818-a817-50852a409004 8cf26d45df56422da93471a9dbcd9fd6 805bb55269bb47df87fc224616b37195 - - default default] Successfully bumped revision number for resource 7264c7f5-4364-4fb7-939b-bd0c17314c2a (type: security_groups) to 1
2026-05-09 14:15:41.294 9 INFO neutron.db.ovn_revision_numbers_db [None req-34c8dc3a-fb82-4818-a817-50852a409004 8cf26d45df56422da93471a9dbcd9fd6 805bb55269bb47df87fc224616b37195 - - default default] Successfully bumped revision number for resource 06868b0e-d90a-4ee0-81bf-6f4ddeeb50f6 (type: security_group_rules) to 0
2026-05-09 14:15:41.311 9 INFO neutron.db.ovn_revision_numbers_db [None req-34c8dc3a-fb82-4818-a817-50852a409004 8cf26d45df56422da93471a9dbcd9fd6 805bb55269bb47df87fc224616b37195 - - default default] Successfully bumped revision number for resource 0e504cad-2286-489a-a6a6-68f4e8a9afbc (type: security_group_rules) to 0
2026-05-09 14:15:41.324 9 INFO neutron.db.ovn_revision_numbers_db [None req-34c8dc3a-fb82-4818-a817-50852a409004 8cf26d45df56422da93471a9dbcd9fd6 805bb55269bb47df87fc224616b37195 - - default default] Successfully bumped revision number for resource 6aa977f8-2273-4247-80f3-2c0118539b9a (type: security_group_rules) to 0
2026-05-09 14:15:41.338 9 INFO neutron.db.ovn_revision_numbers_db [None req-34c8dc3a-fb82-4818-a817-50852a409004 8cf26d45df56422da93471a9dbcd9fd6 805bb55269bb47df87fc224616b37195 - - default default] Successfully bumped revision number for resource ea6ec46f-843c-4d39-ae33-4b487debbb40 (type: security_group_rules) to 0
2026-05-09 14:15:41.359 9 INFO neutron.wsgi [None req-34c8dc3a-fb82-4818-a817-50852a409004 8cf26d45df56422da93471a9dbcd9fd6 805bb55269bb47df87fc224616b37195 - - default default] 10.0.0.51 "GET /v2.0/security-groups?tenant_id=bfa0a08857dc439799bd1df78e278f9c&name=default HTTP/1.1" status: 200 len: 2996 time: 0.1901445
2026-05-09 14:15:41.573 9 INFO neutron.wsgi [None req-6145ab7b-bdfb-49aa-a462-b401f17e4657 8cf26d45df56422da93471a9dbcd9fd6 805bb55269bb47df87fc224616b37195 - - default default] 10.0.0.51 "DELETE /v2.0/security-groups/7264c7f5-4364-4fb7-939b-bd0c17314c2a HTTP/1.1" status: 204 len: 168 time: 0.2097504
2026-05-09 14:15:41.714 9 INFO neutron.plugins.ml2.drivers.ovn.mech_driver.mech_driver [None req-99dbe489-30e6-4693-be04-8443d667d431 - - - - - -] OVN reports status down for port: 49749bcd-5c72-4c6d-aed9-20d3a3685e14
2026-05-09 14:15:41.771 10 INFO neutron.wsgi [req-e2dd8a8d-c8d0-4dbf-ab14-f599fd3da2e3 req-ba0cb82b-cf53-4b55-9852-abb6b15891c8 1516c57522184d3fad81bb3c50ec2d15 5a4777d3982140cb9bc05ddf9e49ad2d - - default default] 10.0.0.98 "GET /v2.0/ports?device_id=318406ce-3fbe-495c-8b75-e4d7452cb55a HTTP/1.1" status: 200 len: 1174 time: 0.1155012
2026-05-09 14:15:41.826 10 INFO neutron.wsgi [req-e2dd8a8d-c8d0-4dbf-ab14-f599fd3da2e3 req-7a2823d8-a7f0-4dfc-928c-39f7deddff0c 1516c57522184d3fad81bb3c50ec2d15 5a4777d3982140cb9bc05ddf9e49ad2d - - default default] 10.0.0.98 "GET /v2.0/security-groups?id=41d70c2f-cd95-469b-b477-85484e395dab&fields=id&fields=name HTTP/1.1" status: 200 len: 312 time: 0.0467141
2026-05-09 14:15:41.860 9 INFO neutron.notifiers.nova [-] Nova event matching ['req-48fa8990-cef8-47cd-9c5a-074ad64a625c'] response: {'server_uuid': '318406ce-3fbe-495c-8b75-e4d7452cb55a', 'name': 'network-vif-unplugged', 'status': 'completed', 'tag': '49749bcd-5c72-4c6d-aed9-20d3a3685e14', 'code': 200}
2026-05-09 14:15:41.993 10 INFO neutron.wsgi [req-20c9f0aa-6c34-4b78-8dcd-f6f845e8abaf req-168d2957-5b0b-41d1-9363-314561e9c0cb 1516c57522184d3fad81bb3c50ec2d15 5a4777d3982140cb9bc05ddf9e49ad2d - - default default] 199.204.45.144 "GET /v2.0/ports?device_id=318406ce-3fbe-495c-8b75-e4d7452cb55a HTTP/1.1" status: 200 len: 1172 time: 0.0298212
2026-05-09 14:15:42.056 9 INFO neutron.db.ovn_revision_numbers_db [None req-99dbe489-30e6-4693-be04-8443d667d431 - - - - - -] Successfully bumped revision number for resource 49749bcd-5c72-4c6d-aed9-20d3a3685e14 (type: ports) to 5
2026-05-09 14:15:42.528 10 INFO neutron.db.l3_db [req-20c9f0aa-6c34-4b78-8dcd-f6f845e8abaf req-a45379ef-a25a-47e2-b956-6da1521a64c3 1516c57522184d3fad81bb3c50ec2d15 5a4777d3982140cb9bc05ddf9e49ad2d - - default default] Floating IP 8a74fd4b-cc4d-4875-a42b-b7417655412a disassociated. External IP: 10.96.250.207, port: 49749bcd-5c72-4c6d-aed9-20d3a3685e14.
2026-05-09 14:15:42.737 10 INFO neutron.wsgi [req-20c9f0aa-6c34-4b78-8dcd-f6f845e8abaf req-a45379ef-a25a-47e2-b956-6da1521a64c3 1516c57522184d3fad81bb3c50ec2d15 5a4777d3982140cb9bc05ddf9e49ad2d - - default default] 199.204.45.144 "DELETE /v2.0/ports/49749bcd-5c72-4c6d-aed9-20d3a3685e14 HTTP/1.1" status: 204 len: 173 time: 0.7395649
2026-05-09 14:15:42.774 10 INFO neutron.notifiers.nova [-] Nova event matching ['req-881a4eec-4b36-4a3c-86cf-30f8e64db604'] response: {'server_uuid': '318406ce-3fbe-495c-8b75-e4d7452cb55a', 'name': 'network-vif-deleted', 'tag': '49749bcd-5c72-4c6d-aed9-20d3a3685e14', 'status': 'completed', 'code': 200} /var/lib/openstack/lib/python3.10/site-packages/pycadf/identifier.py:71: UserWarning: Invalid uuid: neutron. To ensure interoperability, identifiers should be a valid uuid. warnings.warn(('Invalid uuid: %s. To ensure interoperability, '
2026-05-09 14:15:42.930 10 INFO neutron.wsgi [req-b789ff4e-e4ef-4b24-bad6-a7f8fc94d35f req-4af510fb-7202-4c21-93f0-beff004ba1e1 1516c57522184d3fad81bb3c50ec2d15 5a4777d3982140cb9bc05ddf9e49ad2d - - default default] 10.0.0.98 "GET /v2.0/ports?device_id=318406ce-3fbe-495c-8b75-e4d7452cb55a HTTP/1.1" status: 200 len: 210 time: 0.0350091
