Feb 24 01:21:38.674659 np0000156687 nova-scheduler[108403]: DEBUG cotyledon.oslo_config_glue [-] workarounds.disable_compute_service_check_for_ffu = False {{(pid=108403) log_opt_values /opt/stack/data/venv/lib/python3.12/site-packages/oslo_config/cfg.py:3006}}
Feb 24 01:21:38.674659 np0000156687 nova-scheduler[108403]: DEBUG cotyledon.oslo_config_glue [-] workarounds.disable_deep_image_inspection = False {{(pid=108403) log_opt_values /opt/stack/data/venv/lib/python3.12/site-packages/oslo_config/cfg.py:3006}}
Feb 24 01:21:38.674659 np0000156687 nova-scheduler[108403]: DEBUG cotyledon.oslo_config_glue [-] workarounds.disable_fallback_pcpu_query = False {{(pid=108403) log_opt_values /opt/stack/data/venv/lib/python3.12/site-packages/oslo_config/cfg.py:3006}}
Feb 24 01:21:38.674659 np0000156687 nova-scheduler[108403]: DEBUG cotyledon.oslo_config_glue [-] workarounds.disable_group_policy_check_upcall = False {{(pid=108403) log_opt_values /opt/stack/data/venv/lib/python3.12/site-packages/oslo_config/cfg.py:3006}}
Feb 24 01:21:38.674886 np0000156687 nova-scheduler[108403]: DEBUG cotyledon.oslo_config_glue [-] workarounds.disable_libvirt_livesnapshot = False {{(pid=108403) log_opt_values /opt/stack/data/venv/lib/python3.12/site-packages/oslo_config/cfg.py:3006}}
Feb 24 01:21:38.674886 np0000156687 nova-scheduler[108403]: DEBUG cotyledon.oslo_config_glue [-] workarounds.disable_rootwrap = False {{(pid=108403) log_opt_values /opt/stack/data/venv/lib/python3.12/site-packages/oslo_config/cfg.py:3006}}
Feb 24 01:21:38.674886 np0000156687 nova-scheduler[108403]: DEBUG cotyledon.oslo_config_glue [-] workarounds.enable_numa_live_migration = False {{(pid=108403) log_opt_values /opt/stack/data/venv/lib/python3.12/site-packages/oslo_config/cfg.py:3006}}
Feb 24 01:21:38.674886 np0000156687 nova-scheduler[108403]: DEBUG cotyledon.oslo_config_glue [-] workarounds.enable_qemu_monitor_announce_self = False {{(pid=108403) log_opt_values /opt/stack/data/venv/lib/python3.12/site-packages/oslo_config/cfg.py:3006}}
Feb 24 01:21:38.674886 np0000156687 nova-scheduler[108403]: DEBUG cotyledon.oslo_config_glue [-] workarounds.ensure_libvirt_rbd_instance_dir_cleanup = False {{(pid=108403) log_opt_values /opt/stack/data/venv/lib/python3.12/site-packages/oslo_config/cfg.py:3006}}
Feb 24 01:21:38.674886 np0000156687 nova-scheduler[108403]: DEBUG cotyledon.oslo_config_glue [-] workarounds.handle_virt_lifecycle_events = True {{(pid=108403) log_opt_values /opt/stack/data/venv/lib/python3.12/site-packages/oslo_config/cfg.py:3006}}
Feb 24 01:21:38.674886 np0000156687 nova-scheduler[108403]: DEBUG cotyledon.oslo_config_glue [-] workarounds.libvirt_disable_apic = False {{(pid=108403) log_opt_values /opt/stack/data/venv/lib/python3.12/site-packages/oslo_config/cfg.py:3006}}
Feb 24 01:21:38.674886 np0000156687 nova-scheduler[108403]: DEBUG cotyledon.oslo_config_glue [-] workarounds.never_download_image_if_on_rbd = False {{(pid=108403) log_opt_values /opt/stack/data/venv/lib/python3.12/site-packages/oslo_config/cfg.py:3006}}
Feb 24 01:21:38.674886 np0000156687 nova-scheduler[108403]: DEBUG cotyledon.oslo_config_glue [-] workarounds.qemu_monitor_announce_self_count = 3 {{(pid=108403) log_opt_values /opt/stack/data/venv/lib/python3.12/site-packages/oslo_config/cfg.py:3006}}
Feb 24 01:21:38.675102 np0000156687 nova-scheduler[108403]: DEBUG cotyledon.oslo_config_glue [-] workarounds.qemu_monitor_announce_self_interval = 1 {{(pid=108403) log_opt_values /opt/stack/data/venv/lib/python3.12/site-packages/oslo_config/cfg.py:3006}}
Feb 24 01:21:38.675102 np0000156687 nova-scheduler[108403]: DEBUG cotyledon.oslo_config_glue [-] workarounds.reserve_disk_resource_for_image_cache = False {{(pid=108403) log_opt_values /opt/stack/data/venv/lib/python3.12/site-packages/oslo_config/cfg.py:3006}}
Feb 24 01:21:38.675102 np0000156687 nova-scheduler[108403]: DEBUG cotyledon.oslo_config_glue [-] workarounds.skip_cpu_compare_at_startup = False {{(pid=108403) log_opt_values /opt/stack/data/venv/lib/python3.12/site-packages/oslo_config/cfg.py:3006}}
Feb 24 01:21:38.675102 np0000156687 nova-scheduler[108403]: DEBUG cotyledon.oslo_config_glue [-] workarounds.skip_cpu_compare_on_dest = False {{(pid=108403) log_opt_values /opt/stack/data/venv/lib/python3.12/site-packages/oslo_config/cfg.py:3006}}
Feb 24 01:21:38.675102 np0000156687 nova-scheduler[108403]: DEBUG cotyledon.oslo_config_glue [-] workarounds.skip_hypervisor_version_check_on_lm = False {{(pid=108403) log_opt_values /opt/stack/data/venv/lib/python3.12/site-packages/oslo_config/cfg.py:3006}}
Feb 24 01:21:38.675102 np0000156687 nova-scheduler[108403]: DEBUG cotyledon.oslo_config_glue [-] workarounds.skip_reserve_in_use_ironic_nodes = False {{(pid=108403) log_opt_values /opt/stack/data/venv/lib/python3.12/site-packages/oslo_config/cfg.py:3006}}
Feb 24 01:21:38.675102 np0000156687 nova-scheduler[108403]: DEBUG cotyledon.oslo_config_glue [-] workarounds.unified_limits_count_pcpu_as_vcpu = False {{(pid=108403) log_opt_values /opt/stack/data/venv/lib/python3.12/site-packages/oslo_config/cfg.py:3006}}
Feb 24 01:21:38.675102 np0000156687 nova-scheduler[108403]: DEBUG cotyledon.oslo_config_glue [-] workarounds.wait_for_vif_plugged_event_during_hard_reboot = [] {{(pid=108403) log_opt_values /opt/stack/data/venv/lib/python3.12/site-packages/oslo_config/cfg.py:3006}}
Feb 24 01:21:38.675289 np0000156687 nova-scheduler[108403]: DEBUG cotyledon.oslo_config_glue [-] wsgi.api_paste_config = /etc/nova/api-paste.ini {{(pid=108403) log_opt_values /opt/stack/data/venv/lib/python3.12/site-packages/oslo_config/cfg.py:3006}}
Feb 24 01:21:38.675289 np0000156687 nova-scheduler[108403]: DEBUG cotyledon.oslo_config_glue [-] wsgi.secure_proxy_ssl_header = None {{(pid=108403) log_opt_values /opt/stack/data/venv/lib/python3.12/site-packages/oslo_config/cfg.py:3006}}
Feb 24 01:21:38.675289 np0000156687 nova-scheduler[108403]: DEBUG cotyledon.oslo_config_glue [-] zvm.ca_file = None {{(pid=108403) log_opt_values /opt/stack/data/venv/lib/python3.12/site-packages/oslo_config/cfg.py:3006}}
Feb 24 01:21:38.675289 np0000156687 nova-scheduler[108403]: DEBUG cotyledon.oslo_config_glue [-] zvm.cloud_connector_url = None {{(pid=108403) log_opt_values /opt/stack/data/venv/lib/python3.12/site-packages/oslo_config/cfg.py:3006}}
Feb 24 01:21:38.675289 np0000156687 nova-scheduler[108403]: DEBUG cotyledon.oslo_config_glue [-] zvm.image_tmp_path = /opt/stack/data/nova/images {{(pid=108403) log_opt_values /opt/stack/data/venv/lib/python3.12/site-packages/oslo_config/cfg.py:3006}}
Feb 24 01:21:38.675289 np0000156687 nova-scheduler[108403]: DEBUG cotyledon.oslo_config_glue [-] zvm.reachable_timeout = 300 {{(pid=108403) log_opt_values /opt/stack/data/venv/lib/python3.12/site-packages/oslo_config/cfg.py:3006}}
Feb 24 01:21:38.675289 np0000156687 nova-scheduler[108403]: DEBUG cotyledon.oslo_config_glue [-] oslo_versionedobjects.fatal_exception_format_errors = False {{(pid=108403) log_opt_values /opt/stack/data/venv/lib/python3.12/site-packages/oslo_config/cfg.py:3006}}
Feb 24 01:21:38.675289 np0000156687 nova-scheduler[108403]: DEBUG cotyledon.oslo_config_glue [-] oslo_middleware.http_basic_auth_user_file = /etc/htpasswd {{(pid=108403) log_opt_values /opt/stack/data/venv/lib/python3.12/site-packages/oslo_config/cfg.py:3006}}
Feb 24 01:21:38.675289 np0000156687 nova-scheduler[108403]: DEBUG cotyledon.oslo_config_glue [-] oslo_messaging_metrics.metrics_buffer_size = 1000 {{(pid=108403) log_opt_values /opt/stack/data/venv/lib/python3.12/site-packages/oslo_config/cfg.py:3006}}
Feb 24 01:21:38.675497 np0000156687 nova-scheduler[108403]: DEBUG cotyledon.oslo_config_glue [-] oslo_messaging_metrics.metrics_enabled = False {{(pid=108403) log_opt_values /opt/stack/data/venv/lib/python3.12/site-packages/oslo_config/cfg.py:3006}}
Feb 24 01:21:38.675497 np0000156687 nova-scheduler[108403]: DEBUG cotyledon.oslo_config_glue [-] oslo_messaging_metrics.metrics_process_name = {{(pid=108403) log_opt_values /opt/stack/data/venv/lib/python3.12/site-packages/oslo_config/cfg.py:3006}}
Feb 24 01:21:38.675497 np0000156687 nova-scheduler[108403]: DEBUG cotyledon.oslo_config_glue [-] oslo_messaging_metrics.metrics_socket_file = /var/tmp/metrics_collector.sock {{(pid=108403) log_opt_values /opt/stack/data/venv/lib/python3.12/site-packages/oslo_config/cfg.py:3006}}
Feb 24 01:21:38.675497 np0000156687 nova-scheduler[108403]: DEBUG cotyledon.oslo_config_glue [-] oslo_messaging_metrics.metrics_thread_stop_timeout = 10 {{(pid=108403) log_opt_values /opt/stack/data/venv/lib/python3.12/site-packages/oslo_config/cfg.py:3006}}
Feb 24 01:21:38.675497 np0000156687 nova-scheduler[108403]: DEBUG cotyledon.oslo_config_glue [-] profiler.connection_string = messaging:// {{(pid=108403) log_opt_values /opt/stack/data/venv/lib/python3.12/site-packages/oslo_config/cfg.py:3006}}
Feb 24 01:21:38.675497 np0000156687 nova-scheduler[108403]: DEBUG cotyledon.oslo_config_glue [-] profiler.enabled = False {{(pid=108403) log_opt_values /opt/stack/data/venv/lib/python3.12/site-packages/oslo_config/cfg.py:3006}}
Feb 24 01:21:38.675497 np0000156687 nova-scheduler[108403]: DEBUG cotyledon.oslo_config_glue [-] profiler.es_doc_type = notification {{(pid=108403) log_opt_values /opt/stack/data/venv/lib/python3.12/site-packages/oslo_config/cfg.py:3006}}
Feb 24 01:21:38.675497 np0000156687 nova-scheduler[108403]: DEBUG cotyledon.oslo_config_glue [-] profiler.es_scroll_size = 10000 {{(pid=108403) log_opt_values /opt/stack/data/venv/lib/python3.12/site-packages/oslo_config/cfg.py:3006}}
Feb 24 01:21:38.675497 np0000156687 nova-scheduler[108403]: DEBUG cotyledon.oslo_config_glue [-] profiler.es_scroll_time = 2m {{(pid=108403) log_opt_values /opt/stack/data/venv/lib/python3.12/site-packages/oslo_config/cfg.py:3006}}
Feb 24 01:21:38.675748 np0000156687 nova-scheduler[108403]: DEBUG cotyledon.oslo_config_glue [-] profiler.filter_error_trace = False {{(pid=108403) log_opt_values /opt/stack/data/venv/lib/python3.12/site-packages/oslo_config/cfg.py:3006}}
Feb 24 01:21:38.675748 np0000156687 nova-scheduler[108403]: DEBUG cotyledon.oslo_config_glue [-] profiler.hmac_keys = **** {{(pid=108403) log_opt_values /opt/stack/data/venv/lib/python3.12/site-packages/oslo_config/cfg.py:3006}}
Feb 24 01:21:38.675748 np0000156687 nova-scheduler[108403]: DEBUG cotyledon.oslo_config_glue [-] profiler.sentinel_service_name = mymaster {{(pid=108403) log_opt_values /opt/stack/data/venv/lib/python3.12/site-packages/oslo_config/cfg.py:3006}}
Feb 24 01:21:38.675748 np0000156687 nova-scheduler[108403]: DEBUG cotyledon.oslo_config_glue [-] profiler.socket_timeout = 0.1 {{(pid=108403) log_opt_values /opt/stack/data/venv/lib/python3.12/site-packages/oslo_config/cfg.py:3006}}
Feb 24 01:21:38.675748 np0000156687 nova-scheduler[108403]: DEBUG cotyledon.oslo_config_glue [-] profiler.trace_requests = False {{(pid=108403) log_opt_values /opt/stack/data/venv/lib/python3.12/site-packages/oslo_config/cfg.py:3006}}
Feb 24 01:21:38.675748 np0000156687 nova-scheduler[108403]: DEBUG cotyledon.oslo_config_glue [-] profiler.trace_sqlalchemy = False {{(pid=108403) log_opt_values /opt/stack/data/venv/lib/python3.12/site-packages/oslo_config/cfg.py:3006}}
Feb 24 01:21:38.675748 np0000156687 nova-scheduler[108403]: DEBUG cotyledon.oslo_config_glue [-] profiler_jaeger.process_tags = {} {{(pid=108403) log_opt_values /opt/stack/data/venv/lib/python3.12/site-packages/oslo_config/cfg.py:3006}}
Feb 24 01:21:38.675748 np0000156687 nova-scheduler[108403]: DEBUG cotyledon.oslo_config_glue [-] profiler_jaeger.service_name_prefix = None {{(pid=108403) log_opt_values /opt/stack/data/venv/lib/python3.12/site-packages/oslo_config/cfg.py:3006}}
Feb 24 01:21:38.675748 np0000156687 nova-scheduler[108403]: DEBUG cotyledon.oslo_config_glue [-] profiler_otlp.service_name_prefix = None {{(pid=108403) log_opt_values /opt/stack/data/venv/lib/python3.12/site-packages/oslo_config/cfg.py:3006}}
Feb 24 01:21:38.675984 np0000156687 nova-scheduler[108403]: DEBUG cotyledon.oslo_config_glue [-] oslo_messaging_rabbit.amqp_auto_delete = False {{(pid=108403) log_opt_values /opt/stack/data/venv/lib/python3.12/site-packages/oslo_config/cfg.py:3006}}
Feb 24 01:21:38.675984 np0000156687 nova-scheduler[108403]: DEBUG cotyledon.oslo_config_glue [-] oslo_messaging_rabbit.amqp_durable_queues = False {{(pid=108403) log_opt_values /opt/stack/data/venv/lib/python3.12/site-packages/oslo_config/cfg.py:3006}}
Feb 24 01:21:38.675984 np0000156687 nova-scheduler[108403]: DEBUG cotyledon.oslo_config_glue [-] oslo_messaging_rabbit.conn_pool_min_size = 2 {{(pid=108403) log_opt_values /opt/stack/data/venv/lib/python3.12/site-packages/oslo_config/cfg.py:3006}}
Feb 24 01:21:38.675984 np0000156687 nova-scheduler[108403]: DEBUG cotyledon.oslo_config_glue [-] oslo_messaging_rabbit.conn_pool_ttl = 1200 {{(pid=108403) log_opt_values /opt/stack/data/venv/lib/python3.12/site-packages/oslo_config/cfg.py:3006}}
Feb 24 01:21:38.675984 np0000156687 nova-scheduler[108403]: DEBUG cotyledon.oslo_config_glue [-] oslo_messaging_rabbit.direct_mandatory_flag = True {{(pid=108403) log_opt_values /opt/stack/data/venv/lib/python3.12/site-packages/oslo_config/cfg.py:3006}}
Feb 24 01:21:38.675984 np0000156687 nova-scheduler[108403]: DEBUG cotyledon.oslo_config_glue [-] oslo_messaging_rabbit.enable_cancel_on_failover = False {{(pid=108403) log_opt_values /opt/stack/data/venv/lib/python3.12/site-packages/oslo_config/cfg.py:3006}}
Feb 24 01:21:38.675984 np0000156687 nova-scheduler[108403]: DEBUG cotyledon.oslo_config_glue [-] oslo_messaging_rabbit.heartbeat_in_pthread = False {{(pid=108403) log_opt_values /opt/stack/data/venv/lib/python3.12/site-packages/oslo_config/cfg.py:3006}}
Feb 24 01:21:38.675984 np0000156687 nova-scheduler[108403]: DEBUG cotyledon.oslo_config_glue [-] oslo_messaging_rabbit.heartbeat_rate = 3 {{(pid=108403) log_opt_values /opt/stack/data/venv/lib/python3.12/site-packages/oslo_config/cfg.py:3006}}
Feb 24 01:21:38.675984 np0000156687 nova-scheduler[108403]: DEBUG cotyledon.oslo_config_glue [-] oslo_messaging_rabbit.heartbeat_timeout_threshold = 60 {{(pid=108403) log_opt_values /opt/stack/data/venv/lib/python3.12/site-packages/oslo_config/cfg.py:3006}}
Feb 24 01:21:38.676200 np0000156687 nova-scheduler[108403]: DEBUG cotyledon.oslo_config_glue [-] oslo_messaging_rabbit.hostname = np0000156687 {{(pid=108403) log_opt_values /opt/stack/data/venv/lib/python3.12/site-packages/oslo_config/cfg.py:3006}}
Feb 24 01:21:38.676200 np0000156687 nova-scheduler[108403]: DEBUG cotyledon.oslo_config_glue [-] oslo_messaging_rabbit.kombu_compression = None {{(pid=108403) log_opt_values /opt/stack/data/venv/lib/python3.12/site-packages/oslo_config/cfg.py:3006}}
Feb 24 01:21:38.676200 np0000156687 nova-scheduler[108403]: DEBUG cotyledon.oslo_config_glue [-] oslo_messaging_rabbit.kombu_failover_strategy = round-robin {{(pid=108403) log_opt_values /opt/stack/data/venv/lib/python3.12/site-packages/oslo_config/cfg.py:3006}}
Feb 24 01:21:38.676200 np0000156687 nova-scheduler[108403]: DEBUG cotyledon.oslo_config_glue [-] oslo_messaging_rabbit.kombu_missing_consumer_retry_timeout = 60 {{(pid=108403) log_opt_values /opt/stack/data/venv/lib/python3.12/site-packages/oslo_config/cfg.py:3006}}
Feb 24 01:21:38.676200 np0000156687 nova-scheduler[108403]: DEBUG cotyledon.oslo_config_glue [-] oslo_messaging_rabbit.kombu_reconnect_delay = 1.0 {{(pid=108403) log_opt_values /opt/stack/data/venv/lib/python3.12/site-packages/oslo_config/cfg.py:3006}}
Feb 24 01:21:38.676200 np0000156687 nova-scheduler[108403]: DEBUG cotyledon.oslo_config_glue [-] oslo_messaging_rabbit.kombu_reconnect_splay = 0.0 {{(pid=108403) log_opt_values /opt/stack/data/venv/lib/python3.12/site-packages/oslo_config/cfg.py:3006}}
Feb 24 01:21:38.676200 np0000156687 nova-scheduler[108403]: DEBUG cotyledon.oslo_config_glue [-] oslo_messaging_rabbit.processname = nova-scheduler {{(pid=108403) log_opt_values /opt/stack/data/venv/lib/python3.12/site-packages/oslo_config/cfg.py:3006}}
Feb 24 01:21:38.676200 np0000156687 nova-scheduler[108403]: DEBUG cotyledon.oslo_config_glue [-] oslo_messaging_rabbit.rabbit_ha_queues = False {{(pid=108403) log_opt_values /opt/stack/data/venv/lib/python3.12/site-packages/oslo_config/cfg.py:3006}}
Feb 24 01:21:38.676200 np0000156687 nova-scheduler[108403]: DEBUG cotyledon.oslo_config_glue [-] oslo_messaging_rabbit.rabbit_interval_max = 30 {{(pid=108403) log_opt_values /opt/stack/data/venv/lib/python3.12/site-packages/oslo_config/cfg.py:3006}}
Feb 24 01:21:38.676408 np0000156687 nova-scheduler[108403]: DEBUG cotyledon.oslo_config_glue [-] oslo_messaging_rabbit.rabbit_login_method = AMQPLAIN {{(pid=108403) log_opt_values /opt/stack/data/venv/lib/python3.12/site-packages/oslo_config/cfg.py:3006}}
Feb 24 01:21:38.676408 np0000156687 nova-scheduler[108403]: DEBUG cotyledon.oslo_config_glue [-] oslo_messaging_rabbit.rabbit_qos_prefetch_count = 0 {{(pid=108403) log_opt_values /opt/stack/data/venv/lib/python3.12/site-packages/oslo_config/cfg.py:3006}}
Feb 24 01:21:38.676408 np0000156687 nova-scheduler[108403]: DEBUG cotyledon.oslo_config_glue [-] oslo_messaging_rabbit.rabbit_quorum_delivery_limit = 0 {{(pid=108403) log_opt_values /opt/stack/data/venv/lib/python3.12/site-packages/oslo_config/cfg.py:3006}}
Feb 24 01:21:38.676408 np0000156687 nova-scheduler[108403]: DEBUG cotyledon.oslo_config_glue [-] oslo_messaging_rabbit.rabbit_quorum_max_memory_bytes = 0 {{(pid=108403) log_opt_values /opt/stack/data/venv/lib/python3.12/site-packages/oslo_config/cfg.py:3006}}
Feb 24 01:21:38.676408 np0000156687 nova-scheduler[108403]: DEBUG cotyledon.oslo_config_glue [-] oslo_messaging_rabbit.rabbit_quorum_max_memory_length = 0 {{(pid=108403) log_opt_values /opt/stack/data/venv/lib/python3.12/site-packages/oslo_config/cfg.py:3006}}
Feb 24 01:21:38.676408 np0000156687 nova-scheduler[108403]: DEBUG cotyledon.oslo_config_glue [-] oslo_messaging_rabbit.rabbit_quorum_queue = False {{(pid=108403) log_opt_values /opt/stack/data/venv/lib/python3.12/site-packages/oslo_config/cfg.py:3006}}
Feb 24 01:21:38.676408 np0000156687 nova-scheduler[108403]: DEBUG cotyledon.oslo_config_glue [-] oslo_messaging_rabbit.rabbit_retry_backoff = 2 {{(pid=108403) log_opt_values /opt/stack/data/venv/lib/python3.12/site-packages/oslo_config/cfg.py:3006}}
Feb 24 01:21:38.676408 np0000156687 nova-scheduler[108403]: DEBUG cotyledon.oslo_config_glue [-] oslo_messaging_rabbit.rabbit_retry_interval = 1 {{(pid=108403) log_opt_values /opt/stack/data/venv/lib/python3.12/site-packages/oslo_config/cfg.py:3006}}
Feb 24 01:21:38.676408 np0000156687 nova-scheduler[108403]: DEBUG cotyledon.oslo_config_glue [-] oslo_messaging_rabbit.rabbit_stream_fanout = False {{(pid=108403) log_opt_values /opt/stack/data/venv/lib/python3.12/site-packages/oslo_config/cfg.py:3006}}
Feb 24 01:21:38.676635 np0000156687 nova-scheduler[108403]: DEBUG cotyledon.oslo_config_glue [-] oslo_messaging_rabbit.rabbit_transient_queues_ttl = 1800 {{(pid=108403) log_opt_values /opt/stack/data/venv/lib/python3.12/site-packages/oslo_config/cfg.py:3006}}
Feb 24 01:21:38.676635 np0000156687 nova-scheduler[108403]: DEBUG cotyledon.oslo_config_glue [-] oslo_messaging_rabbit.rabbit_transient_quorum_queue = False {{(pid=108403) log_opt_values /opt/stack/data/venv/lib/python3.12/site-packages/oslo_config/cfg.py:3006}}
Feb 24 01:21:38.676635 np0000156687 nova-scheduler[108403]: DEBUG cotyledon.oslo_config_glue [-] oslo_messaging_rabbit.rpc_conn_pool_size = 30 {{(pid=108403) log_opt_values /opt/stack/data/venv/lib/python3.12/site-packages/oslo_config/cfg.py:3006}}
Feb 24 01:21:38.676635 np0000156687 nova-scheduler[108403]: DEBUG cotyledon.oslo_config_glue [-] oslo_messaging_rabbit.ssl = False {{(pid=108403) log_opt_values /opt/stack/data/venv/lib/python3.12/site-packages/oslo_config/cfg.py:3006}}
Feb 24 01:21:38.676635 np0000156687 nova-scheduler[108403]: DEBUG cotyledon.oslo_config_glue [-] oslo_messaging_rabbit.ssl_ca_file = {{(pid=108403) log_opt_values /opt/stack/data/venv/lib/python3.12/site-packages/oslo_config/cfg.py:3006}}
Feb 24 01:21:38.676635 np0000156687 nova-scheduler[108403]: DEBUG cotyledon.oslo_config_glue [-] oslo_messaging_rabbit.ssl_cert_file = {{(pid=108403) log_opt_values /opt/stack/data/venv/lib/python3.12/site-packages/oslo_config/cfg.py:3006}}
Feb 24 01:21:38.676635 np0000156687 nova-scheduler[108403]: DEBUG cotyledon.oslo_config_glue [-] oslo_messaging_rabbit.ssl_enforce_fips_mode = False {{(pid=108403) log_opt_values /opt/stack/data/venv/lib/python3.12/site-packages/oslo_config/cfg.py:3006}}
Feb 24 01:21:38.676635 np0000156687 nova-scheduler[108403]: DEBUG cotyledon.oslo_config_glue [-] oslo_messaging_rabbit.ssl_key_file = {{(pid=108403) log_opt_values /opt/stack/data/venv/lib/python3.12/site-packages/oslo_config/cfg.py:3006}}
Feb 24 01:21:38.676635 np0000156687 nova-scheduler[108403]: DEBUG cotyledon.oslo_config_glue [-] oslo_messaging_rabbit.ssl_version = {{(pid=108403) log_opt_values /opt/stack/data/venv/lib/python3.12/site-packages/oslo_config/cfg.py:3006}}
Feb 24 01:21:38.676881 np0000156687 nova-scheduler[108403]: DEBUG cotyledon.oslo_config_glue [-] oslo_messaging_rabbit.use_queue_manager = False {{(pid=108403) log_opt_values /opt/stack/data/venv/lib/python3.12/site-packages/oslo_config/cfg.py:3006}}
Feb 24 01:21:38.676881 np0000156687 nova-scheduler[108403]: DEBUG cotyledon.oslo_config_glue [-] oslo_messaging_notifications.driver = ['messagingv2'] {{(pid=108403) log_opt_values /opt/stack/data/venv/lib/python3.12/site-packages/oslo_config/cfg.py:3006}}
Feb 24 01:21:38.676881 np0000156687 nova-scheduler[108403]: DEBUG cotyledon.oslo_config_glue [-] oslo_messaging_notifications.retry = -1 {{(pid=108403) log_opt_values /opt/stack/data/venv/lib/python3.12/site-packages/oslo_config/cfg.py:3006}}
Feb 24 01:21:38.676881 np0000156687 nova-scheduler[108403]: DEBUG cotyledon.oslo_config_glue [-] oslo_messaging_notifications.topics = ['notifications'] {{(pid=108403) log_opt_values /opt/stack/data/venv/lib/python3.12/site-packages/oslo_config/cfg.py:3006}}
Feb 24 01:21:38.676881 np0000156687 nova-scheduler[108403]: DEBUG cotyledon.oslo_config_glue [-] oslo_messaging_notifications.transport_url = **** {{(pid=108403) log_opt_values /opt/stack/data/venv/lib/python3.12/site-packages/oslo_config/cfg.py:3006}}
Feb 24 01:21:38.676881 np0000156687 nova-scheduler[108403]: DEBUG cotyledon.oslo_config_glue [-] oslo_limit.auth_section = None {{(pid=108403) log_opt_values /opt/stack/data/venv/lib/python3.12/site-packages/oslo_config/cfg.py:3006}}
Feb 24 01:21:38.676881 np0000156687 nova-scheduler[108403]: DEBUG cotyledon.oslo_config_glue [-] oslo_limit.auth_type = None {{(pid=108403) log_opt_values /opt/stack/data/venv/lib/python3.12/site-packages/oslo_config/cfg.py:3006}}
Feb 24 01:21:38.676881 np0000156687 nova-scheduler[108403]: DEBUG cotyledon.oslo_config_glue [-] oslo_limit.cafile = None {{(pid=108403) log_opt_values /opt/stack/data/venv/lib/python3.12/site-packages/oslo_config/cfg.py:3006}}
Feb 24 01:21:38.676881 np0000156687 nova-scheduler[108403]: DEBUG cotyledon.oslo_config_glue [-] oslo_limit.certfile = None {{(pid=108403) log_opt_values /opt/stack/data/venv/lib/python3.12/site-packages/oslo_config/cfg.py:3006}}
Feb 24 01:21:38.677106 np0000156687 nova-scheduler[108403]: DEBUG cotyledon.oslo_config_glue [-] oslo_limit.collect_timing = False {{(pid=108403) log_opt_values /opt/stack/data/venv/lib/python3.12/site-packages/oslo_config/cfg.py:3006}}
Feb 24 01:21:38.677106 np0000156687 nova-scheduler[108403]: DEBUG cotyledon.oslo_config_glue [-] oslo_limit.connect_retries = None {{(pid=108403) log_opt_values /opt/stack/data/venv/lib/python3.12/site-packages/oslo_config/cfg.py:3006}}
Feb 24 01:21:38.677106 np0000156687 nova-scheduler[108403]: DEBUG cotyledon.oslo_config_glue [-] oslo_limit.connect_retry_delay = None {{(pid=108403) log_opt_values /opt/stack/data/venv/lib/python3.12/site-packages/oslo_config/cfg.py:3006}}
Feb 24 01:21:38.677106 np0000156687 nova-scheduler[108403]: DEBUG cotyledon.oslo_config_glue [-] oslo_limit.endpoint_id = None {{(pid=108403) log_opt_values /opt/stack/data/venv/lib/python3.12/site-packages/oslo_config/cfg.py:3006}}
Feb 24 01:21:38.677106 np0000156687 nova-scheduler[108403]: DEBUG cotyledon.oslo_config_glue [-] oslo_limit.endpoint_interface = public {{(pid=108403) log_opt_values /opt/stack/data/venv/lib/python3.12/site-packages/oslo_config/cfg.py:3006}}
Feb 24 01:21:38.677106 np0000156687 nova-scheduler[108403]: DEBUG cotyledon.oslo_config_glue [-] oslo_limit.endpoint_override = None {{(pid=108403) log_opt_values /opt/stack/data/venv/lib/python3.12/site-packages/oslo_config/cfg.py:3006}}
Feb 24 01:21:38.677106 np0000156687 nova-scheduler[108403]: DEBUG cotyledon.oslo_config_glue [-] oslo_limit.endpoint_region_name = None {{(pid=108403) log_opt_values /opt/stack/data/venv/lib/python3.12/site-packages/oslo_config/cfg.py:3006}}
Feb 24 01:21:38.677106 np0000156687 nova-scheduler[108403]: DEBUG cotyledon.oslo_config_glue [-] oslo_limit.endpoint_service_name = None {{(pid=108403) log_opt_values /opt/stack/data/venv/lib/python3.12/site-packages/oslo_config/cfg.py:3006}}
Feb 24 01:21:38.677106 np0000156687 nova-scheduler[108403]: DEBUG cotyledon.oslo_config_glue [-] oslo_limit.endpoint_service_type = None {{(pid=108403) log_opt_values /opt/stack/data/venv/lib/python3.12/site-packages/oslo_config/cfg.py:3006}}
Feb 24 01:21:38.677321 np0000156687 nova-scheduler[108403]: DEBUG cotyledon.oslo_config_glue [-] oslo_limit.insecure = False {{(pid=108403) log_opt_values /opt/stack/data/venv/lib/python3.12/site-packages/oslo_config/cfg.py:3006}}
Feb 24 01:21:38.677321 np0000156687 nova-scheduler[108403]: DEBUG cotyledon.oslo_config_glue [-] oslo_limit.keyfile = None {{(pid=108403) log_opt_values /opt/stack/data/venv/lib/python3.12/site-packages/oslo_config/cfg.py:3006}}
Feb 24 01:21:38.677321 np0000156687 nova-scheduler[108403]: DEBUG cotyledon.oslo_config_glue [-] oslo_limit.max_version = None {{(pid=108403) log_opt_values /opt/stack/data/venv/lib/python3.12/site-packages/oslo_config/cfg.py:3006}}
Feb 24 01:21:38.677321 np0000156687 nova-scheduler[108403]: DEBUG cotyledon.oslo_config_glue [-] oslo_limit.min_version = None {{(pid=108403) log_opt_values /opt/stack/data/venv/lib/python3.12/site-packages/oslo_config/cfg.py:3006}}
Feb 24 01:21:38.677321 np0000156687 nova-scheduler[108403]: DEBUG cotyledon.oslo_config_glue [-] oslo_limit.region_name = None {{(pid=108403) log_opt_values /opt/stack/data/venv/lib/python3.12/site-packages/oslo_config/cfg.py:3006}}
Feb 24 01:21:38.677321 np0000156687 nova-scheduler[108403]: DEBUG cotyledon.oslo_config_glue [-] oslo_limit.retriable_status_codes = None {{(pid=108403) log_opt_values /opt/stack/data/venv/lib/python3.12/site-packages/oslo_config/cfg.py:3006}}
Feb 24 01:21:38.677321 np0000156687 nova-scheduler[108403]: DEBUG cotyledon.oslo_config_glue [-] oslo_limit.service_name = None {{(pid=108403) log_opt_values /opt/stack/data/venv/lib/python3.12/site-packages/oslo_config/cfg.py:3006}}
Feb 24 01:21:38.677321 np0000156687 nova-scheduler[108403]: DEBUG cotyledon.oslo_config_glue [-] oslo_limit.service_type = None {{(pid=108403) log_opt_values /opt/stack/data/venv/lib/python3.12/site-packages/oslo_config/cfg.py:3006}}
Feb 24 01:21:38.677321 np0000156687 nova-scheduler[108403]: DEBUG cotyledon.oslo_config_glue [-] oslo_limit.split_loggers = False {{(pid=108403) log_opt_values /opt/stack/data/venv/lib/python3.12/site-packages/oslo_config/cfg.py:3006}}
Feb 24 01:21:38.677525 np0000156687 nova-scheduler[108403]: DEBUG cotyledon.oslo_config_glue [-] oslo_limit.status_code_retries = None {{(pid=108403) log_opt_values /opt/stack/data/venv/lib/python3.12/site-packages/oslo_config/cfg.py:3006}}
Feb 24 01:21:38.677525 np0000156687 nova-scheduler[108403]: DEBUG cotyledon.oslo_config_glue [-] oslo_limit.status_code_retry_delay = None {{(pid=108403) log_opt_values /opt/stack/data/venv/lib/python3.12/site-packages/oslo_config/cfg.py:3006}}
Feb 24 01:21:38.677525 np0000156687 nova-scheduler[108403]: DEBUG cotyledon.oslo_config_glue [-] oslo_limit.timeout = None {{(pid=108403) log_opt_values /opt/stack/data/venv/lib/python3.12/site-packages/oslo_config/cfg.py:3006}}
Feb 24 01:21:38.677525 np0000156687 nova-scheduler[108403]: DEBUG cotyledon.oslo_config_glue [-] oslo_limit.valid_interfaces = None {{(pid=108403) log_opt_values /opt/stack/data/venv/lib/python3.12/site-packages/oslo_config/cfg.py:3006}}
Feb 24 01:21:38.677525 np0000156687 nova-scheduler[108403]: DEBUG cotyledon.oslo_config_glue [-] oslo_limit.version = None {{(pid=108403) log_opt_values /opt/stack/data/venv/lib/python3.12/site-packages/oslo_config/cfg.py:3006}}
Feb 24 01:21:38.677525 np0000156687 nova-scheduler[108403]: DEBUG cotyledon.oslo_config_glue [-] oslo_reports.file_event_handler = None {{(pid=108403) log_opt_values /opt/stack/data/venv/lib/python3.12/site-packages/oslo_config/cfg.py:3006}}
Feb 24 01:21:38.677525 np0000156687 nova-scheduler[108403]: DEBUG cotyledon.oslo_config_glue [-] oslo_reports.file_event_handler_interval = 1 {{(pid=108403) log_opt_values /opt/stack/data/venv/lib/python3.12/site-packages/oslo_config/cfg.py:3006}}
Feb 24 01:21:38.677525 np0000156687 nova-scheduler[108403]: DEBUG cotyledon.oslo_config_glue [-] oslo_reports.log_dir = None {{(pid=108403) log_opt_values /opt/stack/data/venv/lib/python3.12/site-packages/oslo_config/cfg.py:3006}}
Feb 24 01:21:38.677525 np0000156687 nova-scheduler[108403]: DEBUG cotyledon.oslo_config_glue [-] ******************************************************************************** {{(pid=108403) log_opt_values /opt/stack/data/venv/lib/python3.12/site-packages/oslo_config/cfg.py:3013}}
Feb 24 01:21:38.677718 np0000156687 nova-scheduler[108403]: DEBUG cotyledon._service_worker [-] Run service ServiceWrapper(3) [108403] {{(pid=108403) wait_forever /opt/stack/data/venv/lib/python3.12/site-packages/cotyledon/_service_worker.py:218}}
Feb 24 01:21:38.677718 np0000156687 nova-scheduler[108403]: INFO nova.service [-] Starting scheduler node (version 32.1.0)
Feb 24 01:21:38.677762 np0000156687 nova-scheduler[108387]: DEBUG nova.service [None req-d85d5cd5-3d25-4ddb-8353-9497a197c18b None None] Creating RPC server for service: nova-scheduler on topic: scheduler {{(pid=108387) start /opt/stack/nova/nova/service.py:195}}
Feb 24 01:21:38.677792 np0000156687 nova-scheduler[108396]: DEBUG dbcounter [-] [108396] Writer thread running {{(pid=108396) stat_writer /opt/stack/data/venv/lib/python3.12/site-packages/dbcounter.py:102}}
Feb 24 01:21:38.681459 np0000156687 nova-scheduler[108396]: DEBUG nova.service [None req-4cc63895-478e-40ae-8e6e-cf5b301d5d4a None None] Creating RPC server for service: nova-scheduler on topic: scheduler {{(pid=108396) start /opt/stack/nova/nova/service.py:195}}
Feb 24 01:21:38.683491 np0000156687 nova-scheduler[108403]: INFO dbcounter [None req-3155c899-239c-40ff-ba95-fdc2ffc054ea None None] Registered counter for database nova_cell0
Feb 24 01:21:38.688328 np0000156687 nova-scheduler[108381]: DEBUG nova.service [None req-d680a1e4-35f0-4cf8-8818-5b082d97df83 None None] Join ServiceGroup membership for this service scheduler {{(pid=108381) start /opt/stack/nova/nova/service.py:221}}
Feb 24 01:21:38.688681 np0000156687 nova-scheduler[108381]: DEBUG nova.servicegroup.drivers.db [None req-d680a1e4-35f0-4cf8-8818-5b082d97df83 None None] DB_Driver: join new ServiceGroup member np0000156687 to the scheduler group, service = {{(pid=108381) join /opt/stack/nova/nova/servicegroup/drivers/db.py:44}}
Feb 24 01:21:38.695915 np0000156687 nova-scheduler[108387]: DEBUG nova.service [None req-d85d5cd5-3d25-4ddb-8353-9497a197c18b None None] Join ServiceGroup membership for this service scheduler {{(pid=108387) start /opt/stack/nova/nova/service.py:221}}
Feb 24 01:21:38.695915 np0000156687 nova-scheduler[108387]: DEBUG nova.servicegroup.drivers.db [None req-d85d5cd5-3d25-4ddb-8353-9497a197c18b None None] DB_Driver: join new ServiceGroup member np0000156687 to the scheduler group, service = {{(pid=108387) join /opt/stack/nova/nova/servicegroup/drivers/db.py:44}}
Feb 24 01:21:38.698946 np0000156687 nova-scheduler[108396]: DEBUG nova.service [None req-4cc63895-478e-40ae-8e6e-cf5b301d5d4a None None] Join ServiceGroup membership for this service scheduler {{(pid=108396) start /opt/stack/nova/nova/service.py:221}}
Feb 24 01:21:38.699238 np0000156687 nova-scheduler[108396]: DEBUG nova.servicegroup.drivers.db [None req-4cc63895-478e-40ae-8e6e-cf5b301d5d4a None None] DB_Driver: join new ServiceGroup member np0000156687 to the scheduler group, service = {{(pid=108396) join /opt/stack/nova/nova/servicegroup/drivers/db.py:44}}
Feb 24 01:21:38.700639 np0000156687 nova-scheduler[108403]: DEBUG oslo_db.sqlalchemy.engines [None req-3155c899-239c-40ff-ba95-fdc2ffc054ea None None] MySQL server mode set to STRICT_TRANS_TABLES,STRICT_ALL_TABLES,NO_ZERO_IN_DATE,NO_ZERO_DATE,ERROR_FOR_DIVISION_BY_ZERO,TRADITIONAL,NO_ENGINE_SUBSTITUTION {{(pid=108403) _check_effective_sql_mode /opt/stack/data/venv/lib/python3.12/site-packages/oslo_db/sqlalchemy/engines.py:325}}
Feb 24 01:21:38.712599 np0000156687 nova-scheduler[108403]: DEBUG dbcounter [-] [108403] Writer thread running {{(pid=108403) stat_writer /opt/stack/data/venv/lib/python3.12/site-packages/dbcounter.py:102}}
Feb 24 01:21:38.716183 np0000156687 nova-scheduler[108403]: DEBUG nova.service [None req-3155c899-239c-40ff-ba95-fdc2ffc054ea None None] Creating RPC server for service: nova-scheduler on topic: scheduler {{(pid=108403) start /opt/stack/nova/nova/service.py:195}}
Feb 24 01:21:38.739329 np0000156687 nova-scheduler[108403]: DEBUG nova.service [None req-3155c899-239c-40ff-ba95-fdc2ffc054ea None None] Join ServiceGroup membership for this service scheduler {{(pid=108403) start /opt/stack/nova/nova/service.py:221}}
Feb 24 01:21:38.739742 np0000156687 nova-scheduler[108403]: DEBUG nova.servicegroup.drivers.db [None req-3155c899-239c-40ff-ba95-fdc2ffc054ea None None] DB_Driver: join new ServiceGroup member np0000156687 to the scheduler group, service = {{(pid=108403) join /opt/stack/nova/nova/servicegroup/drivers/db.py:44}}
Feb 24 01:21:40.743050 np0000156687 nova-scheduler[108403]: DEBUG oslo.service.backend._threading.loopingcall [None req-1c952210-5cd8-4981-9f7f-955c0935a790 None None] Dynamic interval looping call 'nova.service.Service.periodic_tasks' sleeping for 60.00 seconds {{(pid=108403) _run_loop /opt/stack/data/venv/lib/python3.12/site-packages/oslo_service/backend/_threading/loopingcall.py:125}}
Feb 24 01:21:43.710632 np0000156687 nova-scheduler[108381]: DEBUG oslo.service.backend._threading.loopingcall [-] Fixed interval looping call 'nova.servicegroup.drivers.db.DbDriver._report_state' sleeping for 119.98 seconds {{(pid=108381) _run_loop /opt/stack/data/venv/lib/python3.12/site-packages/oslo_service/backend/_threading/loopingcall.py:125}}
Feb 24 01:21:43.711373 np0000156687 nova-scheduler[108387]: DEBUG oslo.service.backend._threading.loopingcall [-] Fixed interval looping call 'nova.servicegroup.drivers.db.DbDriver._report_state' sleeping for 119.99 seconds {{(pid=108387) _run_loop /opt/stack/data/venv/lib/python3.12/site-packages/oslo_service/backend/_threading/loopingcall.py:125}}
Feb 24 01:21:43.716754 np0000156687 nova-scheduler[108396]: DEBUG oslo.service.backend._threading.loopingcall [-] Fixed interval looping call 'nova.servicegroup.drivers.db.DbDriver._report_state' sleeping for 119.98 seconds {{(pid=108396) _run_loop /opt/stack/data/venv/lib/python3.12/site-packages/oslo_service/backend/_threading/loopingcall.py:125}}
Feb 24 01:21:43.754792 np0000156687 nova-scheduler[108403]: DEBUG oslo.service.backend._threading.loopingcall [-] Fixed interval looping call 'nova.servicegroup.drivers.db.DbDriver._report_state' sleeping for 119.99 seconds {{(pid=108403) _run_loop /opt/stack/data/venv/lib/python3.12/site-packages/oslo_service/backend/_threading/loopingcall.py:125}}
Feb 24 01:21:46.691576 np0000156687 nova-scheduler[108381]: DEBUG oslo.service.backend._threading.loopingcall [None req-6f91b554-248e-42ce-8e80-915f7cdec03a None None] Dynamic interval looping call 'nova.service.Service.periodic_tasks' sleeping for 60.00 seconds {{(pid=108381) _run_loop /opt/stack/data/venv/lib/python3.12/site-packages/oslo_service/backend/_threading/loopingcall.py:125}}
Feb 24 01:21:47.273457 np0000156687 nova-scheduler[107606]: DEBUG dbcounter [-] [107606] Writing DB stats nova_api:SELECT=3 {{(pid=107606) stat_writer /opt/stack/data/venv/lib/python3.12/site-packages/dbcounter.py:115}}
Feb 24 01:21:47.372404 np0000156687 nova-scheduler[107606]: DEBUG dbcounter [-] [107606] Writing DB stats nova_cell0:SELECT=1 {{(pid=107606) stat_writer /opt/stack/data/venv/lib/python3.12/site-packages/dbcounter.py:115}}
Feb 24 01:21:47.377194 np0000156687 nova-scheduler[107606]: DEBUG dbcounter [-] [107606] Writing DB stats nova_cell1:SELECT=1 {{(pid=107606) stat_writer /opt/stack/data/venv/lib/python3.12/site-packages/dbcounter.py:115}}
Feb 24 01:21:49.701871 np0000156687 nova-scheduler[108396]: DEBUG oslo.service.backend._threading.loopingcall [None req-2cb60e32-03e1-44cd-ae20-aa9bb2e81569 None None] Dynamic interval looping call 'nova.service.Service.periodic_tasks' sleeping for 60.00 seconds {{(pid=108396) _run_loop /opt/stack/data/venv/lib/python3.12/site-packages/oslo_service/backend/_threading/loopingcall.py:125}}
Feb 24 01:21:53.701434 np0000156687 nova-scheduler[108381]: DEBUG dbcounter [-] [108381] Writing DB stats nova_cell0:SELECT=4,nova_cell0:INSERT=1,nova_cell0:UPDATE=1 {{(pid=108381) stat_writer /opt/stack/data/venv/lib/python3.12/site-packages/dbcounter.py:115}}
Feb 24 01:21:53.706413 np0000156687 nova-scheduler[108387]: DEBUG dbcounter [-] [108387] Writing DB stats nova_cell0:SELECT=4,nova_cell0:INSERT=1,nova_cell0:UPDATE=1 {{(pid=108387) stat_writer /opt/stack/data/venv/lib/python3.12/site-packages/dbcounter.py:115}}
Feb 24 01:21:53.711978 np0000156687 nova-scheduler[108396]: DEBUG dbcounter [-] [108396] Writing DB stats nova_cell0:SELECT=3 {{(pid=108396) stat_writer /opt/stack/data/venv/lib/python3.12/site-packages/dbcounter.py:115}}
Feb 24 01:21:53.751369 np0000156687 nova-scheduler[108403]: DEBUG dbcounter [-] [108403] Writing DB stats nova_cell0:SELECT=3 {{(pid=108403) stat_writer /opt/stack/data/venv/lib/python3.12/site-packages/dbcounter.py:115}}
Feb 24 01:22:27.699060 np0000156687 nova-scheduler[108387]: DEBUG oslo.service.backend._threading.loopingcall [None req-54c3b6d3-1ae3-4af0-80fc-e35e8057d717 None None] Dynamic interval looping call 'nova.service.Service.periodic_tasks' sleeping for 60.00 seconds {{(pid=108387) _run_loop /opt/stack/data/venv/lib/python3.12/site-packages/oslo_service/backend/_threading/loopingcall.py:125}}
Feb 24 01:22:40.743577 np0000156687 nova-scheduler[108403]: DEBUG oslo.service.backend._threading.loopingcall [None req-1c952210-5cd8-4981-9f7f-955c0935a790 None None] Dynamic interval looping call 'nova.service.Service.periodic_tasks' sleeping for 60.00 seconds {{(pid=108403) _run_loop /opt/stack/data/venv/lib/python3.12/site-packages/oslo_service/backend/_threading/loopingcall.py:125}}
Feb 24 01:22:46.692392 np0000156687 nova-scheduler[108381]: DEBUG oslo.service.backend._threading.loopingcall [None req-6f91b554-248e-42ce-8e80-915f7cdec03a None None] Dynamic interval looping call 'nova.service.Service.periodic_tasks' sleeping for 60.00 seconds {{(pid=108381) _run_loop /opt/stack/data/venv/lib/python3.12/site-packages/oslo_service/backend/_threading/loopingcall.py:125}}
Feb 24 01:22:49.702728 np0000156687 nova-scheduler[108396]: DEBUG oslo.service.backend._threading.loopingcall [None req-2cb60e32-03e1-44cd-ae20-aa9bb2e81569 None None] Dynamic interval looping call 'nova.service.Service.periodic_tasks' sleeping for 60.00 seconds {{(pid=108396) _run_loop /opt/stack/data/venv/lib/python3.12/site-packages/oslo_service/backend/_threading/loopingcall.py:125}}
Feb 24 01:23:27.699801 np0000156687 nova-scheduler[108387]: DEBUG oslo.service.backend._threading.loopingcall [None req-54c3b6d3-1ae3-4af0-80fc-e35e8057d717 None None] Dynamic interval looping call 'nova.service.Service.periodic_tasks' sleeping for 60.00 seconds {{(pid=108387) _run_loop /opt/stack/data/venv/lib/python3.12/site-packages/oslo_service/backend/_threading/loopingcall.py:125}}
Feb 24 01:23:40.744545 np0000156687 nova-scheduler[108403]: DEBUG oslo.service.backend._threading.loopingcall [None req-1c952210-5cd8-4981-9f7f-955c0935a790 None None] Dynamic interval looping call 'nova.service.Service.periodic_tasks' sleeping for 60.00 seconds {{(pid=108403) _run_loop /opt/stack/data/venv/lib/python3.12/site-packages/oslo_service/backend/_threading/loopingcall.py:125}}
Feb 24 01:23:43.703610 np0000156687 nova-scheduler[108381]: DEBUG oslo.service.backend._threading.loopingcall [-] Fixed interval looping call 'nova.servicegroup.drivers.db.DbDriver._report_state' sleeping for 119.99 seconds {{(pid=108381) _run_loop /opt/stack/data/venv/lib/python3.12/site-packages/oslo_service/backend/_threading/loopingcall.py:125}}
Feb 24 01:23:43.705992 np0000156687 nova-scheduler[108387]: DEBUG oslo.service.backend._threading.loopingcall [-] Fixed interval looping call 'nova.servicegroup.drivers.db.DbDriver._report_state' sleeping for 120.00 seconds {{(pid=108387) _run_loop /opt/stack/data/venv/lib/python3.12/site-packages/oslo_service/backend/_threading/loopingcall.py:125}}
Feb 24 01:23:43.708004 np0000156687 nova-scheduler[108396]: DEBUG oslo.service.backend._threading.loopingcall [-] Fixed interval looping call 'nova.servicegroup.drivers.db.DbDriver._report_state' sleeping for 119.99 seconds {{(pid=108396) _run_loop /opt/stack/data/venv/lib/python3.12/site-packages/oslo_service/backend/_threading/loopingcall.py:125}}
Feb 24 01:23:43.750930 np0000156687 nova-scheduler[108403]: DEBUG oslo.service.backend._threading.loopingcall [-] Fixed interval looping call 'nova.servicegroup.drivers.db.DbDriver._report_state' sleeping for 119.99 seconds {{(pid=108403) _run_loop /opt/stack/data/venv/lib/python3.12/site-packages/oslo_service/backend/_threading/loopingcall.py:125}}
Feb 24 01:23:46.693292 np0000156687 nova-scheduler[108381]: DEBUG oslo.service.backend._threading.loopingcall [None req-6f91b554-248e-42ce-8e80-915f7cdec03a None None] Dynamic interval looping call 'nova.service.Service.periodic_tasks' sleeping for 60.00 seconds {{(pid=108381) _run_loop /opt/stack/data/venv/lib/python3.12/site-packages/oslo_service/backend/_threading/loopingcall.py:125}}
Feb 24 01:23:49.703460 np0000156687 nova-scheduler[108396]: DEBUG oslo.service.backend._threading.loopingcall [None req-2cb60e32-03e1-44cd-ae20-aa9bb2e81569 None None] Dynamic interval looping call 'nova.service.Service.periodic_tasks' sleeping for 60.00 seconds {{(pid=108396) _run_loop /opt/stack/data/venv/lib/python3.12/site-packages/oslo_service/backend/_threading/loopingcall.py:125}}
Feb 24 01:23:53.696264 np0000156687 nova-scheduler[108381]: DEBUG dbcounter [-] [108381] Writing DB stats nova_cell0:SELECT=1,nova_cell0:UPDATE=1 {{(pid=108381) stat_writer /opt/stack/data/venv/lib/python3.12/site-packages/dbcounter.py:115}}
Feb 24 01:23:53.704071 np0000156687 nova-scheduler[108387]: DEBUG dbcounter [-] [108387] Writing DB stats nova_cell0:SELECT=1 {{(pid=108387) stat_writer /opt/stack/data/venv/lib/python3.12/site-packages/dbcounter.py:115}}
Feb 24 01:23:53.706489 np0000156687 nova-scheduler[108396]: DEBUG dbcounter [-] [108396] Writing DB stats nova_cell0:SELECT=1,nova_cell0:UPDATE=1 {{(pid=108396) stat_writer /opt/stack/data/venv/lib/python3.12/site-packages/dbcounter.py:115}}
Feb 24 01:23:53.748165 np0000156687 nova-scheduler[108403]: DEBUG dbcounter [-] [108403] Writing DB stats nova_cell0:SELECT=1 {{(pid=108403) stat_writer /opt/stack/data/venv/lib/python3.12/site-packages/dbcounter.py:115}}
Feb 24 01:24:27.700532 np0000156687 nova-scheduler[108387]: DEBUG oslo.service.backend._threading.loopingcall [None req-54c3b6d3-1ae3-4af0-80fc-e35e8057d717 None None] Dynamic interval looping call 'nova.service.Service.periodic_tasks' sleeping for 60.00 seconds {{(pid=108387) _run_loop /opt/stack/data/venv/lib/python3.12/site-packages/oslo_service/backend/_threading/loopingcall.py:125}}
Feb 24 01:24:40.745336 np0000156687 nova-scheduler[108403]: DEBUG oslo.service.backend._threading.loopingcall [None req-1c952210-5cd8-4981-9f7f-955c0935a790 None None] Dynamic interval looping call 'nova.service.Service.periodic_tasks' sleeping for 60.00 seconds {{(pid=108403) _run_loop /opt/stack/data/venv/lib/python3.12/site-packages/oslo_service/backend/_threading/loopingcall.py:125}}
Feb 24 01:24:46.693903 np0000156687 nova-scheduler[108381]: DEBUG oslo.service.backend._threading.loopingcall [None req-6f91b554-248e-42ce-8e80-915f7cdec03a None None] Dynamic interval looping call 'nova.service.Service.periodic_tasks' sleeping for 60.00 seconds {{(pid=108381) _run_loop /opt/stack/data/venv/lib/python3.12/site-packages/oslo_service/backend/_threading/loopingcall.py:125}}
Feb 24 01:24:49.704206 np0000156687 nova-scheduler[108396]: DEBUG oslo.service.backend._threading.loopingcall [None req-2cb60e32-03e1-44cd-ae20-aa9bb2e81569 None None] Dynamic interval looping call 'nova.service.Service.periodic_tasks' sleeping for 60.00 seconds {{(pid=108396) _run_loop /opt/stack/data/venv/lib/python3.12/site-packages/oslo_service/backend/_threading/loopingcall.py:125}}
Feb 24 01:25:27.701311 np0000156687 nova-scheduler[108387]: DEBUG oslo.service.backend._threading.loopingcall [None req-54c3b6d3-1ae3-4af0-80fc-e35e8057d717 None None] Dynamic interval looping call 'nova.service.Service.periodic_tasks' sleeping for 60.00 seconds {{(pid=108387) _run_loop /opt/stack/data/venv/lib/python3.12/site-packages/oslo_service/backend/_threading/loopingcall.py:125}}
Feb 24 01:25:40.746065 np0000156687 nova-scheduler[108403]: DEBUG oslo.service.backend._threading.loopingcall [None req-1c952210-5cd8-4981-9f7f-955c0935a790 None None] Dynamic interval looping call 'nova.service.Service.periodic_tasks' sleeping for 60.00 seconds {{(pid=108403) _run_loop /opt/stack/data/venv/lib/python3.12/site-packages/oslo_service/backend/_threading/loopingcall.py:125}}
Feb 24 01:25:43.708207 np0000156687 nova-scheduler[108381]: DEBUG oslo.service.backend._threading.loopingcall [-] Fixed interval looping call 'nova.servicegroup.drivers.db.DbDriver._report_state' sleeping for 119.99 seconds {{(pid=108381) _run_loop /opt/stack/data/venv/lib/python3.12/site-packages/oslo_service/backend/_threading/loopingcall.py:125}}
Feb 24 01:25:43.710803 np0000156687 nova-scheduler[108396]: DEBUG oslo.service.backend._threading.loopingcall [-] Fixed interval looping call 'nova.servicegroup.drivers.db.DbDriver._report_state' sleeping for 119.99 seconds {{(pid=108396) _run_loop /opt/stack/data/venv/lib/python3.12/site-packages/oslo_service/backend/_threading/loopingcall.py:125}}
Feb 24 01:25:43.712065 np0000156687 nova-scheduler[108387]: DEBUG oslo.service.backend._threading.loopingcall [-] Fixed interval looping call 'nova.servicegroup.drivers.db.DbDriver._report_state' sleeping for 120.00 seconds {{(pid=108387) _run_loop /opt/stack/data/venv/lib/python3.12/site-packages/oslo_service/backend/_threading/loopingcall.py:125}}
Feb 24 01:25:43.747585 np0000156687 nova-scheduler[108403]: DEBUG oslo.service.backend._threading.loopingcall [-] Fixed interval looping call 'nova.servicegroup.drivers.db.DbDriver._report_state' sleeping for 119.99 seconds {{(pid=108403) _run_loop /opt/stack/data/venv/lib/python3.12/site-packages/oslo_service/backend/_threading/loopingcall.py:125}}
Feb 24 01:25:46.694811 np0000156687 nova-scheduler[108381]: DEBUG oslo.service.backend._threading.loopingcall [None req-6f91b554-248e-42ce-8e80-915f7cdec03a None None] Dynamic interval looping call 'nova.service.Service.periodic_tasks' sleeping for 60.00 seconds {{(pid=108381) _run_loop /opt/stack/data/venv/lib/python3.12/site-packages/oslo_service/backend/_threading/loopingcall.py:125}}
Feb 24 01:25:49.705059 np0000156687 nova-scheduler[108396]: DEBUG oslo.service.backend._threading.loopingcall [None req-2cb60e32-03e1-44cd-ae20-aa9bb2e81569 None None] Dynamic interval looping call 'nova.service.Service.periodic_tasks' sleeping for 60.00 seconds {{(pid=108396) _run_loop /opt/stack/data/venv/lib/python3.12/site-packages/oslo_service/backend/_threading/loopingcall.py:125}}
Feb 24 01:25:53.698511 np0000156687 nova-scheduler[108381]: DEBUG dbcounter [-] [108381] Writing DB stats nova_cell0:SELECT=1,nova_cell0:UPDATE=1 {{(pid=108381) stat_writer /opt/stack/data/venv/lib/python3.12/site-packages/dbcounter.py:115}}
Feb 24 01:25:53.705975 np0000156687 nova-scheduler[108396]: DEBUG dbcounter [-] [108396] Writing DB stats nova_cell0:SELECT=1,nova_cell0:UPDATE=1 {{(pid=108396) stat_writer /opt/stack/data/venv/lib/python3.12/site-packages/dbcounter.py:115}}
Feb 24 01:25:53.708365 np0000156687 nova-scheduler[108387]: DEBUG dbcounter [-] [108387] Writing DB stats nova_cell0:SELECT=1 {{(pid=108387) stat_writer /opt/stack/data/venv/lib/python3.12/site-packages/dbcounter.py:115}}
Feb 24 01:25:53.745020 np0000156687 nova-scheduler[108403]: DEBUG dbcounter [-] [108403] Writing DB stats nova_cell0:SELECT=1 {{(pid=108403) stat_writer /opt/stack/data/venv/lib/python3.12/site-packages/dbcounter.py:115}}
Feb 24 01:26:04.187069 np0000156687 nova-scheduler[108381]: DEBUG nova.scheduler.manager [None req-3405fa5b-c8dd-413c-aa54-e62dfb0567d8 demo demo] Starting to schedule for instances: ['13e1a82c-e665-453f-9877-7c875979872d'] {{(pid=108381) select_destinations /opt/stack/nova/nova/scheduler/manager.py:187}}
Feb 24 01:26:04.189098 np0000156687 nova-scheduler[108381]: DEBUG oslo_db.sqlalchemy.engines [None req-3405fa5b-c8dd-413c-aa54-e62dfb0567d8 demo demo] Parent process 107606 forked (108381) with an open database connection, which is being discarded and recreated. {{(pid=108381) checkout /opt/stack/data/venv/lib/python3.12/site-packages/oslo_db/sqlalchemy/engines.py:402}}
