Apr 12 19:32:32.811928 np0000165323 devstack@neutron-api.service[104175]: DEBUG ovsdbapp.backend.ovs_idl [None req-068f8df9-a9fc-4d44-83b2-f8c52c20231e None None] Created lookup_table index Logical_Router.name {{(pid=104175) autocreate_indices /opt/stack/data/venv/lib/python3.12/site-packages/ovsdbapp/backend/ovs_idl/__init__.py:87}}
Apr 12 19:32:32.812095 np0000165323 devstack@neutron-api.service[104175]: DEBUG ovsdbapp.backend.ovs_idl [None req-068f8df9-a9fc-4d44-83b2-f8c52c20231e None None] Created lookup_table index Load_Balancer.name {{(pid=104175) autocreate_indices /opt/stack/data/venv/lib/python3.12/site-packages/ovsdbapp/backend/ovs_idl/__init__.py:87}}
Apr 12 19:32:32.812185 np0000165323 devstack@neutron-api.service[104175]: DEBUG ovsdbapp.backend.ovs_idl [None req-068f8df9-a9fc-4d44-83b2-f8c52c20231e None None] Created schema index Copp.name {{(pid=104175) autocreate_indices /opt/stack/data/venv/lib/python3.12/site-packages/ovsdbapp/backend/ovs_idl/__init__.py:106}}
Apr 12 19:32:32.812340 np0000165323 devstack@neutron-api.service[104175]: DEBUG ovsdbapp.backend.ovs_idl [None req-068f8df9-a9fc-4d44-83b2-f8c52c20231e None None] Created schema index Meter.name {{(pid=104175) autocreate_indices /opt/stack/data/venv/lib/python3.12/site-packages/ovsdbapp/backend/ovs_idl/__init__.py:106}}
Apr 12 19:32:32.812482 np0000165323 devstack@neutron-api.service[104175]: DEBUG ovsdbapp.backend.ovs_idl [None req-068f8df9-a9fc-4d44-83b2-f8c52c20231e None None] Created schema index Load_Balancer_Group.name {{(pid=104175) autocreate_indices /opt/stack/data/venv/lib/python3.12/site-packages/ovsdbapp/backend/ovs_idl/__init__.py:106}}
Apr 12 19:32:32.812643 np0000165323 devstack@neutron-api.service[104175]: DEBUG ovsdbapp.backend.ovs_idl [None req-068f8df9-a9fc-4d44-83b2-f8c52c20231e None None] Created schema index HA_Chassis_Group.name {{(pid=104175) autocreate_indices /opt/stack/data/venv/lib/python3.12/site-packages/ovsdbapp/backend/ovs_idl/__init__.py:106}}
Apr 12 19:32:32.812737 np0000165323 devstack@neutron-api.service[104175]: DEBUG ovsdbapp.backend.ovs_idl [None req-068f8df9-a9fc-4d44-83b2-f8c52c20231e None None] Created schema index Address_Set.name {{(pid=104175) autocreate_indices /opt/stack/data/venv/lib/python3.12/site-packages/ovsdbapp/backend/ovs_idl/__init__.py:106}}
Apr 12 19:32:32.812927 np0000165323 devstack@neutron-api.service[104175]: DEBUG ovsdbapp.backend.ovs_idl [None req-068f8df9-a9fc-4d44-83b2-f8c52c20231e None None] Created schema index Connection.target {{(pid=104175) autocreate_indices /opt/stack/data/venv/lib/python3.12/site-packages/ovsdbapp/backend/ovs_idl/__init__.py:106}}
Apr 12 19:32:32.813109 np0000165323 devstack@neutron-api.service[104175]: DEBUG ovsdbapp.backend.ovs_idl [None req-068f8df9-a9fc-4d44-83b2-f8c52c20231e None None] Created schema index Gateway_Chassis.name {{(pid=104175) autocreate_indices /opt/stack/data/venv/lib/python3.12/site-packages/ovsdbapp/backend/ovs_idl/__init__.py:106}}
Apr 12 19:32:32.813225 np0000165323 devstack@neutron-api.service[104175]: DEBUG ovsdbapp.backend.ovs_idl [None req-068f8df9-a9fc-4d44-83b2-f8c52c20231e None None] Created schema index Mirror.name {{(pid=104175) autocreate_indices /opt/stack/data/venv/lib/python3.12/site-packages/ovsdbapp/backend/ovs_idl/__init__.py:106}}
Apr 12 19:32:32.813350 np0000165323 devstack@neutron-api.service[104175]: DEBUG ovsdbapp.backend.ovs_idl [None req-068f8df9-a9fc-4d44-83b2-f8c52c20231e None None] Created schema index Chassis_Template_Var.chassis {{(pid=104175) autocreate_indices /opt/stack/data/venv/lib/python3.12/site-packages/ovsdbapp/backend/ovs_idl/__init__.py:106}}
Apr 12 19:32:32.813475 np0000165323 devstack@neutron-api.service[104175]: DEBUG ovsdbapp.backend.ovs_idl [None req-068f8df9-a9fc-4d44-83b2-f8c52c20231e None None] Created schema index Logical_Router_Port.name {{(pid=104175) autocreate_indices /opt/stack/data/venv/lib/python3.12/site-packages/ovsdbapp/backend/ovs_idl/__init__.py:106}}
Apr 12 19:32:32.813581 np0000165323 devstack@neutron-api.service[104175]: DEBUG ovsdbapp.backend.ovs_idl [None req-068f8df9-a9fc-4d44-83b2-f8c52c20231e None None] Created schema index Port_Group.name {{(pid=104175) autocreate_indices /opt/stack/data/venv/lib/python3.12/site-packages/ovsdbapp/backend/ovs_idl/__init__.py:106}}
Apr 12 19:32:32.813775 np0000165323 devstack@neutron-api.service[104175]: DEBUG ovsdbapp.backend.ovs_idl [None req-068f8df9-a9fc-4d44-83b2-f8c52c20231e None None] Created schema index Logical_Switch_Port.name {{(pid=104175) autocreate_indices /opt/stack/data/venv/lib/python3.12/site-packages/ovsdbapp/backend/ovs_idl/__init__.py:106}}
Apr 12 19:32:32.817901 np0000165323 devstack@neutron-api.service[104175]: INFO ovsdbapp.backend.ovs_idl.vlog [None req-068f8df9-a9fc-4d44-83b2-f8c52c20231e None None] ssl:199.204.45.116:6641: connecting...
Apr 12 19:32:32.824066 np0000165323 devstack@neutron-api.service[104175]: INFO ovsdbapp.backend.ovs_idl.vlog [None req-068f8df9-a9fc-4d44-83b2-f8c52c20231e None None] ssl:199.204.45.116:6641: connected
Apr 12 19:32:32.858588 np0000165323 devstack@neutron-api.service[104175]: DEBUG neutron.common.ovn.hash_ring_manager [None req-068f8df9-a9fc-4d44-83b2-f8c52c20231e None None] Disallow caching, nodes 1<4 {{(pid=104175) _wait_startup_before_caching /opt/stack/neutron/neutron/common/ovn/hash_ring_manager.py:72}}
Apr 12 19:32:32.863217 np0000165323 devstack@neutron-api.service[104175]: DEBUG neutron.common.ovn.hash_ring_manager [None req-068f8df9-a9fc-4d44-83b2-f8c52c20231e None None] Hash Ring loaded. 1 active nodes. 0 offline nodes {{(pid=104175) _load_hash_ring /opt/stack/neutron/neutron/common/ovn/hash_ring_manager.py:102}}
Apr 12 19:32:32.863385 np0000165323 devstack@neutron-api.service[104175]: DEBUG neutron.plugins.ml2.drivers.ovn.mech_driver.ovsdb.ovsdb_monitor [None req-068f8df9-a9fc-4d44-83b2-f8c52c20231e None None] Hash Ring: Node d71200c4d9ec566eaac25c7c0f8239fd (host: np0000165323) handling event "create" for row bf4e0f5a-272a-4c17-8793-99b614681ed8 (table: ACL) {{(pid=104175) notify /opt/stack/neutron/neutron/plugins/ml2/drivers/ovn/mech_driver/ovsdb/ovsdb_monitor.py:914}}
Apr 12 19:32:32.870504 np0000165323 devstack@neutron-api.service[104175]: DEBUG neutron.common.ovn.hash_ring_manager [None req-068f8df9-a9fc-4d44-83b2-f8c52c20231e None None] Hash Ring loaded. 1 active nodes. 0 offline nodes {{(pid=104175) _load_hash_ring /opt/stack/neutron/neutron/common/ovn/hash_ring_manager.py:102}}
Apr 12 19:32:32.870753 np0000165323 devstack@neutron-api.service[104175]: DEBUG neutron.plugins.ml2.drivers.ovn.mech_driver.ovsdb.ovsdb_monitor [None req-068f8df9-a9fc-4d44-83b2-f8c52c20231e None None] Hash Ring: Node d71200c4d9ec566eaac25c7c0f8239fd (host: np0000165323) handling event "create" for row ca84b85f-5159-464a-bfbb-850166090878 (table: ACL) {{(pid=104175) notify /opt/stack/neutron/neutron/plugins/ml2/drivers/ovn/mech_driver/ovsdb/ovsdb_monitor.py:914}}
Apr 12 19:32:32.882289 np0000165323 devstack@neutron-api.service[104175]: DEBUG neutron.common.ovn.hash_ring_manager [None req-068f8df9-a9fc-4d44-83b2-f8c52c20231e None None] Hash Ring loaded. 1 active nodes. 0 offline nodes {{(pid=104175) _load_hash_ring /opt/stack/neutron/neutron/common/ovn/hash_ring_manager.py:102}}
Apr 12 19:32:32.882840 np0000165323 devstack@neutron-api.service[104175]: DEBUG neutron.plugins.ml2.drivers.ovn.mech_driver.ovsdb.ovsdb_monitor [None req-068f8df9-a9fc-4d44-83b2-f8c52c20231e None None] Hash Ring: Node d71200c4d9ec566eaac25c7c0f8239fd (host: np0000165323) handling event "create" for row 8cfd8c38-5318-42cc-ac89-7a0ce4c29c6d (table: Connection) {{(pid=104175) notify /opt/stack/neutron/neutron/plugins/ml2/drivers/ovn/mech_driver/ovsdb/ovsdb_monitor.py:914}}
Apr 12 19:32:32.891211 np0000165323 devstack@neutron-api.service[104175]: DEBUG neutron.common.ovn.hash_ring_manager [None req-068f8df9-a9fc-4d44-83b2-f8c52c20231e None None] Hash Ring loaded. 1 active nodes. 0 offline nodes {{(pid=104175) _load_hash_ring /opt/stack/neutron/neutron/common/ovn/hash_ring_manager.py:102}}
Apr 12 19:32:32.891376 np0000165323 devstack@neutron-api.service[104175]: DEBUG neutron.plugins.ml2.drivers.ovn.mech_driver.ovsdb.ovsdb_monitor [None req-068f8df9-a9fc-4d44-83b2-f8c52c20231e None None] Hash Ring: Node d71200c4d9ec566eaac25c7c0f8239fd (host: np0000165323) handling event "create" for row 2d7eda4d-a63e-406c-a444-0b86e650973d (table: NB_Global) {{(pid=104175) notify /opt/stack/neutron/neutron/plugins/ml2/drivers/ovn/mech_driver/ovsdb/ovsdb_monitor.py:914}}
Apr 12 19:32:32.896499 np0000165323 devstack@neutron-api.service[104175]: DEBUG neutron.common.ovn.hash_ring_manager [None req-068f8df9-a9fc-4d44-83b2-f8c52c20231e None None] Hash Ring loaded. 1 active nodes. 0 offline nodes {{(pid=104175) _load_hash_ring /opt/stack/neutron/neutron/common/ovn/hash_ring_manager.py:102}}
Apr 12 19:32:32.896635 np0000165323 devstack@neutron-api.service[104175]: DEBUG neutron.plugins.ml2.drivers.ovn.mech_driver.ovsdb.ovsdb_monitor [None req-068f8df9-a9fc-4d44-83b2-f8c52c20231e None None] Hash Ring: Node d71200c4d9ec566eaac25c7c0f8239fd (host: np0000165323) handling event "create" for row 75f2581d-fb8f-4baa-b92b-fe532a37ad87 (table: Port_Group) {{(pid=104175) notify /opt/stack/neutron/neutron/plugins/ml2/drivers/ovn/mech_driver/ovsdb/ovsdb_monitor.py:914}}
Apr 12 19:32:32.902073 np0000165323 devstack@neutron-api.service[104175]: DEBUG neutron.common.ovn.hash_ring_manager [None req-068f8df9-a9fc-4d44-83b2-f8c52c20231e None None] Hash Ring loaded. 1 active nodes. 0 offline nodes {{(pid=104175) _load_hash_ring /opt/stack/neutron/neutron/common/ovn/hash_ring_manager.py:102}}
Apr 12 19:32:32.902239 np0000165323 devstack@neutron-api.service[104175]: DEBUG neutron.plugins.ml2.drivers.ovn.mech_driver.ovsdb.ovsdb_monitor [None req-068f8df9-a9fc-4d44-83b2-f8c52c20231e None None] Hash Ring: Node d71200c4d9ec566eaac25c7c0f8239fd (host: np0000165323) handling event "create" for row 25a97323-3862-40fd-97b4-799896a166ce (table: SSL) {{(pid=104175) notify /opt/stack/neutron/neutron/plugins/ml2/drivers/ovn/mech_driver/ovsdb/ovsdb_monitor.py:914}}
Apr 12 19:32:32.903264 np0000165323 devstack@neutron-api.service[104175]: INFO neutron.plugins.ml2.drivers.ovn.mech_driver.ovsdb.impl_idl_ovn [None req-068f8df9-a9fc-4d44-83b2-f8c52c20231e None None] Getting OvsdbSbOvnIdl for WorkerService with retry
Apr 12 19:32:32.938926 np0000165323 devstack@neutron-api.service[104175]: DEBUG ovsdbapp.backend.ovs_idl [None req-068f8df9-a9fc-4d44-83b2-f8c52c20231e None None] Created lookup_table index Chassis.name {{(pid=104175) autocreate_indices /opt/stack/data/venv/lib/python3.12/site-packages/ovsdbapp/backend/ovs_idl/__init__.py:87}}
Apr 12 19:32:32.939037 np0000165323 devstack@neutron-api.service[104175]: DEBUG ovsdbapp.backend.ovs_idl [None req-068f8df9-a9fc-4d44-83b2-f8c52c20231e None None] Created lookup_table index Port_Binding.logical_port {{(pid=104175) autocreate_indices /opt/stack/data/venv/lib/python3.12/site-packages/ovsdbapp/backend/ovs_idl/__init__.py:87}}
Apr 12 19:32:32.939136 np0000165323 devstack@neutron-api.service[104175]: DEBUG ovsdbapp.backend.ovs_idl [None req-068f8df9-a9fc-4d44-83b2-f8c52c20231e None None] Created schema index Chassis_Private.name {{(pid=104175) autocreate_indices /opt/stack/data/venv/lib/python3.12/site-packages/ovsdbapp/backend/ovs_idl/__init__.py:106}}
Apr 12 19:32:32.939262 np0000165323 devstack@neutron-api.service[104175]: DEBUG ovsdbapp.backend.ovs_idl [None req-068f8df9-a9fc-4d44-83b2-f8c52c20231e None None] Created schema index Datapath_Binding.tunnel_key {{(pid=104175) autocreate_indices /opt/stack/data/venv/lib/python3.12/site-packages/ovsdbapp/backend/ovs_idl/__init__.py:106}}
Apr 12 19:32:32.941547 np0000165323 devstack@neutron-api.service[104175]: INFO ovsdbapp.backend.ovs_idl.vlog [None req-068f8df9-a9fc-4d44-83b2-f8c52c20231e None None] ssl:199.204.45.116:6642: connecting...
Apr 12 19:32:32.947388 np0000165323 devstack@neutron-api.service[104175]: INFO ovsdbapp.backend.ovs_idl.vlog [None req-068f8df9-a9fc-4d44-83b2-f8c52c20231e None None] ssl:199.204.45.116:6642: connected
Apr 12 19:32:32.980379 np0000165323 devstack@neutron-api.service[104175]: DEBUG neutron.common.ovn.hash_ring_manager [None req-068f8df9-a9fc-4d44-83b2-f8c52c20231e None None] Disallow caching, nodes 1<4 {{(pid=104175) _wait_startup_before_caching /opt/stack/neutron/neutron/common/ovn/hash_ring_manager.py:72}}
Apr 12 19:32:32.985021 np0000165323 devstack@neutron-api.service[104175]: DEBUG neutron.common.ovn.hash_ring_manager [None req-068f8df9-a9fc-4d44-83b2-f8c52c20231e None None] Hash Ring loaded. 1 active nodes. 0 offline nodes {{(pid=104175) _load_hash_ring /opt/stack/neutron/neutron/common/ovn/hash_ring_manager.py:102}}
Apr 12 19:32:32.985231 np0000165323 devstack@neutron-api.service[104175]: DEBUG neutron.plugins.ml2.drivers.ovn.mech_driver.ovsdb.ovsdb_monitor [None req-068f8df9-a9fc-4d44-83b2-f8c52c20231e None None] Hash Ring: Node d71200c4d9ec566eaac25c7c0f8239fd (host: np0000165323) handling event "create" for row eb06ab43-8d05-4c7f-a6e6-304a4104177f (table: Chassis) {{(pid=104175) notify /opt/stack/neutron/neutron/plugins/ml2/drivers/ovn/mech_driver/ovsdb/ovsdb_monitor.py:914}}
Apr 12 19:32:32.986693 np0000165323 devstack@neutron-api.service[104175]: DEBUG ovsdbapp.backend.ovs_idl.event [None req-068f8df9-a9fc-4d44-83b2-f8c52c20231e None None] Matched CREATE: ChassisBandwidthConfigEvent(events=('create', 'update'), table='Chassis', conditions=None, old_conditions=None), priority=20 to row=Chassis(uuid=eb06ab43-8d05-4c7f-a6e6-304a4104177f, encaps=[05029ec6-3d8f-4180-b22e-de4ec6352240], external_ids={}, hostname='np0000165323', name='0e23e707-de13-4928-a0b7-d1c84f8c19d3', nb_cfg=0, other_config={'ct-commit-nat-v2': 'true', 'ct-commit-to-zone': 'true', 'ct-next-zone': 'true', 'ct-no-masked-label': 'true', 'ct-state-save': 'true', 'datapath-type': 'system', 'fdb-timestamp': 'true', 'iface-types': 'afxdp,afxdp-nonpmd,bareudp,erspan,geneve,gre,gtpu,internal,ip6erspan,ip6gre,lisp,patch,srv6,stt,system,tap,vxlan', 'is-interconn': 'false', 'ls-dpg-column': 'true', 'mac-binding-timestamp': 'true', 'ovn-bridge-mappings': 'public:br-ex', 'ovn-chassis-mac-mappings': '', 'ovn-cms-options': 'enable-chassis-as-gw', 'ovn-ct-lb-related': 'true', 'ovn-enable-lflow-cache': 'true', 'ovn-limit-lflow-cache': '', 'ovn-memlimit-lflow-cache-kb': '', 'ovn-monitor-all': 'false', 'ovn-trim-limit-lflow-cache': '', 'ovn-trim-timeout-ms': '', 'ovn-trim-wmark-perc-lflow-cache': '', 'port-up-notif': 'true'}, transport_zones=[], vtep_logical_switches=[]) old= {{(pid=104175) matches /opt/stack/data/venv/lib/python3.12/site-packages/ovsdbapp/backend/ovs_idl/event.py:55}}
Apr 12 19:32:32.987634 np0000165323 devstack@neutron-api.service[104175]: DEBUG neutron.plugins.ml2.drivers.ovn.mech_driver.ovsdb.ovsdb_monitor [None req-068f8df9-a9fc-4d44-83b2-f8c52c20231e None None] ChassisOVNAgentWriteEvent : Matched Chassis_Private, create, None None {{(pid=104175) matches /opt/stack/neutron/neutron/plugins/ml2/drivers/ovn/mech_driver/ovsdb/ovsdb_monitor.py:64}}
Apr 12 19:32:32.987832 np0000165323 devstack@neutron-api.service[104175]: DEBUG neutron.plugins.ml2.drivers.ovn.mech_driver.ovsdb.ovsdb_monitor [None req-068f8df9-a9fc-4d44-83b2-f8c52c20231e None None] ChassisAgentWriteEvent : Matched Chassis_Private, create, None None {{(pid=104175) matches /opt/stack/neutron/neutron/plugins/ml2/drivers/ovn/mech_driver/ovsdb/ovsdb_monitor.py:64}}
Apr 12 19:32:32.994838 np0000165323 devstack@neutron-api.service[104175]: DEBUG neutron.common.ovn.hash_ring_manager [None req-068f8df9-a9fc-4d44-83b2-f8c52c20231e None None] Hash Ring loaded. 1 active nodes. 0 offline nodes {{(pid=104175) _load_hash_ring /opt/stack/neutron/neutron/common/ovn/hash_ring_manager.py:102}}
Apr 12 19:32:32.994966 np0000165323 devstack@neutron-api.service[104175]: DEBUG neutron.plugins.ml2.drivers.ovn.mech_driver.ovsdb.ovsdb_monitor [None req-068f8df9-a9fc-4d44-83b2-f8c52c20231e None None] Hash Ring: Node d71200c4d9ec566eaac25c7c0f8239fd (host: np0000165323) handling event "create" for row 55902331-2d3d-45b0-9480-bca3a2e823e4 (table: Chassis_Private) {{(pid=104175) notify /opt/stack/neutron/neutron/plugins/ml2/drivers/ovn/mech_driver/ovsdb/ovsdb_monitor.py:914}}
Apr 12 19:32:33.000474 np0000165323 devstack@neutron-api.service[104175]: DEBUG neutron.common.ovn.hash_ring_manager [None req-068f8df9-a9fc-4d44-83b2-f8c52c20231e None None] Hash Ring loaded. 1 active nodes. 0 offline nodes {{(pid=104175) _load_hash_ring /opt/stack/neutron/neutron/common/ovn/hash_ring_manager.py:102}}
Apr 12 19:32:33.000649 np0000165323 devstack@neutron-api.service[104175]: DEBUG neutron.plugins.ml2.drivers.ovn.mech_driver.ovsdb.ovsdb_monitor [None req-068f8df9-a9fc-4d44-83b2-f8c52c20231e None None] Hash Ring: Node d71200c4d9ec566eaac25c7c0f8239fd (host: np0000165323) handling event "create" for row 05029ec6-3d8f-4180-b22e-de4ec6352240 (table: Encap) {{(pid=104175) notify /opt/stack/neutron/neutron/plugins/ml2/drivers/ovn/mech_driver/ovsdb/ovsdb_monitor.py:914}}
Apr 12 19:32:33.001965 np0000165323 devstack@neutron-api.service[104175]: INFO neutron.plugins.ml2.drivers.ovn.mech_driver.mech_driver [None req-068f8df9-a9fc-4d44-83b2-f8c52c20231e None None] WorkerService process has finished the post initialization
Apr 12 19:32:33.003026 np0000165323 devstack@neutron-api.service[104175]: INFO neutron.plugins.ml2.drivers.ovn.mech_driver.ovsdb.extensions.qos [-] Starting OVNClientQosExtension
Apr 12 19:32:33.003582 np0000165323 devstack@neutron-api.service[104175]: INFO neutron.plugins.ml2.drivers.ovn.mech_driver.ovsdb.extensions.placement [-] Starting OVNClientPlacementExtension
Apr 12 19:32:33.006136 np0000165323 devstack@neutron-api.service[104175]: WSGI app 0 (mountpoint='') ready in 7 seconds on interpreter 0x72e4f94a3668 pid: 104175 (default app)
Apr 12 19:32:33.069418 np0000165323 devstack@neutron-api.service[104173]: INFO neutron.plugins.ml2.managers [None req-b2d2f48f-aac7-4841-9265-448c8d56fa24 None None] Initializing driver for type 'local'
Apr 12 19:32:33.069554 np0000165323 devstack@neutron-api.service[104173]: INFO neutron.plugins.ml2.managers [None req-b2d2f48f-aac7-4841-9265-448c8d56fa24 None None] Initializing driver for type 'vlan'
Apr 12 19:32:33.119586 np0000165323 devstack@neutron-api.service[104174]: INFO neutron.plugins.ml2.managers [None req-ba21f0b2-4fba-4e48-bae8-801b43e86ca3 None None] Initializing driver for type 'local'
Apr 12 19:32:33.119762 np0000165323 devstack@neutron-api.service[104174]: INFO neutron.plugins.ml2.managers [None req-ba21f0b2-4fba-4e48-bae8-801b43e86ca3 None None] Initializing driver for type 'vlan'
Apr 12 19:32:33.122046 np0000165323 devstack@neutron-api.service[104172]: INFO neutron.plugins.ml2.managers [None req-976c412b-9b36-43fd-a91d-32406ab0db63 None None] Initializing driver for type 'local'
Apr 12 19:32:33.122046 np0000165323 devstack@neutron-api.service[104172]: INFO neutron.plugins.ml2.managers [None req-976c412b-9b36-43fd-a91d-32406ab0db63 None None] Initializing driver for type 'vlan'
Apr 12 19:32:33.264493 np0000165323 devstack@neutron-api.service[104173]: INFO neutron.plugins.ml2.drivers.type_vlan [None req-b2d2f48f-aac7-4841-9265-448c8d56fa24 None None] VlanTypeDriver initialization complete
Apr 12 19:32:33.264621 np0000165323 devstack@neutron-api.service[104173]: INFO neutron.plugins.ml2.managers [None req-b2d2f48f-aac7-4841-9265-448c8d56fa24 None None] Initializing extension driver 'port_security'
Apr 12 19:32:33.264771 np0000165323 devstack@neutron-api.service[104173]: INFO neutron.plugins.ml2.extensions.port_security [None req-b2d2f48f-aac7-4841-9265-448c8d56fa24 None None] PortSecurityExtensionDriver initialization complete
Apr 12 19:32:33.264865 np0000165323 devstack@neutron-api.service[104173]: INFO neutron.plugins.ml2.managers [None req-b2d2f48f-aac7-4841-9265-448c8d56fa24 None None] Initializing extension driver 'qos'
Apr 12 19:32:33.265053 np0000165323 devstack@neutron-api.service[104173]: DEBUG neutron.plugins.ml2.extensions.qos [None req-b2d2f48f-aac7-4841-9265-448c8d56fa24 None None] QosExtensionDriver initialization complete {{(pid=104173) initialize /opt/stack/neutron/neutron/plugins/ml2/extensions/qos.py:31}}
Apr 12 19:32:33.265122 np0000165323 devstack@neutron-api.service[104173]: INFO neutron.plugins.ml2.managers [None req-b2d2f48f-aac7-4841-9265-448c8d56fa24 None None] Initializing mechanism driver 'ovn'
Apr 12 19:32:33.265250 np0000165323 devstack@neutron-api.service[104173]: INFO neutron.plugins.ml2.drivers.ovn.mech_driver.mech_driver [None req-b2d2f48f-aac7-4841-9265-448c8d56fa24 None None] Starting OVNMechanismDriver
Apr 12 19:32:33.266837 np0000165323 devstack@neutron-api.service[104173]: DEBUG neutron_lib.callbacks.manager [None req-b2d2f48f-aac7-4841-9265-448c8d56fa24 None None] Subscribe: > process before_spawn 55550000, False {{(pid=104173) subscribe /opt/stack/data/venv/lib/python3.12/site-packages/neutron_lib/callbacks/manager.py:52}}
Apr 12 19:32:33.267020 np0000165323 devstack@neutron-api.service[104173]: DEBUG neutron_lib.callbacks.manager [None req-b2d2f48f-aac7-4841-9265-448c8d56fa24 None None] Subscribe: > process after_init 55550000, True {{(pid=104173) subscribe /opt/stack/data/venv/lib/python3.12/site-packages/neutron_lib/callbacks/manager.py:52}}
Apr 12 19:32:33.267139 np0000165323 devstack@neutron-api.service[104173]: DEBUG neutron_lib.callbacks.manager [None req-b2d2f48f-aac7-4841-9265-448c8d56fa24 None None] Subscribe: > segment after_create 55550000, False {{(pid=104173) subscribe /opt/stack/data/venv/lib/python3.12/site-packages/neutron_lib/callbacks/manager.py:52}}
Apr 12 19:32:33.267236 np0000165323 devstack@neutron-api.service[104173]: DEBUG neutron_lib.callbacks.manager [None req-b2d2f48f-aac7-4841-9265-448c8d56fa24 None None] Subscribe: > segment after_create 55550000, False {{(pid=104173) subscribe /opt/stack/data/venv/lib/python3.12/site-packages/neutron_lib/callbacks/manager.py:52}}
Apr 12 19:32:33.267354 np0000165323 devstack@neutron-api.service[104173]: DEBUG neutron_lib.callbacks.manager [None req-b2d2f48f-aac7-4841-9265-448c8d56fa24 None None] Subscribe: > segment after_delete 55550000, False {{(pid=104173) subscribe /opt/stack/data/venv/lib/python3.12/site-packages/neutron_lib/callbacks/manager.py:52}}
Apr 12 19:32:33.267463 np0000165323 devstack@neutron-api.service[104173]: DEBUG neutron_lib.callbacks.manager [None req-b2d2f48f-aac7-4841-9265-448c8d56fa24 None None] Subscribe: > allowed_address_pair before_create 55550000, False {{(pid=104173) subscribe /opt/stack/data/venv/lib/python3.12/site-packages/neutron_lib/callbacks/manager.py:52}}
Apr 12 19:32:33.267593 np0000165323 devstack@neutron-api.service[104173]: DEBUG neutron_lib.callbacks.manager [None req-b2d2f48f-aac7-4841-9265-448c8d56fa24 None None] Subscribe: > security_group precommit_create 55550000, False {{(pid=104173) subscribe /opt/stack/data/venv/lib/python3.12/site-packages/neutron_lib/callbacks/manager.py:52}}
Apr 12 19:32:33.267821 np0000165323 devstack@neutron-api.service[104173]: DEBUG neutron_lib.callbacks.manager [None req-b2d2f48f-aac7-4841-9265-448c8d56fa24 None None] Subscribe: > security_group after_update 55550000, False {{(pid=104173) subscribe /opt/stack/data/venv/lib/python3.12/site-packages/neutron_lib/callbacks/manager.py:52}}
Apr 12 19:32:33.267821 np0000165323 devstack@neutron-api.service[104173]: DEBUG neutron_lib.callbacks.manager [None req-b2d2f48f-aac7-4841-9265-448c8d56fa24 None None] Subscribe: > security_group after_create 55550000, False {{(pid=104173) subscribe /opt/stack/data/venv/lib/python3.12/site-packages/neutron_lib/callbacks/manager.py:52}}
Apr 12 19:32:33.267902 np0000165323 devstack@neutron-api.service[104173]: DEBUG neutron_lib.callbacks.manager [None req-b2d2f48f-aac7-4841-9265-448c8d56fa24 None None] Subscribe: > security_group precommit_delete 55550000, False {{(pid=104173) subscribe /opt/stack/data/venv/lib/python3.12/site-packages/neutron_lib/callbacks/manager.py:52}}
Apr 12 19:32:33.268064 np0000165323 devstack@neutron-api.service[104173]: DEBUG neutron_lib.callbacks.manager [None req-b2d2f48f-aac7-4841-9265-448c8d56fa24 None None] Subscribe: > security_group after_delete 55550000, False {{(pid=104173) subscribe /opt/stack/data/venv/lib/python3.12/site-packages/neutron_lib/callbacks/manager.py:52}}
Apr 12 19:32:33.268144 np0000165323 devstack@neutron-api.service[104173]: DEBUG neutron_lib.callbacks.manager [None req-b2d2f48f-aac7-4841-9265-448c8d56fa24 None None] Subscribe: > security_group_rule precommit_create 55550000, False {{(pid=104173) subscribe /opt/stack/data/venv/lib/python3.12/site-packages/neutron_lib/callbacks/manager.py:52}}
Apr 12 19:32:33.268232 np0000165323 devstack@neutron-api.service[104173]: DEBUG neutron_lib.callbacks.manager [None req-b2d2f48f-aac7-4841-9265-448c8d56fa24 None None] Subscribe: > security_group_rule after_create 55550000, False {{(pid=104173) subscribe /opt/stack/data/venv/lib/python3.12/site-packages/neutron_lib/callbacks/manager.py:52}}
Apr 12 19:32:33.268335 np0000165323 devstack@neutron-api.service[104173]: DEBUG neutron_lib.callbacks.manager [None req-b2d2f48f-aac7-4841-9265-448c8d56fa24 None None] Subscribe: > security_group_rule before_delete 55550000, False {{(pid=104173) subscribe /opt/stack/data/venv/lib/python3.12/site-packages/neutron_lib/callbacks/manager.py:52}}
Apr 12 19:32:33.268425 np0000165323 devstack@neutron-api.service[104173]: DEBUG neutron_lib.callbacks.manager [None req-b2d2f48f-aac7-4841-9265-448c8d56fa24 None None] Subscribe: > address_group after_create 55550000, False {{(pid=104173) subscribe /opt/stack/data/venv/lib/python3.12/site-packages/neutron_lib/callbacks/manager.py:52}}
Apr 12 19:32:33.268539 np0000165323 devstack@neutron-api.service[104173]: DEBUG neutron_lib.callbacks.manager [None req-b2d2f48f-aac7-4841-9265-448c8d56fa24 None None] Subscribe: > address_group after_update 55550000, False {{(pid=104173) subscribe /opt/stack/data/venv/lib/python3.12/site-packages/neutron_lib/callbacks/manager.py:52}}
Apr 12 19:32:33.268641 np0000165323 devstack@neutron-api.service[104173]: DEBUG neutron_lib.callbacks.manager [None req-b2d2f48f-aac7-4841-9265-448c8d56fa24 None None] Subscribe: > address_group after_delete 55550000, False {{(pid=104173) subscribe /opt/stack/data/venv/lib/python3.12/site-packages/neutron_lib/callbacks/manager.py:52}}
Apr 12 19:32:33.268852 np0000165323 devstack@neutron-api.service[104173]: DEBUG neutron_lib.callbacks.manager [None req-b2d2f48f-aac7-4841-9265-448c8d56fa24 None None] Subscribe: > qos_plugin after_init 55550000, False {{(pid=104173) subscribe /opt/stack/data/venv/lib/python3.12/site-packages/neutron_lib/callbacks/manager.py:52}}
Apr 12 19:32:33.269011 np0000165323 devstack@neutron-api.service[104173]: DEBUG neutron_lib.callbacks.manager [None req-b2d2f48f-aac7-4841-9265-448c8d56fa24 None None] Subscribe: > trunk_plugin after_init 55550000, False {{(pid=104173) subscribe /opt/stack/data/venv/lib/python3.12/site-packages/neutron_lib/callbacks/manager.py:52}}
Apr 12 19:32:33.269342 np0000165323 devstack@neutron-api.service[104173]: DEBUG neutron_lib.callbacks.manager [None req-b2d2f48f-aac7-4841-9265-448c8d56fa24 None None] Subscribe: > logging-plugin after_init 55550000, False {{(pid=104173) subscribe /opt/stack/data/venv/lib/python3.12/site-packages/neutron_lib/callbacks/manager.py:52}}
Apr 12 19:32:33.270120 np0000165323 devstack@neutron-api.service[104173]: INFO neutron.services.logapi.drivers.ovn.driver [None req-b2d2f48f-aac7-4841-9265-448c8d56fa24 None None] OVN logging driver registered
Apr 12 19:32:33.271662 np0000165323 devstack@neutron-api.service[104172]: INFO neutron.plugins.ml2.drivers.type_vlan [None req-976c412b-9b36-43fd-a91d-32406ab0db63 None None] VlanTypeDriver initialization complete
Apr 12 19:32:33.271805 np0000165323 devstack@neutron-api.service[104172]: INFO neutron.plugins.ml2.managers [None req-976c412b-9b36-43fd-a91d-32406ab0db63 None None] Initializing extension driver 'port_security'
Apr 12 19:32:33.271905 np0000165323 devstack@neutron-api.service[104172]: INFO neutron.plugins.ml2.extensions.port_security [None req-976c412b-9b36-43fd-a91d-32406ab0db63 None None] PortSecurityExtensionDriver initialization complete
Apr 12 19:32:33.272261 np0000165323 devstack@neutron-api.service[104172]: INFO neutron.plugins.ml2.managers [None req-976c412b-9b36-43fd-a91d-32406ab0db63 None None] Initializing extension driver 'qos'
Apr 12 19:32:33.272303 np0000165323 devstack@neutron-api.service[104173]: DEBUG neutron.plugins.ml2.plugin [None req-b2d2f48f-aac7-4841-9265-448c8d56fa24 None None] neutron.plugins.ml2.plugin.Ml2Plugin method _start_rpc_notifiers called with arguments () {} {{(pid=104173) wrapper /opt/stack/data/venv/lib/python3.12/site-packages/oslo_log/helpers.py:77}}
Apr 12 19:32:33.272340 np0000165323 devstack@neutron-api.service[104172]: DEBUG neutron.plugins.ml2.extensions.qos [None req-976c412b-9b36-43fd-a91d-32406ab0db63 None None] QosExtensionDriver initialization complete {{(pid=104172) initialize /opt/stack/neutron/neutron/plugins/ml2/extensions/qos.py:31}}
Apr 12 19:32:33.272340 np0000165323 devstack@neutron-api.service[104172]: INFO neutron.plugins.ml2.managers [None req-976c412b-9b36-43fd-a91d-32406ab0db63 None None] Initializing mechanism driver 'ovn'
Apr 12 19:32:33.272340 np0000165323 devstack@neutron-api.service[104172]: INFO neutron.plugins.ml2.drivers.ovn.mech_driver.mech_driver [None req-976c412b-9b36-43fd-a91d-32406ab0db63 None None] Starting OVNMechanismDriver
Apr 12 19:32:33.272437 np0000165323 devstack@neutron-api.service[104173]: DEBUG neutron_lib.callbacks.manager [None req-b2d2f48f-aac7-4841-9265-448c8d56fa24 None None] Subscribe: > port after_create 55550000, False {{(pid=104173) subscribe /opt/stack/data/venv/lib/python3.12/site-packages/neutron_lib/callbacks/manager.py:52}}
Apr 12 19:32:33.272477 np0000165323 devstack@neutron-api.service[104173]: DEBUG neutron_lib.callbacks.manager [None req-b2d2f48f-aac7-4841-9265-448c8d56fa24 None None] Subscribe: > port after_update 55550000, False {{(pid=104173) subscribe /opt/stack/data/venv/lib/python3.12/site-packages/neutron_lib/callbacks/manager.py:52}}
Apr 12 19:32:33.272569 np0000165323 devstack@neutron-api.service[104173]: DEBUG neutron_lib.callbacks.manager [None req-b2d2f48f-aac7-4841-9265-448c8d56fa24 None None] Subscribe: > port after_delete 55550000, False {{(pid=104173) subscribe /opt/stack/data/venv/lib/python3.12/site-packages/neutron_lib/callbacks/manager.py:52}}
Apr 12 19:32:33.272689 np0000165323 devstack@neutron-api.service[104173]: DEBUG neutron_lib.callbacks.manager [None req-b2d2f48f-aac7-4841-9265-448c8d56fa24 None None] Subscribe: > subnet after_create 55550000, False {{(pid=104173) subscribe /opt/stack/data/venv/lib/python3.12/site-packages/neutron_lib/callbacks/manager.py:52}}
Apr 12 19:32:33.272821 np0000165323 devstack@neutron-api.service[104173]: DEBUG neutron_lib.callbacks.manager [None req-b2d2f48f-aac7-4841-9265-448c8d56fa24 None None] Subscribe: > subnet after_update 55550000, False {{(pid=104173) subscribe /opt/stack/data/venv/lib/python3.12/site-packages/neutron_lib/callbacks/manager.py:52}}
Apr 12 19:32:33.272885 np0000165323 devstack@neutron-api.service[104173]: DEBUG neutron_lib.callbacks.manager [None req-b2d2f48f-aac7-4841-9265-448c8d56fa24 None None] Subscribe: > subnet after_delete 55550000, False {{(pid=104173) subscribe /opt/stack/data/venv/lib/python3.12/site-packages/neutron_lib/callbacks/manager.py:52}}
Apr 12 19:32:33.273005 np0000165323 devstack@neutron-api.service[104173]: DEBUG neutron_lib.callbacks.manager [None req-b2d2f48f-aac7-4841-9265-448c8d56fa24 None None] Subscribe: > network after_create 55550000, False {{(pid=104173) subscribe /opt/stack/data/venv/lib/python3.12/site-packages/neutron_lib/callbacks/manager.py:52}}
Apr 12 19:32:33.273104 np0000165323 devstack@neutron-api.service[104173]: DEBUG neutron_lib.callbacks.manager [None req-b2d2f48f-aac7-4841-9265-448c8d56fa24 None None] Subscribe: > network after_update 55550000, False {{(pid=104173) subscribe /opt/stack/data/venv/lib/python3.12/site-packages/neutron_lib/callbacks/manager.py:52}}
Apr 12 19:32:33.273237 np0000165323 devstack@neutron-api.service[104173]: DEBUG neutron_lib.callbacks.manager [None req-b2d2f48f-aac7-4841-9265-448c8d56fa24 None None] Subscribe: > network after_delete 55550000, False {{(pid=104173) subscribe /opt/stack/data/venv/lib/python3.12/site-packages/neutron_lib/callbacks/manager.py:52}}
Apr 12 19:32:33.273335 np0000165323 devstack@neutron-api.service[104173]: DEBUG neutron_lib.callbacks.manager [None req-b2d2f48f-aac7-4841-9265-448c8d56fa24 None None] Subscribe: > security_group after_create 55550000, False {{(pid=104173) subscribe /opt/stack/data/venv/lib/python3.12/site-packages/neutron_lib/callbacks/manager.py:52}}
Apr 12 19:32:33.273400 np0000165323 devstack@neutron-api.service[104174]: INFO neutron.plugins.ml2.drivers.type_vlan [None req-ba21f0b2-4fba-4e48-bae8-801b43e86ca3 None None] VlanTypeDriver initialization complete
Apr 12 19:32:33.273725 np0000165323 devstack@neutron-api.service[104173]: DEBUG neutron_lib.callbacks.manager [None req-b2d2f48f-aac7-4841-9265-448c8d56fa24 None None] Subscribe: > security_group after_update 55550000, False {{(pid=104173) subscribe /opt/stack/data/venv/lib/python3.12/site-packages/neutron_lib/callbacks/manager.py:52}}
Apr 12 19:32:33.273725 np0000165323 devstack@neutron-api.service[104173]: DEBUG neutron_lib.callbacks.manager [None req-b2d2f48f-aac7-4841-9265-448c8d56fa24 None None] Subscribe: > security_group after_delete 55550000, False {{(pid=104173) subscribe /opt/stack/data/venv/lib/python3.12/site-packages/neutron_lib/callbacks/manager.py:52}}
Apr 12 19:32:33.273772 np0000165323 devstack@neutron-api.service[104174]: INFO neutron.plugins.ml2.managers [None req-ba21f0b2-4fba-4e48-bae8-801b43e86ca3 None None] Initializing extension driver 'port_security'
Apr 12 19:32:33.273841 np0000165323 devstack@neutron-api.service[104173]: DEBUG neutron_lib.callbacks.manager [None req-b2d2f48f-aac7-4841-9265-448c8d56fa24 None None] Subscribe: > security_group_rule after_create 55550000, False {{(pid=104173) subscribe /opt/stack/data/venv/lib/python3.12/site-packages/neutron_lib/callbacks/manager.py:52}}
Apr 12 19:32:33.273940 np0000165323 devstack@neutron-api.service[104174]: INFO neutron.plugins.ml2.extensions.port_security [None req-ba21f0b2-4fba-4e48-bae8-801b43e86ca3 None None] PortSecurityExtensionDriver initialization complete
Apr 12 19:32:33.273940 np0000165323 devstack@neutron-api.service[104174]: INFO neutron.plugins.ml2.managers [None req-ba21f0b2-4fba-4e48-bae8-801b43e86ca3 None None] Initializing extension driver 'qos'
Apr 12 19:32:33.273999 np0000165323 devstack@neutron-api.service[104173]: DEBUG neutron_lib.callbacks.manager [None req-b2d2f48f-aac7-4841-9265-448c8d56fa24 None None] Subscribe: > security_group_rule after_update 55550000, False {{(pid=104173) subscribe /opt/stack/data/venv/lib/python3.12/site-packages/neutron_lib/callbacks/manager.py:52}}
Apr 12 19:32:33.274038 np0000165323 devstack@neutron-api.service[104174]: DEBUG neutron.plugins.ml2.extensions.qos [None req-ba21f0b2-4fba-4e48-bae8-801b43e86ca3 None None] QosExtensionDriver initialization complete {{(pid=104174) initialize /opt/stack/neutron/neutron/plugins/ml2/extensions/qos.py:31}}
Apr 12 19:32:33.274069 np0000165323 devstack@neutron-api.service[104173]: DEBUG neutron_lib.callbacks.manager [None req-b2d2f48f-aac7-4841-9265-448c8d56fa24 None None] Subscribe: > security_group_rule after_delete 55550000, False {{(pid=104173) subscribe /opt/stack/data/venv/lib/python3.12/site-packages/neutron_lib/callbacks/manager.py:52}}
Apr 12 19:32:33.274095 np0000165323 devstack@neutron-api.service[104174]: INFO neutron.plugins.ml2.managers [None req-ba21f0b2-4fba-4e48-bae8-801b43e86ca3 None None] Initializing mechanism driver 'ovn'
Apr 12 19:32:33.274148 np0000165323 devstack@neutron-api.service[104172]: DEBUG neutron_lib.callbacks.manager [None req-976c412b-9b36-43fd-a91d-32406ab0db63 None None] Subscribe: > process before_spawn 55550000, False {{(pid=104172) subscribe /opt/stack/data/venv/lib/python3.12/site-packages/neutron_lib/callbacks/manager.py:52}}
Apr 12 19:32:33.274175 np0000165323 devstack@neutron-api.service[104173]: DEBUG neutron_lib.callbacks.manager [None req-b2d2f48f-aac7-4841-9265-448c8d56fa24 None None] Subscribe: > address_group after_create 55550000, False {{(pid=104173) subscribe /opt/stack/data/venv/lib/python3.12/site-packages/neutron_lib/callbacks/manager.py:52}}
Apr 12 19:32:33.274201 np0000165323 devstack@neutron-api.service[104174]: INFO neutron.plugins.ml2.drivers.ovn.mech_driver.mech_driver [None req-ba21f0b2-4fba-4e48-bae8-801b43e86ca3 None None] Starting OVNMechanismDriver
Apr 12 19:32:33.274229 np0000165323 devstack@neutron-api.service[104172]: DEBUG neutron_lib.callbacks.manager [None req-976c412b-9b36-43fd-a91d-32406ab0db63 None None] Subscribe: > process after_init 55550000, True {{(pid=104172) subscribe /opt/stack/data/venv/lib/python3.12/site-packages/neutron_lib/callbacks/manager.py:52}}
Apr 12 19:32:33.274290 np0000165323 devstack@neutron-api.service[104173]: DEBUG neutron_lib.callbacks.manager [None req-b2d2f48f-aac7-4841-9265-448c8d56fa24 None None] Subscribe: > address_group after_update 55550000, False {{(pid=104173) subscribe /opt/stack/data/venv/lib/python3.12/site-packages/neutron_lib/callbacks/manager.py:52}}
Apr 12 19:32:33.274290 np0000165323 devstack@neutron-api.service[104173]: DEBUG neutron_lib.callbacks.manager [None req-b2d2f48f-aac7-4841-9265-448c8d56fa24 None None] Subscribe: > address_group after_delete 55550000, False {{(pid=104173) subscribe /opt/stack/data/venv/lib/python3.12/site-packages/neutron_lib/callbacks/manager.py:52}}
Apr 12 19:32:33.274366 np0000165323 devstack@neutron-api.service[104172]: DEBUG neutron_lib.callbacks.manager [None req-976c412b-9b36-43fd-a91d-32406ab0db63 None None] Subscribe: > segment after_create 55550000, False {{(pid=104172) subscribe /opt/stack/data/venv/lib/python3.12/site-packages/neutron_lib/callbacks/manager.py:52}}
Apr 12 19:32:33.274366 np0000165323 devstack@neutron-api.service[104172]: DEBUG neutron_lib.callbacks.manager [None req-976c412b-9b36-43fd-a91d-32406ab0db63 None None] Subscribe: > segment after_create 55550000, False {{(pid=104172) subscribe /opt/stack/data/venv/lib/python3.12/site-packages/neutron_lib/callbacks/manager.py:52}}
Apr 12 19:32:33.274413 np0000165323 devstack@neutron-api.service[104173]: DEBUG neutron.plugins.ml2.ovo_rpc [None req-b2d2f48f-aac7-4841-9265-448c8d56fa24 None None] ML2 OVO RPC backend initialized. {{(pid=104173) __init__ /opt/stack/neutron/neutron/plugins/ml2/ovo_rpc.py:117}}
Apr 12 19:32:33.274445 np0000165323 devstack@neutron-api.service[104172]: DEBUG neutron_lib.callbacks.manager [None req-976c412b-9b36-43fd-a91d-32406ab0db63 None None] Subscribe: > segment after_delete 55550000, False {{(pid=104172) subscribe /opt/stack/data/venv/lib/python3.12/site-packages/neutron_lib/callbacks/manager.py:52}}
Apr 12 19:32:33.274519 np0000165323 devstack@neutron-api.service[104172]: DEBUG neutron_lib.callbacks.manager [None req-976c412b-9b36-43fd-a91d-32406ab0db63 None None] Subscribe: > allowed_address_pair before_create 55550000, False {{(pid=104172) subscribe /opt/stack/data/venv/lib/python3.12/site-packages/neutron_lib/callbacks/manager.py:52}}
Apr 12 19:32:33.274653 np0000165323 devstack@neutron-api.service[104172]: DEBUG neutron_lib.callbacks.manager [None req-976c412b-9b36-43fd-a91d-32406ab0db63 None None] Subscribe: > security_group precommit_create 55550000, False {{(pid=104172) subscribe /opt/stack/data/venv/lib/python3.12/site-packages/neutron_lib/callbacks/manager.py:52}}
Apr 12 19:32:33.274728 np0000165323 devstack@neutron-api.service[104172]: DEBUG neutron_lib.callbacks.manager [None req-976c412b-9b36-43fd-a91d-32406ab0db63 None None] Subscribe: > security_group after_update 55550000, False {{(pid=104172) subscribe /opt/stack/data/venv/lib/python3.12/site-packages/neutron_lib/callbacks/manager.py:52}}
Apr 12 19:32:33.274841 np0000165323 devstack@neutron-api.service[104172]: DEBUG neutron_lib.callbacks.manager [None req-976c412b-9b36-43fd-a91d-32406ab0db63 None None] Subscribe: > security_group after_create 55550000, False {{(pid=104172) subscribe /opt/stack/data/venv/lib/python3.12/site-packages/neutron_lib/callbacks/manager.py:52}}
Apr 12 19:32:33.274934 np0000165323 devstack@neutron-api.service[104172]: DEBUG neutron_lib.callbacks.manager [None req-976c412b-9b36-43fd-a91d-32406ab0db63 None None] Subscribe: > security_group precommit_delete 55550000, False {{(pid=104172) subscribe /opt/stack/data/venv/lib/python3.12/site-packages/neutron_lib/callbacks/manager.py:52}}
Apr 12 19:32:33.275083 np0000165323 devstack@neutron-api.service[104172]: DEBUG neutron_lib.callbacks.manager [None req-976c412b-9b36-43fd-a91d-32406ab0db63 None None] Subscribe: > security_group after_delete 55550000, False {{(pid=104172) subscribe /opt/stack/data/venv/lib/python3.12/site-packages/neutron_lib/callbacks/manager.py:52}}
Apr 12 19:32:33.275189 np0000165323 devstack@neutron-api.service[104172]: DEBUG neutron_lib.callbacks.manager [None req-976c412b-9b36-43fd-a91d-32406ab0db63 None None] Subscribe: > security_group_rule precommit_create 55550000, False {{(pid=104172) subscribe /opt/stack/data/venv/lib/python3.12/site-packages/neutron_lib/callbacks/manager.py:52}}
Apr 12 19:32:33.275219 np0000165323 devstack@neutron-api.service[104173]: INFO neutron.quota [None req-b2d2f48f-aac7-4841-9265-448c8d56fa24 None None] Loaded quota_driver: .
Apr 12 19:32:33.275291 np0000165323 devstack@neutron-api.service[104172]: DEBUG neutron_lib.callbacks.manager [None req-976c412b-9b36-43fd-a91d-32406ab0db63 None None] Subscribe: > security_group_rule after_create 55550000, False {{(pid=104172) subscribe /opt/stack/data/venv/lib/python3.12/site-packages/neutron_lib/callbacks/manager.py:52}}
Apr 12 19:32:33.275324 np0000165323 devstack@neutron-api.service[104173]: INFO neutron.plugins.ml2.plugin [None req-b2d2f48f-aac7-4841-9265-448c8d56fa24 None None] Modular L2 Plugin initialization complete
Apr 12 19:32:33.275394 np0000165323 devstack@neutron-api.service[104172]: DEBUG neutron_lib.callbacks.manager [None req-976c412b-9b36-43fd-a91d-32406ab0db63 None None] Subscribe: > security_group_rule before_delete 55550000, False {{(pid=104172) subscribe /opt/stack/data/venv/lib/python3.12/site-packages/neutron_lib/callbacks/manager.py:52}}
Apr 12 19:32:33.275428 np0000165323 devstack@neutron-api.service[104173]: DEBUG neutron.manager [None req-b2d2f48f-aac7-4841-9265-448c8d56fa24 None None] Loading services supported by the core plugin {{(pid=104173) _load_services_from_core_plugin /opt/stack/neutron/neutron/manager.py:170}}
Apr 12 19:32:33.275493 np0000165323 devstack@neutron-api.service[104172]: DEBUG neutron_lib.callbacks.manager [None req-976c412b-9b36-43fd-a91d-32406ab0db63 None None] Subscribe: > address_group after_create 55550000, False {{(pid=104172) subscribe /opt/stack/data/venv/lib/python3.12/site-packages/neutron_lib/callbacks/manager.py:52}}
Apr 12 19:32:33.275523 np0000165323 devstack@neutron-api.service[104174]: DEBUG neutron_lib.callbacks.manager [None req-ba21f0b2-4fba-4e48-bae8-801b43e86ca3 None None] Subscribe: > process before_spawn 55550000, False {{(pid=104174) subscribe /opt/stack/data/venv/lib/python3.12/site-packages/neutron_lib/callbacks/manager.py:52}}
Apr 12 19:32:33.275550 np0000165323 devstack@neutron-api.service[104173]: INFO neutron.plugins.ml2.managers [None req-b2d2f48f-aac7-4841-9265-448c8d56fa24 None None] Got port-security extension from driver 'port_security'
Apr 12 19:32:33.275594 np0000165323 devstack@neutron-api.service[104172]: DEBUG neutron_lib.callbacks.manager [None req-976c412b-9b36-43fd-a91d-32406ab0db63 None None] Subscribe: > address_group after_update 55550000, False {{(pid=104172) subscribe /opt/stack/data/venv/lib/python3.12/site-packages/neutron_lib/callbacks/manager.py:52}}
Apr 12 19:32:33.275659 np0000165323 devstack@neutron-api.service[104174]: DEBUG neutron_lib.callbacks.manager [None req-ba21f0b2-4fba-4e48-bae8-801b43e86ca3 None None] Subscribe: > process after_init 55550000, True {{(pid=104174) subscribe /opt/stack/data/venv/lib/python3.12/site-packages/neutron_lib/callbacks/manager.py:52}}
Apr 12 19:32:33.275688 np0000165323 devstack@neutron-api.service[104172]: DEBUG neutron_lib.callbacks.manager [None req-976c412b-9b36-43fd-a91d-32406ab0db63 None None] Subscribe: > address_group after_delete 55550000, False {{(pid=104172) subscribe /opt/stack/data/venv/lib/python3.12/site-packages/neutron_lib/callbacks/manager.py:52}}
Apr 12 19:32:33.275764 np0000165323 devstack@neutron-api.service[104174]: DEBUG neutron_lib.callbacks.manager [None req-ba21f0b2-4fba-4e48-bae8-801b43e86ca3 None None] Subscribe: > segment after_create 55550000, False {{(pid=104174) subscribe /opt/stack/data/venv/lib/python3.12/site-packages/neutron_lib/callbacks/manager.py:52}}
Apr 12 19:32:33.275796 np0000165323 devstack@neutron-api.service[104173]: DEBUG neutron.manager [None req-b2d2f48f-aac7-4841-9265-448c8d56fa24 None None] Loading service plugins: ['ovn-router', 'auto_allocate', 'tag', 'timestamp', 'network_ip_availability', 'flavors', 'revisions'] {{(pid=104173) _load_service_plugins /opt/stack/neutron/neutron/manager.py:195}}
Apr 12 19:32:33.275870 np0000165323 devstack@neutron-api.service[104174]: DEBUG neutron_lib.callbacks.manager [None req-ba21f0b2-4fba-4e48-bae8-801b43e86ca3 None None] Subscribe: > segment after_create 55550000, False {{(pid=104174) subscribe /opt/stack/data/venv/lib/python3.12/site-packages/neutron_lib/callbacks/manager.py:52}}
Apr 12 19:32:33.275908 np0000165323 devstack@neutron-api.service[104172]: DEBUG neutron_lib.callbacks.manager [None req-976c412b-9b36-43fd-a91d-32406ab0db63 None None] Subscribe: > qos_plugin after_init 55550000, False {{(pid=104172) subscribe /opt/stack/data/venv/lib/python3.12/site-packages/neutron_lib/callbacks/manager.py:52}}
Apr 12 19:32:33.275936 np0000165323 devstack@neutron-api.service[104173]: INFO neutron.manager [None req-b2d2f48f-aac7-4841-9265-448c8d56fa24 None None] Loading Plugin: ovn-router
Apr 12 19:32:33.276004 np0000165323 devstack@neutron-api.service[104174]: DEBUG neutron_lib.callbacks.manager [None req-ba21f0b2-4fba-4e48-bae8-801b43e86ca3 None None] Subscribe: > segment after_delete 55550000, False {{(pid=104174) subscribe /opt/stack/data/venv/lib/python3.12/site-packages/neutron_lib/callbacks/manager.py:52}}
Apr 12 19:32:33.276104 np0000165323 devstack@neutron-api.service[104172]: DEBUG neutron_lib.callbacks.manager [None req-976c412b-9b36-43fd-a91d-32406ab0db63 None None] Subscribe: > trunk_plugin after_init 55550000, False {{(pid=104172) subscribe /opt/stack/data/venv/lib/python3.12/site-packages/neutron_lib/callbacks/manager.py:52}}
Apr 12 19:32:33.276133 np0000165323 devstack@neutron-api.service[104174]: DEBUG neutron_lib.callbacks.manager [None req-ba21f0b2-4fba-4e48-bae8-801b43e86ca3 None None] Subscribe: > allowed_address_pair before_create 55550000, False {{(pid=104174) subscribe /opt/stack/data/venv/lib/python3.12/site-packages/neutron_lib/callbacks/manager.py:52}}
Apr 12 19:32:33.276195 np0000165323 devstack@neutron-api.service[104174]: DEBUG neutron_lib.callbacks.manager [None req-ba21f0b2-4fba-4e48-bae8-801b43e86ca3 None None] Subscribe: > security_group precommit_create 55550000, False {{(pid=104174) subscribe /opt/stack/data/venv/lib/python3.12/site-packages/neutron_lib/callbacks/manager.py:52}}
Apr 12 19:32:33.276290 np0000165323 devstack@neutron-api.service[104172]: DEBUG neutron_lib.callbacks.manager [None req-976c412b-9b36-43fd-a91d-32406ab0db63 None None] Subscribe: > logging-plugin after_init 55550000, False {{(pid=104172) subscribe /opt/stack/data/venv/lib/python3.12/site-packages/neutron_lib/callbacks/manager.py:52}}
Apr 12 19:32:33.276319 np0000165323 devstack@neutron-api.service[104174]: DEBUG neutron_lib.callbacks.manager [None req-ba21f0b2-4fba-4e48-bae8-801b43e86ca3 None None] Subscribe: > security_group after_update 55550000, False {{(pid=104174) subscribe /opt/stack/data/venv/lib/python3.12/site-packages/neutron_lib/callbacks/manager.py:52}}
Apr 12 19:32:33.276415 np0000165323 devstack@neutron-api.service[104174]: DEBUG neutron_lib.callbacks.manager [None req-ba21f0b2-4fba-4e48-bae8-801b43e86ca3 None None] Subscribe: > security_group after_create 55550000, False {{(pid=104174) subscribe /opt/stack/data/venv/lib/python3.12/site-packages/neutron_lib/callbacks/manager.py:52}}
Apr 12 19:32:33.276502 np0000165323 devstack@neutron-api.service[104174]: DEBUG neutron_lib.callbacks.manager [None req-ba21f0b2-4fba-4e48-bae8-801b43e86ca3 None None] Subscribe: > security_group precommit_delete 55550000, False {{(pid=104174) subscribe /opt/stack/data/venv/lib/python3.12/site-packages/neutron_lib/callbacks/manager.py:52}}
Apr 12 19:32:33.276605 np0000165323 devstack@neutron-api.service[104174]: DEBUG neutron_lib.callbacks.manager [None req-ba21f0b2-4fba-4e48-bae8-801b43e86ca3 None None] Subscribe: > security_group after_delete 55550000, False {{(pid=104174) subscribe /opt/stack/data/venv/lib/python3.12/site-packages/neutron_lib/callbacks/manager.py:52}}
Apr 12 19:32:33.276709 np0000165323 devstack@neutron-api.service[104174]: DEBUG neutron_lib.callbacks.manager [None req-ba21f0b2-4fba-4e48-bae8-801b43e86ca3 None None] Subscribe: > security_group_rule precommit_create 55550000, False {{(pid=104174) subscribe /opt/stack/data/venv/lib/python3.12/site-packages/neutron_lib/callbacks/manager.py:52}}
Apr 12 19:32:33.276744 np0000165323 devstack@neutron-api.service[104172]: INFO neutron.services.logapi.drivers.ovn.driver [None req-976c412b-9b36-43fd-a91d-32406ab0db63 None None] OVN logging driver registered
