2026-05-12 22:50:07.126 8 INFO neutron_taas.services.taas.taas_plugin [None req-0b92f7df-8daf-4ee3-8be1-effe8fe3a81c 08fd27ce5fb64cca9856948e3e3479f1 244a6f3cc16544de998f032e81d74b70 - - default default] TaaS: Handle Delete Port: 82dc27ce-b435-436b-87e2-7ed1bc4b3b9c
2026-05-12 22:50:07.128 8 INFO neutron_taas.services.taas.tap_mirror_plugin [None req-0b92f7df-8daf-4ee3-8be1-effe8fe3a81c 08fd27ce5fb64cca9856948e3e3479f1 244a6f3cc16544de998f032e81d74b70 - - default default] Tap Mirror: Handle Delete Port: 82dc27ce-b435-436b-87e2-7ed1bc4b3b9c [pid: 8|app: 0|req: 930/1846] 10.0.0.89 () {34 vars in 788 bytes} [Tue May 12 22:50:06 2026] PUT /v2.0/routers/371a0f7c-1d22-4022-8c07-cf4473ca5bea/remove_router_interface => generated 310 bytes in 662 msecs (HTTP/1.1 200) 4 headers in 157 bytes (1 switches on core 0) [pid: 7|app: 0|req: 917/1847] 10.0.0.89 () {32 vars in 716 bytes} [Tue May 12 22:50:07 2026] GET /v2.0/ports/768a2e98-b281-4b27-b17e-63afca7dc947 => generated 947 bytes in 93 msecs (HTTP/1.1 200) 4 headers in 157 bytes (1 switches on core 0) /var/lib/openstack/lib/python3.12/site-packages/pycadf/identifier.py:70: UserWarning: Invalid uuid: neutron. To ensure interoperability, identifiers should be a valid uuid. warnings.warn(('Invalid uuid: %s. To ensure interoperability, '
2026-05-12 22:50:07.908 8 INFO neutron_taas.services.taas.taas_plugin [None req-f7cb389a-44a8-4665-8cde-5ddf837587db 08fd27ce5fb64cca9856948e3e3479f1 244a6f3cc16544de998f032e81d74b70 - - default default] TaaS: Handle Delete Port: 768a2e98-b281-4b27-b17e-63afca7dc947
2026-05-12 22:50:07.911 8 INFO neutron_taas.services.taas.tap_mirror_plugin [None req-f7cb389a-44a8-4665-8cde-5ddf837587db 08fd27ce5fb64cca9856948e3e3479f1 244a6f3cc16544de998f032e81d74b70 - - default default] Tap Mirror: Handle Delete Port: 768a2e98-b281-4b27-b17e-63afca7dc947 [pid: 8|app: 0|req: 931/1848] 10.0.0.89 () {34 vars in 788 bytes} [Tue May 12 22:50:07 2026] PUT /v2.0/routers/371a0f7c-1d22-4022-8c07-cf4473ca5bea/remove_router_interface => generated 310 bytes in 601 msecs (HTTP/1.1 200) 4 headers in 157 bytes (1 switches on core 0) [pid: 7|app: 0|req: 918/1849] 10.0.0.89 () {32 vars in 735 bytes} [Tue May 12 22:50:08 2026] GET /v2.0/ports?device_id=371a0f7c-1d22-4022-8c07-cf4473ca5bea => generated 12 bytes in 21 msecs (HTTP/1.1 200) 4 headers in 156 bytes (1 switches on core 0) /var/lib/openstack/lib/python3.12/site-packages/pycadf/identifier.py:70: UserWarning: Invalid uuid: neutron. To ensure interoperability, identifiers should be a valid uuid. warnings.warn(('Invalid uuid: %s. To ensure interoperability, ' [pid: 8|app: 0|req: 932/1850] 10.0.0.89 () {32 vars in 723 bytes} [Tue May 12 22:50:08 2026] DELETE /v2.0/routers/371a0f7c-1d22-4022-8c07-cf4473ca5bea => generated 0 bytes in 225 msecs (HTTP/1.1 204) 2 headers in 112 bytes (1 switches on core 0) [pid: 7|app: 0|req: 919/1851] 10.0.0.89 () {32 vars in 723 bytes} [Tue May 12 22:50:08 2026] DELETE /v2.0/subnets/26da1451-30c5-4344-b939-d735e5de1256 => generated 0 bytes in 128 msecs (HTTP/1.1 204) 3 headers in 131 bytes (1 switches on core 0) [pid: 8|app: 0|req: 933/1852] 10.0.0.89 () {32 vars in 723 bytes} [Tue May 12 22:50:08 2026] DELETE /v2.0/subnets/5e0ef143-9635-40c9-896b-a5bf92488812 => generated 0 bytes in 133 msecs (HTTP/1.1 204) 3 headers in 131 bytes (1 switches on core 0)
2026-05-12 22:50:08.830 7 INFO neutron_taas.services.taas.taas_plugin [None req-9e3fc2af-2e6b-4c6d-98f7-78fd08da3f67 08fd27ce5fb64cca9856948e3e3479f1 244a6f3cc16544de998f032e81d74b70 - - default default] TaaS: Handle Delete Port: 6ce5ca19-19af-48de-a9ab-f95d1bf1ac95
2026-05-12 22:50:08.832 7 INFO neutron_taas.services.taas.tap_mirror_plugin [None req-9e3fc2af-2e6b-4c6d-98f7-78fd08da3f67 08fd27ce5fb64cca9856948e3e3479f1 244a6f3cc16544de998f032e81d74b70 - - default default] Tap Mirror: Handle Delete Port: 6ce5ca19-19af-48de-a9ab-f95d1bf1ac95
2026-05-12 22:50:09.009 7 INFO neutron.services.segments.plugin [-] Segment ecdf6888-bf05-4952-9c20-9f4b65e1ee30 resource provider aggregate not found
2026-05-12 22:50:09.009 7 INFO neutron.services.segments.plugin [-] Segment ecdf6888-bf05-4952-9c20-9f4b65e1ee30 resource provider aggregate not found
2026-05-12 22:50:09.036 7 INFO neutron.services.segments.plugin [-] Segment ecdf6888-bf05-4952-9c20-9f4b65e1ee30 resource provider not found; error: Placement Client Error (4xx): {"errors": [{"status": 404, "title": "Not Found", "detail": "The resource could not be found.\n\n No resource provider with uuid ecdf6888-bf05-4952-9c20-9f4b65e1ee30 found for delete ", "request_id": "req-76db1c00-ddd7-45d6-8564-dcdf61e3f402"}]}
2026-05-12 22:50:09.041 7 INFO neutron.services.segments.plugin [-] Segment ecdf6888-bf05-4952-9c20-9f4b65e1ee30 resource provider not found; error: Placement Client Error (4xx): {"errors": [{"status": 404, "title": "Not Found", "detail": "The resource could not be found.\n\n No resource provider with uuid ecdf6888-bf05-4952-9c20-9f4b65e1ee30 found for delete ", "request_id": "req-b6077355-7605-4cf8-a32d-48dc84dcd7b9"}]} [pid: 7|app: 0|req: 920/1853] 10.0.0.89 () {32 vars in 725 bytes} [Tue May 12 22:50:08 2026] DELETE /v2.0/networks/02482499-0e7a-49d5-9fa5-e5359904818a => generated 0 bytes in 372 msecs (HTTP/1.1 204) 3 headers in 131 bytes (1 switches on core 0)
2026-05-12 22:50:09.252 8 INFO neutron_taas.services.taas.taas_plugin [None req-fb191ee9-d9a2-4f1f-86d4-152ca022364f 08fd27ce5fb64cca9856948e3e3479f1 244a6f3cc16544de998f032e81d74b70 - - default default] TaaS: Handle Delete Port: 4642661c-8a83-4de0-9b84-fab0c2f88774
2026-05-12 22:50:09.255 8 INFO neutron_taas.services.taas.tap_mirror_plugin [None req-fb191ee9-d9a2-4f1f-86d4-152ca022364f 08fd27ce5fb64cca9856948e3e3479f1 244a6f3cc16544de998f032e81d74b70 - - default default] Tap Mirror: Handle Delete Port: 4642661c-8a83-4de0-9b84-fab0c2f88774
2026-05-12 22:50:09.416 8 INFO neutron.services.segments.plugin [-] Segment 6a17b06c-fbb2-4de2-8980-f457ac37954f resource provider aggregate not found
2026-05-12 22:50:09.422 8 INFO neutron.services.segments.plugin [-] Segment 6a17b06c-fbb2-4de2-8980-f457ac37954f resource provider aggregate not found
2026-05-12 22:50:09.438 8 INFO neutron.services.segments.plugin [-] Segment 6a17b06c-fbb2-4de2-8980-f457ac37954f resource provider not found; error: Placement Client Error (4xx): {"errors": [{"status": 404, "title": "Not Found", "detail": "The resource could not be found.\n\n No resource provider with uuid 6a17b06c-fbb2-4de2-8980-f457ac37954f found for delete ", "request_id": "req-c6358cfd-781f-413b-a189-05574ab233da"}]}
2026-05-12 22:50:09.439 8 INFO neutron.services.segments.plugin [-] Segment 6a17b06c-fbb2-4de2-8980-f457ac37954f resource provider not found; error: Placement Client Error (4xx): {"errors": [{"status": 404, "title": "Not Found", "detail": "The resource could not be found.\n\n No resource provider with uuid 6a17b06c-fbb2-4de2-8980-f457ac37954f found for delete ", "request_id": "req-f10553c2-58f5-448f-b276-d27dee898ef8"}]} [pid: 8|app: 0|req: 934/1854] 10.0.0.89 () {32 vars in 725 bytes} [Tue May 12 22:50:09 2026] DELETE /v2.0/networks/9b9b7bb4-c584-434c-9363-43019e8bcda9 => generated 0 bytes in 375 msecs (HTTP/1.1 204) 3 headers in 131 bytes (1 switches on core 0)
2026-05-12 22:50:09.629 7 INFO neutron.db.segments_db [None req-978a0412-6763-4d54-9d24-5d80143850f3 08fd27ce5fb64cca9856948e3e3479f1 244a6f3cc16544de998f032e81d74b70 - - default default] Added segment 9bbace36-fbf1-426b-8ec6-8c29351d55bc of type geneve for network aa60e5f2-7c59-4086-8b84-5bb57993d58d
2026-05-12 22:50:09.743 7 INFO neutron.db.ovn_revision_numbers_db [None req-978a0412-6763-4d54-9d24-5d80143850f3 08fd27ce5fb64cca9856948e3e3479f1 244a6f3cc16544de998f032e81d74b70 - - default default] Successfully bumped revision number for resource aa60e5f2-7c59-4086-8b84-5bb57993d58d (type: networks) to 1
2026-05-12 22:50:09.925 7 WARNING neutron.scheduler.dhcp_agent_scheduler [None req-978a0412-6763-4d54-9d24-5d80143850f3 08fd27ce5fb64cca9856948e3e3479f1 244a6f3cc16544de998f032e81d74b70 - - default default] No more DHCP agents
2026-05-12 22:50:09.927 7 WARNING neutron.api.rpc.agentnotifiers.dhcp_rpc_agent_api [None req-978a0412-6763-4d54-9d24-5d80143850f3 08fd27ce5fb64cca9856948e3e3479f1 244a6f3cc16544de998f032e81d74b70 - - default default] Unable to schedule network aa60e5f2-7c59-4086-8b84-5bb57993d58d: no agents available; will retry on subsequent port and subnet creation events.
2026-05-12 22:50:09.976 7 INFO neutron.plugins.ml2.drivers.ovn.mech_driver.mech_driver [None req-d69f4cf8-01a3-43de-8ba5-0a48e1188a72 - - - - - -] OVN reports status down for port: 382cd99c-4046-42fa-a985-ebd8f1012b56
2026-05-12 22:50:10.033 7 INFO neutron.db.ovn_revision_numbers_db [None req-978a0412-6763-4d54-9d24-5d80143850f3 08fd27ce5fb64cca9856948e3e3479f1 244a6f3cc16544de998f032e81d74b70 - - default default] Successfully bumped revision number for resource 382cd99c-4046-42fa-a985-ebd8f1012b56 (type: ports) to 1 [pid: 7|app: 0|req: 921/1855] 10.0.0.89 () {34 vars in 669 bytes} [Tue May 12 22:50:09 2026] POST /v2.0/networks => generated 671 bytes in 567 msecs (HTTP/1.1 201) 4 headers in 162 bytes (1 switches on core 0)
2026-05-12 22:50:10.144 8 INFO neutron.db.ovn_revision_numbers_db [None req-58094c25-0aaa-45a0-a52d-3100cba591ea 30bea2a10ccf4c84b996de4243ce7cf5 982067594f66455e87176ec5b4aaf95b - - default default] Successfully bumped revision number for resource b211adba-98d7-4f7a-b375-0da96e778309 (type: security_groups) to 1
2026-05-12 22:50:10.155 8 INFO neutron.db.ovn_revision_numbers_db [None req-58094c25-0aaa-45a0-a52d-3100cba591ea 30bea2a10ccf4c84b996de4243ce7cf5 982067594f66455e87176ec5b4aaf95b - - default default] Successfully bumped revision number for resource 46d1bcc9-09ea-4eec-8c89-de53eb28520e (type: security_group_rules) to 0
2026-05-12 22:50:10.166 8 INFO neutron.db.ovn_revision_numbers_db [None req-58094c25-0aaa-45a0-a52d-3100cba591ea 30bea2a10ccf4c84b996de4243ce7cf5 982067594f66455e87176ec5b4aaf95b - - default default] Successfully bumped revision number for resource 6a8ab96a-8152-41ba-a410-9c374958e150 (type: security_group_rules) to 0 [pid: 7|app: 0|req: 922/1856] 10.0.0.89 () {34 vars in 677 bytes} [Tue May 12 22:50:10 2026] POST /v2.0/qos/policies => generated 359 bytes in 101 msecs (HTTP/1.1 201) 4 headers in 162 bytes (1 switches on core 0)
2026-05-12 22:50:10.178 8 INFO neutron.db.ovn_revision_numbers_db [None req-58094c25-0aaa-45a0-a52d-3100cba591ea 30bea2a10ccf4c84b996de4243ce7cf5 982067594f66455e87176ec5b4aaf95b - - default default] Successfully bumped revision number for resource d012e82d-a375-471f-9a92-a0f89824f690 (type: security_group_rules) to 0
2026-05-12 22:50:10.188 8 INFO neutron.db.ovn_revision_numbers_db [None req-58094c25-0aaa-45a0-a52d-3100cba591ea 30bea2a10ccf4c84b996de4243ce7cf5 982067594f66455e87176ec5b4aaf95b - - default default] Successfully bumped revision number for resource fb49dfe8-af4d-465d-97ae-6aafdad124ba (type: security_group_rules) to 0
2026-05-12 22:50:10.267 8 INFO neutron.db.segments_db [None req-58094c25-0aaa-45a0-a52d-3100cba591ea 30bea2a10ccf4c84b996de4243ce7cf5 982067594f66455e87176ec5b4aaf95b - - default default] Added segment ff44ca5f-1b32-4e9c-bef5-b5b5b7c576d6 of type geneve for network 1514a0f5-1fa9-402b-bd8e-82e4ba00be9b
2026-05-12 22:50:10.350 7 WARNING neutron.scheduler.dhcp_agent_scheduler [None req-53c4d09b-9c7c-47b8-abd5-6658ae8aa46b 08fd27ce5fb64cca9856948e3e3479f1 244a6f3cc16544de998f032e81d74b70 - - default default] No more DHCP agents
2026-05-12 22:50:10.352 7 WARNING neutron.api.rpc.agentnotifiers.dhcp_rpc_agent_api [None req-53c4d09b-9c7c-47b8-abd5-6658ae8aa46b 08fd27ce5fb64cca9856948e3e3479f1 244a6f3cc16544de998f032e81d74b70 - - default default] Unable to schedule network aa60e5f2-7c59-4086-8b84-5bb57993d58d: no agents available; will retry on subsequent port and subnet creation events.
2026-05-12 22:50:10.375 8 INFO neutron.db.ovn_revision_numbers_db [None req-58094c25-0aaa-45a0-a52d-3100cba591ea 30bea2a10ccf4c84b996de4243ce7cf5 982067594f66455e87176ec5b4aaf95b - - default default] Successfully bumped revision number for resource 1514a0f5-1fa9-402b-bd8e-82e4ba00be9b (type: networks) to 1
2026-05-12 22:50:10.387 7 INFO neutron.db.ovn_revision_numbers_db [None req-53c4d09b-9c7c-47b8-abd5-6658ae8aa46b 08fd27ce5fb64cca9856948e3e3479f1 244a6f3cc16544de998f032e81d74b70 - - default default] Successfully bumped revision number for resource 77782a48-f2ce-47a8-8f88-8636c7a19b42 (type: subnets) to 0 [pid: 7|app: 0|req: 923/1857] 10.0.0.89 () {34 vars in 668 bytes} [Tue May 12 22:50:10 2026] POST /v2.0/subnets => generated 646 bytes in 231 msecs (HTTP/1.1 201) 4 headers in 162 bytes (1 switches on core 0) [pid: 7|app: 0|req: 924/1858] 10.0.0.89 () {34 vars in 677 bytes} [Tue May 12 22:50:10 2026] POST /v2.0/qos/policies => generated 359 bytes in 38 msecs (HTTP/1.1 201) 4 headers in 162 bytes (1 switches on core 0)
2026-05-12 22:50:10.538 7 INFO neutron.db.ovn_revision_numbers_db [None req-3738f9c3-6da3-4c68-bcb1-18db419460b9 08fd27ce5fb64cca9856948e3e3479f1 244a6f3cc16544de998f032e81d74b70 - - default default] Successfully bumped revision number for resource 33675fd5-f519-4dfc-94f8-74e6cda9a429 (type: routers) to 1
2026-05-12 22:50:10.539 8 WARNING neutron.scheduler.dhcp_agent_scheduler [None req-58094c25-0aaa-45a0-a52d-3100cba591ea 30bea2a10ccf4c84b996de4243ce7cf5 982067594f66455e87176ec5b4aaf95b - - default default] No more DHCP agents
2026-05-12 22:50:10.540 8 WARNING neutron.api.rpc.agentnotifiers.dhcp_rpc_agent_api [None req-58094c25-0aaa-45a0-a52d-3100cba591ea 30bea2a10ccf4c84b996de4243ce7cf5 982067594f66455e87176ec5b4aaf95b - - default default] Unable to schedule network 1514a0f5-1fa9-402b-bd8e-82e4ba00be9b: no agents available; will retry on subsequent port and subnet creation events. [pid: 7|app: 0|req: 925/1859] 10.0.0.89 () {34 vars in 668 bytes} [Tue May 12 22:50:10 2026] POST /v2.0/routers => generated 627 bytes in 113 msecs (HTTP/1.1 201) 4 headers in 162 bytes (1 switches on core 0) [pid: 7|app: 0|req: 926/1860] 10.0.0.89 () {34 vars in 677 bytes} [Tue May 12 22:50:10 2026] POST /v2.0/qos/policies => generated 359 bytes in 47 msecs (HTTP/1.1 201) 4 headers in 162 bytes (1 switches on core 0)
2026-05-12 22:50:10.629 8 INFO neutron.db.ovn_revision_numbers_db [None req-58094c25-0aaa-45a0-a52d-3100cba591ea 30bea2a10ccf4c84b996de4243ce7cf5 982067594f66455e87176ec5b4aaf95b - - default default] Successfully bumped revision number for resource f5fc64d4-2f7b-40e7-8f73-50dc1fd034d3 (type: ports) to 1 [pid: 8|app: 0|req: 935/1861] 10.0.0.89 () {34 vars in 670 bytes} [Tue May 12 22:50:09 2026] POST /v2.0/networks => generated 670 bytes in 806 msecs (HTTP/1.1 201) 4 headers in 162 bytes (1 switches on core 0) [pid: 8|app: 0|req: 936/1862] 10.0.0.89 () {34 vars in 677 bytes} [Tue May 12 22:50:10 2026] POST /v2.0/qos/policies => generated 359 bytes in 52 msecs (HTTP/1.1 201) 4 headers in 162 bytes (1 switches on core 0)
2026-05-12 22:50:10.844 7 WARNING neutron.scheduler.dhcp_agent_scheduler [None req-09bb6a1e-f83b-4a17-aaf6-767d8cbe48e4 08fd27ce5fb64cca9856948e3e3479f1 244a6f3cc16544de998f032e81d74b70 - - default default] No more DHCP agents
2026-05-12 22:50:10.845 7 WARNING neutron.api.rpc.agentnotifiers.dhcp_rpc_agent_api [None req-09bb6a1e-f83b-4a17-aaf6-767d8cbe48e4 08fd27ce5fb64cca9856948e3e3479f1 244a6f3cc16544de998f032e81d74b70 - - default default] Unable to schedule network aa60e5f2-7c59-4086-8b84-5bb57993d58d: no agents available; will retry on subsequent port and subnet creation events.
2026-05-12 22:50:10.926 7 INFO neutron.plugins.ml2.drivers.ovn.mech_driver.mech_driver [None req-d69f4cf8-01a3-43de-8ba5-0a48e1188a72 - - - - - -] OVN reports status down for port: d6f2a165-f636-4b98-bf8d-a5ccc170cf1f
2026-05-12 22:50:10.980 7 INFO neutron.db.ovn_revision_numbers_db [None req-09bb6a1e-f83b-4a17-aaf6-767d8cbe48e4 08fd27ce5fb64cca9856948e3e3479f1 244a6f3cc16544de998f032e81d74b70 - - default default] Successfully bumped revision number for resource d6f2a165-f636-4b98-bf8d-a5ccc170cf1f (type: ports) to 1 [pid: 7|app: 0|req: 927/1863] 10.0.0.89 () {34 vars in 664 bytes} [Tue May 12 22:50:10 2026] POST /v2.0/ports => generated 964 bytes in 415 msecs (HTTP/1.1 201) 4 headers in 162 bytes (1 switches on core 0) /var/lib/openstack/lib/python3.12/site-packages/pycadf/identifier.py:70: UserWarning: Invalid uuid: neutron. To ensure interoperability, identifiers should be a valid uuid. warnings.warn(('Invalid uuid: %s. To ensure interoperability, ' [pid: 7|app: 0|req: 928/1864] 10.0.0.89 () {34 vars in 677 bytes} [Tue May 12 22:50:11 2026] POST /v2.0/qos/policies => generated 359 bytes in 45 msecs (HTTP/1.1 201) 4 headers in 162 bytes (1 switches on core 0)
2026-05-12 22:50:11.088 8 WARNING neutron.scheduler.dhcp_agent_scheduler [None req-46e5850e-8985-490d-84b8-5bdc7123f61b 30bea2a10ccf4c84b996de4243ce7cf5 982067594f66455e87176ec5b4aaf95b - - default default] No more DHCP agents
2026-05-12 22:50:11.089 8 WARNING neutron.api.rpc.agentnotifiers.dhcp_rpc_agent_api [None req-46e5850e-8985-490d-84b8-5bdc7123f61b 30bea2a10ccf4c84b996de4243ce7cf5 982067594f66455e87176ec5b4aaf95b - - default default] Unable to schedule network f5f1fbda-2e7c-4339-a9d9-8fb2cf21da06: no agents available; will retry on subsequent port and subnet creation events.
2026-05-12 22:50:11.197 7 INFO neutron.plugins.ml2.drivers.ovn.mech_driver.mech_driver [None req-d69f4cf8-01a3-43de-8ba5-0a48e1188a72 - - - - - -] OVN reports status down for port: c9ad9fa2-3d51-4ffd-858c-a61e68f0a172
2026-05-12 22:50:11.221 8 INFO neutron.db.ovn_revision_numbers_db [None req-46e5850e-8985-490d-84b8-5bdc7123f61b 30bea2a10ccf4c84b996de4243ce7cf5 982067594f66455e87176ec5b4aaf95b - - default default] Successfully bumped revision number for resource c9ad9fa2-3d51-4ffd-858c-a61e68f0a172 (type: ports) to 1
2026-05-12 22:50:11.375 7 INFO neutron.db.ovn_revision_numbers_db [None req-d078d6a7-ce26-47e2-9aa4-60551166343b a41956c0149c4d33bf851c1d25106a70 80231dfcdca94d4d8cc7b3d9c0a93d5a - - default default] Successfully bumped revision number for resource c161c7d9-9726-4029-afe5-cb47672b1ab9 (type: security_groups) to 1
2026-05-12 22:50:11.386 7 INFO neutron.db.ovn_revision_numbers_db [None req-d078d6a7-ce26-47e2-9aa4-60551166343b a41956c0149c4d33bf851c1d25106a70 80231dfcdca94d4d8cc7b3d9c0a93d5a - - default default] Successfully bumped revision number for resource 3e3eeac1-cdef-44eb-a1c1-cc6072b44e31 (type: security_group_rules) to 0
2026-05-12 22:50:11.397 7 INFO neutron.db.ovn_revision_numbers_db [None req-d078d6a7-ce26-47e2-9aa4-60551166343b a41956c0149c4d33bf851c1d25106a70 80231dfcdca94d4d8cc7b3d9c0a93d5a - - default default] Successfully bumped revision number for resource 49985cb6-3716-4bb0-bb59-e134bb6c0303 (type: security_group_rules) to 0
2026-05-12 22:50:11.409 7 INFO neutron.db.ovn_revision_numbers_db [None req-d078d6a7-ce26-47e2-9aa4-60551166343b a41956c0149c4d33bf851c1d25106a70 80231dfcdca94d4d8cc7b3d9c0a93d5a - - default default] Successfully bumped revision number for resource ce0a4d88-dcc3-4488-9579-69807ebfd16e (type: security_group_rules) to 0
2026-05-12 22:50:11.419 7 INFO neutron.db.ovn_revision_numbers_db [None req-d078d6a7-ce26-47e2-9aa4-60551166343b a41956c0149c4d33bf851c1d25106a70 80231dfcdca94d4d8cc7b3d9c0a93d5a - - default default] Successfully bumped revision number for resource eed75b33-31df-4635-9a0b-5cf9ea4980a4 (type: security_group_rules) to 0
2026-05-12 22:50:11.495 7 INFO neutron.db.segments_db [None req-d078d6a7-ce26-47e2-9aa4-60551166343b a41956c0149c4d33bf851c1d25106a70 80231dfcdca94d4d8cc7b3d9c0a93d5a - - default default] Added segment 4d8f079f-24ea-420d-b3fd-62c93525b2b2 of type geneve for network da29d8f9-2fc7-4639-962d-83985c8ddf11
2026-05-12 22:50:11.599 7 INFO neutron.db.ovn_revision_numbers_db [None req-d078d6a7-ce26-47e2-9aa4-60551166343b a41956c0149c4d33bf851c1d25106a70 80231dfcdca94d4d8cc7b3d9c0a93d5a - - default default] Successfully bumped revision number for resource da29d8f9-2fc7-4639-962d-83985c8ddf11 (type: networks) to 1
2026-05-12 22:50:11.739 8 WARNING neutron.plugins.ml2.drivers.ovn.mech_driver.ovsdb.ovn_client [None req-1408b1a7-4644-42c9-aa7a-ceff9ccf0905 - - - - - -] No port found with ID 82dc27ce-b435-436b-87e2-7ed1bc4b3b9c: RuntimeError: No port found with ID 82dc27ce-b435-436b-87e2-7ed1bc4b3b9c
2026-05-12 22:50:11.752 7 WARNING neutron.scheduler.dhcp_agent_scheduler [None req-d078d6a7-ce26-47e2-9aa4-60551166343b a41956c0149c4d33bf851c1d25106a70 80231dfcdca94d4d8cc7b3d9c0a93d5a - - default default] No more DHCP agents
2026-05-12 22:50:11.753 7 WARNING neutron.api.rpc.agentnotifiers.dhcp_rpc_agent_api [None req-d078d6a7-ce26-47e2-9aa4-60551166343b a41956c0149c4d33bf851c1d25106a70 80231dfcdca94d4d8cc7b3d9c0a93d5a - - default default] Unable to schedule network da29d8f9-2fc7-4639-962d-83985c8ddf11: no agents available; will retry on subsequent port and subnet creation events.
2026-05-12 22:50:11.765 8 INFO neutron.plugins.ml2.drivers.ovn.mech_driver.mech_driver [None req-1408b1a7-4644-42c9-aa7a-ceff9ccf0905 - - - - - -] OVN reports status down for port: f5fc64d4-2f7b-40e7-8f73-50dc1fd034d3
2026-05-12 22:50:11.804 7 INFO neutron.plugins.ml2.drivers.ovn.mech_driver.mech_driver [None req-d69f4cf8-01a3-43de-8ba5-0a48e1188a72 - - - - - -] OVN reports status down for port: e0243456-519f-4922-9f32-4d38861871d9
2026-05-12 22:50:11.858 7 INFO neutron.db.ovn_revision_numbers_db [None req-d078d6a7-ce26-47e2-9aa4-60551166343b a41956c0149c4d33bf851c1d25106a70 80231dfcdca94d4d8cc7b3d9c0a93d5a - - default default] Successfully bumped revision number for resource e0243456-519f-4922-9f32-4d38861871d9 (type: ports) to 1 [pid: 7|app: 0|req: 929/1865] 10.0.0.89 () {34 vars in 669 bytes} [Tue May 12 22:50:11 2026] POST /v2.0/networks => generated 768 bytes in 881 msecs (HTTP/1.1 201) 4 headers in 162 bytes (1 switches on core 0)
2026-05-12 22:50:11.961 8 INFO neutron.db.ovn_revision_numbers_db [None req-46e5850e-8985-490d-84b8-5bdc7123f61b 30bea2a10ccf4c84b996de4243ce7cf5 982067594f66455e87176ec5b4aaf95b - - default default] Successfully bumped revision number for resource c9ad9fa2-3d51-4ffd-858c-a61e68f0a172 (type: router_ports) to 1
2026-05-12 22:50:11.978 7 INFO neutron.plugins.ml2.drivers.ovn.mech_driver.ovsdb.ovsdb_monitor [None req-0123e6c3-d45b-4343-82e0-87ed48d9fbc3 - - - - - -] Router 693e0b8c-a70f-42d2-b7c3-0331af1abb8a is bound to host instance
2026-05-12 22:50:12.047 8 INFO neutron.db.ovn_revision_numbers_db [None req-46e5850e-8985-490d-84b8-5bdc7123f61b 30bea2a10ccf4c84b996de4243ce7cf5 982067594f66455e87176ec5b4aaf95b - - default default] Successfully bumped revision number for resource 693e0b8c-a70f-42d2-b7c3-0331af1abb8a (type: routers) to 2 [pid: 8|app: 0|req: 937/1866] 10.0.0.89 () {34 vars in 668 bytes} [Tue May 12 22:50:10 2026] POST /v2.0/routers => generated 975 bytes in 1357 msecs (HTTP/1.1 201) 4 headers in 162 bytes (1 switches on core 0)
2026-05-12 22:50:12.090 8 WARNING tagging [None req-001bb012-9341-4e72-9a15-10208163c2b7 fdb5d5682aa540b1a03648bcfb20e9c2 8a746e125ace48cdb31471be4fc4df35 - - default default] project_id key not found in request, using tenant_id instead. This support has been deprecated and will be removed in a future release. [pid: 8|app: 0|req: 938/1867] 10.0.0.89 () {34 vars in 752 bytes} [Tue May 12 22:50:12 2026] PUT /v2.0/policies/55ccca3e-2abd-44ab-be1b-7e50f13d716e/tags => generated 17 bytes in 57 msecs (HTTP/1.1 200) 4 headers in 156 bytes (1 switches on core 0)
2026-05-12 22:50:12.258 8 WARNING neutron.scheduler.dhcp_agent_scheduler [None req-ae7e12b4-bddc-44ff-b7ea-b8c643e591fd a41956c0149c4d33bf851c1d25106a70 80231dfcdca94d4d8cc7b3d9c0a93d5a - - default default] No more DHCP agents
2026-05-12 22:50:12.259 8 WARNING neutron.api.rpc.agentnotifiers.dhcp_rpc_agent_api [None req-ae7e12b4-bddc-44ff-b7ea-b8c643e591fd a41956c0149c4d33bf851c1d25106a70 80231dfcdca94d4d8cc7b3d9c0a93d5a - - default default] Unable to schedule network da29d8f9-2fc7-4639-962d-83985c8ddf11: no agents available; will retry on subsequent port and subnet creation events.
2026-05-12 22:50:12.460 7 INFO neutron.plugins.ml2.drivers.ovn.mech_driver.mech_driver [None req-d69f4cf8-01a3-43de-8ba5-0a48e1188a72 - - - - - -] OVN reports status up for port: c9ad9fa2-3d51-4ffd-858c-a61e68f0a172
2026-05-12 22:50:12.512 7 INFO neutron.plugins.ml2.plugin [None req-d69f4cf8-01a3-43de-8ba5-0a48e1188a72 - - - - - -] Attempt 1 to provision port c9ad9fa2-3d51-4ffd-858c-a61e68f0a172
2026-05-12 22:50:12.662 8 INFO neutron.db.ovn_revision_numbers_db [None req-ae7e12b4-bddc-44ff-b7ea-b8c643e591fd a41956c0149c4d33bf851c1d25106a70 80231dfcdca94d4d8cc7b3d9c0a93d5a - - default default] Successfully bumped revision number for resource e0243456-519f-4922-9f32-4d38861871d9 (type: ports) to 2
2026-05-12 22:50:12.691 8 INFO neutron.db.ovn_revision_numbers_db [None req-ae7e12b4-bddc-44ff-b7ea-b8c643e591fd a41956c0149c4d33bf851c1d25106a70 80231dfcdca94d4d8cc7b3d9c0a93d5a - - default default] Successfully bumped revision number for resource 6645bfbc-ba8b-4f43-bdb7-db3cacb6a817 (type: subnets) to 0 [pid: 8|app: 0|req: 939/1868] 10.0.0.89 () {34 vars in 668 bytes} [Tue May 12 22:50:12 2026] POST /v2.0/subnets => generated 644 bytes in 589 msecs (HTTP/1.1 201) 4 headers in 162 bytes (1 switches on core 0) [pid: 8|app: 0|req: 940/1869] 10.0.0.89 () {32 vars in 775 bytes} [Tue May 12 22:50:12 2026] GET /v2.0/subnets?project_id=982067594f66455e87176ec5b4aaf95b&cidr=10.100.0.0%2F28 => generated 14 bytes in 96 msecs (HTTP/1.1 200) 4 headers in 156 bytes (1 switches on core 0)
2026-05-12 22:50:12.828 8 WARNING tagging [None req-8ca9445a-1ac5-44d2-8a99-ead4d873caec fdb5d5682aa540b1a03648bcfb20e9c2 8a746e125ace48cdb31471be4fc4df35 - - default default] project_id key not found in request, using tenant_id instead. This support has been deprecated and will be removed in a future release. [pid: 8|app: 0|req: 941/1870] 10.0.0.89 () {34 vars in 752 bytes} [Tue May 12 22:50:12 2026] PUT /v2.0/policies/87357961-f377-4768-a72f-381060522799/tags => generated 25 bytes in 38 msecs (HTTP/1.1 200) 4 headers in 156 bytes (1 switches on core 0)
2026-05-12 22:50:12.855 8 WARNING neutron.api.v2.base [None req-425d901f-a190-4258-a4a5-377cb41a5688 a41956c0149c4d33bf851c1d25106a70 80231dfcdca94d4d8cc7b3d9c0a93d5a - - default default] An exception happened while processing the request body. The exception message is [Invalid input for target_tenant. Reason: 'None' is not a valid string.].: webob.exc.HTTPBadRequest: Invalid input for target_tenant. Reason: 'None' is not a valid string.
2026-05-12 22:50:12.856 8 INFO neutron.api.v2.resource [None req-425d901f-a190-4258-a4a5-377cb41a5688 a41956c0149c4d33bf851c1d25106a70 80231dfcdca94d4d8cc7b3d9c0a93d5a - - default default] create failed (client error): Invalid input for target_tenant. Reason: 'None' is not a valid string. [pid: 8|app: 0|req: 944/1873] 10.0.0.89 () {34 vars in 680 bytes} [Tue May 12 22:50:12 2026] POST /v2.0/rbac-policies => generated 143 bytes in 7 msecs (HTTP/1.1 400) 4 headers in 166 bytes (1 switches on core 0) [pid: 8|app: 0|req: 945/1874] 10.0.0.89 () {32 vars in 693 bytes} [Tue May 12 22:50:12 2026] GET /v2.0/networks?router%3Aexternal=True => generated 791 bytes in 40 msecs (HTTP/1.1 200) 4 headers in 157 bytes (1 switches on core 0)
2026-05-12 22:50:12.915 8 WARNING tagging [None req-391b0747-2567-46e2-8518-1cbe5e098513 fdb5d5682aa540b1a03648bcfb20e9c2 8a746e125ace48cdb31471be4fc4df35 - - default default] project_id key not found in request, using tenant_id instead. This support has been deprecated and will be removed in a future release. [pid: 8|app: 0|req: 946/1875] 10.0.0.89 () {34 vars in 752 bytes} [Tue May 12 22:50:12 2026] PUT /v2.0/policies/45358400-2df4-4436-aa0f-5947eb07d2e8/tags => generated 34 bytes in 36 msecs (HTTP/1.1 200) 4 headers in 156 bytes (1 switches on core 0)
2026-05-12 22:50:13.035 8 INFO neutron_taas.services.taas.taas_plugin [None req-b110c5f1-d492-44fd-8bdf-67b4bab0d7f1 a41956c0149c4d33bf851c1d25106a70 80231dfcdca94d4d8cc7b3d9c0a93d5a - - default default] TaaS: Handle Delete Port: e0243456-519f-4922-9f32-4d38861871d9
2026-05-12 22:50:13.037 8 INFO neutron_taas.services.taas.tap_mirror_plugin [None req-b110c5f1-d492-44fd-8bdf-67b4bab0d7f1 a41956c0149c4d33bf851c1d25106a70 80231dfcdca94d4d8cc7b3d9c0a93d5a - - default default] Tap Mirror: Handle Delete Port: e0243456-519f-4922-9f32-4d38861871d9
2026-05-12 22:50:13.310 8 INFO neutron.services.segments.plugin [-] Segment 4d8f079f-24ea-420d-b3fd-62c93525b2b2 resource provider aggregate not found
2026-05-12 22:50:13.313 8 INFO neutron.services.segments.plugin [-] Segment 4d8f079f-24ea-420d-b3fd-62c93525b2b2 resource provider aggregate not found
2026-05-12 22:50:13.335 8 INFO neutron.services.segments.plugin [-] Segment 4d8f079f-24ea-420d-b3fd-62c93525b2b2 resource provider not found; error: Placement Client Error (4xx): {"errors": [{"status": 404, "title": "Not Found", "detail": "The resource could not be found.\n\n No resource provider with uuid 4d8f079f-24ea-420d-b3fd-62c93525b2b2 found for delete ", "request_id": "req-69203e2b-0df4-4f8d-9dfb-af965b6e4dd6"}]}
2026-05-12 22:50:13.338 8 INFO neutron.services.segments.plugin [-] Segment 4d8f079f-24ea-420d-b3fd-62c93525b2b2 resource provider not found; error: Placement Client Error (4xx): {"errors": [{"status": 404, "title": "Not Found", "detail": "The resource could not be found.\n\n No resource provider with uuid 4d8f079f-24ea-420d-b3fd-62c93525b2b2 found for delete ", "request_id": "req-4b02b760-0285-4cdc-9f13-a849f5230852"}]}
2026-05-12 22:50:13.350 7 INFO neutron.db.ovn_revision_numbers_db [None req-42c5b9ee-7328-4fce-94dc-908cad851c9f 08fd27ce5fb64cca9856948e3e3479f1 244a6f3cc16544de998f032e81d74b70 - - default default] Successfully bumped revision number for resource d6f2a165-f636-4b98-bf8d-a5ccc170cf1f (type: ports) to 2 [pid: 8|app: 0|req: 947/1876] 10.0.0.89 () {32 vars in 725 bytes} [Tue May 12 22:50:12 2026] DELETE /v2.0/networks/da29d8f9-2fc7-4639-962d-83985c8ddf11 => generated 0 bytes in 425 msecs (HTTP/1.1 204) 3 headers in 131 bytes (1 switches on core 0) [pid: 8|app: 0|req: 948/1877] 10.0.0.89 () {32 vars in 783 bytes} [Tue May 12 22:50:13 2026] GET /v2.0/subnets?network_id=f5f1fbda-2e7c-4339-a9d9-8fb2cf21da06&cidr=10.100.0.0%2F28 => generated 14 bytes in 20 msecs (HTTP/1.1 200) 4 headers in 156 bytes (1 switches on core 0)
2026-05-12 22:50:13.403 8 WARNING tagging [None req-099006be-5b08-4ac7-918f-6611aac8fab4 fdb5d5682aa540b1a03648bcfb20e9c2 8a746e125ace48cdb31471be4fc4df35 - - default default] project_id key not found in request, using tenant_id instead. This support has been deprecated and will be removed in a future release. [pid: 8|app: 0|req: 949/1878] 10.0.0.89 () {34 vars in 752 bytes} [Tue May 12 22:50:13 2026] PUT /v2.0/policies/32f81022-383c-4c41-8511-c0ea27b7e3d7/tags => generated 19 bytes in 40 msecs (HTTP/1.1 200) 4 headers in 156 bytes (1 switches on core 0)
2026-05-12 22:50:13.511 8 INFO neutron.db.segments_db [None req-44eb85c9-7528-4fb1-a3a9-f4afcf1b2d91 a41956c0149c4d33bf851c1d25106a70 80231dfcdca94d4d8cc7b3d9c0a93d5a - - default default] Added segment 7dd30e4a-6259-49a6-b49f-cc0643e47214 of type geneve for network 974e5cf6-9aac-4ad1-898a-510146f7d6d9
2026-05-12 22:50:13.620 8 INFO neutron.db.ovn_revision_numbers_db [None req-44eb85c9-7528-4fb1-a3a9-f4afcf1b2d91 a41956c0149c4d33bf851c1d25106a70 80231dfcdca94d4d8cc7b3d9c0a93d5a - - default default] Successfully bumped revision number for resource 974e5cf6-9aac-4ad1-898a-510146f7d6d9 (type: networks) to 1
2026-05-12 22:50:13.769 8 WARNING neutron.scheduler.dhcp_agent_scheduler [None req-44eb85c9-7528-4fb1-a3a9-f4afcf1b2d91 a41956c0149c4d33bf851c1d25106a70 80231dfcdca94d4d8cc7b3d9c0a93d5a - - default default] No more DHCP agents
2026-05-12 22:50:13.770 8 WARNING neutron.api.rpc.agentnotifiers.dhcp_rpc_agent_api [None req-44eb85c9-7528-4fb1-a3a9-f4afcf1b2d91 a41956c0149c4d33bf851c1d25106a70 80231dfcdca94d4d8cc7b3d9c0a93d5a - - default default] Unable to schedule network 974e5cf6-9aac-4ad1-898a-510146f7d6d9: no agents available; will retry on subsequent port and subnet creation events.
2026-05-12 22:50:13.818 8 INFO neutron.plugins.ml2.drivers.ovn.mech_driver.mech_driver [None req-1408b1a7-4644-42c9-aa7a-ceff9ccf0905 - - - - - -] OVN reports status down for port: cc8003af-d01e-4f99-975a-8c315d495aa8
2026-05-12 22:50:13.868 8 INFO neutron.db.ovn_revision_numbers_db [None req-44eb85c9-7528-4fb1-a3a9-f4afcf1b2d91 a41956c0149c4d33bf851c1d25106a70 80231dfcdca94d4d8cc7b3d9c0a93d5a - - default default] Successfully bumped revision number for resource cc8003af-d01e-4f99-975a-8c315d495aa8 (type: ports) to 1 [pid: 8|app: 0|req: 950/1879] 10.0.0.89 () {34 vars in 669 bytes} [Tue May 12 22:50:13 2026] POST /v2.0/networks => generated 768 bytes in 478 msecs (HTTP/1.1 201) 4 headers in 162 bytes (1 switches on core 0)
2026-05-12 22:50:14.076 8 WARNING neutron.scheduler.dhcp_agent_scheduler [None req-df87b50a-d750-48be-8027-cd4588a8a3c1 30bea2a10ccf4c84b996de4243ce7cf5 982067594f66455e87176ec5b4aaf95b - - default default] No more DHCP agents
2026-05-12 22:50:14.077 8 WARNING neutron.api.rpc.agentnotifiers.dhcp_rpc_agent_api [None req-df87b50a-d750-48be-8027-cd4588a8a3c1 30bea2a10ccf4c84b996de4243ce7cf5 982067594f66455e87176ec5b4aaf95b - - default default] Unable to schedule network 1514a0f5-1fa9-402b-bd8e-82e4ba00be9b: no agents available; will retry on subsequent port and subnet creation events.
2026-05-12 22:50:14.096 7 INFO neutron.db.ovn_revision_numbers_db [None req-12b9b12c-d78f-4d6c-909c-ddd518a4fa66 - - - - - -] Successfully bumped revision number for resource c9ad9fa2-3d51-4ffd-858c-a61e68f0a172 (type: ports) to 4
2026-05-12 22:50:14.412 7 WARNING neutron.scheduler.dhcp_agent_scheduler [None req-42c5b9ee-7328-4fce-94dc-908cad851c9f 08fd27ce5fb64cca9856948e3e3479f1 244a6f3cc16544de998f032e81d74b70 - - default default] No more DHCP agents
2026-05-12 22:50:14.414 7 WARNING neutron.api.rpc.agentnotifiers.dhcp_rpc_agent_api [None req-42c5b9ee-7328-4fce-94dc-908cad851c9f 08fd27ce5fb64cca9856948e3e3479f1 244a6f3cc16544de998f032e81d74b70 - - default default] Unable to schedule network aa60e5f2-7c59-4086-8b84-5bb57993d58d: no agents available; will retry on subsequent port and subnet creation events.
2026-05-12 22:50:14.498 8 INFO neutron.db.ovn_revision_numbers_db [None req-df87b50a-d750-48be-8027-cd4588a8a3c1 30bea2a10ccf4c84b996de4243ce7cf5 982067594f66455e87176ec5b4aaf95b - - default default] Successfully bumped revision number for resource f5fc64d4-2f7b-40e7-8f73-50dc1fd034d3 (type: ports) to 2
2026-05-12 22:50:14.523 8 INFO neutron.db.ovn_revision_numbers_db [None req-df87b50a-d750-48be-8027-cd4588a8a3c1 30bea2a10ccf4c84b996de4243ce7cf5 982067594f66455e87176ec5b4aaf95b - - default default] Successfully bumped revision number for resource 6e14fa58-5476-449b-a0e1-cc0c13ff5906 (type: subnets) to 0 [pid: 8|app: 0|req: 951/1880] 10.0.0.89 () {34 vars in 668 bytes} [Tue May 12 22:50:13 2026] POST /v2.0/subnets => generated 657 bytes in 638 msecs (HTTP/1.1 201) 4 headers in 162 bytes (1 switches on core 0) [pid: 8|app: 0|req: 952/1881] 10.0.0.89 () {32 vars in 673 bytes} [Tue May 12 22:50:14 2026] GET /v2.0/qos/policies?tags=red => generated 1101 bytes in 92 msecs (HTTP/1.1 200) 4 headers in 158 bytes (1 switches on core 0)
2026-05-12 22:50:14.704 7 INFO neutron.db.ovn_revision_numbers_db [None req-12b9b12c-d78f-4d6c-909c-ddd518a4fa66 - - - - - -] Successfully bumped revision number for resource c9ad9fa2-3d51-4ffd-858c-a61e68f0a172 (type: ports) to 5
2026-05-12 22:50:14.779 8 WARNING neutron.scheduler.dhcp_agent_scheduler [None req-66244f4b-5340-4db1-8331-e9e373a2db85 a41956c0149c4d33bf851c1d25106a70 80231dfcdca94d4d8cc7b3d9c0a93d5a - - default default] No more DHCP agents
2026-05-12 22:50:14.780 8 WARNING neutron.api.rpc.agentnotifiers.dhcp_rpc_agent_api [None req-66244f4b-5340-4db1-8331-e9e373a2db85 a41956c0149c4d33bf851c1d25106a70 80231dfcdca94d4d8cc7b3d9c0a93d5a - - default default] Unable to schedule network 974e5cf6-9aac-4ad1-898a-510146f7d6d9: no agents available; will retry on subsequent port and subnet creation events.
2026-05-12 22:50:14.831 7 INFO neutron.db.ovn_revision_numbers_db [None req-42c5b9ee-7328-4fce-94dc-908cad851c9f 08fd27ce5fb64cca9856948e3e3479f1 244a6f3cc16544de998f032e81d74b70 - - default default] Successfully bumped revision number for resource d6f2a165-f636-4b98-bf8d-a5ccc170cf1f (type: router_ports) to 2 [pid: 7|app: 0|req: 930/1882] 10.0.0.89 () {34 vars in 782 bytes} [Tue May 12 22:50:11 2026] PUT /v2.0/routers/33675fd5-f519-4dfc-94f8-74e6cda9a429/add_router_interface => generated 310 bytes in 2896 msecs (HTTP/1.1 200) 4 headers in 157 bytes (1 switches on core 0) /var/lib/openstack/lib/python3.12/site-packages/pycadf/identifier.py:70: UserWarning: Invalid uuid: neutron. To ensure interoperability, identifiers should be a valid uuid. warnings.warn(('Invalid uuid: %s. To ensure interoperability, '
2026-05-12 22:50:15.186 8 INFO neutron.db.ovn_revision_numbers_db [None req-66244f4b-5340-4db1-8331-e9e373a2db85 a41956c0149c4d33bf851c1d25106a70 80231dfcdca94d4d8cc7b3d9c0a93d5a - - default default] Successfully bumped revision number for resource cc8003af-d01e-4f99-975a-8c315d495aa8 (type: ports) to 2
2026-05-12 22:50:15.220 8 INFO neutron.db.ovn_revision_numbers_db [None req-66244f4b-5340-4db1-8331-e9e373a2db85 a41956c0149c4d33bf851c1d25106a70 80231dfcdca94d4d8cc7b3d9c0a93d5a - - default default] Successfully bumped revision number for resource d5cfb335-34c1-4bfe-afe0-27af2cf8a168 (type: subnets) to 0 [pid: 8|app: 0|req: 953/1883] 10.0.0.89 () {34 vars in 668 bytes} [Tue May 12 22:50:14 2026] POST /v2.0/subnets => generated 647 bytes in 605 msecs (HTTP/1.1 201) 4 headers in 162 bytes (1 switches on core 0) [pid: 8|app: 0|req: 954/1884] 10.0.0.89 () {32 vars in 687 bytes} [Tue May 12 22:50:15 2026] GET /v2.0/qos/policies?tags=red%2Cblue => generated 747 bytes in 49 msecs (HTTP/1.1 200) 4 headers in 157 bytes (1 switches on core 0)
2026-05-12 22:50:15.288 7 WARNING neutron.scheduler.dhcp_agent_scheduler [None req-116a8d00-dbd4-4543-b463-9fc3e24721d0 30bea2a10ccf4c84b996de4243ce7cf5 982067594f66455e87176ec5b4aaf95b - - default default] No more DHCP agents
2026-05-12 22:50:15.290 7 WARNING neutron.api.rpc.agentnotifiers.dhcp_rpc_agent_api [None req-116a8d00-dbd4-4543-b463-9fc3e24721d0 30bea2a10ccf4c84b996de4243ce7cf5 982067594f66455e87176ec5b4aaf95b - - default default] Unable to schedule network 1514a0f5-1fa9-402b-bd8e-82e4ba00be9b: no agents available; will retry on subsequent port and subnet creation events. [pid: 8|app: 0|req: 955/1885] 10.0.0.89 () {32 vars in 716 bytes} [Tue May 12 22:50:15 2026] GET /v2.0/ports/d6f2a165-f636-4b98-bf8d-a5ccc170cf1f => generated 1024 bytes in 70 msecs (HTTP/1.1 200) 4 headers in 158 bytes (1 switches on core 0)
2026-05-12 22:50:15.359 8 WARNING neutron.api.v2.base [None req-9a5977d5-9181-4e3b-812c-ec31d055a37a a41956c0149c4d33bf851c1d25106a70 80231dfcdca94d4d8cc7b3d9c0a93d5a - - default default] An exception happened while processing the request body. The exception message is [Invalid input for target_tenant. Reason: '1234123412341234123412341234123412341234123412341234123412341234123412341234123412341234123412341234123412341234123412341234123412341234123412341234123412341234123412341234123412341234123412341234123412341234123412341234123412341234123412341234123412341234123412341234123412341234123412341234123412341234123412341234123412341234123412341234123412341234123412341234123412341234123412341234123412341234' exceeds maximum length of 255.].: webob.exc.HTTPBadRequest: Invalid input for target_tenant. Reason: '1234123412341234123412341234123412341234123412341234123412341234123412341234123412341234123412341234123412341234123412341234123412341234123412341234123412341234123412341234123412341234123412341234123412341234123412341234123412341234123412341234123412341234123412341234123412341234123412341234123412341234123412341234123412341234123412341234123412341234123412341234123412341234123412341234123412341234' exceeds maximum length of 255.
2026-05-12 22:50:15.359 8 INFO neutron.api.v2.resource [None req-9a5977d5-9181-4e3b-812c-ec31d055a37a a41956c0149c4d33bf851c1d25106a70 80231dfcdca94d4d8cc7b3d9c0a93d5a - - default default] create failed (client error): Invalid input for target_tenant. Reason: '1234123412341234123412341234123412341234123412341234123412341234123412341234123412341234123412341234123412341234123412341234123412341234123412341234123412341234123412341234123412341234123412341234123412341234123412341234123412341234123412341234123412341234123412341234123412341234123412341234123412341234123412341234123412341234123412341234123412341234123412341234123412341234123412341234123412341234' exceeds maximum length of 255. [pid: 8|app: 0|req: 956/1886] 10.0.0.89 () {34 vars in 680 bytes} [Tue May 12 22:50:15 2026] POST /v2.0/rbac-policies => generated 547 bytes in 4 msecs (HTTP/1.1 400) 4 headers in 166 bytes (1 switches on core 0)
2026-05-12 22:50:15.419 8 INFO neutron.plugins.ml2.drivers.ovn.mech_driver.mech_driver [None req-1408b1a7-4644-42c9-aa7a-ceff9ccf0905 - - - - - -] OVN reports status down for port: eff9f6bb-089f-4030-9260-b2c099cc504e
2026-05-12 22:50:15.428 7 INFO neutron.db.ovn_revision_numbers_db [None req-116a8d00-dbd4-4543-b463-9fc3e24721d0 30bea2a10ccf4c84b996de4243ce7cf5 982067594f66455e87176ec5b4aaf95b - - default default] Successfully bumped revision number for resource eff9f6bb-089f-4030-9260-b2c099cc504e (type: ports) to 1 [pid: 8|app: 0|req: 957/1887] 10.0.0.89 () {32 vars in 683 bytes} [Tue May 12 22:50:15 2026] GET /v2.0/qos/policies?tags-any=blue => generated 747 bytes in 89 msecs (HTTP/1.1 200) 4 headers in 157 bytes (1 switches on core 0)
2026-05-12 22:50:15.726 7 INFO neutron.plugins.ml2.drivers.ovn.mech_driver.mech_driver [None req-d69f4cf8-01a3-43de-8ba5-0a48e1188a72 - - - - - -] OVN reports status up for port: d6f2a165-f636-4b98-bf8d-a5ccc170cf1f
2026-05-12 22:50:15.752 7 INFO neutron.plugins.ml2.plugin [None req-d69f4cf8-01a3-43de-8ba5-0a48e1188a72 - - - - - -] Attempt 1 to provision port d6f2a165-f636-4b98-bf8d-a5ccc170cf1f
2026-05-12 22:50:16.130 8 INFO neutron_taas.services.taas.taas_plugin [None req-3bb613c1-b4fd-4bbd-ad87-d2e2851e5ade 08fd27ce5fb64cca9856948e3e3479f1 244a6f3cc16544de998f032e81d74b70 - - default default] TaaS: Handle Delete Port: d6f2a165-f636-4b98-bf8d-a5ccc170cf1f
2026-05-12 22:50:16.133 8 INFO neutron_taas.services.taas.tap_mirror_plugin [None req-3bb613c1-b4fd-4bbd-ad87-d2e2851e5ade 08fd27ce5fb64cca9856948e3e3479f1 244a6f3cc16544de998f032e81d74b70 - - default default] Tap Mirror: Handle Delete Port: d6f2a165-f636-4b98-bf8d-a5ccc170cf1f
2026-05-12 22:50:16.232 8 INFO neutron.plugins.ml2.drivers.ovn.mech_driver.mech_driver [None req-1408b1a7-4644-42c9-aa7a-ceff9ccf0905 - - - - - -] OVN reports status up for port: eff9f6bb-089f-4030-9260-b2c099cc504e
2026-05-12 22:50:16.260 8 INFO neutron.plugins.ml2.plugin [None req-1408b1a7-4644-42c9-aa7a-ceff9ccf0905 - - - - - -] Attempt 1 to provision port eff9f6bb-089f-4030-9260-b2c099cc504e
2026-05-12 22:50:16.394 7 WARNING neutron.scheduler.dhcp_agent_scheduler [None req-116a8d00-dbd4-4543-b463-9fc3e24721d0 30bea2a10ccf4c84b996de4243ce7cf5 982067594f66455e87176ec5b4aaf95b - - default default] No more DHCP agents
2026-05-12 22:50:16.396 7 WARNING neutron.api.rpc.agentnotifiers.dhcp_rpc_agent_api [None req-116a8d00-dbd4-4543-b463-9fc3e24721d0 30bea2a10ccf4c84b996de4243ce7cf5 982067594f66455e87176ec5b4aaf95b - - default default] Unable to schedule network 1514a0f5-1fa9-402b-bd8e-82e4ba00be9b: no agents available; will retry on subsequent port and subnet creation events. [pid: 8|app: 0|req: 958/1888] 10.0.0.89 () {34 vars in 788 bytes} [Tue May 12 22:50:15 2026] PUT /v2.0/routers/33675fd5-f519-4dfc-94f8-74e6cda9a429/remove_router_interface => generated 310 bytes in 1183 msecs (HTTP/1.1 200) 4 headers in 157 bytes (1 switches on core 0) /var/lib/openstack/lib/python3.12/site-packages/pycadf/identifier.py:70: UserWarning: Invalid uuid: neutron. To ensure interoperability, identifiers should be a valid uuid. warnings.warn(('Invalid uuid: %s. To ensure interoperability, '
2026-05-12 22:50:16.645 7 INFO neutron.db.ovn_revision_numbers_db [None req-116a8d00-dbd4-4543-b463-9fc3e24721d0 30bea2a10ccf4c84b996de4243ce7cf5 982067594f66455e87176ec5b4aaf95b - - default default] Successfully bumped revision number for resource eff9f6bb-089f-4030-9260-b2c099cc504e (type: router_ports) to 1 [pid: 7|app: 0|req: 931/1889] 10.0.0.89 () {34 vars in 782 bytes} [Tue May 12 22:50:14 2026] PUT /v2.0/routers/693e0b8c-a70f-42d2-b7c3-0331af1abb8a/add_router_interface => generated 310 bytes in 1809 msecs (HTTP/1.1 200) 4 headers in 157 bytes (1 switches on core 0) [pid: 7|app: 0|req: 932/1890] 10.0.0.89 () {32 vars in 695 bytes} [Tue May 12 22:50:16 2026] GET /v2.0/qos/policies?tags-any=red%2Cblue => generated 1101 bytes in 49 msecs (HTTP/1.1 200) 4 headers in 158 bytes (1 switches on core 0)
2026-05-12 22:50:16.774 7 INFO neutron.api.v2.resource [None req-2bdfb305-5f36-4413-899f-2f5cf80fae35 08fd27ce5fb64cca9856948e3e3479f1 244a6f3cc16544de998f032e81d74b70 - - default default] remove_router_interface failed (client error): The resource could not be found. [pid: 7|app: 0|req: 933/1891] 10.0.0.89 () {34 vars in 788 bytes} [Tue May 12 22:50:16 2026] PUT /v2.0/routers/33675fd5-f519-4dfc-94f8-74e6cda9a429/remove_router_interface => generated 197 bytes in 76 msecs (HTTP/1.1 404) 4 headers in 164 bytes (1 switches on core 0) [pid: 7|app: 0|req: 934/1892] 10.0.0.89 () {32 vars in 648 bytes} [Tue May 12 22:50:16 2026] GET /v2.0/networks => generated 4637 bytes in 43 msecs (HTTP/1.1 200) 4 headers in 158 bytes (1 switches on core 0) [pid: 7|app: 0|req: 935/1893] 10.0.0.89 () {32 vars in 681 bytes} [Tue May 12 22:50:16 2026] GET /v2.0/qos/policies?not-tags=red => generated 719 bytes in 47 msecs (HTTP/1.1 200) 4 headers in 157 bytes (1 switches on core 0) [pid: 7|app: 0|req: 936/1894] 10.0.0.89 () {32 vars in 735 bytes} [Tue May 12 22:50:16 2026] GET /v2.0/ports?device_id=33675fd5-f519-4dfc-94f8-74e6cda9a429 => generated 12 bytes in 14 msecs (HTTP/1.1 200) 4 headers in 156 bytes (1 switches on core 0) [pid: 7|app: 0|req: 937/1895] 10.0.0.89 () {32 vars in 646 bytes} [Tue May 12 22:50:16 2026] GET /v2.0/subnets => generated 3264 bytes in 34 msecs (HTTP/1.1 200) 4 headers in 158 bytes (1 switches on core 0) [pid: 7|app: 0|req: 938/1896] 10.0.0.89 () {32 vars in 695 bytes} [Tue May 12 22:50:16 2026] GET /v2.0/qos/policies?not-tags=red%2Cblue => generated 1073 bytes in 57 msecs (HTTP/1.1 200) 4 headers in 158 bytes (1 switches on core 0)
2026-05-12 22:50:17.041 8 INFO neutron_taas.services.taas.taas_plugin [None req-68f6460d-ec92-4934-9c5c-4800211cc101 a41956c0149c4d33bf851c1d25106a70 80231dfcdca94d4d8cc7b3d9c0a93d5a - - default default] TaaS: Handle Delete Port: cc8003af-d01e-4f99-975a-8c315d495aa8
2026-05-12 22:50:17.050 8 INFO neutron_taas.services.taas.tap_mirror_plugin [None req-68f6460d-ec92-4934-9c5c-4800211cc101 a41956c0149c4d33bf851c1d25106a70 80231dfcdca94d4d8cc7b3d9c0a93d5a - - default default] Tap Mirror: Handle Delete Port: cc8003af-d01e-4f99-975a-8c315d495aa8
2026-05-12 22:50:17.097 8 INFO neutron.db.ovn_revision_numbers_db [None req-1408b1a7-4644-42c9-aa7a-ceff9ccf0905 - - - - - -] Successfully bumped revision number for resource eff9f6bb-089f-4030-9260-b2c099cc504e (type: ports) to 2 [pid: 7|app: 0|req: 939/1897] 10.0.0.89 () {32 vars in 723 bytes} [Tue May 12 22:50:16 2026] DELETE /v2.0/routers/33675fd5-f519-4dfc-94f8-74e6cda9a429 => generated 0 bytes in 172 msecs (HTTP/1.1 204) 2 headers in 112 bytes (1 switches on core 0) [pid: 7|app: 0|req: 940/1898] 10.0.0.89 () {32 vars in 646 bytes} [Tue May 12 22:50:17 2026] GET /v2.0/routers => generated 996 bytes in 62 msecs (HTTP/1.1 200) 4 headers in 157 bytes (1 switches on core 0) [pid: 7|app: 0|req: 941/1899] 10.0.0.89 () {32 vars in 691 bytes} [Tue May 12 22:50:17 2026] GET /v2.0/qos/policies?not-tags-any=blue => generated 1073 bytes in 73 msecs (HTTP/1.1 200) 4 headers in 158 bytes (1 switches on core 0) [pid: 7|app: 0|req: 942/1900] 10.0.0.89 () {32 vars in 723 bytes} [Tue May 12 22:50:17 2026] DELETE /v2.0/subnets/77782a48-f2ce-47a8-8f88-8636c7a19b42 => generated 0 bytes in 112 msecs (HTTP/1.1 204) 3 headers in 131 bytes (1 switches on core 0)
2026-05-12 22:50:17.463 8 INFO neutron.services.segments.plugin [-] Segment 7dd30e4a-6259-49a6-b49f-cc0643e47214 resource provider aggregate not found
2026-05-12 22:50:17.470 8 INFO neutron.services.segments.plugin [-] Segment 7dd30e4a-6259-49a6-b49f-cc0643e47214 resource provider aggregate not found
2026-05-12 22:50:17.491 8 INFO neutron.services.segments.plugin [-] Segment 7dd30e4a-6259-49a6-b49f-cc0643e47214 resource provider not found; error: Placement Client Error (4xx): {"errors": [{"status": 404, "title": "Not Found", "detail": "The resource could not be found.\n\n No resource provider with uuid 7dd30e4a-6259-49a6-b49f-cc0643e47214 found for delete ", "request_id": "req-76062dee-8d2a-4311-8fc2-73e92ce5ae43"}]}
2026-05-12 22:50:17.495 8 INFO neutron.services.segments.plugin [-] Segment 7dd30e4a-6259-49a6-b49f-cc0643e47214 resource provider not found; error: Placement Client Error (4xx): {"errors": [{"status": 404, "title": "Not Found", "detail": "The resource could not be found.\n\n No resource provider with uuid 7dd30e4a-6259-49a6-b49f-cc0643e47214 found for delete ", "request_id": "req-abfaf140-92f8-4006-b481-306f7b8fb055"}]} [pid: 8|app: 0|req: 959/1901] 10.0.0.89 () {32 vars in 725 bytes} [Tue May 12 22:50:16 2026] DELETE /v2.0/networks/974e5cf6-9aac-4ad1-898a-510146f7d6d9 => generated 0 bytes in 878 msecs (HTTP/1.1 204) 3 headers in 131 bytes (1 switches on core 0)
