2026-05-12 22:50:17.527 7 INFO neutron.db.ovn_revision_numbers_db [None req-681ac49f-f73a-4d6a-a347-92cc15b3c928 30bea2a10ccf4c84b996de4243ce7cf5 982067594f66455e87176ec5b4aaf95b - - default default] Successfully bumped revision number for resource d8892cde-3298-4135-b250-ffcf308b0602 (type: security_groups) to 1
2026-05-12 22:50:17.538 7 INFO neutron.db.ovn_revision_numbers_db [None req-681ac49f-f73a-4d6a-a347-92cc15b3c928 30bea2a10ccf4c84b996de4243ce7cf5 982067594f66455e87176ec5b4aaf95b - - default default] Successfully bumped revision number for resource 2bc2fb75-adf4-43d7-9a7d-d269301487fc (type: security_group_rules) to 0
2026-05-12 22:50:17.548 7 INFO neutron.db.ovn_revision_numbers_db [None req-681ac49f-f73a-4d6a-a347-92cc15b3c928 30bea2a10ccf4c84b996de4243ce7cf5 982067594f66455e87176ec5b4aaf95b - - default default] Successfully bumped revision number for resource 74b6ed8e-fa5d-42bb-b1ff-49c25bc614f0 (type: security_group_rules) to 0 [pid: 8|app: 0|req: 960/1902] 10.0.0.89 () {32 vars in 703 bytes} [Tue May 12 22:50:17 2026] GET /v2.0/qos/policies?not-tags-any=red%2Cblue => generated 719 bytes in 47 msecs (HTTP/1.1 200) 4 headers in 157 bytes (1 switches on core 0) [pid: 7|app: 0|req: 943/1903] 10.0.0.89 () {34 vars in 684 bytes} [Tue May 12 22:50:17 2026] POST /v2.0/security-groups => generated 1675 bytes in 187 msecs (HTTP/1.1 201) 4 headers in 163 bytes (1 switches on core 0)
2026-05-12 22:50:17.651 8 INFO neutron_taas.services.taas.taas_plugin [None req-b8fa80c7-ed49-495c-a225-84091d01b465 08fd27ce5fb64cca9856948e3e3479f1 244a6f3cc16544de998f032e81d74b70 - - default default] TaaS: Handle Delete Port: 382cd99c-4046-42fa-a985-ebd8f1012b56
2026-05-12 22:50:17.653 8 INFO neutron_taas.services.taas.tap_mirror_plugin [None req-b8fa80c7-ed49-495c-a225-84091d01b465 08fd27ce5fb64cca9856948e3e3479f1 244a6f3cc16544de998f032e81d74b70 - - default default] Tap Mirror: Handle Delete Port: 382cd99c-4046-42fa-a985-ebd8f1012b56
2026-05-12 22:50:17.663 7 INFO neutron.db.segments_db [None req-633756ea-a477-4189-844b-9b587eebb991 a41956c0149c4d33bf851c1d25106a70 80231dfcdca94d4d8cc7b3d9c0a93d5a - - default default] Added segment 8ff55a68-6204-419c-8f1e-cc8d76892bb2 of type geneve for network 8c7a4254-73c7-479d-96d8-cbf77c6225d7
2026-05-12 22:50:17.771 7 INFO neutron.db.ovn_revision_numbers_db [None req-633756ea-a477-4189-844b-9b587eebb991 a41956c0149c4d33bf851c1d25106a70 80231dfcdca94d4d8cc7b3d9c0a93d5a - - default default] Successfully bumped revision number for resource 8c7a4254-73c7-479d-96d8-cbf77c6225d7 (type: networks) to 1 [pid: 8|app: 0|req: 961/1904] 10.0.0.89 () {32 vars in 725 bytes} [Tue May 12 22:50:17 2026] DELETE /v2.0/networks/aa60e5f2-7c59-4086-8b84-5bb57993d58d => generated 0 bytes in 289 msecs (HTTP/1.1 204) 3 headers in 131 bytes (1 switches on core 0) [pid: 8|app: 0|req: 962/1905] 10.0.0.89 () {32 vars in 733 bytes} [Tue May 12 22:50:17 2026] DELETE /v2.0/qos/policies/55ccca3e-2abd-44ab-be1b-7e50f13d716e => generated 0 bytes in 64 msecs (HTTP/1.1 204) 2 headers in 112 bytes (1 switches on core 0)
2026-05-12 22:50:17.965 7 WARNING neutron.scheduler.dhcp_agent_scheduler [None req-633756ea-a477-4189-844b-9b587eebb991 a41956c0149c4d33bf851c1d25106a70 80231dfcdca94d4d8cc7b3d9c0a93d5a - - default default] No more DHCP agents
2026-05-12 22:50:17.967 7 WARNING neutron.api.rpc.agentnotifiers.dhcp_rpc_agent_api [None req-633756ea-a477-4189-844b-9b587eebb991 a41956c0149c4d33bf851c1d25106a70 80231dfcdca94d4d8cc7b3d9c0a93d5a - - default default] Unable to schedule network 8c7a4254-73c7-479d-96d8-cbf77c6225d7: no agents available; will retry on subsequent port and subnet creation events.
2026-05-12 22:50:18.040 7 INFO neutron.db.ovn_revision_numbers_db [None req-633756ea-a477-4189-844b-9b587eebb991 a41956c0149c4d33bf851c1d25106a70 80231dfcdca94d4d8cc7b3d9c0a93d5a - - default default] Successfully bumped revision number for resource cfd71836-e6b5-402b-a815-5ab6407b1ee6 (type: ports) to 1
2026-05-12 22:50:18.048 8 INFO neutron.db.ovn_revision_numbers_db [None req-af0059c3-5c21-40f5-9569-ddb8322e9951 30bea2a10ccf4c84b996de4243ce7cf5 982067594f66455e87176ec5b4aaf95b - - default default] Successfully bumped revision number for resource 2cbb3d4d-1fef-4a7f-8d7d-b6e1a6237e50 (type: security_group_rules) to 0 [pid: 7|app: 0|req: 944/1906] 10.0.0.89 () {34 vars in 669 bytes} [Tue May 12 22:50:17 2026] POST /v2.0/networks => generated 767 bytes in 482 msecs (HTTP/1.1 201) 4 headers in 162 bytes (1 switches on core 0) [pid: 8|app: 0|req: 963/1907] 10.0.0.89 () {34 vars in 694 bytes} [Tue May 12 22:50:17 2026] POST /v2.0/security-group-rules => generated 597 bytes in 163 msecs (HTTP/1.1 201) 4 headers in 162 bytes (1 switches on core 0) [pid: 8|app: 0|req: 964/1908] 10.0.0.89 () {32 vars in 733 bytes} [Tue May 12 22:50:18 2026] DELETE /v2.0/qos/policies/87357961-f377-4768-a72f-381060522799 => generated 0 bytes in 44 msecs (HTTP/1.1 204) 2 headers in 112 bytes (1 switches on core 0)
2026-05-12 22:50:18.142 7 INFO neutron.db.segments_db [None req-0630724c-463a-43b9-8ff1-00b9f4bb6421 08fd27ce5fb64cca9856948e3e3479f1 244a6f3cc16544de998f032e81d74b70 - - default default] Added segment 9aa18196-48ce-48f2-88d3-0ccb636c12b5 of type geneve for network 301618bf-e19a-4194-95d8-8858486f5afc
2026-05-12 22:50:18.235 7 INFO neutron.db.ovn_revision_numbers_db [None req-0630724c-463a-43b9-8ff1-00b9f4bb6421 08fd27ce5fb64cca9856948e3e3479f1 244a6f3cc16544de998f032e81d74b70 - - default default] Successfully bumped revision number for resource 301618bf-e19a-4194-95d8-8858486f5afc (type: networks) to 1
2026-05-12 22:50:18.242 8 WARNING neutron.scheduler.dhcp_agent_scheduler [None req-15d5a3c0-3906-40b1-b76c-c506a8ff6896 a41956c0149c4d33bf851c1d25106a70 80231dfcdca94d4d8cc7b3d9c0a93d5a - - default default] No more DHCP agents
2026-05-12 22:50:18.243 8 WARNING neutron.api.rpc.agentnotifiers.dhcp_rpc_agent_api [None req-15d5a3c0-3906-40b1-b76c-c506a8ff6896 a41956c0149c4d33bf851c1d25106a70 80231dfcdca94d4d8cc7b3d9c0a93d5a - - default default] Unable to schedule network 8c7a4254-73c7-479d-96d8-cbf77c6225d7: no agents available; will retry on subsequent port and subnet creation events.
2026-05-12 22:50:18.385 7 WARNING neutron.scheduler.dhcp_agent_scheduler [None req-0630724c-463a-43b9-8ff1-00b9f4bb6421 08fd27ce5fb64cca9856948e3e3479f1 244a6f3cc16544de998f032e81d74b70 - - default default] No more DHCP agents
2026-05-12 22:50:18.386 7 WARNING neutron.api.rpc.agentnotifiers.dhcp_rpc_agent_api [None req-0630724c-463a-43b9-8ff1-00b9f4bb6421 08fd27ce5fb64cca9856948e3e3479f1 244a6f3cc16544de998f032e81d74b70 - - default default] Unable to schedule network 301618bf-e19a-4194-95d8-8858486f5afc: no agents available; will retry on subsequent port and subnet creation events.
2026-05-12 22:50:18.452 7 INFO neutron.db.ovn_revision_numbers_db [None req-0630724c-463a-43b9-8ff1-00b9f4bb6421 08fd27ce5fb64cca9856948e3e3479f1 244a6f3cc16544de998f032e81d74b70 - - default default] Successfully bumped revision number for resource d7600e03-1bb1-4234-8880-06d8879cb6d2 (type: ports) to 1 [pid: 7|app: 0|req: 945/1909] 10.0.0.89 () {34 vars in 669 bytes} [Tue May 12 22:50:18 2026] POST /v2.0/networks => generated 672 bytes in 409 msecs (HTTP/1.1 201) 4 headers in 162 bytes (1 switches on core 0)
2026-05-12 22:50:18.585 7 INFO neutron.db.ovn_revision_numbers_db [None req-b90c1b4b-f6a3-4cc9-96e6-efc87b0f9694 30bea2a10ccf4c84b996de4243ce7cf5 982067594f66455e87176ec5b4aaf95b - - default default] Successfully bumped revision number for resource 650e835b-160c-497d-9812-c466b8f7eb90 (type: security_group_rules) to 0 [pid: 7|app: 0|req: 946/1910] 10.0.0.89 () {34 vars in 694 bytes} [Tue May 12 22:50:18 2026] POST /v2.0/security-group-rules => generated 596 bytes in 136 msecs (HTTP/1.1 201) 4 headers in 162 bytes (1 switches on core 0) [pid: 7|app: 0|req: 947/1911] 10.0.0.89 () {32 vars in 733 bytes} [Tue May 12 22:50:18 2026] DELETE /v2.0/qos/policies/45358400-2df4-4436-aa0f-5947eb07d2e8 => generated 0 bytes in 58 msecs (HTTP/1.1 204) 2 headers in 112 bytes (1 switches on core 0)
2026-05-12 22:50:18.701 8 INFO neutron.db.ovn_revision_numbers_db [None req-15d5a3c0-3906-40b1-b76c-c506a8ff6896 a41956c0149c4d33bf851c1d25106a70 80231dfcdca94d4d8cc7b3d9c0a93d5a - - default default] Successfully bumped revision number for resource cfd71836-e6b5-402b-a815-5ab6407b1ee6 (type: ports) to 2
2026-05-12 22:50:18.732 8 INFO neutron.db.ovn_revision_numbers_db [None req-15d5a3c0-3906-40b1-b76c-c506a8ff6896 a41956c0149c4d33bf851c1d25106a70 80231dfcdca94d4d8cc7b3d9c0a93d5a - - default default] Successfully bumped revision number for resource d7f04ade-a225-40e4-8bb1-409049bd8e6d (type: subnets) to 0 [pid: 8|app: 0|req: 965/1912] 10.0.0.89 () {34 vars in 668 bytes} [Tue May 12 22:50:18 2026] POST /v2.0/subnets => generated 647 bytes in 628 msecs (HTTP/1.1 201) 4 headers in 162 bytes (1 switches on core 0)
2026-05-12 22:50:18.842 7 WARNING neutron.scheduler.dhcp_agent_scheduler [None req-f42da8b5-273e-4a3f-a78c-a6687cc251d7 08fd27ce5fb64cca9856948e3e3479f1 244a6f3cc16544de998f032e81d74b70 - - default default] No more DHCP agents
2026-05-12 22:50:18.842 8 INFO neutron.db.ovn_revision_numbers_db [None req-ee6803b0-5172-4eb3-88ec-585912d67f6c 30bea2a10ccf4c84b996de4243ce7cf5 982067594f66455e87176ec5b4aaf95b - - default default] Successfully bumped revision number for resource 90815aff-00ca-4ef1-971d-ef61b2e5f177 (type: security_group_rules) to 0
2026-05-12 22:50:18.843 7 WARNING neutron.api.rpc.agentnotifiers.dhcp_rpc_agent_api [None req-f42da8b5-273e-4a3f-a78c-a6687cc251d7 08fd27ce5fb64cca9856948e3e3479f1 244a6f3cc16544de998f032e81d74b70 - - default default] Unable to schedule network 301618bf-e19a-4194-95d8-8858486f5afc: no agents available; will retry on subsequent port and subnet creation events.
2026-05-12 22:50:18.865 7 INFO neutron.db.ovn_revision_numbers_db [None req-f42da8b5-273e-4a3f-a78c-a6687cc251d7 08fd27ce5fb64cca9856948e3e3479f1 244a6f3cc16544de998f032e81d74b70 - - default default] Successfully bumped revision number for resource 733c8632-dfca-4296-a392-e0e803ed5320 (type: subnets) to 0 [pid: 8|app: 0|req: 966/1913] 10.0.0.89 () {34 vars in 694 bytes} [Tue May 12 22:50:18 2026] POST /v2.0/security-group-rules => generated 602 bytes in 124 msecs (HTTP/1.1 201) 4 headers in 162 bytes (1 switches on core 0) [pid: 7|app: 0|req: 948/1914] 10.0.0.89 () {34 vars in 668 bytes} [Tue May 12 22:50:18 2026] POST /v2.0/subnets => generated 646 bytes in 209 msecs (HTTP/1.1 201) 4 headers in 162 bytes (1 switches on core 0) [pid: 8|app: 0|req: 967/1915] 10.0.0.89 () {32 vars in 733 bytes} [Tue May 12 22:50:18 2026] DELETE /v2.0/qos/policies/32f81022-383c-4c41-8511-c0ea27b7e3d7 => generated 0 bytes in 45 msecs (HTTP/1.1 204) 2 headers in 112 bytes (1 switches on core 0)
2026-05-12 22:50:19.010 8 INFO neutron.db.ovn_revision_numbers_db [None req-a1038690-caf2-4a93-bc54-84d3bacadecc 30bea2a10ccf4c84b996de4243ce7cf5 982067594f66455e87176ec5b4aaf95b - - default default] Successfully bumped revision number for resource 005ce77f-a73a-44d3-8ac8-4f336678e37e (type: security_group_rules) to 0 [pid: 8|app: 0|req: 968/1916] 10.0.0.89 () {34 vars in 694 bytes} [Tue May 12 22:50:18 2026] POST /v2.0/security-group-rules => generated 601 bytes in 117 msecs (HTTP/1.1 201) 4 headers in 162 bytes (1 switches on core 0) [pid: 7|app: 0|req: 949/1917] 10.0.0.89 () {34 vars in 680 bytes} [Tue May 12 22:50:18 2026] POST /v2.0/rbac-policies => generated 324 bytes in 170 msecs (HTTP/1.1 201) 4 headers in 162 bytes (1 switches on core 0) [pid: 7|app: 0|req: 950/1918] 10.0.0.89 () {32 vars in 733 bytes} [Tue May 12 22:50:19 2026] DELETE /v2.0/qos/policies/920bc540-6f47-4bcf-bf05-35ef6b19da4c => generated 0 bytes in 47 msecs (HTTP/1.1 204) 2 headers in 112 bytes (1 switches on core 0)
2026-05-12 22:50:19.130 7 INFO neutron.db.securitygroups_db [None req-f2fefdc3-3693-4ab6-bf7e-2b15bfe13c5a 30bea2a10ccf4c84b996de4243ce7cf5 982067594f66455e87176ec5b4aaf95b - - default default] Project 982067594f66455e87176ec5b4aaf95b added a security group rule with legacy IPv6 ICMP protocol name icmp, ipv6-icmp should be used instead. It was automatically converted.
2026-05-12 22:50:19.135 8 INFO neutron.db.ovn_revision_numbers_db [None req-af2c09ec-220b-4b38-a57e-5021821295b0 08fd27ce5fb64cca9856948e3e3479f1 244a6f3cc16544de998f032e81d74b70 - - default default] Successfully bumped revision number for resource de4be295-e1a8-4093-a5ba-dc29cd0eb07b (type: routers) to 1 [pid: 8|app: 0|req: 969/1919] 10.0.0.89 () {34 vars in 668 bytes} [Tue May 12 22:50:19 2026] POST /v2.0/routers => generated 628 bytes in 114 msecs (HTTP/1.1 201) 4 headers in 162 bytes (1 switches on core 0)
2026-05-12 22:50:19.214 7 INFO neutron.db.ovn_revision_numbers_db [None req-f2fefdc3-3693-4ab6-bf7e-2b15bfe13c5a 30bea2a10ccf4c84b996de4243ce7cf5 982067594f66455e87176ec5b4aaf95b - - default default] Successfully bumped revision number for resource 20850747-e4f3-4fb1-8297-229450bfba12 (type: security_group_rules) to 0 [pid: 7|app: 0|req: 951/1920] 10.0.0.89 () {34 vars in 694 bytes} [Tue May 12 22:50:19 2026] POST /v2.0/security-group-rules => generated 607 bytes in 150 msecs (HTTP/1.1 201) 4 headers in 162 bytes (1 switches on core 0)
2026-05-12 22:50:19.285 7 INFO neutron.db.securitygroups_db [None req-30cd2dc9-675a-404b-8a56-7fa29a029207 30bea2a10ccf4c84b996de4243ce7cf5 982067594f66455e87176ec5b4aaf95b - - default default] Project 982067594f66455e87176ec5b4aaf95b added a security group rule with legacy IPv6 ICMP protocol name icmp, ipv6-icmp should be used instead. It was automatically converted.
2026-05-12 22:50:19.361 7 INFO neutron.db.ovn_revision_numbers_db [None req-30cd2dc9-675a-404b-8a56-7fa29a029207 30bea2a10ccf4c84b996de4243ce7cf5 982067594f66455e87176ec5b4aaf95b - - default default] Successfully bumped revision number for resource 065346e3-1849-43d0-9db7-6c890ef721de (type: security_group_rules) to 0 [pid: 7|app: 0|req: 952/1921] 10.0.0.89 () {34 vars in 694 bytes} [Tue May 12 22:50:19 2026] POST /v2.0/security-group-rules => generated 606 bytes in 138 msecs (HTTP/1.1 201) 4 headers in 162 bytes (1 switches on core 0)
2026-05-12 22:50:19.521 8 INFO neutron.services.segments.plugin [-] Segment 9bbace36-fbf1-426b-8ec6-8c29351d55bc resource provider aggregate not found
2026-05-12 22:50:19.521 8 INFO neutron.services.segments.plugin [-] Segment 9bbace36-fbf1-426b-8ec6-8c29351d55bc resource provider aggregate not found
2026-05-12 22:50:19.548 8 INFO neutron.services.segments.plugin [-] Segment 9bbace36-fbf1-426b-8ec6-8c29351d55bc resource provider not found; error: Placement Client Error (4xx): {"errors": [{"status": 404, "title": "Not Found", "detail": "The resource could not be found.\n\n No resource provider with uuid 9bbace36-fbf1-426b-8ec6-8c29351d55bc found for delete ", "request_id": "req-cda65ed3-8a35-4887-8d43-0dec8227e480"}]}
2026-05-12 22:50:19.553 8 INFO neutron.services.segments.plugin [-] Segment 9bbace36-fbf1-426b-8ec6-8c29351d55bc resource provider not found; error: Placement Client Error (4xx): {"errors": [{"status": 404, "title": "Not Found", "detail": "The resource could not be found.\n\n No resource provider with uuid 9bbace36-fbf1-426b-8ec6-8c29351d55bc found for delete ", "request_id": "req-9d42713f-fa83-495f-a1d4-8166e5d45204"}]}
2026-05-12 22:50:19.560 8 WARNING neutron.scheduler.dhcp_agent_scheduler [None req-9105f852-b835-48c9-9ae8-77d3d0499fbe 08fd27ce5fb64cca9856948e3e3479f1 244a6f3cc16544de998f032e81d74b70 - - default default] No more DHCP agents
2026-05-12 22:50:19.561 8 WARNING neutron.api.rpc.agentnotifiers.dhcp_rpc_agent_api [None req-9105f852-b835-48c9-9ae8-77d3d0499fbe 08fd27ce5fb64cca9856948e3e3479f1 244a6f3cc16544de998f032e81d74b70 - - default default] Unable to schedule network 301618bf-e19a-4194-95d8-8858486f5afc: no agents available; will retry on subsequent port and subnet creation events. [pid: 7|app: 0|req: 953/1922] 10.0.0.89 () {32 vars in 722 bytes} [Tue May 12 22:50:19 2026] GET /v2.0/networks/8c7a4254-73c7-479d-96d8-cbf77c6225d7 => generated 692 bytes in 181 msecs (HTTP/1.1 200) 4 headers in 157 bytes (1 switches on core 0)
2026-05-12 22:50:19.686 8 INFO neutron.db.ovn_revision_numbers_db [None req-9105f852-b835-48c9-9ae8-77d3d0499fbe 08fd27ce5fb64cca9856948e3e3479f1 244a6f3cc16544de998f032e81d74b70 - - default default] Successfully bumped revision number for resource 292cc2f1-3727-42b9-ac34-d6a2b0add3e3 (type: ports) to 1 [pid: 7|app: 0|req: 954/1923] 10.0.0.89 () {32 vars in 648 bytes} [Tue May 12 22:50:19 2026] GET /v2.0/networks => generated 1373 bytes in 110 msecs (HTTP/1.1 200) 4 headers in 158 bytes (1 switches on core 0)
2026-05-12 22:50:19.911 7 WARNING neutron.db.securitygroups_db [None req-43b01f13-62c3-4dee-a7ed-a88d633bf49d 7c8b3b4893db40fc8f4c373d488f1b00 c42c962242b74d89b992f1dedf66877e - - default default] project_id key not found in filters, using tenant_id instead. This support has been deprecated and will be removed in a future release.
2026-05-12 22:50:20.026 7 INFO neutron.db.ovn_revision_numbers_db [None req-43b01f13-62c3-4dee-a7ed-a88d633bf49d 7c8b3b4893db40fc8f4c373d488f1b00 c42c962242b74d89b992f1dedf66877e - - default default] Successfully bumped revision number for resource f81b445e-fe09-427d-ab33-ed19355bde68 (type: security_groups) to 1
2026-05-12 22:50:20.036 7 INFO neutron.db.ovn_revision_numbers_db [None req-43b01f13-62c3-4dee-a7ed-a88d633bf49d 7c8b3b4893db40fc8f4c373d488f1b00 c42c962242b74d89b992f1dedf66877e - - default default] Successfully bumped revision number for resource 62a82c7b-95ee-43e4-9c30-7418d89992c1 (type: security_group_rules) to 0
2026-05-12 22:50:20.046 7 INFO neutron.db.ovn_revision_numbers_db [None req-43b01f13-62c3-4dee-a7ed-a88d633bf49d 7c8b3b4893db40fc8f4c373d488f1b00 c42c962242b74d89b992f1dedf66877e - - default default] Successfully bumped revision number for resource 9298bf1a-288e-4249-b893-d14fd74cd41a (type: security_group_rules) to 0
2026-05-12 22:50:20.058 7 INFO neutron.db.ovn_revision_numbers_db [None req-43b01f13-62c3-4dee-a7ed-a88d633bf49d 7c8b3b4893db40fc8f4c373d488f1b00 c42c962242b74d89b992f1dedf66877e - - default default] Successfully bumped revision number for resource af1a44a0-1b7f-45da-a912-519a4a2889c6 (type: security_group_rules) to 0
2026-05-12 22:50:20.069 7 INFO neutron.db.ovn_revision_numbers_db [None req-43b01f13-62c3-4dee-a7ed-a88d633bf49d 7c8b3b4893db40fc8f4c373d488f1b00 c42c962242b74d89b992f1dedf66877e - - default default] Successfully bumped revision number for resource d997a1e6-949f-4757-9f39-955d1ee17a7d (type: security_group_rules) to 0 [pid: 7|app: 0|req: 955/1924] 10.0.0.89 () {32 vars in 773 bytes} [Tue May 12 22:50:19 2026] GET /v2.0/security-groups?tenant_id=8a746e125ace48cdb31471be4fc4df35&name=default => generated 2925 bytes in 233 msecs (HTTP/1.1 200) 4 headers in 158 bytes (1 switches on core 0)
2026-05-12 22:50:20.142 7 INFO neutron.pecan_wsgi.hooks.translation [None req-094e5215-37c5-44bf-a06e-39dd63cc0a16 6bdf9c52edea4147a504c6fb8a9f3d2f ba14d24b30e34151b2b68d20d531d7e7 - - default default] GET failed (client error): The resource could not be found. [pid: 7|app: 0|req: 956/1925] 10.0.0.89 () {32 vars in 722 bytes} [Tue May 12 22:50:20 2026] GET /v2.0/networks/8c7a4254-73c7-479d-96d8-cbf77c6225d7 => generated 138 bytes in 32 msecs (HTTP/1.1 404) 4 headers in 164 bytes (1 switches on core 0)
2026-05-12 22:50:20.147 7 WARNING neutron.db.securitygroups_db [req-47b35c54-5068-4218-9355-16791e05b2fb req-43a1d75b-2429-4f8d-815a-0bb65e345afe 30bea2a10ccf4c84b996de4243ce7cf5 982067594f66455e87176ec5b4aaf95b - - default default] project_id key not found in filters, using tenant_id instead. This support has been deprecated and will be removed in a future release. [pid: 7|app: 0|req: 957/1926] 10.0.0.219 () {34 vars in 1100 bytes} [Tue May 12 22:50:20 2026] GET /v2.0/security-groups?name=tempest-secgroup-smoke-2098817306&fields=id&tenant_id=982067594f66455e87176ec5b4aaf95b => generated 69 bytes in 25 msecs (HTTP/1.1 200) 4 headers in 156 bytes (1 switches on core 0)
2026-05-12 22:50:20.195 8 WARNING neutron.scheduler.dhcp_agent_scheduler [None req-9105f852-b835-48c9-9ae8-77d3d0499fbe 08fd27ce5fb64cca9856948e3e3479f1 244a6f3cc16544de998f032e81d74b70 - - default default] No more DHCP agents
2026-05-12 22:50:20.196 8 WARNING neutron.api.rpc.agentnotifiers.dhcp_rpc_agent_api [None req-9105f852-b835-48c9-9ae8-77d3d0499fbe 08fd27ce5fb64cca9856948e3e3479f1 244a6f3cc16544de998f032e81d74b70 - - default default] Unable to schedule network 301618bf-e19a-4194-95d8-8858486f5afc: no agents available; will retry on subsequent port and subnet creation events. [pid: 7|app: 0|req: 958/1927] 10.0.0.89 () {32 vars in 739 bytes} [Tue May 12 22:50:20 2026] DELETE /v2.0/security-groups/f81b445e-fe09-427d-ab33-ed19355bde68 => generated 0 bytes in 141 msecs (HTTP/1.1 204) 2 headers in 112 bytes (1 switches on core 0)
2026-05-12 22:50:20.442 7 INFO neutron_taas.services.taas.taas_plugin [None req-453043b6-9550-4349-a5ca-0ba15f6c7d04 a41956c0149c4d33bf851c1d25106a70 80231dfcdca94d4d8cc7b3d9c0a93d5a - - default default] TaaS: Handle Delete Port: cfd71836-e6b5-402b-a815-5ab6407b1ee6
2026-05-12 22:50:20.445 7 INFO neutron_taas.services.taas.tap_mirror_plugin [None req-453043b6-9550-4349-a5ca-0ba15f6c7d04 a41956c0149c4d33bf851c1d25106a70 80231dfcdca94d4d8cc7b3d9c0a93d5a - - default default] Tap Mirror: Handle Delete Port: cfd71836-e6b5-402b-a815-5ab6407b1ee6
2026-05-12 22:50:20.447 8 INFO neutron.db.ovn_revision_numbers_db [None req-9105f852-b835-48c9-9ae8-77d3d0499fbe 08fd27ce5fb64cca9856948e3e3479f1 244a6f3cc16544de998f032e81d74b70 - - default default] Successfully bumped revision number for resource 292cc2f1-3727-42b9-ac34-d6a2b0add3e3 (type: router_ports) to 1 [pid: 8|app: 0|req: 970/1928] 10.0.0.89 () {34 vars in 782 bytes} [Tue May 12 22:50:19 2026] PUT /v2.0/routers/de4be295-e1a8-4093-a5ba-dc29cd0eb07b/add_router_interface => generated 310 bytes in 1297 msecs (HTTP/1.1 200) 4 headers in 157 bytes (1 switches on core 0) [pid: 8|app: 0|req: 971/1929] 10.0.0.219 () {34 vars in 982 bytes} [Tue May 12 22:50:20 2026] GET /v2.0/networks?id=1514a0f5-1fa9-402b-bd8e-82e4ba00be9b => generated 698 bytes in 48 msecs (HTTP/1.1 200) 4 headers in 157 bytes (1 switches on core 0)
2026-05-12 22:50:20.506 8 WARNING neutron.db.securitygroups_db [None req-21b16ca2-424c-4ab5-b34e-d6682432e0f1 7c8b3b4893db40fc8f4c373d488f1b00 c42c962242b74d89b992f1dedf66877e - - default default] project_id key not found in filters, using tenant_id instead. This support has been deprecated and will be removed in a future release.
2026-05-12 22:50:20.649 8 INFO neutron.db.ovn_revision_numbers_db [None req-21b16ca2-424c-4ab5-b34e-d6682432e0f1 7c8b3b4893db40fc8f4c373d488f1b00 c42c962242b74d89b992f1dedf66877e - - default default] Successfully bumped revision number for resource bf309f72-5ad6-4f93-9050-394466fb9d94 (type: security_groups) to 1
2026-05-12 22:50:20.662 8 INFO neutron.db.ovn_revision_numbers_db [None req-21b16ca2-424c-4ab5-b34e-d6682432e0f1 7c8b3b4893db40fc8f4c373d488f1b00 c42c962242b74d89b992f1dedf66877e - - default default] Successfully bumped revision number for resource 3dbbaa13-3e43-4212-87f2-59bc9301ea24 (type: security_group_rules) to 0
2026-05-12 22:50:20.674 8 INFO neutron.db.ovn_revision_numbers_db [None req-21b16ca2-424c-4ab5-b34e-d6682432e0f1 7c8b3b4893db40fc8f4c373d488f1b00 c42c962242b74d89b992f1dedf66877e - - default default] Successfully bumped revision number for resource 43e2e439-c99b-452d-ba64-97e3124068f5 (type: security_group_rules) to 0
2026-05-12 22:50:20.686 8 INFO neutron.db.ovn_revision_numbers_db [None req-21b16ca2-424c-4ab5-b34e-d6682432e0f1 7c8b3b4893db40fc8f4c373d488f1b00 c42c962242b74d89b992f1dedf66877e - - default default] Successfully bumped revision number for resource cefedb4c-a04a-48a2-8942-ea04fefe23f6 (type: security_group_rules) to 0
2026-05-12 22:50:20.699 8 INFO neutron.db.ovn_revision_numbers_db [None req-21b16ca2-424c-4ab5-b34e-d6682432e0f1 7c8b3b4893db40fc8f4c373d488f1b00 c42c962242b74d89b992f1dedf66877e - - default default] Successfully bumped revision number for resource e682013c-87e4-4b74-818d-0b3df5aeae63 (type: security_group_rules) to 0
2026-05-12 22:50:20.722 7 INFO neutron.services.segments.plugin [-] Segment 8ff55a68-6204-419c-8f1e-cc8d76892bb2 resource provider aggregate not found
2026-05-12 22:50:20.726 7 INFO neutron.services.segments.plugin [-] Segment 8ff55a68-6204-419c-8f1e-cc8d76892bb2 resource provider aggregate not found
2026-05-12 22:50:20.741 7 INFO neutron.services.segments.plugin [-] Segment 8ff55a68-6204-419c-8f1e-cc8d76892bb2 resource provider not found; error: Placement Client Error (4xx): {"errors": [{"status": 404, "title": "Not Found", "detail": "The resource could not be found.\n\n No resource provider with uuid 8ff55a68-6204-419c-8f1e-cc8d76892bb2 found for delete ", "request_id": "req-55126ba2-ee24-44eb-9aa5-9fc0fdf4ec45"}]} [pid: 8|app: 0|req: 972/1930] 10.0.0.89 () {32 vars in 773 bytes} [Tue May 12 22:50:20 2026] GET /v2.0/security-groups?tenant_id=0d737be0f37148dc9621ab9fccd3da16&name=default => generated 2925 bytes in 241 msecs (HTTP/1.1 200) 4 headers in 158 bytes (1 switches on core 0)
2026-05-12 22:50:20.751 7 INFO neutron.services.segments.plugin [-] Segment 8ff55a68-6204-419c-8f1e-cc8d76892bb2 resource provider not found; error: Placement Client Error (4xx): {"errors": [{"status": 404, "title": "Not Found", "detail": "The resource could not be found.\n\n No resource provider with uuid 8ff55a68-6204-419c-8f1e-cc8d76892bb2 found for delete ", "request_id": "req-27f437a7-c3a6-4ecb-be73-7ffa75ea9eb5"}]} [pid: 7|app: 0|req: 959/1931] 10.0.0.89 () {32 vars in 725 bytes} [Tue May 12 22:50:20 2026] DELETE /v2.0/networks/8c7a4254-73c7-479d-96d8-cbf77c6225d7 => generated 0 bytes in 455 msecs (HTTP/1.1 204) 3 headers in 131 bytes (1 switches on core 0) [pid: 7|app: 0|req: 960/1932] 10.0.0.219 () {34 vars in 965 bytes} [Tue May 12 22:50:20 2026] GET /v2.0/quotas/982067594f66455e87176ec5b4aaf95b => generated 292 bytes in 8 msecs (HTTP/1.1 200) 4 headers in 157 bytes (1 switches on core 0) [pid: 8|app: 0|req: 973/1933] 10.0.0.89 () {32 vars in 716 bytes} [Tue May 12 22:50:20 2026] GET /v2.0/ports/292cc2f1-3727-42b9-ac34-d6a2b0add3e3 => generated 945 bytes in 87 msecs (HTTP/1.1 200) 4 headers in 157 bytes (1 switches on core 0)
2026-05-12 22:50:20.840 8 INFO neutron.pecan_wsgi.hooks.translation [None req-6f42fce4-56a7-4504-b520-d05f791db5c2 a41956c0149c4d33bf851c1d25106a70 80231dfcdca94d4d8cc7b3d9c0a93d5a - - default default] DELETE failed (client error): The resource could not be found. [pid: 8|app: 0|req: 974/1934] 10.0.0.89 () {32 vars in 723 bytes} [Tue May 12 22:50:20 2026] DELETE /v2.0/subnets/6645bfbc-ba8b-4f43-bdb7-db3cacb6a817 => generated 136 bytes in 12 msecs (HTTP/1.1 404) 4 headers in 164 bytes (1 switches on core 0) [pid: 8|app: 0|req: 975/1935] 10.0.0.219 () {34 vars in 1002 bytes} [Tue May 12 22:50:20 2026] GET /v2.0/ports?tenant_id=982067594f66455e87176ec5b4aaf95b&fields=id => generated 103 bytes in 76 msecs (HTTP/1.1 200) 4 headers in 157 bytes (1 switches on core 0) [pid: 7|app: 0|req: 961/1936] 10.0.0.89 () {32 vars in 739 bytes} [Tue May 12 22:50:20 2026] DELETE /v2.0/security-groups/bf309f72-5ad6-4f93-9050-394466fb9d94 => generated 0 bytes in 164 msecs (HTTP/1.1 204) 2 headers in 112 bytes (1 switches on core 0) [pid: 8|app: 0|req: 976/1937] 10.0.0.89 () {32 vars in 716 bytes} [Tue May 12 22:50:20 2026] GET /v2.0/ports/292cc2f1-3727-42b9-ac34-d6a2b0add3e3 => generated 945 bytes in 31 msecs (HTTP/1.1 200) 4 headers in 157 bytes (1 switches on core 0)
2026-05-12 22:50:20.952 7 INFO neutron.pecan_wsgi.hooks.translation [None req-00230ebb-67a6-47cf-8680-60eb8871c052 a41956c0149c4d33bf851c1d25106a70 80231dfcdca94d4d8cc7b3d9c0a93d5a - - default default] DELETE failed (client error): The resource could not be found. [pid: 7|app: 0|req: 962/1938] 10.0.0.89 () {32 vars in 723 bytes} [Tue May 12 22:50:20 2026] DELETE /v2.0/subnets/d5cfb335-34c1-4bfe-afe0-27af2cf8a168 => generated 136 bytes in 15 msecs (HTTP/1.1 404) 4 headers in 164 bytes (1 switches on core 0)
2026-05-12 22:50:20.969 7 INFO neutron.pecan_wsgi.hooks.translation [None req-3099a3cd-c34b-4e68-8928-e2fc70fc486d a41956c0149c4d33bf851c1d25106a70 80231dfcdca94d4d8cc7b3d9c0a93d5a - - default default] DELETE failed (client error): The resource could not be found. [pid: 7|app: 0|req: 963/1939] 10.0.0.89 () {32 vars in 723 bytes} [Tue May 12 22:50:20 2026] DELETE /v2.0/subnets/d7f04ade-a225-40e4-8bb1-409049bd8e6d => generated 136 bytes in 14 msecs (HTTP/1.1 404) 4 headers in 164 bytes (1 switches on core 0) [pid: 8|app: 0|req: 977/1940] 10.0.0.219 () {34 vars in 1008 bytes} [Tue May 12 22:50:20 2026] GET /v2.0/networks/1514a0f5-1fa9-402b-bd8e-82e4ba00be9b?fields=segments => generated 14 bytes in 37 msecs (HTTP/1.1 200) 4 headers in 156 bytes (1 switches on core 0) [pid: 7|app: 0|req: 964/1941] 10.0.0.219 () {34 vars in 1108 bytes} [Tue May 12 22:50:20 2026] GET /v2.0/networks/1514a0f5-1fa9-402b-bd8e-82e4ba00be9b?fields=provider%3Aphysical_network&fields=provider%3Anetwork_type => generated 79 bytes in 40 msecs (HTTP/1.1 200) 4 headers in 156 bytes (1 switches on core 0)
2026-05-12 22:50:21.061 8 WARNING neutron.db.securitygroups_db [None req-2ea3a44b-57ba-4a3e-b86a-cc39551a52f8 7c8b3b4893db40fc8f4c373d488f1b00 c42c962242b74d89b992f1dedf66877e - - default default] project_id key not found in filters, using tenant_id instead. This support has been deprecated and will be removed in a future release. [pid: 7|app: 0|req: 965/1942] 10.0.0.219 () {34 vars in 990 bytes} [Tue May 12 22:50:21 2026] GET /v2.0/ports?device_id=a2cc2e5b-c8ca-4b13-8a96-24e330ddc3f5 => generated 12 bytes in 25 msecs (HTTP/1.1 200) 4 headers in 156 bytes (1 switches on core 0)
2026-05-12 22:50:21.177 8 INFO neutron.db.ovn_revision_numbers_db [None req-2ea3a44b-57ba-4a3e-b86a-cc39551a52f8 7c8b3b4893db40fc8f4c373d488f1b00 c42c962242b74d89b992f1dedf66877e - - default default] Successfully bumped revision number for resource 9511a91d-f3cc-4e0c-be8a-8b005b4f499f (type: security_groups) to 1
2026-05-12 22:50:21.193 8 INFO neutron.db.ovn_revision_numbers_db [None req-2ea3a44b-57ba-4a3e-b86a-cc39551a52f8 7c8b3b4893db40fc8f4c373d488f1b00 c42c962242b74d89b992f1dedf66877e - - default default] Successfully bumped revision number for resource 0a3850b1-0ed9-482b-a711-439e433bef5a (type: security_group_rules) to 0
2026-05-12 22:50:21.203 8 INFO neutron.db.ovn_revision_numbers_db [None req-2ea3a44b-57ba-4a3e-b86a-cc39551a52f8 7c8b3b4893db40fc8f4c373d488f1b00 c42c962242b74d89b992f1dedf66877e - - default default] Successfully bumped revision number for resource 5eb2d740-5f95-43dc-a310-e224cdb5c4bb (type: security_group_rules) to 0
2026-05-12 22:50:21.214 8 INFO neutron.db.ovn_revision_numbers_db [None req-2ea3a44b-57ba-4a3e-b86a-cc39551a52f8 7c8b3b4893db40fc8f4c373d488f1b00 c42c962242b74d89b992f1dedf66877e - - default default] Successfully bumped revision number for resource 6f98b5e0-43ec-4074-b479-7dba25debd0d (type: security_group_rules) to 0
2026-05-12 22:50:21.225 8 INFO neutron.db.ovn_revision_numbers_db [None req-2ea3a44b-57ba-4a3e-b86a-cc39551a52f8 7c8b3b4893db40fc8f4c373d488f1b00 c42c962242b74d89b992f1dedf66877e - - default default] Successfully bumped revision number for resource 803e6d83-126a-40b3-ab26-f7bcadcaaf36 (type: security_group_rules) to 0 [pid: 8|app: 0|req: 978/1943] 10.0.0.89 () {32 vars in 773 bytes} [Tue May 12 22:50:21 2026] GET /v2.0/security-groups?tenant_id=6100d8eee359433ea6004ba6aa4e653f&name=default => generated 2925 bytes in 236 msecs (HTTP/1.1 200) 4 headers in 158 bytes (1 switches on core 0) [pid: 7|app: 0|req: 966/1944] 10.0.0.89 () {32 vars in 739 bytes} [Tue May 12 22:50:21 2026] DELETE /v2.0/security-groups/9511a91d-f3cc-4e0c-be8a-8b005b4f499f => generated 0 bytes in 180 msecs (HTTP/1.1 204) 2 headers in 112 bytes (1 switches on core 0)
2026-05-12 22:50:21.907 8 WARNING neutron.db.securitygroups_db [None req-fa4f8b7b-e3e4-4cc9-967c-e9f9c8d30a78 7c8b3b4893db40fc8f4c373d488f1b00 c42c962242b74d89b992f1dedf66877e - - default default] project_id key not found in filters, using tenant_id instead. This support has been deprecated and will be removed in a future release. [pid: 7|app: 0|req: 967/1945] 10.0.0.89 () {32 vars in 716 bytes} [Tue May 12 22:50:21 2026] GET /v2.0/ports/292cc2f1-3727-42b9-ac34-d6a2b0add3e3 => generated 945 bytes in 34 msecs (HTTP/1.1 200) 4 headers in 157 bytes (1 switches on core 0)
2026-05-12 22:50:22.004 8 WARNING neutron.plugins.ml2.drivers.ovn.mech_driver.ovsdb.ovn_client [None req-11f806fc-d502-4552-83b7-ae21715a17ac - - - - - -] No hosting information found for port eff9f6bb-089f-4030-9260-b2c099cc504e: RuntimeError: No hosting information found for port eff9f6bb-089f-4030-9260-b2c099cc504e
2026-05-12 22:50:22.063 8 INFO neutron.common.ovn.utils [None req-11f806fc-d502-4552-83b7-ae21715a17ac - - - - - -] HA Chassis Group neutron-1514a0f5-1fa9-402b-bd8e-82e4ba00be9b synchronized; highest priority chassis 1b9c2cfd-6ed4-4208-a1c6-f5af097e8b5a
2026-05-12 22:50:22.077 8 INFO neutron.db.ovn_revision_numbers_db [None req-fa4f8b7b-e3e4-4cc9-967c-e9f9c8d30a78 7c8b3b4893db40fc8f4c373d488f1b00 c42c962242b74d89b992f1dedf66877e - - default default] Successfully bumped revision number for resource b923a7aa-4f47-4549-8a57-24f427547d11 (type: security_groups) to 1
2026-05-12 22:50:22.100 8 INFO neutron.db.ovn_revision_numbers_db [None req-fa4f8b7b-e3e4-4cc9-967c-e9f9c8d30a78 7c8b3b4893db40fc8f4c373d488f1b00 c42c962242b74d89b992f1dedf66877e - - default default] Successfully bumped revision number for resource 82dc70b9-a60c-4c85-b2c4-78af1b6ec935 (type: security_group_rules) to 0
2026-05-12 22:50:22.116 8 INFO neutron.db.ovn_revision_numbers_db [None req-fa4f8b7b-e3e4-4cc9-967c-e9f9c8d30a78 7c8b3b4893db40fc8f4c373d488f1b00 c42c962242b74d89b992f1dedf66877e - - default default] Successfully bumped revision number for resource b68267fd-9925-43a1-90de-c3c567c40ebd (type: security_group_rules) to 0
2026-05-12 22:50:22.131 8 INFO neutron.db.ovn_revision_numbers_db [None req-fa4f8b7b-e3e4-4cc9-967c-e9f9c8d30a78 7c8b3b4893db40fc8f4c373d488f1b00 c42c962242b74d89b992f1dedf66877e - - default default] Successfully bumped revision number for resource db141282-ac21-4e95-88fc-8937cc189403 (type: security_group_rules) to 0
2026-05-12 22:50:22.152 8 INFO neutron.db.ovn_revision_numbers_db [None req-fa4f8b7b-e3e4-4cc9-967c-e9f9c8d30a78 7c8b3b4893db40fc8f4c373d488f1b00 c42c962242b74d89b992f1dedf66877e - - default default] Successfully bumped revision number for resource f20ce758-bcfd-48b2-8fa0-6176fa948296 (type: security_group_rules) to 0
2026-05-12 22:50:22.207 8 INFO neutron.db.ovn_revision_numbers_db [None req-11f806fc-d502-4552-83b7-ae21715a17ac - - - - - -] Successfully bumped revision number for resource eff9f6bb-089f-4030-9260-b2c099cc504e (type: router_ports) to 2 [pid: 8|app: 0|req: 979/1946] 10.0.0.89 () {32 vars in 773 bytes} [Tue May 12 22:50:21 2026] GET /v2.0/security-groups?tenant_id=ba14d24b30e34151b2b68d20d531d7e7&name=default => generated 2925 bytes in 486 msecs (HTTP/1.1 200) 4 headers in 158 bytes (1 switches on core 0) [pid: 8|app: 0|req: 980/1947] 10.0.0.219 () {34 vars in 990 bytes} [Tue May 12 22:50:22 2026] GET /v2.0/ports?device_id=a2cc2e5b-c8ca-4b13-8a96-24e330ddc3f5 => generated 12 bytes in 28 msecs (HTTP/1.1 200) 4 headers in 156 bytes (1 switches on core 0)
2026-05-12 22:50:22.295 8 INFO neutron.plugins.ml2.drivers.ovn.mech_driver.mech_driver [None req-11f806fc-d502-4552-83b7-ae21715a17ac - - - - - -] OVN reports status down for port: cfd71836-e6b5-402b-a815-5ab6407b1ee6
2026-05-12 22:50:22.304 8 INFO neutron.plugins.ml2.drivers.ovn.mech_driver.mech_driver [None req-11f806fc-d502-4552-83b7-ae21715a17ac - - - - - -] OVN reports status down for port: d7600e03-1bb1-4234-8880-06d8879cb6d2
2026-05-12 22:50:22.365 8 INFO neutron.plugins.ml2.drivers.ovn.mech_driver.mech_driver [None req-11f806fc-d502-4552-83b7-ae21715a17ac - - - - - -] OVN reports status down for port: 292cc2f1-3727-42b9-ac34-d6a2b0add3e3 [pid: 7|app: 0|req: 968/1948] 10.0.0.89 () {32 vars in 739 bytes} [Tue May 12 22:50:22 2026] DELETE /v2.0/security-groups/b923a7aa-4f47-4549-8a57-24f427547d11 => generated 0 bytes in 175 msecs (HTTP/1.1 204) 2 headers in 112 bytes (1 switches on core 0)
2026-05-12 22:50:22.417 8 WARNING neutron.plugins.ml2.drivers.ovn.mech_driver.ovsdb.ovn_client [None req-11f806fc-d502-4552-83b7-ae21715a17ac - - - - - -] Logical_Switch_Port 292cc2f1-3727-42b9-ac34-d6a2b0add3e3 host information not removed, the port state is up
2026-05-12 22:50:22.418 8 INFO neutron.plugins.ml2.drivers.ovn.mech_driver.mech_driver [None req-11f806fc-d502-4552-83b7-ae21715a17ac - - - - - -] OVN reports status up for port: 292cc2f1-3727-42b9-ac34-d6a2b0add3e3
2026-05-12 22:50:22.428 8 INFO neutron.plugins.ml2.plugin [None req-11f806fc-d502-4552-83b7-ae21715a17ac - - - - - -] Attempt 1 to provision port 292cc2f1-3727-42b9-ac34-d6a2b0add3e3
2026-05-12 22:50:22.538 8 WARNING neutron.db.securitygroups_db [None req-31d4e775-0e44-4937-a8eb-89cdbcc7641c 7c8b3b4893db40fc8f4c373d488f1b00 c42c962242b74d89b992f1dedf66877e - - default default] project_id key not found in filters, using tenant_id instead. This support has been deprecated and will be removed in a future release. [pid: 8|app: 0|req: 981/1949] 10.0.0.89 () {32 vars in 773 bytes} [Tue May 12 22:50:22 2026] GET /v2.0/security-groups?tenant_id=80231dfcdca94d4d8cc7b3d9c0a93d5a&name=default => generated 2925 bytes in 58 msecs (HTTP/1.1 200) 4 headers in 158 bytes (1 switches on core 0) [pid: 7|app: 0|req: 969/1950] 10.0.0.89 () {32 vars in 739 bytes} [Tue May 12 22:50:22 2026] DELETE /v2.0/security-groups/c161c7d9-9726-4029-afe5-cb47672b1ab9 => generated 0 bytes in 168 msecs (HTTP/1.1 204) 2 headers in 112 bytes (1 switches on core 0)
2026-05-12 22:50:22.799 8 INFO neutron.db.ovn_revision_numbers_db [None req-11f806fc-d502-4552-83b7-ae21715a17ac - - - - - -] Successfully bumped revision number for resource 292cc2f1-3727-42b9-ac34-d6a2b0add3e3 (type: ports) to 2
2026-05-12 22:50:22.829 8 WARNING neutron.db.securitygroups_db [None req-f9c9cd79-c943-499f-8bfb-b59b2ee8a4b9 7c8b3b4893db40fc8f4c373d488f1b00 c42c962242b74d89b992f1dedf66877e - - default default] project_id key not found in filters, using tenant_id instead. This support has been deprecated and will be removed in a future release.
2026-05-12 22:50:22.969 8 INFO neutron.db.ovn_revision_numbers_db [None req-f9c9cd79-c943-499f-8bfb-b59b2ee8a4b9 7c8b3b4893db40fc8f4c373d488f1b00 c42c962242b74d89b992f1dedf66877e - - default default] Successfully bumped revision number for resource 89e386f9-68c8-48e9-a246-1774612b1aff (type: security_groups) to 1
2026-05-12 22:50:23.002 8 INFO neutron.db.ovn_revision_numbers_db [None req-f9c9cd79-c943-499f-8bfb-b59b2ee8a4b9 7c8b3b4893db40fc8f4c373d488f1b00 c42c962242b74d89b992f1dedf66877e - - default default] Successfully bumped revision number for resource 2c766acb-e957-4cbd-b4b0-8aedeb0afd0e (type: security_group_rules) to 0 [pid: 7|app: 0|req: 970/1951] 10.0.0.89 () {32 vars in 716 bytes} [Tue May 12 22:50:22 2026] GET /v2.0/ports/292cc2f1-3727-42b9-ac34-d6a2b0add3e3 => generated 947 bytes in 28 msecs (HTTP/1.1 200) 4 headers in 157 bytes (1 switches on core 0)
2026-05-12 22:50:23.028 8 INFO neutron.db.ovn_revision_numbers_db [None req-f9c9cd79-c943-499f-8bfb-b59b2ee8a4b9 7c8b3b4893db40fc8f4c373d488f1b00 c42c962242b74d89b992f1dedf66877e - - default default] Successfully bumped revision number for resource 7fdb2e45-54e7-4371-a3b3-969b8c3448b2 (type: security_group_rules) to 0
2026-05-12 22:50:23.048 8 INFO neutron.db.ovn_revision_numbers_db [None req-f9c9cd79-c943-499f-8bfb-b59b2ee8a4b9 7c8b3b4893db40fc8f4c373d488f1b00 c42c962242b74d89b992f1dedf66877e - - default default] Successfully bumped revision number for resource a912a7cb-e73a-4316-92d3-9625bd2a9f0c (type: security_group_rules) to 0
2026-05-12 22:50:23.060 8 INFO neutron.db.ovn_revision_numbers_db [None req-f9c9cd79-c943-499f-8bfb-b59b2ee8a4b9 7c8b3b4893db40fc8f4c373d488f1b00 c42c962242b74d89b992f1dedf66877e - - default default] Successfully bumped revision number for resource d076337c-a7ed-475e-90b9-cda4d54e913c (type: security_group_rules) to 0 [pid: 8|app: 0|req: 982/1952] 10.0.0.89 () {32 vars in 773 bytes} [Tue May 12 22:50:22 2026] GET /v2.0/security-groups?tenant_id=a25a40d059254488b55ed1ab0b6f82e6&name=default => generated 2925 bytes in 283 msecs (HTTP/1.1 200) 4 headers in 158 bytes (1 switches on core 0) [pid: 8|app: 0|req: 983/1953] 10.0.0.89 () {32 vars in 739 bytes} [Tue May 12 22:50:23 2026] DELETE /v2.0/security-groups/89e386f9-68c8-48e9-a246-1774612b1aff => generated 0 bytes in 184 msecs (HTTP/1.1 204) 2 headers in 112 bytes (1 switches on core 0)
2026-05-12 22:50:23.360 7 INFO neutron_taas.services.taas.taas_plugin [None req-42ccdeb6-3459-4dd9-b3aa-99f2dc9dacaf 08fd27ce5fb64cca9856948e3e3479f1 244a6f3cc16544de998f032e81d74b70 - - default default] TaaS: Handle Delete Port: 292cc2f1-3727-42b9-ac34-d6a2b0add3e3
2026-05-12 22:50:23.362 7 INFO neutron_taas.services.taas.tap_mirror_plugin [None req-42ccdeb6-3459-4dd9-b3aa-99f2dc9dacaf 08fd27ce5fb64cca9856948e3e3479f1 244a6f3cc16544de998f032e81d74b70 - - default default] Tap Mirror: Handle Delete Port: 292cc2f1-3727-42b9-ac34-d6a2b0add3e3 [pid: 8|app: 0|req: 984/1954] 10.0.0.219 () {34 vars in 990 bytes} [Tue May 12 22:50:23 2026] GET /v2.0/ports?device_id=a2cc2e5b-c8ca-4b13-8a96-24e330ddc3f5 => generated 12 bytes in 18 msecs (HTTP/1.1 200) 4 headers in 156 bytes (1 switches on core 0) [pid: 7|app: 0|req: 971/1955] 10.0.0.89 () {34 vars in 788 bytes} [Tue May 12 22:50:23 2026] PUT /v2.0/routers/de4be295-e1a8-4093-a5ba-dc29cd0eb07b/remove_router_interface => generated 310 bytes in 585 msecs (HTTP/1.1 200) 4 headers in 157 bytes (1 switches on core 0) [pid: 8|app: 0|req: 985/1956] 10.0.0.89 () {32 vars in 735 bytes} [Tue May 12 22:50:23 2026] GET /v2.0/ports?device_id=de4be295-e1a8-4093-a5ba-dc29cd0eb07b => generated 12 bytes in 17 msecs (HTTP/1.1 200) 4 headers in 156 bytes (1 switches on core 0) /var/lib/openstack/lib/python3.12/site-packages/pycadf/identifier.py:70: UserWarning: Invalid uuid: neutron. To ensure interoperability, identifiers should be a valid uuid. warnings.warn(('Invalid uuid: %s. To ensure interoperability, ' [pid: 7|app: 0|req: 972/1957] 10.0.0.89 () {32 vars in 723 bytes} [Tue May 12 22:50:23 2026] DELETE /v2.0/routers/de4be295-e1a8-4093-a5ba-dc29cd0eb07b => generated 0 bytes in 180 msecs (HTTP/1.1 204) 2 headers in 112 bytes (1 switches on core 0) [pid: 8|app: 0|req: 986/1958] 10.0.0.89 () {32 vars in 723 bytes} [Tue May 12 22:50:23 2026] DELETE /v2.0/subnets/733c8632-dfca-4296-a392-e0e803ed5320 => generated 0 bytes in 126 msecs (HTTP/1.1 204) 3 headers in 131 bytes (1 switches on core 0)
2026-05-12 22:50:24.059 7 INFO neutron_taas.services.taas.taas_plugin [None req-9fc16a5d-0d41-47ea-87d1-f025f9aab61b 08fd27ce5fb64cca9856948e3e3479f1 244a6f3cc16544de998f032e81d74b70 - - default default] TaaS: Handle Delete Port: d7600e03-1bb1-4234-8880-06d8879cb6d2
2026-05-12 22:50:24.061 7 INFO neutron_taas.services.taas.tap_mirror_plugin [None req-9fc16a5d-0d41-47ea-87d1-f025f9aab61b 08fd27ce5fb64cca9856948e3e3479f1 244a6f3cc16544de998f032e81d74b70 - - default default] Tap Mirror: Handle Delete Port: d7600e03-1bb1-4234-8880-06d8879cb6d2
2026-05-12 22:50:24.205 7 INFO neutron.services.segments.plugin [-] Segment 9aa18196-48ce-48f2-88d3-0ccb636c12b5 resource provider aggregate not found
2026-05-12 22:50:24.215 7 INFO neutron.services.segments.plugin [-] Segment 9aa18196-48ce-48f2-88d3-0ccb636c12b5 resource provider aggregate not found
2026-05-12 22:50:24.219 7 INFO neutron.services.segments.plugin [-] Segment 9aa18196-48ce-48f2-88d3-0ccb636c12b5 resource provider not found; error: Placement Client Error (4xx): {"errors": [{"status": 404, "title": "Not Found", "detail": "The resource could not be found.\n\n No resource provider with uuid 9aa18196-48ce-48f2-88d3-0ccb636c12b5 found for delete ", "request_id": "req-30bb3e7f-8fd1-4402-84b4-6ec61a6eb1c5"}]}
2026-05-12 22:50:24.229 7 INFO neutron.services.segments.plugin [-] Segment 9aa18196-48ce-48f2-88d3-0ccb636c12b5 resource provider not found; error: Placement Client Error (4xx): {"errors": [{"status": 404, "title": "Not Found", "detail": "The resource could not be found.\n\n No resource provider with uuid 9aa18196-48ce-48f2-88d3-0ccb636c12b5 found for delete ", "request_id": "req-f3b89c21-b1e9-45b0-a0ea-3aded02b85aa"}]} [pid: 7|app: 0|req: 973/1959] 10.0.0.89 () {32 vars in 725 bytes} [Tue May 12 22:50:23 2026] DELETE /v2.0/networks/301618bf-e19a-4194-95d8-8858486f5afc => generated 0 bytes in 299 msecs (HTTP/1.1 204) 3 headers in 131 bytes (1 switches on core 0) [pid: 7|app: 0|req: 974/1960] 10.0.0.219 () {34 vars in 990 bytes} [Tue May 12 22:50:24 2026] GET /v2.0/ports?device_id=a2cc2e5b-c8ca-4b13-8a96-24e330ddc3f5 => generated 12 bytes in 20 msecs (HTTP/1.1 200) 4 headers in 156 bytes (1 switches on core 0)
2026-05-12 22:50:24.632 8 WARNING neutron.scheduler.dhcp_agent_scheduler [None req-e2cb3ac8-1418-42c7-b99c-afd9d5490384 08fd27ce5fb64cca9856948e3e3479f1 244a6f3cc16544de998f032e81d74b70 - - default default] No more DHCP agents
2026-05-12 22:50:24.633 8 WARNING neutron.api.rpc.agentnotifiers.dhcp_rpc_agent_api [None req-e2cb3ac8-1418-42c7-b99c-afd9d5490384 08fd27ce5fb64cca9856948e3e3479f1 244a6f3cc16544de998f032e81d74b70 - - default default] Unable to schedule network f5f1fbda-2e7c-4339-a9d9-8fb2cf21da06: no agents available; will retry on subsequent port and subnet creation events.
2026-05-12 22:50:24.765 7 INFO neutron.plugins.ml2.drivers.ovn.mech_driver.mech_driver [None req-7344e982-8d9f-4392-b2e8-2b1d565c6465 - - - - - -] OVN reports status down for port: daa3f1dc-7a04-4d55-afcc-9bacac83c00e
2026-05-12 22:50:24.800 8 INFO neutron.db.ovn_revision_numbers_db [None req-e2cb3ac8-1418-42c7-b99c-afd9d5490384 08fd27ce5fb64cca9856948e3e3479f1 244a6f3cc16544de998f032e81d74b70 - - default default] Successfully bumped revision number for resource daa3f1dc-7a04-4d55-afcc-9bacac83c00e (type: ports) to 1
2026-05-12 22:50:25.447 8 INFO neutron.db.ovn_revision_numbers_db [None req-e2cb3ac8-1418-42c7-b99c-afd9d5490384 08fd27ce5fb64cca9856948e3e3479f1 244a6f3cc16544de998f032e81d74b70 - - default default] Successfully bumped revision number for resource daa3f1dc-7a04-4d55-afcc-9bacac83c00e (type: router_ports) to 1
2026-05-12 22:50:25.466 7 INFO neutron.plugins.ml2.drivers.ovn.mech_driver.mech_driver [None req-7344e982-8d9f-4392-b2e8-2b1d565c6465 - - - - - -] OVN reports status up for port: daa3f1dc-7a04-4d55-afcc-9bacac83c00e
2026-05-12 22:50:25.485 7 INFO neutron.plugins.ml2.plugin [None req-7344e982-8d9f-4392-b2e8-2b1d565c6465 - - - - - -] Attempt 1 to provision port daa3f1dc-7a04-4d55-afcc-9bacac83c00e [pid: 7|app: 0|req: 975/1961] 199.204.45.244 () {34 vars in 986 bytes} [Tue May 12 22:50:25 2026] GET /v2.0/networks?id=1514a0f5-1fa9-402b-bd8e-82e4ba00be9b => generated 698 bytes in 125 msecs (HTTP/1.1 200) 4 headers in 157 bytes (1 switches on core 0)
2026-05-12 22:50:25.508 7 WARNING neutron.db.securitygroups_db [req-47b35c54-5068-4218-9355-16791e05b2fb req-340a92ac-0dc0-414f-a0cf-e0c981a32f3e 30bea2a10ccf4c84b996de4243ce7cf5 982067594f66455e87176ec5b4aaf95b - - default default] project_id key not found in filters, using tenant_id instead. This support has been deprecated and will be removed in a future release.
2026-05-12 22:50:25.534 8 INFO neutron.db.ovn_revision_numbers_db [None req-e2cb3ac8-1418-42c7-b99c-afd9d5490384 08fd27ce5fb64cca9856948e3e3479f1 244a6f3cc16544de998f032e81d74b70 - - default default] Successfully bumped revision number for resource 69d9bc6a-63bc-44f0-b2aa-d9c11dad75f8 (type: routers) to 2 [pid: 7|app: 0|req: 976/1962] 199.204.45.244 () {34 vars in 1050 bytes} [Tue May 12 22:50:25 2026] GET /v2.0/security-groups?fields=id&fields=name&tenant_id=982067594f66455e87176ec5b4aaf95b => generated 181 bytes in 41 msecs (HTTP/1.1 200) 4 headers in 157 bytes (1 switches on core 0) [pid: 8|app: 0|req: 987/1963] 10.0.0.89 () {34 vars in 668 bytes} [Tue May 12 22:50:24 2026] POST /v2.0/routers => generated 972 bytes in 1294 msecs (HTTP/1.1 201) 4 headers in 162 bytes (1 switches on core 0) [pid: 7|app: 0|req: 977/1964] 10.0.0.219 () {34 vars in 990 bytes} [Tue May 12 22:50:25 2026] GET /v2.0/ports?device_id=a2cc2e5b-c8ca-4b13-8a96-24e330ddc3f5 => generated 12 bytes in 30 msecs (HTTP/1.1 200) 4 headers in 156 bytes (1 switches on core 0) [pid: 7|app: 0|req: 978/1965] 10.0.0.89 () {32 vars in 720 bytes} [Tue May 12 22:50:25 2026] GET /v2.0/routers/69d9bc6a-63bc-44f0-b2aa-d9c11dad75f8 => generated 978 bytes in 78 msecs (HTTP/1.1 200) 4 headers in 157 bytes (1 switches on core 0)
2026-05-12 22:50:25.814 8 WARNING neutron.scheduler.dhcp_agent_scheduler [req-47b35c54-5068-4218-9355-16791e05b2fb req-cc4b5f4e-00b7-4b10-8e04-d19f1c107baa 30bea2a10ccf4c84b996de4243ce7cf5 982067594f66455e87176ec5b4aaf95b - - default default] No more DHCP agents
2026-05-12 22:50:25.816 8 WARNING neutron.api.rpc.agentnotifiers.dhcp_rpc_agent_api [req-47b35c54-5068-4218-9355-16791e05b2fb req-cc4b5f4e-00b7-4b10-8e04-d19f1c107baa 30bea2a10ccf4c84b996de4243ce7cf5 982067594f66455e87176ec5b4aaf95b - - default default] Unable to schedule network 1514a0f5-1fa9-402b-bd8e-82e4ba00be9b: no agents available; will retry on subsequent port and subnet creation events. [pid: 7|app: 0|req: 979/1966] 10.0.0.89 () {34 vars in 675 bytes} [Tue May 12 22:50:25 2026] POST /v2.0/subnetpools => generated 516 bytes in 243 msecs (HTTP/1.1 201) 4 headers in 162 bytes (1 switches on core 0)
