2026-06-15 21:09:51.076 7 INFO placement.requestlog [req-44a26afe-009d-4ec8-acd0-ae436b303e60 req-c51c49b9-a3b2-4a73-bae5-559838ef2410 529823385b934e71a858720ac25b5864 b68bb3eee8aa4da880698818692f961f - - 5c6c69f538aa47e4be7f1a92d8fac82c 5c6c69f538aa47e4be7f1a92d8fac82c] 199.204.45.113 "GET /allocations/56e52d55-d319-4db1-9ef0-e61042cf258d" status: 200 len: 258 microversion: 1.28 [pid: 7|app: 0|req: 458/923] 199.204.45.113 () {34 vars in 863 bytes} [Mon Jun 15 21:09:51 2026] GET /allocations/56e52d55-d319-4db1-9ef0-e61042cf258d => generated 258 bytes in 12 msecs (HTTP/1.1 200) 8 headers in 296 bytes (1 switches on core 0)
2026-06-15 21:09:51.096 8 INFO placement.requestlog [req-44a26afe-009d-4ec8-acd0-ae436b303e60 req-8063a640-722b-42b4-8224-55498bb419b5 529823385b934e71a858720ac25b5864 b68bb3eee8aa4da880698818692f961f - - 5c6c69f538aa47e4be7f1a92d8fac82c 5c6c69f538aa47e4be7f1a92d8fac82c] 199.204.45.113 "GET /allocations/f7554357-fc1d-410c-b452-0f58c0543bc9" status: 200 len: 258 microversion: 1.28 [pid: 8|app: 0|req: 466/924] 199.204.45.113 () {34 vars in 863 bytes} [Mon Jun 15 21:09:51 2026] GET /allocations/f7554357-fc1d-410c-b452-0f58c0543bc9 => generated 258 bytes in 14 msecs (HTTP/1.1 200) 8 headers in 296 bytes (1 switches on core 0)
2026-06-15 21:09:57.086 7 INFO placement.requestlog [None req-b2d70669-0cd5-4cb4-965c-462f679299df 2153734f3175476fb34ed7c3b42ed4e1 b68bb3eee8aa4da880698818692f961f - - 5c6c69f538aa47e4be7f1a92d8fac82c 5c6c69f538aa47e4be7f1a92d8fac82c] 10.0.0.33 "GET /resource_providers/6846499f-213d-4777-8ec9-709eecee58e3/aggregates" status: 404 len: 235 microversion: 1.1 [pid: 7|app: 0|req: 459/925] 10.0.0.33 () {32 vars in 824 bytes} [Mon Jun 15 21:09:57 2026] GET /resource_providers/6846499f-213d-4777-8ec9-709eecee58e3/aggregates => generated 235 bytes in 12 msecs (HTTP/1.1 404) 5 headers in 202 bytes (1 switches on core 0)
2026-06-15 21:09:57.101 8 INFO placement.requestlog [None req-d2234b9c-ebdc-46a3-a68b-c4bbb990e4ef 2153734f3175476fb34ed7c3b42ed4e1 b68bb3eee8aa4da880698818692f961f - - 5c6c69f538aa47e4be7f1a92d8fac82c 5c6c69f538aa47e4be7f1a92d8fac82c] 10.0.0.33 "GET /resource_providers/6846499f-213d-4777-8ec9-709eecee58e3/aggregates" status: 404 len: 235 microversion: 1.1
2026-06-15 21:09:57.101 7 INFO placement.requestlog [None req-57123ec6-cb33-4e2e-95ba-9c89981b62dc 2153734f3175476fb34ed7c3b42ed4e1 b68bb3eee8aa4da880698818692f961f - - 5c6c69f538aa47e4be7f1a92d8fac82c 5c6c69f538aa47e4be7f1a92d8fac82c] 10.0.0.33 "DELETE /resource_providers/6846499f-213d-4777-8ec9-709eecee58e3" status: 404 len: 246 microversion: 1.1 [pid: 7|app: 0|req: 460/927] 10.0.0.33 () {34 vars in 824 bytes} [Mon Jun 15 21:09:57 2026] DELETE /resource_providers/6846499f-213d-4777-8ec9-709eecee58e3 => generated 246 bytes in 9 msecs (HTTP/1.1 404) 6 headers in 231 bytes (1 switches on core 0) [pid: 8|app: 0|req: 467/927] 10.0.0.33 () {32 vars in 824 bytes} [Mon Jun 15 21:09:57 2026] GET /resource_providers/6846499f-213d-4777-8ec9-709eecee58e3/aggregates => generated 235 bytes in 26 msecs (HTTP/1.1 404) 5 headers in 202 bytes (1 switches on core 0)
2026-06-15 21:09:57.123 7 INFO placement.requestlog [None req-8f887cfd-3c33-437b-8150-2cd9468b79c8 2153734f3175476fb34ed7c3b42ed4e1 b68bb3eee8aa4da880698818692f961f - - 5c6c69f538aa47e4be7f1a92d8fac82c 5c6c69f538aa47e4be7f1a92d8fac82c] 10.0.0.33 "DELETE /resource_providers/6846499f-213d-4777-8ec9-709eecee58e3" status: 404 len: 246 microversion: 1.1 [pid: 7|app: 0|req: 461/928] 10.0.0.33 () {34 vars in 824 bytes} [Mon Jun 15 21:09:57 2026] DELETE /resource_providers/6846499f-213d-4777-8ec9-709eecee58e3 => generated 246 bytes in 15 msecs (HTTP/1.1 404) 6 headers in 231 bytes (1 switches on core 0)
2026-06-15 21:09:57.696 8 INFO placement.requestlog [None req-862babc7-a875-4d46-8eb1-7a7a963324d9 2153734f3175476fb34ed7c3b42ed4e1 b68bb3eee8aa4da880698818692f961f - - 5c6c69f538aa47e4be7f1a92d8fac82c 5c6c69f538aa47e4be7f1a92d8fac82c] 10.0.0.33 "GET /resource_providers/5a49b73d-f726-419c-ac95-37122333540a/aggregates" status: 404 len: 235 microversion: 1.1
2026-06-15 21:09:57.697 7 INFO placement.requestlog [None req-3490e48f-06a4-4ee2-949c-e032171220e6 2153734f3175476fb34ed7c3b42ed4e1 b68bb3eee8aa4da880698818692f961f - - 5c6c69f538aa47e4be7f1a92d8fac82c 5c6c69f538aa47e4be7f1a92d8fac82c] 10.0.0.33 "GET /resource_providers/5a49b73d-f726-419c-ac95-37122333540a/aggregates" status: 404 len: 235 microversion: 1.1 [pid: 7|app: 0|req: 462/929] 10.0.0.33 () {32 vars in 824 bytes} [Mon Jun 15 21:09:57 2026] GET /resource_providers/5a49b73d-f726-419c-ac95-37122333540a/aggregates => generated 235 bytes in 10 msecs (HTTP/1.1 404) 5 headers in 202 bytes (1 switches on core 0) [pid: 8|app: 0|req: 468/930] 10.0.0.33 () {32 vars in 824 bytes} [Mon Jun 15 21:09:57 2026] GET /resource_providers/5a49b73d-f726-419c-ac95-37122333540a/aggregates => generated 235 bytes in 11 msecs (HTTP/1.1 404) 5 headers in 202 bytes (1 switches on core 0)
2026-06-15 21:09:57.724 7 INFO placement.requestlog [None req-1631c2be-b3d0-46fd-a6c7-3b664eaf7431 2153734f3175476fb34ed7c3b42ed4e1 b68bb3eee8aa4da880698818692f961f - - 5c6c69f538aa47e4be7f1a92d8fac82c 5c6c69f538aa47e4be7f1a92d8fac82c] 10.0.0.33 "DELETE /resource_providers/5a49b73d-f726-419c-ac95-37122333540a" status: 404 len: 246 microversion: 1.1 [pid: 7|app: 0|req: 463/931] 10.0.0.33 () {34 vars in 824 bytes} [Mon Jun 15 21:09:57 2026] DELETE /resource_providers/5a49b73d-f726-419c-ac95-37122333540a => generated 246 bytes in 14 msecs (HTTP/1.1 404) 6 headers in 231 bytes (1 switches on core 0)
2026-06-15 21:09:57.727 8 INFO placement.requestlog [None req-e1436b93-7fa9-42a2-8975-67b3b0337487 2153734f3175476fb34ed7c3b42ed4e1 b68bb3eee8aa4da880698818692f961f - - 5c6c69f538aa47e4be7f1a92d8fac82c 5c6c69f538aa47e4be7f1a92d8fac82c] 10.0.0.33 "DELETE /resource_providers/5a49b73d-f726-419c-ac95-37122333540a" status: 404 len: 246 microversion: 1.1 [pid: 8|app: 0|req: 469/932] 10.0.0.33 () {34 vars in 824 bytes} [Mon Jun 15 21:09:57 2026] DELETE /resource_providers/5a49b73d-f726-419c-ac95-37122333540a => generated 246 bytes in 17 msecs (HTTP/1.1 404) 6 headers in 231 bytes (1 switches on core 0)
2026-06-15 21:09:59.255 7 INFO placement.requestlog [None req-3e08968f-4278-4309-9976-d4d65e300501 2153734f3175476fb34ed7c3b42ed4e1 b68bb3eee8aa4da880698818692f961f - - 5c6c69f538aa47e4be7f1a92d8fac82c 5c6c69f538aa47e4be7f1a92d8fac82c] 10.0.0.33 "GET /resource_providers/ffc23fe6-0b94-45ad-834b-94abbb6c99b2/aggregates" status: 404 len: 235 microversion: 1.1 [pid: 7|app: 0|req: 464/933] 10.0.0.33 () {32 vars in 824 bytes} [Mon Jun 15 21:09:59 2026] GET /resource_providers/ffc23fe6-0b94-45ad-834b-94abbb6c99b2/aggregates => generated 235 bytes in 11 msecs (HTTP/1.1 404) 5 headers in 202 bytes (1 switches on core 0)
2026-06-15 21:09:59.260 8 INFO placement.requestlog [None req-2dd46c40-f2f8-4f3d-bacc-dd754ded1f18 2153734f3175476fb34ed7c3b42ed4e1 b68bb3eee8aa4da880698818692f961f - - 5c6c69f538aa47e4be7f1a92d8fac82c 5c6c69f538aa47e4be7f1a92d8fac82c] 10.0.0.33 "GET /resource_providers/ffc23fe6-0b94-45ad-834b-94abbb6c99b2/aggregates" status: 404 len: 235 microversion: 1.1 [pid: 8|app: 0|req: 470/934] 10.0.0.33 () {32 vars in 824 bytes} [Mon Jun 15 21:09:59 2026] GET /resource_providers/ffc23fe6-0b94-45ad-834b-94abbb6c99b2/aggregates => generated 235 bytes in 17 msecs (HTTP/1.1 404) 5 headers in 202 bytes (1 switches on core 0)
2026-06-15 21:09:59.276 7 INFO placement.requestlog [None req-dcb1e52c-051e-45f0-8efc-2ce8f5fddcd0 2153734f3175476fb34ed7c3b42ed4e1 b68bb3eee8aa4da880698818692f961f - - 5c6c69f538aa47e4be7f1a92d8fac82c 5c6c69f538aa47e4be7f1a92d8fac82c] 10.0.0.33 "DELETE /resource_providers/ffc23fe6-0b94-45ad-834b-94abbb6c99b2" status: 404 len: 246 microversion: 1.1 [pid: 7|app: 0|req: 465/935] 10.0.0.33 () {34 vars in 824 bytes} [Mon Jun 15 21:09:59 2026] DELETE /resource_providers/ffc23fe6-0b94-45ad-834b-94abbb6c99b2 => generated 246 bytes in 15 msecs (HTTP/1.1 404) 6 headers in 231 bytes (1 switches on core 0)
2026-06-15 21:09:59.282 8 INFO placement.requestlog [None req-e70d8b7e-3bb9-45b6-81ed-afffa60a3c92 2153734f3175476fb34ed7c3b42ed4e1 b68bb3eee8aa4da880698818692f961f - - 5c6c69f538aa47e4be7f1a92d8fac82c 5c6c69f538aa47e4be7f1a92d8fac82c] 10.0.0.33 "DELETE /resource_providers/ffc23fe6-0b94-45ad-834b-94abbb6c99b2" status: 404 len: 246 microversion: 1.1 [pid: 8|app: 0|req: 471/936] 10.0.0.33 () {34 vars in 824 bytes} [Mon Jun 15 21:09:59 2026] DELETE /resource_providers/ffc23fe6-0b94-45ad-834b-94abbb6c99b2 => generated 246 bytes in 16 msecs (HTTP/1.1 404) 6 headers in 231 bytes (1 switches on core 0)
2026-06-15 21:09:59.745 7 INFO placement.requestlog [None req-d7b48c96-c41b-4493-b40d-012ba92099a9 2153734f3175476fb34ed7c3b42ed4e1 b68bb3eee8aa4da880698818692f961f - - 5c6c69f538aa47e4be7f1a92d8fac82c 5c6c69f538aa47e4be7f1a92d8fac82c] 10.0.0.33 "GET /resource_providers/944628b7-7ed9-455f-b255-bf2f75113229/aggregates" status: 404 len: 235 microversion: 1.1 [pid: 7|app: 0|req: 466/937] 10.0.0.33 () {32 vars in 824 bytes} [Mon Jun 15 21:09:59 2026] GET /resource_providers/944628b7-7ed9-455f-b255-bf2f75113229/aggregates => generated 235 bytes in 13 msecs (HTTP/1.1 404) 5 headers in 202 bytes (1 switches on core 0)
2026-06-15 21:09:59.750 8 INFO placement.requestlog [None req-8d425ffb-662f-411c-a976-a28b8940d06b 2153734f3175476fb34ed7c3b42ed4e1 b68bb3eee8aa4da880698818692f961f - - 5c6c69f538aa47e4be7f1a92d8fac82c 5c6c69f538aa47e4be7f1a92d8fac82c] 10.0.0.33 "GET /resource_providers/944628b7-7ed9-455f-b255-bf2f75113229/aggregates" status: 404 len: 235 microversion: 1.1 [pid: 8|app: 0|req: 472/938] 10.0.0.33 () {32 vars in 824 bytes} [Mon Jun 15 21:09:59 2026] GET /resource_providers/944628b7-7ed9-455f-b255-bf2f75113229/aggregates => generated 235 bytes in 11 msecs (HTTP/1.1 404) 5 headers in 202 bytes (1 switches on core 0)
2026-06-15 21:09:59.766 7 INFO placement.requestlog [None req-286cff29-4e9d-41ed-ad0c-98c2a928aa1f 2153734f3175476fb34ed7c3b42ed4e1 b68bb3eee8aa4da880698818692f961f - - 5c6c69f538aa47e4be7f1a92d8fac82c 5c6c69f538aa47e4be7f1a92d8fac82c] 10.0.0.33 "DELETE /resource_providers/944628b7-7ed9-455f-b255-bf2f75113229" status: 404 len: 246 microversion: 1.1 [pid: 7|app: 0|req: 467/939] 10.0.0.33 () {34 vars in 824 bytes} [Mon Jun 15 21:09:59 2026] DELETE /resource_providers/944628b7-7ed9-455f-b255-bf2f75113229 => generated 246 bytes in 10 msecs (HTTP/1.1 404) 6 headers in 231 bytes (1 switches on core 0)
2026-06-15 21:09:59.767 8 INFO placement.requestlog [None req-5e1f90fe-2750-4574-85a9-a51766b54be2 2153734f3175476fb34ed7c3b42ed4e1 b68bb3eee8aa4da880698818692f961f - - 5c6c69f538aa47e4be7f1a92d8fac82c 5c6c69f538aa47e4be7f1a92d8fac82c] 10.0.0.33 "DELETE /resource_providers/944628b7-7ed9-455f-b255-bf2f75113229" status: 404 len: 246 microversion: 1.1 [pid: 8|app: 0|req: 473/940] 10.0.0.33 () {34 vars in 824 bytes} [Mon Jun 15 21:09:59 2026] DELETE /resource_providers/944628b7-7ed9-455f-b255-bf2f75113229 => generated 246 bytes in 11 msecs (HTTP/1.1 404) 6 headers in 231 bytes (1 switches on core 0)
2026-06-15 21:09:59.791 7 INFO placement.requestlog [None req-5c4c7de4-02d0-46d3-ad96-1ba29d36b7f9 2153734f3175476fb34ed7c3b42ed4e1 b68bb3eee8aa4da880698818692f961f - - 5c6c69f538aa47e4be7f1a92d8fac82c 5c6c69f538aa47e4be7f1a92d8fac82c] 10.0.0.33 "GET /resource_providers/462eb757-760b-49f4-9b23-a6579febebdb/aggregates" status: 404 len: 235 microversion: 1.1 [pid: 7|app: 0|req: 468/941] 10.0.0.33 () {32 vars in 824 bytes} [Mon Jun 15 21:09:59 2026] GET /resource_providers/462eb757-760b-49f4-9b23-a6579febebdb/aggregates => generated 235 bytes in 13 msecs (HTTP/1.1 404) 5 headers in 202 bytes (1 switches on core 0)
2026-06-15 21:09:59.793 8 INFO placement.requestlog [None req-22c31a29-e069-49f1-8d56-788f5a54cc6e 2153734f3175476fb34ed7c3b42ed4e1 b68bb3eee8aa4da880698818692f961f - - 5c6c69f538aa47e4be7f1a92d8fac82c 5c6c69f538aa47e4be7f1a92d8fac82c] 10.0.0.33 "GET /resource_providers/462eb757-760b-49f4-9b23-a6579febebdb/aggregates" status: 404 len: 235 microversion: 1.1 [pid: 8|app: 0|req: 474/942] 10.0.0.33 () {32 vars in 824 bytes} [Mon Jun 15 21:09:59 2026] GET /resource_providers/462eb757-760b-49f4-9b23-a6579febebdb/aggregates => generated 235 bytes in 14 msecs (HTTP/1.1 404) 5 headers in 202 bytes (1 switches on core 0)
2026-06-15 21:09:59.805 7 INFO placement.requestlog [None req-19572e9e-fb43-4c09-abe1-ef6b491c2fbe 2153734f3175476fb34ed7c3b42ed4e1 b68bb3eee8aa4da880698818692f961f - - 5c6c69f538aa47e4be7f1a92d8fac82c 5c6c69f538aa47e4be7f1a92d8fac82c] 10.0.0.33 "DELETE /resource_providers/462eb757-760b-49f4-9b23-a6579febebdb" status: 404 len: 246 microversion: 1.1 [pid: 7|app: 0|req: 469/943] 10.0.0.33 () {34 vars in 824 bytes} [Mon Jun 15 21:09:59 2026] DELETE /resource_providers/462eb757-760b-49f4-9b23-a6579febebdb => generated 246 bytes in 8 msecs (HTTP/1.1 404) 6 headers in 231 bytes (1 switches on core 0)
2026-06-15 21:09:59.815 8 INFO placement.requestlog [None req-21cd14e5-453f-4645-af65-2a6caa50243b 2153734f3175476fb34ed7c3b42ed4e1 b68bb3eee8aa4da880698818692f961f - - 5c6c69f538aa47e4be7f1a92d8fac82c 5c6c69f538aa47e4be7f1a92d8fac82c] 10.0.0.33 "DELETE /resource_providers/462eb757-760b-49f4-9b23-a6579febebdb" status: 404 len: 246 microversion: 1.1 [pid: 8|app: 0|req: 475/944] 10.0.0.33 () {34 vars in 824 bytes} [Mon Jun 15 21:09:59 2026] DELETE /resource_providers/462eb757-760b-49f4-9b23-a6579febebdb => generated 246 bytes in 14 msecs (HTTP/1.1 404) 6 headers in 231 bytes (1 switches on core 0)
2026-06-15 21:09:59.912 7 INFO placement.requestlog [None req-3d5126e0-9b49-41a8-b82e-57a962211e13 - - - - - -] 10.0.0.156 "GET /" status: 200 len: 136 microversion: 1.0
2026-06-15 21:09:59.913 8 INFO placement.requestlog [None req-86560b14-67f3-44d5-951d-247bec3a920a - - - - - -] 10.0.0.156 "GET /" status: 200 len: 136 microversion: 1.0
2026-06-15 21:10:09.912 7 INFO placement.requestlog [None req-7780fb82-74c6-4a0e-966d-12a9ec799f5e - - - - - -] 10.0.0.156 "GET /" status: 200 len: 136 microversion: 1.0
2026-06-15 21:10:09.913 8 INFO placement.requestlog [None req-b671059b-0239-45eb-b859-9e76bfabbbf7 - - - - - -] 10.0.0.156 "GET /" status: 200 len: 136 microversion: 1.0
2026-06-15 21:10:10.722 7 INFO placement.requestlog [None req-d84f7acc-e672-49df-9ebd-e39b9ded4ab0 2153734f3175476fb34ed7c3b42ed4e1 b68bb3eee8aa4da880698818692f961f - - 5c6c69f538aa47e4be7f1a92d8fac82c 5c6c69f538aa47e4be7f1a92d8fac82c] 10.0.0.33 "GET /resource_providers/4225c7cc-3b74-4b28-af3a-0702d6da4010/aggregates" status: 404 len: 235 microversion: 1.1 [pid: 7|app: 0|req: 472/949] 10.0.0.33 () {32 vars in 824 bytes} [Mon Jun 15 21:10:10 2026] GET /resource_providers/4225c7cc-3b74-4b28-af3a-0702d6da4010/aggregates => generated 235 bytes in 12 msecs (HTTP/1.1 404) 5 headers in 202 bytes (1 switches on core 0)
2026-06-15 21:10:10.724 8 INFO placement.requestlog [None req-cc0a128b-1d62-477d-bc02-15298d1aac07 2153734f3175476fb34ed7c3b42ed4e1 b68bb3eee8aa4da880698818692f961f - - 5c6c69f538aa47e4be7f1a92d8fac82c 5c6c69f538aa47e4be7f1a92d8fac82c] 10.0.0.33 "GET /resource_providers/4225c7cc-3b74-4b28-af3a-0702d6da4010/aggregates" status: 404 len: 235 microversion: 1.1 [pid: 8|app: 0|req: 478/950] 10.0.0.33 () {32 vars in 824 bytes} [Mon Jun 15 21:10:10 2026] GET /resource_providers/4225c7cc-3b74-4b28-af3a-0702d6da4010/aggregates => generated 235 bytes in 14 msecs (HTTP/1.1 404) 5 headers in 202 bytes (1 switches on core 0)
2026-06-15 21:10:10.741 7 INFO placement.requestlog [None req-29cede35-980f-44f9-8fb0-ec2b7a11b98a 2153734f3175476fb34ed7c3b42ed4e1 b68bb3eee8aa4da880698818692f961f - - 5c6c69f538aa47e4be7f1a92d8fac82c 5c6c69f538aa47e4be7f1a92d8fac82c] 10.0.0.33 "DELETE /resource_providers/4225c7cc-3b74-4b28-af3a-0702d6da4010" status: 404 len: 246 microversion: 1.1 [pid: 7|app: 0|req: 473/951] 10.0.0.33 () {34 vars in 824 bytes} [Mon Jun 15 21:10:10 2026] DELETE /resource_providers/4225c7cc-3b74-4b28-af3a-0702d6da4010 => generated 246 bytes in 11 msecs (HTTP/1.1 404) 6 headers in 231 bytes (1 switches on core 0)
2026-06-15 21:10:10.751 8 INFO placement.requestlog [None req-87aeb9d7-b70c-4faf-a453-e620fbe443d5 2153734f3175476fb34ed7c3b42ed4e1 b68bb3eee8aa4da880698818692f961f - - 5c6c69f538aa47e4be7f1a92d8fac82c 5c6c69f538aa47e4be7f1a92d8fac82c] 10.0.0.33 "DELETE /resource_providers/4225c7cc-3b74-4b28-af3a-0702d6da4010" status: 404 len: 246 microversion: 1.1 [pid: 8|app: 0|req: 479/952] 10.0.0.33 () {34 vars in 824 bytes} [Mon Jun 15 21:10:10 2026] DELETE /resource_providers/4225c7cc-3b74-4b28-af3a-0702d6da4010 => generated 246 bytes in 13 msecs (HTTP/1.1 404) 6 headers in 231 bytes (1 switches on core 0)
2026-06-15 21:10:14.532 7 INFO placement.requestlog [req-96f643c9-b926-4db9-90cc-5b579830ac9d req-4ef4470d-1e60-45ce-a849-8d6f3e4027a4 529823385b934e71a858720ac25b5864 b68bb3eee8aa4da880698818692f961f - - 5c6c69f538aa47e4be7f1a92d8fac82c 5c6c69f538aa47e4be7f1a92d8fac82c] 199.204.45.113 "GET /resource_providers/6f428066-7cd6-4ae7-9f29-a57f5cf9d6e8/allocations" status: 200 len: 253 microversion: 1.0 [pid: 7|app: 0|req: 474/953] 199.204.45.113 () {32 vars in 857 bytes} [Mon Jun 15 21:10:14 2026] GET /resource_providers/6f428066-7cd6-4ae7-9f29-a57f5cf9d6e8/allocations => generated 253 bytes in 32 msecs (HTTP/1.1 200) 6 headers in 224 bytes (1 switches on core 0)
2026-06-15 21:10:14.558 8 INFO placement.requestlog [req-96f643c9-b926-4db9-90cc-5b579830ac9d req-34fae433-074b-4b74-97ef-69083b204cfa 529823385b934e71a858720ac25b5864 b68bb3eee8aa4da880698818692f961f - - 5c6c69f538aa47e4be7f1a92d8fac82c 5c6c69f538aa47e4be7f1a92d8fac82c] 199.204.45.113 "GET /allocations/56e52d55-d319-4db1-9ef0-e61042cf258d" status: 200 len: 258 microversion: 1.28 [pid: 8|app: 0|req: 480/954] 199.204.45.113 () {34 vars in 863 bytes} [Mon Jun 15 21:10:14 2026] GET /allocations/56e52d55-d319-4db1-9ef0-e61042cf258d => generated 258 bytes in 16 msecs (HTTP/1.1 200) 8 headers in 296 bytes (1 switches on core 0)
2026-06-15 21:10:14.582 7 INFO placement.requestlog [req-96f643c9-b926-4db9-90cc-5b579830ac9d req-21d83c3f-6564-4821-a096-251192004f22 529823385b934e71a858720ac25b5864 b68bb3eee8aa4da880698818692f961f - - 5c6c69f538aa47e4be7f1a92d8fac82c 5c6c69f538aa47e4be7f1a92d8fac82c] 199.204.45.113 "GET /allocations/f7554357-fc1d-410c-b452-0f58c0543bc9" status: 200 len: 258 microversion: 1.28 [pid: 7|app: 0|req: 475/955] 199.204.45.113 () {34 vars in 863 bytes} [Mon Jun 15 21:10:14 2026] GET /allocations/f7554357-fc1d-410c-b452-0f58c0543bc9 => generated 258 bytes in 18 msecs (HTTP/1.1 200) 8 headers in 296 bytes (1 switches on core 0)
2026-06-15 21:10:14.662 8 INFO placement.requestlog [req-96f643c9-b926-4db9-90cc-5b579830ac9d req-9dffa735-2416-4ae7-9704-9440fc86e0e6 529823385b934e71a858720ac25b5864 b68bb3eee8aa4da880698818692f961f - - 5c6c69f538aa47e4be7f1a92d8fac82c 5c6c69f538aa47e4be7f1a92d8fac82c] 199.204.45.113 "DELETE /allocations/56e52d55-d319-4db1-9ef0-e61042cf258d" status: 204 len: 0 microversion: 1.0 [pid: 8|app: 0|req: 481/956] 199.204.45.113 () {34 vars in 841 bytes} [Mon Jun 15 21:10:14 2026] DELETE /allocations/56e52d55-d319-4db1-9ef0-e61042cf258d => generated 0 bytes in 26 msecs (HTTP/1.1 204) 5 headers in 198 bytes (1 switches on core 0)
2026-06-15 21:10:17.238 7 INFO placement.requestlog [None req-11807415-132f-4b12-b3b5-18c75272ca7c 2153734f3175476fb34ed7c3b42ed4e1 b68bb3eee8aa4da880698818692f961f - - 5c6c69f538aa47e4be7f1a92d8fac82c 5c6c69f538aa47e4be7f1a92d8fac82c] 10.0.0.33 "GET /resource_providers/9d3f4c0c-bcb5-4f7e-86d8-363a58636dc4/aggregates" status: 404 len: 235 microversion: 1.1 [pid: 7|app: 0|req: 476/957] 10.0.0.33 () {32 vars in 824 bytes} [Mon Jun 15 21:10:17 2026] GET /resource_providers/9d3f4c0c-bcb5-4f7e-86d8-363a58636dc4/aggregates => generated 235 bytes in 12 msecs (HTTP/1.1 404) 5 headers in 202 bytes (1 switches on core 0)
2026-06-15 21:10:17.261 8 INFO placement.requestlog [None req-050d1902-02cd-4d75-93fa-eb5b0d58e51d 2153734f3175476fb34ed7c3b42ed4e1 b68bb3eee8aa4da880698818692f961f - - 5c6c69f538aa47e4be7f1a92d8fac82c 5c6c69f538aa47e4be7f1a92d8fac82c] 10.0.0.33 "GET /resource_providers/9d3f4c0c-bcb5-4f7e-86d8-363a58636dc4/aggregates" status: 404 len: 235 microversion: 1.1 [pid: 8|app: 0|req: 482/958] 10.0.0.33 () {32 vars in 824 bytes} [Mon Jun 15 21:10:17 2026] GET /resource_providers/9d3f4c0c-bcb5-4f7e-86d8-363a58636dc4/aggregates => generated 235 bytes in 32 msecs (HTTP/1.1 404) 5 headers in 202 bytes (1 switches on core 0)
2026-06-15 21:10:17.276 7 INFO placement.requestlog [None req-a3cc5059-12fc-4299-8dff-1caff16ff193 2153734f3175476fb34ed7c3b42ed4e1 b68bb3eee8aa4da880698818692f961f - - 5c6c69f538aa47e4be7f1a92d8fac82c 5c6c69f538aa47e4be7f1a92d8fac82c] 10.0.0.33 "DELETE /resource_providers/9d3f4c0c-bcb5-4f7e-86d8-363a58636dc4" status: 404 len: 246 microversion: 1.1 [pid: 7|app: 0|req: 477/959] 10.0.0.33 () {34 vars in 824 bytes} [Mon Jun 15 21:10:17 2026] DELETE /resource_providers/9d3f4c0c-bcb5-4f7e-86d8-363a58636dc4 => generated 246 bytes in 25 msecs (HTTP/1.1 404) 6 headers in 231 bytes (1 switches on core 0)
2026-06-15 21:10:17.276 8 INFO placement.requestlog [None req-9aeef7ef-e770-464d-99ce-50b41266bd49 2153734f3175476fb34ed7c3b42ed4e1 b68bb3eee8aa4da880698818692f961f - - 5c6c69f538aa47e4be7f1a92d8fac82c 5c6c69f538aa47e4be7f1a92d8fac82c] 10.0.0.33 "DELETE /resource_providers/9d3f4c0c-bcb5-4f7e-86d8-363a58636dc4" status: 404 len: 246 microversion: 1.1 [pid: 8|app: 0|req: 483/960] 10.0.0.33 () {34 vars in 824 bytes} [Mon Jun 15 21:10:17 2026] DELETE /resource_providers/9d3f4c0c-bcb5-4f7e-86d8-363a58636dc4 => generated 246 bytes in 10 msecs (HTTP/1.1 404) 6 headers in 231 bytes (1 switches on core 0)
2026-06-15 21:10:18.043 7 INFO placement.requestlog [req-c3216abb-e241-4d82-8f71-a75ff7557f2f req-f1bdc9cb-3f74-4519-8015-df8391212caf 529823385b934e71a858720ac25b5864 b68bb3eee8aa4da880698818692f961f - - 5c6c69f538aa47e4be7f1a92d8fac82c 5c6c69f538aa47e4be7f1a92d8fac82c] 199.204.45.113 "GET /resource_providers/6f428066-7cd6-4ae7-9f29-a57f5cf9d6e8/allocations" status: 200 len: 153 microversion: 1.0 [pid: 7|app: 0|req: 478/961] 199.204.45.113 () {32 vars in 857 bytes} [Mon Jun 15 21:10:18 2026] GET /resource_providers/6f428066-7cd6-4ae7-9f29-a57f5cf9d6e8/allocations => generated 153 bytes in 19 msecs (HTTP/1.1 200) 6 headers in 224 bytes (1 switches on core 0)
2026-06-15 21:10:18.069 8 INFO placement.requestlog [req-c3216abb-e241-4d82-8f71-a75ff7557f2f req-eabcf99a-b824-4352-b8d9-db396939baac 529823385b934e71a858720ac25b5864 b68bb3eee8aa4da880698818692f961f - - 5c6c69f538aa47e4be7f1a92d8fac82c 5c6c69f538aa47e4be7f1a92d8fac82c] 199.204.45.113 "GET /allocations/f7554357-fc1d-410c-b452-0f58c0543bc9" status: 200 len: 258 microversion: 1.28 [pid: 8|app: 0|req: 484/962] 199.204.45.113 () {34 vars in 863 bytes} [Mon Jun 15 21:10:18 2026] GET /allocations/f7554357-fc1d-410c-b452-0f58c0543bc9 => generated 258 bytes in 20 msecs (HTTP/1.1 200) 8 headers in 296 bytes (1 switches on core 0)
2026-06-15 21:10:18.163 7 INFO placement.requestlog [req-c3216abb-e241-4d82-8f71-a75ff7557f2f req-5f1e04f1-ecea-4ae7-8d9d-bdb0677b466b 529823385b934e71a858720ac25b5864 b68bb3eee8aa4da880698818692f961f - - 5c6c69f538aa47e4be7f1a92d8fac82c 5c6c69f538aa47e4be7f1a92d8fac82c] 199.204.45.113 "DELETE /allocations/f7554357-fc1d-410c-b452-0f58c0543bc9" status: 204 len: 0 microversion: 1.0 [pid: 7|app: 0|req: 479/963] 199.204.45.113 () {34 vars in 841 bytes} [Mon Jun 15 21:10:18 2026] DELETE /allocations/f7554357-fc1d-410c-b452-0f58c0543bc9 => generated 0 bytes in 40 msecs (HTTP/1.1 204) 5 headers in 198 bytes (1 switches on core 0)
2026-06-15 21:10:19.912 8 INFO placement.requestlog [None req-80b776e3-5d89-46a6-babd-5609b984a31a - - - - - -] 10.0.0.156 "GET /" status: 200 len: 136 microversion: 1.0
2026-06-15 21:10:19.913 7 INFO placement.requestlog [None req-883e8d58-82e3-4a66-97ae-6ff0c795c92c - - - - - -] 10.0.0.156 "GET /" status: 200 len: 136 microversion: 1.0
2026-06-15 21:10:21.488 8 INFO placement.requestlog [None req-1deb2596-d320-4b30-8ab7-f046edd8cae1 2153734f3175476fb34ed7c3b42ed4e1 b68bb3eee8aa4da880698818692f961f - - 5c6c69f538aa47e4be7f1a92d8fac82c 5c6c69f538aa47e4be7f1a92d8fac82c] 10.0.0.33 "GET /resource_providers/ea149b36-b02a-4689-8732-c4195e925627/aggregates" status: 404 len: 235 microversion: 1.1 [pid: 8|app: 0|req: 486/966] 10.0.0.33 () {32 vars in 824 bytes} [Mon Jun 15 21:10:21 2026] GET /resource_providers/ea149b36-b02a-4689-8732-c4195e925627/aggregates => generated 235 bytes in 13 msecs (HTTP/1.1 404) 5 headers in 202 bytes (1 switches on core 0)
2026-06-15 21:10:21.489 7 INFO placement.requestlog [None req-a617bb67-811c-4ec7-a87e-64d1bb590250 2153734f3175476fb34ed7c3b42ed4e1 b68bb3eee8aa4da880698818692f961f - - 5c6c69f538aa47e4be7f1a92d8fac82c 5c6c69f538aa47e4be7f1a92d8fac82c] 10.0.0.33 "GET /resource_providers/ea149b36-b02a-4689-8732-c4195e925627/aggregates" status: 404 len: 235 microversion: 1.1 [pid: 7|app: 0|req: 481/967] 10.0.0.33 () {32 vars in 824 bytes} [Mon Jun 15 21:10:21 2026] GET /resource_providers/ea149b36-b02a-4689-8732-c4195e925627/aggregates => generated 235 bytes in 14 msecs (HTTP/1.1 404) 5 headers in 202 bytes (1 switches on core 0)
2026-06-15 21:10:21.511 8 INFO placement.requestlog [None req-3182c8ff-7e4e-4042-ab7b-e334e184789a 2153734f3175476fb34ed7c3b42ed4e1 b68bb3eee8aa4da880698818692f961f - - 5c6c69f538aa47e4be7f1a92d8fac82c 5c6c69f538aa47e4be7f1a92d8fac82c] 10.0.0.33 "DELETE /resource_providers/ea149b36-b02a-4689-8732-c4195e925627" status: 404 len: 246 microversion: 1.1 [pid: 8|app: 0|req: 487/968] 10.0.0.33 () {34 vars in 824 bytes} [Mon Jun 15 21:10:21 2026] DELETE /resource_providers/ea149b36-b02a-4689-8732-c4195e925627 => generated 246 bytes in 11 msecs (HTTP/1.1 404) 6 headers in 231 bytes (1 switches on core 0)
2026-06-15 21:10:21.517 7 INFO placement.requestlog [None req-7b796ab1-2e15-4c8a-a627-3383173c0548 2153734f3175476fb34ed7c3b42ed4e1 b68bb3eee8aa4da880698818692f961f - - 5c6c69f538aa47e4be7f1a92d8fac82c 5c6c69f538aa47e4be7f1a92d8fac82c] 10.0.0.33 "DELETE /resource_providers/ea149b36-b02a-4689-8732-c4195e925627" status: 404 len: 246 microversion: 1.1 [pid: 7|app: 0|req: 482/969] 10.0.0.33 () {34 vars in 824 bytes} [Mon Jun 15 21:10:21 2026] DELETE /resource_providers/ea149b36-b02a-4689-8732-c4195e925627 => generated 246 bytes in 18 msecs (HTTP/1.1 404) 6 headers in 231 bytes (1 switches on core 0)
2026-06-15 21:10:24.778 8 INFO placement.requestlog [req-1da45fea-6c9f-4186-95b4-21d2c4f633ab req-10b6ab1d-2919-4621-a1f1-8f8362038ca7 529823385b934e71a858720ac25b5864 b68bb3eee8aa4da880698818692f961f - - 5c6c69f538aa47e4be7f1a92d8fac82c 5c6c69f538aa47e4be7f1a92d8fac82c] 199.204.45.113 "GET /resource_providers/6f428066-7cd6-4ae7-9f29-a57f5cf9d6e8/allocations" status: 200 len: 55 microversion: 1.0 [pid: 8|app: 0|req: 488/970] 199.204.45.113 () {32 vars in 857 bytes} [Mon Jun 15 21:10:24 2026] GET /resource_providers/6f428066-7cd6-4ae7-9f29-a57f5cf9d6e8/allocations => generated 55 bytes in 17 msecs (HTTP/1.1 200) 6 headers in 223 bytes (1 switches on core 0)
2026-06-15 21:10:24.808 7 INFO placement.requestlog [req-1da45fea-6c9f-4186-95b4-21d2c4f633ab req-764836d7-e419-4e7d-89ca-1da744b46ff0 529823385b934e71a858720ac25b5864 b68bb3eee8aa4da880698818692f961f - - 5c6c69f538aa47e4be7f1a92d8fac82c 5c6c69f538aa47e4be7f1a92d8fac82c] 199.204.45.113 "GET /resource_providers/6f428066-7cd6-4ae7-9f29-a57f5cf9d6e8/allocations" status: 200 len: 55 microversion: 1.0 [pid: 7|app: 0|req: 483/971] 199.204.45.113 () {32 vars in 857 bytes} [Mon Jun 15 21:10:24 2026] GET /resource_providers/6f428066-7cd6-4ae7-9f29-a57f5cf9d6e8/allocations => generated 55 bytes in 11 msecs (HTTP/1.1 200) 6 headers in 223 bytes (1 switches on core 0)
2026-06-15 21:10:26.531 8 INFO placement.requestlog [None req-8607c769-0313-4d9b-8a1c-eb40d94d9d7a 2153734f3175476fb34ed7c3b42ed4e1 b68bb3eee8aa4da880698818692f961f - - 5c6c69f538aa47e4be7f1a92d8fac82c 5c6c69f538aa47e4be7f1a92d8fac82c] 10.0.0.33 "GET /resource_providers/e318a34d-2d9a-4f9e-aa4a-7d8d44afa66c/aggregates" status: 404 len: 235 microversion: 1.1 [pid: 8|app: 0|req: 489/972] 10.0.0.33 () {32 vars in 824 bytes} [Mon Jun 15 21:10:26 2026] GET /resource_providers/e318a34d-2d9a-4f9e-aa4a-7d8d44afa66c/aggregates => generated 235 bytes in 14 msecs (HTTP/1.1 404) 5 headers in 202 bytes (1 switches on core 0)
2026-06-15 21:10:26.536 7 INFO placement.requestlog [None req-4330830d-d9f7-4e72-809f-c88deb8bf3ac 2153734f3175476fb34ed7c3b42ed4e1 b68bb3eee8aa4da880698818692f961f - - 5c6c69f538aa47e4be7f1a92d8fac82c 5c6c69f538aa47e4be7f1a92d8fac82c] 10.0.0.33 "GET /resource_providers/e318a34d-2d9a-4f9e-aa4a-7d8d44afa66c/aggregates" status: 404 len: 235 microversion: 1.1 [pid: 7|app: 0|req: 484/973] 10.0.0.33 () {32 vars in 824 bytes} [Mon Jun 15 21:10:26 2026] GET /resource_providers/e318a34d-2d9a-4f9e-aa4a-7d8d44afa66c/aggregates => generated 235 bytes in 18 msecs (HTTP/1.1 404) 5 headers in 202 bytes (1 switches on core 0)
2026-06-15 21:10:26.548 8 INFO placement.requestlog [None req-31be53bd-f130-4bbd-9319-e9d37139666c 2153734f3175476fb34ed7c3b42ed4e1 b68bb3eee8aa4da880698818692f961f - - 5c6c69f538aa47e4be7f1a92d8fac82c 5c6c69f538aa47e4be7f1a92d8fac82c] 10.0.0.33 "DELETE /resource_providers/e318a34d-2d9a-4f9e-aa4a-7d8d44afa66c" status: 404 len: 246 microversion: 1.1 [pid: 8|app: 0|req: 490/974] 10.0.0.33 () {34 vars in 824 bytes} [Mon Jun 15 21:10:26 2026] DELETE /resource_providers/e318a34d-2d9a-4f9e-aa4a-7d8d44afa66c => generated 246 bytes in 9 msecs (HTTP/1.1 404) 6 headers in 231 bytes (1 switches on core 0)
2026-06-15 21:10:26.562 7 INFO placement.requestlog [None req-9261ebd4-b644-4d1c-9858-da974eebe3c0 2153734f3175476fb34ed7c3b42ed4e1 b68bb3eee8aa4da880698818692f961f - - 5c6c69f538aa47e4be7f1a92d8fac82c 5c6c69f538aa47e4be7f1a92d8fac82c] 10.0.0.33 "DELETE /resource_providers/e318a34d-2d9a-4f9e-aa4a-7d8d44afa66c" status: 404 len: 246 microversion: 1.1 [pid: 7|app: 0|req: 485/975] 10.0.0.33 () {34 vars in 824 bytes} [Mon Jun 15 21:10:26 2026] DELETE /resource_providers/e318a34d-2d9a-4f9e-aa4a-7d8d44afa66c => generated 246 bytes in 17 msecs (HTTP/1.1 404) 6 headers in 231 bytes (1 switches on core 0)
2026-06-15 21:10:29.914 7 INFO placement.requestlog [None req-09537642-c389-46ee-926b-7f522a2b328f - - - - - -] 10.0.0.156 "GET /" status: 200 len: 136 microversion: 1.0
2026-06-15 21:10:29.915 8 INFO placement.requestlog [None req-835b9792-1cee-440e-97f6-a880f625844d - - - - - -] 10.0.0.156 "GET /" status: 200 len: 136 microversion: 1.0
2026-06-15 21:10:31.052 7 INFO placement.requestlog [None req-60274198-892a-4514-9c12-67052af8d232 2153734f3175476fb34ed7c3b42ed4e1 b68bb3eee8aa4da880698818692f961f - - 5c6c69f538aa47e4be7f1a92d8fac82c 5c6c69f538aa47e4be7f1a92d8fac82c] 10.0.0.33 "GET /resource_providers/9fe54b5c-e107-4ca5-b723-78fb37430bcf/aggregates" status: 404 len: 235 microversion: 1.1 [pid: 7|app: 0|req: 487/978] 10.0.0.33 () {32 vars in 824 bytes} [Mon Jun 15 21:10:31 2026] GET /resource_providers/9fe54b5c-e107-4ca5-b723-78fb37430bcf/aggregates => generated 235 bytes in 12 msecs (HTTP/1.1 404) 5 headers in 202 bytes (1 switches on core 0)
2026-06-15 21:10:31.055 8 INFO placement.requestlog [None req-adeb89ba-264a-4939-af82-c3787452fb69 2153734f3175476fb34ed7c3b42ed4e1 b68bb3eee8aa4da880698818692f961f - - 5c6c69f538aa47e4be7f1a92d8fac82c 5c6c69f538aa47e4be7f1a92d8fac82c] 10.0.0.33 "GET /resource_providers/9fe54b5c-e107-4ca5-b723-78fb37430bcf/aggregates" status: 404 len: 235 microversion: 1.1 [pid: 8|app: 0|req: 492/979] 10.0.0.33 () {32 vars in 824 bytes} [Mon Jun 15 21:10:31 2026] GET /resource_providers/9fe54b5c-e107-4ca5-b723-78fb37430bcf/aggregates => generated 235 bytes in 13 msecs (HTTP/1.1 404) 5 headers in 202 bytes (1 switches on core 0)
2026-06-15 21:10:31.072 8 INFO placement.requestlog [None req-9ad9c7b6-2c92-4bdd-bd67-1cc92a3d123f 2153734f3175476fb34ed7c3b42ed4e1 b68bb3eee8aa4da880698818692f961f - - 5c6c69f538aa47e4be7f1a92d8fac82c 5c6c69f538aa47e4be7f1a92d8fac82c] 10.0.0.33 "DELETE /resource_providers/9fe54b5c-e107-4ca5-b723-78fb37430bcf" status: 404 len: 246 microversion: 1.1 [pid: 8|app: 0|req: 493/980] 10.0.0.33 () {34 vars in 824 bytes} [Mon Jun 15 21:10:31 2026] DELETE /resource_providers/9fe54b5c-e107-4ca5-b723-78fb37430bcf => generated 246 bytes in 10 msecs (HTTP/1.1 404) 6 headers in 231 bytes (1 switches on core 0)
2026-06-15 21:10:31.078 7 INFO placement.requestlog [None req-f389c296-451c-4ffb-ae22-77b1abf71312 2153734f3175476fb34ed7c3b42ed4e1 b68bb3eee8aa4da880698818692f961f - - 5c6c69f538aa47e4be7f1a92d8fac82c 5c6c69f538aa47e4be7f1a92d8fac82c] 10.0.0.33 "DELETE /resource_providers/9fe54b5c-e107-4ca5-b723-78fb37430bcf" status: 404 len: 246 microversion: 1.1 [pid: 7|app: 0|req: 488/981] 10.0.0.33 () {34 vars in 824 bytes} [Mon Jun 15 21:10:31 2026] DELETE /resource_providers/9fe54b5c-e107-4ca5-b723-78fb37430bcf => generated 246 bytes in 17 msecs (HTTP/1.1 404) 6 headers in 231 bytes (1 switches on core 0)
2026-06-15 21:10:33.093 8 INFO placement.requestlog [None req-2fcb8d9e-ae25-4364-aa4e-e49d447f6fbc 2153734f3175476fb34ed7c3b42ed4e1 b68bb3eee8aa4da880698818692f961f - - 5c6c69f538aa47e4be7f1a92d8fac82c 5c6c69f538aa47e4be7f1a92d8fac82c] 10.0.0.33 "GET /resource_providers/05ff6291-d7c4-4868-8e3e-3668a9189cf3/aggregates" status: 404 len: 235 microversion: 1.1 [pid: 8|app: 0|req: 494/982] 10.0.0.33 () {32 vars in 824 bytes} [Mon Jun 15 21:10:33 2026] GET /resource_providers/05ff6291-d7c4-4868-8e3e-3668a9189cf3/aggregates => generated 235 bytes in 13 msecs (HTTP/1.1 404) 5 headers in 202 bytes (1 switches on core 0)
2026-06-15 21:10:33.095 7 INFO placement.requestlog [None req-dbbac3b8-70cf-4cb2-a6e8-b6c3118fa55c 2153734f3175476fb34ed7c3b42ed4e1 b68bb3eee8aa4da880698818692f961f - - 5c6c69f538aa47e4be7f1a92d8fac82c 5c6c69f538aa47e4be7f1a92d8fac82c] 10.0.0.33 "GET /resource_providers/05ff6291-d7c4-4868-8e3e-3668a9189cf3/aggregates" status: 404 len: 235 microversion: 1.1 [pid: 7|app: 0|req: 489/983] 10.0.0.33 () {32 vars in 824 bytes} [Mon Jun 15 21:10:33 2026] GET /resource_providers/05ff6291-d7c4-4868-8e3e-3668a9189cf3/aggregates => generated 235 bytes in 10 msecs (HTTP/1.1 404) 5 headers in 202 bytes (1 switches on core 0)
2026-06-15 21:10:33.120 8 INFO placement.requestlog [None req-6e85ab48-9f48-4f50-aac0-20902942c8f8 2153734f3175476fb34ed7c3b42ed4e1 b68bb3eee8aa4da880698818692f961f - - 5c6c69f538aa47e4be7f1a92d8fac82c 5c6c69f538aa47e4be7f1a92d8fac82c] 10.0.0.33 "DELETE /resource_providers/05ff6291-d7c4-4868-8e3e-3668a9189cf3" status: 404 len: 246 microversion: 1.1 [pid: 8|app: 0|req: 495/984] 10.0.0.33 () {34 vars in 824 bytes} [Mon Jun 15 21:10:33 2026] DELETE /resource_providers/05ff6291-d7c4-4868-8e3e-3668a9189cf3 => generated 246 bytes in 11 msecs (HTTP/1.1 404) 6 headers in 231 bytes (1 switches on core 0)
2026-06-15 21:10:33.126 7 INFO placement.requestlog [None req-89cf14a8-2401-4b37-ad4c-e132e72692d4 2153734f3175476fb34ed7c3b42ed4e1 b68bb3eee8aa4da880698818692f961f - - 5c6c69f538aa47e4be7f1a92d8fac82c 5c6c69f538aa47e4be7f1a92d8fac82c] 10.0.0.33 "DELETE /resource_providers/05ff6291-d7c4-4868-8e3e-3668a9189cf3" status: 404 len: 246 microversion: 1.1 [pid: 7|app: 0|req: 490/985] 10.0.0.33 () {34 vars in 824 bytes} [Mon Jun 15 21:10:33 2026] DELETE /resource_providers/05ff6291-d7c4-4868-8e3e-3668a9189cf3 => generated 246 bytes in 12 msecs (HTTP/1.1 404) 6 headers in 231 bytes (1 switches on core 0)
2026-06-15 21:10:34.229 7 INFO placement.requestlog [None req-896ba235-8525-40d0-8916-73f707a730d1 2153734f3175476fb34ed7c3b42ed4e1 b68bb3eee8aa4da880698818692f961f - - 5c6c69f538aa47e4be7f1a92d8fac82c 5c6c69f538aa47e4be7f1a92d8fac82c] 10.0.0.33 "GET /resource_providers/9cf6fd8e-4de6-4a26-9d80-3320dd4e2b2c/aggregates" status: 404 len: 235 microversion: 1.1 [pid: 7|app: 0|req: 491/986] 10.0.0.33 () {32 vars in 824 bytes} [Mon Jun 15 21:10:34 2026] GET /resource_providers/9cf6fd8e-4de6-4a26-9d80-3320dd4e2b2c/aggregates => generated 235 bytes in 12 msecs (HTTP/1.1 404) 5 headers in 202 bytes (1 switches on core 0)
2026-06-15 21:10:34.230 8 INFO placement.requestlog [None req-549cd009-1d56-4179-aef7-7c20f30c5590 2153734f3175476fb34ed7c3b42ed4e1 b68bb3eee8aa4da880698818692f961f - - 5c6c69f538aa47e4be7f1a92d8fac82c 5c6c69f538aa47e4be7f1a92d8fac82c] 10.0.0.33 "GET /resource_providers/9cf6fd8e-4de6-4a26-9d80-3320dd4e2b2c/aggregates" status: 404 len: 235 microversion: 1.1 [pid: 8|app: 0|req: 496/987] 10.0.0.33 () {32 vars in 824 bytes} [Mon Jun 15 21:10:34 2026] GET /resource_providers/9cf6fd8e-4de6-4a26-9d80-3320dd4e2b2c/aggregates => generated 235 bytes in 13 msecs (HTTP/1.1 404) 5 headers in 202 bytes (1 switches on core 0)
2026-06-15 21:10:34.248 8 INFO placement.requestlog [None req-fa1a52fe-27b3-42c7-a7e1-3f638cfb7db3 2153734f3175476fb34ed7c3b42ed4e1 b68bb3eee8aa4da880698818692f961f - - 5c6c69f538aa47e4be7f1a92d8fac82c 5c6c69f538aa47e4be7f1a92d8fac82c] 10.0.0.33 "DELETE /resource_providers/9cf6fd8e-4de6-4a26-9d80-3320dd4e2b2c" status: 404 len: 246 microversion: 1.1 [pid: 8|app: 0|req: 497/988] 10.0.0.33 () {34 vars in 824 bytes} [Mon Jun 15 21:10:34 2026] DELETE /resource_providers/9cf6fd8e-4de6-4a26-9d80-3320dd4e2b2c => generated 246 bytes in 10 msecs (HTTP/1.1 404) 6 headers in 231 bytes (1 switches on core 0)
2026-06-15 21:10:34.248 7 INFO placement.requestlog [None req-69d6c9ee-de57-410f-9d58-34dc70360160 2153734f3175476fb34ed7c3b42ed4e1 b68bb3eee8aa4da880698818692f961f - - 5c6c69f538aa47e4be7f1a92d8fac82c 5c6c69f538aa47e4be7f1a92d8fac82c] 10.0.0.33 "DELETE /resource_providers/9cf6fd8e-4de6-4a26-9d80-3320dd4e2b2c" status: 404 len: 246 microversion: 1.1 [pid: 7|app: 0|req: 492/989] 10.0.0.33 () {34 vars in 824 bytes} [Mon Jun 15 21:10:34 2026] DELETE /resource_providers/9cf6fd8e-4de6-4a26-9d80-3320dd4e2b2c => generated 246 bytes in 10 msecs (HTTP/1.1 404) 6 headers in 231 bytes (1 switches on core 0)
2026-06-15 21:10:36.895 8 INFO placement.requestlog [None req-e6f98e56-0ab1-46fd-a070-efbe7915d233 2153734f3175476fb34ed7c3b42ed4e1 b68bb3eee8aa4da880698818692f961f - - 5c6c69f538aa47e4be7f1a92d8fac82c 5c6c69f538aa47e4be7f1a92d8fac82c] 10.0.0.33 "GET /resource_providers/d5c2a77c-f3c1-4751-a9c3-5ae32d647c03/aggregates" status: 404 len: 235 microversion: 1.1
2026-06-15 21:10:36.896 7 INFO placement.requestlog [None req-2e78c185-3d6a-4f1a-a399-de621876eec8 2153734f3175476fb34ed7c3b42ed4e1 b68bb3eee8aa4da880698818692f961f - - 5c6c69f538aa47e4be7f1a92d8fac82c 5c6c69f538aa47e4be7f1a92d8fac82c] 10.0.0.33 "GET /resource_providers/d5c2a77c-f3c1-4751-a9c3-5ae32d647c03/aggregates" status: 404 len: 235 microversion: 1.1 [pid: 7|app: 0|req: 493/990] 10.0.0.33 () {32 vars in 824 bytes} [Mon Jun 15 21:10:36 2026] GET /resource_providers/d5c2a77c-f3c1-4751-a9c3-5ae32d647c03/aggregates => generated 235 bytes in 14 msecs (HTTP/1.1 404) 5 headers in 202 bytes (1 switches on core 0) [pid: 8|app: 0|req: 498/991] 10.0.0.33 () {32 vars in 824 bytes} [Mon Jun 15 21:10:36 2026] GET /resource_providers/d5c2a77c-f3c1-4751-a9c3-5ae32d647c03/aggregates => generated 235 bytes in 19 msecs (HTTP/1.1 404) 5 headers in 202 bytes (1 switches on core 0)
2026-06-15 21:10:36.920 8 INFO placement.requestlog [None req-b0dadfc6-b96a-4a4a-ab6c-05da7b204df3 2153734f3175476fb34ed7c3b42ed4e1 b68bb3eee8aa4da880698818692f961f - - 5c6c69f538aa47e4be7f1a92d8fac82c 5c6c69f538aa47e4be7f1a92d8fac82c] 10.0.0.33 "DELETE /resource_providers/d5c2a77c-f3c1-4751-a9c3-5ae32d647c03" status: 404 len: 246 microversion: 1.1 [pid: 8|app: 0|req: 499/992] 10.0.0.33 () {34 vars in 824 bytes} [Mon Jun 15 21:10:36 2026] DELETE /resource_providers/d5c2a77c-f3c1-4751-a9c3-5ae32d647c03 => generated 246 bytes in 14 msecs (HTTP/1.1 404) 6 headers in 231 bytes (1 switches on core 0)
2026-06-15 21:10:36.919 7 INFO placement.requestlog [None req-0a6b00d4-e28b-48af-838e-6ec747fb509f 2153734f3175476fb34ed7c3b42ed4e1 b68bb3eee8aa4da880698818692f961f - - 5c6c69f538aa47e4be7f1a92d8fac82c 5c6c69f538aa47e4be7f1a92d8fac82c] 10.0.0.33 "DELETE /resource_providers/d5c2a77c-f3c1-4751-a9c3-5ae32d647c03" status: 404 len: 246 microversion: 1.1 [pid: 7|app: 0|req: 494/993] 10.0.0.33 () {34 vars in 824 bytes} [Mon Jun 15 21:10:36 2026] DELETE /resource_providers/d5c2a77c-f3c1-4751-a9c3-5ae32d647c03 => generated 246 bytes in 14 msecs (HTTP/1.1 404) 6 headers in 231 bytes (1 switches on core 0)
2026-06-15 21:10:37.843 8 INFO placement.requestlog [None req-ad3e56b4-edaf-42c3-933e-5b20c54108d4 2153734f3175476fb34ed7c3b42ed4e1 b68bb3eee8aa4da880698818692f961f - - 5c6c69f538aa47e4be7f1a92d8fac82c 5c6c69f538aa47e4be7f1a92d8fac82c] 10.0.0.33 "GET /resource_providers/eb98baa4-6c9a-4c8b-ac59-454163a0684f/aggregates" status: 404 len: 235 microversion: 1.1 [pid: 8|app: 0|req: 500/994] 10.0.0.33 () {32 vars in 824 bytes} [Mon Jun 15 21:10:37 2026] GET /resource_providers/eb98baa4-6c9a-4c8b-ac59-454163a0684f/aggregates => generated 235 bytes in 11 msecs (HTTP/1.1 404) 5 headers in 202 bytes (1 switches on core 0)
2026-06-15 21:10:37.846 7 INFO placement.requestlog [None req-58cd20df-44e7-459c-8ca5-1506a825e495 2153734f3175476fb34ed7c3b42ed4e1 b68bb3eee8aa4da880698818692f961f - - 5c6c69f538aa47e4be7f1a92d8fac82c 5c6c69f538aa47e4be7f1a92d8fac82c] 10.0.0.33 "GET /resource_providers/eb98baa4-6c9a-4c8b-ac59-454163a0684f/aggregates" status: 404 len: 235 microversion: 1.1 [pid: 7|app: 0|req: 495/995] 10.0.0.33 () {32 vars in 824 bytes} [Mon Jun 15 21:10:37 2026] GET /resource_providers/eb98baa4-6c9a-4c8b-ac59-454163a0684f/aggregates => generated 235 bytes in 9 msecs (HTTP/1.1 404) 5 headers in 202 bytes (1 switches on core 0)
2026-06-15 21:10:37.874 8 INFO placement.requestlog [None req-b250447f-b584-439a-8166-ad016f544470 2153734f3175476fb34ed7c3b42ed4e1 b68bb3eee8aa4da880698818692f961f - - 5c6c69f538aa47e4be7f1a92d8fac82c 5c6c69f538aa47e4be7f1a92d8fac82c] 10.0.0.33 "DELETE /resource_providers/eb98baa4-6c9a-4c8b-ac59-454163a0684f" status: 404 len: 246 microversion: 1.1 [pid: 8|app: 0|req: 501/996] 10.0.0.33 () {34 vars in 824 bytes} [Mon Jun 15 21:10:37 2026] DELETE /resource_providers/eb98baa4-6c9a-4c8b-ac59-454163a0684f => generated 246 bytes in 12 msecs (HTTP/1.1 404) 6 headers in 231 bytes (1 switches on core 0)
2026-06-15 21:10:37.879 7 INFO placement.requestlog [None req-b7956fe5-939f-4a36-9e53-8f544b02f170 2153734f3175476fb34ed7c3b42ed4e1 b68bb3eee8aa4da880698818692f961f - - 5c6c69f538aa47e4be7f1a92d8fac82c 5c6c69f538aa47e4be7f1a92d8fac82c] 10.0.0.33 "DELETE /resource_providers/eb98baa4-6c9a-4c8b-ac59-454163a0684f" status: 404 len: 246 microversion: 1.1 [pid: 7|app: 0|req: 496/997] 10.0.0.33 () {34 vars in 824 bytes} [Mon Jun 15 21:10:37 2026] DELETE /resource_providers/eb98baa4-6c9a-4c8b-ac59-454163a0684f => generated 246 bytes in 13 msecs (HTTP/1.1 404) 6 headers in 231 bytes (1 switches on core 0)
2026-06-15 21:10:39.912 7 INFO placement.requestlog [None req-0e817008-88e7-4f4a-b96a-d00c6ede5ffe - - - - - -] 10.0.0.156 "GET /" status: 200 len: 136 microversion: 1.0
2026-06-15 21:10:39.912 8 INFO placement.requestlog [None req-9ab388a4-4cbc-4eba-a20a-26bf5a0e5682 - - - - - -] 10.0.0.156 "GET /" status: 200 len: 136 microversion: 1.0
2026-06-15 21:10:40.269 7 INFO placement.requestlog [None req-929a65c7-ba02-4148-973d-69a08781a30d 2153734f3175476fb34ed7c3b42ed4e1 b68bb3eee8aa4da880698818692f961f - - 5c6c69f538aa47e4be7f1a92d8fac82c 5c6c69f538aa47e4be7f1a92d8fac82c] 10.0.0.33 "GET /resource_providers/ce8afc6f-802b-4065-bfa1-e221e589fd02/aggregates" status: 404 len: 235 microversion: 1.1 [pid: 7|app: 0|req: 498/1000] 10.0.0.33 () {32 vars in 824 bytes} [Mon Jun 15 21:10:40 2026] GET /resource_providers/ce8afc6f-802b-4065-bfa1-e221e589fd02/aggregates => generated 235 bytes in 11 msecs (HTTP/1.1 404) 5 headers in 202 bytes (1 switches on core 0)
2026-06-15 21:10:40.277 8 INFO placement.requestlog [None req-959336fd-22d0-4890-bbf4-7d862ba177e3 2153734f3175476fb34ed7c3b42ed4e1 b68bb3eee8aa4da880698818692f961f - - 5c6c69f538aa47e4be7f1a92d8fac82c 5c6c69f538aa47e4be7f1a92d8fac82c] 10.0.0.33 "GET /resource_providers/ce8afc6f-802b-4065-bfa1-e221e589fd02/aggregates" status: 404 len: 235 microversion: 1.1 [pid: 8|app: 0|req: 503/1001] 10.0.0.33 () {32 vars in 824 bytes} [Mon Jun 15 21:10:40 2026] GET /resource_providers/ce8afc6f-802b-4065-bfa1-e221e589fd02/aggregates => generated 235 bytes in 20 msecs (HTTP/1.1 404) 5 headers in 202 bytes (1 switches on core 0)
2026-06-15 21:10:40.286 7 INFO placement.requestlog [None req-3104aa7c-bed9-43da-aea1-7405a749fc05 2153734f3175476fb34ed7c3b42ed4e1 b68bb3eee8aa4da880698818692f961f - - 5c6c69f538aa47e4be7f1a92d8fac82c 5c6c69f538aa47e4be7f1a92d8fac82c] 10.0.0.33 "DELETE /resource_providers/ce8afc6f-802b-4065-bfa1-e221e589fd02" status: 404 len: 246 microversion: 1.1 [pid: 7|app: 0|req: 499/1002] 10.0.0.33 () {34 vars in 824 bytes} [Mon Jun 15 21:10:40 2026] DELETE /resource_providers/ce8afc6f-802b-4065-bfa1-e221e589fd02 => generated 246 bytes in 10 msecs (HTTP/1.1 404) 6 headers in 231 bytes (1 switches on core 0)
2026-06-15 21:10:40.291 8 INFO placement.requestlog [None req-6d102849-efad-455c-a7f6-90d4e133b13c 2153734f3175476fb34ed7c3b42ed4e1 b68bb3eee8aa4da880698818692f961f - - 5c6c69f538aa47e4be7f1a92d8fac82c 5c6c69f538aa47e4be7f1a92d8fac82c] 10.0.0.33 "DELETE /resource_providers/ce8afc6f-802b-4065-bfa1-e221e589fd02" status: 404 len: 246 microversion: 1.1 [pid: 8|app: 0|req: 504/1003] 10.0.0.33 () {34 vars in 824 bytes} [Mon Jun 15 21:10:40 2026] DELETE /resource_providers/ce8afc6f-802b-4065-bfa1-e221e589fd02 => generated 246 bytes in 9 msecs (HTTP/1.1 404) 6 headers in 231 bytes (1 switches on core 0)
2026-06-15 21:10:45.811 7 INFO placement.requestlog [None req-a2a66cf2-d6af-4116-aca2-67c7a8846f12 2153734f3175476fb34ed7c3b42ed4e1 b68bb3eee8aa4da880698818692f961f - - 5c6c69f538aa47e4be7f1a92d8fac82c 5c6c69f538aa47e4be7f1a92d8fac82c] 10.0.0.33 "GET /resource_providers/b11dbb36-f7c8-4e55-9496-e3371f6b3907/aggregates" status: 404 len: 235 microversion: 1.1 [pid: 7|app: 0|req: 500/1004] 10.0.0.33 () {32 vars in 824 bytes} [Mon Jun 15 21:10:45 2026] GET /resource_providers/b11dbb36-f7c8-4e55-9496-e3371f6b3907/aggregates => generated 235 bytes in 12 msecs (HTTP/1.1 404) 5 headers in 202 bytes (1 switches on core 0)
2026-06-15 21:10:45.816 8 INFO placement.requestlog [None req-a40ddc45-101e-46c1-bbbf-ef08f4ff85b4 2153734f3175476fb34ed7c3b42ed4e1 b68bb3eee8aa4da880698818692f961f - - 5c6c69f538aa47e4be7f1a92d8fac82c 5c6c69f538aa47e4be7f1a92d8fac82c] 10.0.0.33 "GET /resource_providers/b11dbb36-f7c8-4e55-9496-e3371f6b3907/aggregates" status: 404 len: 235 microversion: 1.1 [pid: 8|app: 0|req: 505/1005] 10.0.0.33 () {32 vars in 824 bytes} [Mon Jun 15 21:10:45 2026] GET /resource_providers/b11dbb36-f7c8-4e55-9496-e3371f6b3907/aggregates => generated 235 bytes in 12 msecs (HTTP/1.1 404) 5 headers in 202 bytes (1 switches on core 0)
2026-06-15 21:10:45.832 8 INFO placement.requestlog [None req-a6009168-16e1-408a-8e83-46de0bc92c2f 2153734f3175476fb34ed7c3b42ed4e1 b68bb3eee8aa4da880698818692f961f - - 5c6c69f538aa47e4be7f1a92d8fac82c 5c6c69f538aa47e4be7f1a92d8fac82c] 10.0.0.33 "DELETE /resource_providers/b11dbb36-f7c8-4e55-9496-e3371f6b3907" status: 404 len: 246 microversion: 1.1 [pid: 8|app: 0|req: 506/1006] 10.0.0.33 () {34 vars in 824 bytes} [Mon Jun 15 21:10:45 2026] DELETE /resource_providers/b11dbb36-f7c8-4e55-9496-e3371f6b3907 => generated 246 bytes in 9 msecs (HTTP/1.1 404) 6 headers in 231 bytes (1 switches on core 0)
2026-06-15 21:10:45.834 7 INFO placement.requestlog [None req-df8fe561-aa27-4c0a-8809-693d79b0cb47 2153734f3175476fb34ed7c3b42ed4e1 b68bb3eee8aa4da880698818692f961f - - 5c6c69f538aa47e4be7f1a92d8fac82c 5c6c69f538aa47e4be7f1a92d8fac82c] 10.0.0.33 "DELETE /resource_providers/b11dbb36-f7c8-4e55-9496-e3371f6b3907" status: 404 len: 246 microversion: 1.1 [pid: 7|app: 0|req: 501/1007] 10.0.0.33 () {34 vars in 824 bytes} [Mon Jun 15 21:10:45 2026] DELETE /resource_providers/b11dbb36-f7c8-4e55-9496-e3371f6b3907 => generated 246 bytes in 15 msecs (HTTP/1.1 404) 6 headers in 231 bytes (1 switches on core 0)
2026-06-15 21:10:49.911 8 INFO placement.requestlog [None req-d2164c56-c35b-4c78-8825-5a9e4aa22837 - - - - - -] 10.0.0.156 "GET /" status: 200 len: 136 microversion: 1.0
2026-06-15 21:10:49.912 7 INFO placement.requestlog [None req-0559d47f-0e60-4e60-9ef8-ff399bdb9094 - - - - - -] 10.0.0.156 "GET /" status: 200 len: 136 microversion: 1.0
2026-06-15 21:10:56.806 8 INFO placement.requestlog [None req-dff7aa27-d479-44be-846d-b060b2f19d2c 2153734f3175476fb34ed7c3b42ed4e1 b68bb3eee8aa4da880698818692f961f - - 5c6c69f538aa47e4be7f1a92d8fac82c 5c6c69f538aa47e4be7f1a92d8fac82c] 10.0.0.33 "GET /resource_providers/849f69ee-5351-40c1-9269-1d39122b8ba7/aggregates" status: 404 len: 235 microversion: 1.1 [pid: 8|app: 0|req: 508/1010] 10.0.0.33 () {32 vars in 824 bytes} [Mon Jun 15 21:10:56 2026] GET /resource_providers/849f69ee-5351-40c1-9269-1d39122b8ba7/aggregates => generated 235 bytes in 15 msecs (HTTP/1.1 404) 5 headers in 202 bytes (1 switches on core 0)
2026-06-15 21:10:56.809 7 INFO placement.requestlog [None req-5b837997-de9b-4387-967f-e72532676aa6 2153734f3175476fb34ed7c3b42ed4e1 b68bb3eee8aa4da880698818692f961f - - 5c6c69f538aa47e4be7f1a92d8fac82c 5c6c69f538aa47e4be7f1a92d8fac82c] 10.0.0.33 "GET /resource_providers/849f69ee-5351-40c1-9269-1d39122b8ba7/aggregates" status: 404 len: 235 microversion: 1.1 [pid: 7|app: 0|req: 503/1011] 10.0.0.33 () {32 vars in 824 bytes} [Mon Jun 15 21:10:56 2026] GET /resource_providers/849f69ee-5351-40c1-9269-1d39122b8ba7/aggregates => generated 235 bytes in 14 msecs (HTTP/1.1 404) 5 headers in 202 bytes (1 switches on core 0)
