2026-06-15 21:10:29.497 9 WARNING neutron.plugins.ml2.drivers.ovn.mech_driver.ovsdb.ovn_client [None req-4931acb0-aaf8-4197-8a6e-4d24e2e00f6a - - - - - -] No hosting information found for port 67c381da-b770-4142-be51-da26a72a3d94: RuntimeError: No hosting information found for port 67c381da-b770-4142-be51-da26a72a3d94
2026-06-15 21:10:29.498 9 INFO neutron.plugins.ml2.drivers.ovn.mech_driver.mech_driver [None req-4931acb0-aaf8-4197-8a6e-4d24e2e00f6a - - - - - -] OVN reports status up for port: dfe178df-810e-46c8-adeb-b17cb5ddb7c3
2026-06-15 21:10:29.507 9 INFO neutron.plugins.ml2.plugin [None req-4931acb0-aaf8-4197-8a6e-4d24e2e00f6a - - - - - -] Attempt 1 to provision port dfe178df-810e-46c8-adeb-b17cb5ddb7c3
2026-06-15 21:10:29.724 8 INFO neutron.db.ovn_revision_numbers_db [None req-e269fcb4-eaa4-4357-b3e9-1dd21385120b 8c409388c7cb4ae6827bae3889c58636 094ec40abd1843e3a84f196c91f64edf - - default default] Successfully bumped revision number for resource 0b7c9a8f-8b89-448b-a0c1-905a20524a60 (type: security_groups) to 1
2026-06-15 21:10:29.728 8 INFO neutron.db.ovn_revision_numbers_db [None req-008127b7-5daf-461a-922f-98d61da30a2a - - - - - -] Successfully bumped revision number for resource 94b861d5-b0e6-4dd4-b344-c41fc5fbbc49 (type: ports) to 1
2026-06-15 21:10:29.737 8 INFO neutron.db.ovn_revision_numbers_db [None req-e269fcb4-eaa4-4357-b3e9-1dd21385120b 8c409388c7cb4ae6827bae3889c58636 094ec40abd1843e3a84f196c91f64edf - - default default] Successfully bumped revision number for resource 35bbaa21-b42e-4c7b-b53c-2b5017495303 (type: security_group_rules) to 0
2026-06-15 21:10:29.795 8 INFO neutron.db.ovn_revision_numbers_db [None req-e269fcb4-eaa4-4357-b3e9-1dd21385120b 8c409388c7cb4ae6827bae3889c58636 094ec40abd1843e3a84f196c91f64edf - - default default] Successfully bumped revision number for resource 8546e51d-03e5-4910-80f0-8c78db672efc (type: security_group_rules) to 0
2026-06-15 21:10:29.811 11 ERROR oslo_messaging.rpc.server [None req-2ee63843-098b-4d24-bac0-30f898f57d91 16049499037247f891209e11e0919d75 edf670acb5a94913ab96484e9e760b28 - - default default] Exception during message handling: sqlalchemy.exc.PendingRollbackError: This Session's transaction has been rolled back due to a previous exception during flush. To begin a new transaction with this Session, first issue Session.rollback(). Original exception was: (pymysql.err.IntegrityError) (1062, "Duplicate entry '3fcbfe33-7afc-4fb5-8406-5f742fe5c99b-260cd44b-e672-5fa0-9f33-d1f' for key 'routervpnagentbindings.PRIMARY'") [SQL: INSERT INTO routervpnagentbindings (router_id, vpn_agent_id) VALUES (%(router_id)s, %(vpn_agent_id)s)] [parameters: {'router_id': '3fcbfe33-7afc-4fb5-8406-5f742fe5c99b', 'vpn_agent_id': '260cd44b-e672-5fa0-9f33-d1fea96c0bab'}] (Background on this error at: https://sqlalche.me/e/14/gkpj) (Background on this error at: https://sqlalche.me/e/14/7s2a)
2026-06-15 21:10:29.811 11 ERROR oslo_messaging.rpc.server
Traceback (most recent call last):
2026-06-15 21:10:29.811 11 ERROR oslo_messaging.rpc.server
File "/var/lib/openstack/lib/python3.10/site-packages/oslo_messaging/rpc/server.py", line 165, in _process_incoming
2026-06-15 21:10:29.811 11 ERROR oslo_messaging.rpc.server res = self.dispatcher.dispatch(message)
2026-06-15 21:10:29.811 11 ERROR oslo_messaging.rpc.server
File "/var/lib/openstack/lib/python3.10/site-packages/oslo_messaging/rpc/dispatcher.py", line 309, in dispatch
2026-06-15 21:10:29.811 11 ERROR oslo_messaging.rpc.server return self._do_dispatch(endpoint, method, ctxt, args)
2026-06-15 21:10:29.811 11 ERROR oslo_messaging.rpc.server
File "/var/lib/openstack/lib/python3.10/site-packages/oslo_messaging/rpc/dispatcher.py", line 229, in _do_dispatch
2026-06-15 21:10:29.811 11 ERROR oslo_messaging.rpc.server result = func(ctxt, **new_args)
2026-06-15 21:10:29.811 11 ERROR oslo_messaging.rpc.server
File "/var/lib/openstack/lib/python3.10/site-packages/oslo_db/sqlalchemy/enginefacade.py", line 998, in wrapper
2026-06-15 21:10:29.811 11 ERROR oslo_messaging.rpc.server return fn(*args, **kwargs)
2026-06-15 21:10:29.811 11 ERROR oslo_messaging.rpc.server
File "/var/lib/openstack/lib/python3.10/site-packages/neutron_vpnaas/services/vpn/service_drivers/base_ipsec.py", line 80, in get_vpn_services_on_host
2026-06-15 21:10:29.811 11 ERROR oslo_messaging.rpc.server local_cidr_map = plugin._build_local_subnet_cidr_map(context)
2026-06-15 21:10:29.811 11 ERROR oslo_messaging.rpc.server
File "/var/lib/openstack/lib/python3.10/site-packages/neutron_vpnaas/db/vpn/vpn_db.py", line 729, in _build_local_subnet_cidr_map
2026-06-15 21:10:29.811 11 ERROR oslo_messaging.rpc.server return {sn.id: sn.cidr for sn in query.all()}
2026-06-15 21:10:29.811 11 ERROR oslo_messaging.rpc.server
File "/var/lib/openstack/lib/python3.10/site-packages/sqlalchemy/orm/query.py", line 2773, in all
2026-06-15 21:10:29.811 11 ERROR oslo_messaging.rpc.server return self._iter().all()
2026-06-15 21:10:29.811 11 ERROR oslo_messaging.rpc.server
File "/var/lib/openstack/lib/python3.10/site-packages/sqlalchemy/orm/query.py", line 2916, in _iter
2026-06-15 21:10:29.811 11 ERROR oslo_messaging.rpc.server result = self.session.execute(
2026-06-15 21:10:29.811 11 ERROR oslo_messaging.rpc.server
File "/var/lib/openstack/lib/python3.10/site-packages/sqlalchemy/orm/session.py", line 1716, in execute
2026-06-15 21:10:29.811 11 ERROR oslo_messaging.rpc.server conn = self._connection_for_bind(bind)
2026-06-15 21:10:29.811 11 ERROR oslo_messaging.rpc.server
File "/var/lib/openstack/lib/python3.10/site-packages/sqlalchemy/orm/session.py", line 1555, in _connection_for_bind
2026-06-15 21:10:29.811 11 ERROR oslo_messaging.rpc.server return self._transaction._connection_for_bind(
2026-06-15 21:10:29.811 11 ERROR oslo_messaging.rpc.server
File "/var/lib/openstack/lib/python3.10/site-packages/sqlalchemy/orm/session.py", line 724, in _connection_for_bind
2026-06-15 21:10:29.811 11 ERROR oslo_messaging.rpc.server self._assert_active()
2026-06-15 21:10:29.811 11 ERROR oslo_messaging.rpc.server
File "/var/lib/openstack/lib/python3.10/site-packages/sqlalchemy/orm/session.py", line 604, in _assert_active
2026-06-15 21:10:29.811 11 ERROR oslo_messaging.rpc.server raise sa_exc.PendingRollbackError(
2026-06-15 21:10:29.811 11 ERROR oslo_messaging.rpc.server sqlalchemy.exc.PendingRollbackError: This Session's transaction has been rolled back due to a previous exception during flush. To begin a new transaction with this Session, first issue Session.rollback(). Original exception was: (pymysql.err.IntegrityError) (1062, "Duplicate entry '3fcbfe33-7afc-4fb5-8406-5f742fe5c99b-260cd44b-e672-5fa0-9f33-d1f' for key 'routervpnagentbindings.PRIMARY'")
2026-06-15 21:10:29.811 11 ERROR oslo_messaging.rpc.server [SQL: INSERT INTO routervpnagentbindings (router_id, vpn_agent_id) VALUES (%(router_id)s, %(vpn_agent_id)s)]
2026-06-15 21:10:29.811 11 ERROR oslo_messaging.rpc.server [parameters: {'router_id': '3fcbfe33-7afc-4fb5-8406-5f742fe5c99b', 'vpn_agent_id': '260cd44b-e672-5fa0-9f33-d1fea96c0bab'}]
2026-06-15 21:10:29.811 11 ERROR oslo_messaging.rpc.server (Background on this error at: https://sqlalche.me/e/14/gkpj) (Background on this error at: https://sqlalche.me/e/14/7s2a)
2026-06-15 21:10:29.811 11 ERROR oslo_messaging.rpc.server 
2026-06-15 21:10:29.831 8 INFO neutron.db.ovn_revision_numbers_db [None req-e269fcb4-eaa4-4357-b3e9-1dd21385120b 8c409388c7cb4ae6827bae3889c58636 094ec40abd1843e3a84f196c91f64edf - - default default] Successfully bumped revision number for resource c5a06566-0303-4b38-b27a-5d96645cd9b8 (type: security_group_rules) to 0
2026-06-15 21:10:29.859 8 INFO neutron.db.ovn_revision_numbers_db [None req-e269fcb4-eaa4-4357-b3e9-1dd21385120b 8c409388c7cb4ae6827bae3889c58636 094ec40abd1843e3a84f196c91f64edf - - default default] Successfully bumped revision number for resource f18b626d-11e3-41bc-ac08-ee4a1672fcbd (type: security_group_rules) to 0
2026-06-15 21:10:29.880 9 INFO neutron.db.ovn_revision_numbers_db [None req-22331764-4388-400d-bbea-1a03129e9070 2b22e75dfbb047f88a21e2655fac1915 66425979f1384130b6711d94ce91a4ec - - default default] Successfully bumped revision number for resource a591d750-28cf-45c5-a7b1-ec52ebf8ef2f (type: ports) to 2
2026-06-15 21:10:29.924 9 INFO neutron.db.ovn_revision_numbers_db [None req-22331764-4388-400d-bbea-1a03129e9070 2b22e75dfbb047f88a21e2655fac1915 66425979f1384130b6711d94ce91a4ec - - default default] Successfully bumped revision number for resource 3c19aa80-123e-4c17-9161-70b3d3b932bb (type: subnets) to 0
2026-06-15 21:10:29.946 9 INFO neutron.wsgi [None req-22331764-4388-400d-bbea-1a03129e9070 2b22e75dfbb047f88a21e2655fac1915 66425979f1384130b6711d94ce91a4ec - - default default] 10.0.0.34 "POST /v2.0/subnets HTTP/1.1" status: 201 len: 819 time: 0.9705527
2026-06-15 21:10:29.963 8 WARNING neutron.api.v2.base [None req-c0386956-0a5b-4791-8633-6ad9abf1868a 2b22e75dfbb047f88a21e2655fac1915 66425979f1384130b6711d94ce91a4ec - - default default] An exception happened while processing the request body. The exception message is [Invalid input for target_tenant. Reason: 'None' is not a valid string.].: webob.exc.HTTPBadRequest: Invalid input for target_tenant. Reason: 'None' is not a valid string.
2026-06-15 21:10:29.964 8 INFO neutron.api.v2.resource [None req-c0386956-0a5b-4791-8633-6ad9abf1868a 2b22e75dfbb047f88a21e2655fac1915 66425979f1384130b6711d94ce91a4ec - - default default] create failed (client error): Invalid input for target_tenant. Reason: 'None' is not a valid string.
2026-06-15 21:10:29.965 8 INFO neutron.wsgi [None req-c0386956-0a5b-4791-8633-6ad9abf1868a 2b22e75dfbb047f88a21e2655fac1915 66425979f1384130b6711d94ce91a4ec - - default default] 10.0.0.34 "POST /v2.0/rbac-policies HTTP/1.1" status: 400 len: 346 time: 0.0099218
2026-06-15 21:10:30.015 8 INFO neutron.wsgi [None req-03712263-d0d1-45f7-bfd0-74aa6e7d986c 16049499037247f891209e11e0919d75 edf670acb5a94913ab96484e9e760b28 - - default default] 10.0.0.34 "POST /v2.0/vpn/vpnservices HTTP/1.1" status: 201 len: 658 time: 5.8721714
2026-06-15 21:10:30.036 8 INFO neutron.wsgi [None req-3a7a3cbf-5997-4d85-a101-fcbf7daa63ff 16049499037247f891209e11e0919d75 edf670acb5a94913ab96484e9e760b28 - - default default] 10.0.0.34 "GET /v2.0/vpn/vpnservices HTTP/1.1" status: 200 len: 1493 time: 0.0140650
2026-06-15 21:10:30.041 8 INFO neutron.db.ovn_revision_numbers_db [None req-e269fcb4-eaa4-4357-b3e9-1dd21385120b 8c409388c7cb4ae6827bae3889c58636 094ec40abd1843e3a84f196c91f64edf - - default default] Successfully bumped revision number for resource 9ba98b28-b82d-4e81-84e8-f13c25b31c3e (type: security_groups) to 1
2026-06-15 21:10:30.065 8 INFO neutron.db.ovn_revision_numbers_db [None req-e269fcb4-eaa4-4357-b3e9-1dd21385120b 8c409388c7cb4ae6827bae3889c58636 094ec40abd1843e3a84f196c91f64edf - - default default] Successfully bumped revision number for resource 23ed5a48-ef3f-4f3b-998e-5e92052b51a5 (type: security_group_rules) to 0
2026-06-15 21:10:30.084 8 INFO neutron.db.ovn_revision_numbers_db [None req-e269fcb4-eaa4-4357-b3e9-1dd21385120b 8c409388c7cb4ae6827bae3889c58636 094ec40abd1843e3a84f196c91f64edf - - default default] Successfully bumped revision number for resource 45a584c2-f674-4593-93aa-ac2e71c6070a (type: security_group_rules) to 0
2026-06-15 21:10:30.105 8 INFO neutron.wsgi [None req-e269fcb4-eaa4-4357-b3e9-1dd21385120b 8c409388c7cb4ae6827bae3889c58636 094ec40abd1843e3a84f196c91f64edf - - default default] 10.0.0.34 "POST /v2.0/security-groups HTTP/1.1" status: 201 len: 1801 time: 0.7399566
2026-06-15 21:10:30.120 8 WARNING neutron_lib.context [None req-817a8034-3c6d-4250-8381-55f4ed5c7ca6 8c409388c7cb4ae6827bae3889c58636 094ec40abd1843e3a84f196c91f64edf - - default default] Method 'is_advsvc' is deprecated since 2023.2 release (neutron-lib 3.8.0) and will be removed once support for the old RBAC API policies will be removed from Neutron. Please use method 'is_service_role' instead.
2026-06-15 21:10:30.338 8 INFO neutron.db.ovn_revision_numbers_db [None req-817a8034-3c6d-4250-8381-55f4ed5c7ca6 8c409388c7cb4ae6827bae3889c58636 094ec40abd1843e3a84f196c91f64edf - - default default] Successfully bumped revision number for resource d5cc81b2-5794-4fac-88ff-530ed06cb26d (type: security_groups) to 1
2026-06-15 21:10:30.356 8 INFO neutron.db.ovn_revision_numbers_db [None req-817a8034-3c6d-4250-8381-55f4ed5c7ca6 8c409388c7cb4ae6827bae3889c58636 094ec40abd1843e3a84f196c91f64edf - - default default] Successfully bumped revision number for resource 8de20039-9f09-4443-bf0c-a0de466ed390 (type: security_group_rules) to 0
2026-06-15 21:10:30.377 8 INFO neutron.db.ovn_revision_numbers_db [None req-817a8034-3c6d-4250-8381-55f4ed5c7ca6 8c409388c7cb4ae6827bae3889c58636 094ec40abd1843e3a84f196c91f64edf - - default default] Successfully bumped revision number for resource d51f52f1-732d-41ce-af58-4d1b8de48917 (type: security_group_rules) to 0
2026-06-15 21:10:30.404 8 INFO neutron.wsgi [None req-817a8034-3c6d-4250-8381-55f4ed5c7ca6 8c409388c7cb4ae6827bae3889c58636 094ec40abd1843e3a84f196c91f64edf - - default default] 10.0.0.34 "POST /v2.0/security-groups HTTP/1.1" status: 201 len: 1801 time: 0.2886231
2026-06-15 21:10:30.418 8 WARNING neutron_lib.context [None req-8c20dcdc-b72e-492f-a81f-cbc44804b052 8c409388c7cb4ae6827bae3889c58636 094ec40abd1843e3a84f196c91f64edf - - default default] Method 'is_advsvc' is deprecated since 2023.2 release (neutron-lib 3.8.0) and will be removed once support for the old RBAC API policies will be removed from Neutron. Please use method 'is_service_role' instead.
2026-06-15 21:10:30.425 9 INFO neutron.wsgi [-] 10.0.0.156 "GET / HTTP/1.1" status: 200 len: 246 time: 0.0017779
2026-06-15 21:10:30.427 9 INFO neutron.wsgi [-] 10.0.0.156 "GET / HTTP/1.1" status: 200 len: 246 time: 0.0008852
2026-06-15 21:10:30.541 9 INFO neutron.db.ovn_revision_numbers_db [None req-4931acb0-aaf8-4197-8a6e-4d24e2e00f6a - - - - - -] Successfully bumped revision number for resource dfe178df-810e-46c8-adeb-b17cb5ddb7c3 (type: ports) to 2
2026-06-15 21:10:30.661 8 INFO neutron.db.ovn_revision_numbers_db [None req-8c20dcdc-b72e-492f-a81f-cbc44804b052 8c409388c7cb4ae6827bae3889c58636 094ec40abd1843e3a84f196c91f64edf - - default default] Successfully bumped revision number for resource e575fe8c-2659-423a-955a-fc9abddf55c5 (type: security_groups) to 1
2026-06-15 21:10:30.694 8 INFO neutron.db.ovn_revision_numbers_db [None req-8c20dcdc-b72e-492f-a81f-cbc44804b052 8c409388c7cb4ae6827bae3889c58636 094ec40abd1843e3a84f196c91f64edf - - default default] Successfully bumped revision number for resource 6a2fd74f-e030-42fb-a2ca-a6ba2f5657ee (type: security_group_rules) to 0
2026-06-15 21:10:30.727 9 INFO neutron.db.ovn_revision_numbers_db [None req-4931acb0-aaf8-4197-8a6e-4d24e2e00f6a - - - - - -] Successfully bumped revision number for resource dfe178df-810e-46c8-adeb-b17cb5ddb7c3 (type: router_ports) to 2
2026-06-15 21:10:30.732 8 INFO neutron.db.ovn_revision_numbers_db [None req-8c20dcdc-b72e-492f-a81f-cbc44804b052 8c409388c7cb4ae6827bae3889c58636 094ec40abd1843e3a84f196c91f64edf - - default default] Successfully bumped revision number for resource 769ccb80-4832-425a-b377-35e2e7051ad7 (type: security_group_rules) to 0
2026-06-15 21:10:30.755 8 INFO neutron.wsgi [None req-8c20dcdc-b72e-492f-a81f-cbc44804b052 8c409388c7cb4ae6827bae3889c58636 094ec40abd1843e3a84f196c91f64edf - - default default] 10.0.0.34 "POST /v2.0/security-groups HTTP/1.1" status: 201 len: 1801 time: 0.3417573
2026-06-15 21:10:30.766 8 WARNING neutron_lib.context [None req-b5ad3e97-ef70-4cdf-a434-6c87dae12904 8c409388c7cb4ae6827bae3889c58636 094ec40abd1843e3a84f196c91f64edf - - default default] Method 'is_advsvc' is deprecated since 2023.2 release (neutron-lib 3.8.0) and will be removed once support for the old RBAC API policies will be removed from Neutron. Please use method 'is_service_role' instead.
2026-06-15 21:10:30.961 8 INFO neutron.db.ovn_revision_numbers_db [None req-b5ad3e97-ef70-4cdf-a434-6c87dae12904 8c409388c7cb4ae6827bae3889c58636 094ec40abd1843e3a84f196c91f64edf - - default default] Successfully bumped revision number for resource 7693c955-e864-42c4-a4b5-7109fec68036 (type: security_groups) to 1
2026-06-15 21:10:30.977 8 INFO neutron.db.ovn_revision_numbers_db [None req-b5ad3e97-ef70-4cdf-a434-6c87dae12904 8c409388c7cb4ae6827bae3889c58636 094ec40abd1843e3a84f196c91f64edf - - default default] Successfully bumped revision number for resource 7dc1fca4-76e6-414e-a5b9-caaa0c927622 (type: security_group_rules) to 0
2026-06-15 21:10:31.005 8 INFO neutron.db.ovn_revision_numbers_db [None req-b5ad3e97-ef70-4cdf-a434-6c87dae12904 8c409388c7cb4ae6827bae3889c58636 094ec40abd1843e3a84f196c91f64edf - - default default] Successfully bumped revision number for resource c02c8fd1-6b6d-4117-92df-495c61021b48 (type: security_group_rules) to 0
2026-06-15 21:10:31.024 8 INFO neutron.wsgi [None req-b5ad3e97-ef70-4cdf-a434-6c87dae12904 8c409388c7cb4ae6827bae3889c58636 094ec40abd1843e3a84f196c91f64edf - - default default] 10.0.0.34 "POST /v2.0/security-groups HTTP/1.1" status: 201 len: 1801 time: 0.2629857
2026-06-15 21:10:31.039 8 WARNING neutron_lib.context [None req-64d259ef-8f01-4b7f-bff4-2e5a88ce2c20 8c409388c7cb4ae6827bae3889c58636 094ec40abd1843e3a84f196c91f64edf - - default default] Method 'is_advsvc' is deprecated since 2023.2 release (neutron-lib 3.8.0) and will be removed once support for the old RBAC API policies will be removed from Neutron. Please use method 'is_service_role' instead.
2026-06-15 21:10:31.053 9 INFO neutron.services.segments.plugin [-] Segment 9fe54b5c-e107-4ca5-b723-78fb37430bcf resource provider aggregate not found
2026-06-15 21:10:31.059 9 INFO neutron.services.segments.plugin [-] Segment 9fe54b5c-e107-4ca5-b723-78fb37430bcf resource provider aggregate not found
2026-06-15 21:10:31.074 9 INFO neutron.services.segments.plugin [-] Segment 9fe54b5c-e107-4ca5-b723-78fb37430bcf resource provider not found; error: Placement Client Error (4xx): {"errors": [{"status": 404, "title": "Not Found", "detail": "The resource could not be found.\n\n No resource provider with uuid 9fe54b5c-e107-4ca5-b723-78fb37430bcf found for delete ", "request_id": "req-9ad9c7b6-2c92-4bdd-bd67-1cc92a3d123f"}]}
2026-06-15 21:10:31.080 9 INFO neutron.services.segments.plugin [-] Segment 9fe54b5c-e107-4ca5-b723-78fb37430bcf resource provider not found; error: Placement Client Error (4xx): {"errors": [{"status": 404, "title": "Not Found", "detail": "The resource could not be found.\n\n No resource provider with uuid 9fe54b5c-e107-4ca5-b723-78fb37430bcf found for delete ", "request_id": "req-f389c296-451c-4ffb-ae22-77b1abf71312"}]}
2026-06-15 21:10:31.094 9 INFO neutron.wsgi [None req-65e6d2ed-0ed2-4fb7-889e-eddd411e950f 2b22e75dfbb047f88a21e2655fac1915 66425979f1384130b6711d94ce91a4ec - - default default] 10.0.0.34 "DELETE /v2.0/networks/72e381b5-67f8-4082-aa3c-89ed7227afd7 HTTP/1.1" status: 204 len: 168 time: 1.1231830
2026-06-15 21:10:31.199 9 INFO neutron.db.segments_db [None req-2b4791f0-870f-4e37-82af-73e4e7c32189 2b22e75dfbb047f88a21e2655fac1915 66425979f1384130b6711d94ce91a4ec - - default default] Added segment 05ff6291-d7c4-4868-8e3e-3668a9189cf3 of type geneve for network 625a47d6-434d-4e07-a375-ee3649daac51
2026-06-15 21:10:31.252 8 INFO neutron.db.ovn_revision_numbers_db [None req-64d259ef-8f01-4b7f-bff4-2e5a88ce2c20 8c409388c7cb4ae6827bae3889c58636 094ec40abd1843e3a84f196c91f64edf - - default default] Successfully bumped revision number for resource 5fd785b9-4701-4416-94a9-8533e80b5dec (type: security_groups) to 1
2026-06-15 21:10:31.282 8 INFO neutron.db.ovn_revision_numbers_db [None req-64d259ef-8f01-4b7f-bff4-2e5a88ce2c20 8c409388c7cb4ae6827bae3889c58636 094ec40abd1843e3a84f196c91f64edf - - default default] Successfully bumped revision number for resource 1a94d590-7444-40b6-8166-003d98e9db7b (type: security_group_rules) to 0
2026-06-15 21:10:31.311 8 INFO neutron.db.ovn_revision_numbers_db [None req-64d259ef-8f01-4b7f-bff4-2e5a88ce2c20 8c409388c7cb4ae6827bae3889c58636 094ec40abd1843e3a84f196c91f64edf - - default default] Successfully bumped revision number for resource c23a057d-7efd-4c0a-a90b-3bcb765094a0 (type: security_group_rules) to 0
2026-06-15 21:10:31.335 8 INFO neutron.wsgi [None req-64d259ef-8f01-4b7f-bff4-2e5a88ce2c20 8c409388c7cb4ae6827bae3889c58636 094ec40abd1843e3a84f196c91f64edf - - default default] 10.0.0.34 "POST /v2.0/security-groups HTTP/1.1" status: 201 len: 1801 time: 0.3015168
2026-06-15 21:10:31.352 9 INFO neutron.db.ovn_revision_numbers_db [None req-2b4791f0-870f-4e37-82af-73e4e7c32189 2b22e75dfbb047f88a21e2655fac1915 66425979f1384130b6711d94ce91a4ec - - default default] Successfully bumped revision number for resource 625a47d6-434d-4e07-a375-ee3649daac51 (type: networks) to 1
2026-06-15 21:10:31.380 8 INFO neutron.wsgi [None req-76cf4795-f5f4-4596-bd22-45672cc877d5 8c409388c7cb4ae6827bae3889c58636 094ec40abd1843e3a84f196c91f64edf - - default default] 10.0.0.34 "PUT /v2.0/security-groups/9ba98b28-b82d-4e81-84e8-f13c25b31c3e/tags HTTP/1.1" status: 200 len: 210 time: 0.0380051
2026-06-15 21:10:31.446 9 INFO neutron.wsgi [None req-18f3d043-6499-44a7-b1b2-652e4e7fd80a 8c409388c7cb4ae6827bae3889c58636 094ec40abd1843e3a84f196c91f64edf - - default default] 10.0.0.34 "PUT /v2.0/security-groups/d5cc81b2-5794-4fac-88ff-530ed06cb26d/tags HTTP/1.1" status: 200 len: 218 time: 0.0613220
2026-06-15 21:10:31.508 8 INFO neutron.wsgi [None req-b075ba32-6104-4233-a95b-7eabdb7be15e 8c409388c7cb4ae6827bae3889c58636 094ec40abd1843e3a84f196c91f64edf - - default default] 10.0.0.34 "PUT /v2.0/security-groups/e575fe8c-2659-423a-955a-fc9abddf55c5/tags HTTP/1.1" status: 200 len: 227 time: 0.0544221
2026-06-15 21:10:31.569 9 WARNING neutron.scheduler.dhcp_agent_scheduler [None req-2b4791f0-870f-4e37-82af-73e4e7c32189 2b22e75dfbb047f88a21e2655fac1915 66425979f1384130b6711d94ce91a4ec - - default default] No more DHCP agents
2026-06-15 21:10:31.571 9 WARNING neutron.api.rpc.agentnotifiers.dhcp_rpc_agent_api [None req-2b4791f0-870f-4e37-82af-73e4e7c32189 2b22e75dfbb047f88a21e2655fac1915 66425979f1384130b6711d94ce91a4ec - - default default] Unable to schedule network 625a47d6-434d-4e07-a375-ee3649daac51: no agents available; will retry on subsequent port and subnet creation events.
2026-06-15 21:10:31.595 8 INFO neutron.wsgi [None req-1b37fc39-bd57-4c33-9cef-4f14a678aa8b 8c409388c7cb4ae6827bae3889c58636 094ec40abd1843e3a84f196c91f64edf - - default default] 10.0.0.34 "PUT /v2.0/security-groups/7693c955-e864-42c4-a4b5-7109fec68036/tags HTTP/1.1" status: 200 len: 212 time: 0.0839520
2026-06-15 21:10:31.685 9 INFO neutron.wsgi [None req-640ec438-07aa-4bb0-8aa0-3f617e3b9264 8c409388c7cb4ae6827bae3889c58636 094ec40abd1843e3a84f196c91f64edf - - default default] 10.0.0.34 "GET /v2.0/security-groups?tags=red HTTP/1.1" status: 200 len: 4999 time: 0.0761642
2026-06-15 21:10:31.727 9 INFO neutron.db.ovn_revision_numbers_db [None req-2b4791f0-870f-4e37-82af-73e4e7c32189 2b22e75dfbb047f88a21e2655fac1915 66425979f1384130b6711d94ce91a4ec - - default default] Successfully bumped revision number for resource 11ca74d5-1e2f-41c2-8b81-91b0e4ddaee0 (type: ports) to 1
2026-06-15 21:10:31.754 9 INFO neutron.wsgi [None req-2b4791f0-870f-4e37-82af-73e4e7c32189 2b22e75dfbb047f88a21e2655fac1915 66425979f1384130b6711d94ce91a4ec - - default default] 10.0.0.34 "POST /v2.0/networks HTTP/1.1" status: 201 len: 929 time: 0.6504276
2026-06-15 21:10:31.766 8 INFO neutron.wsgi [None req-764fa2bb-d447-4d96-a559-13c04e27df9c 8c409388c7cb4ae6827bae3889c58636 094ec40abd1843e3a84f196c91f64edf - - default default] 10.0.0.34 "GET /v2.0/security-groups?tags=red%2Cblue HTTP/1.1" status: 200 len: 3413 time: 0.0739553
2026-06-15 21:10:31.839 9 INFO neutron.wsgi [None req-f4e88052-21fe-473c-bdab-b361ef0bcc8c 8c409388c7cb4ae6827bae3889c58636 094ec40abd1843e3a84f196c91f64edf - - default default] 10.0.0.34 "GET /v2.0/security-groups?tags-any=blue HTTP/1.1" status: 200 len: 3413 time: 0.0667374
2026-06-15 21:10:31.904 8 INFO neutron.wsgi [None req-c9976893-6ea7-41b2-a23b-f180f4433cf5 8c409388c7cb4ae6827bae3889c58636 094ec40abd1843e3a84f196c91f64edf - - default default] 10.0.0.34 "GET /v2.0/security-groups?tags-any=red%2Cblue HTTP/1.1" status: 200 len: 4999 time: 0.0613091
2026-06-15 21:10:31.946 9 WARNING neutron.scheduler.dhcp_agent_scheduler [None req-c032b4a1-f672-47b6-9db0-4272a363e031 2b22e75dfbb047f88a21e2655fac1915 66425979f1384130b6711d94ce91a4ec - - default default] No more DHCP agents
2026-06-15 21:10:31.951 9 WARNING neutron.api.rpc.agentnotifiers.dhcp_rpc_agent_api [None req-c032b4a1-f672-47b6-9db0-4272a363e031 2b22e75dfbb047f88a21e2655fac1915 66425979f1384130b6711d94ce91a4ec - - default default] Unable to schedule network 625a47d6-434d-4e07-a375-ee3649daac51: no agents available; will retry on subsequent port and subnet creation events.
2026-06-15 21:10:31.987 9 INFO neutron.wsgi [None req-a2381206-5348-45bd-ae0d-a490b84d70e9 8c409388c7cb4ae6827bae3889c58636 094ec40abd1843e3a84f196c91f64edf - - default default] 10.0.0.34 "GET /v2.0/security-groups?not-tags=red HTTP/1.1" status: 200 len: 6289 time: 0.0760293
2026-06-15 21:10:32.053 9 INFO neutron.wsgi [None req-9a401c4e-b850-4b92-bdb5-a46057b886c7 8c409388c7cb4ae6827bae3889c58636 094ec40abd1843e3a84f196c91f64edf - - default default] 10.0.0.34 "GET /v2.0/security-groups?not-tags=red%2Cblue HTTP/1.1" status: 200 len: 7875 time: 0.0621111
2026-06-15 21:10:32.122 8 INFO neutron.wsgi [None req-4e098200-b8c5-48f1-aa47-8bcf6a32a34f 8c409388c7cb4ae6827bae3889c58636 094ec40abd1843e3a84f196c91f64edf - - default default] 10.0.0.34 "GET /v2.0/security-groups?not-tags-any=blue HTTP/1.1" status: 200 len: 7875 time: 0.0643947
2026-06-15 21:10:32.169 8 WARNING neutron_lib.context [None req-c94b6869-1d20-4af6-8d74-a1e90e16a1f5 c4af239b296241209fd5903548c721e5 fcd07ec3909842b7b4d093edfe64d23d - - default default] Method 'is_advsvc' is deprecated since 2023.2 release (neutron-lib 3.8.0) and will be removed once support for the old RBAC API policies will be removed from Neutron. Please use method 'is_service_role' instead.
2026-06-15 21:10:32.454 9 INFO neutron.db.ovn_revision_numbers_db [None req-c032b4a1-f672-47b6-9db0-4272a363e031 2b22e75dfbb047f88a21e2655fac1915 66425979f1384130b6711d94ce91a4ec - - default default] Successfully bumped revision number for resource 11ca74d5-1e2f-41c2-8b81-91b0e4ddaee0 (type: ports) to 2
2026-06-15 21:10:32.490 9 INFO neutron.db.ovn_revision_numbers_db [None req-c032b4a1-f672-47b6-9db0-4272a363e031 2b22e75dfbb047f88a21e2655fac1915 66425979f1384130b6711d94ce91a4ec - - default default] Successfully bumped revision number for resource 1c383310-7443-4052-8acb-59073d4dc128 (type: subnets) to 0
2026-06-15 21:10:32.510 9 INFO neutron.wsgi [None req-c032b4a1-f672-47b6-9db0-4272a363e031 2b22e75dfbb047f88a21e2655fac1915 66425979f1384130b6711d94ce91a4ec - - default default] 10.0.0.34 "POST /v2.0/subnets HTTP/1.1" status: 201 len: 822 time: 0.7487221
2026-06-15 21:10:32.519 9 WARNING neutron.api.v2.base [None req-115e584b-7f06-4eb1-8fd6-31e331ce6be9 2b22e75dfbb047f88a21e2655fac1915 66425979f1384130b6711d94ce91a4ec - - default default] An exception happened while processing the request body. The exception message is [Invalid input for target_tenant. Reason: '1234123412341234123412341234123412341234123412341234123412341234123412341234123412341234123412341234123412341234123412341234123412341234123412341234123412341234123412341234123412341234123412341234123412341234123412341234123412341234123412341234123412341234123412341234123412341234123412341234123412341234123412341234123412341234123412341234123412341234123412341234123412341234123412341234123412341234' exceeds maximum length of 255.].: webob.exc.HTTPBadRequest: Invalid input for target_tenant. Reason: '1234123412341234123412341234123412341234123412341234123412341234123412341234123412341234123412341234123412341234123412341234123412341234123412341234123412341234123412341234123412341234123412341234123412341234123412341234123412341234123412341234123412341234123412341234123412341234123412341234123412341234123412341234123412341234123412341234123412341234123412341234123412341234123412341234123412341234' exceeds maximum length of 255.
2026-06-15 21:10:32.519 9 INFO neutron.api.v2.resource [None req-115e584b-7f06-4eb1-8fd6-31e331ce6be9 2b22e75dfbb047f88a21e2655fac1915 66425979f1384130b6711d94ce91a4ec - - default default] create failed (client error): Invalid input for target_tenant. Reason: '1234123412341234123412341234123412341234123412341234123412341234123412341234123412341234123412341234123412341234123412341234123412341234123412341234123412341234123412341234123412341234123412341234123412341234123412341234123412341234123412341234123412341234123412341234123412341234123412341234123412341234123412341234123412341234123412341234123412341234123412341234123412341234123412341234123412341234' exceeds maximum length of 255.
2026-06-15 21:10:32.522 9 INFO neutron.wsgi [None req-115e584b-7f06-4eb1-8fd6-31e331ce6be9 2b22e75dfbb047f88a21e2655fac1915 66425979f1384130b6711d94ce91a4ec - - default default] 10.0.0.34 "POST /v2.0/rbac-policies HTTP/1.1" status: 400 len: 750 time: 0.0075684
2026-06-15 21:10:32.674 8 INFO neutron.wsgi [None req-23f3b6b4-c486-435c-b3d2-ba30aa4d39df 8c409388c7cb4ae6827bae3889c58636 094ec40abd1843e3a84f196c91f64edf - - default default] 10.0.0.34 "GET /v2.0/security-groups?not-tags-any=red%2Cblue HTTP/1.1" status: 200 len: 6289 time: 0.5458658
2026-06-15 21:10:32.826 9 INFO neutron.wsgi [None req-e52ba419-b5f6-49e3-a400-dfdfc830e5b6 8c409388c7cb4ae6827bae3889c58636 094ec40abd1843e3a84f196c91f64edf - - default default] 10.0.0.34 "DELETE /v2.0/security-groups/9ba98b28-b82d-4e81-84e8-f13c25b31c3e HTTP/1.1" status: 204 len: 168 time: 0.1437180
2026-06-15 21:10:32.893 8 INFO neutron.db.ovn_revision_numbers_db [None req-c94b6869-1d20-4af6-8d74-a1e90e16a1f5 c4af239b296241209fd5903548c721e5 fcd07ec3909842b7b4d093edfe64d23d - - default default] Successfully bumped revision number for resource 71a48b9f-aef6-4ee1-ae68-38ef84ceb86d (type: security_groups) to 1
2026-06-15 21:10:32.918 8 INFO neutron.db.ovn_revision_numbers_db [None req-c94b6869-1d20-4af6-8d74-a1e90e16a1f5 c4af239b296241209fd5903548c721e5 fcd07ec3909842b7b4d093edfe64d23d - - default default] Successfully bumped revision number for resource 0c844cec-c895-4426-a802-87399e8d39f1 (type: security_group_rules) to 0
2026-06-15 21:10:32.944 8 INFO neutron.db.ovn_revision_numbers_db [None req-c94b6869-1d20-4af6-8d74-a1e90e16a1f5 c4af239b296241209fd5903548c721e5 fcd07ec3909842b7b4d093edfe64d23d - - default default] Successfully bumped revision number for resource 4a1455ce-f794-45a1-a593-d41443687f89 (type: security_group_rules) to 0
2026-06-15 21:10:32.976 8 INFO neutron.db.ovn_revision_numbers_db [None req-c94b6869-1d20-4af6-8d74-a1e90e16a1f5 c4af239b296241209fd5903548c721e5 fcd07ec3909842b7b4d093edfe64d23d - - default default] Successfully bumped revision number for resource 51831ca6-8b28-43d7-90c5-4b989acee8a9 (type: security_group_rules) to 0
2026-06-15 21:10:33.003 8 INFO neutron.db.ovn_revision_numbers_db [None req-c94b6869-1d20-4af6-8d74-a1e90e16a1f5 c4af239b296241209fd5903548c721e5 fcd07ec3909842b7b4d093edfe64d23d - - default default] Successfully bumped revision number for resource 54e53c61-fe53-4bd7-b8e2-8b2364a4e8fe (type: security_group_rules) to 0
2026-06-15 21:10:33.058 8 INFO neutron.wsgi [None req-865ff965-6674-4823-bed9-a5207f5122de 8c409388c7cb4ae6827bae3889c58636 094ec40abd1843e3a84f196c91f64edf - - default default] 10.0.0.34 "DELETE /v2.0/security-groups/d5cc81b2-5794-4fac-88ff-530ed06cb26d HTTP/1.1" status: 204 len: 168 time: 0.2223713
2026-06-15 21:10:33.073 8 INFO neutron.db.segments_db [None req-c94b6869-1d20-4af6-8d74-a1e90e16a1f5 c4af239b296241209fd5903548c721e5 fcd07ec3909842b7b4d093edfe64d23d - - default default] Added segment d5c2a77c-f3c1-4751-a9c3-5ae32d647c03 of type geneve for network df8e5861-7906-4847-8af7-37f34900e3e9
2026-06-15 21:10:33.095 9 INFO neutron.wsgi [None req-cf62965b-dd0a-4e29-ab8b-f0f86e98bb1c 2b22e75dfbb047f88a21e2655fac1915 66425979f1384130b6711d94ce91a4ec - - default default] 10.0.0.34 "DELETE /v2.0/networks/625a47d6-434d-4e07-a375-ee3649daac51 HTTP/1.1" status: 204 len: 168 time: 0.5715187
2026-06-15 21:10:33.097 9 INFO neutron.services.segments.plugin [-] Segment 05ff6291-d7c4-4868-8e3e-3668a9189cf3 resource provider aggregate not found
2026-06-15 21:10:33.101 9 INFO neutron.services.segments.plugin [-] Segment 05ff6291-d7c4-4868-8e3e-3668a9189cf3 resource provider aggregate not found
2026-06-15 21:10:33.122 9 INFO neutron.services.segments.plugin [-] Segment 05ff6291-d7c4-4868-8e3e-3668a9189cf3 resource provider not found; error: Placement Client Error (4xx): {"errors": [{"status": 404, "title": "Not Found", "detail": "The resource could not be found.\n\n No resource provider with uuid 05ff6291-d7c4-4868-8e3e-3668a9189cf3 found for delete ", "request_id": "req-6e85ab48-9f48-4f50-aac0-20902942c8f8"}]}
2026-06-15 21:10:33.128 9 INFO neutron.services.segments.plugin [-] Segment 05ff6291-d7c4-4868-8e3e-3668a9189cf3 resource provider not found; error: Placement Client Error (4xx): {"errors": [{"status": 404, "title": "Not Found", "detail": "The resource could not be found.\n\n No resource provider with uuid 05ff6291-d7c4-4868-8e3e-3668a9189cf3 found for delete ", "request_id": "req-89cf14a8-2401-4b37-ad4c-e132e72692d4"}]}
2026-06-15 21:10:33.209 9 INFO neutron.wsgi [None req-12129036-15fa-4769-9c4a-33196ddcf562 8c409388c7cb4ae6827bae3889c58636 094ec40abd1843e3a84f196c91f64edf - - default default] 10.0.0.34 "DELETE /v2.0/security-groups/e575fe8c-2659-423a-955a-fc9abddf55c5 HTTP/1.1" status: 204 len: 168 time: 0.1450181
2026-06-15 21:10:33.282 8 INFO neutron.db.segments_db [None req-669beb72-2c21-4502-b331-ed28657ecf5f 2b22e75dfbb047f88a21e2655fac1915 66425979f1384130b6711d94ce91a4ec - - default default] Added segment eb98baa4-6c9a-4c8b-ac59-454163a0684f of type geneve for network f779ff23-777d-45b3-8ff5-0cb9f9c7dcfb
2026-06-15 21:10:33.330 9 INFO neutron.wsgi [None req-32c69cc2-083e-4363-b0e2-6f02b5d620a8 8c409388c7cb4ae6827bae3889c58636 094ec40abd1843e3a84f196c91f64edf - - default default] 10.0.0.34 "DELETE /v2.0/security-groups/7693c955-e864-42c4-a4b5-7109fec68036 HTTP/1.1" status: 204 len: 168 time: 0.1161985
2026-06-15 21:10:33.350 8 INFO neutron.db.ovn_revision_numbers_db [None req-c94b6869-1d20-4af6-8d74-a1e90e16a1f5 c4af239b296241209fd5903548c721e5 fcd07ec3909842b7b4d093edfe64d23d - - default default] Successfully bumped revision number for resource df8e5861-7906-4847-8af7-37f34900e3e9 (type: networks) to 1
2026-06-15 21:10:33.449 9 INFO neutron.wsgi [None req-bb753e58-c9aa-49b7-9cd0-1ca4cde617c6 8c409388c7cb4ae6827bae3889c58636 094ec40abd1843e3a84f196c91f64edf - - default default] 10.0.0.34 "DELETE /v2.0/security-groups/5fd785b9-4701-4416-94a9-8533e80b5dec HTTP/1.1" status: 204 len: 168 time: 0.1130388
2026-06-15 21:10:33.626 8 INFO neutron.db.ovn_revision_numbers_db [None req-669beb72-2c21-4502-b331-ed28657ecf5f 2b22e75dfbb047f88a21e2655fac1915 66425979f1384130b6711d94ce91a4ec - - default default] Successfully bumped revision number for resource f779ff23-777d-45b3-8ff5-0cb9f9c7dcfb (type: networks) to 1
2026-06-15 21:10:33.699 8 WARNING neutron.scheduler.dhcp_agent_scheduler [None req-c94b6869-1d20-4af6-8d74-a1e90e16a1f5 c4af239b296241209fd5903548c721e5 fcd07ec3909842b7b4d093edfe64d23d - - default default] No more DHCP agents
2026-06-15 21:10:33.703 8 WARNING neutron.api.rpc.agentnotifiers.dhcp_rpc_agent_api [None req-c94b6869-1d20-4af6-8d74-a1e90e16a1f5 c4af239b296241209fd5903548c721e5 fcd07ec3909842b7b4d093edfe64d23d - - default default] Unable to schedule network df8e5861-7906-4847-8af7-37f34900e3e9: no agents available; will retry on subsequent port and subnet creation events.
2026-06-15 21:10:33.885 8 INFO neutron.db.ovn_revision_numbers_db [None req-c94b6869-1d20-4af6-8d74-a1e90e16a1f5 c4af239b296241209fd5903548c721e5 fcd07ec3909842b7b4d093edfe64d23d - - default default] Successfully bumped revision number for resource aff6bac2-73ba-4236-bd87-6a99fca15652 (type: ports) to 1
2026-06-15 21:10:33.963 8 INFO neutron.wsgi [None req-c94b6869-1d20-4af6-8d74-a1e90e16a1f5 c4af239b296241209fd5903548c721e5 fcd07ec3909842b7b4d093edfe64d23d - - default default] 10.0.0.34 "POST /v2.0/networks HTTP/1.1" status: 201 len: 831 time: 1.9387188
2026-06-15 21:10:33.964 8 WARNING neutron.scheduler.dhcp_agent_scheduler [None req-669beb72-2c21-4502-b331-ed28657ecf5f 2b22e75dfbb047f88a21e2655fac1915 66425979f1384130b6711d94ce91a4ec - - default default] No more DHCP agents
2026-06-15 21:10:33.968 8 WARNING neutron.api.rpc.agentnotifiers.dhcp_rpc_agent_api [None req-669beb72-2c21-4502-b331-ed28657ecf5f 2b22e75dfbb047f88a21e2655fac1915 66425979f1384130b6711d94ce91a4ec - - default default] Unable to schedule network f779ff23-777d-45b3-8ff5-0cb9f9c7dcfb: no agents available; will retry on subsequent port and subnet creation events.
2026-06-15 21:10:33.976 9 WARNING neutron_lib.context [None req-bcf58381-15aa-4219-8c1f-1fa103012b2b c4af239b296241209fd5903548c721e5 fcd07ec3909842b7b4d093edfe64d23d - - default default] Method 'is_advsvc' is deprecated since 2023.2 release (neutron-lib 3.8.0) and will be removed once support for the old RBAC API policies will be removed from Neutron. Please use method 'is_service_role' instead.
2026-06-15 21:10:34.102 8 INFO neutron.db.ovn_revision_numbers_db [None req-669beb72-2c21-4502-b331-ed28657ecf5f 2b22e75dfbb047f88a21e2655fac1915 66425979f1384130b6711d94ce91a4ec - - default default] Successfully bumped revision number for resource 74b7353b-e87e-4672-ade1-4cf711c014f1 (type: ports) to 1
2026-06-15 21:10:34.130 8 INFO neutron.wsgi [None req-669beb72-2c21-4502-b331-ed28657ecf5f 2b22e75dfbb047f88a21e2655fac1915 66425979f1384130b6711d94ce91a4ec - - default default] 10.0.0.34 "POST /v2.0/networks HTTP/1.1" status: 201 len: 929 time: 1.0279040
2026-06-15 21:10:34.231 8 INFO neutron.services.segments.plugin [-] Segment 9cf6fd8e-4de6-4a26-9d80-3320dd4e2b2c resource provider aggregate not found
2026-06-15 21:10:34.235 8 INFO neutron.services.segments.plugin [-] Segment 9cf6fd8e-4de6-4a26-9d80-3320dd4e2b2c resource provider aggregate not found
2026-06-15 21:10:34.249 8 INFO neutron.services.segments.plugin [-] Segment 9cf6fd8e-4de6-4a26-9d80-3320dd4e2b2c resource provider not found; error: Placement Client Error (4xx): {"errors": [{"status": 404, "title": "Not Found", "detail": "The resource could not be found.\n\n No resource provider with uuid 9cf6fd8e-4de6-4a26-9d80-3320dd4e2b2c found for delete ", "request_id": "req-fa1a52fe-27b3-42c7-a7e1-3f638cfb7db3"}]}
2026-06-15 21:10:34.250 8 INFO neutron.services.segments.plugin [-] Segment 9cf6fd8e-4de6-4a26-9d80-3320dd4e2b2c resource provider not found; error: Placement Client Error (4xx): {"errors": [{"status": 404, "title": "Not Found", "detail": "The resource could not be found.\n\n No resource provider with uuid 9cf6fd8e-4de6-4a26-9d80-3320dd4e2b2c found for delete ", "request_id": "req-69d6c9ee-de57-410f-9d58-34dc70360160"}]}
2026-06-15 21:10:34.279 8 INFO neutron.wsgi [None req-a1feb775-6afd-4fd2-bd04-40a49b8ef3ef 16049499037247f891209e11e0919d75 edf670acb5a94913ab96484e9e760b28 - - default default] 10.0.0.34 "DELETE /v2.0/vpn/vpnservices/2a32e060-b06c-4755-abbf-aad6e3de2bba HTTP/1.1" status: 204 len: 168 time: 4.2365711 /var/lib/openstack/lib/python3.10/site-packages/pycadf/identifier.py:71: UserWarning: Invalid uuid: neutron. To ensure interoperability, identifiers should be a valid uuid. warnings.warn(('Invalid uuid: %s. To ensure interoperability, '
2026-06-15 21:10:34.299 8 INFO neutron.wsgi [None req-48111876-25f0-4305-a9c6-0d919c8a734c 16049499037247f891209e11e0919d75 edf670acb5a94913ab96484e9e760b28 - - default default] 10.0.0.34 "GET /v2.0/vpn/vpnservices HTTP/1.1" status: 200 len: 1047 time: 0.0124989
2026-06-15 21:10:34.313 8 WARNING neutron_lib.context [None req-7d96764b-1462-4fec-afd5-93215a412958 16049499037247f891209e11e0919d75 edf670acb5a94913ab96484e9e760b28 - - default default] Method 'is_advsvc' is deprecated since 2023.2 release (neutron-lib 3.8.0) and will be removed once support for the old RBAC API policies will be removed from Neutron. Please use method 'is_service_role' instead.
2026-06-15 21:10:34.343 9 WARNING neutron.scheduler.dhcp_agent_scheduler [None req-bcf58381-15aa-4219-8c1f-1fa103012b2b c4af239b296241209fd5903548c721e5 fcd07ec3909842b7b4d093edfe64d23d - - default default] No more DHCP agents
2026-06-15 21:10:34.345 9 WARNING neutron.api.rpc.agentnotifiers.dhcp_rpc_agent_api [None req-bcf58381-15aa-4219-8c1f-1fa103012b2b c4af239b296241209fd5903548c721e5 fcd07ec3909842b7b4d093edfe64d23d - - default default] Unable to schedule network df8e5861-7906-4847-8af7-37f34900e3e9: no agents available; will retry on subsequent port and subnet creation events.
2026-06-15 21:10:34.413 9 WARNING neutron.scheduler.dhcp_agent_scheduler [None req-c9e6f2f3-ab8f-408a-8bdb-8373224e30fb 2b22e75dfbb047f88a21e2655fac1915 66425979f1384130b6711d94ce91a4ec - - default default] No more DHCP agents
2026-06-15 21:10:34.416 9 WARNING neutron.api.rpc.agentnotifiers.dhcp_rpc_agent_api [None req-c9e6f2f3-ab8f-408a-8bdb-8373224e30fb 2b22e75dfbb047f88a21e2655fac1915 66425979f1384130b6711d94ce91a4ec - - default default] Unable to schedule network f779ff23-777d-45b3-8ff5-0cb9f9c7dcfb: no agents available; will retry on subsequent port and subnet creation events.
2026-06-15 21:10:34.426 8 INFO neutron.api.v2.resource [None req-7d96764b-1462-4fec-afd5-93215a412958 16049499037247f891209e11e0919d75 edf670acb5a94913ab96484e9e760b28 - - default default] create failed (client error): The server could not comply with the request since it is either malformed or otherwise incorrect.
2026-06-15 21:10:34.428 8 INFO neutron.wsgi [None req-7d96764b-1462-4fec-afd5-93215a412958 16049499037247f891209e11e0919d75 edf670acb5a94913ab96484e9e760b28 - - default default] 10.0.0.34 "POST /v2.0/vpn/ipsec-site-connections HTTP/1.1" status: 400 len: 330 time: 0.1214418 /var/lib/openstack/lib/python3.10/site-packages/pycadf/identifier.py:71: UserWarning: Invalid uuid: neutron. To ensure interoperability, identifiers should be a valid uuid. warnings.warn(('Invalid uuid: %s. To ensure interoperability, '
2026-06-15 21:10:34.447 9 WARNING neutron_lib.context [None req-46081fa8-de51-4601-af4b-e73d667c162e 16049499037247f891209e11e0919d75 edf670acb5a94913ab96484e9e760b28 - - default default] Method 'is_advsvc' is deprecated since 2023.2 release (neutron-lib 3.8.0) and will be removed once support for the old RBAC API policies will be removed from Neutron. Please use method 'is_service_role' instead.
2026-06-15 21:10:34.561 9 INFO neutron.db.ovn_revision_numbers_db [None req-bcf58381-15aa-4219-8c1f-1fa103012b2b c4af239b296241209fd5903548c721e5 fcd07ec3909842b7b4d093edfe64d23d - - default default] Successfully bumped revision number for resource d4ddfe60-f10c-482e-a282-ba37b223e309 (type: ports) to 1
2026-06-15 21:10:34.605 9 INFO neutron.wsgi [None req-bcf58381-15aa-4219-8c1f-1fa103012b2b c4af239b296241209fd5903548c721e5 fcd07ec3909842b7b4d093edfe64d23d - - default default] 10.0.0.34 "POST /v2.0/ports HTTP/1.1" status: 201 len: 942 time: 0.6381333
2026-06-15 21:10:34.608 9 INFO neutron.api.v2.resource [None req-46081fa8-de51-4601-af4b-e73d667c162e 16049499037247f891209e11e0919d75 edf670acb5a94913ab96484e9e760b28 - - default default] create failed (client error): The server could not comply with the request since it is either malformed or otherwise incorrect.
2026-06-15 21:10:34.609 9 INFO neutron.wsgi [None req-46081fa8-de51-4601-af4b-e73d667c162e 16049499037247f891209e11e0919d75 edf670acb5a94913ab96484e9e760b28 - - default default] 10.0.0.34 "POST /v2.0/vpn/ipsec-site-connections HTTP/1.1" status: 400 len: 339 time: 0.1689961
2026-06-15 21:10:34.623 8 WARNING neutron_lib.context [None req-464502e3-e034-40dc-844e-f8be68555b4b c4af239b296241209fd5903548c721e5 fcd07ec3909842b7b4d093edfe64d23d - - default default] Method 'is_advsvc' is deprecated since 2023.2 release (neutron-lib 3.8.0) and will be removed once support for the old RBAC API policies will be removed from Neutron. Please use method 'is_service_role' instead.
2026-06-15 21:10:34.629 8 WARNING neutron.api.v2.base [None req-04f67d76-7767-4d7c-912d-52c008ccf9e7 16049499037247f891209e11e0919d75 edf670acb5a94913ab96484e9e760b28 - - default default] An exception happened while processing the request body. The exception message is [Invalid input for dpd. Reason: '59' is not a dictionary.].: webob.exc.HTTPBadRequest: Invalid input for dpd. Reason: '59' is not a dictionary.
2026-06-15 21:10:34.630 8 INFO neutron.api.v2.resource [None req-04f67d76-7767-4d7c-912d-52c008ccf9e7 16049499037247f891209e11e0919d75 edf670acb5a94913ab96484e9e760b28 - - default default] create failed (client error): Invalid input for dpd. Reason: '59' is not a dictionary.
2026-06-15 21:10:34.631 8 INFO neutron.wsgi [None req-04f67d76-7767-4d7c-912d-52c008ccf9e7 16049499037247f891209e11e0919d75 edf670acb5a94913ab96484e9e760b28 - - default default] 10.0.0.34 "POST /v2.0/vpn/ipsec-site-connections HTTP/1.1" status: 400 len: 332 time: 0.0134335
2026-06-15 21:10:34.648 8 WARNING neutron_lib.context [None req-564a6b4e-de9e-42c4-8177-1e9cc2b7a440 16049499037247f891209e11e0919d75 edf670acb5a94913ab96484e9e760b28 - - default default] Method 'is_advsvc' is deprecated since 2023.2 release (neutron-lib 3.8.0) and will be removed once support for the old RBAC API policies will be removed from Neutron. Please use method 'is_service_role' instead.
2026-06-15 21:10:34.714 8 INFO neutron.wsgi [None req-564a6b4e-de9e-42c4-8177-1e9cc2b7a440 16049499037247f891209e11e0919d75 edf670acb5a94913ab96484e9e760b28 - - default default] 10.0.0.34 "POST /v2.0/vpn/endpoint-groups HTTP/1.1" status: 201 len: 493 time: 0.0715220
2026-06-15 21:10:34.719 8 INFO neutron.db.ovn_revision_numbers_db [None req-a472e565-f496-43e5-94d8-db781f4b7d1d 262b6950fd8e42b7a69f9ec0d81f83bf a0c2fdaddc014b4f80713b19e5cc4e72 - - default default] Successfully bumped revision number for resource ad29eea0-8af2-4063-8ddb-d3196a2a2481 (type: security_groups) to 1
2026-06-15 21:10:34.727 9 WARNING neutron_lib.context [None req-4c4a384d-41cc-46d9-bbd8-cc867dc7546c 16049499037247f891209e11e0919d75 edf670acb5a94913ab96484e9e760b28 - - default default] Method 'is_advsvc' is deprecated since 2023.2 release (neutron-lib 3.8.0) and will be removed once support for the old RBAC API policies will be removed from Neutron. Please use method 'is_service_role' instead.
2026-06-15 21:10:34.741 8 INFO neutron.db.ovn_revision_numbers_db [None req-a472e565-f496-43e5-94d8-db781f4b7d1d 262b6950fd8e42b7a69f9ec0d81f83bf a0c2fdaddc014b4f80713b19e5cc4e72 - - default default] Successfully bumped revision number for resource 636b707d-dd62-4157-9f3b-c0a683282abb (type: security_group_rules) to 0
2026-06-15 21:10:34.766 8 INFO neutron.db.ovn_revision_numbers_db [None req-a472e565-f496-43e5-94d8-db781f4b7d1d 262b6950fd8e42b7a69f9ec0d81f83bf a0c2fdaddc014b4f80713b19e5cc4e72 - - default default] Successfully bumped revision number for resource 6cb10197-dfae-47dd-9f8c-37249ced2461 (type: security_group_rules) to 0
2026-06-15 21:10:34.784 8 INFO neutron.db.ovn_revision_numbers_db [None req-a472e565-f496-43e5-94d8-db781f4b7d1d 262b6950fd8e42b7a69f9ec0d81f83bf a0c2fdaddc014b4f80713b19e5cc4e72 - - default default] Successfully bumped revision number for resource d325d43e-5f38-4b2f-94c8-412b4229f015 (type: security_group_rules) to 0
2026-06-15 21:10:34.785 9 INFO neutron.api.v2.resource [None req-4c4a384d-41cc-46d9-bbd8-cc867dc7546c 16049499037247f891209e11e0919d75 edf670acb5a94913ab96484e9e760b28 - - default default] create failed (client error): The server could not comply with the request since it is either malformed or otherwise incorrect.
2026-06-15 21:10:34.787 9 INFO neutron.wsgi [None req-4c4a384d-41cc-46d9-bbd8-cc867dc7546c 16049499037247f891209e11e0919d75 edf670acb5a94913ab96484e9e760b28 - - default default] 10.0.0.34 "POST /v2.0/vpn/ipsec-site-connections HTTP/1.1" status: 400 len: 352 time: 0.0668151
2026-06-15 21:10:34.809 9 INFO neutron.wsgi [None req-2f9e4cb0-5d76-4d5e-a660-93aa1a8d64ce 16049499037247f891209e11e0919d75 edf670acb5a94913ab96484e9e760b28 - - default default] 10.0.0.34 "GET /v2.0/vpn/endpoint-groups HTTP/1.1" status: 200 len: 1104 time: 0.0138736
2026-06-15 21:10:34.820 8 INFO neutron.db.ovn_revision_numbers_db [None req-a472e565-f496-43e5-94d8-db781f4b7d1d 262b6950fd8e42b7a69f9ec0d81f83bf a0c2fdaddc014b4f80713b19e5cc4e72 - - default default] Successfully bumped revision number for resource d3304b41-4a2a-496f-ae44-57a59f69d59a (type: security_group_rules) to 0
2026-06-15 21:10:34.843 9 INFO neutron.wsgi [None req-df6d4d34-0805-4fde-a66e-3a927a3508dc 16049499037247f891209e11e0919d75 edf670acb5a94913ab96484e9e760b28 - - default default] 10.0.0.34 "DELETE /v2.0/vpn/endpoint-groups/4d21d73b-1f0c-4cb7-a1ba-d6b73e69e459 HTTP/1.1" status: 204 len: 168 time: 0.0274649
2026-06-15 21:10:34.862 8 INFO neutron.wsgi [None req-a472e565-f496-43e5-94d8-db781f4b7d1d 262b6950fd8e42b7a69f9ec0d81f83bf a0c2fdaddc014b4f80713b19e5cc4e72 - - default default] 10.0.0.34 "GET /v2.0/security-groups?tenant_id=da10b42f2e844f16baa77fe613aecd65&name=default HTTP/1.1" status: 200 len: 3124 time: 0.5292308
2026-06-15 21:10:34.883 9 INFO neutron.wsgi [None req-94cfbe88-9369-4f36-a2e2-ea14795a05ea 16049499037247f891209e11e0919d75 edf670acb5a94913ab96484e9e760b28 - - default default] 10.0.0.34 "GET /v2.0/vpn/endpoint-groups HTTP/1.1" status: 200 len: 828 time: 0.0354691
2026-06-15 21:10:34.902 9 WARNING neutron_lib.context [None req-8ec4d46b-5972-4922-ae0f-21d41c244964 16049499037247f891209e11e0919d75 edf670acb5a94913ab96484e9e760b28 - - default default] Method 'is_advsvc' is deprecated since 2023.2 release (neutron-lib 3.8.0) and will be removed once support for the old RBAC API policies will be removed from Neutron. Please use method 'is_service_role' instead.
