2026-06-15 21:09:54.165 9 INFO neutron.wsgi [None req-0ca8dce7-1c6f-42fd-93cb-a0d1ecdf11fd 16049499037247f891209e11e0919d75 edf670acb5a94913ab96484e9e760b28 - - default default] 10.0.0.34 "POST /v2.0/subnets HTTP/1.1" status: 201 len: 804 time: 1.9376719
2026-06-15 21:09:54.187 8 WARNING neutron_lib.context [None req-6ba236f8-cefa-460d-ba3f-a1f4e7955481 16049499037247f891209e11e0919d75 edf670acb5a94913ab96484e9e760b28 - - default default] Method 'is_advsvc' is deprecated since 2023.2 release (neutron-lib 3.8.0) and will be removed once support for the old RBAC API policies will be removed from Neutron. Please use method 'is_service_role' instead.
2026-06-15 21:09:54.192 9 INFO neutron.api.v2.resource [None req-ebcb69b7-30fc-403d-a234-1ede51f7a125 ddbe79657123440c87ab88d01dad771d c1a1f2b802804cb6b35cbd6d6e8f33a3 - - default default] delete failed (client error): The resource could not be found.
2026-06-15 21:09:54.194 9 INFO neutron.wsgi [None req-ebcb69b7-30fc-403d-a234-1ede51f7a125 ddbe79657123440c87ab88d01dad771d c1a1f2b802804cb6b35cbd6d6e8f33a3 - - default default] 10.0.0.34 "DELETE /v2.0/routers/9c9a4dab-a6d8-4df1-8c3b-58729b787677 HTTP/1.1" status: 404 len: 336 time: 0.0271525
2026-06-15 21:09:54.210 8 INFO neutron.wsgi [req-2c384308-8b2f-4045-b0a5-424084c57123 req-249477e2-2112-4a95-b951-2a57432efecf 3609009d6cbd47db873a502cfb5ac169 edc0aadc5b5547978e0107e0f2681de2 - - default default] 10.0.0.69 "GET /v2.0/security-groups?id=aa183447-b425-4384-80c6-7bf386743602&fields=id&fields=name HTTP/1.1" status: 200 len: 313 time: 0.1105566
2026-06-15 21:09:54.220 9 INFO neutron.pecan_wsgi.hooks.translation [None req-6e462155-049b-4868-beaa-ac52facba600 ddbe79657123440c87ab88d01dad771d c1a1f2b802804cb6b35cbd6d6e8f33a3 - - default default] DELETE failed (client error): The resource could not be found.
2026-06-15 21:09:54.223 9 INFO neutron.wsgi [None req-6e462155-049b-4868-beaa-ac52facba600 ddbe79657123440c87ab88d01dad771d c1a1f2b802804cb6b35cbd6d6e8f33a3 - - default default] 10.0.0.34 "DELETE /v2.0/subnets/a9ee1d31-753a-46e9-8974-b98c764589e6 HTTP/1.1" status: 404 len: 337 time: 0.0231240
2026-06-15 21:09:54.235 8 INFO neutron.wsgi [req-f1af2bf2-8ecf-4b4e-bd2b-8c9e76c51346 req-9ebefe7d-794b-48ee-88d2-f4b134245870 2153734f3175476fb34ed7c3b42ed4e1 b68bb3eee8aa4da880698818692f961f - - 5c6c69f538aa47e4be7f1a92d8fac82c 5c6c69f538aa47e4be7f1a92d8fac82c] 199.204.45.113 "GET /v2.0/networks/6b648754-5c28-44c1-a6bc-91a6ca89684f?fields=segments HTTP/1.1" status: 200 len: 212 time: 0.1470466
2026-06-15 21:09:54.256 9 INFO neutron.wsgi [None req-d22e46a6-ca64-4fa8-bf71-1e165732252a c2774059a80a4175b37ee2d5961fb277 c96ffb1f84c9437594718c88cf41cefb - - default default] 10.0.0.34 "DELETE /v2.0/trunks/58aadf70-8b7f-4b94-be40-56655f630232 HTTP/1.1" status: 204 len: 168 time: 0.1349616
2026-06-15 21:09:54.259 9 INFO neutron.wsgi [None req-fe07e047-916c-4cc3-b59a-0b626e0da71d ddbe79657123440c87ab88d01dad771d c1a1f2b802804cb6b35cbd6d6e8f33a3 - - default default] 10.0.0.34 "GET /v2.0/ports?device_id=c75d5e68-be9b-4c24-ab45-176d8c8c2765 HTTP/1.1" status: 200 len: 205 time: 0.0303912
2026-06-15 21:09:54.566 9 INFO neutron.wsgi [None req-d60eb55a-bf86-48d3-8e5f-da58cd299e07 c2774059a80a4175b37ee2d5961fb277 c96ffb1f84c9437594718c88cf41cefb - - default default] 10.0.0.34 "DELETE /v2.0/ports/bb4d4679-b189-4e27-bfc5-57c2b670cd54 HTTP/1.1" status: 204 len: 168 time: 0.3048494
2026-06-15 21:09:54.592 8 INFO neutron.api.v2.resource [None req-33535817-61d0-40bf-9a4d-67a7dd5772f6 ddbe79657123440c87ab88d01dad771d c1a1f2b802804cb6b35cbd6d6e8f33a3 - - default default] delete failed (client error): The resource could not be found.
2026-06-15 21:09:54.594 8 INFO neutron.wsgi [None req-33535817-61d0-40bf-9a4d-67a7dd5772f6 ddbe79657123440c87ab88d01dad771d c1a1f2b802804cb6b35cbd6d6e8f33a3 - - default default] 10.0.0.34 "DELETE /v2.0/routers/c75d5e68-be9b-4c24-ab45-176d8c8c2765 HTTP/1.1" status: 404 len: 336 time: 0.3267548
2026-06-15 21:09:54.621 9 INFO neutron.pecan_wsgi.hooks.translation [None req-45f7cf50-615f-4cf3-83f7-55c152442ab8 ddbe79657123440c87ab88d01dad771d c1a1f2b802804cb6b35cbd6d6e8f33a3 - - default default] DELETE failed (client error): The resource could not be found.
2026-06-15 21:09:54.623 9 INFO neutron.wsgi [None req-45f7cf50-615f-4cf3-83f7-55c152442ab8 ddbe79657123440c87ab88d01dad771d c1a1f2b802804cb6b35cbd6d6e8f33a3 - - default default] 10.0.0.34 "DELETE /v2.0/subnets/c80c5b0d-ae3d-42dc-8492-34abf3647978 HTTP/1.1" status: 404 len: 337 time: 0.0212386
2026-06-15 21:09:54.666 8 INFO neutron.pecan_wsgi.hooks.translation [None req-48f23f4a-f18f-4706-bdcb-1118734cd57b ddbe79657123440c87ab88d01dad771d c1a1f2b802804cb6b35cbd6d6e8f33a3 - - default default] DELETE failed (client error): The resource could not be found.
2026-06-15 21:09:54.669 8 INFO neutron.wsgi [None req-48f23f4a-f18f-4706-bdcb-1118734cd57b ddbe79657123440c87ab88d01dad771d c1a1f2b802804cb6b35cbd6d6e8f33a3 - - default default] 10.0.0.34 "DELETE /v2.0/subnets/84518dff-49ba-4ba0-86fc-3f5bdf0124d2 HTTP/1.1" status: 404 len: 337 time: 0.0377100
2026-06-15 21:09:54.686 8 INFO neutron.wsgi [req-f1af2bf2-8ecf-4b4e-bd2b-8c9e76c51346 req-0a474837-4f6e-4cb4-b74b-c4ceb4bca5d3 2153734f3175476fb34ed7c3b42ed4e1 b68bb3eee8aa4da880698818692f961f - - 5c6c69f538aa47e4be7f1a92d8fac82c 5c6c69f538aa47e4be7f1a92d8fac82c] 199.204.45.113 "GET /v2.0/networks/6b648754-5c28-44c1-a6bc-91a6ca89684f?fields=provider%3Aphysical_network&fields=provider%3Anetwork_type HTTP/1.1" status: 200 len: 277 time: 0.4460635
2026-06-15 21:09:54.770 8 INFO neutron.db.ovn_revision_numbers_db [None req-35061bee-1e91-415d-b631-05ad3f2854ba - - - - - -] Successfully bumped revision number for resource 3e03c98f-66ab-41b9-a6bc-c63a66d79d25 (type: ports) to 3
2026-06-15 21:09:54.911 9 INFO neutron.wsgi [None req-3847ae91-0176-4f96-bb41-3cd9c8bfff5f c2774059a80a4175b37ee2d5961fb277 c96ffb1f84c9437594718c88cf41cefb - - default default] 10.0.0.34 "DELETE /v2.0/ports/6c13633f-d4d0-411c-9d40-2436481e279c HTTP/1.1" status: 204 len: 168 time: 0.3412294
2026-06-15 21:09:55.111 8 WARNING neutron.scheduler.dhcp_agent_scheduler [None req-6ba236f8-cefa-460d-ba3f-a1f4e7955481 16049499037247f891209e11e0919d75 edf670acb5a94913ab96484e9e760b28 - - default default] No more DHCP agents
2026-06-15 21:09:55.113 8 WARNING neutron.api.rpc.agentnotifiers.dhcp_rpc_agent_api [None req-6ba236f8-cefa-460d-ba3f-a1f4e7955481 16049499037247f891209e11e0919d75 edf670acb5a94913ab96484e9e760b28 - - default default] Unable to schedule network 67aac509-6b01-46ef-8bd1-ae0db20a55b4: no agents available; will retry on subsequent port and subnet creation events.
2026-06-15 21:09:55.197 9 INFO neutron.wsgi [None req-0c99f60d-7389-477b-a624-6b12d39641b3 c2774059a80a4175b37ee2d5961fb277 c96ffb1f84c9437594718c88cf41cefb - - default default] 10.0.0.34 "DELETE /v2.0/ports/254d4dbb-6979-4c75-a428-4d13f14978f1 HTTP/1.1" status: 204 len: 168 time: 0.2738650
2026-06-15 21:09:55.350 9 INFO neutron.wsgi [None req-3a5527c5-b1bb-4abc-a1df-7117ef33a44c 262b6950fd8e42b7a69f9ec0d81f83bf a0c2fdaddc014b4f80713b19e5cc4e72 - - default default] 10.0.0.34 "GET /v2.0/security-groups?tenant_id=c1a1f2b802804cb6b35cbd6d6e8f33a3&name=default HTTP/1.1" status: 200 len: 3120 time: 0.1177156
2026-06-15 21:09:55.363 8 INFO neutron.db.ovn_revision_numbers_db [None req-6ba236f8-cefa-460d-ba3f-a1f4e7955481 16049499037247f891209e11e0919d75 edf670acb5a94913ab96484e9e760b28 - - default default] Successfully bumped revision number for resource 05d518b5-58cc-4328-a71b-9b695a755c68 (type: ports) to 1
2026-06-15 21:09:55.478 8 INFO neutron.wsgi [req-04d98276-6f3a-4e59-aad4-db5da4a43833 req-45e4f95c-f065-44ab-9c20-589faea3cd23 3609009d6cbd47db873a502cfb5ac169 edc0aadc5b5547978e0107e0f2681de2 - - default default] 10.0.0.69 "GET /v2.0/ports?device_id=56e52d55-d319-4db1-9ef0-e61042cf258d HTTP/1.1" status: 200 len: 1168 time: 0.1946361
2026-06-15 21:09:55.596 8 INFO neutron.wsgi [req-04d98276-6f3a-4e59-aad4-db5da4a43833 req-da4b7d75-e4cf-49f1-97b9-83a476115bd2 3609009d6cbd47db873a502cfb5ac169 edc0aadc5b5547978e0107e0f2681de2 - - default default] 10.0.0.69 "GET /v2.0/security-groups?id=aa183447-b425-4384-80c6-7bf386743602&fields=id&fields=name HTTP/1.1" status: 200 len: 313 time: 0.1097405
2026-06-15 21:09:55.627 9 INFO neutron.wsgi [None req-ed8cc0aa-d633-4cc8-9a1f-3cfe50ed2a77 262b6950fd8e42b7a69f9ec0d81f83bf a0c2fdaddc014b4f80713b19e5cc4e72 - - default default] 10.0.0.34 "DELETE /v2.0/security-groups/c2821357-3f94-402e-ab06-39f3c9eb1bef HTTP/1.1" status: 204 len: 168 time: 0.2730076
2026-06-15 21:09:55.751 8 INFO neutron.wsgi [None req-8dd67c56-df0a-4407-a51d-0ec45bbb271d c2774059a80a4175b37ee2d5961fb277 c96ffb1f84c9437594718c88cf41cefb - - default default] 10.0.0.34 "DELETE /v2.0/ports/8d1c591a-e89f-44a5-8565-76f1b10eb532 HTTP/1.1" status: 204 len: 168 time: 0.5493968
2026-06-15 21:09:56.141 8 INFO neutron.wsgi [None req-399ef785-0baa-417d-880a-f50dec1796d5 c2774059a80a4175b37ee2d5961fb277 c96ffb1f84c9437594718c88cf41cefb - - default default] 10.0.0.34 "DELETE /v2.0/ports/01dd04a7-a11a-4b1f-afc2-13df3a37748d HTTP/1.1" status: 204 len: 168 time: 0.3843095
2026-06-15 21:09:56.185 9 WARNING neutron.plugins.ml2.drivers.ovn.mech_driver.ovsdb.ovn_client [None req-4931acb0-aaf8-4197-8a6e-4d24e2e00f6a - - - - - -] No port found with ID 612c95d0-fafe-4d60-9695-505760362cf9: RuntimeError: No port found with ID 612c95d0-fafe-4d60-9695-505760362cf9
2026-06-15 21:09:56.186 9 INFO neutron.plugins.ml2.drivers.ovn.mech_driver.mech_driver [None req-4931acb0-aaf8-4197-8a6e-4d24e2e00f6a - - - - - -] OVN reports status up for port: 1a779d11-d371-4e89-892d-e68e413ce129
2026-06-15 21:09:56.196 9 INFO neutron.plugins.ml2.plugin [None req-4931acb0-aaf8-4197-8a6e-4d24e2e00f6a - - - - - -] Attempt 1 to provision port 1a779d11-d371-4e89-892d-e68e413ce129
2026-06-15 21:09:56.260 8 INFO neutron.plugins.ml2.drivers.ovn.mech_driver.ovsdb.commands [None req-6c1db4eb-7d61-4903-8023-be18c16f2831 - - - - - -] Schedule LRP lrp-05d518b5-58cc-4328-a71b-9b695a755c68 on gateway 9b915434-f5b4-4f02-b61c-14cb792f14a0 with priority 1
2026-06-15 21:09:56.305 8 INFO neutron.db.ovn_revision_numbers_db [None req-6ba236f8-cefa-460d-ba3f-a1f4e7955481 16049499037247f891209e11e0919d75 edf670acb5a94913ab96484e9e760b28 - - default default] Successfully bumped revision number for resource 05d518b5-58cc-4328-a71b-9b695a755c68 (type: router_ports) to 1
2026-06-15 21:09:56.333 9 INFO neutron.notifiers.nova [-] Nova event matching ['req-d7a97f17-8fa9-406c-90f3-86d0dc8d2abd'] response: {'server_uuid': '56e52d55-d319-4db1-9ef0-e61042cf258d', 'name': 'network-vif-plugged', 'status': 'completed', 'tag': '1a779d11-d371-4e89-892d-e68e413ce129', 'code': 200}
2026-06-15 21:09:56.394 8 INFO neutron.db.ovn_revision_numbers_db [None req-6ba236f8-cefa-460d-ba3f-a1f4e7955481 16049499037247f891209e11e0919d75 edf670acb5a94913ab96484e9e760b28 - - default default] Successfully bumped revision number for resource f29c75d5-7dc9-4687-804b-a2182bcbb2c2 (type: routers) to 2
2026-06-15 21:09:56.426 8 INFO neutron.wsgi [None req-6ba236f8-cefa-460d-ba3f-a1f4e7955481 16049499037247f891209e11e0919d75 edf670acb5a94913ab96484e9e760b28 - - default default] 10.0.0.34 "POST /v2.0/routers HTTP/1.1" status: 201 len: 1135 time: 2.2474170
2026-06-15 21:09:56.514 9 INFO neutron.db.ovn_revision_numbers_db [None req-4931acb0-aaf8-4197-8a6e-4d24e2e00f6a - - - - - -] Successfully bumped revision number for resource 1a779d11-d371-4e89-892d-e68e413ce129 (type: ports) to 4
2026-06-15 21:09:56.577 9 INFO neutron.plugins.ml2.drivers.ovn.mech_driver.mech_driver [None req-4931acb0-aaf8-4197-8a6e-4d24e2e00f6a - - - - - -] OVN reports status up for port: e27ef25f-07d4-4dba-98d9-eba4b8316e9c
2026-06-15 21:09:56.597 9 INFO neutron.plugins.ml2.plugin [None req-4931acb0-aaf8-4197-8a6e-4d24e2e00f6a - - - - - -] Attempt 1 to provision port e27ef25f-07d4-4dba-98d9-eba4b8316e9c
2026-06-15 21:09:56.830 9 INFO neutron.db.ovn_revision_numbers_db [None req-4931acb0-aaf8-4197-8a6e-4d24e2e00f6a - - - - - -] Successfully bumped revision number for resource e27ef25f-07d4-4dba-98d9-eba4b8316e9c (type: ports) to 3
2026-06-15 21:09:56.921 9 INFO neutron.plugins.ml2.drivers.ovn.mech_driver.mech_driver [None req-4931acb0-aaf8-4197-8a6e-4d24e2e00f6a - - - - - -] OVN reports status up for port: 05d518b5-58cc-4328-a71b-9b695a755c68
2026-06-15 21:09:56.932 9 INFO neutron.plugins.ml2.plugin [None req-4931acb0-aaf8-4197-8a6e-4d24e2e00f6a - - - - - -] Attempt 1 to provision port 05d518b5-58cc-4328-a71b-9b695a755c68
2026-06-15 21:09:56.983 8 INFO neutron.wsgi [req-07619124-c8dc-4e99-94a3-c7a32877f8b3 req-111e8f12-4d19-4c37-b93e-d153a264ff7c 3609009d6cbd47db873a502cfb5ac169 edc0aadc5b5547978e0107e0f2681de2 - - default default] 10.0.0.69 "GET /v2.0/ports?device_id=56e52d55-d319-4db1-9ef0-e61042cf258d HTTP/1.1" status: 200 len: 1170 time: 0.0495970
2026-06-15 21:09:57.079 8 INFO neutron.wsgi [req-07619124-c8dc-4e99-94a3-c7a32877f8b3 req-03104093-672e-4a84-a239-3428d2218c51 3609009d6cbd47db873a502cfb5ac169 edc0aadc5b5547978e0107e0f2681de2 - - default default] 10.0.0.69 "GET /v2.0/security-groups?id=aa183447-b425-4384-80c6-7bf386743602&fields=id&fields=name HTTP/1.1" status: 200 len: 313 time: 0.0886843
2026-06-15 21:09:57.088 8 INFO neutron.services.segments.plugin [-] Segment 6846499f-213d-4777-8ec9-709eecee58e3 resource provider aggregate not found
2026-06-15 21:09:57.103 8 INFO neutron.services.segments.plugin [-] Segment 6846499f-213d-4777-8ec9-709eecee58e3 resource provider aggregate not found
2026-06-15 21:09:57.107 8 INFO neutron.services.segments.plugin [-] Segment 6846499f-213d-4777-8ec9-709eecee58e3 resource provider not found; error: Placement Client Error (4xx): {"errors": [{"status": 404, "title": "Not Found", "detail": "The resource could not be found.\n\n No resource provider with uuid 6846499f-213d-4777-8ec9-709eecee58e3 found for delete ", "request_id": "req-57123ec6-cb33-4e2e-95ba-9c89981b62dc"}]}
2026-06-15 21:09:57.125 8 INFO neutron.services.segments.plugin [-] Segment 6846499f-213d-4777-8ec9-709eecee58e3 resource provider not found; error: Placement Client Error (4xx): {"errors": [{"status": 404, "title": "Not Found", "detail": "The resource could not be found.\n\n No resource provider with uuid 6846499f-213d-4777-8ec9-709eecee58e3 found for delete ", "request_id": "req-8f887cfd-3c33-437b-8150-2cd9468b79c8"}]}
2026-06-15 21:09:57.132 8 INFO neutron.wsgi [None req-427999ce-e271-450b-b072-a9a9a719ef8f c2774059a80a4175b37ee2d5961fb277 c96ffb1f84c9437594718c88cf41cefb - - default default] 10.0.0.34 "DELETE /v2.0/networks/e93e051f-1140-4570-bfa3-3f93011d076c HTTP/1.1" status: 204 len: 168 time: 0.9876781 /var/lib/openstack/lib/python3.10/site-packages/pycadf/identifier.py:71: UserWarning: Invalid uuid: neutron. To ensure interoperability, identifiers should be a valid uuid. warnings.warn(('Invalid uuid: %s. To ensure interoperability, '
2026-06-15 21:09:57.222 8 INFO neutron.wsgi [req-af4a6cef-c5a0-4f78-94bd-6a3d46966ce1 req-e872a8aa-25c0-4c59-86df-15f17b31478d 3609009d6cbd47db873a502cfb5ac169 edc0aadc5b5547978e0107e0f2681de2 - - default default] 10.0.0.69 "GET /v2.0/ports?device_id=56e52d55-d319-4db1-9ef0-e61042cf258d HTTP/1.1" status: 200 len: 1170 time: 0.0566142
2026-06-15 21:09:57.291 8 INFO neutron.wsgi [req-af4a6cef-c5a0-4f78-94bd-6a3d46966ce1 req-73c8a79f-54b2-42eb-8042-a8fdb08e0fa6 3609009d6cbd47db873a502cfb5ac169 edc0aadc5b5547978e0107e0f2681de2 - - default default] 10.0.0.69 "GET /v2.0/security-groups?id=aa183447-b425-4384-80c6-7bf386743602&fields=id&fields=name HTTP/1.1" status: 200 len: 313 time: 0.0623758
2026-06-15 21:09:57.360 8 INFO neutron.wsgi [None req-bd84eaa4-1d8d-45f8-958a-c68c3abfb4d8 8f6473babe724fca9a727f59f3136aac bdf9cad01a6a48acaf3ef0971306f945 - - default default] 10.0.0.34 "GET /v2.0/ports?device_id=56e52d55-d319-4db1-9ef0-e61042cf258d HTTP/1.1" status: 200 len: 1404 time: 0.0441935
2026-06-15 21:09:57.601 8 WARNING neutron.scheduler.dhcp_agent_scheduler [None req-ab980535-8a10-4618-b128-afed2a73ded3 16049499037247f891209e11e0919d75 edf670acb5a94913ab96484e9e760b28 - - default default] No more DHCP agents
2026-06-15 21:09:57.603 8 WARNING neutron.api.rpc.agentnotifiers.dhcp_rpc_agent_api [None req-ab980535-8a10-4618-b128-afed2a73ded3 16049499037247f891209e11e0919d75 edf670acb5a94913ab96484e9e760b28 - - default default] Unable to schedule network 386824e8-d89f-41bb-a388-5254b7187133: no agents available; will retry on subsequent port and subnet creation events.
2026-06-15 21:09:57.649 8 WARNING neutron_lib.context [None req-be218e64-7d8d-45a9-90a7-8739e3d4a82f ec221d17d71b460183b8b0f46a3e1c42 1aa37473039a4005bcb65e6da833879b - - default default] Method 'is_advsvc' is deprecated since 2023.2 release (neutron-lib 3.8.0) and will be removed once support for the old RBAC API policies will be removed from Neutron. Please use method 'is_service_role' instead.
2026-06-15 21:09:57.703 9 INFO neutron.services.segments.plugin [-] Segment 5a49b73d-f726-419c-ac95-37122333540a resource provider aggregate not found
2026-06-15 21:09:57.707 9 INFO neutron.services.segments.plugin [-] Segment 5a49b73d-f726-419c-ac95-37122333540a resource provider aggregate not found
2026-06-15 21:09:57.725 9 INFO neutron.services.segments.plugin [-] Segment 5a49b73d-f726-419c-ac95-37122333540a resource provider not found; error: Placement Client Error (4xx): {"errors": [{"status": 404, "title": "Not Found", "detail": "The resource could not be found.\n\n No resource provider with uuid 5a49b73d-f726-419c-ac95-37122333540a found for delete ", "request_id": "req-1631c2be-b3d0-46fd-a6c7-3b664eaf7431"}]}
2026-06-15 21:09:57.735 9 INFO neutron.services.segments.plugin [-] Segment 5a49b73d-f726-419c-ac95-37122333540a resource provider not found; error: Placement Client Error (4xx): {"errors": [{"status": 404, "title": "Not Found", "detail": "The resource could not be found.\n\n No resource provider with uuid 5a49b73d-f726-419c-ac95-37122333540a found for delete ", "request_id": "req-e1436b93-7fa9-42a2-8975-67b3b0337487"}]}
2026-06-15 21:09:57.764 9 INFO neutron.wsgi [None req-e0309204-9248-4bd8-90de-4a71b925bd01 c2774059a80a4175b37ee2d5961fb277 c96ffb1f84c9437594718c88cf41cefb - - default default] 10.0.0.34 "DELETE /v2.0/networks/2fe6ec27-ec85-4b1e-8527-082eb428c258 HTTP/1.1" status: 204 len: 168 time: 0.6241615
2026-06-15 21:09:57.780 8 INFO neutron.db.ovn_revision_numbers_db [None req-ab980535-8a10-4618-b128-afed2a73ded3 16049499037247f891209e11e0919d75 edf670acb5a94913ab96484e9e760b28 - - default default] Successfully bumped revision number for resource ad4cfe4f-c21e-4fa3-aad6-bd429fc9a038 (type: ports) to 1
2026-06-15 21:09:57.892 8 INFO neutron.db.ovn_revision_numbers_db [None req-be218e64-7d8d-45a9-90a7-8739e3d4a82f ec221d17d71b460183b8b0f46a3e1c42 1aa37473039a4005bcb65e6da833879b - - default default] Successfully bumped revision number for resource c83b508d-766a-4f9c-bfeb-3fd3398a9d90 (type: security_groups) to 1
2026-06-15 21:09:57.911 8 INFO neutron.db.ovn_revision_numbers_db [None req-be218e64-7d8d-45a9-90a7-8739e3d4a82f ec221d17d71b460183b8b0f46a3e1c42 1aa37473039a4005bcb65e6da833879b - - default default] Successfully bumped revision number for resource 0a2a77fc-0c0a-4c83-834a-5062dd557437 (type: security_group_rules) to 0
2026-06-15 21:09:57.945 8 INFO neutron.db.ovn_revision_numbers_db [None req-be218e64-7d8d-45a9-90a7-8739e3d4a82f ec221d17d71b460183b8b0f46a3e1c42 1aa37473039a4005bcb65e6da833879b - - default default] Successfully bumped revision number for resource 7d0c1c1e-7f80-41ae-809c-ce4a4f537cdc (type: security_group_rules) to 0
2026-06-15 21:09:57.969 8 INFO neutron.db.ovn_revision_numbers_db [None req-be218e64-7d8d-45a9-90a7-8739e3d4a82f ec221d17d71b460183b8b0f46a3e1c42 1aa37473039a4005bcb65e6da833879b - - default default] Successfully bumped revision number for resource 7e3883bd-2a85-4834-b517-75fa16cc27d1 (type: security_group_rules) to 0
2026-06-15 21:09:57.998 8 INFO neutron.db.ovn_revision_numbers_db [None req-be218e64-7d8d-45a9-90a7-8739e3d4a82f ec221d17d71b460183b8b0f46a3e1c42 1aa37473039a4005bcb65e6da833879b - - default default] Successfully bumped revision number for resource bbceedd3-9c73-402f-8088-f1ac8b32a882 (type: security_group_rules) to 0
2026-06-15 21:09:58.185 8 INFO neutron.db.ovn_revision_numbers_db [None req-be218e64-7d8d-45a9-90a7-8739e3d4a82f ec221d17d71b460183b8b0f46a3e1c42 1aa37473039a4005bcb65e6da833879b - - default default] Successfully bumped revision number for resource 34cc00fb-1640-47e6-8602-47a6f4b10a2c (type: security_groups) to 1
2026-06-15 21:09:58.227 8 INFO neutron.db.ovn_revision_numbers_db [None req-be218e64-7d8d-45a9-90a7-8739e3d4a82f ec221d17d71b460183b8b0f46a3e1c42 1aa37473039a4005bcb65e6da833879b - - default default] Successfully bumped revision number for resource 24e9fee8-9100-4c1b-87f5-b1f586608c53 (type: security_group_rules) to 0
2026-06-15 21:09:58.264 8 INFO neutron.db.ovn_revision_numbers_db [None req-be218e64-7d8d-45a9-90a7-8739e3d4a82f ec221d17d71b460183b8b0f46a3e1c42 1aa37473039a4005bcb65e6da833879b - - default default] Successfully bumped revision number for resource cdbca7d0-0719-40e5-bdf6-f17212a2d164 (type: security_group_rules) to 0
2026-06-15 21:09:58.346 8 INFO neutron.wsgi [None req-be218e64-7d8d-45a9-90a7-8739e3d4a82f ec221d17d71b460183b8b0f46a3e1c42 1aa37473039a4005bcb65e6da833879b - - default default] 10.0.0.34 "POST /v2.0/security-groups HTTP/1.1" status: 201 len: 1824 time: 0.9063048
2026-06-15 21:09:58.360 9 INFO neutron.db.ovn_revision_numbers_db [None req-b3f0f196-c4f8-4044-b45b-385a755a60d5 3609009d6cbd47db873a502cfb5ac169 edc0aadc5b5547978e0107e0f2681de2 - - default default] Successfully bumped revision number for resource 68497328-3fbc-464f-83a2-74de894065ba (type: floatingips) to 4
2026-06-15 21:09:58.430 9 INFO neutron.wsgi [None req-cd187506-71fa-4857-9f51-25cdeb439892 ec221d17d71b460183b8b0f46a3e1c42 1aa37473039a4005bcb65e6da833879b - - default default] 10.0.0.34 "GET /v2.0/security-groups HTTP/1.1" status: 200 len: 4724 time: 0.0763092
2026-06-15 21:09:58.455 8 INFO neutron.wsgi [None req-a67de81f-8e1a-4f18-b37a-5abdf7e40a2d c2774059a80a4175b37ee2d5961fb277 c96ffb1f84c9437594718c88cf41cefb - - default default] 10.0.0.34 "DELETE /v2.0/networks/fd2ce4dd-2c83-4c63-a8f7-b9801cd26301 HTTP/1.1" status: 204 len: 168 time: 0.6842668
2026-06-15 21:09:58.543 9 INFO neutron.notifiers.nova [-] Nova event matching ['req-e1efdb8e-cc92-4ade-8568-0c8c656c0ce4'] response: {'server_uuid': '56e52d55-d319-4db1-9ef0-e61042cf258d', 'name': 'network-vif-plugged', 'status': 'completed', 'tag': '1a779d11-d371-4e89-892d-e68e413ce129', 'code': 200}
2026-06-15 21:09:58.551 9 INFO neutron.db.ovn_revision_numbers_db [None req-b3f0f196-c4f8-4044-b45b-385a755a60d5 3609009d6cbd47db873a502cfb5ac169 edc0aadc5b5547978e0107e0f2681de2 - - default default] Successfully bumped revision number for resource 68497328-3fbc-464f-83a2-74de894065ba (type: floatingips) to 5
2026-06-15 21:09:58.551 9 INFO neutron.db.l3_db [None req-b3f0f196-c4f8-4044-b45b-385a755a60d5 3609009d6cbd47db873a502cfb5ac169 edc0aadc5b5547978e0107e0f2681de2 - - default default] Floating IP 68497328-3fbc-464f-83a2-74de894065ba associated. External IP: 10.96.250.211, port: 1a779d11-d371-4e89-892d-e68e413ce129.
2026-06-15 21:09:58.580 9 INFO neutron.db.ovn_revision_numbers_db [None req-a5c86cf4-3906-4a36-82e5-51cbc0e4abd9 ec221d17d71b460183b8b0f46a3e1c42 1aa37473039a4005bcb65e6da833879b - - default default] Successfully bumped revision number for resource 34cc00fb-1640-47e6-8602-47a6f4b10a2c (type: security_groups) to 2
2026-06-15 21:09:58.583 9 INFO neutron.wsgi [None req-a5c86cf4-3906-4a36-82e5-51cbc0e4abd9 ec221d17d71b460183b8b0f46a3e1c42 1aa37473039a4005bcb65e6da833879b - - default default] 10.0.0.34 "PUT /v2.0/security-groups/34cc00fb-1640-47e6-8602-47a6f4b10a2c HTTP/1.1" status: 200 len: 1859 time: 0.1470587
2026-06-15 21:09:58.617 9 INFO neutron.wsgi [None req-b3f0f196-c4f8-4044-b45b-385a755a60d5 3609009d6cbd47db873a502cfb5ac169 edc0aadc5b5547978e0107e0f2681de2 - - default default] 10.0.0.34 "PUT /v2.0/floatingips/68497328-3fbc-464f-83a2-74de894065ba HTTP/1.1" status: 200 len: 1049 time: 1.2510118
2026-06-15 21:09:58.624 9 INFO neutron.wsgi [None req-3d013d2d-1e43-4e76-8daa-86a878d2ef35 ec221d17d71b460183b8b0f46a3e1c42 1aa37473039a4005bcb65e6da833879b - - default default] 10.0.0.34 "GET /v2.0/security-groups/34cc00fb-1640-47e6-8602-47a6f4b10a2c HTTP/1.1" status: 200 len: 1859 time: 0.0362148 /var/lib/openstack/lib/python3.10/site-packages/pycadf/identifier.py:71: UserWarning: Invalid uuid: neutron. To ensure interoperability, identifiers should be a valid uuid. warnings.warn(('Invalid uuid: %s. To ensure interoperability, '
2026-06-15 21:09:58.683 8 INFO neutron.wsgi [None req-bf95186e-30c0-490b-9cc8-81473e96964c 3609009d6cbd47db873a502cfb5ac169 edc0aadc5b5547978e0107e0f2681de2 - - default default] 10.0.0.34 "GET /v2.0/floatingips/68497328-3fbc-464f-83a2-74de894065ba HTTP/1.1" status: 200 len: 1051 time: 0.0597556
2026-06-15 21:09:58.704 8 ERROR ovsdbapp.backend.ovs_idl.command [None req-ab980535-8a10-4618-b128-afed2a73ded3 16049499037247f891209e11e0919d75 edf670acb5a94913ab96484e9e760b28 - - default default] Error executing command (DbGetCommand): ovsdbapp.backend.ovs_idl.idlutils.RowNotFound: Cannot find Logical_Router_Port with name=lrp-ad4cfe4f-c21e-4fa3-aad6-bd429fc9a038
2026-06-15 21:09:58.704 8 ERROR ovsdbapp.backend.ovs_idl.command
Traceback (most recent call last):
2026-06-15 21:09:58.704 8 ERROR ovsdbapp.backend.ovs_idl.command
File "/var/lib/openstack/lib/python3.10/site-packages/ovsdbapp/backend/ovs_idl/command.py", line 47, in execute
2026-06-15 21:09:58.704 8 ERROR ovsdbapp.backend.ovs_idl.command self.run_idl(None)
2026-06-15 21:09:58.704 8 ERROR ovsdbapp.backend.ovs_idl.command
File "/var/lib/openstack/lib/python3.10/site-packages/ovsdbapp/backend/ovs_idl/command.py", line 235, in run_idl
2026-06-15 21:09:58.704 8 ERROR ovsdbapp.backend.ovs_idl.command record = self.api.lookup(self.table, self.record)
2026-06-15 21:09:58.704 8 ERROR ovsdbapp.backend.ovs_idl.command
File "/var/lib/openstack/lib/python3.10/site-packages/ovsdbapp/backend/ovs_idl/__init__.py", line 184, in lookup
2026-06-15 21:09:58.704 8 ERROR ovsdbapp.backend.ovs_idl.command return self._lookup(table, record)
2026-06-15 21:09:58.704 8 ERROR ovsdbapp.backend.ovs_idl.command
File "/var/lib/openstack/lib/python3.10/site-packages/ovsdbapp/backend/ovs_idl/__init__.py", line 235, in _lookup
2026-06-15 21:09:58.704 8 ERROR ovsdbapp.backend.ovs_idl.command row = idlutils.row_by_value(self, rl.table, rl.column, record)
2026-06-15 21:09:58.704 8 ERROR ovsdbapp.backend.ovs_idl.command
File "/var/lib/openstack/lib/python3.10/site-packages/ovsdbapp/backend/ovs_idl/idlutils.py", line 114, in row_by_value
2026-06-15 21:09:58.704 8 ERROR ovsdbapp.backend.ovs_idl.command raise RowNotFound(table=table, col=column, match=match)
2026-06-15 21:09:58.704 8 ERROR ovsdbapp.backend.ovs_idl.command ovsdbapp.backend.ovs_idl.idlutils.RowNotFound: Cannot find Logical_Router_Port with name=lrp-ad4cfe4f-c21e-4fa3-aad6-bd429fc9a038
2026-06-15 21:09:58.704 8 ERROR ovsdbapp.backend.ovs_idl.command 
2026-06-15 21:09:58.705 8 ERROR neutron_lib.callbacks.manager [None req-ab980535-8a10-4618-b128-afed2a73ded3 16049499037247f891209e11e0919d75 edf670acb5a94913ab96484e9e760b28 - - default default] Error during notification for neutron.services.ovn_l3.plugin.OVNL3RouterPlugin._port_update-8785932901085 port, after_update: ovsdbapp.backend.ovs_idl.idlutils.RowNotFound: Cannot find Logical_Router_Port with name=lrp-ad4cfe4f-c21e-4fa3-aad6-bd429fc9a038
2026-06-15 21:09:58.705 8 ERROR neutron_lib.callbacks.manager
Traceback (most recent call last):
2026-06-15 21:09:58.705 8 ERROR neutron_lib.callbacks.manager
File "/var/lib/openstack/lib/python3.10/site-packages/neutron_lib/callbacks/manager.py", line 189, in _notify_loop
2026-06-15 21:09:58.705 8 ERROR neutron_lib.callbacks.manager callback.method(resource, event, trigger, payload=payload)
2026-06-15 21:09:58.705 8 ERROR neutron_lib.callbacks.manager
File "/var/lib/openstack/lib/python3.10/site-packages/neutron/services/ovn_l3/plugin.py", line 391, in _port_update
2026-06-15 21:09:58.705 8 ERROR neutron_lib.callbacks.manager l3plugin._ovn_client.update_router_port(context,
2026-06-15 21:09:58.705 8 ERROR neutron_lib.callbacks.manager
File "/var/lib/openstack/lib/python3.10/site-packages/neutron/plugins/ml2/drivers/ovn/mech_driver/ovsdb/ovn_client.py", line 1878, in update_router_port
2026-06-15 21:09:58.705 8 ERROR neutron_lib.callbacks.manager self._update_lrouter_port(context, port, if_exists=if_exists,
2026-06-15 21:09:58.705 8 ERROR neutron_lib.callbacks.manager
File "/var/lib/openstack/lib/python3.10/site-packages/neutron/plugins/ml2/drivers/ovn/mech_driver/ovsdb/ovn_client.py", line 1855, in _update_lrouter_port
2026-06-15 21:09:58.705 8 ERROR neutron_lib.callbacks.manager external_ids = self._nb_idl.db_get(
2026-06-15 21:09:58.705 8 ERROR neutron_lib.callbacks.manager
File "/var/lib/openstack/lib/python3.10/site-packages/ovsdbapp/backend/ovs_idl/command.py", line 47, in execute
2026-06-15 21:09:58.705 8 ERROR neutron_lib.callbacks.manager self.run_idl(None)
2026-06-15 21:09:58.705 8 ERROR neutron_lib.callbacks.manager
File "/var/lib/openstack/lib/python3.10/site-packages/ovsdbapp/backend/ovs_idl/command.py", line 235, in run_idl
2026-06-15 21:09:58.705 8 ERROR neutron_lib.callbacks.manager record = self.api.lookup(self.table, self.record)
2026-06-15 21:09:58.705 8 ERROR neutron_lib.callbacks.manager
File "/var/lib/openstack/lib/python3.10/site-packages/ovsdbapp/backend/ovs_idl/__init__.py", line 184, in lookup
2026-06-15 21:09:58.705 8 ERROR neutron_lib.callbacks.manager return self._lookup(table, record)
2026-06-15 21:09:58.705 8 ERROR neutron_lib.callbacks.manager
File "/var/lib/openstack/lib/python3.10/site-packages/ovsdbapp/backend/ovs_idl/__init__.py", line 235, in _lookup
2026-06-15 21:09:58.705 8 ERROR neutron_lib.callbacks.manager row = idlutils.row_by_value(self, rl.table, rl.column, record)
2026-06-15 21:09:58.705 8 ERROR neutron_lib.callbacks.manager
File "/var/lib/openstack/lib/python3.10/site-packages/ovsdbapp/backend/ovs_idl/idlutils.py", line 114, in row_by_value
2026-06-15 21:09:58.705 8 ERROR neutron_lib.callbacks.manager raise RowNotFound(table=table, col=column, match=match)
2026-06-15 21:09:58.705 8 ERROR neutron_lib.callbacks.manager ovsdbapp.backend.ovs_idl.idlutils.RowNotFound: Cannot find Logical_Router_Port with name=lrp-ad4cfe4f-c21e-4fa3-aad6-bd429fc9a038
2026-06-15 21:09:58.705 8 ERROR neutron_lib.callbacks.manager 
2026-06-15 21:09:58.776 9 INFO neutron.wsgi [None req-3ebf7128-c1ce-4592-99f8-edf6757b223b ec221d17d71b460183b8b0f46a3e1c42 1aa37473039a4005bcb65e6da833879b - - default default] 10.0.0.34 "DELETE /v2.0/security-groups/34cc00fb-1640-47e6-8602-47a6f4b10a2c HTTP/1.1" status: 204 len: 168 time: 0.1461368
2026-06-15 21:09:58.846 8 INFO neutron.wsgi [None req-644ebf9b-9188-4874-9f74-f279ab0d9ee0 ec221d17d71b460183b8b0f46a3e1c42 1aa37473039a4005bcb65e6da833879b - - default default] 10.0.0.34 "GET /v2.0/security-groups HTTP/1.1" status: 200 len: 3120 time: 0.0645247
2026-06-15 21:09:58.865 8 INFO neutron.api.v2.resource [None req-fac39553-c695-4c86-a6d8-db62ea46c430 ec221d17d71b460183b8b0f46a3e1c42 1aa37473039a4005bcb65e6da833879b - - default default] delete failed (client error): The resource could not be found.
2026-06-15 21:09:58.866 8 INFO neutron.wsgi [None req-fac39553-c695-4c86-a6d8-db62ea46c430 ec221d17d71b460183b8b0f46a3e1c42 1aa37473039a4005bcb65e6da833879b - - default default] 10.0.0.34 "DELETE /v2.0/security-groups/34cc00fb-1640-47e6-8602-47a6f4b10a2c HTTP/1.1" status: 404 len: 347 time: 0.0132089
2026-06-15 21:09:58.880 9 WARNING neutron_lib.context [None req-6df89658-d85a-4089-8415-331fff6471db ec221d17d71b460183b8b0f46a3e1c42 1aa37473039a4005bcb65e6da833879b - - default default] Method 'is_advsvc' is deprecated since 2023.2 release (neutron-lib 3.8.0) and will be removed once support for the old RBAC API policies will be removed from Neutron. Please use method 'is_service_role' instead.
2026-06-15 21:09:58.956 9 INFO neutron.wsgi [None req-0e91f934-60c8-45ef-9ff2-dbd8a23b3da0 c2774059a80a4175b37ee2d5961fb277 c96ffb1f84c9437594718c88cf41cefb - - default default] 10.0.0.34 "DELETE /v2.0/networks/22c2bac5-c717-4752-a17c-d87c2e1e4eee HTTP/1.1" status: 204 len: 168 time: 0.4949026
2026-06-15 21:09:59.051 9 INFO neutron.db.ovn_revision_numbers_db [None req-6df89658-d85a-4089-8415-331fff6471db ec221d17d71b460183b8b0f46a3e1c42 1aa37473039a4005bcb65e6da833879b - - default default] Successfully bumped revision number for resource 379018d4-9159-4992-a02b-255f52d5f98f (type: security_groups) to 1
2026-06-15 21:09:59.066 9 INFO neutron.db.ovn_revision_numbers_db [None req-6df89658-d85a-4089-8415-331fff6471db ec221d17d71b460183b8b0f46a3e1c42 1aa37473039a4005bcb65e6da833879b - - default default] Successfully bumped revision number for resource 2924613f-6a43-4c86-a89f-b5efb6c1d22f (type: security_group_rules) to 0
2026-06-15 21:09:59.086 9 INFO neutron.db.ovn_revision_numbers_db [None req-6df89658-d85a-4089-8415-331fff6471db ec221d17d71b460183b8b0f46a3e1c42 1aa37473039a4005bcb65e6da833879b - - default default] Successfully bumped revision number for resource baf2be92-4843-4eda-abbf-ab4ec0c0af6e (type: security_group_rules) to 0
2026-06-15 21:09:59.132 9 INFO neutron.wsgi [None req-6df89658-d85a-4089-8415-331fff6471db ec221d17d71b460183b8b0f46a3e1c42 1aa37473039a4005bcb65e6da833879b - - default default] 10.0.0.34 "POST /v2.0/security-groups HTTP/1.1" status: 201 len: 1824 time: 0.2574611
2026-06-15 21:09:59.144 9 WARNING neutron_lib.context [None req-5ee13ea7-aa29-402d-9b5b-9a6c29b4f326 ec221d17d71b460183b8b0f46a3e1c42 1aa37473039a4005bcb65e6da833879b - - default default] Method 'is_advsvc' is deprecated since 2023.2 release (neutron-lib 3.8.0) and will be removed once support for the old RBAC API policies will be removed from Neutron. Please use method 'is_service_role' instead.
2026-06-15 21:09:59.257 8 INFO neutron.services.segments.plugin [-] Segment ffc23fe6-0b94-45ad-834b-94abbb6c99b2 resource provider aggregate not found
2026-06-15 21:09:59.262 8 INFO neutron.services.segments.plugin [-] Segment ffc23fe6-0b94-45ad-834b-94abbb6c99b2 resource provider aggregate not found
2026-06-15 21:09:59.277 8 INFO neutron.services.segments.plugin [-] Segment ffc23fe6-0b94-45ad-834b-94abbb6c99b2 resource provider not found; error: Placement Client Error (4xx): {"errors": [{"status": 404, "title": "Not Found", "detail": "The resource could not be found.\n\n No resource provider with uuid ffc23fe6-0b94-45ad-834b-94abbb6c99b2 found for delete ", "request_id": "req-dcb1e52c-051e-45f0-8efc-2ce8f5fddcd0"}]}
2026-06-15 21:09:59.281 8 INFO neutron.plugins.ml2.drivers.ovn.mech_driver.mech_driver [None req-35061bee-1e91-415d-b631-05ad3f2854ba - - - - - -] OVN reports status up for port: ad4cfe4f-c21e-4fa3-aad6-bd429fc9a038
2026-06-15 21:09:59.292 8 INFO neutron.services.segments.plugin [-] Segment ffc23fe6-0b94-45ad-834b-94abbb6c99b2 resource provider not found; error: Placement Client Error (4xx): {"errors": [{"status": 404, "title": "Not Found", "detail": "The resource could not be found.\n\n No resource provider with uuid ffc23fe6-0b94-45ad-834b-94abbb6c99b2 found for delete ", "request_id": "req-e70d8b7e-3bb9-45b6-81ed-afffa60a3c92"}]}
2026-06-15 21:09:59.298 8 INFO neutron.plugins.ml2.plugin [None req-35061bee-1e91-415d-b631-05ad3f2854ba - - - - - -] Attempt 1 to provision port ad4cfe4f-c21e-4fa3-aad6-bd429fc9a038
2026-06-15 21:09:59.316 8 INFO neutron.db.ovn_revision_numbers_db [None req-ab980535-8a10-4618-b128-afed2a73ded3 16049499037247f891209e11e0919d75 edf670acb5a94913ab96484e9e760b28 - - default default] Successfully bumped revision number for resource ad4cfe4f-c21e-4fa3-aad6-bd429fc9a038 (type: ports) to 1
2026-06-15 21:09:59.381 9 INFO neutron.db.ovn_revision_numbers_db [None req-5ee13ea7-aa29-402d-9b5b-9a6c29b4f326 ec221d17d71b460183b8b0f46a3e1c42 1aa37473039a4005bcb65e6da833879b - - default default] Successfully bumped revision number for resource 1153fc38-e8a1-44f4-854c-43f3a82ed874 (type: security_group_rules) to 0
2026-06-15 21:09:59.398 8 WARNING neutron.scheduler.dhcp_agent_scheduler [None req-ab980535-8a10-4618-b128-afed2a73ded3 16049499037247f891209e11e0919d75 edf670acb5a94913ab96484e9e760b28 - - default default] No more DHCP agents
2026-06-15 21:09:59.400 8 WARNING neutron.api.rpc.agentnotifiers.dhcp_rpc_agent_api [None req-ab980535-8a10-4618-b128-afed2a73ded3 16049499037247f891209e11e0919d75 edf670acb5a94913ab96484e9e760b28 - - default default] Unable to schedule network 386824e8-d89f-41bb-a388-5254b7187133: no agents available; will retry on subsequent port and subnet creation events.
2026-06-15 21:09:59.415 9 INFO neutron.wsgi [None req-5ee13ea7-aa29-402d-9b5b-9a6c29b4f326 ec221d17d71b460183b8b0f46a3e1c42 1aa37473039a4005bcb65e6da833879b - - default default] 10.0.0.34 "POST /v2.0/security-group-rules HTTP/1.1" status: 201 len: 800 time: 0.2760890
2026-06-15 21:09:59.457 9 INFO neutron.wsgi [None req-5a10c27d-dc5f-4295-b693-6d3550d89cb0 c2774059a80a4175b37ee2d5961fb277 c96ffb1f84c9437594718c88cf41cefb - - default default] 10.0.0.34 "DELETE /v2.0/networks/6b42123c-5442-46b3-9636-ed8eb8511dbe HTTP/1.1" status: 204 len: 168 time: 0.4931412
2026-06-15 21:09:59.526 8 INFO neutron.wsgi [None req-bfacd2bc-e01c-45ad-950d-c42b56dac820 ec221d17d71b460183b8b0f46a3e1c42 1aa37473039a4005bcb65e6da833879b - - default default] 10.0.0.34 "GET /v2.0/security-group-rules/1153fc38-e8a1-44f4-854c-43f3a82ed874 HTTP/1.1" status: 200 len: 795 time: 0.1050940
2026-06-15 21:09:59.630 9 INFO neutron.wsgi [None req-51a07b40-577f-45a0-a6b1-7348a8a5bdab ec221d17d71b460183b8b0f46a3e1c42 1aa37473039a4005bcb65e6da833879b - - default default] 10.0.0.34 "GET /v2.0/security-group-rules HTTP/1.1" status: 200 len: 4333 time: 0.0977683
2026-06-15 21:09:59.746 9 INFO neutron.services.segments.plugin [-] Segment 944628b7-7ed9-455f-b255-bf2f75113229 resource provider aggregate not found
2026-06-15 21:09:59.753 9 INFO neutron.services.segments.plugin [-] Segment 944628b7-7ed9-455f-b255-bf2f75113229 resource provider aggregate not found
2026-06-15 21:09:59.768 9 INFO neutron.services.segments.plugin [-] Segment 944628b7-7ed9-455f-b255-bf2f75113229 resource provider not found; error: Placement Client Error (4xx): {"errors": [{"status": 404, "title": "Not Found", "detail": "The resource could not be found.\n\n No resource provider with uuid 944628b7-7ed9-455f-b255-bf2f75113229 found for delete ", "request_id": "req-286cff29-4e9d-41ed-ad0c-98c2a928aa1f"}]}
2026-06-15 21:09:59.774 9 INFO neutron.services.segments.plugin [-] Segment 944628b7-7ed9-455f-b255-bf2f75113229 resource provider not found; error: Placement Client Error (4xx): {"errors": [{"status": 404, "title": "Not Found", "detail": "The resource could not be found.\n\n No resource provider with uuid 944628b7-7ed9-455f-b255-bf2f75113229 found for delete ", "request_id": "req-5e1f90fe-2750-4574-85a9-a51766b54be2"}]}
2026-06-15 21:09:59.793 9 INFO neutron.services.segments.plugin [-] Segment 462eb757-760b-49f4-9b23-a6579febebdb resource provider aggregate not found
2026-06-15 21:09:59.797 9 INFO neutron.services.segments.plugin [-] Segment 462eb757-760b-49f4-9b23-a6579febebdb resource provider aggregate not found
2026-06-15 21:09:59.806 9 INFO neutron.services.segments.plugin [-] Segment 462eb757-760b-49f4-9b23-a6579febebdb resource provider not found; error: Placement Client Error (4xx): {"errors": [{"status": 404, "title": "Not Found", "detail": "The resource could not be found.\n\n No resource provider with uuid 462eb757-760b-49f4-9b23-a6579febebdb found for delete ", "request_id": "req-19572e9e-fb43-4c09-abe1-ef6b491c2fbe"}]}
2026-06-15 21:09:59.817 9 INFO neutron.services.segments.plugin [-] Segment 462eb757-760b-49f4-9b23-a6579febebdb resource provider not found; error: Placement Client Error (4xx): {"errors": [{"status": 404, "title": "Not Found", "detail": "The resource could not be found.\n\n No resource provider with uuid 462eb757-760b-49f4-9b23-a6579febebdb found for delete ", "request_id": "req-21cd14e5-453f-4645-af65-2a6caa50243b"}]}
2026-06-15 21:09:59.923 8 INFO neutron.wsgi [None req-495ddc72-e548-4045-85fd-105718b605d5 ec221d17d71b460183b8b0f46a3e1c42 1aa37473039a4005bcb65e6da833879b - - default default] 10.0.0.34 "DELETE /v2.0/security-group-rules/1153fc38-e8a1-44f4-854c-43f3a82ed874 HTTP/1.1" status: 204 len: 168 time: 0.2860346
2026-06-15 21:09:59.991 8 INFO neutron.db.ovn_revision_numbers_db [None req-ab980535-8a10-4618-b128-afed2a73ded3 16049499037247f891209e11e0919d75 edf670acb5a94913ab96484e9e760b28 - - default default] Successfully bumped revision number for resource ad4cfe4f-c21e-4fa3-aad6-bd429fc9a038 (type: router_ports) to 1
2026-06-15 21:09:59.996 8 INFO neutron.wsgi [None req-ab980535-8a10-4618-b128-afed2a73ded3 16049499037247f891209e11e0919d75 edf670acb5a94913ab96484e9e760b28 - - default default] 10.0.0.34 "PUT /v2.0/routers/f29c75d5-7dc9-4687-804b-a2182bcbb2c2/add_router_interface HTTP/1.1" status: 200 len: 503 time: 3.5650299
2026-06-15 21:09:59.998 8 INFO neutron.db.ovn_revision_numbers_db [None req-35061bee-1e91-415d-b631-05ad3f2854ba - - - - - -] Successfully bumped revision number for resource ad4cfe4f-c21e-4fa3-aad6-bd429fc9a038 (type: ports) to 2
2026-06-15 21:10:00.084 8 INFO neutron.wsgi [None req-af447efb-e7e9-4fbd-880f-a11958745c5e ec221d17d71b460183b8b0f46a3e1c42 1aa37473039a4005bcb65e6da833879b - - default default] 10.0.0.34 "GET /v2.0/security-group-rules HTTP/1.1" status: 200 len: 3755 time: 0.1487777
2026-06-15 21:10:00.097 9 WARNING neutron_lib.context [None req-ccfe9341-edfb-4a89-816d-ef230fe2d41b ec221d17d71b460183b8b0f46a3e1c42 1aa37473039a4005bcb65e6da833879b - - default default] Method 'is_advsvc' is deprecated since 2023.2 release (neutron-lib 3.8.0) and will be removed once support for the old RBAC API policies will be removed from Neutron. Please use method 'is_service_role' instead.
2026-06-15 21:10:00.171 8 INFO neutron.db.ovn_revision_numbers_db [None req-35061bee-1e91-415d-b631-05ad3f2854ba - - - - - -] Successfully bumped revision number for resource ad4cfe4f-c21e-4fa3-aad6-bd429fc9a038 (type: router_ports) to 2
2026-06-15 21:10:00.364 9 INFO neutron.db.ovn_revision_numbers_db [None req-ccfe9341-edfb-4a89-816d-ef230fe2d41b ec221d17d71b460183b8b0f46a3e1c42 1aa37473039a4005bcb65e6da833879b - - default default] Successfully bumped revision number for resource 8dcd4fb4-b78c-47ab-9eb1-e7ec03658453 (type: security_group_rules) to 0
2026-06-15 21:10:00.412 9 INFO neutron.wsgi [None req-ccfe9341-edfb-4a89-816d-ef230fe2d41b ec221d17d71b460183b8b0f46a3e1c42 1aa37473039a4005bcb65e6da833879b - - default default] 10.0.0.34 "POST /v2.0/security-group-rules HTTP/1.1" status: 201 len: 800 time: 0.3218281
2026-06-15 21:10:00.423 9 INFO neutron.wsgi [-] 10.0.0.156 "GET / HTTP/1.1" status: 200 len: 246 time: 0.0021021
2026-06-15 21:10:00.424 8 INFO neutron.wsgi [-] 10.0.0.156 "GET / HTTP/1.1" status: 200 len: 246 time: 0.0024583
2026-06-15 21:10:00.470 9 INFO neutron.wsgi [None req-ede04142-8550-4649-a92d-83a663d4f235 ec221d17d71b460183b8b0f46a3e1c42 1aa37473039a4005bcb65e6da833879b - - default default] 10.0.0.34 "GET /v2.0/security-group-rules/8dcd4fb4-b78c-47ab-9eb1-e7ec03658453 HTTP/1.1" status: 200 len: 795 time: 0.0454400
2026-06-15 21:10:00.566 8 INFO neutron.wsgi [None req-6b13212c-ae7d-4e24-8850-bbab2352d766 ec221d17d71b460183b8b0f46a3e1c42 1aa37473039a4005bcb65e6da833879b - - default default] 10.0.0.34 "GET /v2.0/security-group-rules HTTP/1.1" status: 200 len: 4333 time: 0.0757015
2026-06-15 21:10:00.742 8 INFO neutron.wsgi [None req-35e193e3-a1a7-45e0-9202-7c72bf6a032c ec221d17d71b460183b8b0f46a3e1c42 1aa37473039a4005bcb65e6da833879b - - default default] 10.0.0.34 "DELETE /v2.0/security-group-rules/8dcd4fb4-b78c-47ab-9eb1-e7ec03658453 HTTP/1.1" status: 204 len: 168 time: 0.1696649
2026-06-15 21:10:00.830 8 INFO neutron.wsgi [None req-c970da02-5948-47a7-853a-fedf63c87bf1 ec221d17d71b460183b8b0f46a3e1c42 1aa37473039a4005bcb65e6da833879b - - default default] 10.0.0.34 "GET /v2.0/security-group-rules HTTP/1.1" status: 200 len: 3755 time: 0.0817597
2026-06-15 21:10:00.842 8 WARNING neutron_lib.context [None req-28b0a431-f84d-478a-aace-ec091722bf60 ec221d17d71b460183b8b0f46a3e1c42 1aa37473039a4005bcb65e6da833879b - - default default] Method 'is_advsvc' is deprecated since 2023.2 release (neutron-lib 3.8.0) and will be removed once support for the old RBAC API policies will be removed from Neutron. Please use method 'is_service_role' instead.
2026-06-15 21:10:00.920 8 INFO neutron.db.ovn_revision_numbers_db [None req-7a08c28a-3c59-43c3-a5bd-a70d8c49f11f 262b6950fd8e42b7a69f9ec0d81f83bf a0c2fdaddc014b4f80713b19e5cc4e72 - - default default] Successfully bumped revision number for resource c5112c48-6463-4272-a6d3-29d64542c453 (type: security_groups) to 1
2026-06-15 21:10:00.936 8 INFO neutron.db.ovn_revision_numbers_db [None req-7a08c28a-3c59-43c3-a5bd-a70d8c49f11f 262b6950fd8e42b7a69f9ec0d81f83bf a0c2fdaddc014b4f80713b19e5cc4e72 - - default default] Successfully bumped revision number for resource 46394ace-be8e-42ce-84d2-4e2e19819159 (type: security_group_rules) to 0
2026-06-15 21:10:00.954 8 INFO neutron.db.ovn_revision_numbers_db [None req-7a08c28a-3c59-43c3-a5bd-a70d8c49f11f 262b6950fd8e42b7a69f9ec0d81f83bf a0c2fdaddc014b4f80713b19e5cc4e72 - - default default] Successfully bumped revision number for resource 5c43af15-75ec-43f1-9241-3b7ad3434657 (type: security_group_rules) to 0
2026-06-15 21:10:00.972 9 INFO neutron.notifiers.nova [-] Nova event matching ['req-f9622465-8674-46e5-b53d-af5ff95aa73c'] response: {'name': 'network-changed', 'server_uuid': '56e52d55-d319-4db1-9ef0-e61042cf258d', 'tag': '1a779d11-d371-4e89-892d-e68e413ce129', 'status': 'completed', 'code': 200}
2026-06-15 21:10:00.972 8 INFO neutron.db.ovn_revision_numbers_db [None req-7a08c28a-3c59-43c3-a5bd-a70d8c49f11f 262b6950fd8e42b7a69f9ec0d81f83bf a0c2fdaddc014b4f80713b19e5cc4e72 - - default default] Successfully bumped revision number for resource bf69aee6-3ac7-4f2e-a5cf-16f920e6797d (type: security_group_rules) to 0
2026-06-15 21:10:00.987 8 INFO neutron.db.ovn_revision_numbers_db [None req-28b0a431-f84d-478a-aace-ec091722bf60 ec221d17d71b460183b8b0f46a3e1c42 1aa37473039a4005bcb65e6da833879b - - default default] Successfully bumped revision number for resource 578bc1c1-59b4-4035-84ad-2ebb44ac14ce (type: security_group_rules) to 0
2026-06-15 21:10:00.990 8 INFO neutron.db.ovn_revision_numbers_db [None req-7a08c28a-3c59-43c3-a5bd-a70d8c49f11f 262b6950fd8e42b7a69f9ec0d81f83bf a0c2fdaddc014b4f80713b19e5cc4e72 - - default default] Successfully bumped revision number for resource ef42b1d2-2338-493a-98d5-22ac5cc55d2b (type: security_group_rules) to 0
2026-06-15 21:10:01.032 8 INFO neutron.wsgi [None req-7a08c28a-3c59-43c3-a5bd-a70d8c49f11f 262b6950fd8e42b7a69f9ec0d81f83bf a0c2fdaddc014b4f80713b19e5cc4e72 - - default default] 10.0.0.34 "GET /v2.0/security-groups?tenant_id=0dc0d9ca271242fe9e47ff2e5c262e08&name=default HTTP/1.1" status: 200 len: 3120 time: 0.5066936
2026-06-15 21:10:01.058 8 INFO neutron.wsgi [None req-28b0a431-f84d-478a-aace-ec091722bf60 ec221d17d71b460183b8b0f46a3e1c42 1aa37473039a4005bcb65e6da833879b - - default default] 10.0.0.34 "POST /v2.0/security-group-rules HTTP/1.1" status: 201 len: 801 time: 0.2213514
2026-06-15 21:10:01.073 8 INFO neutron.wsgi [req-ea26cecc-f71f-47a1-b45d-c9db3aff21ed req-cde300da-0974-426d-9a4a-6a3d1e2af591 2153734f3175476fb34ed7c3b42ed4e1 b68bb3eee8aa4da880698818692f961f - - 5c6c69f538aa47e4be7f1a92d8fac82c 5c6c69f538aa47e4be7f1a92d8fac82c] 199.204.45.113 "GET /v2.0/ports?tenant_id=edc0aadc5b5547978e0107e0f2681de2&device_id=56e52d55-d319-4db1-9ef0-e61042cf258d HTTP/1.1" status: 200 len: 1409 time: 0.0814307
2026-06-15 21:10:01.099 9 INFO neutron.wsgi [None req-2ca227fd-59bf-4171-9169-6d852f84d508 ec221d17d71b460183b8b0f46a3e1c42 1aa37473039a4005bcb65e6da833879b - - default default] 10.0.0.34 "GET /v2.0/security-group-rules/578bc1c1-59b4-4035-84ad-2ebb44ac14ce HTTP/1.1" status: 200 len: 796 time: 0.0328956
2026-06-15 21:10:01.100 9 WARNING neutron.scheduler.dhcp_agent_scheduler [None req-8de016a0-b429-4bb0-8c73-9197c744f6d8 af686fdfa0154e3494460f3efb53ef75 939eb1f347f54df286e726f8103c1760 - - default default] No more DHCP agents
2026-06-15 21:10:01.101 9 WARNING neutron.api.rpc.agentnotifiers.dhcp_rpc_agent_api [None req-8de016a0-b429-4bb0-8c73-9197c744f6d8 af686fdfa0154e3494460f3efb53ef75 939eb1f347f54df286e726f8103c1760 - - default default] Unable to schedule network 67aac509-6b01-46ef-8bd1-ae0db20a55b4: no agents available; will retry on subsequent port and subnet creation events.
2026-06-15 21:10:01.158 8 INFO neutron.wsgi [req-ea26cecc-f71f-47a1-b45d-c9db3aff21ed req-ecc4bbe5-7be6-4cbc-a3bb-75f5f1a5547e 2153734f3175476fb34ed7c3b42ed4e1 b68bb3eee8aa4da880698818692f961f - - 5c6c69f538aa47e4be7f1a92d8fac82c 5c6c69f538aa47e4be7f1a92d8fac82c] 199.204.45.113 "GET /v2.0/networks?id=6b648754-5c28-44c1-a6bc-91a6ca89684f HTTP/1.1" status: 200 len: 957 time: 0.0745823
2026-06-15 21:10:01.197 9 INFO neutron.wsgi [None req-4b6ad08f-94ec-4e95-a423-ea02137f8704 ec221d17d71b460183b8b0f46a3e1c42 1aa37473039a4005bcb65e6da833879b - - default default] 10.0.0.34 "GET /v2.0/security-group-rules HTTP/1.1" status: 200 len: 4334 time: 0.0856307
2026-06-15 21:10:01.294 8 INFO neutron.wsgi [req-ea26cecc-f71f-47a1-b45d-c9db3aff21ed req-5ac71635-cc2e-44aa-bf85-b60b332539a1 2153734f3175476fb34ed7c3b42ed4e1 b68bb3eee8aa4da880698818692f961f - - 5c6c69f538aa47e4be7f1a92d8fac82c 5c6c69f538aa47e4be7f1a92d8fac82c] 199.204.45.113 "GET /v2.0/floatingips?fixed_ip_address=10.100.0.6&port_id=1a779d11-d371-4e89-892d-e68e413ce129 HTTP/1.1" status: 200 len: 1059 time: 0.1289668
