2026-06-15 21:10:11.247 9 WARNING neutron_lib.context [None req-63dde4f2-0649-46ba-8896-21a7f213f422 16049499037247f891209e11e0919d75 edf670acb5a94913ab96484e9e760b28 - - default default] Method 'is_advsvc' is deprecated since 2023.2 release (neutron-lib 3.8.0) and will be removed once support for the old RBAC API policies will be removed from Neutron. Please use method 'is_service_role' instead.
2026-06-15 21:10:11.295 9 INFO neutron.api.v2.resource [None req-63dde4f2-0649-46ba-8896-21a7f213f422 16049499037247f891209e11e0919d75 edf670acb5a94913ab96484e9e760b28 - - default default] create failed (client error): The server could not comply with the request since it is either malformed or otherwise incorrect.
2026-06-15 21:10:11.297 9 INFO neutron.wsgi [None req-63dde4f2-0649-46ba-8896-21a7f213f422 16049499037247f891209e11e0919d75 edf670acb5a94913ab96484e9e760b28 - - default default] 10.0.0.34 "POST /v2.0/vpn/ipsec-site-connections HTTP/1.1" status: 400 len: 373 time: 0.0546849
2026-06-15 21:10:11.315 9 INFO neutron.wsgi [None req-5de5bc23-9c7a-4959-bae9-cd27487671dd 16049499037247f891209e11e0919d75 edf670acb5a94913ab96484e9e760b28 - - default default] 10.0.0.34 "GET /v2.0/vpn/endpoint-groups HTTP/1.1" status: 200 len: 1388 time: 0.0137031
2026-06-15 21:10:11.340 9 INFO neutron.wsgi [None req-81140093-21bd-4b88-a2b8-1f412c717daf 16049499037247f891209e11e0919d75 edf670acb5a94913ab96484e9e760b28 - - default default] 10.0.0.34 "DELETE /v2.0/vpn/endpoint-groups/37d4661b-5e7c-4dff-9039-d24345d05968 HTTP/1.1" status: 204 len: 168 time: 0.0194767
2026-06-15 21:10:11.357 9 INFO neutron.wsgi [None req-8da911ae-66f2-4c13-bfef-0b6d20d63535 16049499037247f891209e11e0919d75 edf670acb5a94913ab96484e9e760b28 - - default default] 10.0.0.34 "GET /v2.0/vpn/endpoint-groups HTTP/1.1" status: 200 len: 1111 time: 0.0127254
2026-06-15 21:10:11.376 9 INFO neutron.wsgi [None req-2e916237-ef30-4138-b1b5-2cc6e3a1625e 16049499037247f891209e11e0919d75 edf670acb5a94913ab96484e9e760b28 - - default default] 10.0.0.34 "GET /v2.0/vpn/endpoint-groups HTTP/1.1" status: 200 len: 1111 time: 0.0137961
2026-06-15 21:10:11.404 9 INFO neutron.wsgi [None req-77713b0a-a5bc-46c0-ace5-dc69b54793f4 16049499037247f891209e11e0919d75 edf670acb5a94913ab96484e9e760b28 - - default default] 10.0.0.34 "DELETE /v2.0/vpn/endpoint-groups/e22078cc-6f81-4a7e-8efa-27fdc9f36a97 HTTP/1.1" status: 204 len: 168 time: 0.0231271
2026-06-15 21:10:11.419 9 INFO neutron.wsgi [None req-6624766c-a839-498e-b1bc-f25006a44825 16049499037247f891209e11e0919d75 edf670acb5a94913ab96484e9e760b28 - - default default] 10.0.0.34 "GET /v2.0/vpn/endpoint-groups HTTP/1.1" status: 200 len: 828 time: 0.0098600
2026-06-15 21:10:11.430 9 WARNING neutron_lib.context [None req-c501fa27-e283-4b70-bb9e-3a490b307b5f 16049499037247f891209e11e0919d75 edf670acb5a94913ab96484e9e760b28 - - default default] Method 'is_advsvc' is deprecated since 2023.2 release (neutron-lib 3.8.0) and will be removed once support for the old RBAC API policies will be removed from Neutron. Please use method 'is_service_role' instead.
2026-06-15 21:10:11.502 9 INFO neutron.wsgi [None req-c501fa27-e283-4b70-bb9e-3a490b307b5f 16049499037247f891209e11e0919d75 edf670acb5a94913ab96484e9e760b28 - - default default] 10.0.0.34 "POST /v2.0/vpn/endpoint-groups HTTP/1.1" status: 201 len: 501 time: 0.0763400
2026-06-15 21:10:11.513 9 WARNING neutron.api.v2.base [None req-28a6a3a1-038d-47a3-9b23-0611563fbd49 16049499037247f891209e11e0919d75 edf670acb5a94913ab96484e9e760b28 - - default default] An exception happened while processing the request body. The exception message is [Failed to parse request. Required attribute 'peer_id' not specified].: webob.exc.HTTPBadRequest: Failed to parse request. Required attribute 'peer_id' not specified
2026-06-15 21:10:11.514 9 INFO neutron.api.v2.resource [None req-28a6a3a1-038d-47a3-9b23-0611563fbd49 16049499037247f891209e11e0919d75 edf670acb5a94913ab96484e9e760b28 - - default default] create failed (client error): Failed to parse request. Required attribute 'peer_id' not specified
2026-06-15 21:10:11.515 9 INFO neutron.wsgi [None req-28a6a3a1-038d-47a3-9b23-0611563fbd49 16049499037247f891209e11e0919d75 edf670acb5a94913ab96484e9e760b28 - - default default] 10.0.0.34 "POST /v2.0/vpn/ipsec-site-connections HTTP/1.1" status: 400 len: 343 time: 0.0049751
2026-06-15 21:10:11.536 8 INFO neutron.wsgi [None req-436707b7-b2c0-4480-bfec-76873cba7317 16049499037247f891209e11e0919d75 edf670acb5a94913ab96484e9e760b28 - - default default] 10.0.0.34 "GET /v2.0/vpn/endpoint-groups HTTP/1.1" status: 200 len: 1112 time: 0.0171738
2026-06-15 21:10:11.585 8 INFO neutron.wsgi [None req-af3a7136-0a5b-4431-b083-4d9ed5812b4d 16049499037247f891209e11e0919d75 edf670acb5a94913ab96484e9e760b28 - - default default] 10.0.0.34 "DELETE /v2.0/vpn/endpoint-groups/89a77aa8-2429-47bb-9623-0c388d76f94e HTTP/1.1" status: 204 len: 168 time: 0.0362852
2026-06-15 21:10:11.608 8 INFO neutron.wsgi [None req-bd8d8c20-8e5c-43c7-bb50-94685592728f 16049499037247f891209e11e0919d75 edf670acb5a94913ab96484e9e760b28 - - default default] 10.0.0.34 "GET /v2.0/vpn/endpoint-groups HTTP/1.1" status: 200 len: 828 time: 0.0120180
2026-06-15 21:10:11.623 9 WARNING neutron_lib.context [None req-777675ae-cd34-45f2-9d74-60b7eaa9bf95 16049499037247f891209e11e0919d75 edf670acb5a94913ab96484e9e760b28 - - default default] Method 'is_advsvc' is deprecated since 2023.2 release (neutron-lib 3.8.0) and will be removed once support for the old RBAC API policies will be removed from Neutron. Please use method 'is_service_role' instead.
2026-06-15 21:10:11.663 9 INFO neutron.wsgi [None req-777675ae-cd34-45f2-9d74-60b7eaa9bf95 16049499037247f891209e11e0919d75 edf670acb5a94913ab96484e9e760b28 - - default default] 10.0.0.34 "POST /v2.0/vpn/endpoint-groups HTTP/1.1" status: 201 len: 493 time: 0.0489321
2026-06-15 21:10:11.674 9 WARNING neutron.api.v2.base [None req-d69f3a17-b25e-467e-9da0-fcdf8b7a281e 16049499037247f891209e11e0919d75 edf670acb5a94913ab96484e9e760b28 - - default default] An exception happened while processing the request body. The exception message is [Failed to parse request. Required attribute 'peer_id' not specified].: webob.exc.HTTPBadRequest: Failed to parse request. Required attribute 'peer_id' not specified
2026-06-15 21:10:11.675 9 INFO neutron.api.v2.resource [None req-d69f3a17-b25e-467e-9da0-fcdf8b7a281e 16049499037247f891209e11e0919d75 edf670acb5a94913ab96484e9e760b28 - - default default] create failed (client error): Failed to parse request. Required attribute 'peer_id' not specified
2026-06-15 21:10:11.676 9 INFO neutron.wsgi [None req-d69f3a17-b25e-467e-9da0-fcdf8b7a281e 16049499037247f891209e11e0919d75 edf670acb5a94913ab96484e9e760b28 - - default default] 10.0.0.34 "POST /v2.0/vpn/ipsec-site-connections HTTP/1.1" status: 400 len: 343 time: 0.0060923
2026-06-15 21:10:11.692 9 INFO neutron.wsgi [None req-25354e78-3f6a-4692-91c1-32ee8ddfb609 16049499037247f891209e11e0919d75 edf670acb5a94913ab96484e9e760b28 - - default default] 10.0.0.34 "GET /v2.0/vpn/endpoint-groups HTTP/1.1" status: 200 len: 1104 time: 0.0119805
2026-06-15 21:10:11.722 9 INFO neutron.wsgi [None req-ba8ec67e-2928-4a59-a86e-a1556d173604 16049499037247f891209e11e0919d75 edf670acb5a94913ab96484e9e760b28 - - default default] 10.0.0.34 "DELETE /v2.0/vpn/endpoint-groups/ea10cab7-b342-4ef0-9593-5f4eed108e7c HTTP/1.1" status: 204 len: 168 time: 0.0246453
2026-06-15 21:10:11.741 9 INFO neutron.wsgi [None req-7f54e40a-534a-4519-b548-e6b466070750 16049499037247f891209e11e0919d75 edf670acb5a94913ab96484e9e760b28 - - default default] 10.0.0.34 "GET /v2.0/vpn/endpoint-groups HTTP/1.1" status: 200 len: 828 time: 0.0130823
2026-06-15 21:10:11.756 8 WARNING neutron_lib.context [None req-5a6e85c4-a79a-41d3-8578-cfb3932d16b8 16049499037247f891209e11e0919d75 edf670acb5a94913ab96484e9e760b28 - - default default] Method 'is_advsvc' is deprecated since 2023.2 release (neutron-lib 3.8.0) and will be removed once support for the old RBAC API policies will be removed from Neutron. Please use method 'is_service_role' instead.
2026-06-15 21:10:11.800 8 INFO neutron.wsgi [None req-5a6e85c4-a79a-41d3-8578-cfb3932d16b8 16049499037247f891209e11e0919d75 edf670acb5a94913ab96484e9e760b28 - - default default] 10.0.0.34 "POST /v2.0/vpn/endpoint-groups HTTP/1.1" status: 201 len: 489 time: 0.0516529
2026-06-15 21:10:11.810 8 WARNING neutron_lib.context [None req-a325ab25-078e-461a-b306-a049af91722c 16049499037247f891209e11e0919d75 edf670acb5a94913ab96484e9e760b28 - - default default] Method 'is_advsvc' is deprecated since 2023.2 release (neutron-lib 3.8.0) and will be removed once support for the old RBAC API policies will be removed from Neutron. Please use method 'is_service_role' instead.
2026-06-15 21:10:11.887 8 INFO neutron.wsgi [None req-a325ab25-078e-461a-b306-a049af91722c 16049499037247f891209e11e0919d75 edf670acb5a94913ab96484e9e760b28 - - default default] 10.0.0.34 "POST /v2.0/vpn/endpoint-groups HTTP/1.1" status: 201 len: 500 time: 0.0809026
2026-06-15 21:10:11.898 8 WARNING neutron_lib.context [None req-a5b2bdd9-74ef-488c-8a8f-9207e09cb551 16049499037247f891209e11e0919d75 edf670acb5a94913ab96484e9e760b28 - - default default] Method 'is_advsvc' is deprecated since 2023.2 release (neutron-lib 3.8.0) and will be removed once support for the old RBAC API policies will be removed from Neutron. Please use method 'is_service_role' instead.
2026-06-15 21:10:12.809 8 INFO neutron.db.ovn_revision_numbers_db [None req-a5b2bdd9-74ef-488c-8a8f-9207e09cb551 16049499037247f891209e11e0919d75 edf670acb5a94913ab96484e9e760b28 - - default default] Successfully bumped revision number for resource 8bbe27b6-a6e1-4ee3-8de3-151f4bad2414 (type: routers) to 6
2026-06-15 21:10:12.845 8 INFO neutron.wsgi [None req-a5b2bdd9-74ef-488c-8a8f-9207e09cb551 16049499037247f891209e11e0919d75 edf670acb5a94913ab96484e9e760b28 - - default default] 10.0.0.34 "POST /v2.0/vpn/ipsec-site-connections HTTP/1.1" status: 201 len: 1044 time: 0.9526880
2026-06-15 21:10:13.129 9 INFO neutron.plugins.ml2.drivers.ovn.mech_driver.mech_driver [None req-4931acb0-aaf8-4197-8a6e-4d24e2e00f6a - - - - - -] OVN reports status down for port: 1a779d11-d371-4e89-892d-e68e413ce129
2026-06-15 21:10:13.371 9 INFO neutron.notifiers.nova [-] Nova event matching ['req-42a47964-75b4-41c2-8ea6-eeae3477123d'] response: {'server_uuid': '56e52d55-d319-4db1-9ef0-e61042cf258d', 'name': 'network-vif-unplugged', 'status': 'completed', 'tag': '1a779d11-d371-4e89-892d-e68e413ce129', 'code': 200}
2026-06-15 21:10:13.549 8 INFO neutron.wsgi [req-94cd9314-9436-4159-a468-1b7297e15e21 req-48c37521-4aa6-4be5-b832-d0f103487f3e 3609009d6cbd47db873a502cfb5ac169 edc0aadc5b5547978e0107e0f2681de2 - - default default] 10.0.0.69 "GET /v2.0/ports?device_id=56e52d55-d319-4db1-9ef0-e61042cf258d HTTP/1.1" status: 200 len: 1170 time: 0.4942105
2026-06-15 21:10:13.606 8 INFO neutron.wsgi [req-96f643c9-b926-4db9-90cc-5b579830ac9d req-77531d4a-0efa-4f26-b495-4fc2184a9dd7 3609009d6cbd47db873a502cfb5ac169 edc0aadc5b5547978e0107e0f2681de2 - - default default] 199.204.45.113 "GET /v2.0/ports?device_id=56e52d55-d319-4db1-9ef0-e61042cf258d HTTP/1.1" status: 200 len: 1168 time: 0.2074552
2026-06-15 21:10:13.656 8 INFO neutron.wsgi [req-94cd9314-9436-4159-a468-1b7297e15e21 req-6f761069-f0ed-4bfd-af42-840bff439ba3 3609009d6cbd47db873a502cfb5ac169 edc0aadc5b5547978e0107e0f2681de2 - - default default] 10.0.0.69 "GET /v2.0/security-groups?id=aa183447-b425-4384-80c6-7bf386743602&fields=id&fields=name HTTP/1.1" status: 200 len: 313 time: 0.0994549
2026-06-15 21:10:13.809 9 INFO neutron.db.ovn_revision_numbers_db [None req-4931acb0-aaf8-4197-8a6e-4d24e2e00f6a - - - - - -] Successfully bumped revision number for resource 1a779d11-d371-4e89-892d-e68e413ce129 (type: ports) to 5
2026-06-15 21:10:14.083 8 INFO neutron.db.ovn_revision_numbers_db [None req-2ee63843-098b-4d24-bac0-30f898f57d91 16049499037247f891209e11e0919d75 edf670acb5a94913ab96484e9e760b28 - - default default] Successfully bumped revision number for resource 8bbe27b6-a6e1-4ee3-8de3-151f4bad2414 (type: routers) to 7
2026-06-15 21:10:14.121 8 INFO neutron.wsgi [None req-2ee63843-098b-4d24-bac0-30f898f57d91 16049499037247f891209e11e0919d75 edf670acb5a94913ab96484e9e760b28 - - default default] 10.0.0.34 "DELETE /v2.0/vpn/ipsec-site-connections/c0c13828-c185-4f66-9c70-03963a8f6012 HTTP/1.1" status: 204 len: 168 time: 1.2695467
2026-06-15 21:10:14.140 8 INFO neutron.wsgi [None req-f82529f8-8016-42ab-a22a-a5083eea4aab 16049499037247f891209e11e0919d75 edf670acb5a94913ab96484e9e760b28 - - default default] 10.0.0.34 "GET /v2.0/vpn/ipsec-site-connections HTTP/1.1" status: 200 len: 989 time: 0.0130427 /var/lib/openstack/lib/python3.10/site-packages/pycadf/identifier.py:71: UserWarning: Invalid uuid: neutron. To ensure interoperability, identifiers should be a valid uuid. warnings.warn(('Invalid uuid: %s. To ensure interoperability, '
2026-06-15 21:10:14.164 9 INFO neutron.api.v2.resource [None req-195d6a3b-eedd-4ebb-bebd-bb77d06d184b 16049499037247f891209e11e0919d75 edf670acb5a94913ab96484e9e760b28 - - default default] delete failed (client error): The resource could not be found.
2026-06-15 21:10:14.166 9 INFO neutron.wsgi [None req-195d6a3b-eedd-4ebb-bebd-bb77d06d184b 16049499037247f891209e11e0919d75 edf670acb5a94913ab96484e9e760b28 - - default default] 10.0.0.34 "DELETE /v2.0/vpn/ipsec-site-connections/c0c13828-c185-4f66-9c70-03963a8f6012 HTTP/1.1" status: 404 len: 355 time: 0.0197444
2026-06-15 21:10:14.185 9 INFO neutron.wsgi [None req-0548f556-4345-4b30-9ee4-7ba4a901b8f0 16049499037247f891209e11e0919d75 edf670acb5a94913ab96484e9e760b28 - - default default] 10.0.0.34 "GET /v2.0/vpn/endpoint-groups HTTP/1.1" status: 200 len: 1384 time: 0.0140638
2026-06-15 21:10:14.220 9 INFO neutron.wsgi [None req-5388a677-8ae1-4c98-ab09-50e638ddf1af 16049499037247f891209e11e0919d75 edf670acb5a94913ab96484e9e760b28 - - default default] 10.0.0.34 "DELETE /v2.0/vpn/endpoint-groups/6f753fcc-e7c8-4130-91b4-dc5f2237df4d HTTP/1.1" status: 204 len: 168 time: 0.0300703
2026-06-15 21:10:14.224 8 INFO neutron.db.l3_db [req-96f643c9-b926-4db9-90cc-5b579830ac9d req-7ae878b1-b637-42e9-a4ec-c8156092129c 3609009d6cbd47db873a502cfb5ac169 edc0aadc5b5547978e0107e0f2681de2 - - default default] Floating IP 68497328-3fbc-464f-83a2-74de894065ba disassociated. External IP: 10.96.250.211, port: 1a779d11-d371-4e89-892d-e68e413ce129.
2026-06-15 21:10:14.241 9 INFO neutron.wsgi [None req-f16472d6-dbf1-48fe-a6bf-ff876b0ad5d2 16049499037247f891209e11e0919d75 edf670acb5a94913ab96484e9e760b28 - - default default] 10.0.0.34 "GET /v2.0/vpn/endpoint-groups HTTP/1.1" status: 200 len: 1100 time: 0.0166376
2026-06-15 21:10:14.260 9 INFO neutron.wsgi [None req-686da6ca-ab2c-4367-9b69-4617499810f5 16049499037247f891209e11e0919d75 edf670acb5a94913ab96484e9e760b28 - - default default] 10.0.0.34 "GET /v2.0/vpn/endpoint-groups HTTP/1.1" status: 200 len: 1100 time: 0.0128696
2026-06-15 21:10:14.293 9 INFO neutron.wsgi [None req-0b57ef23-364d-45ac-a723-2ce5176f0915 16049499037247f891209e11e0919d75 edf670acb5a94913ab96484e9e760b28 - - default default] 10.0.0.34 "DELETE /v2.0/vpn/endpoint-groups/ce9fa793-f455-4a63-850d-1f54ec953f2b HTTP/1.1" status: 204 len: 168 time: 0.0275433 /var/lib/openstack/lib/python3.10/site-packages/pycadf/identifier.py:71: UserWarning: Invalid uuid: neutron. To ensure interoperability, identifiers should be a valid uuid. warnings.warn(('Invalid uuid: %s. To ensure interoperability, '
2026-06-15 21:10:14.314 8 INFO neutron.wsgi [None req-c3fe05b3-0f8e-47dd-8e84-6fdd54e83c73 16049499037247f891209e11e0919d75 edf670acb5a94913ab96484e9e760b28 - - default default] 10.0.0.34 "GET /v2.0/vpn/endpoint-groups HTTP/1.1" status: 200 len: 828 time: 0.0166655
2026-06-15 21:10:14.328 9 WARNING neutron_lib.context [None req-8d5de930-35f0-461f-a896-6590be9465d3 16049499037247f891209e11e0919d75 edf670acb5a94913ab96484e9e760b28 - - default default] Method 'is_advsvc' is deprecated since 2023.2 release (neutron-lib 3.8.0) and will be removed once support for the old RBAC API policies will be removed from Neutron. Please use method 'is_service_role' instead.
2026-06-15 21:10:14.392 8 INFO neutron.wsgi [req-96f643c9-b926-4db9-90cc-5b579830ac9d req-7ae878b1-b637-42e9-a4ec-c8156092129c 3609009d6cbd47db873a502cfb5ac169 edc0aadc5b5547978e0107e0f2681de2 - - default default] 199.204.45.113 "DELETE /v2.0/ports/1a779d11-d371-4e89-892d-e68e413ce129 HTTP/1.1" status: 204 len: 173 time: 0.7671204
2026-06-15 21:10:14.428 8 INFO neutron.notifiers.nova [-] Nova event matching ['req-2de16be2-c86f-4edf-85bf-6ac25c78f9b0'] response: {'server_uuid': '56e52d55-d319-4db1-9ef0-e61042cf258d', 'name': 'network-vif-deleted', 'tag': '1a779d11-d371-4e89-892d-e68e413ce129', 'status': 'completed', 'code': 200}
2026-06-15 21:10:14.472 8 WARNING neutron_lib.context [None req-54b1faa1-b6f4-4534-b79d-cd335fc62526 c073ebc7c249452f9b0f2b64cdc6c24b b4be1822d2ee4f32ae37bfa31ba6be1c - - default default] Method 'is_advsvc' is deprecated since 2023.2 release (neutron-lib 3.8.0) and will be removed once support for the old RBAC API policies will be removed from Neutron. Please use method 'is_service_role' instead.
2026-06-15 21:10:14.652 8 INFO neutron.db.ovn_revision_numbers_db [None req-54b1faa1-b6f4-4534-b79d-cd335fc62526 c073ebc7c249452f9b0f2b64cdc6c24b b4be1822d2ee4f32ae37bfa31ba6be1c - - default default] Successfully bumped revision number for resource 55dae0bc-6554-4eaa-b712-d6855832e873 (type: security_groups) to 1
2026-06-15 21:10:14.666 8 INFO neutron.db.ovn_revision_numbers_db [None req-54b1faa1-b6f4-4534-b79d-cd335fc62526 c073ebc7c249452f9b0f2b64cdc6c24b b4be1822d2ee4f32ae37bfa31ba6be1c - - default default] Successfully bumped revision number for resource 027ebe1b-5f2d-476e-8f0d-b5eb95b0ba6f (type: security_group_rules) to 0
2026-06-15 21:10:14.684 8 INFO neutron.db.ovn_revision_numbers_db [None req-54b1faa1-b6f4-4534-b79d-cd335fc62526 c073ebc7c249452f9b0f2b64cdc6c24b b4be1822d2ee4f32ae37bfa31ba6be1c - - default default] Successfully bumped revision number for resource 413fa27a-9238-4865-8d2f-cffc01a40f11 (type: security_group_rules) to 0
2026-06-15 21:10:14.702 8 INFO neutron.db.ovn_revision_numbers_db [None req-54b1faa1-b6f4-4534-b79d-cd335fc62526 c073ebc7c249452f9b0f2b64cdc6c24b b4be1822d2ee4f32ae37bfa31ba6be1c - - default default] Successfully bumped revision number for resource 5fbd0367-a778-44fa-816b-561df5563ae6 (type: security_group_rules) to 0
2026-06-15 21:10:14.722 8 INFO neutron.db.ovn_revision_numbers_db [None req-54b1faa1-b6f4-4534-b79d-cd335fc62526 c073ebc7c249452f9b0f2b64cdc6c24b b4be1822d2ee4f32ae37bfa31ba6be1c - - default default] Successfully bumped revision number for resource fb7e955e-6df6-40e2-b154-80d5120d0fb1 (type: security_group_rules) to 0
2026-06-15 21:10:14.777 8 INFO neutron.wsgi [req-870fcded-45b0-47bd-895f-cc2107b3b7eb req-caf8cc53-6bca-404f-b8f3-a608075a41af 3609009d6cbd47db873a502cfb5ac169 edc0aadc5b5547978e0107e0f2681de2 - - default default] 10.0.0.69 "GET /v2.0/ports?device_id=56e52d55-d319-4db1-9ef0-e61042cf258d HTTP/1.1" status: 200 len: 210 time: 0.0344319
2026-06-15 21:10:14.782 8 INFO neutron.db.segments_db [None req-54b1faa1-b6f4-4534-b79d-cd335fc62526 c073ebc7c249452f9b0f2b64cdc6c24b b4be1822d2ee4f32ae37bfa31ba6be1c - - default default] Added segment 9d3f4c0c-bcb5-4f7e-86d8-363a58636dc4 of type geneve for network c2103897-0528-407e-ae70-9789dc8da929
2026-06-15 21:10:14.973 8 INFO neutron.db.ovn_revision_numbers_db [None req-54b1faa1-b6f4-4534-b79d-cd335fc62526 c073ebc7c249452f9b0f2b64cdc6c24b b4be1822d2ee4f32ae37bfa31ba6be1c - - default default] Successfully bumped revision number for resource c2103897-0528-407e-ae70-9789dc8da929 (type: networks) to 1
2026-06-15 21:10:15.172 8 WARNING neutron.scheduler.dhcp_agent_scheduler [None req-54b1faa1-b6f4-4534-b79d-cd335fc62526 c073ebc7c249452f9b0f2b64cdc6c24b b4be1822d2ee4f32ae37bfa31ba6be1c - - default default] No more DHCP agents
2026-06-15 21:10:15.174 8 WARNING neutron.api.rpc.agentnotifiers.dhcp_rpc_agent_api [None req-54b1faa1-b6f4-4534-b79d-cd335fc62526 c073ebc7c249452f9b0f2b64cdc6c24b b4be1822d2ee4f32ae37bfa31ba6be1c - - default default] Unable to schedule network c2103897-0528-407e-ae70-9789dc8da929: no agents available; will retry on subsequent port and subnet creation events.
2026-06-15 21:10:15.268 8 INFO neutron.db.ovn_revision_numbers_db [None req-54b1faa1-b6f4-4534-b79d-cd335fc62526 c073ebc7c249452f9b0f2b64cdc6c24b b4be1822d2ee4f32ae37bfa31ba6be1c - - default default] Successfully bumped revision number for resource 245f5307-b4c2-4db7-8d60-c824723815ab (type: ports) to 1
2026-06-15 21:10:15.296 8 INFO neutron.wsgi [None req-54b1faa1-b6f4-4534-b79d-cd335fc62526 c073ebc7c249452f9b0f2b64cdc6c24b b4be1822d2ee4f32ae37bfa31ba6be1c - - default default] 10.0.0.34 "POST /v2.0/networks HTTP/1.1" status: 201 len: 831 time: 1.0249479
2026-06-15 21:10:15.302 9 INFO neutron.db.ovn_revision_numbers_db [None req-8d5de930-35f0-461f-a896-6590be9465d3 16049499037247f891209e11e0919d75 edf670acb5a94913ab96484e9e760b28 - - default default] Successfully bumped revision number for resource 8bbe27b6-a6e1-4ee3-8de3-151f4bad2414 (type: routers) to 8
2026-06-15 21:10:15.361 9 INFO neutron.wsgi [None req-bf6f826a-04cd-466b-9f9b-38b3758a7e84 c073ebc7c249452f9b0f2b64cdc6c24b b4be1822d2ee4f32ae37bfa31ba6be1c - - default default] 10.0.0.34 "PUT /v2.0/networks/c2103897-0528-407e-ae70-9789dc8da929/tags HTTP/1.1" status: 200 len: 218 time: 0.0608757
2026-06-15 21:10:15.366 9 INFO neutron.wsgi [None req-8d5de930-35f0-461f-a896-6590be9465d3 16049499037247f891209e11e0919d75 edf670acb5a94913ab96484e9e760b28 - - default default] 10.0.0.34 "POST /v2.0/vpn/ipsec-site-connections HTTP/1.1" status: 201 len: 1003 time: 1.0444789
2026-06-15 21:10:15.416 9 INFO neutron.notifiers.nova [-] Nova event matching ['req-58c2af48-2e73-47b6-8e24-075cfe991ebc'] response: {'server_uuid': '56e52d55-d319-4db1-9ef0-e61042cf258d', 'name': 'network-vif-unplugged', 'status': 'completed', 'tag': '1a779d11-d371-4e89-892d-e68e413ce129', 'code': 200}
2026-06-15 21:10:15.423 8 INFO neutron.wsgi [-] 10.0.0.156 "GET / HTTP/1.1" status: 200 len: 246 time: 0.0013695
2026-06-15 21:10:15.424 8 INFO neutron.wsgi [-] 10.0.0.156 "GET / HTTP/1.1" status: 200 len: 246 time: 0.0008590
2026-06-15 21:10:15.436 8 INFO neutron.wsgi [None req-7c36219e-ae97-4a11-92fe-22d9d495316e c073ebc7c249452f9b0f2b64cdc6c24b b4be1822d2ee4f32ae37bfa31ba6be1c - - default default] 10.0.0.34 "GET /v2.0/networks/c2103897-0528-407e-ae70-9789dc8da929/tags HTTP/1.1" status: 200 len: 218 time: 0.0688491
2026-06-15 21:10:15.517 8 INFO neutron.wsgi [None req-b3d3e034-fab5-46e8-949b-b838cda03336 c073ebc7c249452f9b0f2b64cdc6c24b b4be1822d2ee4f32ae37bfa31ba6be1c - - default default] 10.0.0.34 "PUT /v2.0/networks/c2103897-0528-407e-ae70-9789dc8da929/tags/green HTTP/1.1" status: 201 len: 201 time: 0.0726762
2026-06-15 21:10:15.568 8 INFO neutron.wsgi [None req-05e1a336-4606-411a-a48e-0dbad03cdc29 c073ebc7c249452f9b0f2b64cdc6c24b b4be1822d2ee4f32ae37bfa31ba6be1c - - default default] 10.0.0.34 "GET /v2.0/networks/c2103897-0528-407e-ae70-9789dc8da929/tags HTTP/1.1" status: 200 len: 227 time: 0.0445435
2026-06-15 21:10:15.641 9 INFO neutron.wsgi [None req-cb9ba8f8-d150-4d7d-9f6a-f81043230d5f c073ebc7c249452f9b0f2b64cdc6c24b b4be1822d2ee4f32ae37bfa31ba6be1c - - default default] 10.0.0.34 "PUT /v2.0/networks/c2103897-0528-407e-ae70-9789dc8da929/tags/red HTTP/1.1" status: 201 len: 201 time: 0.0649722
2026-06-15 21:10:15.714 9 INFO neutron.wsgi [None req-653d72b4-ac96-485e-9231-32d49cc574df c073ebc7c249452f9b0f2b64cdc6c24b b4be1822d2ee4f32ae37bfa31ba6be1c - - default default] 10.0.0.34 "GET /v2.0/networks/c2103897-0528-407e-ae70-9789dc8da929/tags HTTP/1.1" status: 200 len: 227 time: 0.0686450
2026-06-15 21:10:15.797 9 INFO neutron.wsgi [None req-6a862e0d-17f3-4104-8b8b-3c7be47bc300 c073ebc7c249452f9b0f2b64cdc6c24b b4be1822d2ee4f32ae37bfa31ba6be1c - - default default] 10.0.0.34 "PUT /v2.0/networks/c2103897-0528-407e-ae70-9789dc8da929/tags/black.or.white HTTP/1.1" status: 201 len: 201 time: 0.0767870
2026-06-15 21:10:15.848 8 INFO neutron.wsgi [None req-3c89df91-afc1-4bd4-854a-44a7e9fcbb25 c073ebc7c249452f9b0f2b64cdc6c24b b4be1822d2ee4f32ae37bfa31ba6be1c - - default default] 10.0.0.34 "GET /v2.0/networks/c2103897-0528-407e-ae70-9789dc8da929/tags HTTP/1.1" status: 200 len: 245 time: 0.0464635
2026-06-15 21:10:15.915 8 INFO neutron.wsgi [None req-ebbeadca-90f5-4349-9848-5f153b72b13c c073ebc7c249452f9b0f2b64cdc6c24b b4be1822d2ee4f32ae37bfa31ba6be1c - - default default] 10.0.0.34 "PUT /v2.0/networks/c2103897-0528-407e-ae70-9789dc8da929/tags HTTP/1.1" status: 200 len: 230 time: 0.0616846
2026-06-15 21:10:15.964 8 INFO neutron.wsgi [None req-e121e04a-87ab-46a6-bac4-0c86fa166c01 c073ebc7c249452f9b0f2b64cdc6c24b b4be1822d2ee4f32ae37bfa31ba6be1c - - default default] 10.0.0.34 "GET /v2.0/networks/c2103897-0528-407e-ae70-9789dc8da929/tags HTTP/1.1" status: 200 len: 230 time: 0.0428557
2026-06-15 21:10:16.011 8 INFO neutron.wsgi [None req-bf986642-c01d-48d4-890a-fc86d349424d c073ebc7c249452f9b0f2b64cdc6c24b b4be1822d2ee4f32ae37bfa31ba6be1c - - default default] 10.0.0.34 "GET /v2.0/networks/c2103897-0528-407e-ae70-9789dc8da929/tags/red HTTP/1.1" status: 204 len: 168 time: 0.0424147
2026-06-15 21:10:16.069 9 INFO neutron.wsgi [None req-d0f8fc9c-0248-47f5-b674-f704d2448c01 3609009d6cbd47db873a502cfb5ac169 edc0aadc5b5547978e0107e0f2681de2 - - default default] 10.0.0.34 "DELETE /v2.0/security-groups/aa183447-b425-4384-80c6-7bf386743602 HTTP/1.1" status: 204 len: 168 time: 0.2309072
2026-06-15 21:10:16.076 9 INFO neutron.api.v2.resource [None req-d844f78e-514d-48da-8291-bcbcb27907ea c073ebc7c249452f9b0f2b64cdc6c24b b4be1822d2ee4f32ae37bfa31ba6be1c - - default default] show failed (client error): The resource could not be found.
2026-06-15 21:10:16.077 9 INFO neutron.wsgi [None req-d844f78e-514d-48da-8291-bcbcb27907ea c073ebc7c249452f9b0f2b64cdc6c24b b4be1822d2ee4f32ae37bfa31ba6be1c - - default default] 10.0.0.34 "GET /v2.0/networks/c2103897-0528-407e-ae70-9789dc8da929/tags/green HTTP/1.1" status: 404 len: 299 time: 0.0612941
2026-06-15 21:10:16.191 9 INFO neutron.db.ovn_revision_numbers_db [None req-86f0a37b-f608-41b5-a2f0-92a29cd17878 16049499037247f891209e11e0919d75 edf670acb5a94913ab96484e9e760b28 - - default default] Successfully bumped revision number for resource 8bbe27b6-a6e1-4ee3-8de3-151f4bad2414 (type: routers) to 9
2026-06-15 21:10:16.212 8 INFO neutron.wsgi [None req-f10a5293-2025-4707-a4f5-9f9fb04f3161 c073ebc7c249452f9b0f2b64cdc6c24b b4be1822d2ee4f32ae37bfa31ba6be1c - - default default] 10.0.0.34 "DELETE /v2.0/networks/c2103897-0528-407e-ae70-9789dc8da929/tags/red HTTP/1.1" status: 204 len: 168 time: 0.1230562
2026-06-15 21:10:16.212 9 INFO neutron.wsgi [None req-86f0a37b-f608-41b5-a2f0-92a29cd17878 16049499037247f891209e11e0919d75 edf670acb5a94913ab96484e9e760b28 - - default default] 10.0.0.34 "DELETE /v2.0/vpn/ipsec-site-connections/b44064a3-5300-40b4-9d2b-06291f67bce1 HTTP/1.1" status: 204 len: 168 time: 0.8355830
2026-06-15 21:10:16.229 8 INFO neutron.wsgi [None req-df5de18d-0719-43dc-9abd-aa37143aee28 16049499037247f891209e11e0919d75 edf670acb5a94913ab96484e9e760b28 - - default default] 10.0.0.34 "GET /v2.0/vpn/ipsec-site-connections HTTP/1.1" status: 200 len: 989 time: 0.0119717
2026-06-15 21:10:16.241 8 INFO neutron.api.v2.resource [None req-2ffcf7a7-9afe-4845-a48b-edf7a405c41e 16049499037247f891209e11e0919d75 edf670acb5a94913ab96484e9e760b28 - - default default] delete failed (client error): The resource could not be found.
2026-06-15 21:10:16.243 8 INFO neutron.wsgi [None req-2ffcf7a7-9afe-4845-a48b-edf7a405c41e 16049499037247f891209e11e0919d75 edf670acb5a94913ab96484e9e760b28 - - default default] 10.0.0.34 "DELETE /v2.0/vpn/ipsec-site-connections/b44064a3-5300-40b4-9d2b-06291f67bce1 HTTP/1.1" status: 404 len: 355 time: 0.0082860
2026-06-15 21:10:16.254 9 INFO neutron.wsgi [None req-dbf20b2d-3fb4-4d2e-931b-2efb599cd314 c073ebc7c249452f9b0f2b64cdc6c24b b4be1822d2ee4f32ae37bfa31ba6be1c - - default default] 10.0.0.34 "GET /v2.0/networks/c2103897-0528-407e-ae70-9789dc8da929/tags HTTP/1.1" status: 200 len: 223 time: 0.0366087
2026-06-15 21:10:16.256 8 WARNING neutron_lib.context [None req-85b2a351-0175-40cb-83c5-2f20658fb07c 16049499037247f891209e11e0919d75 edf670acb5a94913ab96484e9e760b28 - - default default] Method 'is_advsvc' is deprecated since 2023.2 release (neutron-lib 3.8.0) and will be removed once support for the old RBAC API policies will be removed from Neutron. Please use method 'is_service_role' instead.
2026-06-15 21:10:16.308 9 INFO neutron.api.v2.resource [None req-5d4126ad-242d-451d-ade2-926e13f6db8e c073ebc7c249452f9b0f2b64cdc6c24b b4be1822d2ee4f32ae37bfa31ba6be1c - - default default] delete failed (client error): The resource could not be found.
2026-06-15 21:10:16.311 9 INFO neutron.wsgi [None req-5d4126ad-242d-451d-ade2-926e13f6db8e c073ebc7c249452f9b0f2b64cdc6c24b b4be1822d2ee4f32ae37bfa31ba6be1c - - default default] 10.0.0.34 "DELETE /v2.0/networks/c2103897-0528-407e-ae70-9789dc8da929/tags/green HTTP/1.1" status: 404 len: 299 time: 0.0535548
2026-06-15 21:10:16.335 8 INFO neutron.wsgi [None req-85b2a351-0175-40cb-83c5-2f20658fb07c 16049499037247f891209e11e0919d75 edf670acb5a94913ab96484e9e760b28 - - default default] 10.0.0.34 "POST /v2.0/vpn/endpoint-groups HTTP/1.1" status: 201 len: 488 time: 0.0864325
2026-06-15 21:10:16.376 9 INFO neutron.wsgi [None req-8492f35f-defe-4b23-82bd-991720a065cc c073ebc7c249452f9b0f2b64cdc6c24b b4be1822d2ee4f32ae37bfa31ba6be1c - - default default] 10.0.0.34 "DELETE /v2.0/networks/c2103897-0528-407e-ae70-9789dc8da929/tags HTTP/1.1" status: 204 len: 168 time: 0.0566814
2026-06-15 21:10:16.421 9 INFO neutron.wsgi [None req-a95c5c31-de62-4a61-bfcd-5a8d51d9d054 c073ebc7c249452f9b0f2b64cdc6c24b b4be1822d2ee4f32ae37bfa31ba6be1c - - default default] 10.0.0.34 "GET /v2.0/networks/c2103897-0528-407e-ae70-9789dc8da929/tags HTTP/1.1" status: 200 len: 205 time: 0.0401688
2026-06-15 21:10:16.678 8 INFO neutron.wsgi [None req-1334346a-a1ff-4aac-92e2-b196c739e8a3 16049499037247f891209e11e0919d75 edf670acb5a94913ab96484e9e760b28 - - default default] 10.0.0.34 "PUT /v2.0/vpn/endpoint-groups/8067a669-d17c-48b6-8bcd-5f2e8d8a75c4 HTTP/1.1" status: 200 len: 483 time: 0.3355174
2026-06-15 21:10:16.697 8 INFO neutron.wsgi [None req-031d8d88-fe11-4625-91ff-5a6b7a3c29f0 16049499037247f891209e11e0919d75 edf670acb5a94913ab96484e9e760b28 - - default default] 10.0.0.34 "GET /v2.0/vpn/endpoint-groups/8067a669-d17c-48b6-8bcd-5f2e8d8a75c4 HTTP/1.1" status: 200 len: 483 time: 0.0111008
2026-06-15 21:10:16.753 8 INFO neutron.wsgi [None req-71210b50-6cd9-4557-bc51-2efb3d0ed0fa 16049499037247f891209e11e0919d75 edf670acb5a94913ab96484e9e760b28 - - default default] 10.0.0.34 "DELETE /v2.0/vpn/endpoint-groups/8067a669-d17c-48b6-8bcd-5f2e8d8a75c4 HTTP/1.1" status: 204 len: 168 time: 0.0516574
2026-06-15 21:10:16.770 8 INFO neutron.wsgi [None req-a1193226-1c4d-4d9a-8489-5aedf04081e2 16049499037247f891209e11e0919d75 edf670acb5a94913ab96484e9e760b28 - - default default] 10.0.0.34 "GET /v2.0/vpn/endpoint-groups HTTP/1.1" status: 200 len: 828 time: 0.0106406
2026-06-15 21:10:16.789 8 INFO neutron.wsgi [None req-072c59fd-111e-4f33-9673-af32b0738dd0 16049499037247f891209e11e0919d75 edf670acb5a94913ab96484e9e760b28 - - default default] 10.0.0.34 "GET /v2.0/vpn/endpoint-groups HTTP/1.1" status: 200 len: 828 time: 0.0118992
2026-06-15 21:10:16.799 8 WARNING neutron_lib.context [None req-105e2d04-be88-4263-8b15-7f3a3f3c0a70 16049499037247f891209e11e0919d75 edf670acb5a94913ab96484e9e760b28 - - default default] Method 'is_advsvc' is deprecated since 2023.2 release (neutron-lib 3.8.0) and will be removed once support for the old RBAC API policies will be removed from Neutron. Please use method 'is_service_role' instead.
2026-06-15 21:10:16.850 8 INFO neutron.wsgi [None req-105e2d04-be88-4263-8b15-7f3a3f3c0a70 16049499037247f891209e11e0919d75 edf670acb5a94913ab96484e9e760b28 - - default default] 10.0.0.34 "POST /v2.0/vpn/ikepolicies HTTP/1.1" status: 201 len: 601 time: 0.0544891
2026-06-15 21:10:16.937 8 INFO neutron.wsgi [None req-4ff629f2-c36b-4a4d-8b80-f38a081fddfb 16049499037247f891209e11e0919d75 edf670acb5a94913ab96484e9e760b28 - - default default] 10.0.0.34 "PUT /v2.0/vpn/ikepolicies/ceb9582e-eae6-40b2-bacc-544a964f3d84 HTTP/1.1" status: 200 len: 613 time: 0.0707374
2026-06-15 21:10:16.955 8 INFO neutron.wsgi [None req-34510903-d9b0-41f6-918f-f5618aa962c6 16049499037247f891209e11e0919d75 edf670acb5a94913ab96484e9e760b28 - - default default] 10.0.0.34 "GET /v2.0/vpn/ikepolicies/ceb9582e-eae6-40b2-bacc-544a964f3d84 HTTP/1.1" status: 200 len: 613 time: 0.0118096
2026-06-15 21:10:16.990 9 INFO neutron.wsgi [None req-fac0b568-7abf-4d62-ab63-056dda8638ac 16049499037247f891209e11e0919d75 edf670acb5a94913ab96484e9e760b28 - - default default] 10.0.0.34 "DELETE /v2.0/vpn/ikepolicies/ceb9582e-eae6-40b2-bacc-544a964f3d84 HTTP/1.1" status: 204 len: 168 time: 0.0296199
2026-06-15 21:10:16.994 8 INFO neutron.wsgi [None req-2f608b3f-3a5b-45a9-bef7-8248beede82c 3609009d6cbd47db873a502cfb5ac169 edc0aadc5b5547978e0107e0f2681de2 - - default default] 10.0.0.34 "DELETE /v2.0/floatingips/68497328-3fbc-464f-83a2-74de894065ba HTTP/1.1" status: 204 len: 168 time: 0.8861713
2026-06-15 21:10:17.018 9 INFO neutron.wsgi [None req-a7c6bb12-f780-483c-87a7-e5bf7938e57f 16049499037247f891209e11e0919d75 edf670acb5a94913ab96484e9e760b28 - - default default] 10.0.0.34 "GET /v2.0/vpn/ikepolicies HTTP/1.1" status: 200 len: 602 time: 0.0221939
2026-06-15 21:10:17.047 8 INFO neutron.wsgi [None req-29650fa9-7ead-47eb-8c3a-751caf558243 16049499037247f891209e11e0919d75 edf670acb5a94913ab96484e9e760b28 - - default default] 10.0.0.34 "GET /v2.0/vpn/ikepolicies HTTP/1.1" status: 200 len: 602 time: 0.0203824
2026-06-15 21:10:17.058 8 WARNING neutron_lib.context [None req-05200aa1-5080-4523-8037-276f2a5f21f1 16049499037247f891209e11e0919d75 edf670acb5a94913ab96484e9e760b28 - - default default] Method 'is_advsvc' is deprecated since 2023.2 release (neutron-lib 3.8.0) and will be removed once support for the old RBAC API policies will be removed from Neutron. Please use method 'is_service_role' instead.
2026-06-15 21:10:17.100 8 INFO neutron.wsgi [None req-05200aa1-5080-4523-8037-276f2a5f21f1 16049499037247f891209e11e0919d75 edf670acb5a94913ab96484e9e760b28 - - default default] 10.0.0.34 "POST /v2.0/vpn/ipsecpolicies HTTP/1.1" status: 201 len: 611 time: 0.0463877
2026-06-15 21:10:17.162 9 INFO neutron.wsgi [None req-ab0da742-59e7-4658-8cd1-b353640b91ea 16049499037247f891209e11e0919d75 edf670acb5a94913ab96484e9e760b28 - - default default] 10.0.0.34 "PUT /v2.0/vpn/ipsecpolicies/48d3f7fc-c677-4a60-ada6-246483d42752 HTTP/1.1" status: 200 len: 624 time: 0.0558655
2026-06-15 21:10:17.199 8 INFO neutron.wsgi [req-447e0110-76b7-4518-9d2f-fa152ce01e1e req-62fe6e67-ae53-4816-bd91-ba40fc6c37ba 3609009d6cbd47db873a502cfb5ac169 edc0aadc5b5547978e0107e0f2681de2 - - default default] 10.0.0.69 "GET /v2.0/ports?device_id=f7554357-fc1d-410c-b452-0f58c0543bc9 HTTP/1.1" status: 200 len: 1170 time: 0.0475807
2026-06-15 21:10:17.227 9 INFO neutron.plugins.ml2.drivers.ovn.mech_driver.mech_driver [None req-4931acb0-aaf8-4197-8a6e-4d24e2e00f6a - - - - - -] OVN reports status down for port: 04969a0a-e931-4771-85e4-198a6d591105
2026-06-15 21:10:17.248 9 INFO neutron.services.segments.plugin [-] Segment 9d3f4c0c-bcb5-4f7e-86d8-363a58636dc4 resource provider aggregate not found
2026-06-15 21:10:17.256 9 INFO neutron.wsgi [None req-3648eb08-68e2-43d4-9ec3-5a42ebe6a843 16049499037247f891209e11e0919d75 edf670acb5a94913ab96484e9e760b28 - - default default] 10.0.0.34 "DELETE /v2.0/vpn/ipsecpolicies/48d3f7fc-c677-4a60-ada6-246483d42752 HTTP/1.1" status: 204 len: 168 time: 0.0731146
2026-06-15 21:10:17.263 9 INFO neutron.services.segments.plugin [-] Segment 9d3f4c0c-bcb5-4f7e-86d8-363a58636dc4 resource provider aggregate not found
2026-06-15 21:10:17.277 9 INFO neutron.services.segments.plugin [-] Segment 9d3f4c0c-bcb5-4f7e-86d8-363a58636dc4 resource provider not found; error: Placement Client Error (4xx): {"errors": [{"status": 404, "title": "Not Found", "detail": "The resource could not be found.\n\n No resource provider with uuid 9d3f4c0c-bcb5-4f7e-86d8-363a58636dc4 found for delete ", "request_id": "req-a3cc5059-12fc-4299-8dff-1caff16ff193"}]}
2026-06-15 21:10:17.278 9 INFO neutron.services.segments.plugin [-] Segment 9d3f4c0c-bcb5-4f7e-86d8-363a58636dc4 resource provider not found; error: Placement Client Error (4xx): {"errors": [{"status": 404, "title": "Not Found", "detail": "The resource could not be found.\n\n No resource provider with uuid 9d3f4c0c-bcb5-4f7e-86d8-363a58636dc4 found for delete ", "request_id": "req-9aeef7ef-e770-464d-99ce-50b41266bd49"}]}
2026-06-15 21:10:17.289 8 INFO neutron.api.v2.resource [None req-4a0a0c71-fde2-465b-ad56-28d699ffb0ee 16049499037247f891209e11e0919d75 edf670acb5a94913ab96484e9e760b28 - - default default] delete failed (client error): The resource could not be found.
2026-06-15 21:10:17.291 8 INFO neutron.wsgi [None req-4a0a0c71-fde2-465b-ad56-28d699ffb0ee 16049499037247f891209e11e0919d75 edf670acb5a94913ab96484e9e760b28 - - default default] 10.0.0.34 "DELETE /v2.0/vpn/ipsecpolicies/48d3f7fc-c677-4a60-ada6-246483d42752 HTTP/1.1" status: 404 len: 346 time: 0.0222311
2026-06-15 21:10:17.300 8 INFO neutron.wsgi [req-447e0110-76b7-4518-9d2f-fa152ce01e1e req-bc22c51b-a070-49df-879e-a84eb2b87980 3609009d6cbd47db873a502cfb5ac169 edc0aadc5b5547978e0107e0f2681de2 - - default default] 10.0.0.69 "GET /v2.0/security-groups?id=7e7e7d92-03b1-428f-988d-957502f4afc6&fields=id&fields=name HTTP/1.1" status: 200 len: 313 time: 0.0930252
2026-06-15 21:10:17.318 9 INFO neutron.wsgi [None req-57bb1647-a989-489f-a30e-9316ce5544a8 c073ebc7c249452f9b0f2b64cdc6c24b b4be1822d2ee4f32ae37bfa31ba6be1c - - default default] 10.0.0.34 "DELETE /v2.0/networks/c2103897-0528-407e-ae70-9789dc8da929 HTTP/1.1" status: 204 len: 168 time: 0.8805745
2026-06-15 21:10:17.320 9 INFO neutron.api.v2.resource [None req-848d0449-02f7-4e84-bb35-9b230ce10816 16049499037247f891209e11e0919d75 edf670acb5a94913ab96484e9e760b28 - - default default] delete failed (client error): The resource could not be found.
2026-06-15 21:10:17.321 9 INFO neutron.wsgi [None req-848d0449-02f7-4e84-bb35-9b230ce10816 16049499037247f891209e11e0919d75 edf670acb5a94913ab96484e9e760b28 - - default default] 10.0.0.34 "DELETE /v2.0/vpn/ipsecpolicies/48d3f7fc-c677-4a60-ada6-246483d42752 HTTP/1.1" status: 404 len: 346 time: 0.0234642
2026-06-15 21:10:17.331 9 WARNING neutron_lib.context [None req-90c8f26e-0ea2-43bc-a815-c6919d7b4286 16049499037247f891209e11e0919d75 edf670acb5a94913ab96484e9e760b28 - - default default] Method 'is_advsvc' is deprecated since 2023.2 release (neutron-lib 3.8.0) and will be removed once support for the old RBAC API policies will be removed from Neutron. Please use method 'is_service_role' instead.
2026-06-15 21:10:17.474 9 INFO neutron.notifiers.nova [-] Nova event matching ['req-81c13152-a4a9-4266-a332-e5bffb47840b'] response: {'server_uuid': 'f7554357-fc1d-410c-b452-0f58c0543bc9', 'name': 'network-vif-unplugged', 'status': 'completed', 'tag': '04969a0a-e931-4771-85e4-198a6d591105', 'code': 200}
2026-06-15 21:10:17.482 9 INFO neutron.db.segments_db [None req-90c8f26e-0ea2-43bc-a815-c6919d7b4286 16049499037247f891209e11e0919d75 edf670acb5a94913ab96484e9e760b28 - - default default] Added segment b987ea6b-66f9-4223-95b0-8e9969136039 of type geneve for network 130f20ec-6eb8-4b4a-a7b5-89afd4e01352
2026-06-15 21:10:17.556 8 INFO neutron.wsgi [req-c3216abb-e241-4d82-8f71-a75ff7557f2f req-214e8eb8-38ac-4d78-9813-1389fd26514a 3609009d6cbd47db873a502cfb5ac169 edc0aadc5b5547978e0107e0f2681de2 - - default default] 199.204.45.113 "GET /v2.0/ports?device_id=f7554357-fc1d-410c-b452-0f58c0543bc9 HTTP/1.1" status: 200 len: 1168 time: 0.0563092
2026-06-15 21:10:17.679 9 INFO neutron.db.ovn_revision_numbers_db [None req-90c8f26e-0ea2-43bc-a815-c6919d7b4286 16049499037247f891209e11e0919d75 edf670acb5a94913ab96484e9e760b28 - - default default] Successfully bumped revision number for resource 130f20ec-6eb8-4b4a-a7b5-89afd4e01352 (type: networks) to 1
2026-06-15 21:10:17.736 9 INFO neutron.db.ovn_revision_numbers_db [None req-4931acb0-aaf8-4197-8a6e-4d24e2e00f6a - - - - - -] Successfully bumped revision number for resource 04969a0a-e931-4771-85e4-198a6d591105 (type: ports) to 5
2026-06-15 21:10:17.888 9 WARNING neutron.scheduler.dhcp_agent_scheduler [None req-90c8f26e-0ea2-43bc-a815-c6919d7b4286 16049499037247f891209e11e0919d75 edf670acb5a94913ab96484e9e760b28 - - default default] No more DHCP agents
2026-06-15 21:10:17.891 9 WARNING neutron.api.rpc.agentnotifiers.dhcp_rpc_agent_api [None req-90c8f26e-0ea2-43bc-a815-c6919d7b4286 16049499037247f891209e11e0919d75 edf670acb5a94913ab96484e9e760b28 - - default default] Unable to schedule network 130f20ec-6eb8-4b4a-a7b5-89afd4e01352: no agents available; will retry on subsequent port and subnet creation events.
2026-06-15 21:10:17.917 8 INFO neutron.wsgi [req-c3216abb-e241-4d82-8f71-a75ff7557f2f req-30d1386b-8124-45aa-8ef3-9d0d70af61ea 3609009d6cbd47db873a502cfb5ac169 edc0aadc5b5547978e0107e0f2681de2 - - default default] 199.204.45.113 "DELETE /v2.0/ports/04969a0a-e931-4771-85e4-198a6d591105 HTTP/1.1" status: 204 len: 173 time: 0.3408608
2026-06-15 21:10:17.958 8 INFO neutron.notifiers.nova [-] Nova event matching ['req-5710f096-2da8-4b49-828a-bf9e6dbad365'] response: {'server_uuid': 'f7554357-fc1d-410c-b452-0f58c0543bc9', 'name': 'network-vif-deleted', 'tag': '04969a0a-e931-4771-85e4-198a6d591105', 'status': 'completed', 'code': 200}
2026-06-15 21:10:18.002 9 INFO neutron.db.ovn_revision_numbers_db [None req-90c8f26e-0ea2-43bc-a815-c6919d7b4286 16049499037247f891209e11e0919d75 edf670acb5a94913ab96484e9e760b28 - - default default] Successfully bumped revision number for resource a82c5ca9-9ef8-4c9c-b9d6-239e5612e070 (type: ports) to 1
2026-06-15 21:10:18.022 9 INFO neutron.wsgi [None req-90c8f26e-0ea2-43bc-a815-c6919d7b4286 16049499037247f891209e11e0919d75 edf670acb5a94913ab96484e9e760b28 - - default default] 10.0.0.34 "POST /v2.0/networks HTTP/1.1" status: 201 len: 831 time: 0.6956701 /var/lib/openstack/lib/python3.10/site-packages/pycadf/identifier.py:71: UserWarning: Invalid uuid: neutron. To ensure interoperability, identifiers should be a valid uuid. warnings.warn(('Invalid uuid: %s. To ensure interoperability, '
2026-06-15 21:10:18.045 9 WARNING neutron_lib.context [None req-7fb263af-746d-408b-96fe-831d15190552 16049499037247f891209e11e0919d75 edf670acb5a94913ab96484e9e760b28 - - default default] Method 'is_advsvc' is deprecated since 2023.2 release (neutron-lib 3.8.0) and will be removed once support for the old RBAC API policies will be removed from Neutron. Please use method 'is_service_role' instead.
2026-06-15 21:10:18.405 9 WARNING neutron.scheduler.dhcp_agent_scheduler [None req-7fb263af-746d-408b-96fe-831d15190552 16049499037247f891209e11e0919d75 edf670acb5a94913ab96484e9e760b28 - - default default] No more DHCP agents
2026-06-15 21:10:18.406 9 WARNING neutron.api.rpc.agentnotifiers.dhcp_rpc_agent_api [None req-7fb263af-746d-408b-96fe-831d15190552 16049499037247f891209e11e0919d75 edf670acb5a94913ab96484e9e760b28 - - default default] Unable to schedule network 130f20ec-6eb8-4b4a-a7b5-89afd4e01352: no agents available; will retry on subsequent port and subnet creation events.
2026-06-15 21:10:18.531 9 INFO neutron.db.ovn_revision_numbers_db [None req-1dab4a31-eae1-4c13-a27e-f7ecf8921ad9 262b6950fd8e42b7a69f9ec0d81f83bf a0c2fdaddc014b4f80713b19e5cc4e72 - - default default] Successfully bumped revision number for resource 80b9805f-9ad0-4906-ba9a-b63961d7d530 (type: security_groups) to 1
2026-06-15 21:10:18.552 9 INFO neutron.db.ovn_revision_numbers_db [None req-1dab4a31-eae1-4c13-a27e-f7ecf8921ad9 262b6950fd8e42b7a69f9ec0d81f83bf a0c2fdaddc014b4f80713b19e5cc4e72 - - default default] Successfully bumped revision number for resource 44f8e7a2-812c-4e48-b2d6-d3e2de4b7a56 (type: security_group_rules) to 0
2026-06-15 21:10:18.586 9 INFO neutron.db.ovn_revision_numbers_db [None req-1dab4a31-eae1-4c13-a27e-f7ecf8921ad9 262b6950fd8e42b7a69f9ec0d81f83bf a0c2fdaddc014b4f80713b19e5cc4e72 - - default default] Successfully bumped revision number for resource 47169a4e-e586-4fc5-9e08-5244e928acf0 (type: security_group_rules) to 0
2026-06-15 21:10:18.621 9 INFO neutron.db.ovn_revision_numbers_db [None req-1dab4a31-eae1-4c13-a27e-f7ecf8921ad9 262b6950fd8e42b7a69f9ec0d81f83bf a0c2fdaddc014b4f80713b19e5cc4e72 - - default default] Successfully bumped revision number for resource 563d9714-a7f6-406e-a1f0-d3c94f99f84e (type: security_group_rules) to 0
2026-06-15 21:10:18.659 9 INFO neutron.db.ovn_revision_numbers_db [None req-1dab4a31-eae1-4c13-a27e-f7ecf8921ad9 262b6950fd8e42b7a69f9ec0d81f83bf a0c2fdaddc014b4f80713b19e5cc4e72 - - default default] Successfully bumped revision number for resource 680a2b70-bc16-45df-a251-afb9f8ea1c9a (type: security_group_rules) to 0
2026-06-15 21:10:18.701 9 INFO neutron.wsgi [None req-1f4ee5eb-7a6b-4090-9763-d99c7731dba2 3609009d6cbd47db873a502cfb5ac169 edc0aadc5b5547978e0107e0f2681de2 - - default default] 10.0.0.34 "DELETE /v2.0/security-groups/7e7e7d92-03b1-428f-988d-957502f4afc6 HTTP/1.1" status: 204 len: 168 time: 0.2873054
2026-06-15 21:10:18.712 9 INFO neutron.wsgi [None req-1dab4a31-eae1-4c13-a27e-f7ecf8921ad9 262b6950fd8e42b7a69f9ec0d81f83bf a0c2fdaddc014b4f80713b19e5cc4e72 - - default default] 10.0.0.34 "GET /v2.0/security-groups?tenant_id=2971ac5e3202493c8ac513915ebb6e62&name=default HTTP/1.1" status: 200 len: 3120 time: 0.5826921
2026-06-15 21:10:19.115 9 INFO neutron.wsgi [None req-93bd5953-b2f7-45db-9b3e-3baa2c95edb8 262b6950fd8e42b7a69f9ec0d81f83bf a0c2fdaddc014b4f80713b19e5cc4e72 - - default default] 10.0.0.34 "DELETE /v2.0/security-groups/80b9805f-9ad0-4906-ba9a-b63961d7d530 HTTP/1.1" status: 204 len: 168 time: 0.3927739
2026-06-15 21:10:19.163 9 INFO neutron.db.ovn_revision_numbers_db [None req-7fb263af-746d-408b-96fe-831d15190552 16049499037247f891209e11e0919d75 edf670acb5a94913ab96484e9e760b28 - - default default] Successfully bumped revision number for resource a82c5ca9-9ef8-4c9c-b9d6-239e5612e070 (type: ports) to 2
2026-06-15 21:10:19.199 9 INFO neutron.db.ovn_revision_numbers_db [None req-7fb263af-746d-408b-96fe-831d15190552 16049499037247f891209e11e0919d75 edf670acb5a94913ab96484e9e760b28 - - default default] Successfully bumped revision number for resource 024b0784-86ca-4649-84f0-d227b9fcf7e7 (type: subnets) to 0
2026-06-15 21:10:19.214 9 INFO neutron.wsgi [None req-7fb263af-746d-408b-96fe-831d15190552 16049499037247f891209e11e0919d75 edf670acb5a94913ab96484e9e760b28 - - default default] 10.0.0.34 "POST /v2.0/subnets HTTP/1.1" status: 201 len: 804 time: 1.1772130
2026-06-15 21:10:19.227 9 WARNING neutron_lib.context [None req-184ee894-4259-479f-bed1-fe9da5b4ebeb 16049499037247f891209e11e0919d75 edf670acb5a94913ab96484e9e760b28 - - default default] Method 'is_advsvc' is deprecated since 2023.2 release (neutron-lib 3.8.0) and will be removed once support for the old RBAC API policies will be removed from Neutron. Please use method 'is_service_role' instead.
2026-06-15 21:10:19.312 8 INFO neutron.wsgi [None req-0dba87fd-27dc-44be-9fd3-8f56599990d0 262b6950fd8e42b7a69f9ec0d81f83bf a0c2fdaddc014b4f80713b19e5cc4e72 - - default default] 10.0.0.34 "GET /v2.0/security-groups?tenant_id=b4be1822d2ee4f32ae37bfa31ba6be1c&name=default HTTP/1.1" status: 200 len: 3120 time: 0.0583296
2026-06-15 21:10:19.531 9 INFO neutron.notifiers.nova [-] Nova event matching ['req-84432d52-c2cd-47a9-a0c2-139c8570a047'] response: {'server_uuid': 'f7554357-fc1d-410c-b452-0f58c0543bc9', 'name': 'network-vif-unplugged', 'status': 'completed', 'tag': '04969a0a-e931-4771-85e4-198a6d591105', 'code': 200}
2026-06-15 21:10:19.808 9 INFO neutron.wsgi [None req-09964a07-50d8-4e76-9bc4-9ad11001f635 262b6950fd8e42b7a69f9ec0d81f83bf a0c2fdaddc014b4f80713b19e5cc4e72 - - default default] 10.0.0.34 "DELETE /v2.0/security-groups/55dae0bc-6554-4eaa-b712-d6855832e873 HTTP/1.1" status: 204 len: 168 time: 0.4879510
2026-06-15 21:10:19.846 8 INFO neutron.wsgi [None req-9834c55b-3257-42a1-8d9d-3d306bb85e4d 3609009d6cbd47db873a502cfb5ac169 edc0aadc5b5547978e0107e0f2681de2 - - default default] 10.0.0.34 "PUT /v2.0/routers/92d0c71f-eb8e-4a68-976c-fa312a618542/remove_router_interface HTTP/1.1" status: 200 len: 503 time: 1.1023517 /var/lib/openstack/lib/python3.10/site-packages/pycadf/identifier.py:71: UserWarning: Invalid uuid: neutron. To ensure interoperability, identifiers should be a valid uuid. warnings.warn(('Invalid uuid: %s. To ensure interoperability, '
2026-06-15 21:10:19.935 9 WARNING neutron.scheduler.dhcp_agent_scheduler [None req-184ee894-4259-479f-bed1-fe9da5b4ebeb 16049499037247f891209e11e0919d75 edf670acb5a94913ab96484e9e760b28 - - default default] No more DHCP agents
2026-06-15 21:10:19.944 9 WARNING neutron.api.rpc.agentnotifiers.dhcp_rpc_agent_api [None req-184ee894-4259-479f-bed1-fe9da5b4ebeb 16049499037247f891209e11e0919d75 edf670acb5a94913ab96484e9e760b28 - - default default] Unable to schedule network 67aac509-6b01-46ef-8bd1-ae0db20a55b4: no agents available; will retry on subsequent port and subnet creation events.
2026-06-15 21:10:20.135 9 INFO neutron.db.ovn_revision_numbers_db [None req-184ee894-4259-479f-bed1-fe9da5b4ebeb 16049499037247f891209e11e0919d75 edf670acb5a94913ab96484e9e760b28 - - default default] Successfully bumped revision number for resource e110872c-2d70-4fe4-a6c5-fa7bfea5872d (type: ports) to 1
2026-06-15 21:10:20.139 8 INFO neutron.wsgi [None req-bac565be-de7e-49a2-874a-30f15a876e89 3609009d6cbd47db873a502cfb5ac169 edc0aadc5b5547978e0107e0f2681de2 - - default default] 10.0.0.34 "DELETE /v2.0/subnets/e2ee6467-fcd4-4299-894a-9fe088304303 HTTP/1.1" status: 204 len: 168 time: 0.2864778
