2026-06-15 21:06:45.009 9 ERROR ovsdbapp.backend.ovs_idl.command [None req-3b259b7f-4211-400f-a964-230e0af534c3 262b6950fd8e42b7a69f9ec0d81f83bf a0c2fdaddc014b4f80713b19e5cc4e72 - - default default] Error executing command (DbGetCommand): ovsdbapp.backend.ovs_idl.idlutils.RowNotFound: Cannot find Logical_Router_Port with name=lrp-df7dd290-973a-4a44-bafe-8394e01954c2
2026-06-15 21:06:45.009 9 ERROR ovsdbapp.backend.ovs_idl.command
Traceback (most recent call last):
2026-06-15 21:06:45.009 9 ERROR ovsdbapp.backend.ovs_idl.command
File "/var/lib/openstack/lib/python3.10/site-packages/ovsdbapp/backend/ovs_idl/command.py", line 47, in execute
2026-06-15 21:06:45.009 9 ERROR ovsdbapp.backend.ovs_idl.command self.run_idl(None)
2026-06-15 21:06:45.009 9 ERROR ovsdbapp.backend.ovs_idl.command
File "/var/lib/openstack/lib/python3.10/site-packages/ovsdbapp/backend/ovs_idl/command.py", line 235, in run_idl
2026-06-15 21:06:45.009 9 ERROR ovsdbapp.backend.ovs_idl.command record = self.api.lookup(self.table, self.record)
2026-06-15 21:06:45.009 9 ERROR ovsdbapp.backend.ovs_idl.command
File "/var/lib/openstack/lib/python3.10/site-packages/ovsdbapp/backend/ovs_idl/__init__.py", line 184, in lookup
2026-06-15 21:06:45.009 9 ERROR ovsdbapp.backend.ovs_idl.command return self._lookup(table, record)
2026-06-15 21:06:45.009 9 ERROR ovsdbapp.backend.ovs_idl.command
File "/var/lib/openstack/lib/python3.10/site-packages/ovsdbapp/backend/ovs_idl/__init__.py", line 235, in _lookup
2026-06-15 21:06:45.009 9 ERROR ovsdbapp.backend.ovs_idl.command row = idlutils.row_by_value(self, rl.table, rl.column, record)
2026-06-15 21:06:45.009 9 ERROR ovsdbapp.backend.ovs_idl.command
File "/var/lib/openstack/lib/python3.10/site-packages/ovsdbapp/backend/ovs_idl/idlutils.py", line 114, in row_by_value
2026-06-15 21:06:45.009 9 ERROR ovsdbapp.backend.ovs_idl.command raise RowNotFound(table=table, col=column, match=match)
2026-06-15 21:06:45.009 9 ERROR ovsdbapp.backend.ovs_idl.command ovsdbapp.backend.ovs_idl.idlutils.RowNotFound: Cannot find Logical_Router_Port with name=lrp-df7dd290-973a-4a44-bafe-8394e01954c2
2026-06-15 21:06:45.009 9 ERROR ovsdbapp.backend.ovs_idl.command 
2026-06-15 21:06:45.009 9 ERROR neutron_lib.callbacks.manager [None req-3b259b7f-4211-400f-a964-230e0af534c3 262b6950fd8e42b7a69f9ec0d81f83bf a0c2fdaddc014b4f80713b19e5cc4e72 - - default default] Error during notification for neutron.services.ovn_l3.plugin.OVNL3RouterPlugin._port_update-8785932901085 port, after_update: ovsdbapp.backend.ovs_idl.idlutils.RowNotFound: Cannot find Logical_Router_Port with name=lrp-df7dd290-973a-4a44-bafe-8394e01954c2
2026-06-15 21:06:45.009 9 ERROR neutron_lib.callbacks.manager
Traceback (most recent call last):
2026-06-15 21:06:45.009 9 ERROR neutron_lib.callbacks.manager
File "/var/lib/openstack/lib/python3.10/site-packages/neutron_lib/callbacks/manager.py", line 189, in _notify_loop
2026-06-15 21:06:45.009 9 ERROR neutron_lib.callbacks.manager callback.method(resource, event, trigger, payload=payload)
2026-06-15 21:06:45.009 9 ERROR neutron_lib.callbacks.manager
File "/var/lib/openstack/lib/python3.10/site-packages/neutron/services/ovn_l3/plugin.py", line 391, in _port_update
2026-06-15 21:06:45.009 9 ERROR neutron_lib.callbacks.manager l3plugin._ovn_client.update_router_port(context,
2026-06-15 21:06:45.009 9 ERROR neutron_lib.callbacks.manager
File "/var/lib/openstack/lib/python3.10/site-packages/neutron/plugins/ml2/drivers/ovn/mech_driver/ovsdb/ovn_client.py", line 1878, in update_router_port
2026-06-15 21:06:45.009 9 ERROR neutron_lib.callbacks.manager self._update_lrouter_port(context, port, if_exists=if_exists,
2026-06-15 21:06:45.009 9 ERROR neutron_lib.callbacks.manager
File "/var/lib/openstack/lib/python3.10/site-packages/neutron/plugins/ml2/drivers/ovn/mech_driver/ovsdb/ovn_client.py", line 1855, in _update_lrouter_port
2026-06-15 21:06:45.009 9 ERROR neutron_lib.callbacks.manager external_ids = self._nb_idl.db_get(
2026-06-15 21:06:45.009 9 ERROR neutron_lib.callbacks.manager
File "/var/lib/openstack/lib/python3.10/site-packages/ovsdbapp/backend/ovs_idl/command.py", line 47, in execute
2026-06-15 21:06:45.009 9 ERROR neutron_lib.callbacks.manager self.run_idl(None)
2026-06-15 21:06:45.009 9 ERROR neutron_lib.callbacks.manager
File "/var/lib/openstack/lib/python3.10/site-packages/ovsdbapp/backend/ovs_idl/command.py", line 235, in run_idl
2026-06-15 21:06:45.009 9 ERROR neutron_lib.callbacks.manager record = self.api.lookup(self.table, self.record)
2026-06-15 21:06:45.009 9 ERROR neutron_lib.callbacks.manager
File "/var/lib/openstack/lib/python3.10/site-packages/ovsdbapp/backend/ovs_idl/__init__.py", line 184, in lookup
2026-06-15 21:06:45.009 9 ERROR neutron_lib.callbacks.manager return self._lookup(table, record)
2026-06-15 21:06:45.009 9 ERROR neutron_lib.callbacks.manager
File "/var/lib/openstack/lib/python3.10/site-packages/ovsdbapp/backend/ovs_idl/__init__.py", line 235, in _lookup
2026-06-15 21:06:45.009 9 ERROR neutron_lib.callbacks.manager row = idlutils.row_by_value(self, rl.table, rl.column, record)
2026-06-15 21:06:45.009 9 ERROR neutron_lib.callbacks.manager
File "/var/lib/openstack/lib/python3.10/site-packages/ovsdbapp/backend/ovs_idl/idlutils.py", line 114, in row_by_value
2026-06-15 21:06:45.009 9 ERROR neutron_lib.callbacks.manager raise RowNotFound(table=table, col=column, match=match)
2026-06-15 21:06:45.009 9 ERROR neutron_lib.callbacks.manager ovsdbapp.backend.ovs_idl.idlutils.RowNotFound: Cannot find Logical_Router_Port with name=lrp-df7dd290-973a-4a44-bafe-8394e01954c2
2026-06-15 21:06:45.009 9 ERROR neutron_lib.callbacks.manager 
2026-06-15 21:06:45.046 8 INFO neutron.db.ovn_revision_numbers_db [None req-35061bee-1e91-415d-b631-05ad3f2854ba - - - - - -] Successfully bumped revision number for resource 0752929d-0966-416e-9c52-3eecbde61cb3 (type: router_ports) to 2
2026-06-15 21:06:45.103 8 WARNING neutron_lib.context [None req-2d16e7a4-161a-44b9-a8dc-d5f51d9fe768 e3a6e52713a24edfa43bc0c68c0a4daa 96175b25c62a4e2a92bfc671f74aebe4 - - default default] Method 'is_advsvc' is deprecated since 2023.2 release (neutron-lib 3.8.0) and will be removed once support for the old RBAC API policies will be removed from Neutron. Please use method 'is_service_role' instead.
2026-06-15 21:06:45.231 8 INFO neutron.db.ovn_revision_numbers_db [None req-2d16e7a4-161a-44b9-a8dc-d5f51d9fe768 e3a6e52713a24edfa43bc0c68c0a4daa 96175b25c62a4e2a92bfc671f74aebe4 - - default default] Successfully bumped revision number for resource 13bcd574-3ba4-4a42-a273-458a24a0bd85 (type: security_groups) to 1
2026-06-15 21:06:45.245 8 INFO neutron.db.ovn_revision_numbers_db [None req-2d16e7a4-161a-44b9-a8dc-d5f51d9fe768 e3a6e52713a24edfa43bc0c68c0a4daa 96175b25c62a4e2a92bfc671f74aebe4 - - default default] Successfully bumped revision number for resource 34c6e545-adec-4452-93f8-b22a3c57b2a9 (type: security_group_rules) to 0
2026-06-15 21:06:45.259 8 INFO neutron.db.ovn_revision_numbers_db [None req-2d16e7a4-161a-44b9-a8dc-d5f51d9fe768 e3a6e52713a24edfa43bc0c68c0a4daa 96175b25c62a4e2a92bfc671f74aebe4 - - default default] Successfully bumped revision number for resource 8760030a-cc65-4cd0-a92b-ec61a1898a54 (type: security_group_rules) to 0
2026-06-15 21:06:45.277 8 INFO neutron.wsgi [None req-2d16e7a4-161a-44b9-a8dc-d5f51d9fe768 e3a6e52713a24edfa43bc0c68c0a4daa 96175b25c62a4e2a92bfc671f74aebe4 - - default default] 10.0.0.34 "POST /v2.0/security-groups HTTP/1.1" status: 201 len: 1860 time: 0.1800044
2026-06-15 21:06:45.286 8 WARNING neutron_lib.context [None req-b5958743-8982-4762-ba53-c2f0ab06b99c e3a6e52713a24edfa43bc0c68c0a4daa 96175b25c62a4e2a92bfc671f74aebe4 - - default default] Method 'is_advsvc' is deprecated since 2023.2 release (neutron-lib 3.8.0) and will be removed once support for the old RBAC API policies will be removed from Neutron. Please use method 'is_service_role' instead.
2026-06-15 21:06:45.422 8 INFO neutron.wsgi [-] 10.0.0.156 "GET / HTTP/1.1" status: 200 len: 246 time: 0.0013530
2026-06-15 21:06:45.427 9 INFO neutron.wsgi [-] 10.0.0.156 "GET / HTTP/1.1" status: 200 len: 246 time: 0.0027993
2026-06-15 21:06:45.447 8 INFO neutron.db.ovn_revision_numbers_db [None req-b5958743-8982-4762-ba53-c2f0ab06b99c e3a6e52713a24edfa43bc0c68c0a4daa 96175b25c62a4e2a92bfc671f74aebe4 - - default default] Successfully bumped revision number for resource 9d762918-c451-459d-b5cf-095534ffdda1 (type: security_group_rules) to 0
2026-06-15 21:06:45.470 9 INFO neutron.db.ovn_revision_numbers_db [None req-3b259b7f-4211-400f-a964-230e0af534c3 262b6950fd8e42b7a69f9ec0d81f83bf a0c2fdaddc014b4f80713b19e5cc4e72 - - default default] Successfully bumped revision number for resource df7dd290-973a-4a44-bafe-8394e01954c2 (type: ports) to 1
2026-06-15 21:06:45.487 8 INFO neutron.wsgi [None req-b5958743-8982-4762-ba53-c2f0ab06b99c e3a6e52713a24edfa43bc0c68c0a4daa 96175b25c62a4e2a92bfc671f74aebe4 - - default default] 10.0.0.34 "POST /v2.0/security-group-rules HTTP/1.1" status: 201 len: 796 time: 0.2049367
2026-06-15 21:06:45.498 8 WARNING neutron_lib.context [None req-0139e39b-0746-4270-9aa1-6badcaa384fa e3a6e52713a24edfa43bc0c68c0a4daa 96175b25c62a4e2a92bfc671f74aebe4 - - default default] Method 'is_advsvc' is deprecated since 2023.2 release (neutron-lib 3.8.0) and will be removed once support for the old RBAC API policies will be removed from Neutron. Please use method 'is_service_role' instead.
2026-06-15 21:06:45.579 9 WARNING neutron.scheduler.dhcp_agent_scheduler [None req-3b259b7f-4211-400f-a964-230e0af534c3 262b6950fd8e42b7a69f9ec0d81f83bf a0c2fdaddc014b4f80713b19e5cc4e72 - - default default] No more DHCP agents
2026-06-15 21:06:45.583 9 WARNING neutron.api.rpc.agentnotifiers.dhcp_rpc_agent_api [None req-3b259b7f-4211-400f-a964-230e0af534c3 262b6950fd8e42b7a69f9ec0d81f83bf a0c2fdaddc014b4f80713b19e5cc4e72 - - default default] Unable to schedule network d8d998ca-cc98-4f40-8acd-82e3abf2cd1a: no agents available; will retry on subsequent port and subnet creation events.
2026-06-15 21:06:45.671 8 INFO neutron.db.ovn_revision_numbers_db [None req-0139e39b-0746-4270-9aa1-6badcaa384fa e3a6e52713a24edfa43bc0c68c0a4daa 96175b25c62a4e2a92bfc671f74aebe4 - - default default] Successfully bumped revision number for resource 5e721481-129c-4c93-8b73-dc435fd6edc0 (type: security_group_rules) to 0
2026-06-15 21:06:45.678 8 INFO neutron.wsgi [None req-d7455c38-81f3-434a-9104-7b197e411d96 02028bd88ca24272a557efde25e88872 6788f8c650874f32a9c6a083bc90d8b9 - - default default] 10.0.0.34 "DELETE /v2.0/security-groups/55540d0c-26c3-422a-bcb2-5dea2c76d263 HTTP/1.1" status: 204 len: 168 time: 0.2018635
2026-06-15 21:06:45.685 9 INFO neutron.db.ovn_revision_numbers_db [None req-3b75dcf7-edd4-4c7f-9316-eecf89dba489 - - - - - -] Successfully bumped revision number for resource e15266df-a03a-40e9-be66-57d3226042d0 (type: ports) to 4 /var/lib/openstack/lib/python3.10/site-packages/pycadf/identifier.py:71: UserWarning: Invalid uuid: neutron. To ensure interoperability, identifiers should be a valid uuid. warnings.warn(('Invalid uuid: %s. To ensure interoperability, '
2026-06-15 21:06:45.699 8 INFO neutron.wsgi [None req-0139e39b-0746-4270-9aa1-6badcaa384fa e3a6e52713a24edfa43bc0c68c0a4daa 96175b25c62a4e2a92bfc671f74aebe4 - - default default] 10.0.0.34 "POST /v2.0/security-group-rules HTTP/1.1" status: 201 len: 801 time: 0.2055519
2026-06-15 21:06:45.699 9 INFO neutron.api.v2.resource [None req-abcb8e78-6ef9-4460-9a6b-f867a29e22d5 02028bd88ca24272a557efde25e88872 6788f8c650874f32a9c6a083bc90d8b9 - - default default] show failed (client error): The resource could not be found.
2026-06-15 21:06:45.700 9 INFO neutron.wsgi [None req-abcb8e78-6ef9-4460-9a6b-f867a29e22d5 02028bd88ca24272a557efde25e88872 6788f8c650874f32a9c6a083bc90d8b9 - - default default] 10.0.0.34 "GET /v2.0/security-groups/55540d0c-26c3-422a-bcb2-5dea2c76d263 HTTP/1.1" status: 404 len: 347 time: 0.0154345
2026-06-15 21:06:45.711 8 WARNING neutron_lib.context [None req-231caee4-04ff-4422-a8a9-6286a2affa45 e3a6e52713a24edfa43bc0c68c0a4daa 96175b25c62a4e2a92bfc671f74aebe4 - - default default] Method 'is_advsvc' is deprecated since 2023.2 release (neutron-lib 3.8.0) and will be removed once support for the old RBAC API policies will be removed from Neutron. Please use method 'is_service_role' instead.
2026-06-15 21:06:46.050 9 INFO neutron.db.ovn_revision_numbers_db [None req-3b75dcf7-edd4-4c7f-9316-eecf89dba489 - - - - - -] Successfully bumped revision number for resource e15266df-a03a-40e9-be66-57d3226042d0 (type: router_ports) to 4
2026-06-15 21:06:46.083 8 WARNING neutron.scheduler.dhcp_agent_scheduler [None req-231caee4-04ff-4422-a8a9-6286a2affa45 e3a6e52713a24edfa43bc0c68c0a4daa 96175b25c62a4e2a92bfc671f74aebe4 - - default default] No more DHCP agents
2026-06-15 21:06:46.089 8 WARNING neutron.api.rpc.agentnotifiers.dhcp_rpc_agent_api [None req-231caee4-04ff-4422-a8a9-6286a2affa45 e3a6e52713a24edfa43bc0c68c0a4daa 96175b25c62a4e2a92bfc671f74aebe4 - - default default] Unable to schedule network 67aac509-6b01-46ef-8bd1-ae0db20a55b4: no agents available; will retry on subsequent port and subnet creation events.
2026-06-15 21:06:46.270 8 INFO neutron.wsgi [None req-e7c77e3a-2fda-422f-a151-623909bb2aba 02028bd88ca24272a557efde25e88872 6788f8c650874f32a9c6a083bc90d8b9 - - default default] 10.0.0.34 "DELETE /v2.0/floatingips/02f944de-2476-4d17-b05b-de141d64f238 HTTP/1.1" status: 204 len: 168 time: 0.5634193
2026-06-15 21:06:46.565 8 INFO neutron.wsgi [None req-231caee4-04ff-4422-a8a9-6286a2affa45 e3a6e52713a24edfa43bc0c68c0a4daa 96175b25c62a4e2a92bfc671f74aebe4 - - default default] 10.0.0.34 "POST /v2.0/floatingips HTTP/1.1" status: 201 len: 751 time: 0.8599544
2026-06-15 21:06:46.754 9 INFO neutron.db.ovn_revision_numbers_db [None req-3b259b7f-4211-400f-a964-230e0af534c3 262b6950fd8e42b7a69f9ec0d81f83bf a0c2fdaddc014b4f80713b19e5cc4e72 - - default default] Successfully bumped revision number for resource df7dd290-973a-4a44-bafe-8394e01954c2 (type: router_ports) to 1
2026-06-15 21:06:46.760 9 INFO neutron.wsgi [None req-3b259b7f-4211-400f-a964-230e0af534c3 262b6950fd8e42b7a69f9ec0d81f83bf a0c2fdaddc014b4f80713b19e5cc4e72 - - default default] 10.0.0.34 "PUT /v2.0/routers/7de7f07c-7bfd-4fe3-9335-97bb1e0b1f75/add_router_interface HTTP/1.1" status: 200 len: 503 time: 4.2417674
2026-06-15 21:06:47.010 8 INFO neutron.wsgi [req-a3d9762e-5bf2-4044-b609-ab7fa29ecf69 req-2b728ce7-522f-4d96-b4d4-fea7f895e53c e3a6e52713a24edfa43bc0c68c0a4daa 96175b25c62a4e2a92bfc671f74aebe4 - - default default] 10.0.0.69 "GET /v2.0/security-groups?name=tempest-securitygroup--1599183672&fields=id&tenant_id=96175b25c62a4e2a92bfc671f74aebe4 HTTP/1.1" status: 200 len: 267 time: 0.0518878
2026-06-15 21:06:47.070 8 INFO neutron.wsgi [req-a3d9762e-5bf2-4044-b609-ab7fa29ecf69 req-6c28d34f-dd90-46b1-93cc-31212441e2ff e3a6e52713a24edfa43bc0c68c0a4daa 96175b25c62a4e2a92bfc671f74aebe4 - - default default] 10.0.0.69 "GET /v2.0/networks?id=bda4bcc0-9106-4595-9f02-b5095f600120 HTTP/1.1" status: 200 len: 874 time: 0.0551686
2026-06-15 21:06:47.087 8 INFO neutron.wsgi [req-a3d9762e-5bf2-4044-b609-ab7fa29ecf69 req-7f144863-9f88-48ac-a422-e4a3f1f79704 e3a6e52713a24edfa43bc0c68c0a4daa 96175b25c62a4e2a92bfc671f74aebe4 - - default default] 10.0.0.69 "GET /v2.0/quotas/96175b25c62a4e2a92bfc671f74aebe4 HTTP/1.1" status: 200 len: 491 time: 0.0101521
2026-06-15 21:06:47.274 9 WARNING neutron_lib.context [None req-570cb521-fafb-4e2f-a72f-d7eda6729005 2f4bc7c69bc44eceb71d4dca7dd09867 2b8a1f0f5b3b427c935bd03c64a4b53b - - default default] Method 'is_advsvc' is deprecated since 2023.2 release (neutron-lib 3.8.0) and will be removed once support for the old RBAC API policies will be removed from Neutron. Please use method 'is_service_role' instead.
2026-06-15 21:06:47.473 9 INFO neutron.db.ovn_revision_numbers_db [None req-570cb521-fafb-4e2f-a72f-d7eda6729005 2f4bc7c69bc44eceb71d4dca7dd09867 2b8a1f0f5b3b427c935bd03c64a4b53b - - default default] Successfully bumped revision number for resource f94536f1-d4a6-4ab0-92a9-de2d2c43f460 (type: security_groups) to 1
2026-06-15 21:06:47.517 9 INFO neutron.db.ovn_revision_numbers_db [None req-570cb521-fafb-4e2f-a72f-d7eda6729005 2f4bc7c69bc44eceb71d4dca7dd09867 2b8a1f0f5b3b427c935bd03c64a4b53b - - default default] Successfully bumped revision number for resource 9b41b74a-eb77-4cc1-a643-618388cd61dc (type: security_group_rules) to 0
2026-06-15 21:06:47.519 8 INFO neutron.wsgi [req-a3d9762e-5bf2-4044-b609-ab7fa29ecf69 req-83d9f84d-3130-43c4-8263-82aa04839835 e3a6e52713a24edfa43bc0c68c0a4daa 96175b25c62a4e2a92bfc671f74aebe4 - - default default] 10.0.0.69 "GET /v2.0/ports?tenant_id=96175b25c62a4e2a92bfc671f74aebe4&fields=id HTTP/1.1" status: 200 len: 302 time: 0.4243991
2026-06-15 21:06:47.560 9 INFO neutron.db.ovn_revision_numbers_db [None req-570cb521-fafb-4e2f-a72f-d7eda6729005 2f4bc7c69bc44eceb71d4dca7dd09867 2b8a1f0f5b3b427c935bd03c64a4b53b - - default default] Successfully bumped revision number for resource bef0e6ee-ae0c-4ccd-9c6e-4805f408d7a1 (type: security_group_rules) to 0
2026-06-15 21:06:47.591 9 INFO neutron.wsgi [None req-570cb521-fafb-4e2f-a72f-d7eda6729005 2f4bc7c69bc44eceb71d4dca7dd09867 2b8a1f0f5b3b427c935bd03c64a4b53b - - default default] 10.0.0.34 "POST /v2.0/security-groups HTTP/1.1" status: 201 len: 1860 time: 0.3250101
2026-06-15 21:06:47.610 8 WARNING neutron_lib.context [None req-ddb36c02-2964-40b3-9c7f-14334591cbf6 2f4bc7c69bc44eceb71d4dca7dd09867 2b8a1f0f5b3b427c935bd03c64a4b53b - - default default] Method 'is_advsvc' is deprecated since 2023.2 release (neutron-lib 3.8.0) and will be removed once support for the old RBAC API policies will be removed from Neutron. Please use method 'is_service_role' instead.
2026-06-15 21:06:47.621 8 INFO neutron.wsgi [req-a3d9762e-5bf2-4044-b609-ab7fa29ecf69 req-8338eb66-d63b-44ca-809f-13aaeb4a40df 2153734f3175476fb34ed7c3b42ed4e1 b68bb3eee8aa4da880698818692f961f - - 5c6c69f538aa47e4be7f1a92d8fac82c 5c6c69f538aa47e4be7f1a92d8fac82c] 10.0.0.69 "GET /v2.0/networks/bda4bcc0-9106-4595-9f02-b5095f600120?fields=segments HTTP/1.1" status: 200 len: 212 time: 0.0821216
2026-06-15 21:06:47.692 8 INFO neutron.wsgi [req-a3d9762e-5bf2-4044-b609-ab7fa29ecf69 req-6b009df8-d8d4-45e2-bc37-29e29c3d8050 2153734f3175476fb34ed7c3b42ed4e1 b68bb3eee8aa4da880698818692f961f - - 5c6c69f538aa47e4be7f1a92d8fac82c 5c6c69f538aa47e4be7f1a92d8fac82c] 10.0.0.69 "GET /v2.0/networks/bda4bcc0-9106-4595-9f02-b5095f600120?fields=provider%3Aphysical_network&fields=provider%3Anetwork_type HTTP/1.1" status: 200 len: 277 time: 0.0604877
2026-06-15 21:06:47.767 8 INFO neutron.db.ovn_revision_numbers_db [None req-ddb36c02-2964-40b3-9c7f-14334591cbf6 2f4bc7c69bc44eceb71d4dca7dd09867 2b8a1f0f5b3b427c935bd03c64a4b53b - - default default] Successfully bumped revision number for resource 8bd53882-95ab-4521-8f7c-833a5cffe69f (type: security_group_rules) to 0
2026-06-15 21:06:47.791 8 INFO neutron.wsgi [None req-ddb36c02-2964-40b3-9c7f-14334591cbf6 2f4bc7c69bc44eceb71d4dca7dd09867 2b8a1f0f5b3b427c935bd03c64a4b53b - - default default] 10.0.0.34 "POST /v2.0/security-group-rules HTTP/1.1" status: 201 len: 796 time: 0.1927135
2026-06-15 21:06:47.800 8 WARNING neutron_lib.context [None req-3962c5e1-f4bd-49ea-8bdf-c313575a8b82 2f4bc7c69bc44eceb71d4dca7dd09867 2b8a1f0f5b3b427c935bd03c64a4b53b - - default default] Method 'is_advsvc' is deprecated since 2023.2 release (neutron-lib 3.8.0) and will be removed once support for the old RBAC API policies will be removed from Neutron. Please use method 'is_service_role' instead.
2026-06-15 21:06:47.849 8 INFO neutron.wsgi [req-ac426e0f-3e0f-4fe4-88a6-4392fd4f5385 req-90a86967-eadd-4425-9c34-e7a637cd1fa1 e3a6e52713a24edfa43bc0c68c0a4daa 96175b25c62a4e2a92bfc671f74aebe4 - - default default] 10.0.0.69 "GET /v2.0/ports?device_id=96a9df22-b3a6-40fe-8413-3a644948ea2f HTTP/1.1" status: 200 len: 210 time: 0.0239666
2026-06-15 21:06:47.914 9 INFO neutron.wsgi [None req-ed8553e2-73cb-449b-96da-b206ad7c39d6 262b6950fd8e42b7a69f9ec0d81f83bf a0c2fdaddc014b4f80713b19e5cc4e72 - - default default] 10.0.0.34 "PUT /v2.0/routers/0a52d1f2-fef0-4740-be5b-c056a4d4e67a/remove_router_interface HTTP/1.1" status: 200 len: 503 time: 1.6407022
2026-06-15 21:06:47.948 8 INFO neutron.db.ovn_revision_numbers_db [None req-3962c5e1-f4bd-49ea-8bdf-c313575a8b82 2f4bc7c69bc44eceb71d4dca7dd09867 2b8a1f0f5b3b427c935bd03c64a4b53b - - default default] Successfully bumped revision number for resource ea173886-3a87-4b58-974e-8a24836da729 (type: security_group_rules) to 0
2026-06-15 21:06:47.993 8 INFO neutron.wsgi [None req-3962c5e1-f4bd-49ea-8bdf-c313575a8b82 2f4bc7c69bc44eceb71d4dca7dd09867 2b8a1f0f5b3b427c935bd03c64a4b53b - - default default] 10.0.0.34 "POST /v2.0/security-group-rules HTTP/1.1" status: 201 len: 801 time: 0.1973929 /var/lib/openstack/lib/python3.10/site-packages/pycadf/identifier.py:71: UserWarning: Invalid uuid: neutron. To ensure interoperability, identifiers should be a valid uuid. warnings.warn(('Invalid uuid: %s. To ensure interoperability, '
2026-06-15 21:06:48.009 9 WARNING neutron_lib.context [None req-930c0536-d024-48cd-bb3a-1ad5375fdc1d 2f4bc7c69bc44eceb71d4dca7dd09867 2b8a1f0f5b3b427c935bd03c64a4b53b - - default default] Method 'is_advsvc' is deprecated since 2023.2 release (neutron-lib 3.8.0) and will be removed once support for the old RBAC API policies will be removed from Neutron. Please use method 'is_service_role' instead.
2026-06-15 21:06:48.226 9 WARNING neutron.scheduler.dhcp_agent_scheduler [None req-930c0536-d024-48cd-bb3a-1ad5375fdc1d 2f4bc7c69bc44eceb71d4dca7dd09867 2b8a1f0f5b3b427c935bd03c64a4b53b - - default default] No more DHCP agents
2026-06-15 21:06:48.228 9 WARNING neutron.api.rpc.agentnotifiers.dhcp_rpc_agent_api [None req-930c0536-d024-48cd-bb3a-1ad5375fdc1d 2f4bc7c69bc44eceb71d4dca7dd09867 2b8a1f0f5b3b427c935bd03c64a4b53b - - default default] Unable to schedule network 67aac509-6b01-46ef-8bd1-ae0db20a55b4: no agents available; will retry on subsequent port and subnet creation events.
2026-06-15 21:06:48.480 9 INFO neutron.wsgi [None req-930c0536-d024-48cd-bb3a-1ad5375fdc1d 2f4bc7c69bc44eceb71d4dca7dd09867 2b8a1f0f5b3b427c935bd03c64a4b53b - - default default] 10.0.0.34 "POST /v2.0/floatingips HTTP/1.1" status: 201 len: 751 time: 0.4791787
2026-06-15 21:06:48.958 8 INFO neutron.wsgi [req-1fe9a8ea-aff0-4b51-9cea-35f25b5e0eca req-f7f4f89b-b39e-4fe8-9d81-ac76cad78654 e3a6e52713a24edfa43bc0c68c0a4daa 96175b25c62a4e2a92bfc671f74aebe4 - - default default] 10.0.0.69 "GET /v2.0/ports?device_id=96a9df22-b3a6-40fe-8413-3a644948ea2f HTTP/1.1" status: 200 len: 210 time: 0.0391402
2026-06-15 21:06:48.988 8 INFO neutron.wsgi [req-a3d9762e-5bf2-4044-b609-ab7fa29ecf69 req-aa1f5c12-c36a-40d2-a9de-074738855e5b e3a6e52713a24edfa43bc0c68c0a4daa 96175b25c62a4e2a92bfc671f74aebe4 - - default default] 199.204.45.113 "GET /v2.0/networks?id=bda4bcc0-9106-4595-9f02-b5095f600120 HTTP/1.1" status: 200 len: 874 time: 0.1985488
2026-06-15 21:06:49.011 8 INFO neutron.wsgi [req-5e83d564-9875-425e-b818-b821b024b4aa req-041159b3-1f43-4832-9cbc-2ead1dba1c14 2f4bc7c69bc44eceb71d4dca7dd09867 2b8a1f0f5b3b427c935bd03c64a4b53b - - default default] 10.0.0.69 "GET /v2.0/security-groups?name=tempest-securitygroup--1472534322&fields=id&tenant_id=2b8a1f0f5b3b427c935bd03c64a4b53b HTTP/1.1" status: 200 len: 267 time: 0.1479690
2026-06-15 21:06:49.047 8 INFO neutron.wsgi [None req-6f22bcbb-dbf7-4e2f-a3a1-c21ac3ebc8ee 262b6950fd8e42b7a69f9ec0d81f83bf a0c2fdaddc014b4f80713b19e5cc4e72 - - default default] 10.0.0.34 "DELETE /v2.0/routers/0a52d1f2-fef0-4740-be5b-c056a4d4e67a HTTP/1.1" status: 204 len: 168 time: 1.1266396
2026-06-15 21:06:49.081 8 INFO neutron.wsgi [req-a3d9762e-5bf2-4044-b609-ab7fa29ecf69 req-906a9384-e0b7-4679-9f84-d2762e7e1f9e e3a6e52713a24edfa43bc0c68c0a4daa 96175b25c62a4e2a92bfc671f74aebe4 - - default default] 199.204.45.113 "GET /v2.0/security-groups?fields=id&fields=name&tenant_id=96175b25c62a4e2a92bfc671f74aebe4 HTTP/1.1" status: 200 len: 380 time: 0.0823851
2026-06-15 21:06:49.105 8 WARNING neutron_lib.context [req-a3d9762e-5bf2-4044-b609-ab7fa29ecf69 req-2f8a1329-931f-4ae4-8e80-185e5cf63e32 e3a6e52713a24edfa43bc0c68c0a4daa 96175b25c62a4e2a92bfc671f74aebe4 - - default default] Method 'is_advsvc' is deprecated since 2023.2 release (neutron-lib 3.8.0) and will be removed once support for the old RBAC API policies will be removed from Neutron. Please use method 'is_service_role' instead.
2026-06-15 21:06:49.113 8 INFO neutron.wsgi [req-5e83d564-9875-425e-b818-b821b024b4aa req-ac841c03-dade-493c-9bce-e298ae60fa9c 2f4bc7c69bc44eceb71d4dca7dd09867 2b8a1f0f5b3b427c935bd03c64a4b53b - - default default] 10.0.0.69 "GET /v2.0/networks?id=d8d998ca-cc98-4f40-8acd-82e3abf2cd1a HTTP/1.1" status: 200 len: 868 time: 0.0914035
2026-06-15 21:06:49.144 8 INFO neutron.wsgi [req-5e83d564-9875-425e-b818-b821b024b4aa req-f20f140a-fd5f-4d41-a12f-a18c79749ec2 2f4bc7c69bc44eceb71d4dca7dd09867 2b8a1f0f5b3b427c935bd03c64a4b53b - - default default] 10.0.0.69 "GET /v2.0/quotas/2b8a1f0f5b3b427c935bd03c64a4b53b HTTP/1.1" status: 200 len: 491 time: 0.0220113
2026-06-15 21:06:49.260 8 INFO neutron.wsgi [req-5e83d564-9875-425e-b818-b821b024b4aa req-55db3289-890e-41c5-839f-b3ec4b881266 2f4bc7c69bc44eceb71d4dca7dd09867 2b8a1f0f5b3b427c935bd03c64a4b53b - - default default] 10.0.0.69 "GET /v2.0/ports?tenant_id=2b8a1f0f5b3b427c935bd03c64a4b53b&fields=id HTTP/1.1" status: 200 len: 302 time: 0.1087835
2026-06-15 21:06:49.279 9 INFO neutron.wsgi [None req-7936d269-e99a-4f0b-8c0f-3104314b53b3 262b6950fd8e42b7a69f9ec0d81f83bf a0c2fdaddc014b4f80713b19e5cc4e72 - - default default] 10.0.0.34 "DELETE /v2.0/subnets/f1fd28c9-a181-4581-9d18-310ec1f76844 HTTP/1.1" status: 204 len: 168 time: 0.2263582
2026-06-15 21:06:49.348 8 INFO neutron.wsgi [req-5e83d564-9875-425e-b818-b821b024b4aa req-159aa68c-183d-4f61-84d9-9818e1600d97 2153734f3175476fb34ed7c3b42ed4e1 b68bb3eee8aa4da880698818692f961f - - 5c6c69f538aa47e4be7f1a92d8fac82c 5c6c69f538aa47e4be7f1a92d8fac82c] 10.0.0.69 "GET /v2.0/networks/d8d998ca-cc98-4f40-8acd-82e3abf2cd1a?fields=segments HTTP/1.1" status: 200 len: 212 time: 0.0733018
2026-06-15 21:06:49.439 8 INFO neutron.wsgi [req-5e83d564-9875-425e-b818-b821b024b4aa req-5330afea-7077-4fea-a717-fc03315e8075 2153734f3175476fb34ed7c3b42ed4e1 b68bb3eee8aa4da880698818692f961f - - 5c6c69f538aa47e4be7f1a92d8fac82c 5c6c69f538aa47e4be7f1a92d8fac82c] 10.0.0.69 "GET /v2.0/networks/d8d998ca-cc98-4f40-8acd-82e3abf2cd1a?fields=provider%3Aphysical_network&fields=provider%3Anetwork_type HTTP/1.1" status: 200 len: 277 time: 0.0832214
2026-06-15 21:06:49.523 8 WARNING neutron.scheduler.dhcp_agent_scheduler [req-a3d9762e-5bf2-4044-b609-ab7fa29ecf69 req-2f8a1329-931f-4ae4-8e80-185e5cf63e32 e3a6e52713a24edfa43bc0c68c0a4daa 96175b25c62a4e2a92bfc671f74aebe4 - - default default] No more DHCP agents
2026-06-15 21:06:49.524 8 WARNING neutron.api.rpc.agentnotifiers.dhcp_rpc_agent_api [req-a3d9762e-5bf2-4044-b609-ab7fa29ecf69 req-2f8a1329-931f-4ae4-8e80-185e5cf63e32 e3a6e52713a24edfa43bc0c68c0a4daa 96175b25c62a4e2a92bfc671f74aebe4 - - default default] Unable to schedule network bda4bcc0-9106-4595-9f02-b5095f600120: no agents available; will retry on subsequent port and subnet creation events. /var/lib/openstack/lib/python3.10/site-packages/pycadf/identifier.py:71: UserWarning: Invalid uuid: neutron. To ensure interoperability, identifiers should be a valid uuid. warnings.warn(('Invalid uuid: %s. To ensure interoperability, '
2026-06-15 21:06:49.631 8 INFO neutron.wsgi [req-30757933-3f93-4af4-80e3-1c7e2e815c3a req-233c1bac-c1bf-41ac-9a7a-52cc862c1964 2f4bc7c69bc44eceb71d4dca7dd09867 2b8a1f0f5b3b427c935bd03c64a4b53b - - default default] 10.0.0.69 "GET /v2.0/ports?device_id=b21dca56-b235-4600-959e-284fef1e59ed HTTP/1.1" status: 200 len: 210 time: 0.0292866
2026-06-15 21:06:49.730 9 INFO neutron.wsgi [None req-212d5354-9bf7-46da-97fc-79469dfecdd6 262b6950fd8e42b7a69f9ec0d81f83bf a0c2fdaddc014b4f80713b19e5cc4e72 - - default default] 10.0.0.34 "DELETE /v2.0/networks/d715a5f9-ee13-4c91-932c-c48cb2f29857 HTTP/1.1" status: 204 len: 168 time: 0.4455125
2026-06-15 21:06:49.738 8 INFO neutron.db.ovn_revision_numbers_db [req-a3d9762e-5bf2-4044-b609-ab7fa29ecf69 req-2f8a1329-931f-4ae4-8e80-185e5cf63e32 e3a6e52713a24edfa43bc0c68c0a4daa 96175b25c62a4e2a92bfc671f74aebe4 - - default default] Successfully bumped revision number for resource 7709e46c-1164-452b-86ea-cc4158d63b91 (type: ports) to 1
2026-06-15 21:06:49.761 8 INFO neutron.wsgi [req-a3d9762e-5bf2-4044-b609-ab7fa29ecf69 req-2f8a1329-931f-4ae4-8e80-185e5cf63e32 e3a6e52713a24edfa43bc0c68c0a4daa 96175b25c62a4e2a92bfc671f74aebe4 - - default default] 199.204.45.113 "POST /v2.0/ports HTTP/1.1" status: 201 len: 1162 time: 0.6639822
2026-06-15 21:06:49.879 9 INFO neutron.wsgi [None req-561212f0-a8c1-4f9d-aaad-62254da3a847 262b6950fd8e42b7a69f9ec0d81f83bf a0c2fdaddc014b4f80713b19e5cc4e72 - - default default] 10.0.0.34 "GET /v2.0/security-groups?tenant_id=6788f8c650874f32a9c6a083bc90d8b9&name=default HTTP/1.1" status: 200 len: 3116 time: 0.0417562
2026-06-15 21:06:50.141 9 INFO neutron.wsgi [None req-5cf40a81-f558-46c1-825e-33c1dfdec41d 262b6950fd8e42b7a69f9ec0d81f83bf a0c2fdaddc014b4f80713b19e5cc4e72 - - default default] 10.0.0.34 "DELETE /v2.0/security-groups/3269da1d-ac9d-419d-b9ea-e0e6c07380d1 HTTP/1.1" status: 204 len: 168 time: 0.2569461
2026-06-15 21:06:50.161 8 INFO neutron.wsgi [req-835a2cfd-b858-4a53-aef5-576fd737edf6 req-80d9ff28-bd55-4ddc-9801-e093d19790d7 e3a6e52713a24edfa43bc0c68c0a4daa 96175b25c62a4e2a92bfc671f74aebe4 - - default default] 10.0.0.69 "GET /v2.0/ports?device_id=96a9df22-b3a6-40fe-8413-3a644948ea2f HTTP/1.1" status: 200 len: 1160 time: 0.0458786
2026-06-15 21:06:50.210 9 INFO neutron.services.segments.plugin [-] Segment 204440ef-0a4c-4f8c-89e9-b00d6e3fb098 resource provider aggregate not found
2026-06-15 21:06:50.228 8 INFO neutron.wsgi [req-835a2cfd-b858-4a53-aef5-576fd737edf6 req-ee8fdf7c-4d32-44b9-adbf-7bc09781d10f e3a6e52713a24edfa43bc0c68c0a4daa 96175b25c62a4e2a92bfc671f74aebe4 - - default default] 10.0.0.69 "GET /v2.0/security-groups?id=13bcd574-3ba4-4a42-a273-458a24a0bd85&fields=id&fields=name HTTP/1.1" status: 200 len: 313 time: 0.0529690
2026-06-15 21:06:50.243 9 INFO neutron.services.segments.plugin [-] Segment 204440ef-0a4c-4f8c-89e9-b00d6e3fb098 resource provider not found; error: Placement Client Error (4xx): {"errors": [{"status": 404, "title": "Not Found", "detail": "The resource could not be found.\n\n No resource provider with uuid 204440ef-0a4c-4f8c-89e9-b00d6e3fb098 found for delete ", "request_id": "req-15648747-c8a8-45f6-b4a5-94aafab876b9"}]}
2026-06-15 21:06:50.271 9 INFO neutron.services.segments.plugin [-] Segment 204440ef-0a4c-4f8c-89e9-b00d6e3fb098 resource provider aggregate not found
2026-06-15 21:06:50.294 9 INFO neutron.services.segments.plugin [-] Segment 204440ef-0a4c-4f8c-89e9-b00d6e3fb098 resource provider not found; error: Placement Client Error (4xx): {"errors": [{"status": 404, "title": "Not Found", "detail": "The resource could not be found.\n\n No resource provider with uuid 204440ef-0a4c-4f8c-89e9-b00d6e3fb098 found for delete ", "request_id": "req-22a32cd8-44c0-4695-a2bf-265f6ef9344d"}]} /var/lib/openstack/lib/python3.10/site-packages/pycadf/identifier.py:71: UserWarning: Invalid uuid: neutron. To ensure interoperability, identifiers should be a valid uuid. warnings.warn(('Invalid uuid: %s. To ensure interoperability, '
2026-06-15 21:06:50.474 8 WARNING neutron.plugins.ml2.drivers.ovn.mech_driver.ovsdb.ovn_client [None req-35061bee-1e91-415d-b631-05ad3f2854ba - - - - - -] No hosting information found for port 0752929d-0966-416e-9c52-3eecbde61cb3: RuntimeError: No hosting information found for port 0752929d-0966-416e-9c52-3eecbde61cb3
2026-06-15 21:06:50.475 8 INFO neutron.plugins.ml2.drivers.ovn.mech_driver.mech_driver [None req-35061bee-1e91-415d-b631-05ad3f2854ba - - - - - -] OVN reports status down for port: eca7e7ea-ae17-496e-91bc-d47b20422630
2026-06-15 21:06:50.491 8 INFO neutron.plugins.ml2.drivers.ovn.mech_driver.mech_driver [None req-35061bee-1e91-415d-b631-05ad3f2854ba - - - - - -] OVN reports status up for port: df7dd290-973a-4a44-bafe-8394e01954c2
2026-06-15 21:06:50.505 8 INFO neutron.plugins.ml2.plugin [None req-35061bee-1e91-415d-b631-05ad3f2854ba - - - - - -] Attempt 1 to provision port df7dd290-973a-4a44-bafe-8394e01954c2
2026-06-15 21:06:50.510 8 INFO neutron.wsgi [req-5e83d564-9875-425e-b818-b821b024b4aa req-60e781df-93cc-4aa9-bce3-2485f12dba54 2f4bc7c69bc44eceb71d4dca7dd09867 2b8a1f0f5b3b427c935bd03c64a4b53b - - default default] 199.204.45.113 "GET /v2.0/networks?id=d8d998ca-cc98-4f40-8acd-82e3abf2cd1a HTTP/1.1" status: 200 len: 868 time: 0.1134262
2026-06-15 21:06:50.534 8 INFO neutron.db.ovn_revision_numbers_db [req-a3d9762e-5bf2-4044-b609-ab7fa29ecf69 req-ee37f4f2-c5a3-4013-81c3-804febc5af51 2153734f3175476fb34ed7c3b42ed4e1 b68bb3eee8aa4da880698818692f961f - - 5c6c69f538aa47e4be7f1a92d8fac82c 5c6c69f538aa47e4be7f1a92d8fac82c] Successfully bumped revision number for resource 7709e46c-1164-452b-86ea-cc4158d63b91 (type: ports) to 2
2026-06-15 21:06:50.602 8 INFO neutron.wsgi [req-5e83d564-9875-425e-b818-b821b024b4aa req-ccf51662-8a41-433a-8e4f-1a6f90338e26 2f4bc7c69bc44eceb71d4dca7dd09867 2b8a1f0f5b3b427c935bd03c64a4b53b - - default default] 199.204.45.113 "GET /v2.0/security-groups?fields=id&fields=name&tenant_id=2b8a1f0f5b3b427c935bd03c64a4b53b HTTP/1.1" status: 200 len: 380 time: 0.0808697
2026-06-15 21:06:50.617 8 WARNING neutron_lib.context [req-5e83d564-9875-425e-b818-b821b024b4aa req-8da9807a-b2cc-4c7e-8ace-cc1b2e3cc89f 2f4bc7c69bc44eceb71d4dca7dd09867 2b8a1f0f5b3b427c935bd03c64a4b53b - - default default] Method 'is_advsvc' is deprecated since 2023.2 release (neutron-lib 3.8.0) and will be removed once support for the old RBAC API policies will be removed from Neutron. Please use method 'is_service_role' instead.
2026-06-15 21:06:50.744 8 INFO neutron.wsgi [req-64766d6b-3efd-4b20-b127-41492cdbf10b req-be55a36c-4db3-422c-a8d0-9453e5314663 2f4bc7c69bc44eceb71d4dca7dd09867 2b8a1f0f5b3b427c935bd03c64a4b53b - - default default] 10.0.0.69 "GET /v2.0/ports?device_id=b21dca56-b235-4600-959e-284fef1e59ed HTTP/1.1" status: 200 len: 210 time: 0.0388393
2026-06-15 21:06:50.953 8 INFO neutron.db.ovn_revision_numbers_db [req-a3d9762e-5bf2-4044-b609-ab7fa29ecf69 req-ee37f4f2-c5a3-4013-81c3-804febc5af51 2153734f3175476fb34ed7c3b42ed4e1 b68bb3eee8aa4da880698818692f961f - - 5c6c69f538aa47e4be7f1a92d8fac82c 5c6c69f538aa47e4be7f1a92d8fac82c] Successfully bumped revision number for resource 7709e46c-1164-452b-86ea-cc4158d63b91 (type: ports) to 2
2026-06-15 21:06:50.983 8 INFO neutron.wsgi [req-a3d9762e-5bf2-4044-b609-ab7fa29ecf69 req-ee37f4f2-c5a3-4013-81c3-804febc5af51 2153734f3175476fb34ed7c3b42ed4e1 b68bb3eee8aa4da880698818692f961f - - 5c6c69f538aa47e4be7f1a92d8fac82c 5c6c69f538aa47e4be7f1a92d8fac82c] 199.204.45.113 "PUT /v2.0/ports/7709e46c-1164-452b-86ea-cc4158d63b91 HTTP/1.1" status: 200 len: 1380 time: 1.2130938 /var/lib/openstack/lib/python3.10/site-packages/pycadf/identifier.py:71: UserWarning: Invalid uuid: neutron. To ensure interoperability, identifiers should be a valid uuid. warnings.warn(('Invalid uuid: %s. To ensure interoperability, '
2026-06-15 21:06:51.036 8 INFO neutron.notifiers.nova [-] Nova event matching ['req-7465c381-ce11-49ee-abb8-26776860ea2d'] response: {'name': 'network-changed', 'server_uuid': '96a9df22-b3a6-40fe-8413-3a644948ea2f', 'tag': '7709e46c-1164-452b-86ea-cc4158d63b91', 'status': 'completed', 'code': 200}
2026-06-15 21:06:51.089 8 INFO neutron.wsgi [req-a3d9762e-5bf2-4044-b609-ab7fa29ecf69 req-25facaa9-9433-49df-86b2-f9b7c7d1a7fa 2153734f3175476fb34ed7c3b42ed4e1 b68bb3eee8aa4da880698818692f961f - - 5c6c69f538aa47e4be7f1a92d8fac82c 5c6c69f538aa47e4be7f1a92d8fac82c] 199.204.45.113 "GET /v2.0/ports?tenant_id=96175b25c62a4e2a92bfc671f74aebe4&device_id=96a9df22-b3a6-40fe-8413-3a644948ea2f HTTP/1.1" status: 200 len: 1411 time: 0.0632617
2026-06-15 21:06:51.125 8 INFO neutron.wsgi [req-a3d9762e-5bf2-4044-b609-ab7fa29ecf69 req-b2dd9dbb-221c-487a-a843-60e34b3eefcc 2153734f3175476fb34ed7c3b42ed4e1 b68bb3eee8aa4da880698818692f961f - - 5c6c69f538aa47e4be7f1a92d8fac82c 5c6c69f538aa47e4be7f1a92d8fac82c] 199.204.45.113 "GET /v2.0/floatingips?fixed_ip_address=10.100.0.13&port_id=7709e46c-1164-452b-86ea-cc4158d63b91 HTTP/1.1" status: 200 len: 217 time: 0.0285766 /var/lib/openstack/lib/python3.10/site-packages/pycadf/identifier.py:71: UserWarning: Invalid uuid: neutron. To ensure interoperability, identifiers should be a valid uuid. warnings.warn(('Invalid uuid: %s. To ensure interoperability, '
2026-06-15 21:06:51.200 8 WARNING neutron.scheduler.dhcp_agent_scheduler [req-5e83d564-9875-425e-b818-b821b024b4aa req-8da9807a-b2cc-4c7e-8ace-cc1b2e3cc89f 2f4bc7c69bc44eceb71d4dca7dd09867 2b8a1f0f5b3b427c935bd03c64a4b53b - - default default] No more DHCP agents
2026-06-15 21:06:51.205 8 INFO neutron.wsgi [req-a3d9762e-5bf2-4044-b609-ab7fa29ecf69 req-53b87299-e579-4774-9a06-9b6ad29750c4 2153734f3175476fb34ed7c3b42ed4e1 b68bb3eee8aa4da880698818692f961f - - 5c6c69f538aa47e4be7f1a92d8fac82c 5c6c69f538aa47e4be7f1a92d8fac82c] 199.204.45.113 "GET /v2.0/subnets?id=c9f83c88-5c99-45a7-b46c-e57a657b1429 HTTP/1.1" status: 200 len: 868 time: 0.0766652
2026-06-15 21:06:51.208 8 WARNING neutron.api.rpc.agentnotifiers.dhcp_rpc_agent_api [req-5e83d564-9875-425e-b818-b821b024b4aa req-8da9807a-b2cc-4c7e-8ace-cc1b2e3cc89f 2f4bc7c69bc44eceb71d4dca7dd09867 2b8a1f0f5b3b427c935bd03c64a4b53b - - default default] Unable to schedule network d8d998ca-cc98-4f40-8acd-82e3abf2cd1a: no agents available; will retry on subsequent port and subnet creation events. /var/lib/openstack/lib/python3.10/site-packages/pycadf/identifier.py:71: UserWarning: Invalid uuid: neutron. To ensure interoperability, identifiers should be a valid uuid. warnings.warn(('Invalid uuid: %s. To ensure interoperability, '
2026-06-15 21:06:51.238 8 INFO neutron.wsgi [req-a3d9762e-5bf2-4044-b609-ab7fa29ecf69 req-e7c030e5-457f-45f2-9301-5215592acdc6 2153734f3175476fb34ed7c3b42ed4e1 b68bb3eee8aa4da880698818692f961f - - 5c6c69f538aa47e4be7f1a92d8fac82c 5c6c69f538aa47e4be7f1a92d8fac82c] 199.204.45.113 "GET /v2.0/ports?network_id=bda4bcc0-9106-4595-9f02-b5095f600120&device_owner=network%3Adhcp HTTP/1.1" status: 200 len: 210 time: 0.0264077
2026-06-15 21:06:51.352 8 INFO neutron.wsgi [req-a3d9762e-5bf2-4044-b609-ab7fa29ecf69 req-1d1f185b-880e-48ef-a6f6-24da80a18121 2153734f3175476fb34ed7c3b42ed4e1 b68bb3eee8aa4da880698818692f961f - - 5c6c69f538aa47e4be7f1a92d8fac82c 5c6c69f538aa47e4be7f1a92d8fac82c] 199.204.45.113 "GET /v2.0/networks/bda4bcc0-9106-4595-9f02-b5095f600120?fields=segments HTTP/1.1" status: 200 len: 212 time: 0.1084819
2026-06-15 21:06:51.358 8 INFO neutron.wsgi [req-155811a0-6b11-4366-bdc5-2a85215a6082 req-ceca69b7-16e1-4ca4-a99c-d0d0ac875a3b e3a6e52713a24edfa43bc0c68c0a4daa 96175b25c62a4e2a92bfc671f74aebe4 - - default default] 10.0.0.69 "GET /v2.0/ports?device_id=96a9df22-b3a6-40fe-8413-3a644948ea2f HTTP/1.1" status: 200 len: 1172 time: 0.0621796
2026-06-15 21:06:51.360 8 INFO neutron.db.ovn_revision_numbers_db [None req-35061bee-1e91-415d-b631-05ad3f2854ba - - - - - -] Successfully bumped revision number for resource df7dd290-973a-4a44-bafe-8394e01954c2 (type: ports) to 2
2026-06-15 21:06:51.504 8 INFO neutron.wsgi [req-a3d9762e-5bf2-4044-b609-ab7fa29ecf69 req-52d3780a-0444-49dd-9135-bfafce00b486 2153734f3175476fb34ed7c3b42ed4e1 b68bb3eee8aa4da880698818692f961f - - 5c6c69f538aa47e4be7f1a92d8fac82c 5c6c69f538aa47e4be7f1a92d8fac82c] 199.204.45.113 "GET /v2.0/networks/bda4bcc0-9106-4595-9f02-b5095f600120?fields=provider%3Aphysical_network&fields=provider%3Anetwork_type HTTP/1.1" status: 200 len: 277 time: 0.1401114
2026-06-15 21:06:51.508 8 INFO neutron.wsgi [req-155811a0-6b11-4366-bdc5-2a85215a6082 req-8bbf2c86-2eb6-4130-bc34-c9bc23baa2f6 e3a6e52713a24edfa43bc0c68c0a4daa 96175b25c62a4e2a92bfc671f74aebe4 - - default default] 10.0.0.69 "GET /v2.0/security-groups?id=13bcd574-3ba4-4a42-a273-458a24a0bd85&fields=id&fields=name HTTP/1.1" status: 200 len: 313 time: 0.1335485
2026-06-15 21:06:51.562 8 INFO neutron.db.ovn_revision_numbers_db [req-5e83d564-9875-425e-b818-b821b024b4aa req-8da9807a-b2cc-4c7e-8ace-cc1b2e3cc89f 2f4bc7c69bc44eceb71d4dca7dd09867 2b8a1f0f5b3b427c935bd03c64a4b53b - - default default] Successfully bumped revision number for resource d145f656-37f5-4253-8d0b-26f290acbdf7 (type: ports) to 1
2026-06-15 21:06:51.643 8 INFO neutron.wsgi [req-3f85875a-2e8c-4df4-9bcd-b040a515c6cc req-53794d1c-105d-4156-891b-94a938ee09ba 2153734f3175476fb34ed7c3b42ed4e1 b68bb3eee8aa4da880698818692f961f - - 5c6c69f538aa47e4be7f1a92d8fac82c 5c6c69f538aa47e4be7f1a92d8fac82c] 199.204.45.113 "GET /v2.0/ports?tenant_id=96175b25c62a4e2a92bfc671f74aebe4&device_id=96a9df22-b3a6-40fe-8413-3a644948ea2f HTTP/1.1" status: 200 len: 1411 time: 0.0730796
2026-06-15 21:06:51.647 8 INFO neutron.wsgi [req-5e83d564-9875-425e-b818-b821b024b4aa req-8da9807a-b2cc-4c7e-8ace-cc1b2e3cc89f 2f4bc7c69bc44eceb71d4dca7dd09867 2b8a1f0f5b3b427c935bd03c64a4b53b - - default default] 199.204.45.113 "POST /v2.0/ports HTTP/1.1" status: 201 len: 1162 time: 1.0359201
2026-06-15 21:06:51.652 8 INFO neutron.db.ovn_revision_numbers_db [None req-35061bee-1e91-415d-b631-05ad3f2854ba - - - - - -] Successfully bumped revision number for resource df7dd290-973a-4a44-bafe-8394e01954c2 (type: router_ports) to 2
2026-06-15 21:06:52.003 8 INFO neutron.wsgi [req-e4fd11c5-1ca3-4f00-856a-034d5feccaf6 req-a4cbd768-7f45-4058-ba78-cf4b1aa62628 2f4bc7c69bc44eceb71d4dca7dd09867 2b8a1f0f5b3b427c935bd03c64a4b53b - - default default] 10.0.0.69 "GET /v2.0/ports?device_id=b21dca56-b235-4600-959e-284fef1e59ed HTTP/1.1" status: 200 len: 1160 time: 0.0708289
2026-06-15 21:06:52.026 8 INFO neutron.wsgi [req-3f85875a-2e8c-4df4-9bcd-b040a515c6cc req-119b64aa-319a-48a1-ac1e-595a3d5e2842 2153734f3175476fb34ed7c3b42ed4e1 b68bb3eee8aa4da880698818692f961f - - 5c6c69f538aa47e4be7f1a92d8fac82c 5c6c69f538aa47e4be7f1a92d8fac82c] 199.204.45.113 "GET /v2.0/networks?id=bda4bcc0-9106-4595-9f02-b5095f600120 HTTP/1.1" status: 200 len: 973 time: 0.3719468
2026-06-15 21:06:52.065 8 INFO neutron.wsgi [req-3f85875a-2e8c-4df4-9bcd-b040a515c6cc req-07dd265c-6736-4598-a99c-32d3312ed99d 2153734f3175476fb34ed7c3b42ed4e1 b68bb3eee8aa4da880698818692f961f - - 5c6c69f538aa47e4be7f1a92d8fac82c 5c6c69f538aa47e4be7f1a92d8fac82c] 199.204.45.113 "GET /v2.0/floatingips?fixed_ip_address=10.100.0.13&port_id=7709e46c-1164-452b-86ea-cc4158d63b91 HTTP/1.1" status: 200 len: 217 time: 0.0326607
2026-06-15 21:06:52.105 8 INFO neutron.wsgi [req-e4fd11c5-1ca3-4f00-856a-034d5feccaf6 req-49a1be8d-ff3f-4841-86be-3870e2da0968 2f4bc7c69bc44eceb71d4dca7dd09867 2b8a1f0f5b3b427c935bd03c64a4b53b - - default default] 10.0.0.69 "GET /v2.0/security-groups?id=f94536f1-d4a6-4ab0-92a9-de2d2c43f460&fields=id&fields=name HTTP/1.1" status: 200 len: 313 time: 0.0937030
2026-06-15 21:06:52.125 8 INFO neutron.wsgi [req-3f85875a-2e8c-4df4-9bcd-b040a515c6cc req-1c2cc3b7-96ff-4871-8b8d-cf219d2aa808 2153734f3175476fb34ed7c3b42ed4e1 b68bb3eee8aa4da880698818692f961f - - 5c6c69f538aa47e4be7f1a92d8fac82c 5c6c69f538aa47e4be7f1a92d8fac82c] 199.204.45.113 "GET /v2.0/subnets?id=c9f83c88-5c99-45a7-b46c-e57a657b1429 HTTP/1.1" status: 200 len: 868 time: 0.0523272
2026-06-15 21:06:52.159 8 INFO neutron.wsgi [req-3f85875a-2e8c-4df4-9bcd-b040a515c6cc req-bee31c11-8468-42e0-8430-6e07b4975bb0 2153734f3175476fb34ed7c3b42ed4e1 b68bb3eee8aa4da880698818692f961f - - 5c6c69f538aa47e4be7f1a92d8fac82c 5c6c69f538aa47e4be7f1a92d8fac82c] 199.204.45.113 "GET /v2.0/ports?network_id=bda4bcc0-9106-4595-9f02-b5095f600120&device_owner=network%3Adhcp HTTP/1.1" status: 200 len: 210 time: 0.0206347
2026-06-15 21:06:52.239 8 INFO neutron.wsgi [req-3f85875a-2e8c-4df4-9bcd-b040a515c6cc req-163b68b9-21e0-4955-a4be-2d4359b33b56 2153734f3175476fb34ed7c3b42ed4e1 b68bb3eee8aa4da880698818692f961f - - 5c6c69f538aa47e4be7f1a92d8fac82c 5c6c69f538aa47e4be7f1a92d8fac82c] 199.204.45.113 "GET /v2.0/networks/bda4bcc0-9106-4595-9f02-b5095f600120?fields=segments HTTP/1.1" status: 200 len: 212 time: 0.0718629
2026-06-15 21:06:52.316 8 INFO neutron.wsgi [req-3f85875a-2e8c-4df4-9bcd-b040a515c6cc req-2c7708b6-a6ed-49f5-8bbb-76c6b1cb94f7 2153734f3175476fb34ed7c3b42ed4e1 b68bb3eee8aa4da880698818692f961f - - 5c6c69f538aa47e4be7f1a92d8fac82c 5c6c69f538aa47e4be7f1a92d8fac82c] 199.204.45.113 "GET /v2.0/networks/bda4bcc0-9106-4595-9f02-b5095f600120?fields=provider%3Aphysical_network&fields=provider%3Anetwork_type HTTP/1.1" status: 200 len: 277 time: 0.0683389
2026-06-15 21:06:52.497 8 INFO neutron.db.ovn_revision_numbers_db [req-5e83d564-9875-425e-b818-b821b024b4aa req-a51b7dd7-4e44-4e33-85d2-c3dae5bbb765 2153734f3175476fb34ed7c3b42ed4e1 b68bb3eee8aa4da880698818692f961f - - 5c6c69f538aa47e4be7f1a92d8fac82c 5c6c69f538aa47e4be7f1a92d8fac82c] Successfully bumped revision number for resource d145f656-37f5-4253-8d0b-26f290acbdf7 (type: ports) to 2
2026-06-15 21:06:52.546 9 INFO neutron.wsgi [req-6ae4c6af-37a0-40e1-a129-59939ca0d8d1 req-cd95ab09-6065-4df2-af6f-53f573a52eee 2153734f3175476fb34ed7c3b42ed4e1 b68bb3eee8aa4da880698818692f961f - - 5c6c69f538aa47e4be7f1a92d8fac82c 5c6c69f538aa47e4be7f1a92d8fac82c] 10.0.0.190 "GET /v2.0/ports?device_id=4a142ee0-f5fa-4786-b570-0e55baeaef12 HTTP/1.1" status: 200 len: 1413 time: 0.2136838 /var/lib/openstack/lib/python3.10/site-packages/pycadf/identifier.py:71: UserWarning: Invalid uuid: neutron. To ensure interoperability, identifiers should be a valid uuid. warnings.warn(('Invalid uuid: %s. To ensure interoperability, '
2026-06-15 21:06:52.607 9 INFO neutron.wsgi [req-6ae4c6af-37a0-40e1-a129-59939ca0d8d1 req-e1800ce1-753f-4a34-b6d1-2e38da83eb12 2153734f3175476fb34ed7c3b42ed4e1 b68bb3eee8aa4da880698818692f961f - - 5c6c69f538aa47e4be7f1a92d8fac82c 5c6c69f538aa47e4be7f1a92d8fac82c] 10.0.0.190 "GET /v2.0/security-groups?id=913c703f-e015-4118-abe0-32f7ae9e13a3&fields=id&fields=name HTTP/1.1" status: 200 len: 312 time: 0.0529504
2026-06-15 21:06:52.744 8 INFO neutron.wsgi [req-a6c90ffe-f48d-48f8-ad10-0d6570b21ab1 req-abf9703d-0cb6-43c8-9819-660f7f27d17f e3a6e52713a24edfa43bc0c68c0a4daa 96175b25c62a4e2a92bfc671f74aebe4 - - default default] 10.0.0.69 "GET /v2.0/ports?device_id=96a9df22-b3a6-40fe-8413-3a644948ea2f HTTP/1.1" status: 200 len: 1172 time: 0.1496651 /var/lib/openstack/lib/python3.10/site-packages/pycadf/identifier.py:71: UserWarning: Invalid uuid: neutron. To ensure interoperability, identifiers should be a valid uuid. warnings.warn(('Invalid uuid: %s. To ensure interoperability, '
2026-06-15 21:06:52.809 8 INFO neutron.wsgi [req-a6c90ffe-f48d-48f8-ad10-0d6570b21ab1 req-3776cfd1-e205-4d41-b494-4d96d0ad9476 e3a6e52713a24edfa43bc0c68c0a4daa 96175b25c62a4e2a92bfc671f74aebe4 - - default default] 10.0.0.69 "GET /v2.0/security-groups?id=13bcd574-3ba4-4a42-a273-458a24a0bd85&fields=id&fields=name HTTP/1.1" status: 200 len: 313 time: 0.0568135
2026-06-15 21:06:52.818 8 INFO neutron.db.ovn_revision_numbers_db [req-5e83d564-9875-425e-b818-b821b024b4aa req-a51b7dd7-4e44-4e33-85d2-c3dae5bbb765 2153734f3175476fb34ed7c3b42ed4e1 b68bb3eee8aa4da880698818692f961f - - 5c6c69f538aa47e4be7f1a92d8fac82c 5c6c69f538aa47e4be7f1a92d8fac82c] Successfully bumped revision number for resource d145f656-37f5-4253-8d0b-26f290acbdf7 (type: ports) to 2
2026-06-15 21:06:52.839 8 INFO neutron.wsgi [req-5e83d564-9875-425e-b818-b821b024b4aa req-a51b7dd7-4e44-4e33-85d2-c3dae5bbb765 2153734f3175476fb34ed7c3b42ed4e1 b68bb3eee8aa4da880698818692f961f - - 5c6c69f538aa47e4be7f1a92d8fac82c 5c6c69f538aa47e4be7f1a92d8fac82c] 199.204.45.113 "PUT /v2.0/ports/d145f656-37f5-4253-8d0b-26f290acbdf7 HTTP/1.1" status: 200 len: 1380 time: 1.1764362
2026-06-15 21:06:52.918 8 INFO neutron.wsgi [req-5e83d564-9875-425e-b818-b821b024b4aa req-e42d6ca0-e7fb-4c84-bcf5-1b9497633d09 2153734f3175476fb34ed7c3b42ed4e1 b68bb3eee8aa4da880698818692f961f - - 5c6c69f538aa47e4be7f1a92d8fac82c 5c6c69f538aa47e4be7f1a92d8fac82c] 199.204.45.113 "GET /v2.0/ports?tenant_id=2b8a1f0f5b3b427c935bd03c64a4b53b&device_id=b21dca56-b235-4600-959e-284fef1e59ed HTTP/1.1" status: 200 len: 1411 time: 0.0455632
2026-06-15 21:06:52.954 8 INFO neutron.wsgi [req-5e83d564-9875-425e-b818-b821b024b4aa req-0271ae9b-3121-4946-a1b1-60b45b84cf2c 2153734f3175476fb34ed7c3b42ed4e1 b68bb3eee8aa4da880698818692f961f - - 5c6c69f538aa47e4be7f1a92d8fac82c 5c6c69f538aa47e4be7f1a92d8fac82c] 199.204.45.113 "GET /v2.0/floatingips?fixed_ip_address=10.100.0.13&port_id=d145f656-37f5-4253-8d0b-26f290acbdf7 HTTP/1.1" status: 200 len: 217 time: 0.0280261
2026-06-15 21:06:53.002 8 INFO neutron.wsgi [req-5e83d564-9875-425e-b818-b821b024b4aa req-714d3c59-b16f-4a63-a6af-a51431f6473b 2153734f3175476fb34ed7c3b42ed4e1 b68bb3eee8aa4da880698818692f961f - - 5c6c69f538aa47e4be7f1a92d8fac82c 5c6c69f538aa47e4be7f1a92d8fac82c] 199.204.45.113 "GET /v2.0/subnets?id=a8129e22-d682-4ac0-af4f-2f43b11f7e82 HTTP/1.1" status: 200 len: 862 time: 0.0368502
2026-06-15 21:06:53.022 8 INFO neutron.wsgi [req-5e83d564-9875-425e-b818-b821b024b4aa req-cf0a9e99-f92e-4e30-b1d9-3f6e1f7e60a6 2153734f3175476fb34ed7c3b42ed4e1 b68bb3eee8aa4da880698818692f961f - - 5c6c69f538aa47e4be7f1a92d8fac82c 5c6c69f538aa47e4be7f1a92d8fac82c] 199.204.45.113 "GET /v2.0/ports?network_id=d8d998ca-cc98-4f40-8acd-82e3abf2cd1a&device_owner=network%3Adhcp HTTP/1.1" status: 200 len: 210 time: 0.0152533
2026-06-15 21:06:53.072 8 INFO neutron.notifiers.nova [-] Nova event matching ['req-25ba4702-6a07-4a22-a04c-c282ab7384d8'] response: {'name': 'network-changed', 'server_uuid': 'b21dca56-b235-4600-959e-284fef1e59ed', 'tag': 'd145f656-37f5-4253-8d0b-26f290acbdf7', 'status': 'completed', 'code': 200}
