2026-06-15 21:08:52.380 9 WARNING neutron.api.rpc.agentnotifiers.dhcp_rpc_agent_api [None req-caf97d74-a67b-46a5-8049-7f04a7a29b46 4f1a5f727ac84abfbd9dcaf67cc88fe5 1c6c5d5e7e0c40b3a6ccb278d468067d - - default default] Unable to schedule network 98f92b64-effa-4da4-a20a-46515691411c: no agents available; will retry on subsequent port and subnet creation events.
2026-06-15 21:08:52.397 8 INFO neutron.plugins.ml2.drivers.ovn.mech_driver.mech_driver [None req-35061bee-1e91-415d-b631-05ad3f2854ba - - - - - -] OVN reports status up for port: 97a974a4-f7f1-4c58-9209-fba5298286c2
2026-06-15 21:08:52.430 8 INFO neutron.plugins.ml2.plugin [None req-35061bee-1e91-415d-b631-05ad3f2854ba - - - - - -] Attempt 1 to provision port 97a974a4-f7f1-4c58-9209-fba5298286c2
2026-06-15 21:08:52.464 8 INFO neutron.wsgi [req-f3846e47-214e-45c0-98e0-73b8f931de34 req-e46734a7-221d-44eb-8cd8-4a26489fd38a 2153734f3175476fb34ed7c3b42ed4e1 b68bb3eee8aa4da880698818692f961f - - 5c6c69f538aa47e4be7f1a92d8fac82c 5c6c69f538aa47e4be7f1a92d8fac82c] 199.204.45.113 "GET /v2.0/networks/a3d60d33-8c28-4243-94f1-8ec33c860b47?fields=provider%3Aphysical_network&fields=provider%3Anetwork_type HTTP/1.1" status: 200 len: 277 time: 0.1187956
2026-06-15 21:08:52.492 9 INFO neutron.db.ovn_revision_numbers_db [None req-caf97d74-a67b-46a5-8049-7f04a7a29b46 4f1a5f727ac84abfbd9dcaf67cc88fe5 1c6c5d5e7e0c40b3a6ccb278d468067d - - default default] Successfully bumped revision number for resource 408af51e-5781-49a0-9e15-8789bba4d8bf (type: ports) to 1
2026-06-15 21:08:52.517 9 INFO neutron.wsgi [None req-caf97d74-a67b-46a5-8049-7f04a7a29b46 4f1a5f727ac84abfbd9dcaf67cc88fe5 1c6c5d5e7e0c40b3a6ccb278d468067d - - default default] 10.0.0.34 "POST /v2.0/networks HTTP/1.1" status: 201 len: 831 time: 0.5816472
2026-06-15 21:08:52.574 9 INFO neutron.wsgi [None req-ac221d97-d7c0-4bc4-a00e-244507121ecc 4f1a5f727ac84abfbd9dcaf67cc88fe5 1c6c5d5e7e0c40b3a6ccb278d468067d - - default default] 10.0.0.34 "PUT /v2.0/networks/7c7f5273-96e3-4578-92fc-81be3188fad7/tags HTTP/1.1" status: 200 len: 210 time: 0.0519407
2026-06-15 21:08:52.636 9 INFO neutron.wsgi [None req-c06ef337-f496-40bb-81f0-35d56117ecd3 4f1a5f727ac84abfbd9dcaf67cc88fe5 1c6c5d5e7e0c40b3a6ccb278d468067d - - default default] 10.0.0.34 "PUT /v2.0/networks/db9bfc9d-d74a-483d-8849-9fd2b9186cd3/tags HTTP/1.1" status: 200 len: 218 time: 0.0535221
2026-06-15 21:08:52.667 8 INFO neutron.wsgi [None req-0f259637-aee9-4d69-983e-d4495c177921 262b6950fd8e42b7a69f9ec0d81f83bf a0c2fdaddc014b4f80713b19e5cc4e72 - - default default] 10.0.0.34 "DELETE /v2.0/security-groups/39d1d632-4938-4df7-b13e-d48f0eef320c HTTP/1.1" status: 204 len: 168 time: 0.8116989
2026-06-15 21:08:52.708 9 INFO neutron.wsgi [None req-02498ed1-baa7-47b7-8dac-ee1f3d978b25 4f1a5f727ac84abfbd9dcaf67cc88fe5 1c6c5d5e7e0c40b3a6ccb278d468067d - - default default] 10.0.0.34 "PUT /v2.0/networks/1f9ed7f0-8f4f-425c-96aa-7b6a8adc5a52/tags HTTP/1.1" status: 200 len: 227 time: 0.0648205
2026-06-15 21:08:52.778 9 INFO neutron.wsgi [None req-ee35b5d5-0329-437f-b291-ac79556764b9 4f1a5f727ac84abfbd9dcaf67cc88fe5 1c6c5d5e7e0c40b3a6ccb278d468067d - - default default] 10.0.0.34 "PUT /v2.0/networks/1c3c4e7e-ed7b-475f-8318-5e40082c2cdc/tags HTTP/1.1" status: 200 len: 212 time: 0.0515742
2026-06-15 21:08:52.845 8 INFO neutron.services.segments.plugin [-] Segment b9e1e1ce-ab77-4cca-a1eb-ca777a716baa resource provider aggregate not found
2026-06-15 21:08:52.856 9 INFO neutron.wsgi [None req-aa602929-0211-47fe-ab22-43945d90b1cf 4f1a5f727ac84abfbd9dcaf67cc88fe5 1c6c5d5e7e0c40b3a6ccb278d468067d - - default default] 10.0.0.34 "GET /v2.0/networks?tags=red HTTP/1.1" status: 200 len: 2067 time: 0.0694087
2026-06-15 21:08:52.860 8 INFO neutron.services.segments.plugin [-] Segment b9e1e1ce-ab77-4cca-a1eb-ca777a716baa resource provider aggregate not found
2026-06-15 21:08:52.866 8 INFO neutron.services.segments.plugin [-] Segment b9e1e1ce-ab77-4cca-a1eb-ca777a716baa resource provider not found; error: Placement Client Error (4xx): {"errors": [{"status": 404, "title": "Not Found", "detail": "The resource could not be found.\n\n No resource provider with uuid b9e1e1ce-ab77-4cca-a1eb-ca777a716baa found for delete ", "request_id": "req-764b3302-df20-4b21-8804-65c0b7531b33"}]}
2026-06-15 21:08:52.879 8 INFO neutron.services.segments.plugin [-] Segment b9e1e1ce-ab77-4cca-a1eb-ca777a716baa resource provider not found; error: Placement Client Error (4xx): {"errors": [{"status": 404, "title": "Not Found", "detail": "The resource could not be found.\n\n No resource provider with uuid b9e1e1ce-ab77-4cca-a1eb-ca777a716baa found for delete ", "request_id": "req-1c48e364-2fdc-4ef5-81d8-27690c459fd3"}]}
2026-06-15 21:08:52.888 8 INFO neutron.db.ovn_revision_numbers_db [None req-35061bee-1e91-415d-b631-05ad3f2854ba - - - - - -] Successfully bumped revision number for resource 97a974a4-f7f1-4c58-9209-fba5298286c2 (type: ports) to 4
2026-06-15 21:08:52.923 9 INFO neutron.wsgi [None req-09c11be1-1170-4684-9694-090c77490446 4f1a5f727ac84abfbd9dcaf67cc88fe5 1c6c5d5e7e0c40b3a6ccb278d468067d - - default default] 10.0.0.34 "GET /v2.0/networks?tags=red%2Cblue HTTP/1.1" status: 200 len: 1454 time: 0.0606434
2026-06-15 21:08:52.926 8 INFO neutron.wsgi [None req-fc0e6222-20da-4c31-a664-a410c53c2fc9 41a1412b0b564485bd7f5e565a77dae7 11526a9379a84123a6e9860ee033e5e7 - - default default] 10.0.0.34 "DELETE /v2.0/networks/976dacdf-4413-4bb8-8a06-0edf8160d188 HTTP/1.1" status: 204 len: 168 time: 1.2963274
2026-06-15 21:08:52.974 9 INFO neutron.pecan_wsgi.hooks.translation [None req-622cad35-32a4-43e1-ad4f-f0c99899cbf0 41a1412b0b564485bd7f5e565a77dae7 11526a9379a84123a6e9860ee033e5e7 - - default default] DELETE failed (client error): The resource could not be found.
2026-06-15 21:08:52.977 9 INFO neutron.wsgi [None req-622cad35-32a4-43e1-ad4f-f0c99899cbf0 41a1412b0b564485bd7f5e565a77dae7 11526a9379a84123a6e9860ee033e5e7 - - default default] 10.0.0.34 "DELETE /v2.0/networks/976dacdf-4413-4bb8-8a06-0edf8160d188 HTTP/1.1" status: 404 len: 339 time: 0.0453558
2026-06-15 21:08:53.153 8 INFO neutron.notifiers.nova [-] Nova event matching ['req-83481ecf-8e2c-4d8b-8671-f0b7c41031fb'] response: {'server_uuid': '22252f89-6b6a-434f-88ca-b0213af5f922', 'name': 'network-vif-plugged', 'status': 'completed', 'tag': '97a974a4-f7f1-4c58-9209-fba5298286c2', 'code': 200}
2026-06-15 21:08:53.153 8 INFO neutron.notifiers.nova [-] Nova event matching ['req-83481ecf-8e2c-4d8b-8671-f0b7c41031fb'] response: {'server_uuid': '22252f89-6b6a-434f-88ca-b0213af5f922', 'name': 'network-vif-plugged', 'status': 'completed', 'tag': '97a974a4-f7f1-4c58-9209-fba5298286c2', 'code': 200}
2026-06-15 21:08:53.456 9 INFO neutron.wsgi [None req-1ff2d980-b9c8-4278-9cbe-9ea8441d404a 4f1a5f727ac84abfbd9dcaf67cc88fe5 1c6c5d5e7e0c40b3a6ccb278d468067d - - default default] 10.0.0.34 "GET /v2.0/networks?tags-any=blue HTTP/1.1" status: 200 len: 1454 time: 0.5238354 /var/lib/openstack/lib/python3.10/site-packages/pycadf/identifier.py:71: UserWarning: Invalid uuid: neutron. To ensure interoperability, identifiers should be a valid uuid. warnings.warn(('Invalid uuid: %s. To ensure interoperability, '
2026-06-15 21:08:53.494 9 INFO neutron.wsgi [None req-b7ba2037-bc9a-4659-aeef-2faaf2e7daea 41a1412b0b564485bd7f5e565a77dae7 11526a9379a84123a6e9860ee033e5e7 - - default default] 10.0.0.34 "GET /v2.0/networks?router%3Aexternal=True HTTP/1.1" status: 200 len: 845 time: 0.5103154
2026-06-15 21:08:53.566 9 INFO neutron.wsgi [None req-87b994f9-aa2b-470d-9dfe-c47911dba6ca 41a1412b0b564485bd7f5e565a77dae7 11526a9379a84123a6e9860ee033e5e7 - - default default] 10.0.0.34 "GET /v2.0/subnets?network_id=67aac509-6b01-46ef-8bd1-ae0db20a55b4 HTTP/1.1" status: 200 len: 820 time: 0.0630078
2026-06-15 21:08:53.583 9 INFO neutron.wsgi [None req-54d2b07d-2ec9-411c-82c1-f82778a1ab73 41a1412b0b564485bd7f5e565a77dae7 11526a9379a84123a6e9860ee033e5e7 - - default default] 10.0.0.34 "GET /v2.0/extensions HTTP/1.1" status: 200 len: 18678 time: 0.0104990
2026-06-15 21:08:53.591 8 INFO neutron.wsgi [None req-ada83366-5880-4715-94c8-8d0df99e7a80 4f1a5f727ac84abfbd9dcaf67cc88fe5 1c6c5d5e7e0c40b3a6ccb278d468067d - - default default] 10.0.0.34 "GET /v2.0/networks?tags-any=red%2Cblue HTTP/1.1" status: 200 len: 2067 time: 0.1245363
2026-06-15 21:08:53.676 8 INFO neutron.wsgi [req-eb36082f-1dc8-463e-80a9-80ebbad7e8ba req-1e43e5c6-e4bf-4cbb-9711-9f9c67f91ca9 4b9d040af59b49068789183ddd77e7fc 958ca276cdb04ff6a325dc6c23f6292b - - default default] 10.0.0.69 "GET /v2.0/ports?device_id=22252f89-6b6a-434f-88ca-b0213af5f922 HTTP/1.1" status: 200 len: 1210 time: 0.1977887
2026-06-15 21:08:53.715 9 INFO neutron.wsgi [None req-fc6e2b86-ee9b-46fb-8c5a-86f94e35bcfc 41a1412b0b564485bd7f5e565a77dae7 11526a9379a84123a6e9860ee033e5e7 - - default default] 10.0.0.34 "GET /v2.0/networks HTTP/1.1" status: 200 len: 1503 time: 0.1235213
2026-06-15 21:08:53.733 8 INFO neutron.wsgi [None req-e80288f1-0173-44be-942b-51bee5f86718 4f1a5f727ac84abfbd9dcaf67cc88fe5 1c6c5d5e7e0c40b3a6ccb278d468067d - - default default] 10.0.0.34 "GET /v2.0/networks?not-tags=red HTTP/1.1" status: 200 len: 2069 time: 0.1351049
2026-06-15 21:08:53.739 8 INFO neutron.wsgi [req-eb36082f-1dc8-463e-80a9-80ebbad7e8ba req-f301639a-83f1-491f-9e3f-d37d1d3fed5e 4b9d040af59b49068789183ddd77e7fc 958ca276cdb04ff6a325dc6c23f6292b - - default default] 10.0.0.69 "GET /v2.0/security-groups?id=84775eda-c761-41b9-a92f-a2f9c73ba15b&id=61c7e22c-8eda-4d30-941b-5c8084ac6c2d&fields=id&fields=name HTTP/1.1" status: 200 len: 406 time: 0.0522356
2026-06-15 21:08:53.783 9 INFO neutron.wsgi [None req-0b3e55f6-ea62-4ac6-be9a-cf026b93ade2 41a1412b0b564485bd7f5e565a77dae7 11526a9379a84123a6e9860ee033e5e7 - - default default] 10.0.0.34 "GET /v2.0/subnets HTTP/1.1" status: 200 len: 1428 time: 0.0569773
2026-06-15 21:08:53.860 9 INFO neutron.wsgi [None req-fa150e7c-af0e-44ba-ac3f-8173e169bc84 41a1412b0b564485bd7f5e565a77dae7 11526a9379a84123a6e9860ee033e5e7 - - default default] 10.0.0.34 "GET /v2.0/networks/7d88a575-9ad4-4548-8cfb-e1a15191923e HTTP/1.1" status: 200 len: 862 time: 0.0716672
2026-06-15 21:08:53.867 8 INFO neutron.wsgi [req-89d09ad0-79d1-44b5-ba4e-8aca555cb38b req-01ec59ea-8e65-4f87-b81b-90643daf6fef 4b9d040af59b49068789183ddd77e7fc 958ca276cdb04ff6a325dc6c23f6292b - - default default] 10.0.0.69 "GET /v2.0/ports?device_id=22252f89-6b6a-434f-88ca-b0213af5f922 HTTP/1.1" status: 200 len: 1210 time: 0.0503767
2026-06-15 21:08:53.876 8 INFO neutron.wsgi [None req-5cc86caa-0b6b-400c-becc-d32aa3e0c2a0 4f1a5f727ac84abfbd9dcaf67cc88fe5 1c6c5d5e7e0c40b3a6ccb278d468067d - - default default] 10.0.0.34 "GET /v2.0/networks?not-tags=red%2Cblue HTTP/1.1" status: 200 len: 2682 time: 0.1300271
2026-06-15 21:08:53.936 9 INFO neutron.wsgi [None req-af665da1-0132-48c0-802f-9a5026a33592 41a1412b0b564485bd7f5e565a77dae7 11526a9379a84123a6e9860ee033e5e7 - - default default] 10.0.0.34 "GET /v2.0/subnets/28a849de-ffe5-4463-8997-13eec39da579 HTTP/1.1" status: 200 len: 811 time: 0.0707860
2026-06-15 21:08:53.962 8 INFO neutron.pecan_wsgi.hooks.translation [None req-47085bca-4d38-4aef-bd8e-d0d7a559c583 41a1412b0b564485bd7f5e565a77dae7 11526a9379a84123a6e9860ee033e5e7 - - default default] DELETE failed (client error): The resource could not be found.
2026-06-15 21:08:53.964 8 INFO neutron.wsgi [None req-47085bca-4d38-4aef-bd8e-d0d7a559c583 41a1412b0b564485bd7f5e565a77dae7 11526a9379a84123a6e9860ee033e5e7 - - default default] 10.0.0.34 "DELETE /v2.0/subnets/ffa4bb27-5a67-40d6-9686-8a8144de5b88 HTTP/1.1" status: 404 len: 337 time: 0.0245318
2026-06-15 21:08:53.990 9 INFO neutron.pecan_wsgi.hooks.translation [None req-efdb2806-6b51-418f-b3f5-edcac51dfb66 41a1412b0b564485bd7f5e565a77dae7 11526a9379a84123a6e9860ee033e5e7 - - default default] DELETE failed (client error): The resource could not be found.
2026-06-15 21:08:53.992 9 INFO neutron.wsgi [None req-efdb2806-6b51-418f-b3f5-edcac51dfb66 41a1412b0b564485bd7f5e565a77dae7 11526a9379a84123a6e9860ee033e5e7 - - default default] 10.0.0.34 "DELETE /v2.0/networks/976dacdf-4413-4bb8-8a06-0edf8160d188 HTTP/1.1" status: 404 len: 339 time: 0.0212326
2026-06-15 21:08:54.012 9 INFO neutron.wsgi [None req-9ce076be-2c15-414e-80f9-bec561587c8a 4f1a5f727ac84abfbd9dcaf67cc88fe5 1c6c5d5e7e0c40b3a6ccb278d468067d - - default default] 10.0.0.34 "GET /v2.0/networks?not-tags-any=blue HTTP/1.1" status: 200 len: 2682 time: 0.1300864
2026-06-15 21:08:54.178 8 INFO neutron.wsgi [None req-aef6a780-79a7-4c65-b6b6-6885ace675a2 4f1a5f727ac84abfbd9dcaf67cc88fe5 1c6c5d5e7e0c40b3a6ccb278d468067d - - default default] 10.0.0.34 "GET /v2.0/networks?not-tags-any=red%2Cblue HTTP/1.1" status: 200 len: 2069 time: 0.1588407
2026-06-15 21:08:54.314 9 INFO neutron.wsgi [None req-8f10a2f2-f060-42bc-95ee-7c3c1a391725 41a1412b0b564485bd7f5e565a77dae7 11526a9379a84123a6e9860ee033e5e7 - - default default] 10.0.0.34 "DELETE /v2.0/subnets/28a849de-ffe5-4463-8997-13eec39da579 HTTP/1.1" status: 204 len: 168 time: 0.3150475
2026-06-15 21:08:54.725 9 INFO neutron.services.segments.plugin [-] Segment 303fa119-48ce-431d-b100-308ebe8ae9c0 resource provider aggregate not found
2026-06-15 21:08:54.731 9 INFO neutron.services.segments.plugin [-] Segment 303fa119-48ce-431d-b100-308ebe8ae9c0 resource provider aggregate not found
2026-06-15 21:08:54.741 9 INFO neutron.wsgi [None req-ca7d44c2-ea8d-4261-8ac7-a699f418c153 4f1a5f727ac84abfbd9dcaf67cc88fe5 1c6c5d5e7e0c40b3a6ccb278d468067d - - default default] 10.0.0.34 "DELETE /v2.0/networks/7c7f5273-96e3-4578-92fc-81be3188fad7 HTTP/1.1" status: 204 len: 168 time: 0.5539494
2026-06-15 21:08:54.748 9 INFO neutron.services.segments.plugin [-] Segment 303fa119-48ce-431d-b100-308ebe8ae9c0 resource provider not found; error: Placement Client Error (4xx): {"errors": [{"status": 404, "title": "Not Found", "detail": "The resource could not be found.\n\n No resource provider with uuid 303fa119-48ce-431d-b100-308ebe8ae9c0 found for delete ", "request_id": "req-27650d94-67c4-4d96-afc9-bfa3d0dd8b9d"}]}
2026-06-15 21:08:54.748 9 INFO neutron.services.segments.plugin [-] Segment 303fa119-48ce-431d-b100-308ebe8ae9c0 resource provider not found; error: Placement Client Error (4xx): {"errors": [{"status": 404, "title": "Not Found", "detail": "The resource could not be found.\n\n No resource provider with uuid 303fa119-48ce-431d-b100-308ebe8ae9c0 found for delete ", "request_id": "req-cf697913-8d87-4695-a650-9e44d7fc6460"}]}
2026-06-15 21:08:54.875 9 INFO neutron.wsgi [None req-9cc91d71-ec6a-4594-8343-4cfdd6e7e5f6 41a1412b0b564485bd7f5e565a77dae7 11526a9379a84123a6e9860ee033e5e7 - - default default] 10.0.0.34 "DELETE /v2.0/networks/7d88a575-9ad4-4548-8cfb-e1a15191923e HTTP/1.1" status: 204 len: 168 time: 0.5550232
2026-06-15 21:08:54.996 8 INFO neutron.db.ovn_revision_numbers_db [None req-b758ae25-bbca-4368-907b-22c95731af16 4b9d040af59b49068789183ddd77e7fc 958ca276cdb04ff6a325dc6c23f6292b - - default default] Successfully bumped revision number for resource 88310089-2d76-40c6-b8b8-04d89e09362e (type: floatingips) to 1
2026-06-15 21:08:55.154 8 INFO neutron.db.ovn_revision_numbers_db [None req-b758ae25-bbca-4368-907b-22c95731af16 4b9d040af59b49068789183ddd77e7fc 958ca276cdb04ff6a325dc6c23f6292b - - default default] Successfully bumped revision number for resource 88310089-2d76-40c6-b8b8-04d89e09362e (type: floatingips) to 2
2026-06-15 21:08:55.154 8 INFO neutron.db.l3_db [None req-b758ae25-bbca-4368-907b-22c95731af16 4b9d040af59b49068789183ddd77e7fc 958ca276cdb04ff6a325dc6c23f6292b - - default default] Floating IP 88310089-2d76-40c6-b8b8-04d89e09362e associated. External IP: 10.96.250.218, port: 97a974a4-f7f1-4c58-9209-fba5298286c2.
2026-06-15 21:08:55.187 8 INFO neutron.wsgi [None req-b758ae25-bbca-4368-907b-22c95731af16 4b9d040af59b49068789183ddd77e7fc 958ca276cdb04ff6a325dc6c23f6292b - - default default] 10.0.0.34 "PUT /v2.0/floatingips/88310089-2d76-40c6-b8b8-04d89e09362e HTTP/1.1" status: 200 len: 1049 time: 1.3069212
2026-06-15 21:08:55.237 8 INFO neutron.notifiers.nova [-] Nova event matching ['req-7cdf8c94-4f5c-428a-b4f3-1799851e137e'] response: {'name': 'network-changed', 'server_uuid': '22252f89-6b6a-434f-88ca-b0213af5f922', 'tag': '97a974a4-f7f1-4c58-9209-fba5298286c2', 'status': 'completed', 'code': 200} /var/lib/openstack/lib/python3.10/site-packages/pycadf/identifier.py:71: UserWarning: Invalid uuid: neutron. To ensure interoperability, identifiers should be a valid uuid. warnings.warn(('Invalid uuid: %s. To ensure interoperability, '
2026-06-15 21:08:55.300 8 INFO neutron.services.segments.plugin [-] Segment 7298a07c-d170-4d02-9dde-d55763f1ed14 resource provider aggregate not found
2026-06-15 21:08:55.303 8 INFO neutron.services.segments.plugin [-] Segment 7298a07c-d170-4d02-9dde-d55763f1ed14 resource provider aggregate not found
2026-06-15 21:08:55.329 8 INFO neutron.wsgi [req-8b445c0a-a984-4d5c-9fc5-13b8fad082c3 req-5e9f2e9c-e255-42bf-bf7b-19275bbb6e10 2153734f3175476fb34ed7c3b42ed4e1 b68bb3eee8aa4da880698818692f961f - - 5c6c69f538aa47e4be7f1a92d8fac82c 5c6c69f538aa47e4be7f1a92d8fac82c] 199.204.45.113 "GET /v2.0/ports?tenant_id=958ca276cdb04ff6a325dc6c23f6292b&device_id=22252f89-6b6a-434f-88ca-b0213af5f922 HTTP/1.1" status: 200 len: 1448 time: 0.0752339
2026-06-15 21:08:55.330 8 INFO neutron.services.segments.plugin [-] Segment 7298a07c-d170-4d02-9dde-d55763f1ed14 resource provider not found; error: Placement Client Error (4xx): {"errors": [{"status": 404, "title": "Not Found", "detail": "The resource could not be found.\n\n No resource provider with uuid 7298a07c-d170-4d02-9dde-d55763f1ed14 found for delete ", "request_id": "req-d5cb5fed-db97-4e26-a1d5-9a6b58077a94"}]}
2026-06-15 21:08:55.331 8 INFO neutron.services.segments.plugin [-] Segment 7298a07c-d170-4d02-9dde-d55763f1ed14 resource provider not found; error: Placement Client Error (4xx): {"errors": [{"status": 404, "title": "Not Found", "detail": "The resource could not be found.\n\n No resource provider with uuid 7298a07c-d170-4d02-9dde-d55763f1ed14 found for delete ", "request_id": "req-0349f9f1-bcbb-4260-bc7c-c700ab888b32"}]}
2026-06-15 21:08:55.353 8 INFO neutron.wsgi [None req-d0a250f0-6142-4203-ade1-9aea6b5bc7f2 4f1a5f727ac84abfbd9dcaf67cc88fe5 1c6c5d5e7e0c40b3a6ccb278d468067d - - default default] 10.0.0.34 "DELETE /v2.0/networks/db9bfc9d-d74a-483d-8849-9fd2b9186cd3 HTTP/1.1" status: 204 len: 168 time: 0.6069584
2026-06-15 21:08:55.401 8 INFO neutron.wsgi [req-8b445c0a-a984-4d5c-9fc5-13b8fad082c3 req-208f467c-935c-4a3b-b6d3-45c8a6214704 2153734f3175476fb34ed7c3b42ed4e1 b68bb3eee8aa4da880698818692f961f - - 5c6c69f538aa47e4be7f1a92d8fac82c 5c6c69f538aa47e4be7f1a92d8fac82c] 199.204.45.113 "GET /v2.0/networks?id=a3d60d33-8c28-4243-94f1-8ec33c860b47 HTTP/1.1" status: 200 len: 971 time: 0.0659618
2026-06-15 21:08:55.465 8 INFO neutron.wsgi [req-8b445c0a-a984-4d5c-9fc5-13b8fad082c3 req-8f6c96ba-65ef-4643-b59b-faf6a3967d61 2153734f3175476fb34ed7c3b42ed4e1 b68bb3eee8aa4da880698818692f961f - - 5c6c69f538aa47e4be7f1a92d8fac82c 5c6c69f538aa47e4be7f1a92d8fac82c] 199.204.45.113 "GET /v2.0/floatingips?fixed_ip_address=10.100.0.5&port_id=97a974a4-f7f1-4c58-9209-fba5298286c2 HTTP/1.1" status: 200 len: 1059 time: 0.0591600
2026-06-15 21:08:55.512 8 INFO neutron.wsgi [req-8b445c0a-a984-4d5c-9fc5-13b8fad082c3 req-667fef30-b482-4b47-8a1c-6b952529eb2e 2153734f3175476fb34ed7c3b42ed4e1 b68bb3eee8aa4da880698818692f961f - - 5c6c69f538aa47e4be7f1a92d8fac82c 5c6c69f538aa47e4be7f1a92d8fac82c] 199.204.45.113 "GET /v2.0/subnets?id=6f3975e5-9bc6-4737-9868-ace27b7d81e5 HTTP/1.1" status: 200 len: 866 time: 0.0408225
2026-06-15 21:08:55.541 8 INFO neutron.wsgi [req-8b445c0a-a984-4d5c-9fc5-13b8fad082c3 req-b3796692-d3d1-47c0-891b-363ae00ac7ce 2153734f3175476fb34ed7c3b42ed4e1 b68bb3eee8aa4da880698818692f961f - - 5c6c69f538aa47e4be7f1a92d8fac82c 5c6c69f538aa47e4be7f1a92d8fac82c] 199.204.45.113 "GET /v2.0/ports?network_id=a3d60d33-8c28-4243-94f1-8ec33c860b47&device_owner=network%3Adhcp HTTP/1.1" status: 200 len: 210 time: 0.0225532
2026-06-15 21:08:55.640 8 INFO neutron.wsgi [None req-44dc8eda-f8bc-4013-aa16-8e33e5253857 262b6950fd8e42b7a69f9ec0d81f83bf a0c2fdaddc014b4f80713b19e5cc4e72 - - default default] 10.0.0.34 "GET /v2.0/security-groups?tenant_id=11526a9379a84123a6e9860ee033e5e7&name=default HTTP/1.1" status: 200 len: 3120 time: 0.2552474
2026-06-15 21:08:55.642 8 INFO neutron.wsgi [req-8b445c0a-a984-4d5c-9fc5-13b8fad082c3 req-0f2393e5-9849-4519-acde-1ba828f699f3 2153734f3175476fb34ed7c3b42ed4e1 b68bb3eee8aa4da880698818692f961f - - 5c6c69f538aa47e4be7f1a92d8fac82c 5c6c69f538aa47e4be7f1a92d8fac82c] 199.204.45.113 "GET /v2.0/networks/a3d60d33-8c28-4243-94f1-8ec33c860b47?fields=segments HTTP/1.1" status: 200 len: 212 time: 0.0936663
2026-06-15 21:08:55.719 8 INFO neutron.wsgi [req-8b445c0a-a984-4d5c-9fc5-13b8fad082c3 req-a938e37f-e0d2-4e10-b219-7df5572d5add 2153734f3175476fb34ed7c3b42ed4e1 b68bb3eee8aa4da880698818692f961f - - 5c6c69f538aa47e4be7f1a92d8fac82c 5c6c69f538aa47e4be7f1a92d8fac82c] 199.204.45.113 "GET /v2.0/networks/a3d60d33-8c28-4243-94f1-8ec33c860b47?fields=provider%3Aphysical_network&fields=provider%3Anetwork_type HTTP/1.1" status: 200 len: 277 time: 0.0677152
2026-06-15 21:08:55.809 9 INFO neutron.wsgi [None req-3c16999b-a551-4b87-894e-43522c6602de 4f1a5f727ac84abfbd9dcaf67cc88fe5 1c6c5d5e7e0c40b3a6ccb278d468067d - - default default] 10.0.0.34 "DELETE /v2.0/networks/1f9ed7f0-8f4f-425c-96aa-7b6a8adc5a52 HTTP/1.1" status: 204 len: 168 time: 0.4511793
2026-06-15 21:08:55.917 8 INFO neutron.wsgi [None req-f73e187b-82e8-4500-a386-4d9aa60bac57 262b6950fd8e42b7a69f9ec0d81f83bf a0c2fdaddc014b4f80713b19e5cc4e72 - - default default] 10.0.0.34 "DELETE /v2.0/security-groups/a99d168b-94e4-4b1f-a0f3-331560a40e47 HTTP/1.1" status: 204 len: 168 time: 0.2702241
2026-06-15 21:08:56.223 8 INFO neutron.wsgi [None req-0f14e952-6188-46d6-b691-2cadcb1b41df 4f1a5f727ac84abfbd9dcaf67cc88fe5 1c6c5d5e7e0c40b3a6ccb278d468067d - - default default] 10.0.0.34 "DELETE /v2.0/networks/1c3c4e7e-ed7b-475f-8318-5e40082c2cdc HTTP/1.1" status: 204 len: 168 time: 0.4059124
2026-06-15 21:08:56.644 9 INFO neutron.wsgi [None req-53812f82-bb87-48e7-91a7-da44b456c583 4f1a5f727ac84abfbd9dcaf67cc88fe5 1c6c5d5e7e0c40b3a6ccb278d468067d - - default default] 10.0.0.34 "DELETE /v2.0/networks/98f92b64-effa-4da4-a20a-46515691411c HTTP/1.1" status: 204 len: 168 time: 0.4148557
2026-06-15 21:08:56.768 9 INFO neutron.services.segments.plugin [-] Segment 191edb6b-6ca8-49bc-b76e-03d0d1a02c27 resource provider aggregate not found
2026-06-15 21:08:56.780 9 INFO neutron.services.segments.plugin [-] Segment 191edb6b-6ca8-49bc-b76e-03d0d1a02c27 resource provider not found; error: Placement Client Error (4xx): {"errors": [{"status": 404, "title": "Not Found", "detail": "The resource could not be found.\n\n No resource provider with uuid 191edb6b-6ca8-49bc-b76e-03d0d1a02c27 found for delete ", "request_id": "req-429eb6b3-e2fa-4236-8f77-52c2b83c172d"}]}
2026-06-15 21:08:56.792 9 INFO neutron.services.segments.plugin [-] Segment 191edb6b-6ca8-49bc-b76e-03d0d1a02c27 resource provider aggregate not found
2026-06-15 21:08:56.798 9 INFO neutron.services.segments.plugin [-] Segment 870e3532-fdde-4df5-af48-0fb2a7e3e838 resource provider aggregate not found
2026-06-15 21:08:56.809 9 INFO neutron.services.segments.plugin [-] Segment 870e3532-fdde-4df5-af48-0fb2a7e3e838 resource provider not found; error: Placement Client Error (4xx): {"errors": [{"status": 404, "title": "Not Found", "detail": "The resource could not be found.\n\n No resource provider with uuid 870e3532-fdde-4df5-af48-0fb2a7e3e838 found for delete ", "request_id": "req-d5225116-bb91-41fd-baa0-b03190cccd9f"}]}
2026-06-15 21:08:56.817 9 INFO neutron.services.segments.plugin [-] Segment 191edb6b-6ca8-49bc-b76e-03d0d1a02c27 resource provider not found; error: Placement Client Error (4xx): {"errors": [{"status": 404, "title": "Not Found", "detail": "The resource could not be found.\n\n No resource provider with uuid 191edb6b-6ca8-49bc-b76e-03d0d1a02c27 found for delete ", "request_id": "req-888796f6-4525-4c37-99f3-9ae946330364"}]}
2026-06-15 21:08:56.824 9 INFO neutron.services.segments.plugin [-] Segment cec49b28-776d-4e7f-86c7-a6ff8aac3f24 resource provider aggregate not found
2026-06-15 21:08:56.833 9 INFO neutron.services.segments.plugin [-] Segment cec49b28-776d-4e7f-86c7-a6ff8aac3f24 resource provider not found; error: Placement Client Error (4xx): {"errors": [{"status": 404, "title": "Not Found", "detail": "The resource could not be found.\n\n No resource provider with uuid cec49b28-776d-4e7f-86c7-a6ff8aac3f24 found for delete ", "request_id": "req-222163d4-f046-4755-b76d-c0fb14bc4896"}]}
2026-06-15 21:08:56.834 9 INFO neutron.services.segments.plugin [-] Segment 870e3532-fdde-4df5-af48-0fb2a7e3e838 resource provider aggregate not found
2026-06-15 21:08:56.844 9 INFO neutron.services.segments.plugin [-] Segment 870e3532-fdde-4df5-af48-0fb2a7e3e838 resource provider not found; error: Placement Client Error (4xx): {"errors": [{"status": 404, "title": "Not Found", "detail": "The resource could not be found.\n\n No resource provider with uuid 870e3532-fdde-4df5-af48-0fb2a7e3e838 found for delete ", "request_id": "req-d15c8e7a-ea56-4bfd-badb-e4251984a4db"}]}
2026-06-15 21:08:56.859 9 INFO neutron.services.segments.plugin [-] Segment cec49b28-776d-4e7f-86c7-a6ff8aac3f24 resource provider aggregate not found
2026-06-15 21:08:56.878 9 INFO neutron.services.segments.plugin [-] Segment cec49b28-776d-4e7f-86c7-a6ff8aac3f24 resource provider not found; error: Placement Client Error (4xx): {"errors": [{"status": 404, "title": "Not Found", "detail": "The resource could not be found.\n\n No resource provider with uuid cec49b28-776d-4e7f-86c7-a6ff8aac3f24 found for delete ", "request_id": "req-2274ed0d-a2df-42a5-8f59-c6f9da189abe"}]}
2026-06-15 21:08:57.356 8 INFO neutron.services.segments.plugin [-] Segment e9cac9a1-6d0a-43cd-b5ce-9e3955e896ff resource provider aggregate not found
2026-06-15 21:08:57.362 8 INFO neutron.services.segments.plugin [-] Segment e9cac9a1-6d0a-43cd-b5ce-9e3955e896ff resource provider aggregate not found
2026-06-15 21:08:57.377 8 INFO neutron.services.segments.plugin [-] Segment e9cac9a1-6d0a-43cd-b5ce-9e3955e896ff resource provider not found; error: Placement Client Error (4xx): {"errors": [{"status": 404, "title": "Not Found", "detail": "The resource could not be found.\n\n No resource provider with uuid e9cac9a1-6d0a-43cd-b5ce-9e3955e896ff found for delete ", "request_id": "req-86880967-367f-4df8-87f6-ca97e6c1c68a"}]}
2026-06-15 21:08:57.380 8 INFO neutron.services.segments.plugin [-] Segment e9cac9a1-6d0a-43cd-b5ce-9e3955e896ff resource provider not found; error: Placement Client Error (4xx): {"errors": [{"status": 404, "title": "Not Found", "detail": "The resource could not be found.\n\n No resource provider with uuid e9cac9a1-6d0a-43cd-b5ce-9e3955e896ff found for delete ", "request_id": "req-3cc8e01a-6da6-4a11-aa85-76fc7002ccf7"}]}
2026-06-15 21:08:57.666 9 INFO neutron.db.ovn_revision_numbers_db [None req-6b6a275e-f96e-4907-adcd-bc815d29c2df 262b6950fd8e42b7a69f9ec0d81f83bf a0c2fdaddc014b4f80713b19e5cc4e72 - - default default] Successfully bumped revision number for resource f3c1bb57-df3c-42da-96c6-15775757769a (type: security_groups) to 1
2026-06-15 21:08:57.670 8 INFO neutron.db.ovn_revision_numbers_db [None req-4606abd2-15ce-4104-bdde-20c3a8a9641d 262b6950fd8e42b7a69f9ec0d81f83bf a0c2fdaddc014b4f80713b19e5cc4e72 - - default default] Successfully bumped revision number for resource 9d3a54a6-1a06-4ae0-b0c2-cd58c4cfe810 (type: security_groups) to 1
2026-06-15 21:08:57.686 9 INFO neutron.db.ovn_revision_numbers_db [None req-6b6a275e-f96e-4907-adcd-bc815d29c2df 262b6950fd8e42b7a69f9ec0d81f83bf a0c2fdaddc014b4f80713b19e5cc4e72 - - default default] Successfully bumped revision number for resource 423f95d5-238b-4996-9985-7cd761ae224a (type: security_group_rules) to 0
2026-06-15 21:08:57.688 8 INFO neutron.db.ovn_revision_numbers_db [None req-4606abd2-15ce-4104-bdde-20c3a8a9641d 262b6950fd8e42b7a69f9ec0d81f83bf a0c2fdaddc014b4f80713b19e5cc4e72 - - default default] Successfully bumped revision number for resource 38ed0e1a-0563-497b-9c20-5ec321bd238f (type: security_group_rules) to 0
2026-06-15 21:08:57.703 9 INFO neutron.db.ovn_revision_numbers_db [None req-6b6a275e-f96e-4907-adcd-bc815d29c2df 262b6950fd8e42b7a69f9ec0d81f83bf a0c2fdaddc014b4f80713b19e5cc4e72 - - default default] Successfully bumped revision number for resource 494ced2d-cade-41d7-b0cd-0facc6589a99 (type: security_group_rules) to 0
2026-06-15 21:08:57.707 8 INFO neutron.db.ovn_revision_numbers_db [None req-4606abd2-15ce-4104-bdde-20c3a8a9641d 262b6950fd8e42b7a69f9ec0d81f83bf a0c2fdaddc014b4f80713b19e5cc4e72 - - default default] Successfully bumped revision number for resource 3fd7fe0e-1657-41c4-a7ef-f3ab2a480f40 (type: security_group_rules) to 0
2026-06-15 21:08:57.719 9 INFO neutron.db.ovn_revision_numbers_db [None req-6b6a275e-f96e-4907-adcd-bc815d29c2df 262b6950fd8e42b7a69f9ec0d81f83bf a0c2fdaddc014b4f80713b19e5cc4e72 - - default default] Successfully bumped revision number for resource db4e1ace-41d7-4ea7-94e1-a7c8b67f7b77 (type: security_group_rules) to 0
2026-06-15 21:08:57.721 8 INFO neutron.db.ovn_revision_numbers_db [None req-4606abd2-15ce-4104-bdde-20c3a8a9641d 262b6950fd8e42b7a69f9ec0d81f83bf a0c2fdaddc014b4f80713b19e5cc4e72 - - default default] Successfully bumped revision number for resource 9411fc67-9926-4a74-b08f-e365d0d7f9d1 (type: security_group_rules) to 0
2026-06-15 21:08:57.734 9 INFO neutron.db.ovn_revision_numbers_db [None req-6b6a275e-f96e-4907-adcd-bc815d29c2df 262b6950fd8e42b7a69f9ec0d81f83bf a0c2fdaddc014b4f80713b19e5cc4e72 - - default default] Successfully bumped revision number for resource f5ac5dea-f1e8-42a4-90a3-8b269fdc20f4 (type: security_group_rules) to 0
2026-06-15 21:08:57.736 8 INFO neutron.db.ovn_revision_numbers_db [None req-4606abd2-15ce-4104-bdde-20c3a8a9641d 262b6950fd8e42b7a69f9ec0d81f83bf a0c2fdaddc014b4f80713b19e5cc4e72 - - default default] Successfully bumped revision number for resource efc85678-9235-4796-bfb9-158d1392b5cd (type: security_group_rules) to 0
2026-06-15 21:08:57.758 8 INFO neutron.wsgi [None req-4606abd2-15ce-4104-bdde-20c3a8a9641d 262b6950fd8e42b7a69f9ec0d81f83bf a0c2fdaddc014b4f80713b19e5cc4e72 - - default default] 10.0.0.34 "GET /v2.0/security-groups?tenant_id=d37cf2fea2e24b60971a44843e9ef45e&name=default HTTP/1.1" status: 200 len: 3120 time: 0.3767805
2026-06-15 21:08:57.759 9 INFO neutron.wsgi [None req-6b6a275e-f96e-4907-adcd-bc815d29c2df 262b6950fd8e42b7a69f9ec0d81f83bf a0c2fdaddc014b4f80713b19e5cc4e72 - - default default] 10.0.0.34 "GET /v2.0/security-groups?tenant_id=28f149868cd24c938e578d859d9b9b30&name=default HTTP/1.1" status: 200 len: 3120 time: 0.2862163
2026-06-15 21:08:58.004 8 INFO neutron.wsgi [None req-3dd7a8f6-fa74-4afb-8517-3d91d70351ea 262b6950fd8e42b7a69f9ec0d81f83bf a0c2fdaddc014b4f80713b19e5cc4e72 - - default default] 10.0.0.34 "DELETE /v2.0/security-groups/f3c1bb57-df3c-42da-96c6-15775757769a HTTP/1.1" status: 204 len: 168 time: 0.2366812
2026-06-15 21:08:58.010 9 INFO neutron.wsgi [None req-5930ee5c-0d23-4b8c-8d2e-ffa86027f034 262b6950fd8e42b7a69f9ec0d81f83bf a0c2fdaddc014b4f80713b19e5cc4e72 - - default default] 10.0.0.34 "DELETE /v2.0/security-groups/9d3a54a6-1a06-4ae0-b0c2-cd58c4cfe810 HTTP/1.1" status: 204 len: 168 time: 0.2470839
2026-06-15 21:08:58.102 8 WARNING neutron_lib.context [None req-63d56be1-099e-4389-b49e-a99b5de67c20 a849193531b64b16bd4e030b90dbac78 874ddbe6fe1544eabeb58912202548ad - - default default] Method 'is_advsvc' is deprecated since 2023.2 release (neutron-lib 3.8.0) and will be removed once support for the old RBAC API policies will be removed from Neutron. Please use method 'is_service_role' instead.
2026-06-15 21:08:58.243 8 INFO neutron.db.ovn_revision_numbers_db [None req-63d56be1-099e-4389-b49e-a99b5de67c20 a849193531b64b16bd4e030b90dbac78 874ddbe6fe1544eabeb58912202548ad - - default default] Successfully bumped revision number for resource 4f2cbee6-3c9f-4fed-bc97-6d4bf9b89c26 (type: security_groups) to 1
2026-06-15 21:08:58.261 8 INFO neutron.db.ovn_revision_numbers_db [None req-63d56be1-099e-4389-b49e-a99b5de67c20 a849193531b64b16bd4e030b90dbac78 874ddbe6fe1544eabeb58912202548ad - - default default] Successfully bumped revision number for resource 45679b6d-2ba5-40c8-8f56-e33b660f5d9d (type: security_group_rules) to 0
2026-06-15 21:08:58.277 8 INFO neutron.db.ovn_revision_numbers_db [None req-63d56be1-099e-4389-b49e-a99b5de67c20 a849193531b64b16bd4e030b90dbac78 874ddbe6fe1544eabeb58912202548ad - - default default] Successfully bumped revision number for resource 6c7fb3ae-8a53-4c2f-8a7b-2d2275e2ec54 (type: security_group_rules) to 0
2026-06-15 21:08:58.290 8 INFO neutron.db.ovn_revision_numbers_db [None req-63d56be1-099e-4389-b49e-a99b5de67c20 a849193531b64b16bd4e030b90dbac78 874ddbe6fe1544eabeb58912202548ad - - default default] Successfully bumped revision number for resource 71277b28-ad45-4f93-b4cb-34ffe7bce95d (type: security_group_rules) to 0
2026-06-15 21:08:58.296 9 INFO neutron.db.ovn_revision_numbers_db [None req-fe996e9f-c6c8-4987-bf27-b8b5fdbcacb7 262b6950fd8e42b7a69f9ec0d81f83bf a0c2fdaddc014b4f80713b19e5cc4e72 - - default default] Successfully bumped revision number for resource 8d3e516a-85c5-46be-8800-82ac310f5471 (type: security_groups) to 1
2026-06-15 21:08:58.306 8 INFO neutron.db.ovn_revision_numbers_db [None req-63d56be1-099e-4389-b49e-a99b5de67c20 a849193531b64b16bd4e030b90dbac78 874ddbe6fe1544eabeb58912202548ad - - default default] Successfully bumped revision number for resource 7c253658-a70e-4567-b732-1c28e1b9a250 (type: security_group_rules) to 0
2026-06-15 21:08:58.308 9 INFO neutron.db.ovn_revision_numbers_db [None req-18166ec9-136e-4b23-a085-579a167b3977 262b6950fd8e42b7a69f9ec0d81f83bf a0c2fdaddc014b4f80713b19e5cc4e72 - - default default] Successfully bumped revision number for resource c941808c-8e51-4597-aabf-83215e27a7d7 (type: security_groups) to 1
2026-06-15 21:08:58.310 9 INFO neutron.db.ovn_revision_numbers_db [None req-fe996e9f-c6c8-4987-bf27-b8b5fdbcacb7 262b6950fd8e42b7a69f9ec0d81f83bf a0c2fdaddc014b4f80713b19e5cc4e72 - - default default] Successfully bumped revision number for resource 0b502060-7b29-4c04-8007-25ac2f31d2fb (type: security_group_rules) to 0
2026-06-15 21:08:58.326 9 INFO neutron.db.ovn_revision_numbers_db [None req-18166ec9-136e-4b23-a085-579a167b3977 262b6950fd8e42b7a69f9ec0d81f83bf a0c2fdaddc014b4f80713b19e5cc4e72 - - default default] Successfully bumped revision number for resource 3871f5fa-46f9-44d2-af69-acb98c4b3bca (type: security_group_rules) to 0
2026-06-15 21:08:58.328 9 INFO neutron.db.ovn_revision_numbers_db [None req-fe996e9f-c6c8-4987-bf27-b8b5fdbcacb7 262b6950fd8e42b7a69f9ec0d81f83bf a0c2fdaddc014b4f80713b19e5cc4e72 - - default default] Successfully bumped revision number for resource 5b4468df-616a-4d3e-9140-8668c5ec650a (type: security_group_rules) to 0
2026-06-15 21:08:58.351 9 INFO neutron.db.ovn_revision_numbers_db [None req-fe996e9f-c6c8-4987-bf27-b8b5fdbcacb7 262b6950fd8e42b7a69f9ec0d81f83bf a0c2fdaddc014b4f80713b19e5cc4e72 - - default default] Successfully bumped revision number for resource d92305eb-6103-44ca-add1-cb9c84e7e883 (type: security_group_rules) to 0
2026-06-15 21:08:58.352 9 INFO neutron.db.ovn_revision_numbers_db [None req-18166ec9-136e-4b23-a085-579a167b3977 262b6950fd8e42b7a69f9ec0d81f83bf a0c2fdaddc014b4f80713b19e5cc4e72 - - default default] Successfully bumped revision number for resource 8a44e548-7d78-42df-bee6-3f3a456e5ef1 (type: security_group_rules) to 0
2026-06-15 21:08:58.367 9 INFO neutron.db.ovn_revision_numbers_db [None req-fe996e9f-c6c8-4987-bf27-b8b5fdbcacb7 262b6950fd8e42b7a69f9ec0d81f83bf a0c2fdaddc014b4f80713b19e5cc4e72 - - default default] Successfully bumped revision number for resource e24aaf7e-ee32-4b2c-945a-c3e53bc2b398 (type: security_group_rules) to 0
2026-06-15 21:08:58.367 8 INFO neutron.db.segments_db [None req-63d56be1-099e-4389-b49e-a99b5de67c20 a849193531b64b16bd4e030b90dbac78 874ddbe6fe1544eabeb58912202548ad - - default default] Added segment 43502832-0d07-4b51-9410-a9a9c38e48ae of type geneve for network 1ee51761-1d2c-4525-afbd-fd861a87d511
2026-06-15 21:08:58.371 9 INFO neutron.db.ovn_revision_numbers_db [None req-18166ec9-136e-4b23-a085-579a167b3977 262b6950fd8e42b7a69f9ec0d81f83bf a0c2fdaddc014b4f80713b19e5cc4e72 - - default default] Successfully bumped revision number for resource 99f3b33a-5ce1-4b6c-8e2e-6e81c4a43424 (type: security_group_rules) to 0
2026-06-15 21:08:58.396 9 INFO neutron.wsgi [None req-fe996e9f-c6c8-4987-bf27-b8b5fdbcacb7 262b6950fd8e42b7a69f9ec0d81f83bf a0c2fdaddc014b4f80713b19e5cc4e72 - - default default] 10.0.0.34 "GET /v2.0/security-groups?tenant_id=79c94708b590497aa46daa9ec75a715f&name=default HTTP/1.1" status: 200 len: 3120 time: 0.2462726
2026-06-15 21:08:58.398 9 INFO neutron.db.ovn_revision_numbers_db [None req-18166ec9-136e-4b23-a085-579a167b3977 262b6950fd8e42b7a69f9ec0d81f83bf a0c2fdaddc014b4f80713b19e5cc4e72 - - default default] Successfully bumped revision number for resource d6f386f3-83d6-4f8b-8905-19ea964b1ef8 (type: security_group_rules) to 0
2026-06-15 21:08:58.428 9 INFO neutron.wsgi [None req-18166ec9-136e-4b23-a085-579a167b3977 262b6950fd8e42b7a69f9ec0d81f83bf a0c2fdaddc014b4f80713b19e5cc4e72 - - default default] 10.0.0.34 "GET /v2.0/security-groups?tenant_id=a5e7d704b0e64651b16b17af320c6fbe&name=default HTTP/1.1" status: 200 len: 3120 time: 0.2589893
2026-06-15 21:08:58.535 8 INFO neutron.db.ovn_revision_numbers_db [None req-63d56be1-099e-4389-b49e-a99b5de67c20 a849193531b64b16bd4e030b90dbac78 874ddbe6fe1544eabeb58912202548ad - - default default] Successfully bumped revision number for resource 1ee51761-1d2c-4525-afbd-fd861a87d511 (type: networks) to 1
2026-06-15 21:08:58.748 8 WARNING neutron.scheduler.dhcp_agent_scheduler [None req-63d56be1-099e-4389-b49e-a99b5de67c20 a849193531b64b16bd4e030b90dbac78 874ddbe6fe1544eabeb58912202548ad - - default default] No more DHCP agents
2026-06-15 21:08:58.749 8 WARNING neutron.api.rpc.agentnotifiers.dhcp_rpc_agent_api [None req-63d56be1-099e-4389-b49e-a99b5de67c20 a849193531b64b16bd4e030b90dbac78 874ddbe6fe1544eabeb58912202548ad - - default default] Unable to schedule network 1ee51761-1d2c-4525-afbd-fd861a87d511: no agents available; will retry on subsequent port and subnet creation events.
2026-06-15 21:08:58.844 8 INFO neutron.db.ovn_revision_numbers_db [None req-63d56be1-099e-4389-b49e-a99b5de67c20 a849193531b64b16bd4e030b90dbac78 874ddbe6fe1544eabeb58912202548ad - - default default] Successfully bumped revision number for resource 9278095b-ff6a-4a18-93ab-79f55834d45d (type: ports) to 1
2026-06-15 21:08:58.869 8 INFO neutron.wsgi [None req-63d56be1-099e-4389-b49e-a99b5de67c20 a849193531b64b16bd4e030b90dbac78 874ddbe6fe1544eabeb58912202548ad - - default default] 10.0.0.34 "POST /v2.0/networks HTTP/1.1" status: 201 len: 843 time: 0.8618670
2026-06-15 21:08:58.878 9 INFO neutron.wsgi [None req-c8284576-6314-413d-8228-ef3902f75418 262b6950fd8e42b7a69f9ec0d81f83bf a0c2fdaddc014b4f80713b19e5cc4e72 - - default default] 10.0.0.34 "DELETE /v2.0/security-groups/8d3e516a-85c5-46be-8800-82ac310f5471 HTTP/1.1" status: 204 len: 168 time: 0.4764009
2026-06-15 21:08:58.880 8 WARNING neutron_lib.context [None req-eccc7927-f428-42c8-880e-943ade486476 a849193531b64b16bd4e030b90dbac78 874ddbe6fe1544eabeb58912202548ad - - default default] Method 'is_advsvc' is deprecated since 2023.2 release (neutron-lib 3.8.0) and will be removed once support for the old RBAC API policies will be removed from Neutron. Please use method 'is_service_role' instead.
2026-06-15 21:08:58.884 9 INFO neutron.wsgi [None req-ba0e194d-b64f-43b9-b282-72ebfafa54b5 262b6950fd8e42b7a69f9ec0d81f83bf a0c2fdaddc014b4f80713b19e5cc4e72 - - default default] 10.0.0.34 "DELETE /v2.0/security-groups/c941808c-8e51-4597-aabf-83215e27a7d7 HTTP/1.1" status: 204 len: 168 time: 0.4487040
2026-06-15 21:08:59.033 9 INFO neutron.wsgi [None req-13b6d022-4b95-4e89-a70f-24a5f7591116 262b6950fd8e42b7a69f9ec0d81f83bf a0c2fdaddc014b4f80713b19e5cc4e72 - - default default] 10.0.0.34 "GET /v2.0/security-groups?tenant_id=1c6c5d5e7e0c40b3a6ccb278d468067d&name=default HTTP/1.1" status: 200 len: 3120 time: 0.0355339
2026-06-15 21:08:59.151 8 WARNING neutron.scheduler.dhcp_agent_scheduler [None req-eccc7927-f428-42c8-880e-943ade486476 a849193531b64b16bd4e030b90dbac78 874ddbe6fe1544eabeb58912202548ad - - default default] No more DHCP agents
2026-06-15 21:08:59.154 8 WARNING neutron.api.rpc.agentnotifiers.dhcp_rpc_agent_api [None req-eccc7927-f428-42c8-880e-943ade486476 a849193531b64b16bd4e030b90dbac78 874ddbe6fe1544eabeb58912202548ad - - default default] Unable to schedule network 1ee51761-1d2c-4525-afbd-fd861a87d511: no agents available; will retry on subsequent port and subnet creation events.
2026-06-15 21:08:59.284 9 INFO neutron.wsgi [None req-b459208c-ac85-45ab-be0f-0dbccdf87101 262b6950fd8e42b7a69f9ec0d81f83bf a0c2fdaddc014b4f80713b19e5cc4e72 - - default default] 10.0.0.34 "DELETE /v2.0/security-groups/e770e3b7-62af-46bd-8afe-52168ed658e6 HTTP/1.1" status: 204 len: 168 time: 0.2455568
2026-06-15 21:08:59.292 8 INFO neutron.db.ovn_revision_numbers_db [None req-eccc7927-f428-42c8-880e-943ade486476 a849193531b64b16bd4e030b90dbac78 874ddbe6fe1544eabeb58912202548ad - - default default] Successfully bumped revision number for resource b87ac3db-f850-4152-a800-28b5b8d63b25 (type: ports) to 1
2026-06-15 21:08:59.317 8 INFO neutron.wsgi [None req-eccc7927-f428-42c8-880e-943ade486476 a849193531b64b16bd4e030b90dbac78 874ddbe6fe1544eabeb58912202548ad - - default default] 10.0.0.34 "POST /v2.0/ports HTTP/1.1" status: 201 len: 973 time: 0.4429171
2026-06-15 21:08:59.336 9 WARNING neutron_lib.context [None req-16a00954-3976-462a-bb9b-c978a3b3a0fe a849193531b64b16bd4e030b90dbac78 874ddbe6fe1544eabeb58912202548ad - - default default] Method 'is_advsvc' is deprecated since 2023.2 release (neutron-lib 3.8.0) and will be removed once support for the old RBAC API policies will be removed from Neutron. Please use method 'is_service_role' instead.
2026-06-15 21:08:59.433 9 INFO neutron.db.segments_db [None req-16a00954-3976-462a-bb9b-c978a3b3a0fe a849193531b64b16bd4e030b90dbac78 874ddbe6fe1544eabeb58912202548ad - - default default] Added segment 3424a753-7c7b-4889-ae7e-81688b50180d of type geneve for network e9217246-f168-4515-830e-e512fd048d4d
2026-06-15 21:08:59.617 9 INFO neutron.db.ovn_revision_numbers_db [None req-16a00954-3976-462a-bb9b-c978a3b3a0fe a849193531b64b16bd4e030b90dbac78 874ddbe6fe1544eabeb58912202548ad - - default default] Successfully bumped revision number for resource e9217246-f168-4515-830e-e512fd048d4d (type: networks) to 1
2026-06-15 21:08:59.823 9 WARNING neutron.scheduler.dhcp_agent_scheduler [None req-16a00954-3976-462a-bb9b-c978a3b3a0fe a849193531b64b16bd4e030b90dbac78 874ddbe6fe1544eabeb58912202548ad - - default default] No more DHCP agents
2026-06-15 21:08:59.825 9 WARNING neutron.api.rpc.agentnotifiers.dhcp_rpc_agent_api [None req-16a00954-3976-462a-bb9b-c978a3b3a0fe a849193531b64b16bd4e030b90dbac78 874ddbe6fe1544eabeb58912202548ad - - default default] Unable to schedule network e9217246-f168-4515-830e-e512fd048d4d: no agents available; will retry on subsequent port and subnet creation events.
2026-06-15 21:08:59.923 9 INFO neutron.db.ovn_revision_numbers_db [None req-16a00954-3976-462a-bb9b-c978a3b3a0fe a849193531b64b16bd4e030b90dbac78 874ddbe6fe1544eabeb58912202548ad - - default default] Successfully bumped revision number for resource 28b69170-153a-4213-bb86-1e5ef2da6c82 (type: ports) to 1
2026-06-15 21:08:59.956 9 INFO neutron.wsgi [None req-16a00954-3976-462a-bb9b-c978a3b3a0fe a849193531b64b16bd4e030b90dbac78 874ddbe6fe1544eabeb58912202548ad - - default default] 10.0.0.34 "POST /v2.0/networks HTTP/1.1" status: 201 len: 828 time: 0.6328356 /var/lib/openstack/lib/python3.10/site-packages/pycadf/identifier.py:71: UserWarning: Invalid uuid: neutron. To ensure interoperability, identifiers should be a valid uuid. warnings.warn(('Invalid uuid: %s. To ensure interoperability, '
2026-06-15 21:08:59.971 8 WARNING neutron_lib.context [None req-0e448ea2-ca77-482c-afd1-9c2a75f54844 a849193531b64b16bd4e030b90dbac78 874ddbe6fe1544eabeb58912202548ad - - default default] Method 'is_advsvc' is deprecated since 2023.2 release (neutron-lib 3.8.0) and will be removed once support for the old RBAC API policies will be removed from Neutron. Please use method 'is_service_role' instead.
2026-06-15 21:09:00.194 8 WARNING neutron.scheduler.dhcp_agent_scheduler [None req-0e448ea2-ca77-482c-afd1-9c2a75f54844 a849193531b64b16bd4e030b90dbac78 874ddbe6fe1544eabeb58912202548ad - - default default] No more DHCP agents
2026-06-15 21:09:00.195 8 WARNING neutron.api.rpc.agentnotifiers.dhcp_rpc_agent_api [None req-0e448ea2-ca77-482c-afd1-9c2a75f54844 a849193531b64b16bd4e030b90dbac78 874ddbe6fe1544eabeb58912202548ad - - default default] Unable to schedule network e9217246-f168-4515-830e-e512fd048d4d: no agents available; will retry on subsequent port and subnet creation events.
2026-06-15 21:09:00.424 9 INFO neutron.wsgi [-] 10.0.0.156 "GET / HTTP/1.1" status: 200 len: 246 time: 0.0021267
2026-06-15 21:09:00.426 9 INFO neutron.wsgi [-] 10.0.0.156 "GET / HTTP/1.1" status: 200 len: 246 time: 0.0012529
2026-06-15 21:09:00.920 8 INFO neutron.db.ovn_revision_numbers_db [None req-0e448ea2-ca77-482c-afd1-9c2a75f54844 a849193531b64b16bd4e030b90dbac78 874ddbe6fe1544eabeb58912202548ad - - default default] Successfully bumped revision number for resource 28b69170-153a-4213-bb86-1e5ef2da6c82 (type: ports) to 2
2026-06-15 21:09:00.947 8 INFO neutron.db.ovn_revision_numbers_db [None req-0e448ea2-ca77-482c-afd1-9c2a75f54844 a849193531b64b16bd4e030b90dbac78 874ddbe6fe1544eabeb58912202548ad - - default default] Successfully bumped revision number for resource 42c30035-3702-43cf-8e9f-d1a5d26e8e9f (type: subnets) to 0
2026-06-15 21:09:00.960 8 INFO neutron.wsgi [None req-0e448ea2-ca77-482c-afd1-9c2a75f54844 a849193531b64b16bd4e030b90dbac78 874ddbe6fe1544eabeb58912202548ad - - default default] 10.0.0.34 "POST /v2.0/subnets HTTP/1.1" status: 201 len: 801 time: 0.9981954
2026-06-15 21:09:00.969 8 WARNING neutron_lib.context [None req-dd86edda-33ac-43a5-90a1-a68d4bccf2cf a849193531b64b16bd4e030b90dbac78 874ddbe6fe1544eabeb58912202548ad - - default default] Method 'is_advsvc' is deprecated since 2023.2 release (neutron-lib 3.8.0) and will be removed once support for the old RBAC API policies will be removed from Neutron. Please use method 'is_service_role' instead.
2026-06-15 21:09:01.307 8 WARNING neutron.scheduler.dhcp_agent_scheduler [None req-dd86edda-33ac-43a5-90a1-a68d4bccf2cf a849193531b64b16bd4e030b90dbac78 874ddbe6fe1544eabeb58912202548ad - - default default] No more DHCP agents
2026-06-15 21:09:01.309 8 WARNING neutron.api.rpc.agentnotifiers.dhcp_rpc_agent_api [None req-dd86edda-33ac-43a5-90a1-a68d4bccf2cf a849193531b64b16bd4e030b90dbac78 874ddbe6fe1544eabeb58912202548ad - - default default] Unable to schedule network e9217246-f168-4515-830e-e512fd048d4d: no agents available; will retry on subsequent port and subnet creation events.
2026-06-15 21:09:01.538 8 INFO neutron.db.ovn_revision_numbers_db [None req-dd86edda-33ac-43a5-90a1-a68d4bccf2cf a849193531b64b16bd4e030b90dbac78 874ddbe6fe1544eabeb58912202548ad - - default default] Successfully bumped revision number for resource e8b17a9b-33a1-4b2d-8acb-580c58bad2bf (type: ports) to 1
2026-06-15 21:09:01.577 8 INFO neutron.wsgi [None req-dd86edda-33ac-43a5-90a1-a68d4bccf2cf a849193531b64b16bd4e030b90dbac78 874ddbe6fe1544eabeb58912202548ad - - default default] 10.0.0.34 "POST /v2.0/ports HTTP/1.1" status: 201 len: 1149 time: 0.6111796 /var/lib/openstack/lib/python3.10/site-packages/pycadf/identifier.py:71: UserWarning: Invalid uuid: neutron. To ensure interoperability, identifiers should be a valid uuid. warnings.warn(('Invalid uuid: %s. To ensure interoperability, '
2026-06-15 21:09:02.089 8 INFO neutron.wsgi [None req-dff780f6-b562-4c63-9017-c5fb9d1dfeda a849193531b64b16bd4e030b90dbac78 874ddbe6fe1544eabeb58912202548ad - - default default] 10.0.0.34 "DELETE /v2.0/ports/e8b17a9b-33a1-4b2d-8acb-580c58bad2bf HTTP/1.1" status: 204 len: 168 time: 0.5057449
2026-06-15 21:09:02.112 8 INFO neutron.pecan_wsgi.hooks.translation [None req-7600ffe1-eea2-455b-93ab-1f98d514eccb a849193531b64b16bd4e030b90dbac78 874ddbe6fe1544eabeb58912202548ad - - default default] DELETE failed (client error): The resource could not be found.
2026-06-15 21:09:02.115 8 INFO neutron.wsgi [None req-7600ffe1-eea2-455b-93ab-1f98d514eccb a849193531b64b16bd4e030b90dbac78 874ddbe6fe1544eabeb58912202548ad - - default default] 10.0.0.34 "DELETE /v2.0/ports/e8b17a9b-33a1-4b2d-8acb-580c58bad2bf HTTP/1.1" status: 404 len: 333 time: 0.0205283
2026-06-15 21:09:02.135 8 INFO neutron.pecan_wsgi.hooks.translation [None req-de55fa8e-7cd7-438a-83ad-1ac7ea257ce0 a849193531b64b16bd4e030b90dbac78 874ddbe6fe1544eabeb58912202548ad - - default default] GET failed (client error): The resource could not be found.
2026-06-15 21:09:02.136 8 INFO neutron.wsgi [None req-de55fa8e-7cd7-438a-83ad-1ac7ea257ce0 a849193531b64b16bd4e030b90dbac78 874ddbe6fe1544eabeb58912202548ad - - default default] 10.0.0.34 "GET /v2.0/ports/e8b17a9b-33a1-4b2d-8acb-580c58bad2bf HTTP/1.1" status: 404 len: 333 time: 0.0178461
2026-06-15 21:09:02.397 8 INFO neutron.wsgi [None req-f15f60c3-47e7-4766-8fd8-5acb54d739aa a849193531b64b16bd4e030b90dbac78 874ddbe6fe1544eabeb58912202548ad - - default default] 10.0.0.34 "DELETE /v2.0/subnets/42c30035-3702-43cf-8e9f-d1a5d26e8e9f HTTP/1.1" status: 204 len: 168 time: 0.2558703
2026-06-15 21:09:02.751 9 INFO neutron.db.ovn_revision_numbers_db [None req-2ce7cf43-a36d-4fdb-9319-e3921350b459 262b6950fd8e42b7a69f9ec0d81f83bf a0c2fdaddc014b4f80713b19e5cc4e72 - - default default] Successfully bumped revision number for resource 7ed44edf-c7f9-47a2-bcc3-27a756f0727a (type: security_groups) to 1
