2026-06-15 21:09:02.764 9 INFO neutron.db.ovn_revision_numbers_db [None req-2ce7cf43-a36d-4fdb-9319-e3921350b459 262b6950fd8e42b7a69f9ec0d81f83bf a0c2fdaddc014b4f80713b19e5cc4e72 - - default default] Successfully bumped revision number for resource 0d401fc0-1b0b-4a1d-9601-c110887c0116 (type: security_group_rules) to 0
2026-06-15 21:09:02.774 9 INFO neutron.db.ovn_revision_numbers_db [None req-2ce7cf43-a36d-4fdb-9319-e3921350b459 262b6950fd8e42b7a69f9ec0d81f83bf a0c2fdaddc014b4f80713b19e5cc4e72 - - default default] Successfully bumped revision number for resource 0f581626-9de7-41f2-aa0e-1ace7424b6e2 (type: security_group_rules) to 0
2026-06-15 21:09:02.790 9 INFO neutron.db.ovn_revision_numbers_db [None req-2ce7cf43-a36d-4fdb-9319-e3921350b459 262b6950fd8e42b7a69f9ec0d81f83bf a0c2fdaddc014b4f80713b19e5cc4e72 - - default default] Successfully bumped revision number for resource 647d3713-71f1-45f6-a8ad-feba5e1bca20 (type: security_group_rules) to 0
2026-06-15 21:09:02.797 8 INFO neutron.services.segments.plugin [-] Segment 3424a753-7c7b-4889-ae7e-81688b50180d resource provider aggregate not found
2026-06-15 21:09:02.800 8 INFO neutron.services.segments.plugin [-] Segment 3424a753-7c7b-4889-ae7e-81688b50180d resource provider aggregate not found
2026-06-15 21:09:02.804 9 INFO neutron.db.ovn_revision_numbers_db [None req-2ce7cf43-a36d-4fdb-9319-e3921350b459 262b6950fd8e42b7a69f9ec0d81f83bf a0c2fdaddc014b4f80713b19e5cc4e72 - - default default] Successfully bumped revision number for resource d2c72c02-eb89-424b-a934-b28bcdb77f05 (type: security_group_rules) to 0
2026-06-15 21:09:02.819 8 INFO neutron.services.segments.plugin [-] Segment 3424a753-7c7b-4889-ae7e-81688b50180d resource provider not found; error: Placement Client Error (4xx): {"errors": [{"status": 404, "title": "Not Found", "detail": "The resource could not be found.\n\n No resource provider with uuid 3424a753-7c7b-4889-ae7e-81688b50180d found for delete ", "request_id": "req-63c96c12-d5ff-4e06-80df-faf20d8e3162"}]}
2026-06-15 21:09:02.820 8 INFO neutron.services.segments.plugin [-] Segment 3424a753-7c7b-4889-ae7e-81688b50180d resource provider not found; error: Placement Client Error (4xx): {"errors": [{"status": 404, "title": "Not Found", "detail": "The resource could not be found.\n\n No resource provider with uuid 3424a753-7c7b-4889-ae7e-81688b50180d found for delete ", "request_id": "req-e6271288-4d9d-4438-a5f2-1d4dc91a6bd1"}]}
2026-06-15 21:09:02.826 9 INFO neutron.wsgi [None req-2ce7cf43-a36d-4fdb-9319-e3921350b459 262b6950fd8e42b7a69f9ec0d81f83bf a0c2fdaddc014b4f80713b19e5cc4e72 - - default default] 10.0.0.34 "GET /v2.0/security-groups?tenant_id=d7a1f54992594aaa919cfdd3d6dd671a&name=default HTTP/1.1" status: 200 len: 3120 time: 0.4028842
2026-06-15 21:09:02.841 8 INFO neutron.wsgi [None req-063ee85c-755e-4d82-aa6b-06236dfafbd7 a849193531b64b16bd4e030b90dbac78 874ddbe6fe1544eabeb58912202548ad - - default default] 10.0.0.34 "DELETE /v2.0/networks/e9217246-f168-4515-830e-e512fd048d4d HTTP/1.1" status: 204 len: 168 time: 0.4391067
2026-06-15 21:09:02.854 9 WARNING neutron_lib.context [None req-1d2f759c-7f4c-4b07-a23d-8de8c9af2de8 a849193531b64b16bd4e030b90dbac78 874ddbe6fe1544eabeb58912202548ad - - default default] Method 'is_advsvc' is deprecated since 2023.2 release (neutron-lib 3.8.0) and will be removed once support for the old RBAC API policies will be removed from Neutron. Please use method 'is_service_role' instead.
2026-06-15 21:09:02.936 9 INFO neutron.db.segments_db [None req-1d2f759c-7f4c-4b07-a23d-8de8c9af2de8 a849193531b64b16bd4e030b90dbac78 874ddbe6fe1544eabeb58912202548ad - - default default] Added segment 6c213dfe-9d51-462f-91b0-55cc0156163a of type geneve for network 9ff28787-52ae-4a70-ab73-9f7aef996219
2026-06-15 21:09:03.084 8 INFO neutron.wsgi [None req-112981c9-1beb-4e40-a0f0-f46c1994ce29 262b6950fd8e42b7a69f9ec0d81f83bf a0c2fdaddc014b4f80713b19e5cc4e72 - - default default] 10.0.0.34 "DELETE /v2.0/security-groups/7ed44edf-c7f9-47a2-bcc3-27a756f0727a HTTP/1.1" status: 204 len: 168 time: 0.2515817
2026-06-15 21:09:03.103 9 INFO neutron.db.ovn_revision_numbers_db [None req-1d2f759c-7f4c-4b07-a23d-8de8c9af2de8 a849193531b64b16bd4e030b90dbac78 874ddbe6fe1544eabeb58912202548ad - - default default] Successfully bumped revision number for resource 9ff28787-52ae-4a70-ab73-9f7aef996219 (type: networks) to 1
2026-06-15 21:09:03.268 14 INFO neutron.plugins.ml2.drivers.ovn.mech_driver.ovsdb.maintenance [None req-57ac3c96-6b17-4b23-86cb-b441c5123dfb - - - - - -] Maintenance task: Synchronization completed (took 1.21 seconds)
2026-06-15 21:09:03.296 9 WARNING neutron.scheduler.dhcp_agent_scheduler [None req-1d2f759c-7f4c-4b07-a23d-8de8c9af2de8 a849193531b64b16bd4e030b90dbac78 874ddbe6fe1544eabeb58912202548ad - - default default] No more DHCP agents
2026-06-15 21:09:03.298 9 WARNING neutron.api.rpc.agentnotifiers.dhcp_rpc_agent_api [None req-1d2f759c-7f4c-4b07-a23d-8de8c9af2de8 a849193531b64b16bd4e030b90dbac78 874ddbe6fe1544eabeb58912202548ad - - default default] Unable to schedule network 9ff28787-52ae-4a70-ab73-9f7aef996219: no agents available; will retry on subsequent port and subnet creation events.
2026-06-15 21:09:03.376 9 INFO neutron.db.ovn_revision_numbers_db [None req-1d2f759c-7f4c-4b07-a23d-8de8c9af2de8 a849193531b64b16bd4e030b90dbac78 874ddbe6fe1544eabeb58912202548ad - - default default] Successfully bumped revision number for resource b4a40f7f-4bd1-4a18-a2cb-5fdb83b700bd (type: ports) to 1
2026-06-15 21:09:03.398 9 INFO neutron.wsgi [None req-1d2f759c-7f4c-4b07-a23d-8de8c9af2de8 a849193531b64b16bd4e030b90dbac78 874ddbe6fe1544eabeb58912202548ad - - default default] 10.0.0.34 "POST /v2.0/networks HTTP/1.1" status: 201 len: 831 time: 0.5507913
2026-06-15 21:09:03.410 9 WARNING neutron_lib.context [None req-8fbed3f6-bba7-42b3-932f-3aef00fe4ffe a849193531b64b16bd4e030b90dbac78 874ddbe6fe1544eabeb58912202548ad - - default default] Method 'is_advsvc' is deprecated since 2023.2 release (neutron-lib 3.8.0) and will be removed once support for the old RBAC API policies will be removed from Neutron. Please use method 'is_service_role' instead.
2026-06-15 21:09:03.675 9 WARNING neutron.scheduler.dhcp_agent_scheduler [None req-8fbed3f6-bba7-42b3-932f-3aef00fe4ffe a849193531b64b16bd4e030b90dbac78 874ddbe6fe1544eabeb58912202548ad - - default default] No more DHCP agents
2026-06-15 21:09:03.677 9 WARNING neutron.api.rpc.agentnotifiers.dhcp_rpc_agent_api [None req-8fbed3f6-bba7-42b3-932f-3aef00fe4ffe a849193531b64b16bd4e030b90dbac78 874ddbe6fe1544eabeb58912202548ad - - default default] Unable to schedule network 9ff28787-52ae-4a70-ab73-9f7aef996219: no agents available; will retry on subsequent port and subnet creation events.
2026-06-15 21:09:03.784 8 WARNING neutron_lib.context [None req-43ebd23b-bf4e-432d-92e2-eb981ca33e49 091ed0b8ae33475ba76a9cc3a1966a24 cf3b2135bed947debf28724a3c50b6d8 - - default default] Method 'is_advsvc' is deprecated since 2023.2 release (neutron-lib 3.8.0) and will be removed once support for the old RBAC API policies will be removed from Neutron. Please use method 'is_service_role' instead.
2026-06-15 21:09:03.941 8 INFO neutron.db.ovn_revision_numbers_db [None req-43ebd23b-bf4e-432d-92e2-eb981ca33e49 091ed0b8ae33475ba76a9cc3a1966a24 cf3b2135bed947debf28724a3c50b6d8 - - default default] Successfully bumped revision number for resource a5c297be-c28b-487b-88b3-965ac71f7ee4 (type: security_groups) to 1
2026-06-15 21:09:03.955 8 INFO neutron.db.ovn_revision_numbers_db [None req-43ebd23b-bf4e-432d-92e2-eb981ca33e49 091ed0b8ae33475ba76a9cc3a1966a24 cf3b2135bed947debf28724a3c50b6d8 - - default default] Successfully bumped revision number for resource 4857c37c-9f5d-466e-9156-b044976ce88e (type: security_group_rules) to 0
2026-06-15 21:09:03.966 8 INFO neutron.db.ovn_revision_numbers_db [None req-43ebd23b-bf4e-432d-92e2-eb981ca33e49 091ed0b8ae33475ba76a9cc3a1966a24 cf3b2135bed947debf28724a3c50b6d8 - - default default] Successfully bumped revision number for resource 48bbf19c-9853-4bed-a998-6613b82f5062 (type: security_group_rules) to 0
2026-06-15 21:09:03.981 8 INFO neutron.db.ovn_revision_numbers_db [None req-43ebd23b-bf4e-432d-92e2-eb981ca33e49 091ed0b8ae33475ba76a9cc3a1966a24 cf3b2135bed947debf28724a3c50b6d8 - - default default] Successfully bumped revision number for resource 78242d7b-2069-46e6-ace6-051846c6a179 (type: security_group_rules) to 0
2026-06-15 21:09:03.997 8 INFO neutron.db.ovn_revision_numbers_db [None req-43ebd23b-bf4e-432d-92e2-eb981ca33e49 091ed0b8ae33475ba76a9cc3a1966a24 cf3b2135bed947debf28724a3c50b6d8 - - default default] Successfully bumped revision number for resource b6654718-3370-491d-a0d9-18156e0a0a48 (type: security_group_rules) to 0
2026-06-15 21:09:04.047 8 INFO neutron.db.segments_db [None req-43ebd23b-bf4e-432d-92e2-eb981ca33e49 091ed0b8ae33475ba76a9cc3a1966a24 cf3b2135bed947debf28724a3c50b6d8 - - default default] Added segment 830a68a7-a785-47a5-a460-b2526081d970 of type geneve for network 0801f477-e16c-45e5-bd4e-55e3c4b33d2d
2026-06-15 21:09:04.187 8 INFO neutron.db.ovn_revision_numbers_db [None req-43ebd23b-bf4e-432d-92e2-eb981ca33e49 091ed0b8ae33475ba76a9cc3a1966a24 cf3b2135bed947debf28724a3c50b6d8 - - default default] Successfully bumped revision number for resource 0801f477-e16c-45e5-bd4e-55e3c4b33d2d (type: networks) to 1
2026-06-15 21:09:04.237 9 INFO neutron.db.ovn_revision_numbers_db [None req-8fbed3f6-bba7-42b3-932f-3aef00fe4ffe a849193531b64b16bd4e030b90dbac78 874ddbe6fe1544eabeb58912202548ad - - default default] Successfully bumped revision number for resource b4a40f7f-4bd1-4a18-a2cb-5fdb83b700bd (type: ports) to 2
2026-06-15 21:09:04.275 9 INFO neutron.db.ovn_revision_numbers_db [None req-8fbed3f6-bba7-42b3-932f-3aef00fe4ffe a849193531b64b16bd4e030b90dbac78 874ddbe6fe1544eabeb58912202548ad - - default default] Successfully bumped revision number for resource 529a5711-ef16-47d7-8945-ad0803228be2 (type: subnets) to 0
2026-06-15 21:09:04.293 9 INFO neutron.wsgi [None req-8fbed3f6-bba7-42b3-932f-3aef00fe4ffe a849193531b64b16bd4e030b90dbac78 874ddbe6fe1544eabeb58912202548ad - - default default] 10.0.0.34 "POST /v2.0/subnets HTTP/1.1" status: 201 len: 801 time: 0.8875089
2026-06-15 21:09:04.303 9 WARNING neutron_lib.context [None req-b4d9fc64-fe04-4df2-b21f-0371f603348e a849193531b64b16bd4e030b90dbac78 874ddbe6fe1544eabeb58912202548ad - - default default] Method 'is_advsvc' is deprecated since 2023.2 release (neutron-lib 3.8.0) and will be removed once support for the old RBAC API policies will be removed from Neutron. Please use method 'is_service_role' instead.
2026-06-15 21:09:04.386 8 WARNING neutron.scheduler.dhcp_agent_scheduler [None req-43ebd23b-bf4e-432d-92e2-eb981ca33e49 091ed0b8ae33475ba76a9cc3a1966a24 cf3b2135bed947debf28724a3c50b6d8 - - default default] No more DHCP agents
2026-06-15 21:09:04.388 8 WARNING neutron.api.rpc.agentnotifiers.dhcp_rpc_agent_api [None req-43ebd23b-bf4e-432d-92e2-eb981ca33e49 091ed0b8ae33475ba76a9cc3a1966a24 cf3b2135bed947debf28724a3c50b6d8 - - default default] Unable to schedule network 0801f477-e16c-45e5-bd4e-55e3c4b33d2d: no agents available; will retry on subsequent port and subnet creation events.
2026-06-15 21:09:04.468 8 INFO neutron.db.ovn_revision_numbers_db [None req-43ebd23b-bf4e-432d-92e2-eb981ca33e49 091ed0b8ae33475ba76a9cc3a1966a24 cf3b2135bed947debf28724a3c50b6d8 - - default default] Successfully bumped revision number for resource cd693e04-647a-45ef-92b8-a1ec66f59c06 (type: ports) to 1
2026-06-15 21:09:04.500 8 INFO neutron.wsgi [None req-43ebd23b-bf4e-432d-92e2-eb981ca33e49 091ed0b8ae33475ba76a9cc3a1966a24 cf3b2135bed947debf28724a3c50b6d8 - - default default] 10.0.0.34 "POST /v2.0/networks HTTP/1.1" status: 201 len: 830 time: 0.8906887
2026-06-15 21:09:04.513 8 WARNING neutron_lib.context [None req-7b26fcc3-2c23-485d-817f-f478d5872f30 091ed0b8ae33475ba76a9cc3a1966a24 cf3b2135bed947debf28724a3c50b6d8 - - default default] Method 'is_advsvc' is deprecated since 2023.2 release (neutron-lib 3.8.0) and will be removed once support for the old RBAC API policies will be removed from Neutron. Please use method 'is_service_role' instead.
2026-06-15 21:09:04.699 9 WARNING neutron.scheduler.dhcp_agent_scheduler [None req-b4d9fc64-fe04-4df2-b21f-0371f603348e a849193531b64b16bd4e030b90dbac78 874ddbe6fe1544eabeb58912202548ad - - default default] No more DHCP agents
2026-06-15 21:09:04.702 9 WARNING neutron.api.rpc.agentnotifiers.dhcp_rpc_agent_api [None req-b4d9fc64-fe04-4df2-b21f-0371f603348e a849193531b64b16bd4e030b90dbac78 874ddbe6fe1544eabeb58912202548ad - - default default] Unable to schedule network 9ff28787-52ae-4a70-ab73-9f7aef996219: no agents available; will retry on subsequent port and subnet creation events.
2026-06-15 21:09:04.768 8 WARNING neutron.scheduler.dhcp_agent_scheduler [None req-7b26fcc3-2c23-485d-817f-f478d5872f30 091ed0b8ae33475ba76a9cc3a1966a24 cf3b2135bed947debf28724a3c50b6d8 - - default default] No more DHCP agents
2026-06-15 21:09:04.770 8 WARNING neutron.api.rpc.agentnotifiers.dhcp_rpc_agent_api [None req-7b26fcc3-2c23-485d-817f-f478d5872f30 091ed0b8ae33475ba76a9cc3a1966a24 cf3b2135bed947debf28724a3c50b6d8 - - default default] Unable to schedule network 0801f477-e16c-45e5-bd4e-55e3c4b33d2d: no agents available; will retry on subsequent port and subnet creation events.
2026-06-15 21:09:04.894 9 INFO neutron.db.ovn_revision_numbers_db [None req-b4d9fc64-fe04-4df2-b21f-0371f603348e a849193531b64b16bd4e030b90dbac78 874ddbe6fe1544eabeb58912202548ad - - default default] Successfully bumped revision number for resource 5ec6bcd4-30a3-45b6-aab5-a886ef9d570c (type: ports) to 1
2026-06-15 21:09:04.922 9 INFO neutron.wsgi [None req-b4d9fc64-fe04-4df2-b21f-0371f603348e a849193531b64b16bd4e030b90dbac78 874ddbe6fe1544eabeb58912202548ad - - default default] 10.0.0.34 "POST /v2.0/ports HTTP/1.1" status: 201 len: 1110 time: 0.6235721
2026-06-15 21:09:05.271 8 INFO neutron.db.ovn_revision_numbers_db [None req-7b26fcc3-2c23-485d-817f-f478d5872f30 091ed0b8ae33475ba76a9cc3a1966a24 cf3b2135bed947debf28724a3c50b6d8 - - default default] Successfully bumped revision number for resource cd693e04-647a-45ef-92b8-a1ec66f59c06 (type: ports) to 2
2026-06-15 21:09:05.303 9 INFO neutron.wsgi [None req-fb03a492-aa26-46eb-ada8-de526e8f9047 a849193531b64b16bd4e030b90dbac78 874ddbe6fe1544eabeb58912202548ad - - default default] 10.0.0.34 "DELETE /v2.0/ports/5ec6bcd4-30a3-45b6-aab5-a886ef9d570c HTTP/1.1" status: 204 len: 168 time: 0.3729620
2026-06-15 21:09:05.306 8 INFO neutron.db.ovn_revision_numbers_db [None req-7b26fcc3-2c23-485d-817f-f478d5872f30 091ed0b8ae33475ba76a9cc3a1966a24 cf3b2135bed947debf28724a3c50b6d8 - - default default] Successfully bumped revision number for resource afb953cd-ff36-4c85-a68c-2adca675b911 (type: subnets) to 0
2026-06-15 21:09:05.321 8 INFO neutron.wsgi [None req-7b26fcc3-2c23-485d-817f-f478d5872f30 091ed0b8ae33475ba76a9cc3a1966a24 cf3b2135bed947debf28724a3c50b6d8 - - default default] 10.0.0.34 "POST /v2.0/subnets HTTP/1.1" status: 201 len: 801 time: 0.8135571
2026-06-15 21:09:05.329 9 INFO neutron.pecan_wsgi.hooks.translation [None req-030b9b2c-45cd-4bc3-b380-5dd8c8ae47ac a849193531b64b16bd4e030b90dbac78 874ddbe6fe1544eabeb58912202548ad - - default default] GET failed (client error): The resource could not be found.
2026-06-15 21:09:05.331 9 INFO neutron.wsgi [None req-030b9b2c-45cd-4bc3-b380-5dd8c8ae47ac a849193531b64b16bd4e030b90dbac78 874ddbe6fe1544eabeb58912202548ad - - default default] 10.0.0.34 "GET /v2.0/ports/5ec6bcd4-30a3-45b6-aab5-a886ef9d570c HTTP/1.1" status: 404 len: 333 time: 0.0214908
2026-06-15 21:09:05.333 8 WARNING neutron_lib.context [None req-f03e8e12-b7dc-440d-a567-712b26021562 091ed0b8ae33475ba76a9cc3a1966a24 cf3b2135bed947debf28724a3c50b6d8 - - default default] Method 'is_advsvc' is deprecated since 2023.2 release (neutron-lib 3.8.0) and will be removed once support for the old RBAC API policies will be removed from Neutron. Please use method 'is_service_role' instead.
2026-06-15 21:09:05.419 8 INFO neutron.db.segments_db [None req-f03e8e12-b7dc-440d-a567-712b26021562 091ed0b8ae33475ba76a9cc3a1966a24 cf3b2135bed947debf28724a3c50b6d8 - - default default] Added segment 62aaf275-d8a4-4b87-907e-e14a1d91b1b7 of type geneve for network c101f3cf-a4d2-4228-aefb-ebef7bc4e1c2
2026-06-15 21:09:05.606 9 INFO neutron.wsgi [None req-eb023223-c48a-4b38-962c-f943b9ccef1f a849193531b64b16bd4e030b90dbac78 874ddbe6fe1544eabeb58912202548ad - - default default] 10.0.0.34 "DELETE /v2.0/subnets/529a5711-ef16-47d7-8945-ad0803228be2 HTTP/1.1" status: 204 len: 168 time: 0.2697642
2026-06-15 21:09:05.612 8 INFO neutron.db.ovn_revision_numbers_db [None req-f03e8e12-b7dc-440d-a567-712b26021562 091ed0b8ae33475ba76a9cc3a1966a24 cf3b2135bed947debf28724a3c50b6d8 - - default default] Successfully bumped revision number for resource c101f3cf-a4d2-4228-aefb-ebef7bc4e1c2 (type: networks) to 1
2026-06-15 21:09:05.842 8 WARNING neutron.scheduler.dhcp_agent_scheduler [None req-f03e8e12-b7dc-440d-a567-712b26021562 091ed0b8ae33475ba76a9cc3a1966a24 cf3b2135bed947debf28724a3c50b6d8 - - default default] No more DHCP agents
2026-06-15 21:09:05.846 8 WARNING neutron.api.rpc.agentnotifiers.dhcp_rpc_agent_api [None req-f03e8e12-b7dc-440d-a567-712b26021562 091ed0b8ae33475ba76a9cc3a1966a24 cf3b2135bed947debf28724a3c50b6d8 - - default default] Unable to schedule network c101f3cf-a4d2-4228-aefb-ebef7bc4e1c2: no agents available; will retry on subsequent port and subnet creation events.
2026-06-15 21:09:05.960 8 INFO neutron.db.ovn_revision_numbers_db [None req-f03e8e12-b7dc-440d-a567-712b26021562 091ed0b8ae33475ba76a9cc3a1966a24 cf3b2135bed947debf28724a3c50b6d8 - - default default] Successfully bumped revision number for resource 213a4748-7864-480e-b9b2-161823b6781e (type: ports) to 1
2026-06-15 21:09:05.990 8 INFO neutron.wsgi [None req-f03e8e12-b7dc-440d-a567-712b26021562 091ed0b8ae33475ba76a9cc3a1966a24 cf3b2135bed947debf28724a3c50b6d8 - - default default] 10.0.0.34 "POST /v2.0/networks HTTP/1.1" status: 201 len: 831 time: 0.6622105
2026-06-15 21:09:06.005 9 WARNING neutron_lib.context [None req-c664fdfd-e8d7-40e4-807a-6b6c8967e979 091ed0b8ae33475ba76a9cc3a1966a24 cf3b2135bed947debf28724a3c50b6d8 - - default default] Method 'is_advsvc' is deprecated since 2023.2 release (neutron-lib 3.8.0) and will be removed once support for the old RBAC API policies will be removed from Neutron. Please use method 'is_service_role' instead.
2026-06-15 21:09:06.080 9 INFO neutron.services.segments.plugin [-] Segment 6c213dfe-9d51-462f-91b0-55cc0156163a resource provider aggregate not found
2026-06-15 21:09:06.087 9 INFO neutron.services.segments.plugin [-] Segment 6c213dfe-9d51-462f-91b0-55cc0156163a resource provider aggregate not found
2026-06-15 21:09:06.095 9 INFO neutron.services.segments.plugin [-] Segment 6c213dfe-9d51-462f-91b0-55cc0156163a resource provider not found; error: Placement Client Error (4xx): {"errors": [{"status": 404, "title": "Not Found", "detail": "The resource could not be found.\n\n No resource provider with uuid 6c213dfe-9d51-462f-91b0-55cc0156163a found for delete ", "request_id": "req-d6fbf98d-5516-4863-895c-dc4b33af4fd9"}]}
2026-06-15 21:09:06.105 9 INFO neutron.services.segments.plugin [-] Segment 6c213dfe-9d51-462f-91b0-55cc0156163a resource provider not found; error: Placement Client Error (4xx): {"errors": [{"status": 404, "title": "Not Found", "detail": "The resource could not be found.\n\n No resource provider with uuid 6c213dfe-9d51-462f-91b0-55cc0156163a found for delete ", "request_id": "req-2c151709-607b-4d2b-b3e6-31b82a939fb3"}]}
2026-06-15 21:09:06.136 9 INFO neutron.wsgi [None req-cd34cb8e-c5f2-4b2e-9b3a-3ac9e3056694 a849193531b64b16bd4e030b90dbac78 874ddbe6fe1544eabeb58912202548ad - - default default] 10.0.0.34 "DELETE /v2.0/networks/9ff28787-52ae-4a70-ab73-9f7aef996219 HTTP/1.1" status: 204 len: 168 time: 0.5231442
2026-06-15 21:09:06.150 8 WARNING neutron_lib.context [None req-e6510b7b-2f96-4671-aecf-9c2fcf9708c8 a849193531b64b16bd4e030b90dbac78 874ddbe6fe1544eabeb58912202548ad - - default default] Method 'is_advsvc' is deprecated since 2023.2 release (neutron-lib 3.8.0) and will be removed once support for the old RBAC API policies will be removed from Neutron. Please use method 'is_service_role' instead.
2026-06-15 21:09:06.294 9 WARNING neutron.scheduler.dhcp_agent_scheduler [None req-c664fdfd-e8d7-40e4-807a-6b6c8967e979 091ed0b8ae33475ba76a9cc3a1966a24 cf3b2135bed947debf28724a3c50b6d8 - - default default] No more DHCP agents
2026-06-15 21:09:06.297 9 WARNING neutron.api.rpc.agentnotifiers.dhcp_rpc_agent_api [None req-c664fdfd-e8d7-40e4-807a-6b6c8967e979 091ed0b8ae33475ba76a9cc3a1966a24 cf3b2135bed947debf28724a3c50b6d8 - - default default] Unable to schedule network c101f3cf-a4d2-4228-aefb-ebef7bc4e1c2: no agents available; will retry on subsequent port and subnet creation events.
2026-06-15 21:09:06.407 8 WARNING neutron.scheduler.dhcp_agent_scheduler [None req-e6510b7b-2f96-4671-aecf-9c2fcf9708c8 a849193531b64b16bd4e030b90dbac78 874ddbe6fe1544eabeb58912202548ad - - default default] No more DHCP agents
2026-06-15 21:09:06.409 8 WARNING neutron.api.rpc.agentnotifiers.dhcp_rpc_agent_api [None req-e6510b7b-2f96-4671-aecf-9c2fcf9708c8 a849193531b64b16bd4e030b90dbac78 874ddbe6fe1544eabeb58912202548ad - - default default] Unable to schedule network 1ee51761-1d2c-4525-afbd-fd861a87d511: no agents available; will retry on subsequent port and subnet creation events.
2026-06-15 21:09:06.498 8 INFO neutron.db.ovn_revision_numbers_db [None req-e6510b7b-2f96-4671-aecf-9c2fcf9708c8 a849193531b64b16bd4e030b90dbac78 874ddbe6fe1544eabeb58912202548ad - - default default] Successfully bumped revision number for resource ddf6e5d3-5da4-4353-a910-66ab026bec2a (type: ports) to 1
2026-06-15 21:09:06.526 8 INFO neutron.wsgi [None req-e6510b7b-2f96-4671-aecf-9c2fcf9708c8 a849193531b64b16bd4e030b90dbac78 874ddbe6fe1544eabeb58912202548ad - - default default] 10.0.0.34 "POST /v2.0/ports HTTP/1.1" status: 201 len: 973 time: 0.3822465 /var/lib/openstack/lib/python3.10/site-packages/pycadf/identifier.py:71: UserWarning: Invalid uuid: neutron. To ensure interoperability, identifiers should be a valid uuid. warnings.warn(('Invalid uuid: %s. To ensure interoperability, '
2026-06-15 21:09:06.835 9 INFO neutron.db.ovn_revision_numbers_db [None req-c664fdfd-e8d7-40e4-807a-6b6c8967e979 091ed0b8ae33475ba76a9cc3a1966a24 cf3b2135bed947debf28724a3c50b6d8 - - default default] Successfully bumped revision number for resource 213a4748-7864-480e-b9b2-161823b6781e (type: ports) to 2
2026-06-15 21:09:06.876 9 INFO neutron.db.ovn_revision_numbers_db [None req-c664fdfd-e8d7-40e4-807a-6b6c8967e979 091ed0b8ae33475ba76a9cc3a1966a24 cf3b2135bed947debf28724a3c50b6d8 - - default default] Successfully bumped revision number for resource 3bb97f7e-59e1-4345-a5c4-fb84a213e3e3 (type: subnets) to 0
2026-06-15 21:09:06.892 9 INFO neutron.wsgi [None req-c664fdfd-e8d7-40e4-807a-6b6c8967e979 091ed0b8ae33475ba76a9cc3a1966a24 cf3b2135bed947debf28724a3c50b6d8 - - default default] 10.0.0.34 "POST /v2.0/subnets HTTP/1.1" status: 201 len: 804 time: 0.8933737
2026-06-15 21:09:06.897 9 INFO neutron.plugins.ml2.drivers.ovn.mech_driver.mech_driver [None req-4931acb0-aaf8-4197-8a6e-4d24e2e00f6a - - - - - -] OVN reports status down for port: ddf6e5d3-5da4-4353-a910-66ab026bec2a
2026-06-15 21:09:06.915 8 INFO neutron.db.ovn_revision_numbers_db [None req-0df2db4f-802f-4ea1-827c-52b910c5b0d9 262b6950fd8e42b7a69f9ec0d81f83bf a0c2fdaddc014b4f80713b19e5cc4e72 - - default default] Successfully bumped revision number for resource d7222075-f392-462f-b72a-ccb9b9649521 (type: security_groups) to 1 /var/lib/openstack/lib/python3.10/site-packages/pycadf/identifier.py:71: UserWarning: Invalid uuid: neutron. To ensure interoperability, identifiers should be a valid uuid. warnings.warn(('Invalid uuid: %s. To ensure interoperability, '
2026-06-15 21:09:06.921 8 WARNING neutron_lib.context [None req-ef7be70f-20ea-4b97-a280-4bf02889cd84 091ed0b8ae33475ba76a9cc3a1966a24 cf3b2135bed947debf28724a3c50b6d8 - - default default] Method 'is_advsvc' is deprecated since 2023.2 release (neutron-lib 3.8.0) and will be removed once support for the old RBAC API policies will be removed from Neutron. Please use method 'is_service_role' instead.
2026-06-15 21:09:06.947 8 INFO neutron.db.ovn_revision_numbers_db [None req-0df2db4f-802f-4ea1-827c-52b910c5b0d9 262b6950fd8e42b7a69f9ec0d81f83bf a0c2fdaddc014b4f80713b19e5cc4e72 - - default default] Successfully bumped revision number for resource 727bbde3-7974-438b-804a-21340bea91ff (type: security_group_rules) to 0
2026-06-15 21:09:06.959 8 INFO neutron.db.ovn_revision_numbers_db [None req-27a76c68-1827-46fe-897a-10cad20e01e5 a849193531b64b16bd4e030b90dbac78 874ddbe6fe1544eabeb58912202548ad - - default default] Successfully bumped revision number for resource ddf6e5d3-5da4-4353-a910-66ab026bec2a (type: ports) to 2
2026-06-15 21:09:06.976 8 INFO neutron.db.ovn_revision_numbers_db [None req-0df2db4f-802f-4ea1-827c-52b910c5b0d9 262b6950fd8e42b7a69f9ec0d81f83bf a0c2fdaddc014b4f80713b19e5cc4e72 - - default default] Successfully bumped revision number for resource 939a0d8b-a706-4fdc-91e4-955e0a4039f9 (type: security_group_rules) to 0
2026-06-15 21:09:06.997 8 INFO neutron.wsgi [None req-27a76c68-1827-46fe-897a-10cad20e01e5 a849193531b64b16bd4e030b90dbac78 874ddbe6fe1544eabeb58912202548ad - - default default] 10.0.0.34 "PUT /v2.0/ports/ddf6e5d3-5da4-4353-a910-66ab026bec2a HTTP/1.1" status: 200 len: 946 time: 0.4609609
2026-06-15 21:09:07.010 8 INFO neutron.db.ovn_revision_numbers_db [None req-0df2db4f-802f-4ea1-827c-52b910c5b0d9 262b6950fd8e42b7a69f9ec0d81f83bf a0c2fdaddc014b4f80713b19e5cc4e72 - - default default] Successfully bumped revision number for resource a22dc6ba-d3df-4b55-9cef-ea65704f375f (type: security_group_rules) to 0
2026-06-15 21:09:07.037 8 INFO neutron.db.ovn_revision_numbers_db [None req-0df2db4f-802f-4ea1-827c-52b910c5b0d9 262b6950fd8e42b7a69f9ec0d81f83bf a0c2fdaddc014b4f80713b19e5cc4e72 - - default default] Successfully bumped revision number for resource f54a7cac-aaaf-46b5-a57c-7be927d2cacb (type: security_group_rules) to 0
2026-06-15 21:09:07.095 8 INFO neutron.wsgi [None req-0df2db4f-802f-4ea1-827c-52b910c5b0d9 262b6950fd8e42b7a69f9ec0d81f83bf a0c2fdaddc014b4f80713b19e5cc4e72 - - default default] 10.0.0.34 "GET /v2.0/security-groups?tenant_id=707c55da4f9f4b119ce16e4aa7b5180b&name=default HTTP/1.1" status: 200 len: 3120 time: 0.6360016
2026-06-15 21:09:07.100 8 INFO neutron.db.segments_db [None req-ef7be70f-20ea-4b97-a280-4bf02889cd84 091ed0b8ae33475ba76a9cc3a1966a24 cf3b2135bed947debf28724a3c50b6d8 - - default default] Added segment ee375d68-6c08-451a-aeae-a6e5749340a4 of type geneve for network a36692ae-2062-4776-8e65-5e3ae85233d0
2026-06-15 21:09:07.377 9 INFO neutron.wsgi [None req-d8137c7d-ec19-48ad-b53b-9c2f016775ec 262b6950fd8e42b7a69f9ec0d81f83bf a0c2fdaddc014b4f80713b19e5cc4e72 - - default default] 10.0.0.34 "DELETE /v2.0/security-groups/d7222075-f392-462f-b72a-ccb9b9649521 HTTP/1.1" status: 204 len: 168 time: 0.2757258
2026-06-15 21:09:07.562 8 INFO neutron.db.ovn_revision_numbers_db [None req-ef7be70f-20ea-4b97-a280-4bf02889cd84 091ed0b8ae33475ba76a9cc3a1966a24 cf3b2135bed947debf28724a3c50b6d8 - - default default] Successfully bumped revision number for resource a36692ae-2062-4776-8e65-5e3ae85233d0 (type: networks) to 1
2026-06-15 21:09:07.737 8 INFO neutron.wsgi [None req-5c20e4cf-4353-4939-95fc-7d4091e2fb4b a849193531b64b16bd4e030b90dbac78 874ddbe6fe1544eabeb58912202548ad - - default default] 10.0.0.34 "DELETE /v2.0/ports/ddf6e5d3-5da4-4353-a910-66ab026bec2a HTTP/1.1" status: 204 len: 168 time: 0.7337418
2026-06-15 21:09:07.804 8 WARNING neutron.scheduler.dhcp_agent_scheduler [None req-ef7be70f-20ea-4b97-a280-4bf02889cd84 091ed0b8ae33475ba76a9cc3a1966a24 cf3b2135bed947debf28724a3c50b6d8 - - default default] No more DHCP agents
2026-06-15 21:09:07.815 8 INFO neutron.wsgi [None req-363a3c77-e860-40a6-9438-bf6c379bc3e7 a849193531b64b16bd4e030b90dbac78 874ddbe6fe1544eabeb58912202548ad - - default default] 10.0.0.34 "GET /v2.0/ports HTTP/1.1" status: 200 len: 1728 time: 0.0666828
2026-06-15 21:09:07.817 8 WARNING neutron.api.rpc.agentnotifiers.dhcp_rpc_agent_api [None req-ef7be70f-20ea-4b97-a280-4bf02889cd84 091ed0b8ae33475ba76a9cc3a1966a24 cf3b2135bed947debf28724a3c50b6d8 - - default default] Unable to schedule network a36692ae-2062-4776-8e65-5e3ae85233d0: no agents available; will retry on subsequent port and subnet creation events.
2026-06-15 21:09:07.853 9 INFO neutron.pecan_wsgi.hooks.translation [None req-cceae7d7-601a-4efa-899a-f53a743aa7fc a849193531b64b16bd4e030b90dbac78 874ddbe6fe1544eabeb58912202548ad - - default default] GET failed (client error): The resource could not be found.
2026-06-15 21:09:07.856 9 INFO neutron.wsgi [None req-cceae7d7-601a-4efa-899a-f53a743aa7fc a849193531b64b16bd4e030b90dbac78 874ddbe6fe1544eabeb58912202548ad - - default default] 10.0.0.34 "GET /v2.0/ports/ddf6e5d3-5da4-4353-a910-66ab026bec2a HTTP/1.1" status: 404 len: 333 time: 0.0213351
2026-06-15 21:09:07.934 8 INFO neutron.db.ovn_revision_numbers_db [None req-ef7be70f-20ea-4b97-a280-4bf02889cd84 091ed0b8ae33475ba76a9cc3a1966a24 cf3b2135bed947debf28724a3c50b6d8 - - default default] Successfully bumped revision number for resource f24f37f4-a655-4fad-9d0e-e02853a1263c (type: ports) to 1
2026-06-15 21:09:07.962 8 INFO neutron.wsgi [None req-ef7be70f-20ea-4b97-a280-4bf02889cd84 091ed0b8ae33475ba76a9cc3a1966a24 cf3b2135bed947debf28724a3c50b6d8 - - default default] 10.0.0.34 "POST /v2.0/networks HTTP/1.1" status: 201 len: 830 time: 1.0566483
2026-06-15 21:09:07.978 9 WARNING neutron_lib.context [None req-d68b6380-f64f-47a2-8d83-e8a3b0450881 091ed0b8ae33475ba76a9cc3a1966a24 cf3b2135bed947debf28724a3c50b6d8 - - default default] Method 'is_advsvc' is deprecated since 2023.2 release (neutron-lib 3.8.0) and will be removed once support for the old RBAC API policies will be removed from Neutron. Please use method 'is_service_role' instead.
2026-06-15 21:09:07.996 9 INFO neutron.wsgi [None req-55071c11-b8df-4fa2-9aef-56338574a19a a849193531b64b16bd4e030b90dbac78 874ddbe6fe1544eabeb58912202548ad - - default default] 10.0.0.34 "GET /v2.0/ports HTTP/1.1" status: 200 len: 1728 time: 0.1311250
2026-06-15 21:09:08.046 8 INFO neutron.wsgi [None req-9710cfae-d5d7-4175-a2aa-90c2eda1c6c5 a849193531b64b16bd4e030b90dbac78 874ddbe6fe1544eabeb58912202548ad - - default default] 10.0.0.34 "GET /v2.0/ports/b87ac3db-f850-4152-a800-28b5b8d63b25 HTTP/1.1" status: 200 len: 968 time: 0.0399315
2026-06-15 21:09:08.285 9 INFO neutron.pecan_wsgi.hooks.translation [None req-9f2d5773-d7c0-4938-ac1f-b11f4d31362b a849193531b64b16bd4e030b90dbac78 874ddbe6fe1544eabeb58912202548ad - - default default] DELETE failed (client error): The resource could not be found.
2026-06-15 21:09:08.288 9 INFO neutron.wsgi [None req-9f2d5773-d7c0-4938-ac1f-b11f4d31362b a849193531b64b16bd4e030b90dbac78 874ddbe6fe1544eabeb58912202548ad - - default default] 10.0.0.34 "DELETE /v2.0/ports/5ec6bcd4-30a3-45b6-aab5-a886ef9d570c HTTP/1.1" status: 404 len: 333 time: 0.2353785
2026-06-15 21:09:08.316 8 INFO neutron.pecan_wsgi.hooks.translation [None req-633460e4-bbc0-4b63-aed4-b848a4c22f1c a849193531b64b16bd4e030b90dbac78 874ddbe6fe1544eabeb58912202548ad - - default default] DELETE failed (client error): The resource could not be found.
2026-06-15 21:09:08.320 8 INFO neutron.wsgi [None req-633460e4-bbc0-4b63-aed4-b848a4c22f1c a849193531b64b16bd4e030b90dbac78 874ddbe6fe1544eabeb58912202548ad - - default default] 10.0.0.34 "DELETE /v2.0/subnets/529a5711-ef16-47d7-8945-ad0803228be2 HTTP/1.1" status: 404 len: 337 time: 0.0261335
2026-06-15 21:09:08.340 8 INFO neutron.pecan_wsgi.hooks.translation [None req-b6aa24ff-b301-46bf-9bbc-075b7d371e1e a849193531b64b16bd4e030b90dbac78 874ddbe6fe1544eabeb58912202548ad - - default default] DELETE failed (client error): The resource could not be found.
2026-06-15 21:09:08.343 8 INFO neutron.wsgi [None req-b6aa24ff-b301-46bf-9bbc-075b7d371e1e a849193531b64b16bd4e030b90dbac78 874ddbe6fe1544eabeb58912202548ad - - default default] 10.0.0.34 "DELETE /v2.0/subnets/42c30035-3702-43cf-8e9f-d1a5d26e8e9f HTTP/1.1" status: 404 len: 337 time: 0.0185556
2026-06-15 21:09:08.475 9 WARNING neutron.scheduler.dhcp_agent_scheduler [None req-d68b6380-f64f-47a2-8d83-e8a3b0450881 091ed0b8ae33475ba76a9cc3a1966a24 cf3b2135bed947debf28724a3c50b6d8 - - default default] No more DHCP agents
2026-06-15 21:09:08.479 9 WARNING neutron.api.rpc.agentnotifiers.dhcp_rpc_agent_api [None req-d68b6380-f64f-47a2-8d83-e8a3b0450881 091ed0b8ae33475ba76a9cc3a1966a24 cf3b2135bed947debf28724a3c50b6d8 - - default default] Unable to schedule network a36692ae-2062-4776-8e65-5e3ae85233d0: no agents available; will retry on subsequent port and subnet creation events.
2026-06-15 21:09:08.794 9 INFO neutron.wsgi [None req-a00d9142-1846-4feb-829a-574c6139b706 a849193531b64b16bd4e030b90dbac78 874ddbe6fe1544eabeb58912202548ad - - default default] 10.0.0.34 "DELETE /v2.0/ports/b87ac3db-f850-4152-a800-28b5b8d63b25 HTTP/1.1" status: 204 len: 168 time: 0.4464715
2026-06-15 21:09:09.146 9 INFO neutron.db.ovn_revision_numbers_db [None req-d68b6380-f64f-47a2-8d83-e8a3b0450881 091ed0b8ae33475ba76a9cc3a1966a24 cf3b2135bed947debf28724a3c50b6d8 - - default default] Successfully bumped revision number for resource f24f37f4-a655-4fad-9d0e-e02853a1263c (type: ports) to 2
2026-06-15 21:09:09.180 9 INFO neutron.db.ovn_revision_numbers_db [None req-d68b6380-f64f-47a2-8d83-e8a3b0450881 091ed0b8ae33475ba76a9cc3a1966a24 cf3b2135bed947debf28724a3c50b6d8 - - default default] Successfully bumped revision number for resource 71876d3f-1969-4d54-9980-b9cea4a63788 (type: subnets) to 0
2026-06-15 21:09:09.198 9 INFO neutron.wsgi [None req-d68b6380-f64f-47a2-8d83-e8a3b0450881 091ed0b8ae33475ba76a9cc3a1966a24 cf3b2135bed947debf28724a3c50b6d8 - - default default] 10.0.0.34 "POST /v2.0/subnets HTTP/1.1" status: 201 len: 804 time: 1.2285867
2026-06-15 21:09:09.211 8 WARNING neutron_lib.context [None req-cf3b0080-220d-48c3-843c-e282b51de8d5 091ed0b8ae33475ba76a9cc3a1966a24 cf3b2135bed947debf28724a3c50b6d8 - - default default] Method 'is_advsvc' is deprecated since 2023.2 release (neutron-lib 3.8.0) and will be removed once support for the old RBAC API policies will be removed from Neutron. Please use method 'is_service_role' instead.
2026-06-15 21:09:09.292 8 INFO neutron.services.segments.plugin [-] Segment 43502832-0d07-4b51-9410-a9a9c38e48ae resource provider aggregate not found
2026-06-15 21:09:09.298 8 INFO neutron.services.segments.plugin [-] Segment 43502832-0d07-4b51-9410-a9a9c38e48ae resource provider aggregate not found
2026-06-15 21:09:09.321 8 INFO neutron.services.segments.plugin [-] Segment 43502832-0d07-4b51-9410-a9a9c38e48ae resource provider not found; error: Placement Client Error (4xx): {"errors": [{"status": 404, "title": "Not Found", "detail": "The resource could not be found.\n\n No resource provider with uuid 43502832-0d07-4b51-9410-a9a9c38e48ae found for delete ", "request_id": "req-01933f6b-81b5-4be1-84dc-ce9d71a6e9c3"}]}
2026-06-15 21:09:09.322 8 INFO neutron.services.segments.plugin [-] Segment 43502832-0d07-4b51-9410-a9a9c38e48ae resource provider not found; error: Placement Client Error (4xx): {"errors": [{"status": 404, "title": "Not Found", "detail": "The resource could not be found.\n\n No resource provider with uuid 43502832-0d07-4b51-9410-a9a9c38e48ae found for delete ", "request_id": "req-400c67d4-7f89-4d63-9d1b-307520ee0c0d"}]}
2026-06-15 21:09:09.333 8 INFO neutron.wsgi [None req-291301b9-744c-4916-9ae6-ed7dc421d242 a849193531b64b16bd4e030b90dbac78 874ddbe6fe1544eabeb58912202548ad - - default default] 10.0.0.34 "DELETE /v2.0/networks/1ee51761-1d2c-4525-afbd-fd861a87d511 HTTP/1.1" status: 204 len: 168 time: 0.5328465
2026-06-15 21:09:09.347 8 INFO neutron.db.segments_db [None req-cf3b0080-220d-48c3-843c-e282b51de8d5 091ed0b8ae33475ba76a9cc3a1966a24 cf3b2135bed947debf28724a3c50b6d8 - - default default] Added segment 1e021dcb-328a-4f0b-97db-fd9b4597e438 of type geneve for network 33875aff-c43f-4124-a87b-07bc4a607d81
2026-06-15 21:09:09.516 8 INFO neutron.db.ovn_revision_numbers_db [None req-cf3b0080-220d-48c3-843c-e282b51de8d5 091ed0b8ae33475ba76a9cc3a1966a24 cf3b2135bed947debf28724a3c50b6d8 - - default default] Successfully bumped revision number for resource 33875aff-c43f-4124-a87b-07bc4a607d81 (type: networks) to 1
2026-06-15 21:09:09.777 8 WARNING neutron.scheduler.dhcp_agent_scheduler [None req-cf3b0080-220d-48c3-843c-e282b51de8d5 091ed0b8ae33475ba76a9cc3a1966a24 cf3b2135bed947debf28724a3c50b6d8 - - default default] No more DHCP agents
2026-06-15 21:09:09.788 8 WARNING neutron.api.rpc.agentnotifiers.dhcp_rpc_agent_api [None req-cf3b0080-220d-48c3-843c-e282b51de8d5 091ed0b8ae33475ba76a9cc3a1966a24 cf3b2135bed947debf28724a3c50b6d8 - - default default] Unable to schedule network 33875aff-c43f-4124-a87b-07bc4a607d81: no agents available; will retry on subsequent port and subnet creation events.
2026-06-15 21:09:09.896 8 INFO neutron.db.ovn_revision_numbers_db [None req-cf3b0080-220d-48c3-843c-e282b51de8d5 091ed0b8ae33475ba76a9cc3a1966a24 cf3b2135bed947debf28724a3c50b6d8 - - default default] Successfully bumped revision number for resource 141f74af-19da-412c-9e1e-55caddc9d275 (type: ports) to 1
2026-06-15 21:09:09.924 8 INFO neutron.wsgi [None req-cf3b0080-220d-48c3-843c-e282b51de8d5 091ed0b8ae33475ba76a9cc3a1966a24 cf3b2135bed947debf28724a3c50b6d8 - - default default] 10.0.0.34 "POST /v2.0/networks HTTP/1.1" status: 201 len: 831 time: 0.7211487
2026-06-15 21:09:09.940 8 WARNING neutron_lib.context [None req-e3890ad6-40e3-446f-a8c1-acfbf1910649 091ed0b8ae33475ba76a9cc3a1966a24 cf3b2135bed947debf28724a3c50b6d8 - - default default] Method 'is_advsvc' is deprecated since 2023.2 release (neutron-lib 3.8.0) and will be removed once support for the old RBAC API policies will be removed from Neutron. Please use method 'is_service_role' instead.
2026-06-15 21:09:09.955 9 INFO neutron.wsgi [None req-b0f74ccf-0329-4d80-ad93-e3197da015d4 262b6950fd8e42b7a69f9ec0d81f83bf a0c2fdaddc014b4f80713b19e5cc4e72 - - default default] 10.0.0.34 "GET /v2.0/security-groups?tenant_id=874ddbe6fe1544eabeb58912202548ad&name=default HTTP/1.1" status: 200 len: 3120 time: 0.0990443
2026-06-15 21:09:10.005 9 INFO neutron.db.ovn_revision_numbers_db [None req-93a09005-d4df-47f4-92fa-4e6312d64558 262b6950fd8e42b7a69f9ec0d81f83bf a0c2fdaddc014b4f80713b19e5cc4e72 - - default default] Successfully bumped revision number for resource 11ae4480-2899-483a-a363-8aa532576de4 (type: security_groups) to 1
2026-06-15 21:09:10.035 9 INFO neutron.db.ovn_revision_numbers_db [None req-93a09005-d4df-47f4-92fa-4e6312d64558 262b6950fd8e42b7a69f9ec0d81f83bf a0c2fdaddc014b4f80713b19e5cc4e72 - - default default] Successfully bumped revision number for resource 14c0bf11-8854-495f-a902-b610e994f32b (type: security_group_rules) to 0
2026-06-15 21:09:10.059 9 INFO neutron.db.ovn_revision_numbers_db [None req-93a09005-d4df-47f4-92fa-4e6312d64558 262b6950fd8e42b7a69f9ec0d81f83bf a0c2fdaddc014b4f80713b19e5cc4e72 - - default default] Successfully bumped revision number for resource 34742abb-55d2-4097-89f4-3e310b5882b6 (type: security_group_rules) to 0
2026-06-15 21:09:10.082 9 INFO neutron.db.ovn_revision_numbers_db [None req-93a09005-d4df-47f4-92fa-4e6312d64558 262b6950fd8e42b7a69f9ec0d81f83bf a0c2fdaddc014b4f80713b19e5cc4e72 - - default default] Successfully bumped revision number for resource 6e9da1e9-4b0e-4b22-b38c-f5802ec89445 (type: security_group_rules) to 0
2026-06-15 21:09:10.103 9 INFO neutron.db.ovn_revision_numbers_db [None req-93a09005-d4df-47f4-92fa-4e6312d64558 262b6950fd8e42b7a69f9ec0d81f83bf a0c2fdaddc014b4f80713b19e5cc4e72 - - default default] Successfully bumped revision number for resource d1ac43d7-33d9-44e4-8357-631795265392 (type: security_group_rules) to 0
2026-06-15 21:09:10.130 9 INFO neutron.wsgi [None req-93a09005-d4df-47f4-92fa-4e6312d64558 262b6950fd8e42b7a69f9ec0d81f83bf a0c2fdaddc014b4f80713b19e5cc4e72 - - default default] 10.0.0.34 "GET /v2.0/security-groups?tenant_id=cc66148536f04d1995b9be6c5f225ea1&name=default HTTP/1.1" status: 200 len: 3120 time: 0.4958940
2026-06-15 21:09:10.184 8 WARNING neutron.scheduler.dhcp_agent_scheduler [None req-e3890ad6-40e3-446f-a8c1-acfbf1910649 091ed0b8ae33475ba76a9cc3a1966a24 cf3b2135bed947debf28724a3c50b6d8 - - default default] No more DHCP agents
2026-06-15 21:09:10.187 8 WARNING neutron.api.rpc.agentnotifiers.dhcp_rpc_agent_api [None req-e3890ad6-40e3-446f-a8c1-acfbf1910649 091ed0b8ae33475ba76a9cc3a1966a24 cf3b2135bed947debf28724a3c50b6d8 - - default default] Unable to schedule network 33875aff-c43f-4124-a87b-07bc4a607d81: no agents available; will retry on subsequent port and subnet creation events.
2026-06-15 21:09:10.256 9 INFO neutron.wsgi [None req-ea0a3e67-6561-4613-a916-cecd9d072c45 262b6950fd8e42b7a69f9ec0d81f83bf a0c2fdaddc014b4f80713b19e5cc4e72 - - default default] 10.0.0.34 "DELETE /v2.0/security-groups/4f2cbee6-3c9f-4fed-bc97-6d4bf9b89c26 HTTP/1.1" status: 204 len: 168 time: 0.2964516
2026-06-15 21:09:10.380 9 INFO neutron.wsgi [None req-bd580a0e-9228-4a42-83c5-bbdaf54a4ea6 262b6950fd8e42b7a69f9ec0d81f83bf a0c2fdaddc014b4f80713b19e5cc4e72 - - default default] 10.0.0.34 "DELETE /v2.0/security-groups/11ae4480-2899-483a-a363-8aa532576de4 HTTP/1.1" status: 204 len: 168 time: 0.2416990
2026-06-15 21:09:10.730 8 INFO neutron.db.ovn_revision_numbers_db [None req-e3890ad6-40e3-446f-a8c1-acfbf1910649 091ed0b8ae33475ba76a9cc3a1966a24 cf3b2135bed947debf28724a3c50b6d8 - - default default] Successfully bumped revision number for resource 141f74af-19da-412c-9e1e-55caddc9d275 (type: ports) to 2
2026-06-15 21:09:10.769 8 INFO neutron.db.ovn_revision_numbers_db [None req-e3890ad6-40e3-446f-a8c1-acfbf1910649 091ed0b8ae33475ba76a9cc3a1966a24 cf3b2135bed947debf28724a3c50b6d8 - - default default] Successfully bumped revision number for resource 38c96602-c7ae-49da-a585-ce4b077bfcc4 (type: subnets) to 0
2026-06-15 21:09:10.814 8 INFO neutron.wsgi [None req-e3890ad6-40e3-446f-a8c1-acfbf1910649 091ed0b8ae33475ba76a9cc3a1966a24 cf3b2135bed947debf28724a3c50b6d8 - - default default] 10.0.0.34 "POST /v2.0/subnets HTTP/1.1" status: 201 len: 804 time: 0.8845751
2026-06-15 21:09:10.840 8 WARNING neutron_lib.context [None req-1cfc3c0c-9634-4a63-aa9e-f7ffad9adbe9 091ed0b8ae33475ba76a9cc3a1966a24 cf3b2135bed947debf28724a3c50b6d8 - - default default] Method 'is_advsvc' is deprecated since 2023.2 release (neutron-lib 3.8.0) and will be removed once support for the old RBAC API policies will be removed from Neutron. Please use method 'is_service_role' instead.
2026-06-15 21:09:10.935 8 INFO neutron.wsgi [req-b1bd748e-20dd-40c4-809c-ceeade3d2795 req-deb51c2e-ca3d-4643-a4a8-c9b40299be5f 4b9d040af59b49068789183ddd77e7fc 958ca276cdb04ff6a325dc6c23f6292b - - default default] 10.0.0.69 "GET /v2.0/ports?device_id=22252f89-6b6a-434f-88ca-b0213af5f922 HTTP/1.1" status: 200 len: 1210 time: 0.1365578
2026-06-15 21:09:10.968 8 INFO neutron.db.segments_db [None req-1cfc3c0c-9634-4a63-aa9e-f7ffad9adbe9 091ed0b8ae33475ba76a9cc3a1966a24 cf3b2135bed947debf28724a3c50b6d8 - - default default] Added segment e3fe3022-0a70-40b2-9af0-e4b76cebca8e of type geneve for network 2b1ec00e-979a-42ad-8102-a9fa637e1683
2026-06-15 21:09:11.004 8 INFO neutron.wsgi [req-b1bd748e-20dd-40c4-809c-ceeade3d2795 req-60dae65d-5555-488a-900a-acb5cfd99cae 4b9d040af59b49068789183ddd77e7fc 958ca276cdb04ff6a325dc6c23f6292b - - default default] 10.0.0.69 "GET /v2.0/security-groups?id=84775eda-c761-41b9-a92f-a2f9c73ba15b&id=61c7e22c-8eda-4d30-941b-5c8084ac6c2d&fields=id&fields=name HTTP/1.1" status: 200 len: 406 time: 0.0605373
2026-06-15 21:09:11.152 8 INFO neutron.db.ovn_revision_numbers_db [None req-1cfc3c0c-9634-4a63-aa9e-f7ffad9adbe9 091ed0b8ae33475ba76a9cc3a1966a24 cf3b2135bed947debf28724a3c50b6d8 - - default default] Successfully bumped revision number for resource 2b1ec00e-979a-42ad-8102-a9fa637e1683 (type: networks) to 1
2026-06-15 21:09:11.248 9 INFO neutron.wsgi [None req-338eb8ab-f2cb-44f3-8096-46ec14fd46d6 dc829a4efcab4426bd50afc1c8a8b668 130064b4c18e466da3349e0f165bc7d8 - - default default] 10.0.0.34 "GET /v2.0/ports?device_id=22252f89-6b6a-434f-88ca-b0213af5f922 HTTP/1.1" status: 200 len: 1443 time: 0.2151473
2026-06-15 21:09:11.328 9 INFO neutron.wsgi [None req-95557c8d-535f-4ae5-bd7a-edb7cacf48ae 4b9d040af59b49068789183ddd77e7fc 958ca276cdb04ff6a325dc6c23f6292b - - default default] 10.0.0.34 "GET /v2.0/floatingips?floating_network_id=67aac509-6b01-46ef-8bd1-ae0db20a55b4&port_id=97a974a4-f7f1-4c58-9209-fba5298286c2 HTTP/1.1" status: 200 len: 1054 time: 0.0753653
2026-06-15 21:09:11.354 8 WARNING neutron.scheduler.dhcp_agent_scheduler [None req-1cfc3c0c-9634-4a63-aa9e-f7ffad9adbe9 091ed0b8ae33475ba76a9cc3a1966a24 cf3b2135bed947debf28724a3c50b6d8 - - default default] No more DHCP agents
2026-06-15 21:09:11.357 8 WARNING neutron.api.rpc.agentnotifiers.dhcp_rpc_agent_api [None req-1cfc3c0c-9634-4a63-aa9e-f7ffad9adbe9 091ed0b8ae33475ba76a9cc3a1966a24 cf3b2135bed947debf28724a3c50b6d8 - - default default] Unable to schedule network 2b1ec00e-979a-42ad-8102-a9fa637e1683: no agents available; will retry on subsequent port and subnet creation events.
2026-06-15 21:09:11.457 8 INFO neutron.db.ovn_revision_numbers_db [None req-1cfc3c0c-9634-4a63-aa9e-f7ffad9adbe9 091ed0b8ae33475ba76a9cc3a1966a24 cf3b2135bed947debf28724a3c50b6d8 - - default default] Successfully bumped revision number for resource b3654b99-cc93-4890-a657-ea8d002439f7 (type: ports) to 1
2026-06-15 21:09:11.485 8 INFO neutron.wsgi [None req-1cfc3c0c-9634-4a63-aa9e-f7ffad9adbe9 091ed0b8ae33475ba76a9cc3a1966a24 cf3b2135bed947debf28724a3c50b6d8 - - default default] 10.0.0.34 "POST /v2.0/networks HTTP/1.1" status: 201 len: 831 time: 0.6624582
2026-06-15 21:09:11.506 9 WARNING neutron_lib.context [None req-28cc0ec8-db17-47e6-9fb5-7d7cb3d12366 091ed0b8ae33475ba76a9cc3a1966a24 cf3b2135bed947debf28724a3c50b6d8 - - default default] Method 'is_advsvc' is deprecated since 2023.2 release (neutron-lib 3.8.0) and will be removed once support for the old RBAC API policies will be removed from Neutron. Please use method 'is_service_role' instead.
2026-06-15 21:09:11.641 9 INFO neutron.wsgi [req-0ca92a69-e4da-4713-8cb9-bcd42490e6b1 req-7a5c9275-83ce-41b8-baf7-ef854213d747 2153734f3175476fb34ed7c3b42ed4e1 b68bb3eee8aa4da880698818692f961f - - 5c6c69f538aa47e4be7f1a92d8fac82c 5c6c69f538aa47e4be7f1a92d8fac82c] 10.0.0.190 "GET /v2.0/ports?device_id=22252f89-6b6a-434f-88ca-b0213af5f922 HTTP/1.1" status: 200 len: 1448 time: 0.0564556
2026-06-15 21:09:11.708 9 INFO neutron.wsgi [req-0ca92a69-e4da-4713-8cb9-bcd42490e6b1 req-e3895466-9944-4c1b-90e7-aae1d3d19a08 2153734f3175476fb34ed7c3b42ed4e1 b68bb3eee8aa4da880698818692f961f - - 5c6c69f538aa47e4be7f1a92d8fac82c 5c6c69f538aa47e4be7f1a92d8fac82c] 10.0.0.190 "GET /v2.0/security-groups?id=61c7e22c-8eda-4d30-941b-5c8084ac6c2d&id=84775eda-c761-41b9-a92f-a2f9c73ba15b&fields=id&fields=name HTTP/1.1" status: 200 len: 406 time: 0.0597684
2026-06-15 21:09:11.816 9 WARNING neutron.scheduler.dhcp_agent_scheduler [None req-28cc0ec8-db17-47e6-9fb5-7d7cb3d12366 091ed0b8ae33475ba76a9cc3a1966a24 cf3b2135bed947debf28724a3c50b6d8 - - default default] No more DHCP agents
2026-06-15 21:09:11.819 9 WARNING neutron.api.rpc.agentnotifiers.dhcp_rpc_agent_api [None req-28cc0ec8-db17-47e6-9fb5-7d7cb3d12366 091ed0b8ae33475ba76a9cc3a1966a24 cf3b2135bed947debf28724a3c50b6d8 - - default default] Unable to schedule network 2b1ec00e-979a-42ad-8102-a9fa637e1683: no agents available; will retry on subsequent port and subnet creation events.
2026-06-15 21:09:12.188 8 WARNING neutron_lib.context [None req-7ac2996c-4da7-45b8-8869-882af3f59939 ddbe79657123440c87ab88d01dad771d c1a1f2b802804cb6b35cbd6d6e8f33a3 - - default default] Method 'is_advsvc' is deprecated since 2023.2 release (neutron-lib 3.8.0) and will be removed once support for the old RBAC API policies will be removed from Neutron. Please use method 'is_service_role' instead.
2026-06-15 21:09:12.363 8 INFO neutron.db.ovn_revision_numbers_db [None req-7ac2996c-4da7-45b8-8869-882af3f59939 ddbe79657123440c87ab88d01dad771d c1a1f2b802804cb6b35cbd6d6e8f33a3 - - default default] Successfully bumped revision number for resource c2821357-3f94-402e-ab06-39f3c9eb1bef (type: security_groups) to 1
2026-06-15 21:09:12.376 8 INFO neutron.db.ovn_revision_numbers_db [None req-7ac2996c-4da7-45b8-8869-882af3f59939 ddbe79657123440c87ab88d01dad771d c1a1f2b802804cb6b35cbd6d6e8f33a3 - - default default] Successfully bumped revision number for resource 02f7bdac-80a5-4b8b-b03e-9633d0309369 (type: security_group_rules) to 0
2026-06-15 21:09:12.380 9 INFO neutron.db.ovn_revision_numbers_db [None req-28cc0ec8-db17-47e6-9fb5-7d7cb3d12366 091ed0b8ae33475ba76a9cc3a1966a24 cf3b2135bed947debf28724a3c50b6d8 - - default default] Successfully bumped revision number for resource b3654b99-cc93-4890-a657-ea8d002439f7 (type: ports) to 2
2026-06-15 21:09:12.393 8 INFO neutron.db.ovn_revision_numbers_db [None req-7ac2996c-4da7-45b8-8869-882af3f59939 ddbe79657123440c87ab88d01dad771d c1a1f2b802804cb6b35cbd6d6e8f33a3 - - default default] Successfully bumped revision number for resource 15e6314f-000f-408b-a7cc-2bb585c29139 (type: security_group_rules) to 0
2026-06-15 21:09:12.406 8 INFO neutron.db.ovn_revision_numbers_db [None req-7ac2996c-4da7-45b8-8869-882af3f59939 ddbe79657123440c87ab88d01dad771d c1a1f2b802804cb6b35cbd6d6e8f33a3 - - default default] Successfully bumped revision number for resource b89c9736-37e9-4b7f-a638-2e150876fce7 (type: security_group_rules) to 0
2026-06-15 21:09:12.413 9 INFO neutron.db.ovn_revision_numbers_db [None req-28cc0ec8-db17-47e6-9fb5-7d7cb3d12366 091ed0b8ae33475ba76a9cc3a1966a24 cf3b2135bed947debf28724a3c50b6d8 - - default default] Successfully bumped revision number for resource 4db69cfe-b37c-4ea9-a4ce-0053e9734c8b (type: subnets) to 0
