2026-06-15 21:08:11.002 9 INFO neutron.wsgi [None req-3088e57e-e29b-4e71-a930-b11f3cfabdff 800eba519b044261902ea91d9c4e48d8 1496f684ad614f6683e24f94ea905567 - - default default] 10.0.0.34 "POST /v2.0/subnets HTTP/1.1" status: 201 len: 821 time: 0.6249614
2026-06-15 21:08:11.013 9 WARNING neutron_lib.context [None req-e51a3da6-18e7-40fc-a51d-24a0871289f4 800eba519b044261902ea91d9c4e48d8 1496f684ad614f6683e24f94ea905567 - - default default] Method 'is_advsvc' is deprecated since 2023.2 release (neutron-lib 3.8.0) and will be removed once support for the old RBAC API policies will be removed from Neutron. Please use method 'is_service_role' instead.
2026-06-15 21:08:11.279 9 WARNING neutron.scheduler.dhcp_agent_scheduler [None req-e51a3da6-18e7-40fc-a51d-24a0871289f4 800eba519b044261902ea91d9c4e48d8 1496f684ad614f6683e24f94ea905567 - - default default] No more DHCP agents
2026-06-15 21:08:11.284 9 WARNING neutron.api.rpc.agentnotifiers.dhcp_rpc_agent_api [None req-e51a3da6-18e7-40fc-a51d-24a0871289f4 800eba519b044261902ea91d9c4e48d8 1496f684ad614f6683e24f94ea905567 - - default default] Unable to schedule network 02ad549a-adc3-483e-a63d-73688893a6d6: no agents available; will retry on subsequent port and subnet creation events.
2026-06-15 21:08:11.322 9 INFO neutron.db.ovn_revision_numbers_db [None req-e51a3da6-18e7-40fc-a51d-24a0871289f4 800eba519b044261902ea91d9c4e48d8 1496f684ad614f6683e24f94ea905567 - - default default] Successfully bumped revision number for resource a20affd4-7b45-4b8e-b53f-a3359f75871b (type: subnets) to 0
2026-06-15 21:08:11.340 9 INFO neutron.wsgi [None req-e51a3da6-18e7-40fc-a51d-24a0871289f4 800eba519b044261902ea91d9c4e48d8 1496f684ad614f6683e24f94ea905567 - - default default] 10.0.0.34 "POST /v2.0/subnets HTTP/1.1" status: 201 len: 830 time: 0.3326030
2026-06-15 21:08:11.351 9 WARNING neutron_lib.context [None req-cddbe75b-2c4f-4b67-ac88-af6dba956bfd 800eba519b044261902ea91d9c4e48d8 1496f684ad614f6683e24f94ea905567 - - default default] Method 'is_advsvc' is deprecated since 2023.2 release (neutron-lib 3.8.0) and will be removed once support for the old RBAC API policies will be removed from Neutron. Please use method 'is_service_role' instead.
2026-06-15 21:08:11.480 9 INFO neutron.db.ovn_revision_numbers_db [None req-cddbe75b-2c4f-4b67-ac88-af6dba956bfd 800eba519b044261902ea91d9c4e48d8 1496f684ad614f6683e24f94ea905567 - - default default] Successfully bumped revision number for resource d437da47-cb7a-4285-ba4a-9f8b76f29ed2 (type: routers) to 1
2026-06-15 21:08:11.508 9 INFO neutron.wsgi [None req-cddbe75b-2c4f-4b67-ac88-af6dba956bfd 800eba519b044261902ea91d9c4e48d8 1496f684ad614f6683e24f94ea905567 - - default default] 10.0.0.34 "POST /v2.0/routers HTTP/1.1" status: 201 len: 805 time: 0.1630666
2026-06-15 21:08:12.236 9 WARNING neutron.scheduler.dhcp_agent_scheduler [None req-1681e89a-4a33-4d39-bf16-923f68e59f2a 800eba519b044261902ea91d9c4e48d8 1496f684ad614f6683e24f94ea905567 - - default default] No more DHCP agents
2026-06-15 21:08:12.239 9 WARNING neutron.api.rpc.agentnotifiers.dhcp_rpc_agent_api [None req-1681e89a-4a33-4d39-bf16-923f68e59f2a 800eba519b044261902ea91d9c4e48d8 1496f684ad614f6683e24f94ea905567 - - default default] Unable to schedule network 1db1f355-d98e-4854-bd30-1d2236891cb4: no agents available; will retry on subsequent port and subnet creation events.
2026-06-15 21:08:12.356 9 INFO neutron.db.ovn_revision_numbers_db [None req-1681e89a-4a33-4d39-bf16-923f68e59f2a 800eba519b044261902ea91d9c4e48d8 1496f684ad614f6683e24f94ea905567 - - default default] Successfully bumped revision number for resource 5842285a-0fe1-4e6d-987e-224bb657e856 (type: ports) to 1
2026-06-15 21:08:12.887 9 ERROR ovsdbapp.backend.ovs_idl.command [None req-1681e89a-4a33-4d39-bf16-923f68e59f2a 800eba519b044261902ea91d9c4e48d8 1496f684ad614f6683e24f94ea905567 - - default default] Error executing command (DbGetCommand): ovsdbapp.backend.ovs_idl.idlutils.RowNotFound: Cannot find Logical_Router_Port with name=lrp-5842285a-0fe1-4e6d-987e-224bb657e856
2026-06-15 21:08:12.887 9 ERROR ovsdbapp.backend.ovs_idl.command
Traceback (most recent call last):
2026-06-15 21:08:12.887 9 ERROR ovsdbapp.backend.ovs_idl.command
File "/var/lib/openstack/lib/python3.10/site-packages/ovsdbapp/backend/ovs_idl/command.py", line 47, in execute
2026-06-15 21:08:12.887 9 ERROR ovsdbapp.backend.ovs_idl.command self.run_idl(None)
2026-06-15 21:08:12.887 9 ERROR ovsdbapp.backend.ovs_idl.command
File "/var/lib/openstack/lib/python3.10/site-packages/ovsdbapp/backend/ovs_idl/command.py", line 235, in run_idl
2026-06-15 21:08:12.887 9 ERROR ovsdbapp.backend.ovs_idl.command record = self.api.lookup(self.table, self.record)
2026-06-15 21:08:12.887 9 ERROR ovsdbapp.backend.ovs_idl.command
File "/var/lib/openstack/lib/python3.10/site-packages/ovsdbapp/backend/ovs_idl/__init__.py", line 184, in lookup
2026-06-15 21:08:12.887 9 ERROR ovsdbapp.backend.ovs_idl.command return self._lookup(table, record)
2026-06-15 21:08:12.887 9 ERROR ovsdbapp.backend.ovs_idl.command
File "/var/lib/openstack/lib/python3.10/site-packages/ovsdbapp/backend/ovs_idl/__init__.py", line 235, in _lookup
2026-06-15 21:08:12.887 9 ERROR ovsdbapp.backend.ovs_idl.command row = idlutils.row_by_value(self, rl.table, rl.column, record)
2026-06-15 21:08:12.887 9 ERROR ovsdbapp.backend.ovs_idl.command
File "/var/lib/openstack/lib/python3.10/site-packages/ovsdbapp/backend/ovs_idl/idlutils.py", line 114, in row_by_value
2026-06-15 21:08:12.887 9 ERROR ovsdbapp.backend.ovs_idl.command raise RowNotFound(table=table, col=column, match=match)
2026-06-15 21:08:12.887 9 ERROR ovsdbapp.backend.ovs_idl.command ovsdbapp.backend.ovs_idl.idlutils.RowNotFound: Cannot find Logical_Router_Port with name=lrp-5842285a-0fe1-4e6d-987e-224bb657e856
2026-06-15 21:08:12.887 9 ERROR ovsdbapp.backend.ovs_idl.command 
2026-06-15 21:08:12.888 9 ERROR neutron_lib.callbacks.manager [None req-1681e89a-4a33-4d39-bf16-923f68e59f2a 800eba519b044261902ea91d9c4e48d8 1496f684ad614f6683e24f94ea905567 - - default default] Error during notification for neutron.services.ovn_l3.plugin.OVNL3RouterPlugin._port_update-8785932901085 port, after_update: ovsdbapp.backend.ovs_idl.idlutils.RowNotFound: Cannot find Logical_Router_Port with name=lrp-5842285a-0fe1-4e6d-987e-224bb657e856
2026-06-15 21:08:12.888 9 ERROR neutron_lib.callbacks.manager
Traceback (most recent call last):
2026-06-15 21:08:12.888 9 ERROR neutron_lib.callbacks.manager
File "/var/lib/openstack/lib/python3.10/site-packages/neutron_lib/callbacks/manager.py", line 189, in _notify_loop
2026-06-15 21:08:12.888 9 ERROR neutron_lib.callbacks.manager callback.method(resource, event, trigger, payload=payload)
2026-06-15 21:08:12.888 9 ERROR neutron_lib.callbacks.manager
File "/var/lib/openstack/lib/python3.10/site-packages/neutron/services/ovn_l3/plugin.py", line 391, in _port_update
2026-06-15 21:08:12.888 9 ERROR neutron_lib.callbacks.manager l3plugin._ovn_client.update_router_port(context,
2026-06-15 21:08:12.888 9 ERROR neutron_lib.callbacks.manager
File "/var/lib/openstack/lib/python3.10/site-packages/neutron/plugins/ml2/drivers/ovn/mech_driver/ovsdb/ovn_client.py", line 1878, in update_router_port
2026-06-15 21:08:12.888 9 ERROR neutron_lib.callbacks.manager self._update_lrouter_port(context, port, if_exists=if_exists,
2026-06-15 21:08:12.888 9 ERROR neutron_lib.callbacks.manager
File "/var/lib/openstack/lib/python3.10/site-packages/neutron/plugins/ml2/drivers/ovn/mech_driver/ovsdb/ovn_client.py", line 1855, in _update_lrouter_port
2026-06-15 21:08:12.888 9 ERROR neutron_lib.callbacks.manager external_ids = self._nb_idl.db_get(
2026-06-15 21:08:12.888 9 ERROR neutron_lib.callbacks.manager
File "/var/lib/openstack/lib/python3.10/site-packages/ovsdbapp/backend/ovs_idl/command.py", line 47, in execute
2026-06-15 21:08:12.888 9 ERROR neutron_lib.callbacks.manager self.run_idl(None)
2026-06-15 21:08:12.888 9 ERROR neutron_lib.callbacks.manager
File "/var/lib/openstack/lib/python3.10/site-packages/ovsdbapp/backend/ovs_idl/command.py", line 235, in run_idl
2026-06-15 21:08:12.888 9 ERROR neutron_lib.callbacks.manager record = self.api.lookup(self.table, self.record)
2026-06-15 21:08:12.888 9 ERROR neutron_lib.callbacks.manager
File "/var/lib/openstack/lib/python3.10/site-packages/ovsdbapp/backend/ovs_idl/__init__.py", line 184, in lookup
2026-06-15 21:08:12.888 9 ERROR neutron_lib.callbacks.manager return self._lookup(table, record)
2026-06-15 21:08:12.888 9 ERROR neutron_lib.callbacks.manager
File "/var/lib/openstack/lib/python3.10/site-packages/ovsdbapp/backend/ovs_idl/__init__.py", line 235, in _lookup
2026-06-15 21:08:12.888 9 ERROR neutron_lib.callbacks.manager row = idlutils.row_by_value(self, rl.table, rl.column, record)
2026-06-15 21:08:12.888 9 ERROR neutron_lib.callbacks.manager
File "/var/lib/openstack/lib/python3.10/site-packages/ovsdbapp/backend/ovs_idl/idlutils.py", line 114, in row_by_value
2026-06-15 21:08:12.888 9 ERROR neutron_lib.callbacks.manager raise RowNotFound(table=table, col=column, match=match)
2026-06-15 21:08:12.888 9 ERROR neutron_lib.callbacks.manager ovsdbapp.backend.ovs_idl.idlutils.RowNotFound: Cannot find Logical_Router_Port with name=lrp-5842285a-0fe1-4e6d-987e-224bb657e856
2026-06-15 21:08:12.888 9 ERROR neutron_lib.callbacks.manager 
2026-06-15 21:08:13.058 8 INFO neutron.plugins.ml2.drivers.ovn.mech_driver.mech_driver [None req-35061bee-1e91-415d-b631-05ad3f2854ba - - - - - -] OVN reports status up for port: 5842285a-0fe1-4e6d-987e-224bb657e856
2026-06-15 21:08:13.079 8 INFO neutron.plugins.ml2.plugin [None req-35061bee-1e91-415d-b631-05ad3f2854ba - - - - - -] Attempt 1 to provision port 5842285a-0fe1-4e6d-987e-224bb657e856
2026-06-15 21:08:13.096 9 INFO neutron.db.ovn_revision_numbers_db [None req-1681e89a-4a33-4d39-bf16-923f68e59f2a 800eba519b044261902ea91d9c4e48d8 1496f684ad614f6683e24f94ea905567 - - default default] Successfully bumped revision number for resource 5842285a-0fe1-4e6d-987e-224bb657e856 (type: ports) to 1
2026-06-15 21:08:13.194 9 INFO neutron.wsgi [None req-fa194a1c-84e7-490f-9fdc-654c0587109c ef482ef1da0b440395fe5477490508fb 934dac830273427ca357a313a27c35ef - - default default] 10.0.0.253 "GET /v2.0/extensions HTTP/1.1" status: 200 len: 18683 time: 0.1341102
2026-06-15 21:08:13.201 9 WARNING neutron.scheduler.dhcp_agent_scheduler [None req-1681e89a-4a33-4d39-bf16-923f68e59f2a 800eba519b044261902ea91d9c4e48d8 1496f684ad614f6683e24f94ea905567 - - default default] No more DHCP agents
2026-06-15 21:08:13.202 9 WARNING neutron.api.rpc.agentnotifiers.dhcp_rpc_agent_api [None req-1681e89a-4a33-4d39-bf16-923f68e59f2a 800eba519b044261902ea91d9c4e48d8 1496f684ad614f6683e24f94ea905567 - - default default] Unable to schedule network 1db1f355-d98e-4854-bd30-1d2236891cb4: no agents available; will retry on subsequent port and subnet creation events.
2026-06-15 21:08:13.446 9 INFO neutron.wsgi [None req-26a6fd2c-d82e-4c65-aaf6-0f29379d30bc ef482ef1da0b440395fe5477490508fb 934dac830273427ca357a313a27c35ef - - default default] 10.0.0.253 "GET /v2.0/quotas/934dac830273427ca357a313a27c35ef/details HTTP/1.1" status: 200 len: 1046 time: 0.2252886
2026-06-15 21:08:13.447 9 INFO neutron.db.ovn_revision_numbers_db [None req-1681e89a-4a33-4d39-bf16-923f68e59f2a 800eba519b044261902ea91d9c4e48d8 1496f684ad614f6683e24f94ea905567 - - default default] Successfully bumped revision number for resource 5842285a-0fe1-4e6d-987e-224bb657e856 (type: router_ports) to 1
2026-06-15 21:08:13.453 9 INFO neutron.wsgi [None req-1681e89a-4a33-4d39-bf16-923f68e59f2a 800eba519b044261902ea91d9c4e48d8 1496f684ad614f6683e24f94ea905567 - - default default] 10.0.0.34 "PUT /v2.0/routers/d437da47-cb7a-4285-ba4a-9f8b76f29ed2/add_router_interface HTTP/1.1" status: 200 len: 503 time: 1.9376390
2026-06-15 21:08:13.639 8 INFO neutron.wsgi [None req-97d82c89-b4ca-4e62-8d66-9c24e0847ada 800eba519b044261902ea91d9c4e48d8 1496f684ad614f6683e24f94ea905567 - - default default] 10.0.0.34 "GET /v2.0/ports/5842285a-0fe1-4e6d-987e-224bb657e856 HTTP/1.1" status: 200 len: 1141 time: 0.1785779
2026-06-15 21:08:13.640 8 INFO neutron.db.ovn_revision_numbers_db [None req-35061bee-1e91-415d-b631-05ad3f2854ba - - - - - -] Successfully bumped revision number for resource 5842285a-0fe1-4e6d-987e-224bb657e856 (type: ports) to 2
2026-06-15 21:08:13.871 8 INFO neutron.db.ovn_revision_numbers_db [None req-35061bee-1e91-415d-b631-05ad3f2854ba - - - - - -] Successfully bumped revision number for resource 5842285a-0fe1-4e6d-987e-224bb657e856 (type: router_ports) to 2
2026-06-15 21:08:14.368 9 WARNING keystonemiddleware.audit [None req-65f9b18e-af97-40da-bd49-af63032b24fc - - - - - -] Skipping service tempest-service-427889686 as it have no endpoints.
2026-06-15 21:08:14.485 9 INFO neutron.db.ovn_revision_numbers_db [None req-3fbd76f0-7f82-4268-9b8a-ca1b6af4522f 262b6950fd8e42b7a69f9ec0d81f83bf a0c2fdaddc014b4f80713b19e5cc4e72 - - default default] Successfully bumped revision number for resource f52d9330-9cfb-4a9f-8aae-e682a87a16e5 (type: security_groups) to 1
2026-06-15 21:08:14.500 9 INFO neutron.db.ovn_revision_numbers_db [None req-3fbd76f0-7f82-4268-9b8a-ca1b6af4522f 262b6950fd8e42b7a69f9ec0d81f83bf a0c2fdaddc014b4f80713b19e5cc4e72 - - default default] Successfully bumped revision number for resource 7ab1b190-b59b-4645-888d-45e65ea212e0 (type: security_group_rules) to 0
2026-06-15 21:08:14.514 9 INFO neutron.db.ovn_revision_numbers_db [None req-3fbd76f0-7f82-4268-9b8a-ca1b6af4522f 262b6950fd8e42b7a69f9ec0d81f83bf a0c2fdaddc014b4f80713b19e5cc4e72 - - default default] Successfully bumped revision number for resource 7e07664e-f6b6-4d85-8c90-99c8bae3f213 (type: security_group_rules) to 0
2026-06-15 21:08:14.533 9 INFO neutron.db.ovn_revision_numbers_db [None req-3fbd76f0-7f82-4268-9b8a-ca1b6af4522f 262b6950fd8e42b7a69f9ec0d81f83bf a0c2fdaddc014b4f80713b19e5cc4e72 - - default default] Successfully bumped revision number for resource e003f8a4-87d2-41aa-8f7e-b65eb59fadcd (type: security_group_rules) to 0
2026-06-15 21:08:14.551 9 INFO neutron.db.ovn_revision_numbers_db [None req-3fbd76f0-7f82-4268-9b8a-ca1b6af4522f 262b6950fd8e42b7a69f9ec0d81f83bf a0c2fdaddc014b4f80713b19e5cc4e72 - - default default] Successfully bumped revision number for resource f85a15b4-1d11-4b4f-8a25-17e9767f1dfa (type: security_group_rules) to 0
2026-06-15 21:08:14.561 8 WARNING neutron.scheduler.dhcp_agent_scheduler [None req-612d7d78-3412-43a0-979f-f94e5c327e1e 800eba519b044261902ea91d9c4e48d8 1496f684ad614f6683e24f94ea905567 - - default default] No more DHCP agents
2026-06-15 21:08:14.565 8 WARNING neutron.api.rpc.agentnotifiers.dhcp_rpc_agent_api [None req-612d7d78-3412-43a0-979f-f94e5c327e1e 800eba519b044261902ea91d9c4e48d8 1496f684ad614f6683e24f94ea905567 - - default default] Unable to schedule network 02ad549a-adc3-483e-a63d-73688893a6d6: no agents available; will retry on subsequent port and subnet creation events.
2026-06-15 21:08:14.580 9 INFO neutron.wsgi [None req-3fbd76f0-7f82-4268-9b8a-ca1b6af4522f 262b6950fd8e42b7a69f9ec0d81f83bf a0c2fdaddc014b4f80713b19e5cc4e72 - - default default] 10.0.0.34 "GET /v2.0/security-groups?tenant_id=4a1a5718a8484e64836f50fb5abce3bc&name=default HTTP/1.1" status: 200 len: 3120 time: 0.3515499
2026-06-15 21:08:14.599 8 WARNING keystonemiddleware.audit [None req-8e8c527b-787a-48ab-9773-bf97d439eb28 - - - - - -] Skipping service tempest-service-427889686 as it have no endpoints.
2026-06-15 21:08:14.733 8 INFO neutron.db.ovn_revision_numbers_db [None req-612d7d78-3412-43a0-979f-f94e5c327e1e 800eba519b044261902ea91d9c4e48d8 1496f684ad614f6683e24f94ea905567 - - default default] Successfully bumped revision number for resource 6eda8222-ed3f-445d-806c-feab521b3e09 (type: ports) to 1
2026-06-15 21:08:14.911 8 INFO neutron.wsgi [None req-f3043dcd-c197-45c3-be8f-8a18a56be1eb 262b6950fd8e42b7a69f9ec0d81f83bf a0c2fdaddc014b4f80713b19e5cc4e72 - - default default] 10.0.0.34 "DELETE /v2.0/security-groups/f52d9330-9cfb-4a9f-8aae-e682a87a16e5 HTTP/1.1" status: 204 len: 168 time: 0.3140776
2026-06-15 21:08:15.272 8 ERROR ovsdbapp.backend.ovs_idl.command [None req-612d7d78-3412-43a0-979f-f94e5c327e1e 800eba519b044261902ea91d9c4e48d8 1496f684ad614f6683e24f94ea905567 - - default default] Error executing command (DbGetCommand): ovsdbapp.backend.ovs_idl.idlutils.RowNotFound: Cannot find Logical_Router_Port with name=lrp-6eda8222-ed3f-445d-806c-feab521b3e09
2026-06-15 21:08:15.272 8 ERROR ovsdbapp.backend.ovs_idl.command
Traceback (most recent call last):
2026-06-15 21:08:15.272 8 ERROR ovsdbapp.backend.ovs_idl.command
File "/var/lib/openstack/lib/python3.10/site-packages/ovsdbapp/backend/ovs_idl/command.py", line 47, in execute
2026-06-15 21:08:15.272 8 ERROR ovsdbapp.backend.ovs_idl.command self.run_idl(None)
2026-06-15 21:08:15.272 8 ERROR ovsdbapp.backend.ovs_idl.command
File "/var/lib/openstack/lib/python3.10/site-packages/ovsdbapp/backend/ovs_idl/command.py", line 235, in run_idl
2026-06-15 21:08:15.272 8 ERROR ovsdbapp.backend.ovs_idl.command record = self.api.lookup(self.table, self.record)
2026-06-15 21:08:15.272 8 ERROR ovsdbapp.backend.ovs_idl.command
File "/var/lib/openstack/lib/python3.10/site-packages/ovsdbapp/backend/ovs_idl/__init__.py", line 184, in lookup
2026-06-15 21:08:15.272 8 ERROR ovsdbapp.backend.ovs_idl.command return self._lookup(table, record)
2026-06-15 21:08:15.272 8 ERROR ovsdbapp.backend.ovs_idl.command
File "/var/lib/openstack/lib/python3.10/site-packages/ovsdbapp/backend/ovs_idl/__init__.py", line 235, in _lookup
2026-06-15 21:08:15.272 8 ERROR ovsdbapp.backend.ovs_idl.command row = idlutils.row_by_value(self, rl.table, rl.column, record)
2026-06-15 21:08:15.272 8 ERROR ovsdbapp.backend.ovs_idl.command
File "/var/lib/openstack/lib/python3.10/site-packages/ovsdbapp/backend/ovs_idl/idlutils.py", line 114, in row_by_value
2026-06-15 21:08:15.272 8 ERROR ovsdbapp.backend.ovs_idl.command raise RowNotFound(table=table, col=column, match=match)
2026-06-15 21:08:15.272 8 ERROR ovsdbapp.backend.ovs_idl.command ovsdbapp.backend.ovs_idl.idlutils.RowNotFound: Cannot find Logical_Router_Port with name=lrp-6eda8222-ed3f-445d-806c-feab521b3e09
2026-06-15 21:08:15.272 8 ERROR ovsdbapp.backend.ovs_idl.command 
2026-06-15 21:08:15.273 8 ERROR neutron_lib.callbacks.manager [None req-612d7d78-3412-43a0-979f-f94e5c327e1e 800eba519b044261902ea91d9c4e48d8 1496f684ad614f6683e24f94ea905567 - - default default] Error during notification for neutron.services.ovn_l3.plugin.OVNL3RouterPlugin._port_update-8785932901085 port, after_update: ovsdbapp.backend.ovs_idl.idlutils.RowNotFound: Cannot find Logical_Router_Port with name=lrp-6eda8222-ed3f-445d-806c-feab521b3e09
2026-06-15 21:08:15.273 8 ERROR neutron_lib.callbacks.manager
Traceback (most recent call last):
2026-06-15 21:08:15.273 8 ERROR neutron_lib.callbacks.manager
File "/var/lib/openstack/lib/python3.10/site-packages/neutron_lib/callbacks/manager.py", line 189, in _notify_loop
2026-06-15 21:08:15.273 8 ERROR neutron_lib.callbacks.manager callback.method(resource, event, trigger, payload=payload)
2026-06-15 21:08:15.273 8 ERROR neutron_lib.callbacks.manager
File "/var/lib/openstack/lib/python3.10/site-packages/neutron/services/ovn_l3/plugin.py", line 391, in _port_update
2026-06-15 21:08:15.273 8 ERROR neutron_lib.callbacks.manager l3plugin._ovn_client.update_router_port(context,
2026-06-15 21:08:15.273 8 ERROR neutron_lib.callbacks.manager
File "/var/lib/openstack/lib/python3.10/site-packages/neutron/plugins/ml2/drivers/ovn/mech_driver/ovsdb/ovn_client.py", line 1878, in update_router_port
2026-06-15 21:08:15.273 8 ERROR neutron_lib.callbacks.manager self._update_lrouter_port(context, port, if_exists=if_exists,
2026-06-15 21:08:15.273 8 ERROR neutron_lib.callbacks.manager
File "/var/lib/openstack/lib/python3.10/site-packages/neutron/plugins/ml2/drivers/ovn/mech_driver/ovsdb/ovn_client.py", line 1855, in _update_lrouter_port
2026-06-15 21:08:15.273 8 ERROR neutron_lib.callbacks.manager external_ids = self._nb_idl.db_get(
2026-06-15 21:08:15.273 8 ERROR neutron_lib.callbacks.manager
File "/var/lib/openstack/lib/python3.10/site-packages/ovsdbapp/backend/ovs_idl/command.py", line 47, in execute
2026-06-15 21:08:15.273 8 ERROR neutron_lib.callbacks.manager self.run_idl(None)
2026-06-15 21:08:15.273 8 ERROR neutron_lib.callbacks.manager
File "/var/lib/openstack/lib/python3.10/site-packages/ovsdbapp/backend/ovs_idl/command.py", line 235, in run_idl
2026-06-15 21:08:15.273 8 ERROR neutron_lib.callbacks.manager record = self.api.lookup(self.table, self.record)
2026-06-15 21:08:15.273 8 ERROR neutron_lib.callbacks.manager
File "/var/lib/openstack/lib/python3.10/site-packages/ovsdbapp/backend/ovs_idl/__init__.py", line 184, in lookup
2026-06-15 21:08:15.273 8 ERROR neutron_lib.callbacks.manager return self._lookup(table, record)
2026-06-15 21:08:15.273 8 ERROR neutron_lib.callbacks.manager
File "/var/lib/openstack/lib/python3.10/site-packages/ovsdbapp/backend/ovs_idl/__init__.py", line 235, in _lookup
2026-06-15 21:08:15.273 8 ERROR neutron_lib.callbacks.manager row = idlutils.row_by_value(self, rl.table, rl.column, record)
2026-06-15 21:08:15.273 8 ERROR neutron_lib.callbacks.manager
File "/var/lib/openstack/lib/python3.10/site-packages/ovsdbapp/backend/ovs_idl/idlutils.py", line 114, in row_by_value
2026-06-15 21:08:15.273 8 ERROR neutron_lib.callbacks.manager raise RowNotFound(table=table, col=column, match=match)
2026-06-15 21:08:15.273 8 ERROR neutron_lib.callbacks.manager ovsdbapp.backend.ovs_idl.idlutils.RowNotFound: Cannot find Logical_Router_Port with name=lrp-6eda8222-ed3f-445d-806c-feab521b3e09
2026-06-15 21:08:15.273 8 ERROR neutron_lib.callbacks.manager 
2026-06-15 21:08:15.423 9 INFO neutron.wsgi [-] 10.0.0.156 "GET / HTTP/1.1" status: 200 len: 246 time: 0.0016704
2026-06-15 21:08:15.423 8 INFO neutron.wsgi [-] 10.0.0.156 "GET / HTTP/1.1" status: 200 len: 246 time: 0.0022132
2026-06-15 21:08:15.456 8 INFO neutron.db.ovn_revision_numbers_db [None req-612d7d78-3412-43a0-979f-f94e5c327e1e 800eba519b044261902ea91d9c4e48d8 1496f684ad614f6683e24f94ea905567 - - default default] Successfully bumped revision number for resource 6eda8222-ed3f-445d-806c-feab521b3e09 (type: ports) to 1
2026-06-15 21:08:15.526 8 WARNING neutron.scheduler.dhcp_agent_scheduler [None req-612d7d78-3412-43a0-979f-f94e5c327e1e 800eba519b044261902ea91d9c4e48d8 1496f684ad614f6683e24f94ea905567 - - default default] No more DHCP agents
2026-06-15 21:08:15.527 8 WARNING neutron.api.rpc.agentnotifiers.dhcp_rpc_agent_api [None req-612d7d78-3412-43a0-979f-f94e5c327e1e 800eba519b044261902ea91d9c4e48d8 1496f684ad614f6683e24f94ea905567 - - default default] Unable to schedule network 02ad549a-adc3-483e-a63d-73688893a6d6: no agents available; will retry on subsequent port and subnet creation events.
2026-06-15 21:08:15.713 8 INFO neutron.db.ovn_revision_numbers_db [None req-612d7d78-3412-43a0-979f-f94e5c327e1e 800eba519b044261902ea91d9c4e48d8 1496f684ad614f6683e24f94ea905567 - - default default] Successfully bumped revision number for resource 6eda8222-ed3f-445d-806c-feab521b3e09 (type: router_ports) to 1
2026-06-15 21:08:15.719 8 INFO neutron.wsgi [None req-612d7d78-3412-43a0-979f-f94e5c327e1e 800eba519b044261902ea91d9c4e48d8 1496f684ad614f6683e24f94ea905567 - - default default] 10.0.0.34 "PUT /v2.0/routers/d437da47-cb7a-4285-ba4a-9f8b76f29ed2/add_router_interface HTTP/1.1" status: 200 len: 503 time: 2.0709405
2026-06-15 21:08:15.830 8 INFO neutron.wsgi [None req-a12aba60-287a-480c-8e39-6b7c7d821c5f 800eba519b044261902ea91d9c4e48d8 1496f684ad614f6683e24f94ea905567 - - default default] 10.0.0.34 "GET /v2.0/ports/6eda8222-ed3f-445d-806c-feab521b3e09 HTTP/1.1" status: 200 len: 1147 time: 0.1057582
2026-06-15 21:08:15.866 8 INFO neutron.wsgi [None req-2d7ebfd5-bf3a-4903-8628-bdf1cfb1170f 800eba519b044261902ea91d9c4e48d8 1496f684ad614f6683e24f94ea905567 - - default default] 10.0.0.34 "GET /v2.0/ports/6eda8222-ed3f-445d-806c-feab521b3e09 HTTP/1.1" status: 200 len: 1147 time: 0.0321159
2026-06-15 21:08:16.024 8 INFO neutron.db.ovn_revision_numbers_db [None req-79838768-0569-4cd2-8780-56e7f44745c2 262b6950fd8e42b7a69f9ec0d81f83bf a0c2fdaddc014b4f80713b19e5cc4e72 - - default default] Successfully bumped revision number for resource 4c5aeb7c-196a-4417-97e5-f8c9bf5c3554 (type: security_groups) to 1
2026-06-15 21:08:16.038 8 INFO neutron.db.ovn_revision_numbers_db [None req-79838768-0569-4cd2-8780-56e7f44745c2 262b6950fd8e42b7a69f9ec0d81f83bf a0c2fdaddc014b4f80713b19e5cc4e72 - - default default] Successfully bumped revision number for resource 3c7e746f-b164-4158-a4e7-9dd0a3aed6a7 (type: security_group_rules) to 0
2026-06-15 21:08:16.051 8 INFO neutron.db.ovn_revision_numbers_db [None req-79838768-0569-4cd2-8780-56e7f44745c2 262b6950fd8e42b7a69f9ec0d81f83bf a0c2fdaddc014b4f80713b19e5cc4e72 - - default default] Successfully bumped revision number for resource 58dae461-f0e1-4439-a9c9-45361bc603f5 (type: security_group_rules) to 0
2026-06-15 21:08:16.068 8 INFO neutron.db.ovn_revision_numbers_db [None req-79838768-0569-4cd2-8780-56e7f44745c2 262b6950fd8e42b7a69f9ec0d81f83bf a0c2fdaddc014b4f80713b19e5cc4e72 - - default default] Successfully bumped revision number for resource a96fdde1-77c2-4374-8cd1-a48a1c7abdd9 (type: security_group_rules) to 0
2026-06-15 21:08:16.083 8 INFO neutron.db.ovn_revision_numbers_db [None req-79838768-0569-4cd2-8780-56e7f44745c2 262b6950fd8e42b7a69f9ec0d81f83bf a0c2fdaddc014b4f80713b19e5cc4e72 - - default default] Successfully bumped revision number for resource ba0bf904-ad98-461d-ac22-a1c83c85441c (type: security_group_rules) to 0
2026-06-15 21:08:16.105 8 INFO neutron.wsgi [None req-79838768-0569-4cd2-8780-56e7f44745c2 262b6950fd8e42b7a69f9ec0d81f83bf a0c2fdaddc014b4f80713b19e5cc4e72 - - default default] 10.0.0.34 "GET /v2.0/security-groups?tenant_id=cbd458c1df254d01bf90393537f782bf&name=default HTTP/1.1" status: 200 len: 3120 time: 0.3547091
2026-06-15 21:08:16.250 9 INFO neutron.wsgi [None req-19847444-f807-441f-8341-7a3a88381093 ef482ef1da0b440395fe5477490508fb 934dac830273427ca357a313a27c35ef - - default default] 10.0.0.253 "GET /v2.0/extensions HTTP/1.1" status: 200 len: 18683 time: 0.0080824
2026-06-15 21:08:16.342 8 INFO neutron.wsgi [None req-ed90410c-19bb-4e49-a45a-9e777012d365 262b6950fd8e42b7a69f9ec0d81f83bf a0c2fdaddc014b4f80713b19e5cc4e72 - - default default] 10.0.0.34 "DELETE /v2.0/security-groups/4c5aeb7c-196a-4417-97e5-f8c9bf5c3554 HTTP/1.1" status: 204 len: 168 time: 0.2266333
2026-06-15 21:08:16.349 9 INFO neutron.wsgi [None req-62e5b74e-b98f-4757-b595-18c94ed5256d ef482ef1da0b440395fe5477490508fb 934dac830273427ca357a313a27c35ef - - default default] 10.0.0.253 "GET /v2.0/quotas/934dac830273427ca357a313a27c35ef/details HTTP/1.1" status: 200 len: 1046 time: 0.0826004
2026-06-15 21:08:16.634 8 INFO neutron.db.ovn_revision_numbers_db [None req-90bb9437-eca6-46b0-88db-fe5387ad0bff 262b6950fd8e42b7a69f9ec0d81f83bf a0c2fdaddc014b4f80713b19e5cc4e72 - - default default] Successfully bumped revision number for resource 6cf5a455-9e92-4c40-980d-57f50bfd9502 (type: security_groups) to 1
2026-06-15 21:08:16.648 8 INFO neutron.db.ovn_revision_numbers_db [None req-90bb9437-eca6-46b0-88db-fe5387ad0bff 262b6950fd8e42b7a69f9ec0d81f83bf a0c2fdaddc014b4f80713b19e5cc4e72 - - default default] Successfully bumped revision number for resource 0f44ba90-005a-4a88-a341-46444762cdd3 (type: security_group_rules) to 0
2026-06-15 21:08:16.661 8 INFO neutron.db.ovn_revision_numbers_db [None req-90bb9437-eca6-46b0-88db-fe5387ad0bff 262b6950fd8e42b7a69f9ec0d81f83bf a0c2fdaddc014b4f80713b19e5cc4e72 - - default default] Successfully bumped revision number for resource 328d9c84-75a5-41c6-9677-f65d9a00d4e4 (type: security_group_rules) to 0
2026-06-15 21:08:16.674 8 INFO neutron.db.ovn_revision_numbers_db [None req-90bb9437-eca6-46b0-88db-fe5387ad0bff 262b6950fd8e42b7a69f9ec0d81f83bf a0c2fdaddc014b4f80713b19e5cc4e72 - - default default] Successfully bumped revision number for resource 3c00c741-dee1-4eb8-aad9-5c87c5bf4382 (type: security_group_rules) to 0
2026-06-15 21:08:16.688 8 INFO neutron.db.ovn_revision_numbers_db [None req-90bb9437-eca6-46b0-88db-fe5387ad0bff 262b6950fd8e42b7a69f9ec0d81f83bf a0c2fdaddc014b4f80713b19e5cc4e72 - - default default] Successfully bumped revision number for resource a6f20af3-f7d0-413d-8028-117ba858e068 (type: security_group_rules) to 0
2026-06-15 21:08:16.717 8 INFO neutron.wsgi [None req-90bb9437-eca6-46b0-88db-fe5387ad0bff 262b6950fd8e42b7a69f9ec0d81f83bf a0c2fdaddc014b4f80713b19e5cc4e72 - - default default] 10.0.0.34 "GET /v2.0/security-groups?tenant_id=2e7f24fdd8f9403dacc9e52ffdd6cbe6&name=default HTTP/1.1" status: 200 len: 3120 time: 0.2223067
2026-06-15 21:08:17.005 9 INFO neutron.wsgi [None req-d53cf686-2bce-4d99-bda9-af5ba43263dd 800eba519b044261902ea91d9c4e48d8 1496f684ad614f6683e24f94ea905567 - - default default] 10.0.0.34 "GET /v2.0/ports/6eda8222-ed3f-445d-806c-feab521b3e09 HTTP/1.1" status: 200 len: 1147 time: 0.1269155
2026-06-15 21:08:17.011 8 INFO neutron.wsgi [None req-982cb1d6-b64f-45cd-a4f8-7ca344b9ac46 262b6950fd8e42b7a69f9ec0d81f83bf a0c2fdaddc014b4f80713b19e5cc4e72 - - default default] 10.0.0.34 "DELETE /v2.0/security-groups/6cf5a455-9e92-4c40-980d-57f50bfd9502 HTTP/1.1" status: 204 len: 168 time: 0.2874699
2026-06-15 21:08:18.046 9 INFO neutron.wsgi [None req-3c161de2-79e0-4e16-83df-38a5e189168f 800eba519b044261902ea91d9c4e48d8 1496f684ad614f6683e24f94ea905567 - - default default] 10.0.0.34 "GET /v2.0/ports/6eda8222-ed3f-445d-806c-feab521b3e09 HTTP/1.1" status: 200 len: 1147 time: 0.0361857
2026-06-15 21:08:18.800 8 WARNING neutron.plugins.ml2.drivers.ovn.mech_driver.ovsdb.ovn_client [None req-35061bee-1e91-415d-b631-05ad3f2854ba - - - - - -] No hosting information found for port 5842285a-0fe1-4e6d-987e-224bb657e856: RuntimeError: No hosting information found for port 5842285a-0fe1-4e6d-987e-224bb657e856
2026-06-15 21:08:18.801 8 INFO neutron.plugins.ml2.drivers.ovn.mech_driver.mech_driver [None req-35061bee-1e91-415d-b631-05ad3f2854ba - - - - - -] OVN reports status up for port: 6eda8222-ed3f-445d-806c-feab521b3e09
2026-06-15 21:08:18.809 8 INFO neutron.plugins.ml2.plugin [None req-35061bee-1e91-415d-b631-05ad3f2854ba - - - - - -] Attempt 1 to provision port 6eda8222-ed3f-445d-806c-feab521b3e09
2026-06-15 21:08:19.038 9 WARNING neutron_lib.context [None req-436107e9-c62f-4b4f-91b3-7278bf352edc 74132f67d0494a148c1020993ce277c9 daee3b06bfd74e94aedb338b8a61522d - - default default] Method 'is_advsvc' is deprecated since 2023.2 release (neutron-lib 3.8.0) and will be removed once support for the old RBAC API policies will be removed from Neutron. Please use method 'is_service_role' instead.
2026-06-15 21:08:19.105 8 INFO neutron.wsgi [None req-f2e0f219-9f9c-4d8c-80d9-8c7da3531206 800eba519b044261902ea91d9c4e48d8 1496f684ad614f6683e24f94ea905567 - - default default] 10.0.0.34 "GET /v2.0/ports/6eda8222-ed3f-445d-806c-feab521b3e09 HTTP/1.1" status: 200 len: 1149 time: 0.0521121
2026-06-15 21:08:19.309 8 INFO neutron.db.ovn_revision_numbers_db [None req-35061bee-1e91-415d-b631-05ad3f2854ba - - - - - -] Successfully bumped revision number for resource 6eda8222-ed3f-445d-806c-feab521b3e09 (type: ports) to 2
2026-06-15 21:08:19.441 9 INFO neutron.db.ovn_revision_numbers_db [None req-05f19e86-1967-4791-9947-024f5acfdeac 262b6950fd8e42b7a69f9ec0d81f83bf a0c2fdaddc014b4f80713b19e5cc4e72 - - default default] Successfully bumped revision number for resource 39b0c582-c647-491b-b132-6139d11687cd (type: security_groups) to 1
2026-06-15 21:08:19.448 9 INFO neutron.db.ovn_revision_numbers_db [None req-436107e9-c62f-4b4f-91b3-7278bf352edc 74132f67d0494a148c1020993ce277c9 daee3b06bfd74e94aedb338b8a61522d - - default default] Successfully bumped revision number for resource 12091ac8-4bff-4f6d-ac13-0b2db5c6e624 (type: security_groups) to 1
2026-06-15 21:08:19.455 8 INFO neutron.db.ovn_revision_numbers_db [None req-35061bee-1e91-415d-b631-05ad3f2854ba - - - - - -] Successfully bumped revision number for resource 6eda8222-ed3f-445d-806c-feab521b3e09 (type: router_ports) to 2
2026-06-15 21:08:19.470 9 INFO neutron.db.ovn_revision_numbers_db [None req-05f19e86-1967-4791-9947-024f5acfdeac 262b6950fd8e42b7a69f9ec0d81f83bf a0c2fdaddc014b4f80713b19e5cc4e72 - - default default] Successfully bumped revision number for resource bc0229ea-eaeb-4091-94b4-6898054d996a (type: security_group_rules) to 0
2026-06-15 21:08:19.473 9 INFO neutron.db.ovn_revision_numbers_db [None req-436107e9-c62f-4b4f-91b3-7278bf352edc 74132f67d0494a148c1020993ce277c9 daee3b06bfd74e94aedb338b8a61522d - - default default] Successfully bumped revision number for resource 34564776-af6f-4e65-81dc-6d48b7a56532 (type: security_group_rules) to 0
2026-06-15 21:08:19.495 9 INFO neutron.db.ovn_revision_numbers_db [None req-436107e9-c62f-4b4f-91b3-7278bf352edc 74132f67d0494a148c1020993ce277c9 daee3b06bfd74e94aedb338b8a61522d - - default default] Successfully bumped revision number for resource 3554f97f-f4d3-45c8-82f7-1ead486baf65 (type: security_group_rules) to 0
2026-06-15 21:08:19.497 9 INFO neutron.db.ovn_revision_numbers_db [None req-05f19e86-1967-4791-9947-024f5acfdeac 262b6950fd8e42b7a69f9ec0d81f83bf a0c2fdaddc014b4f80713b19e5cc4e72 - - default default] Successfully bumped revision number for resource bd2386f8-c976-4de3-8ae3-51c55395485a (type: security_group_rules) to 0
2026-06-15 21:08:19.533 9 INFO neutron.db.ovn_revision_numbers_db [None req-436107e9-c62f-4b4f-91b3-7278bf352edc 74132f67d0494a148c1020993ce277c9 daee3b06bfd74e94aedb338b8a61522d - - default default] Successfully bumped revision number for resource 35e910f5-6090-47a7-ae43-f559f73c42b7 (type: security_group_rules) to 0
2026-06-15 21:08:19.535 9 INFO neutron.db.ovn_revision_numbers_db [None req-05f19e86-1967-4791-9947-024f5acfdeac 262b6950fd8e42b7a69f9ec0d81f83bf a0c2fdaddc014b4f80713b19e5cc4e72 - - default default] Successfully bumped revision number for resource cb18ec09-4e4f-4664-ba40-96e73eded4c3 (type: security_group_rules) to 0
2026-06-15 21:08:19.552 9 INFO neutron.db.ovn_revision_numbers_db [None req-436107e9-c62f-4b4f-91b3-7278bf352edc 74132f67d0494a148c1020993ce277c9 daee3b06bfd74e94aedb338b8a61522d - - default default] Successfully bumped revision number for resource cd31c880-dfe0-4287-b4c8-56e664abaee4 (type: security_group_rules) to 0
2026-06-15 21:08:19.557 9 INFO neutron.db.ovn_revision_numbers_db [None req-05f19e86-1967-4791-9947-024f5acfdeac 262b6950fd8e42b7a69f9ec0d81f83bf a0c2fdaddc014b4f80713b19e5cc4e72 - - default default] Successfully bumped revision number for resource e4ed8d39-2d76-431b-92f4-f8641ab6da73 (type: security_group_rules) to 0
2026-06-15 21:08:19.590 9 INFO neutron.wsgi [None req-05f19e86-1967-4791-9947-024f5acfdeac 262b6950fd8e42b7a69f9ec0d81f83bf a0c2fdaddc014b4f80713b19e5cc4e72 - - default default] 10.0.0.34 "GET /v2.0/security-groups?tenant_id=934dac830273427ca357a313a27c35ef&name=default HTTP/1.1" status: 200 len: 3120 time: 0.5809159
2026-06-15 21:08:19.632 9 INFO neutron.db.segments_db [None req-436107e9-c62f-4b4f-91b3-7278bf352edc 74132f67d0494a148c1020993ce277c9 daee3b06bfd74e94aedb338b8a61522d - - default default] Added segment 64c29b2d-8da4-421b-ba6b-b52c0629f037 of type geneve for network 1f54fef7-62b4-45ea-9c04-1cab10d78dd2
2026-06-15 21:08:19.875 9 INFO neutron.db.ovn_revision_numbers_db [None req-436107e9-c62f-4b4f-91b3-7278bf352edc 74132f67d0494a148c1020993ce277c9 daee3b06bfd74e94aedb338b8a61522d - - default default] Successfully bumped revision number for resource 1f54fef7-62b4-45ea-9c04-1cab10d78dd2 (type: networks) to 1
2026-06-15 21:08:20.087 9 INFO neutron.wsgi [None req-69dab27b-d44b-4381-bf11-1b0e42f35dc3 262b6950fd8e42b7a69f9ec0d81f83bf a0c2fdaddc014b4f80713b19e5cc4e72 - - default default] 10.0.0.34 "DELETE /v2.0/security-groups/39b0c582-c647-491b-b132-6139d11687cd HTTP/1.1" status: 204 len: 168 time: 0.4923451
2026-06-15 21:08:20.128 9 WARNING neutron.scheduler.dhcp_agent_scheduler [None req-436107e9-c62f-4b4f-91b3-7278bf352edc 74132f67d0494a148c1020993ce277c9 daee3b06bfd74e94aedb338b8a61522d - - default default] No more DHCP agents
2026-06-15 21:08:20.144 9 WARNING neutron.api.rpc.agentnotifiers.dhcp_rpc_agent_api [None req-436107e9-c62f-4b4f-91b3-7278bf352edc 74132f67d0494a148c1020993ce277c9 daee3b06bfd74e94aedb338b8a61522d - - default default] Unable to schedule network 1f54fef7-62b4-45ea-9c04-1cab10d78dd2: no agents available; will retry on subsequent port and subnet creation events.
2026-06-15 21:08:20.253 9 INFO neutron.db.ovn_revision_numbers_db [None req-436107e9-c62f-4b4f-91b3-7278bf352edc 74132f67d0494a148c1020993ce277c9 daee3b06bfd74e94aedb338b8a61522d - - default default] Successfully bumped revision number for resource fd5879b8-5f11-492c-8201-9478d80af02d (type: ports) to 1
2026-06-15 21:08:20.290 9 INFO neutron.wsgi [None req-436107e9-c62f-4b4f-91b3-7278bf352edc 74132f67d0494a148c1020993ce277c9 daee3b06bfd74e94aedb338b8a61522d - - default default] 10.0.0.34 "POST /v2.0/networks HTTP/1.1" status: 201 len: 848 time: 1.4258862
2026-06-15 21:08:20.304 8 WARNING neutron_lib.context [None req-5fba644d-94b0-4cdf-b000-6f135b0d9388 74132f67d0494a148c1020993ce277c9 daee3b06bfd74e94aedb338b8a61522d - - default default] Method 'is_advsvc' is deprecated since 2023.2 release (neutron-lib 3.8.0) and will be removed once support for the old RBAC API policies will be removed from Neutron. Please use method 'is_service_role' instead.
2026-06-15 21:08:20.347 9 INFO neutron.wsgi [None req-93478331-b922-47fc-a852-48d8886ee3fb 800eba519b044261902ea91d9c4e48d8 1496f684ad614f6683e24f94ea905567 - - default default] 10.0.0.34 "PUT /v2.0/routers/d437da47-cb7a-4285-ba4a-9f8b76f29ed2/remove_router_interface HTTP/1.1" status: 200 len: 503 time: 1.2362480
2026-06-15 21:08:20.497 8 INFO neutron.wsgi [None req-c729186c-02c3-46ee-93fd-5965466d8e98 800eba519b044261902ea91d9c4e48d8 1496f684ad614f6683e24f94ea905567 - - default default] 10.0.0.34 "GET /v2.0/ports/5842285a-0fe1-4e6d-987e-224bb657e856 HTTP/1.1" status: 200 len: 1141 time: 0.1449437 /var/lib/openstack/lib/python3.10/site-packages/pycadf/identifier.py:71: UserWarning: Invalid uuid: neutron. To ensure interoperability, identifiers should be a valid uuid. warnings.warn(('Invalid uuid: %s. To ensure interoperability, '
2026-06-15 21:08:20.617 8 WARNING neutron.scheduler.dhcp_agent_scheduler [None req-5fba644d-94b0-4cdf-b000-6f135b0d9388 74132f67d0494a148c1020993ce277c9 daee3b06bfd74e94aedb338b8a61522d - - default default] No more DHCP agents
2026-06-15 21:08:20.620 8 WARNING neutron.api.rpc.agentnotifiers.dhcp_rpc_agent_api [None req-5fba644d-94b0-4cdf-b000-6f135b0d9388 74132f67d0494a148c1020993ce277c9 daee3b06bfd74e94aedb338b8a61522d - - default default] Unable to schedule network 1f54fef7-62b4-45ea-9c04-1cab10d78dd2: no agents available; will retry on subsequent port and subnet creation events.
2026-06-15 21:08:20.651 8 INFO neutron.db.ovn_revision_numbers_db [None req-5fba644d-94b0-4cdf-b000-6f135b0d9388 74132f67d0494a148c1020993ce277c9 daee3b06bfd74e94aedb338b8a61522d - - default default] Successfully bumped revision number for resource f2bf42d6-1aea-46bf-ac4e-68c183d56f6b (type: subnets) to 0
2026-06-15 21:08:20.672 8 INFO neutron.wsgi [None req-5fba644d-94b0-4cdf-b000-6f135b0d9388 74132f67d0494a148c1020993ce277c9 daee3b06bfd74e94aedb338b8a61522d - - default default] 10.0.0.34 "POST /v2.0/subnets HTTP/1.1" status: 201 len: 802 time: 0.3749299
2026-06-15 21:08:20.686 9 WARNING neutron_lib.context [None req-b91cc94d-32bc-431b-83c2-6965646b3d78 74132f67d0494a148c1020993ce277c9 daee3b06bfd74e94aedb338b8a61522d - - default default] Method 'is_advsvc' is deprecated since 2023.2 release (neutron-lib 3.8.0) and will be removed once support for the old RBAC API policies will be removed from Neutron. Please use method 'is_service_role' instead.
2026-06-15 21:08:21.599 9 WARNING neutron.scheduler.dhcp_agent_scheduler [None req-b91cc94d-32bc-431b-83c2-6965646b3d78 74132f67d0494a148c1020993ce277c9 daee3b06bfd74e94aedb338b8a61522d - - default default] No more DHCP agents
2026-06-15 21:08:21.617 9 WARNING neutron.api.rpc.agentnotifiers.dhcp_rpc_agent_api [None req-b91cc94d-32bc-431b-83c2-6965646b3d78 74132f67d0494a148c1020993ce277c9 daee3b06bfd74e94aedb338b8a61522d - - default default] Unable to schedule network 67aac509-6b01-46ef-8bd1-ae0db20a55b4: no agents available; will retry on subsequent port and subnet creation events.
2026-06-15 21:08:21.702 9 INFO neutron.wsgi [None req-234ef84b-9534-43ac-9b86-91621d558f3e 800eba519b044261902ea91d9c4e48d8 1496f684ad614f6683e24f94ea905567 - - default default] 10.0.0.34 "PUT /v2.0/routers/d437da47-cb7a-4285-ba4a-9f8b76f29ed2/remove_router_interface HTTP/1.1" status: 200 len: 503 time: 1.1980503 /var/lib/openstack/lib/python3.10/site-packages/pycadf/identifier.py:71: UserWarning: Invalid uuid: neutron. To ensure interoperability, identifiers should be a valid uuid. warnings.warn(('Invalid uuid: %s. To ensure interoperability, '
2026-06-15 21:08:21.742 9 INFO neutron.wsgi [None req-0e1f4b76-1846-440d-bde9-0a3593cf8152 800eba519b044261902ea91d9c4e48d8 1496f684ad614f6683e24f94ea905567 - - default default] 10.0.0.34 "GET /v2.0/ports?device_id=d437da47-cb7a-4285-ba4a-9f8b76f29ed2 HTTP/1.1" status: 200 len: 205 time: 0.0345647
2026-06-15 21:08:21.876 9 INFO neutron.db.ovn_revision_numbers_db [None req-b91cc94d-32bc-431b-83c2-6965646b3d78 74132f67d0494a148c1020993ce277c9 daee3b06bfd74e94aedb338b8a61522d - - default default] Successfully bumped revision number for resource a3a22f49-a5b7-4cc3-b03d-fdf5485479e6 (type: ports) to 1
2026-06-15 21:08:22.287 8 INFO neutron.wsgi [None req-610460c1-9f45-4944-9365-f21d2138b9fd 800eba519b044261902ea91d9c4e48d8 1496f684ad614f6683e24f94ea905567 - - default default] 10.0.0.34 "DELETE /v2.0/routers/d437da47-cb7a-4285-ba4a-9f8b76f29ed2 HTTP/1.1" status: 204 len: 168 time: 0.5389221
2026-06-15 21:08:22.334 9 INFO neutron.db.ovn_revision_numbers_db [None req-9fff6159-59fb-49db-8807-75bb47042538 262b6950fd8e42b7a69f9ec0d81f83bf a0c2fdaddc014b4f80713b19e5cc4e72 - - default default] Successfully bumped revision number for resource 6d9b8800-8d83-4996-b787-d72449ad89df (type: security_groups) to 1
2026-06-15 21:08:22.371 9 INFO neutron.db.ovn_revision_numbers_db [None req-9fff6159-59fb-49db-8807-75bb47042538 262b6950fd8e42b7a69f9ec0d81f83bf a0c2fdaddc014b4f80713b19e5cc4e72 - - default default] Successfully bumped revision number for resource 2e1473ba-2ff4-47e3-b8a0-d2124b805e7f (type: security_group_rules) to 0
2026-06-15 21:08:22.398 9 INFO neutron.db.ovn_revision_numbers_db [None req-9fff6159-59fb-49db-8807-75bb47042538 262b6950fd8e42b7a69f9ec0d81f83bf a0c2fdaddc014b4f80713b19e5cc4e72 - - default default] Successfully bumped revision number for resource 5aaba537-ed72-4919-be70-332d42c714e0 (type: security_group_rules) to 0
2026-06-15 21:08:22.416 9 INFO neutron.db.ovn_revision_numbers_db [None req-9fff6159-59fb-49db-8807-75bb47042538 262b6950fd8e42b7a69f9ec0d81f83bf a0c2fdaddc014b4f80713b19e5cc4e72 - - default default] Successfully bumped revision number for resource 75244734-186d-4d7c-9e12-0dda01014e82 (type: security_group_rules) to 0
2026-06-15 21:08:22.449 9 INFO neutron.db.ovn_revision_numbers_db [None req-9fff6159-59fb-49db-8807-75bb47042538 262b6950fd8e42b7a69f9ec0d81f83bf a0c2fdaddc014b4f80713b19e5cc4e72 - - default default] Successfully bumped revision number for resource 848ad322-5b8a-457c-bdb3-27d269f05691 (type: security_group_rules) to 0
2026-06-15 21:08:22.464 8 INFO neutron.wsgi [None req-922dc4fb-f4bc-4b0d-b9a9-e08ad231d493 800eba519b044261902ea91d9c4e48d8 1496f684ad614f6683e24f94ea905567 - - default default] 10.0.0.34 "DELETE /v2.0/subnets/a20affd4-7b45-4b8e-b53f-a3359f75871b HTTP/1.1" status: 204 len: 168 time: 0.1721361
2026-06-15 21:08:22.515 9 INFO neutron.db.segments_db [None req-9fff6159-59fb-49db-8807-75bb47042538 262b6950fd8e42b7a69f9ec0d81f83bf a0c2fdaddc014b4f80713b19e5cc4e72 - - default default] Added segment 658f5744-9320-4ec4-9948-22494e9f89cd of type geneve for network a3d60d33-8c28-4243-94f1-8ec33c860b47
2026-06-15 21:08:22.645 8 INFO neutron.wsgi [None req-a2e7b6d0-350f-426f-9a88-6411da285044 800eba519b044261902ea91d9c4e48d8 1496f684ad614f6683e24f94ea905567 - - default default] 10.0.0.34 "DELETE /v2.0/subnets/26b45155-693f-4e1e-a6c5-1a79b3d3d67b HTTP/1.1" status: 204 len: 168 time: 0.1737456
2026-06-15 21:08:22.723 9 INFO neutron.plugins.ml2.drivers.ovn.mech_driver.ovsdb.commands [None req-e0bd2412-1ed5-4e43-8412-554f8f828c60 - - - - - -] Schedule LRP lrp-a3a22f49-a5b7-4cc3-b03d-fdf5485479e6 on gateway 9b915434-f5b4-4f02-b61c-14cb792f14a0 with priority 1
2026-06-15 21:08:22.731 9 INFO neutron.plugins.ml2.drivers.ovn.mech_driver.mech_driver [None req-4931acb0-aaf8-4197-8a6e-4d24e2e00f6a - - - - - -] OVN reports status up for port: a3a22f49-a5b7-4cc3-b03d-fdf5485479e6
2026-06-15 21:08:22.731 9 INFO neutron.db.ovn_revision_numbers_db [None req-9fff6159-59fb-49db-8807-75bb47042538 262b6950fd8e42b7a69f9ec0d81f83bf a0c2fdaddc014b4f80713b19e5cc4e72 - - default default] Successfully bumped revision number for resource a3d60d33-8c28-4243-94f1-8ec33c860b47 (type: networks) to 1
2026-06-15 21:08:22.756 9 INFO neutron.plugins.ml2.plugin [None req-4931acb0-aaf8-4197-8a6e-4d24e2e00f6a - - - - - -] Attempt 1 to provision port a3a22f49-a5b7-4cc3-b03d-fdf5485479e6
2026-06-15 21:08:22.792 9 INFO neutron.db.ovn_revision_numbers_db [None req-b91cc94d-32bc-431b-83c2-6965646b3d78 74132f67d0494a148c1020993ce277c9 daee3b06bfd74e94aedb338b8a61522d - - default default] Successfully bumped revision number for resource a3a22f49-a5b7-4cc3-b03d-fdf5485479e6 (type: router_ports) to 1
2026-06-15 21:08:22.939 9 INFO neutron.db.ovn_revision_numbers_db [None req-b91cc94d-32bc-431b-83c2-6965646b3d78 74132f67d0494a148c1020993ce277c9 daee3b06bfd74e94aedb338b8a61522d - - default default] Successfully bumped revision number for resource d6cf98ee-37d8-4bad-a365-f5c83d9ca48b (type: routers) to 2
2026-06-15 21:08:22.959 9 INFO neutron.wsgi [None req-b91cc94d-32bc-431b-83c2-6965646b3d78 74132f67d0494a148c1020993ce277c9 daee3b06bfd74e94aedb338b8a61522d - - default default] 10.0.0.34 "POST /v2.0/routers HTTP/1.1" status: 201 len: 1153 time: 2.2801898
2026-06-15 21:08:23.014 9 WARNING neutron.scheduler.dhcp_agent_scheduler [None req-9fff6159-59fb-49db-8807-75bb47042538 262b6950fd8e42b7a69f9ec0d81f83bf a0c2fdaddc014b4f80713b19e5cc4e72 - - default default] No more DHCP agents
2026-06-15 21:08:23.015 8 INFO neutron.services.segments.plugin [-] Segment 074ccdaa-b0a1-4cdd-ba5c-684a3c8bc0fc resource provider aggregate not found
2026-06-15 21:08:23.017 9 WARNING neutron.api.rpc.agentnotifiers.dhcp_rpc_agent_api [None req-9fff6159-59fb-49db-8807-75bb47042538 262b6950fd8e42b7a69f9ec0d81f83bf a0c2fdaddc014b4f80713b19e5cc4e72 - - default default] Unable to schedule network a3d60d33-8c28-4243-94f1-8ec33c860b47: no agents available; will retry on subsequent port and subnet creation events.
2026-06-15 21:08:23.024 8 INFO neutron.services.segments.plugin [-] Segment 074ccdaa-b0a1-4cdd-ba5c-684a3c8bc0fc resource provider aggregate not found
2026-06-15 21:08:23.032 8 INFO neutron.services.segments.plugin [-] Segment 074ccdaa-b0a1-4cdd-ba5c-684a3c8bc0fc resource provider not found; error: Placement Client Error (4xx): {"errors": [{"status": 404, "title": "Not Found", "detail": "The resource could not be found.\n\n No resource provider with uuid 074ccdaa-b0a1-4cdd-ba5c-684a3c8bc0fc found for delete ", "request_id": "req-df5e7504-29a6-481e-b8fa-d949d42eb676"}]}
2026-06-15 21:08:23.046 8 INFO neutron.wsgi [None req-10542f9b-bdcc-44b1-a45d-a15b7a54e4ed 800eba519b044261902ea91d9c4e48d8 1496f684ad614f6683e24f94ea905567 - - default default] 10.0.0.34 "DELETE /v2.0/networks/02ad549a-adc3-483e-a63d-73688893a6d6 HTTP/1.1" status: 204 len: 168 time: 0.3953669
2026-06-15 21:08:23.052 8 INFO neutron.services.segments.plugin [-] Segment 074ccdaa-b0a1-4cdd-ba5c-684a3c8bc0fc resource provider not found; error: Placement Client Error (4xx): {"errors": [{"status": 404, "title": "Not Found", "detail": "The resource could not be found.\n\n No resource provider with uuid 074ccdaa-b0a1-4cdd-ba5c-684a3c8bc0fc found for delete ", "request_id": "req-4fe68cd8-e9be-48b7-9e1c-e780c73d4099"}]}
2026-06-15 21:08:23.338 9 INFO neutron.db.ovn_revision_numbers_db [None req-9fff6159-59fb-49db-8807-75bb47042538 262b6950fd8e42b7a69f9ec0d81f83bf a0c2fdaddc014b4f80713b19e5cc4e72 - - default default] Successfully bumped revision number for resource 42328772-da55-4023-bef1-7a6fcec26ace (type: ports) to 1
2026-06-15 21:08:23.371 9 INFO neutron.wsgi [None req-9fff6159-59fb-49db-8807-75bb47042538 262b6950fd8e42b7a69f9ec0d81f83bf a0c2fdaddc014b4f80713b19e5cc4e72 - - default default] 10.0.0.34 "POST /v2.0/networks HTTP/1.1" status: 201 len: 943 time: 1.4446278
2026-06-15 21:08:23.488 8 INFO neutron.wsgi [None req-1cc60399-dd87-470f-96ae-e583bc9fd5c3 800eba519b044261902ea91d9c4e48d8 1496f684ad614f6683e24f94ea905567 - - default default] 10.0.0.34 "DELETE /v2.0/networks/1db1f355-d98e-4854-bd30-1d2236891cb4 HTTP/1.1" status: 204 len: 168 time: 0.4342487
2026-06-15 21:08:23.510 9 WARNING neutron_lib.context [None req-494ff37f-82dc-408c-a953-ad726fff63ae 800eba519b044261902ea91d9c4e48d8 1496f684ad614f6683e24f94ea905567 - - default default] Method 'is_advsvc' is deprecated since 2023.2 release (neutron-lib 3.8.0) and will be removed once support for the old RBAC API policies will be removed from Neutron. Please use method 'is_service_role' instead.
2026-06-15 21:08:23.637 9 WARNING neutron.scheduler.dhcp_agent_scheduler [None req-c24521eb-8440-4c2e-97b4-b0d5b4e0e49f 262b6950fd8e42b7a69f9ec0d81f83bf a0c2fdaddc014b4f80713b19e5cc4e72 - - default default] No more DHCP agents
