2026-06-15 21:08:29.355 9 WARNING neutron.api.rpc.agentnotifiers.dhcp_rpc_agent_api [None req-d9f69b28-92a5-40c7-a4ef-36490785087c 74132f67d0494a148c1020993ce277c9 daee3b06bfd74e94aedb338b8a61522d - - default default] Unable to schedule network 67aac509-6b01-46ef-8bd1-ae0db20a55b4: no agents available; will retry on subsequent port and subnet creation events.
2026-06-15 21:08:29.536 8 INFO neutron.wsgi [None req-ec5b20eb-322a-464f-ab96-44a87b8005ff 800eba519b044261902ea91d9c4e48d8 1496f684ad614f6683e24f94ea905567 - - default default] 10.0.0.34 "DELETE /v2.0/subnets/b02e1a6a-dbc8-4a41-a914-09e722dea6f3 HTTP/1.1" status: 204 len: 168 time: 0.1886609
2026-06-15 21:08:29.552 9 INFO neutron.db.ovn_revision_numbers_db [None req-3b75dcf7-edd4-4c7f-9316-eecf89dba489 - - - - - -] Successfully bumped revision number for resource 484fd742-545d-41cb-a69c-0798a41da573 (type: router_ports) to 3
2026-06-15 21:08:29.913 8 INFO neutron.services.segments.plugin [-] Segment 869f54c9-f336-421d-b2a9-0e42d690ac01 resource provider aggregate not found
2026-06-15 21:08:29.920 8 INFO neutron.services.segments.plugin [-] Segment 869f54c9-f336-421d-b2a9-0e42d690ac01 resource provider aggregate not found
2026-06-15 21:08:29.958 8 INFO neutron.services.segments.plugin [-] Segment 869f54c9-f336-421d-b2a9-0e42d690ac01 resource provider not found; error: Placement Client Error (4xx): {"errors": [{"status": 404, "title": "Not Found", "detail": "The resource could not be found.\n\n No resource provider with uuid 869f54c9-f336-421d-b2a9-0e42d690ac01 found for delete ", "request_id": "req-df2364e0-32b6-4260-bd43-7a8160281a8d"}]}
2026-06-15 21:08:29.960 8 INFO neutron.services.segments.plugin [-] Segment 869f54c9-f336-421d-b2a9-0e42d690ac01 resource provider not found; error: Placement Client Error (4xx): {"errors": [{"status": 404, "title": "Not Found", "detail": "The resource could not be found.\n\n No resource provider with uuid 869f54c9-f336-421d-b2a9-0e42d690ac01 found for delete ", "request_id": "req-1a13156a-6eed-4168-b71f-87a2cf76640e"}]}
2026-06-15 21:08:29.982 8 INFO neutron.wsgi [None req-46961f75-1b07-41cd-af21-8144264974af 800eba519b044261902ea91d9c4e48d8 1496f684ad614f6683e24f94ea905567 - - default default] 10.0.0.34 "DELETE /v2.0/networks/d5932dc8-cdb7-4d40-bac7-9a5266237ab7 HTTP/1.1" status: 204 len: 168 time: 0.4405744
2026-06-15 21:08:29.996 8 WARNING neutron_lib.context [None req-6298ee39-9ddb-4fc0-a661-3d44b1dec540 800eba519b044261902ea91d9c4e48d8 1496f684ad614f6683e24f94ea905567 - - default default] Method 'is_advsvc' is deprecated since 2023.2 release (neutron-lib 3.8.0) and will be removed once support for the old RBAC API policies will be removed from Neutron. Please use method 'is_service_role' instead.
2026-06-15 21:08:30.091 8 INFO neutron.db.segments_db [None req-6298ee39-9ddb-4fc0-a661-3d44b1dec540 800eba519b044261902ea91d9c4e48d8 1496f684ad614f6683e24f94ea905567 - - default default] Added segment 8c3cdba6-50fa-4a50-b815-c49162540161 of type geneve for network cd5e680f-fa5d-4a39-9fea-9c9de93f354d
2026-06-15 21:08:30.246 8 INFO neutron.db.ovn_revision_numbers_db [None req-6298ee39-9ddb-4fc0-a661-3d44b1dec540 800eba519b044261902ea91d9c4e48d8 1496f684ad614f6683e24f94ea905567 - - default default] Successfully bumped revision number for resource cd5e680f-fa5d-4a39-9fea-9c9de93f354d (type: networks) to 1
2026-06-15 21:08:30.302 9 INFO neutron.db.ovn_revision_numbers_db [None req-4931acb0-aaf8-4197-8a6e-4d24e2e00f6a - - - - - -] Successfully bumped revision number for resource 484fd742-545d-41cb-a69c-0798a41da573 (type: ports) to 4
2026-06-15 21:08:30.405 9 ERROR ovsdbapp.backend.ovs_idl.transaction [None req-3b75dcf7-edd4-4c7f-9316-eecf89dba489 - - - - - -]
Traceback (most recent call last): File "/var/lib/openstack/lib/python3.10/site-packages/ovsdbapp/backend/ovs_idl/connection.py", line 118, in run txn.results.put(txn.do_commit())
File "/var/lib/openstack/lib/python3.10/site-packages/ovsdbapp/backend/ovs_idl/transaction.py", line 92, in do_commit command.run_idl(txn)
File "/var/lib/openstack/lib/python3.10/site-packages/neutron/plugins/ml2/drivers/ovn/mech_driver/ovsdb/commands.py", line 927, in run_idl raise ovn_exc.RevisionConflict( neutron.common.ovn.exceptions.RevisionConflict: OVN revision number for 484fd742-545d-41cb-a69c-0798a41da573 (type: ports) is higher than the given resource. Skipping update 
2026-06-15 21:08:30.405 9 INFO neutron.plugins.ml2.drivers.ovn.mech_driver.ovsdb.impl_idl_ovn [None req-3b75dcf7-edd4-4c7f-9316-eecf89dba489 - - - - - -] Transaction aborted. Reason: OVN revision number for 484fd742-545d-41cb-a69c-0798a41da573 (type: ports) is higher than the given resource. Skipping update
2026-06-15 21:08:30.430 9 WARNING neutron_lib.context [None req-051baef2-3aa4-4dc3-a3db-2644f0b98427 c06ab21e63c44e46a5a42bab118ac3ca ff7814a6c6164c45a8cc747bb202f240 - - default default] Method 'is_advsvc' is deprecated since 2023.2 release (neutron-lib 3.8.0) and will be removed once support for the old RBAC API policies will be removed from Neutron. Please use method 'is_service_role' instead.
2026-06-15 21:08:30.436 8 INFO neutron.wsgi [-] 10.0.0.156 "GET / HTTP/1.1" status: 200 len: 246 time: 0.0019584
2026-06-15 21:08:30.437 8 INFO neutron.wsgi [-] 10.0.0.156 "GET / HTTP/1.1" status: 200 len: 246 time: 0.0008950
2026-06-15 21:08:30.449 8 WARNING neutron.scheduler.dhcp_agent_scheduler [None req-6298ee39-9ddb-4fc0-a661-3d44b1dec540 800eba519b044261902ea91d9c4e48d8 1496f684ad614f6683e24f94ea905567 - - default default] No more DHCP agents
2026-06-15 21:08:30.450 8 WARNING neutron.api.rpc.agentnotifiers.dhcp_rpc_agent_api [None req-6298ee39-9ddb-4fc0-a661-3d44b1dec540 800eba519b044261902ea91d9c4e48d8 1496f684ad614f6683e24f94ea905567 - - default default] Unable to schedule network cd5e680f-fa5d-4a39-9fea-9c9de93f354d: no agents available; will retry on subsequent port and subnet creation events.
2026-06-15 21:08:30.554 8 INFO neutron.db.ovn_revision_numbers_db [None req-6298ee39-9ddb-4fc0-a661-3d44b1dec540 800eba519b044261902ea91d9c4e48d8 1496f684ad614f6683e24f94ea905567 - - default default] Successfully bumped revision number for resource c3bc8602-5599-41cd-bc1a-def10bf1ebac (type: ports) to 1
2026-06-15 21:08:30.575 9 ERROR ovsdbapp.backend.ovs_idl.command [None req-bcaa8ff0-f461-4eaa-a201-a5ae2d4b68c2 262b6950fd8e42b7a69f9ec0d81f83bf a0c2fdaddc014b4f80713b19e5cc4e72 - - default default] Error executing command (DbGetCommand): ovsdbapp.backend.ovs_idl.idlutils.RowNotFound: Cannot find Logical_Router_Port with name=lrp-94de36a6-32e2-4c97-9bbc-ad622935a4e3
2026-06-15 21:08:30.575 9 ERROR ovsdbapp.backend.ovs_idl.command
Traceback (most recent call last):
2026-06-15 21:08:30.575 9 ERROR ovsdbapp.backend.ovs_idl.command
File "/var/lib/openstack/lib/python3.10/site-packages/ovsdbapp/backend/ovs_idl/command.py", line 47, in execute
2026-06-15 21:08:30.575 9 ERROR ovsdbapp.backend.ovs_idl.command self.run_idl(None)
2026-06-15 21:08:30.575 9 ERROR ovsdbapp.backend.ovs_idl.command
File "/var/lib/openstack/lib/python3.10/site-packages/ovsdbapp/backend/ovs_idl/command.py", line 235, in run_idl
2026-06-15 21:08:30.575 9 ERROR ovsdbapp.backend.ovs_idl.command record = self.api.lookup(self.table, self.record)
2026-06-15 21:08:30.575 9 ERROR ovsdbapp.backend.ovs_idl.command
File "/var/lib/openstack/lib/python3.10/site-packages/ovsdbapp/backend/ovs_idl/__init__.py", line 184, in lookup
2026-06-15 21:08:30.575 9 ERROR ovsdbapp.backend.ovs_idl.command return self._lookup(table, record)
2026-06-15 21:08:30.575 9 ERROR ovsdbapp.backend.ovs_idl.command
File "/var/lib/openstack/lib/python3.10/site-packages/ovsdbapp/backend/ovs_idl/__init__.py", line 235, in _lookup
2026-06-15 21:08:30.575 9 ERROR ovsdbapp.backend.ovs_idl.command row = idlutils.row_by_value(self, rl.table, rl.column, record)
2026-06-15 21:08:30.575 9 ERROR ovsdbapp.backend.ovs_idl.command
File "/var/lib/openstack/lib/python3.10/site-packages/ovsdbapp/backend/ovs_idl/idlutils.py", line 114, in row_by_value
2026-06-15 21:08:30.575 9 ERROR ovsdbapp.backend.ovs_idl.command raise RowNotFound(table=table, col=column, match=match)
2026-06-15 21:08:30.575 9 ERROR ovsdbapp.backend.ovs_idl.command ovsdbapp.backend.ovs_idl.idlutils.RowNotFound: Cannot find Logical_Router_Port with name=lrp-94de36a6-32e2-4c97-9bbc-ad622935a4e3
2026-06-15 21:08:30.575 9 ERROR ovsdbapp.backend.ovs_idl.command 
2026-06-15 21:08:30.575 9 ERROR neutron_lib.callbacks.manager [None req-bcaa8ff0-f461-4eaa-a201-a5ae2d4b68c2 262b6950fd8e42b7a69f9ec0d81f83bf a0c2fdaddc014b4f80713b19e5cc4e72 - - default default] Error during notification for neutron.services.ovn_l3.plugin.OVNL3RouterPlugin._port_update-8785932901085 port, after_update: ovsdbapp.backend.ovs_idl.idlutils.RowNotFound: Cannot find Logical_Router_Port with name=lrp-94de36a6-32e2-4c97-9bbc-ad622935a4e3
2026-06-15 21:08:30.575 9 ERROR neutron_lib.callbacks.manager
Traceback (most recent call last):
2026-06-15 21:08:30.575 9 ERROR neutron_lib.callbacks.manager
File "/var/lib/openstack/lib/python3.10/site-packages/neutron_lib/callbacks/manager.py", line 189, in _notify_loop
2026-06-15 21:08:30.575 9 ERROR neutron_lib.callbacks.manager callback.method(resource, event, trigger, payload=payload)
2026-06-15 21:08:30.575 9 ERROR neutron_lib.callbacks.manager
File "/var/lib/openstack/lib/python3.10/site-packages/neutron/services/ovn_l3/plugin.py", line 391, in _port_update
2026-06-15 21:08:30.575 9 ERROR neutron_lib.callbacks.manager l3plugin._ovn_client.update_router_port(context,
2026-06-15 21:08:30.575 9 ERROR neutron_lib.callbacks.manager
File "/var/lib/openstack/lib/python3.10/site-packages/neutron/plugins/ml2/drivers/ovn/mech_driver/ovsdb/ovn_client.py", line 1878, in update_router_port
2026-06-15 21:08:30.575 9 ERROR neutron_lib.callbacks.manager self._update_lrouter_port(context, port, if_exists=if_exists,
2026-06-15 21:08:30.575 9 ERROR neutron_lib.callbacks.manager
File "/var/lib/openstack/lib/python3.10/site-packages/neutron/plugins/ml2/drivers/ovn/mech_driver/ovsdb/ovn_client.py", line 1855, in _update_lrouter_port
2026-06-15 21:08:30.575 9 ERROR neutron_lib.callbacks.manager external_ids = self._nb_idl.db_get(
2026-06-15 21:08:30.575 9 ERROR neutron_lib.callbacks.manager
File "/var/lib/openstack/lib/python3.10/site-packages/ovsdbapp/backend/ovs_idl/command.py", line 47, in execute
2026-06-15 21:08:30.575 9 ERROR neutron_lib.callbacks.manager self.run_idl(None)
2026-06-15 21:08:30.575 9 ERROR neutron_lib.callbacks.manager
File "/var/lib/openstack/lib/python3.10/site-packages/ovsdbapp/backend/ovs_idl/command.py", line 235, in run_idl
2026-06-15 21:08:30.575 9 ERROR neutron_lib.callbacks.manager record = self.api.lookup(self.table, self.record)
2026-06-15 21:08:30.575 9 ERROR neutron_lib.callbacks.manager
File "/var/lib/openstack/lib/python3.10/site-packages/ovsdbapp/backend/ovs_idl/__init__.py", line 184, in lookup
2026-06-15 21:08:30.575 9 ERROR neutron_lib.callbacks.manager return self._lookup(table, record)
2026-06-15 21:08:30.575 9 ERROR neutron_lib.callbacks.manager
File "/var/lib/openstack/lib/python3.10/site-packages/ovsdbapp/backend/ovs_idl/__init__.py", line 235, in _lookup
2026-06-15 21:08:30.575 9 ERROR neutron_lib.callbacks.manager row = idlutils.row_by_value(self, rl.table, rl.column, record)
2026-06-15 21:08:30.575 9 ERROR neutron_lib.callbacks.manager
File "/var/lib/openstack/lib/python3.10/site-packages/ovsdbapp/backend/ovs_idl/idlutils.py", line 114, in row_by_value
2026-06-15 21:08:30.575 9 ERROR neutron_lib.callbacks.manager raise RowNotFound(table=table, col=column, match=match)
2026-06-15 21:08:30.575 9 ERROR neutron_lib.callbacks.manager ovsdbapp.backend.ovs_idl.idlutils.RowNotFound: Cannot find Logical_Router_Port with name=lrp-94de36a6-32e2-4c97-9bbc-ad622935a4e3
2026-06-15 21:08:30.575 9 ERROR neutron_lib.callbacks.manager 
2026-06-15 21:08:30.580 8 INFO neutron.wsgi [None req-6298ee39-9ddb-4fc0-a661-3d44b1dec540 800eba519b044261902ea91d9c4e48d8 1496f684ad614f6683e24f94ea905567 - - default default] 10.0.0.34 "POST /v2.0/networks HTTP/1.1" status: 201 len: 833 time: 0.5882733
2026-06-15 21:08:30.594 8 WARNING neutron_lib.context [None req-28c00a1f-ae17-417b-baf1-c56f251f0f03 800eba519b044261902ea91d9c4e48d8 1496f684ad614f6683e24f94ea905567 - - default default] Method 'is_advsvc' is deprecated since 2023.2 release (neutron-lib 3.8.0) and will be removed once support for the old RBAC API policies will be removed from Neutron. Please use method 'is_service_role' instead.
2026-06-15 21:08:30.834 8 WARNING neutron.scheduler.dhcp_agent_scheduler [None req-28c00a1f-ae17-417b-baf1-c56f251f0f03 800eba519b044261902ea91d9c4e48d8 1496f684ad614f6683e24f94ea905567 - - default default] No more DHCP agents
2026-06-15 21:08:30.837 8 WARNING neutron.api.rpc.agentnotifiers.dhcp_rpc_agent_api [None req-28c00a1f-ae17-417b-baf1-c56f251f0f03 800eba519b044261902ea91d9c4e48d8 1496f684ad614f6683e24f94ea905567 - - default default] Unable to schedule network cd5e680f-fa5d-4a39-9fea-9c9de93f354d: no agents available; will retry on subsequent port and subnet creation events.
2026-06-15 21:08:30.869 8 INFO neutron.db.ovn_revision_numbers_db [None req-28c00a1f-ae17-417b-baf1-c56f251f0f03 800eba519b044261902ea91d9c4e48d8 1496f684ad614f6683e24f94ea905567 - - default default] Successfully bumped revision number for resource d5cf088f-6776-4ba4-a790-4f0a52947091 (type: subnets) to 0
2026-06-15 21:08:30.886 8 INFO neutron.wsgi [None req-28c00a1f-ae17-417b-baf1-c56f251f0f03 800eba519b044261902ea91d9c4e48d8 1496f684ad614f6683e24f94ea905567 - - default default] 10.0.0.34 "POST /v2.0/subnets HTTP/1.1" status: 201 len: 821 time: 0.2969911
2026-06-15 21:08:30.897 8 WARNING neutron_lib.context [None req-3b5af180-58ba-41b3-84d1-a67f64a751f9 800eba519b044261902ea91d9c4e48d8 1496f684ad614f6683e24f94ea905567 - - default default] Method 'is_advsvc' is deprecated since 2023.2 release (neutron-lib 3.8.0) and will be removed once support for the old RBAC API policies will be removed from Neutron. Please use method 'is_service_role' instead.
2026-06-15 21:08:31.007 8 INFO neutron.db.ovn_revision_numbers_db [None req-3b5af180-58ba-41b3-84d1-a67f64a751f9 800eba519b044261902ea91d9c4e48d8 1496f684ad614f6683e24f94ea905567 - - default default] Successfully bumped revision number for resource 56ad583b-2f8a-4dba-b2f0-d7d2f4f66f1c (type: routers) to 1
2026-06-15 21:08:31.025 8 INFO neutron.wsgi [None req-3b5af180-58ba-41b3-84d1-a67f64a751f9 800eba519b044261902ea91d9c4e48d8 1496f684ad614f6683e24f94ea905567 - - default default] 10.0.0.34 "POST /v2.0/routers HTTP/1.1" status: 201 len: 805 time: 0.1333079
2026-06-15 21:08:31.294 9 INFO neutron.db.ovn_revision_numbers_db [None req-4931acb0-aaf8-4197-8a6e-4d24e2e00f6a - - - - - -] Successfully bumped revision number for resource 484fd742-545d-41cb-a69c-0798a41da573 (type: router_ports) to 4
2026-06-15 21:08:31.404 9 WARNING neutron.scheduler.dhcp_agent_scheduler [None req-051baef2-3aa4-4dc3-a3db-2644f0b98427 c06ab21e63c44e46a5a42bab118ac3ca ff7814a6c6164c45a8cc747bb202f240 - - default default] No more DHCP agents
2026-06-15 21:08:31.415 9 INFO neutron.db.ovn_revision_numbers_db [None req-bcaa8ff0-f461-4eaa-a201-a5ae2d4b68c2 262b6950fd8e42b7a69f9ec0d81f83bf a0c2fdaddc014b4f80713b19e5cc4e72 - - default default] Successfully bumped revision number for resource 94de36a6-32e2-4c97-9bbc-ad622935a4e3 (type: ports) to 1
2026-06-15 21:08:31.419 9 WARNING neutron.api.rpc.agentnotifiers.dhcp_rpc_agent_api [None req-051baef2-3aa4-4dc3-a3db-2644f0b98427 c06ab21e63c44e46a5a42bab118ac3ca ff7814a6c6164c45a8cc747bb202f240 - - default default] Unable to schedule network 67aac509-6b01-46ef-8bd1-ae0db20a55b4: no agents available; will retry on subsequent port and subnet creation events.
2026-06-15 21:08:31.538 8 WARNING neutron.scheduler.dhcp_agent_scheduler [None req-ef859c42-8146-4b62-8eda-ce2c36338652 800eba519b044261902ea91d9c4e48d8 1496f684ad614f6683e24f94ea905567 - - default default] No more DHCP agents
2026-06-15 21:08:31.545 8 WARNING neutron.api.rpc.agentnotifiers.dhcp_rpc_agent_api [None req-ef859c42-8146-4b62-8eda-ce2c36338652 800eba519b044261902ea91d9c4e48d8 1496f684ad614f6683e24f94ea905567 - - default default] Unable to schedule network cd5e680f-fa5d-4a39-9fea-9c9de93f354d: no agents available; will retry on subsequent port and subnet creation events.
2026-06-15 21:08:31.580 9 WARNING neutron.scheduler.dhcp_agent_scheduler [None req-bcaa8ff0-f461-4eaa-a201-a5ae2d4b68c2 262b6950fd8e42b7a69f9ec0d81f83bf a0c2fdaddc014b4f80713b19e5cc4e72 - - default default] No more DHCP agents
2026-06-15 21:08:31.585 9 WARNING neutron.api.rpc.agentnotifiers.dhcp_rpc_agent_api [None req-bcaa8ff0-f461-4eaa-a201-a5ae2d4b68c2 262b6950fd8e42b7a69f9ec0d81f83bf a0c2fdaddc014b4f80713b19e5cc4e72 - - default default] Unable to schedule network a3d60d33-8c28-4243-94f1-8ec33c860b47: no agents available; will retry on subsequent port and subnet creation events.
2026-06-15 21:08:31.598 9 INFO neutron.db.ovn_revision_numbers_db [None req-d9f69b28-92a5-40c7-a4ef-36490785087c 74132f67d0494a148c1020993ce277c9 daee3b06bfd74e94aedb338b8a61522d - - default default] Successfully bumped revision number for resource 91c4c8b6-8238-4cb3-ac18-1ebd919cf7ad (type: floatingips) to -1
2026-06-15 21:08:31.690 8 INFO neutron.db.ovn_revision_numbers_db [None req-ef859c42-8146-4b62-8eda-ce2c36338652 800eba519b044261902ea91d9c4e48d8 1496f684ad614f6683e24f94ea905567 - - default default] Successfully bumped revision number for resource 931f90d1-0075-459d-a73e-64aa8f066b38 (type: ports) to 1
2026-06-15 21:08:32.031 9 INFO neutron.db.ovn_revision_numbers_db [None req-d9f69b28-92a5-40c7-a4ef-36490785087c 74132f67d0494a148c1020993ce277c9 daee3b06bfd74e94aedb338b8a61522d - - default default] Successfully bumped revision number for resource 91c4c8b6-8238-4cb3-ac18-1ebd919cf7ad (type: floatingips) to 1
2026-06-15 21:08:32.032 9 INFO neutron.db.l3_db [None req-d9f69b28-92a5-40c7-a4ef-36490785087c 74132f67d0494a148c1020993ce277c9 daee3b06bfd74e94aedb338b8a61522d - - default default] Floating IP 91c4c8b6-8238-4cb3-ac18-1ebd919cf7ad associated. External IP: 10.96.250.206, port: fd0fe152-e54c-45b5-9d75-32ddee3362b4.
2026-06-15 21:08:32.077 8 WARNING neutron.plugins.ml2.drivers.ovn.mech_driver.ovsdb.ovn_client [None req-35061bee-1e91-415d-b631-05ad3f2854ba - - - - - -] No hosting information found for port cf607ccb-8122-4d2c-a092-6181389a87ba: RuntimeError: No hosting information found for port cf607ccb-8122-4d2c-a092-6181389a87ba
2026-06-15 21:08:32.077 8 INFO neutron.plugins.ml2.drivers.ovn.mech_driver.mech_driver [None req-35061bee-1e91-415d-b631-05ad3f2854ba - - - - - -] OVN reports status up for port: 94de36a6-32e2-4c97-9bbc-ad622935a4e3
2026-06-15 21:08:32.107 9 INFO neutron.wsgi [None req-d9f69b28-92a5-40c7-a4ef-36490785087c 74132f67d0494a148c1020993ce277c9 daee3b06bfd74e94aedb338b8a61522d - - default default] 10.0.0.34 "POST /v2.0/floatingips HTTP/1.1" status: 201 len: 1041 time: 3.5770350
2026-06-15 21:08:32.297 9 INFO neutron.wsgi [None req-051baef2-3aa4-4dc3-a3db-2644f0b98427 c06ab21e63c44e46a5a42bab118ac3ca ff7814a6c6164c45a8cc747bb202f240 - - default default] 10.0.0.34 "POST /v2.0/floatingips HTTP/1.1" status: 201 len: 751 time: 2.0800917
2026-06-15 21:08:32.311 9 WARNING neutron_lib.context [None req-2777ae73-0436-4180-adb2-989aee84b1bc c06ab21e63c44e46a5a42bab118ac3ca ff7814a6c6164c45a8cc747bb202f240 - - default default] Method 'is_advsvc' is deprecated since 2023.2 release (neutron-lib 3.8.0) and will be removed once support for the old RBAC API policies will be removed from Neutron. Please use method 'is_service_role' instead.
2026-06-15 21:08:32.381 8 INFO neutron.plugins.ml2.plugin [None req-35061bee-1e91-415d-b631-05ad3f2854ba - - - - - -] Attempt 1 to provision port 94de36a6-32e2-4c97-9bbc-ad622935a4e3
2026-06-15 21:08:32.443 9 INFO neutron.db.ovn_revision_numbers_db [None req-7a65381e-03c6-4da7-b788-afeef3cec4bd 74132f67d0494a148c1020993ce277c9 daee3b06bfd74e94aedb338b8a61522d - - default default] Successfully bumped revision number for resource 91c4c8b6-8238-4cb3-ac18-1ebd919cf7ad (type: floatingips) to 2
2026-06-15 21:08:32.466 8 ERROR ovsdbapp.backend.ovs_idl.command [None req-ef859c42-8146-4b62-8eda-ce2c36338652 800eba519b044261902ea91d9c4e48d8 1496f684ad614f6683e24f94ea905567 - - default default] Error executing command (DbGetCommand): ovsdbapp.backend.ovs_idl.idlutils.RowNotFound: Cannot find Logical_Router_Port with name=lrp-931f90d1-0075-459d-a73e-64aa8f066b38
2026-06-15 21:08:32.466 8 ERROR ovsdbapp.backend.ovs_idl.command
Traceback (most recent call last):
2026-06-15 21:08:32.466 8 ERROR ovsdbapp.backend.ovs_idl.command
File "/var/lib/openstack/lib/python3.10/site-packages/ovsdbapp/backend/ovs_idl/command.py", line 47, in execute
2026-06-15 21:08:32.466 8 ERROR ovsdbapp.backend.ovs_idl.command self.run_idl(None)
2026-06-15 21:08:32.466 8 ERROR ovsdbapp.backend.ovs_idl.command
File "/var/lib/openstack/lib/python3.10/site-packages/ovsdbapp/backend/ovs_idl/command.py", line 235, in run_idl
2026-06-15 21:08:32.466 8 ERROR ovsdbapp.backend.ovs_idl.command record = self.api.lookup(self.table, self.record)
2026-06-15 21:08:32.466 8 ERROR ovsdbapp.backend.ovs_idl.command
File "/var/lib/openstack/lib/python3.10/site-packages/ovsdbapp/backend/ovs_idl/__init__.py", line 184, in lookup
2026-06-15 21:08:32.466 8 ERROR ovsdbapp.backend.ovs_idl.command return self._lookup(table, record)
2026-06-15 21:08:32.466 8 ERROR ovsdbapp.backend.ovs_idl.command
File "/var/lib/openstack/lib/python3.10/site-packages/ovsdbapp/backend/ovs_idl/__init__.py", line 235, in _lookup
2026-06-15 21:08:32.466 8 ERROR ovsdbapp.backend.ovs_idl.command row = idlutils.row_by_value(self, rl.table, rl.column, record)
2026-06-15 21:08:32.466 8 ERROR ovsdbapp.backend.ovs_idl.command
File "/var/lib/openstack/lib/python3.10/site-packages/ovsdbapp/backend/ovs_idl/idlutils.py", line 114, in row_by_value
2026-06-15 21:08:32.466 8 ERROR ovsdbapp.backend.ovs_idl.command raise RowNotFound(table=table, col=column, match=match)
2026-06-15 21:08:32.466 8 ERROR ovsdbapp.backend.ovs_idl.command ovsdbapp.backend.ovs_idl.idlutils.RowNotFound: Cannot find Logical_Router_Port with name=lrp-931f90d1-0075-459d-a73e-64aa8f066b38
2026-06-15 21:08:32.466 8 ERROR ovsdbapp.backend.ovs_idl.command 
2026-06-15 21:08:32.467 8 ERROR neutron_lib.callbacks.manager [None req-ef859c42-8146-4b62-8eda-ce2c36338652 800eba519b044261902ea91d9c4e48d8 1496f684ad614f6683e24f94ea905567 - - default default] Error during notification for neutron.services.ovn_l3.plugin.OVNL3RouterPlugin._port_update-8785932901085 port, after_update: ovsdbapp.backend.ovs_idl.idlutils.RowNotFound: Cannot find Logical_Router_Port with name=lrp-931f90d1-0075-459d-a73e-64aa8f066b38
2026-06-15 21:08:32.467 8 ERROR neutron_lib.callbacks.manager
Traceback (most recent call last):
2026-06-15 21:08:32.467 8 ERROR neutron_lib.callbacks.manager
File "/var/lib/openstack/lib/python3.10/site-packages/neutron_lib/callbacks/manager.py", line 189, in _notify_loop
2026-06-15 21:08:32.467 8 ERROR neutron_lib.callbacks.manager callback.method(resource, event, trigger, payload=payload)
2026-06-15 21:08:32.467 8 ERROR neutron_lib.callbacks.manager
File "/var/lib/openstack/lib/python3.10/site-packages/neutron/services/ovn_l3/plugin.py", line 391, in _port_update
2026-06-15 21:08:32.467 8 ERROR neutron_lib.callbacks.manager l3plugin._ovn_client.update_router_port(context,
2026-06-15 21:08:32.467 8 ERROR neutron_lib.callbacks.manager
File "/var/lib/openstack/lib/python3.10/site-packages/neutron/plugins/ml2/drivers/ovn/mech_driver/ovsdb/ovn_client.py", line 1878, in update_router_port
2026-06-15 21:08:32.467 8 ERROR neutron_lib.callbacks.manager self._update_lrouter_port(context, port, if_exists=if_exists,
2026-06-15 21:08:32.467 8 ERROR neutron_lib.callbacks.manager
File "/var/lib/openstack/lib/python3.10/site-packages/neutron/plugins/ml2/drivers/ovn/mech_driver/ovsdb/ovn_client.py", line 1855, in _update_lrouter_port
2026-06-15 21:08:32.467 8 ERROR neutron_lib.callbacks.manager external_ids = self._nb_idl.db_get(
2026-06-15 21:08:32.467 8 ERROR neutron_lib.callbacks.manager
File "/var/lib/openstack/lib/python3.10/site-packages/ovsdbapp/backend/ovs_idl/command.py", line 47, in execute
2026-06-15 21:08:32.467 8 ERROR neutron_lib.callbacks.manager self.run_idl(None)
2026-06-15 21:08:32.467 8 ERROR neutron_lib.callbacks.manager
File "/var/lib/openstack/lib/python3.10/site-packages/ovsdbapp/backend/ovs_idl/command.py", line 235, in run_idl
2026-06-15 21:08:32.467 8 ERROR neutron_lib.callbacks.manager record = self.api.lookup(self.table, self.record)
2026-06-15 21:08:32.467 8 ERROR neutron_lib.callbacks.manager
File "/var/lib/openstack/lib/python3.10/site-packages/ovsdbapp/backend/ovs_idl/__init__.py", line 184, in lookup
2026-06-15 21:08:32.467 8 ERROR neutron_lib.callbacks.manager return self._lookup(table, record)
2026-06-15 21:08:32.467 8 ERROR neutron_lib.callbacks.manager
File "/var/lib/openstack/lib/python3.10/site-packages/ovsdbapp/backend/ovs_idl/__init__.py", line 235, in _lookup
2026-06-15 21:08:32.467 8 ERROR neutron_lib.callbacks.manager row = idlutils.row_by_value(self, rl.table, rl.column, record)
2026-06-15 21:08:32.467 8 ERROR neutron_lib.callbacks.manager
File "/var/lib/openstack/lib/python3.10/site-packages/ovsdbapp/backend/ovs_idl/idlutils.py", line 114, in row_by_value
2026-06-15 21:08:32.467 8 ERROR neutron_lib.callbacks.manager raise RowNotFound(table=table, col=column, match=match)
2026-06-15 21:08:32.467 8 ERROR neutron_lib.callbacks.manager ovsdbapp.backend.ovs_idl.idlutils.RowNotFound: Cannot find Logical_Router_Port with name=lrp-931f90d1-0075-459d-a73e-64aa8f066b38
2026-06-15 21:08:32.467 8 ERROR neutron_lib.callbacks.manager 
2026-06-15 21:08:32.542 9 INFO neutron.db.l3_db [None req-7a65381e-03c6-4da7-b788-afeef3cec4bd 74132f67d0494a148c1020993ce277c9 daee3b06bfd74e94aedb338b8a61522d - - default default] Floating IP 91c4c8b6-8238-4cb3-ac18-1ebd919cf7ad disassociated. External IP: 10.96.250.206, port: fd0fe152-e54c-45b5-9d75-32ddee3362b4.
2026-06-15 21:08:32.588 9 INFO neutron.wsgi [None req-7a65381e-03c6-4da7-b788-afeef3cec4bd 74132f67d0494a148c1020993ce277c9 daee3b06bfd74e94aedb338b8a61522d - - default default] 10.0.0.34 "PUT /v2.0/floatingips/91c4c8b6-8238-4cb3-ac18-1ebd919cf7ad HTTP/1.1" status: 200 len: 748 time: 0.4724441
2026-06-15 21:08:32.709 8 INFO neutron.db.ovn_revision_numbers_db [None req-ef859c42-8146-4b62-8eda-ce2c36338652 800eba519b044261902ea91d9c4e48d8 1496f684ad614f6683e24f94ea905567 - - default default] Successfully bumped revision number for resource 931f90d1-0075-459d-a73e-64aa8f066b38 (type: ports) to 1
2026-06-15 21:08:32.782 9 WARNING neutron.scheduler.dhcp_agent_scheduler [None req-2777ae73-0436-4180-adb2-989aee84b1bc c06ab21e63c44e46a5a42bab118ac3ca ff7814a6c6164c45a8cc747bb202f240 - - default default] No more DHCP agents
2026-06-15 21:08:32.789 9 WARNING neutron.api.rpc.agentnotifiers.dhcp_rpc_agent_api [None req-2777ae73-0436-4180-adb2-989aee84b1bc c06ab21e63c44e46a5a42bab118ac3ca ff7814a6c6164c45a8cc747bb202f240 - - default default] Unable to schedule network 67aac509-6b01-46ef-8bd1-ae0db20a55b4: no agents available; will retry on subsequent port and subnet creation events.
2026-06-15 21:08:32.799 8 WARNING neutron.scheduler.dhcp_agent_scheduler [None req-ef859c42-8146-4b62-8eda-ce2c36338652 800eba519b044261902ea91d9c4e48d8 1496f684ad614f6683e24f94ea905567 - - default default] No more DHCP agents
2026-06-15 21:08:32.802 8 WARNING neutron.api.rpc.agentnotifiers.dhcp_rpc_agent_api [None req-ef859c42-8146-4b62-8eda-ce2c36338652 800eba519b044261902ea91d9c4e48d8 1496f684ad614f6683e24f94ea905567 - - default default] Unable to schedule network cd5e680f-fa5d-4a39-9fea-9c9de93f354d: no agents available; will retry on subsequent port and subnet creation events.
2026-06-15 21:08:32.846 9 INFO neutron.db.ovn_revision_numbers_db [None req-bcaa8ff0-f461-4eaa-a201-a5ae2d4b68c2 262b6950fd8e42b7a69f9ec0d81f83bf a0c2fdaddc014b4f80713b19e5cc4e72 - - default default] Successfully bumped revision number for resource 94de36a6-32e2-4c97-9bbc-ad622935a4e3 (type: router_ports) to 1
2026-06-15 21:08:32.851 9 INFO neutron.wsgi [None req-bcaa8ff0-f461-4eaa-a201-a5ae2d4b68c2 262b6950fd8e42b7a69f9ec0d81f83bf a0c2fdaddc014b4f80713b19e5cc4e72 - - default default] 10.0.0.34 "PUT /v2.0/routers/8ae0841c-3522-4e3e-abc9-11ad56b11cdf/add_router_interface HTTP/1.1" status: 200 len: 503 time: 5.7043643
2026-06-15 21:08:32.976 8 INFO neutron.db.ovn_revision_numbers_db [None req-35061bee-1e91-415d-b631-05ad3f2854ba - - - - - -] Successfully bumped revision number for resource 94de36a6-32e2-4c97-9bbc-ad622935a4e3 (type: ports) to 2
2026-06-15 21:08:33.005 8 INFO neutron.db.ovn_revision_numbers_db [None req-ef859c42-8146-4b62-8eda-ce2c36338652 800eba519b044261902ea91d9c4e48d8 1496f684ad614f6683e24f94ea905567 - - default default] Successfully bumped revision number for resource 931f90d1-0075-459d-a73e-64aa8f066b38 (type: router_ports) to 1
2026-06-15 21:08:33.011 8 INFO neutron.wsgi [None req-ef859c42-8146-4b62-8eda-ce2c36338652 800eba519b044261902ea91d9c4e48d8 1496f684ad614f6683e24f94ea905567 - - default default] 10.0.0.34 "PUT /v2.0/routers/56ad583b-2f8a-4dba-b2f0-d7d2f4f66f1c/add_router_interface HTTP/1.1" status: 200 len: 503 time: 1.9812915
2026-06-15 21:08:33.069 8 INFO neutron.wsgi [None req-a6ccc2a6-f413-4c9c-ad94-f068e47d3f95 800eba519b044261902ea91d9c4e48d8 1496f684ad614f6683e24f94ea905567 - - default default] 10.0.0.34 "GET /v2.0/ports/931f90d1-0075-459d-a73e-64aa8f066b38 HTTP/1.1" status: 200 len: 1139 time: 0.0496252
2026-06-15 21:08:33.076 9 INFO neutron.wsgi [None req-ec228061-f274-4275-88b6-3f0f75daf12f 74132f67d0494a148c1020993ce277c9 daee3b06bfd74e94aedb338b8a61522d - - default default] 10.0.0.34 "DELETE /v2.0/floatingips/91c4c8b6-8238-4cb3-ac18-1ebd919cf7ad HTTP/1.1" status: 204 len: 168 time: 0.4714203
2026-06-15 21:08:33.099 9 WARNING neutron_lib.context [None req-b36a35b7-bc25-445e-bb6e-7500b3c22ed3 74132f67d0494a148c1020993ce277c9 daee3b06bfd74e94aedb338b8a61522d - - default default] Method 'is_advsvc' is deprecated since 2023.2 release (neutron-lib 3.8.0) and will be removed once support for the old RBAC API policies will be removed from Neutron. Please use method 'is_service_role' instead.
2026-06-15 21:08:33.114 8 INFO neutron.wsgi [None req-91f9bac2-2239-4353-a88a-3c0fcb8b9ad7 800eba519b044261902ea91d9c4e48d8 1496f684ad614f6683e24f94ea905567 - - default default] 10.0.0.34 "GET /v2.0/ports/931f90d1-0075-459d-a73e-64aa8f066b38 HTTP/1.1" status: 200 len: 1139 time: 0.0386064
2026-06-15 21:08:33.157 8 INFO neutron.db.ovn_revision_numbers_db [None req-35061bee-1e91-415d-b631-05ad3f2854ba - - - - - -] Successfully bumped revision number for resource 94de36a6-32e2-4c97-9bbc-ad622935a4e3 (type: router_ports) to 2
2026-06-15 21:08:33.179 9 INFO neutron.wsgi [None req-2777ae73-0436-4180-adb2-989aee84b1bc c06ab21e63c44e46a5a42bab118ac3ca ff7814a6c6164c45a8cc747bb202f240 - - default default] 10.0.0.34 "POST /v2.0/floatingips HTTP/1.1" status: 201 len: 751 time: 0.8734899
2026-06-15 21:08:33.193 9 WARNING neutron_lib.context [None req-91f7ed79-e29c-456b-95f6-ae6d900e631f c06ab21e63c44e46a5a42bab118ac3ca ff7814a6c6164c45a8cc747bb202f240 - - default default] Method 'is_advsvc' is deprecated since 2023.2 release (neutron-lib 3.8.0) and will be removed once support for the old RBAC API policies will be removed from Neutron. Please use method 'is_service_role' instead.
2026-06-15 21:08:33.642 9 WARNING neutron.scheduler.dhcp_agent_scheduler [None req-b36a35b7-bc25-445e-bb6e-7500b3c22ed3 74132f67d0494a148c1020993ce277c9 daee3b06bfd74e94aedb338b8a61522d - - default default] No more DHCP agents
2026-06-15 21:08:33.644 9 WARNING neutron.api.rpc.agentnotifiers.dhcp_rpc_agent_api [None req-b36a35b7-bc25-445e-bb6e-7500b3c22ed3 74132f67d0494a148c1020993ce277c9 daee3b06bfd74e94aedb338b8a61522d - - default default] Unable to schedule network 67aac509-6b01-46ef-8bd1-ae0db20a55b4: no agents available; will retry on subsequent port and subnet creation events.
2026-06-15 21:08:33.774 9 WARNING neutron.scheduler.dhcp_agent_scheduler [None req-91f7ed79-e29c-456b-95f6-ae6d900e631f c06ab21e63c44e46a5a42bab118ac3ca ff7814a6c6164c45a8cc747bb202f240 - - default default] No more DHCP agents
2026-06-15 21:08:33.782 9 WARNING neutron.api.rpc.agentnotifiers.dhcp_rpc_agent_api [None req-91f7ed79-e29c-456b-95f6-ae6d900e631f c06ab21e63c44e46a5a42bab118ac3ca ff7814a6c6164c45a8cc747bb202f240 - - default default] Unable to schedule network 67aac509-6b01-46ef-8bd1-ae0db20a55b4: no agents available; will retry on subsequent port and subnet creation events.
2026-06-15 21:08:34.179 8 INFO neutron.wsgi [None req-fcf89ecf-b20f-4356-a48d-c37013cdf9cb 800eba519b044261902ea91d9c4e48d8 1496f684ad614f6683e24f94ea905567 - - default default] 10.0.0.34 "GET /v2.0/ports/931f90d1-0075-459d-a73e-64aa8f066b38 HTTP/1.1" status: 200 len: 1139 time: 0.0588012
2026-06-15 21:08:34.186 8 INFO neutron.db.ovn_revision_numbers_db [None req-0ad774a0-c865-40d4-83d6-773d403e4f26 262b6950fd8e42b7a69f9ec0d81f83bf a0c2fdaddc014b4f80713b19e5cc4e72 - - default default] Successfully bumped revision number for resource 05190570-7123-4c0f-b8b9-04b67e05af70 (type: security_groups) to 1
2026-06-15 21:08:34.197 8 INFO neutron.db.ovn_revision_numbers_db [None req-0ad774a0-c865-40d4-83d6-773d403e4f26 262b6950fd8e42b7a69f9ec0d81f83bf a0c2fdaddc014b4f80713b19e5cc4e72 - - default default] Successfully bumped revision number for resource 0174c1da-66b3-44ab-83a5-2ddd0bc1ac35 (type: security_group_rules) to 0
2026-06-15 21:08:34.203 9 INFO neutron.wsgi [None req-91f7ed79-e29c-456b-95f6-ae6d900e631f c06ab21e63c44e46a5a42bab118ac3ca ff7814a6c6164c45a8cc747bb202f240 - - default default] 10.0.0.34 "POST /v2.0/floatingips HTTP/1.1" status: 201 len: 751 time: 1.0138416
2026-06-15 21:08:34.213 8 WARNING neutron_lib.context [None req-50ff4c1b-a676-4b9b-b617-c66cb19aed78 c06ab21e63c44e46a5a42bab118ac3ca ff7814a6c6164c45a8cc747bb202f240 - - default default] Method 'is_advsvc' is deprecated since 2023.2 release (neutron-lib 3.8.0) and will be removed once support for the old RBAC API policies will be removed from Neutron. Please use method 'is_service_role' instead.
2026-06-15 21:08:34.216 8 INFO neutron.db.ovn_revision_numbers_db [None req-0ad774a0-c865-40d4-83d6-773d403e4f26 262b6950fd8e42b7a69f9ec0d81f83bf a0c2fdaddc014b4f80713b19e5cc4e72 - - default default] Successfully bumped revision number for resource 275f6fe1-5ae0-4490-91a5-fd8a5563317b (type: security_group_rules) to 0
2026-06-15 21:08:34.231 8 INFO neutron.db.ovn_revision_numbers_db [None req-0ad774a0-c865-40d4-83d6-773d403e4f26 262b6950fd8e42b7a69f9ec0d81f83bf a0c2fdaddc014b4f80713b19e5cc4e72 - - default default] Successfully bumped revision number for resource 55b43ce7-ff29-4229-a2a8-7bb0e6234cf7 (type: security_group_rules) to 0
2026-06-15 21:08:34.266 8 INFO neutron.db.ovn_revision_numbers_db [None req-0ad774a0-c865-40d4-83d6-773d403e4f26 262b6950fd8e42b7a69f9ec0d81f83bf a0c2fdaddc014b4f80713b19e5cc4e72 - - default default] Successfully bumped revision number for resource c4a1df76-c919-4807-8ef7-dd7f7a827370 (type: security_group_rules) to 0
2026-06-15 21:08:34.349 8 INFO neutron.db.segments_db [None req-0ad774a0-c865-40d4-83d6-773d403e4f26 262b6950fd8e42b7a69f9ec0d81f83bf a0c2fdaddc014b4f80713b19e5cc4e72 - - default default] Added segment 19ae7402-3481-49a0-8d1a-1af1df4a2390 of type geneve for network cd00dec1-1ef9-4c0f-a431-b18053b4438b
2026-06-15 21:08:34.489 9 INFO neutron.db.ovn_revision_numbers_db [None req-b36a35b7-bc25-445e-bb6e-7500b3c22ed3 74132f67d0494a148c1020993ce277c9 daee3b06bfd74e94aedb338b8a61522d - - default default] Successfully bumped revision number for resource ccc2682b-c380-4aeb-b7b1-47ff7ffa7a73 (type: floatingips) to -1
2026-06-15 21:08:34.623 9 INFO neutron.db.ovn_revision_numbers_db [None req-b36a35b7-bc25-445e-bb6e-7500b3c22ed3 74132f67d0494a148c1020993ce277c9 daee3b06bfd74e94aedb338b8a61522d - - default default] Successfully bumped revision number for resource ccc2682b-c380-4aeb-b7b1-47ff7ffa7a73 (type: floatingips) to 1
2026-06-15 21:08:34.624 9 INFO neutron.db.l3_db [None req-b36a35b7-bc25-445e-bb6e-7500b3c22ed3 74132f67d0494a148c1020993ce277c9 daee3b06bfd74e94aedb338b8a61522d - - default default] Floating IP ccc2682b-c380-4aeb-b7b1-47ff7ffa7a73 associated. External IP: 10.96.250.218, port: 8a4d44de-dd28-4938-a971-c57287791e86.
2026-06-15 21:08:34.679 9 INFO neutron.wsgi [None req-b36a35b7-bc25-445e-bb6e-7500b3c22ed3 74132f67d0494a148c1020993ce277c9 daee3b06bfd74e94aedb338b8a61522d - - default default] 10.0.0.34 "POST /v2.0/floatingips HTTP/1.1" status: 201 len: 1042 time: 1.5852988
2026-06-15 21:08:34.722 9 INFO neutron.wsgi [None req-d0e73543-f87b-4e62-b9df-ab0f4ff955cb 74132f67d0494a148c1020993ce277c9 daee3b06bfd74e94aedb338b8a61522d - - default default] 10.0.0.34 "GET /v2.0/floatingips/ccc2682b-c380-4aeb-b7b1-47ff7ffa7a73 HTTP/1.1" status: 200 len: 1039 time: 0.0377569
2026-06-15 21:08:34.786 9 INFO neutron.wsgi [None req-1e6261cf-9a3c-43c5-adb2-dea3d6206ca9 74132f67d0494a148c1020993ce277c9 daee3b06bfd74e94aedb338b8a61522d - - default default] 10.0.0.34 "GET /v2.0/floatingips HTTP/1.1" status: 200 len: 1042 time: 0.0591989
2026-06-15 21:08:34.842 8 INFO neutron.db.ovn_revision_numbers_db [None req-0ad774a0-c865-40d4-83d6-773d403e4f26 262b6950fd8e42b7a69f9ec0d81f83bf a0c2fdaddc014b4f80713b19e5cc4e72 - - default default] Successfully bumped revision number for resource cd00dec1-1ef9-4c0f-a431-b18053b4438b (type: networks) to 1
2026-06-15 21:08:34.909 8 WARNING neutron.scheduler.dhcp_agent_scheduler [None req-50ff4c1b-a676-4b9b-b617-c66cb19aed78 c06ab21e63c44e46a5a42bab118ac3ca ff7814a6c6164c45a8cc747bb202f240 - - default default] No more DHCP agents
2026-06-15 21:08:34.924 8 WARNING neutron.api.rpc.agentnotifiers.dhcp_rpc_agent_api [None req-50ff4c1b-a676-4b9b-b617-c66cb19aed78 c06ab21e63c44e46a5a42bab118ac3ca ff7814a6c6164c45a8cc747bb202f240 - - default default] Unable to schedule network 67aac509-6b01-46ef-8bd1-ae0db20a55b4: no agents available; will retry on subsequent port and subnet creation events.
2026-06-15 21:08:35.096 8 WARNING neutron.scheduler.dhcp_agent_scheduler [None req-0ad774a0-c865-40d4-83d6-773d403e4f26 262b6950fd8e42b7a69f9ec0d81f83bf a0c2fdaddc014b4f80713b19e5cc4e72 - - default default] No more DHCP agents
2026-06-15 21:08:35.099 8 WARNING neutron.api.rpc.agentnotifiers.dhcp_rpc_agent_api [None req-0ad774a0-c865-40d4-83d6-773d403e4f26 262b6950fd8e42b7a69f9ec0d81f83bf a0c2fdaddc014b4f80713b19e5cc4e72 - - default default] Unable to schedule network cd00dec1-1ef9-4c0f-a431-b18053b4438b: no agents available; will retry on subsequent port and subnet creation events.
2026-06-15 21:08:35.226 8 INFO neutron.db.ovn_revision_numbers_db [None req-0ad774a0-c865-40d4-83d6-773d403e4f26 262b6950fd8e42b7a69f9ec0d81f83bf a0c2fdaddc014b4f80713b19e5cc4e72 - - default default] Successfully bumped revision number for resource d2f40c6a-4dfc-4a94-93aa-d911a30be6d1 (type: ports) to 1
2026-06-15 21:08:35.253 8 INFO neutron.wsgi [None req-0ad774a0-c865-40d4-83d6-773d403e4f26 262b6950fd8e42b7a69f9ec0d81f83bf a0c2fdaddc014b4f80713b19e5cc4e72 - - default default] 10.0.0.34 "POST /v2.0/networks HTTP/1.1" status: 201 len: 943 time: 1.2423272
2026-06-15 21:08:35.313 9 INFO neutron.wsgi [None req-9b4a68c2-30d8-4245-ad91-1bdf3096aa21 800eba519b044261902ea91d9c4e48d8 1496f684ad614f6683e24f94ea905567 - - default default] 10.0.0.34 "GET /v2.0/ports/931f90d1-0075-459d-a73e-64aa8f066b38 HTTP/1.1" status: 200 len: 1139 time: 0.1277828
2026-06-15 21:08:35.402 8 INFO neutron.wsgi [None req-50ff4c1b-a676-4b9b-b617-c66cb19aed78 c06ab21e63c44e46a5a42bab118ac3ca ff7814a6c6164c45a8cc747bb202f240 - - default default] 10.0.0.34 "POST /v2.0/floatingips HTTP/1.1" status: 201 len: 751 time: 1.1930394
2026-06-15 21:08:35.413 9 WARNING neutron_lib.context [None req-bab39cc5-d9e1-4dd3-a3e1-6decc93b49c7 c06ab21e63c44e46a5a42bab118ac3ca ff7814a6c6164c45a8cc747bb202f240 - - default default] Method 'is_advsvc' is deprecated since 2023.2 release (neutron-lib 3.8.0) and will be removed once support for the old RBAC API policies will be removed from Neutron. Please use method 'is_service_role' instead.
2026-06-15 21:08:35.493 8 WARNING neutron.scheduler.dhcp_agent_scheduler [None req-c369adbd-6b37-4032-aa78-da8fedd0fc7d 262b6950fd8e42b7a69f9ec0d81f83bf a0c2fdaddc014b4f80713b19e5cc4e72 - - default default] No more DHCP agents
2026-06-15 21:08:35.496 8 WARNING neutron.api.rpc.agentnotifiers.dhcp_rpc_agent_api [None req-c369adbd-6b37-4032-aa78-da8fedd0fc7d 262b6950fd8e42b7a69f9ec0d81f83bf a0c2fdaddc014b4f80713b19e5cc4e72 - - default default] Unable to schedule network cd00dec1-1ef9-4c0f-a431-b18053b4438b: no agents available; will retry on subsequent port and subnet creation events.
2026-06-15 21:08:35.545 9 INFO neutron.db.ovn_revision_numbers_db [None req-59ecc027-8ce1-4389-a5be-365d2afa2724 74132f67d0494a148c1020993ce277c9 daee3b06bfd74e94aedb338b8a61522d - - default default] Successfully bumped revision number for resource ccc2682b-c380-4aeb-b7b1-47ff7ffa7a73 (type: floatingips) to 2
2026-06-15 21:08:35.696 9 INFO neutron.db.ovn_revision_numbers_db [None req-59ecc027-8ce1-4389-a5be-365d2afa2724 74132f67d0494a148c1020993ce277c9 daee3b06bfd74e94aedb338b8a61522d - - default default] Successfully bumped revision number for resource ccc2682b-c380-4aeb-b7b1-47ff7ffa7a73 (type: floatingips) to 2
2026-06-15 21:08:35.696 9 INFO neutron.db.l3_db [None req-59ecc027-8ce1-4389-a5be-365d2afa2724 74132f67d0494a148c1020993ce277c9 daee3b06bfd74e94aedb338b8a61522d - - default default] Floating IP ccc2682b-c380-4aeb-b7b1-47ff7ffa7a73 associated. External IP: 10.96.250.218, port: 8a4d44de-dd28-4938-a971-c57287791e86.
2026-06-15 21:08:35.762 9 INFO neutron.wsgi [None req-59ecc027-8ce1-4389-a5be-365d2afa2724 74132f67d0494a148c1020993ce277c9 daee3b06bfd74e94aedb338b8a61522d - - default default] 10.0.0.34 "PUT /v2.0/floatingips/ccc2682b-c380-4aeb-b7b1-47ff7ffa7a73 HTTP/1.1" status: 200 len: 1038 time: 0.9693592
2026-06-15 21:08:35.798 9 WARNING neutron.scheduler.dhcp_agent_scheduler [None req-bab39cc5-d9e1-4dd3-a3e1-6decc93b49c7 c06ab21e63c44e46a5a42bab118ac3ca ff7814a6c6164c45a8cc747bb202f240 - - default default] No more DHCP agents
2026-06-15 21:08:35.799 9 WARNING neutron.api.rpc.agentnotifiers.dhcp_rpc_agent_api [None req-bab39cc5-d9e1-4dd3-a3e1-6decc93b49c7 c06ab21e63c44e46a5a42bab118ac3ca ff7814a6c6164c45a8cc747bb202f240 - - default default] Unable to schedule network 67aac509-6b01-46ef-8bd1-ae0db20a55b4: no agents available; will retry on subsequent port and subnet creation events.
2026-06-15 21:08:36.209 8 INFO neutron.db.ovn_revision_numbers_db [None req-4123f469-3e2b-4527-aecc-f92863624b82 74132f67d0494a148c1020993ce277c9 daee3b06bfd74e94aedb338b8a61522d - - default default] Successfully bumped revision number for resource ccc2682b-c380-4aeb-b7b1-47ff7ffa7a73 (type: floatingips) to 3
2026-06-15 21:08:36.275 8 INFO neutron.db.l3_db [None req-4123f469-3e2b-4527-aecc-f92863624b82 74132f67d0494a148c1020993ce277c9 daee3b06bfd74e94aedb338b8a61522d - - default default] Floating IP ccc2682b-c380-4aeb-b7b1-47ff7ffa7a73 disassociated. External IP: 10.96.250.218, port: fd0fe152-e54c-45b5-9d75-32ddee3362b4.
2026-06-15 21:08:36.320 8 INFO neutron.wsgi [None req-4123f469-3e2b-4527-aecc-f92863624b82 74132f67d0494a148c1020993ce277c9 daee3b06bfd74e94aedb338b8a61522d - - default default] 10.0.0.34 "PUT /v2.0/floatingips/ccc2682b-c380-4aeb-b7b1-47ff7ffa7a73 HTTP/1.1" status: 200 len: 748 time: 0.5507374 /var/lib/openstack/lib/python3.10/site-packages/pycadf/identifier.py:71: UserWarning: Invalid uuid: neutron. To ensure interoperability, identifiers should be a valid uuid. warnings.warn(('Invalid uuid: %s. To ensure interoperability, '
2026-06-15 21:08:36.359 8 INFO neutron.db.ovn_revision_numbers_db [None req-c369adbd-6b37-4032-aa78-da8fedd0fc7d 262b6950fd8e42b7a69f9ec0d81f83bf a0c2fdaddc014b4f80713b19e5cc4e72 - - default default] Successfully bumped revision number for resource d2f40c6a-4dfc-4a94-93aa-d911a30be6d1 (type: ports) to 2
2026-06-15 21:08:36.359 9 INFO neutron.wsgi [None req-9fc0d3ab-2081-474f-923a-9e41517698fd 800eba519b044261902ea91d9c4e48d8 1496f684ad614f6683e24f94ea905567 - - default default] 10.0.0.34 "GET /v2.0/ports/931f90d1-0075-459d-a73e-64aa8f066b38 HTTP/1.1" status: 200 len: 1139 time: 0.0402963
2026-06-15 21:08:36.371 9 INFO neutron.wsgi [None req-bab39cc5-d9e1-4dd3-a3e1-6decc93b49c7 c06ab21e63c44e46a5a42bab118ac3ca ff7814a6c6164c45a8cc747bb202f240 - - default default] 10.0.0.34 "POST /v2.0/floatingips HTTP/1.1" status: 201 len: 751 time: 0.9639487
2026-06-15 21:08:36.412 8 INFO neutron.db.ovn_revision_numbers_db [None req-c369adbd-6b37-4032-aa78-da8fedd0fc7d 262b6950fd8e42b7a69f9ec0d81f83bf a0c2fdaddc014b4f80713b19e5cc4e72 - - default default] Successfully bumped revision number for resource a27e1ae1-c7c8-4179-950c-30ed66fe4521 (type: subnets) to 0
2026-06-15 21:08:36.422 9 INFO neutron.wsgi [None req-1d100f16-c08b-4a45-9c6f-ca4f0700bfdb c06ab21e63c44e46a5a42bab118ac3ca ff7814a6c6164c45a8cc747bb202f240 - - default default] 10.0.0.34 "PUT /v2.0/floatingips/b6b50979-c0b2-43f5-8fc0-1141e230eb27/tags HTTP/1.1" status: 200 len: 210 time: 0.0453472
2026-06-15 21:08:36.427 8 INFO neutron.wsgi [None req-c369adbd-6b37-4032-aa78-da8fedd0fc7d 262b6950fd8e42b7a69f9ec0d81f83bf a0c2fdaddc014b4f80713b19e5cc4e72 - - default default] 10.0.0.34 "POST /v2.0/subnets HTTP/1.1" status: 201 len: 863 time: 1.1691353
2026-06-15 21:08:36.482 9 INFO neutron.wsgi [None req-7cb0d085-8721-45f3-9c28-b89677068765 c06ab21e63c44e46a5a42bab118ac3ca ff7814a6c6164c45a8cc747bb202f240 - - default default] 10.0.0.34 "PUT /v2.0/floatingips/d793efb0-65ad-4249-a040-7be818f2fdf9/tags HTTP/1.1" status: 200 len: 218 time: 0.0548322
2026-06-15 21:08:36.575 9 INFO neutron.wsgi [None req-6c81da68-9c03-4ca8-9eaa-392b5fe20eb6 c06ab21e63c44e46a5a42bab118ac3ca ff7814a6c6164c45a8cc747bb202f240 - - default default] 10.0.0.34 "PUT /v2.0/floatingips/af2639f6-186a-4237-b98c-5e36f92ce85a/tags HTTP/1.1" status: 200 len: 227 time: 0.0864062
2026-06-15 21:08:36.653 8 INFO neutron.wsgi [None req-a1651764-6990-4b2c-a6e9-98575b723067 c06ab21e63c44e46a5a42bab118ac3ca ff7814a6c6164c45a8cc747bb202f240 - - default default] 10.0.0.34 "PUT /v2.0/floatingips/29086924-e579-4c27-8ffe-a45db24cbe30/tags HTTP/1.1" status: 200 len: 212 time: 0.0717847
2026-06-15 21:08:36.705 8 INFO neutron.wsgi [None req-4dbaa051-1c6f-40c9-b302-aa6e399acf48 c06ab21e63c44e46a5a42bab118ac3ca ff7814a6c6164c45a8cc747bb202f240 - - default default] 10.0.0.34 "GET /v2.0/floatingips?tags=red HTTP/1.1" status: 200 len: 1866 time: 0.0467250
2026-06-15 21:08:36.755 8 INFO neutron.wsgi [None req-32b49f55-bf3c-4d16-b8e7-1bd8e9fa56fa c06ab21e63c44e46a5a42bab118ac3ca ff7814a6c6164c45a8cc747bb202f240 - - default default] 10.0.0.34 "GET /v2.0/floatingips?tags=red%2Cblue HTTP/1.1" status: 200 len: 1323 time: 0.0427752
2026-06-15 21:08:36.800 9 INFO neutron.wsgi [None req-a1f7f78a-19b2-49fd-862e-92db4d04fa83 c06ab21e63c44e46a5a42bab118ac3ca ff7814a6c6164c45a8cc747bb202f240 - - default default] 10.0.0.34 "GET /v2.0/floatingips?tags-any=blue HTTP/1.1" status: 200 len: 1323 time: 0.0404480
2026-06-15 21:08:36.828 8 INFO neutron.wsgi [None req-4d4f9180-8ab5-4913-8459-d013b948dbf0 74132f67d0494a148c1020993ce277c9 daee3b06bfd74e94aedb338b8a61522d - - default default] 10.0.0.34 "DELETE /v2.0/floatingips/ccc2682b-c380-4aeb-b7b1-47ff7ffa7a73 HTTP/1.1" status: 204 len: 168 time: 0.5006897
2026-06-15 21:08:36.862 8 INFO neutron.api.v2.resource [None req-852e48dc-c2fb-4c26-9af5-02da55a32119 74132f67d0494a148c1020993ce277c9 daee3b06bfd74e94aedb338b8a61522d - - default default] delete failed (client error): The resource could not be found.
2026-06-15 21:08:36.864 8 INFO neutron.wsgi [None req-852e48dc-c2fb-4c26-9af5-02da55a32119 74132f67d0494a148c1020993ce277c9 daee3b06bfd74e94aedb338b8a61522d - - default default] 10.0.0.34 "DELETE /v2.0/floatingips/ccc2682b-c380-4aeb-b7b1-47ff7ffa7a73 HTTP/1.1" status: 404 len: 345 time: 0.0257771
2026-06-15 21:08:36.873 9 INFO neutron.wsgi [None req-09045ab4-c90b-4d82-9714-94959969a4a6 c06ab21e63c44e46a5a42bab118ac3ca ff7814a6c6164c45a8cc747bb202f240 - - default default] 10.0.0.34 "GET /v2.0/floatingips?tags-any=red%2Cblue HTTP/1.1" status: 200 len: 1866 time: 0.0683515
2026-06-15 21:08:36.930 8 INFO neutron.wsgi [None req-9c6b5323-d051-4ee3-a166-b615a3a082ff c06ab21e63c44e46a5a42bab118ac3ca ff7814a6c6164c45a8cc747bb202f240 - - default default] 10.0.0.34 "GET /v2.0/floatingips?not-tags=red HTTP/1.1" status: 200 len: 1295 time: 0.0405953
2026-06-15 21:08:36.982 9 INFO neutron.wsgi [None req-d465b140-4853-44e5-9bdb-17a642b6dfca c06ab21e63c44e46a5a42bab118ac3ca ff7814a6c6164c45a8cc747bb202f240 - - default default] 10.0.0.34 "GET /v2.0/floatingips?not-tags=red%2Cblue HTTP/1.1" status: 200 len: 1838 time: 0.0451486
2026-06-15 21:08:37.038 8 INFO neutron.wsgi [None req-f68cbf30-552c-4a05-93d9-4c56ef8fd231 c06ab21e63c44e46a5a42bab118ac3ca ff7814a6c6164c45a8cc747bb202f240 - - default default] 10.0.0.34 "GET /v2.0/floatingips?not-tags-any=blue HTTP/1.1" status: 200 len: 1838 time: 0.0507565
2026-06-15 21:08:37.042 9 WARNING neutron.scheduler.dhcp_agent_scheduler [None req-3f4f8457-e0ca-42f9-8760-5b86ec7e3a7b 262b6950fd8e42b7a69f9ec0d81f83bf a0c2fdaddc014b4f80713b19e5cc4e72 - - default default] No more DHCP agents
2026-06-15 21:08:37.050 9 WARNING neutron.api.rpc.agentnotifiers.dhcp_rpc_agent_api [None req-3f4f8457-e0ca-42f9-8760-5b86ec7e3a7b 262b6950fd8e42b7a69f9ec0d81f83bf a0c2fdaddc014b4f80713b19e5cc4e72 - - default default] Unable to schedule network 67aac509-6b01-46ef-8bd1-ae0db20a55b4: no agents available; will retry on subsequent port and subnet creation events.
