2026-06-15 21:06:37.051 8 INFO neutron.db.segments_db [None req-60c65831-d6df-438e-8a72-5373c3de06fa 262b6950fd8e42b7a69f9ec0d81f83bf a0c2fdaddc014b4f80713b19e5cc4e72 - - default default] Added segment 7f8ace7e-cafd-459c-9ac1-206860a60a65 of type geneve for network d8d998ca-cc98-4f40-8acd-82e3abf2cd1a
2026-06-15 21:06:37.070 8 INFO neutron.db.ovn_revision_numbers_db [req-6d474c3d-b94d-4685-815e-bccb8369bf48 req-50dbe7aa-e1be-4a8e-a4de-58f71e84fbf2 2153734f3175476fb34ed7c3b42ed4e1 b68bb3eee8aa4da880698818692f961f - - 5c6c69f538aa47e4be7f1a92d8fac82c 5c6c69f538aa47e4be7f1a92d8fac82c] Successfully bumped revision number for resource d0431a67-5c9c-4640-b988-265abfd92984 (type: ports) to 2
2026-06-15 21:06:37.072 8 WARNING neutron.plugins.ml2.drivers.ovn.mech_driver.ovsdb.ovn_client [None req-35061bee-1e91-415d-b631-05ad3f2854ba - - - - - -] No hosting information found for port 3bd297d2-dacf-43b9-990b-cd98a09f18a8: RuntimeError: No hosting information found for port 3bd297d2-dacf-43b9-990b-cd98a09f18a8
2026-06-15 21:06:37.104 8 INFO neutron.wsgi [req-6d474c3d-b94d-4685-815e-bccb8369bf48 req-50dbe7aa-e1be-4a8e-a4de-58f71e84fbf2 2153734f3175476fb34ed7c3b42ed4e1 b68bb3eee8aa4da880698818692f961f - - 5c6c69f538aa47e4be7f1a92d8fac82c 5c6c69f538aa47e4be7f1a92d8fac82c] 199.204.45.113 "PUT /v2.0/ports/d0431a67-5c9c-4640-b988-265abfd92984 HTTP/1.1" status: 200 len: 1380 time: 0.6973567 /var/lib/openstack/lib/python3.10/site-packages/pycadf/identifier.py:71: UserWarning: Invalid uuid: neutron. To ensure interoperability, identifiers should be a valid uuid. warnings.warn(('Invalid uuid: %s. To ensure interoperability, '
2026-06-15 21:06:37.143 8 INFO neutron.notifiers.nova [-] Nova event matching ['req-f284fb93-2960-42ad-aa91-b78091bcc1cd'] response: {'name': 'network-changed', 'server_uuid': '4a142ee0-f5fa-4786-b570-0e55baeaef12', 'tag': 'd0431a67-5c9c-4640-b988-265abfd92984', 'status': 'completed', 'code': 200}
2026-06-15 21:06:37.171 8 INFO neutron.wsgi [req-aa6e8e04-4762-44af-a5ca-b159706d83d9 req-9c455b16-c6a1-4118-896f-2a37fe58f1d6 358b0e04371a4e96b09d49e08e01fcf7 bab2c9b767f84a5383b201780cc87563 - - default default] 10.0.0.69 "GET /v2.0/ports?device_id=4a142ee0-f5fa-4786-b570-0e55baeaef12 HTTP/1.1" status: 200 len: 1172 time: 0.0619311
2026-06-15 21:06:37.183 8 INFO neutron.plugins.ml2.drivers.ovn.mech_driver.mech_driver [None req-35061bee-1e91-415d-b631-05ad3f2854ba - - - - - -] OVN reports status up for port: eca7e7ea-ae17-496e-91bc-d47b20422630
2026-06-15 21:06:37.220 8 INFO neutron.plugins.ml2.plugin [None req-35061bee-1e91-415d-b631-05ad3f2854ba - - - - - -] Attempt 1 to provision port eca7e7ea-ae17-496e-91bc-d47b20422630
2026-06-15 21:06:37.248 8 INFO neutron.wsgi [req-b2381269-9eca-4174-891e-97b7e33079e4 req-dd0f091b-c2dc-47c5-8722-c4f7fea51d6d 2153734f3175476fb34ed7c3b42ed4e1 b68bb3eee8aa4da880698818692f961f - - 5c6c69f538aa47e4be7f1a92d8fac82c 5c6c69f538aa47e4be7f1a92d8fac82c] 199.204.45.113 "GET /v2.0/ports?tenant_id=bab2c9b767f84a5383b201780cc87563&device_id=4a142ee0-f5fa-4786-b570-0e55baeaef12 HTTP/1.1" status: 200 len: 1411 time: 0.0922740
2026-06-15 21:06:37.336 8 INFO neutron.wsgi [req-aa6e8e04-4762-44af-a5ca-b159706d83d9 req-1acfbdd4-da9c-474a-a2f4-1650bc98d8d3 358b0e04371a4e96b09d49e08e01fcf7 bab2c9b767f84a5383b201780cc87563 - - default default] 10.0.0.69 "GET /v2.0/security-groups?id=913c703f-e015-4118-abe0-32f7ae9e13a3&fields=id&fields=name HTTP/1.1" status: 200 len: 312 time: 0.1501951
2026-06-15 21:06:37.340 9 INFO neutron.db.ovn_revision_numbers_db [None req-ede2761b-9f9f-4cb1-8f2e-c54c06f9672e 262b6950fd8e42b7a69f9ec0d81f83bf a0c2fdaddc014b4f80713b19e5cc4e72 - - default default] Successfully bumped revision number for resource a27d4cf3-a61f-49ca-a2d6-e82d1a0bce97 (type: ports) to 2
2026-06-15 21:06:37.342 8 INFO neutron.db.ovn_revision_numbers_db [None req-60c65831-d6df-438e-8a72-5373c3de06fa 262b6950fd8e42b7a69f9ec0d81f83bf a0c2fdaddc014b4f80713b19e5cc4e72 - - default default] Successfully bumped revision number for resource d8d998ca-cc98-4f40-8acd-82e3abf2cd1a (type: networks) to 1
2026-06-15 21:06:37.373 9 INFO neutron.db.ovn_revision_numbers_db [None req-ede2761b-9f9f-4cb1-8f2e-c54c06f9672e 262b6950fd8e42b7a69f9ec0d81f83bf a0c2fdaddc014b4f80713b19e5cc4e72 - - default default] Successfully bumped revision number for resource c9f83c88-5c99-45a7-b46c-e57a657b1429 (type: subnets) to 0
2026-06-15 21:06:37.398 9 INFO neutron.wsgi [None req-ede2761b-9f9f-4cb1-8f2e-c54c06f9672e 262b6950fd8e42b7a69f9ec0d81f83bf a0c2fdaddc014b4f80713b19e5cc4e72 - - default default] 10.0.0.34 "POST /v2.0/subnets HTTP/1.1" status: 201 len: 865 time: 0.7739487
2026-06-15 21:06:37.554 8 INFO neutron.wsgi [req-6f473b6c-c05a-4a4e-a75a-97b6693f41da req-93c1ac47-987d-428f-b966-991785bbffaa 02028bd88ca24272a557efde25e88872 6788f8c650874f32a9c6a083bc90d8b9 - - default default] 10.0.0.69 "GET /v2.0/ports?device_id=6558bd3e-1e0e-42fc-9c17-d697a3a9b31e HTTP/1.1" status: 200 len: 1168 time: 0.2762043
2026-06-15 21:06:37.597 8 INFO neutron.wsgi [req-b2381269-9eca-4174-891e-97b7e33079e4 req-7033f08e-91e7-4815-92d6-c968dc2074cf 2153734f3175476fb34ed7c3b42ed4e1 b68bb3eee8aa4da880698818692f961f - - 5c6c69f538aa47e4be7f1a92d8fac82c 5c6c69f538aa47e4be7f1a92d8fac82c] 199.204.45.113 "GET /v2.0/networks?tenant_id=bab2c9b767f84a5383b201780cc87563&shared=False HTTP/1.1" status: 200 len: 982 time: 0.3318145
2026-06-15 21:06:37.692 8 INFO neutron.wsgi [req-6f473b6c-c05a-4a4e-a75a-97b6693f41da req-70e52d33-5bd9-4da4-953d-03ba463d9d73 02028bd88ca24272a557efde25e88872 6788f8c650874f32a9c6a083bc90d8b9 - - default default] 10.0.0.69 "GET /v2.0/security-groups?id=55540d0c-26c3-422a-bcb2-5dea2c76d263&fields=id&fields=name HTTP/1.1" status: 200 len: 313 time: 0.1235137
2026-06-15 21:06:37.762 8 INFO neutron.wsgi [req-b2381269-9eca-4174-891e-97b7e33079e4 req-9a4f77c4-266e-4fea-89be-5e2e05944f2b 2153734f3175476fb34ed7c3b42ed4e1 b68bb3eee8aa4da880698818692f961f - - 5c6c69f538aa47e4be7f1a92d8fac82c 5c6c69f538aa47e4be7f1a92d8fac82c] 199.204.45.113 "GET /v2.0/networks?shared=True HTTP/1.1" status: 200 len: 952 time: 0.1564486
2026-06-15 21:06:37.856 8 WARNING neutron.scheduler.dhcp_agent_scheduler [None req-60c65831-d6df-438e-8a72-5373c3de06fa 262b6950fd8e42b7a69f9ec0d81f83bf a0c2fdaddc014b4f80713b19e5cc4e72 - - default default] No more DHCP agents
2026-06-15 21:06:37.862 8 INFO neutron.wsgi [req-6d474c3d-b94d-4685-815e-bccb8369bf48 req-bec22366-28c4-4da4-ac26-6372f343a0e2 2153734f3175476fb34ed7c3b42ed4e1 b68bb3eee8aa4da880698818692f961f - - 5c6c69f538aa47e4be7f1a92d8fac82c 5c6c69f538aa47e4be7f1a92d8fac82c] 199.204.45.113 "GET /v2.0/ports?tenant_id=bab2c9b767f84a5383b201780cc87563&device_id=4a142ee0-f5fa-4786-b570-0e55baeaef12 HTTP/1.1" status: 200 len: 1411 time: 0.0640450
2026-06-15 21:06:37.866 8 WARNING neutron.api.rpc.agentnotifiers.dhcp_rpc_agent_api [None req-60c65831-d6df-438e-8a72-5373c3de06fa 262b6950fd8e42b7a69f9ec0d81f83bf a0c2fdaddc014b4f80713b19e5cc4e72 - - default default] Unable to schedule network d8d998ca-cc98-4f40-8acd-82e3abf2cd1a: no agents available; will retry on subsequent port and subnet creation events.
2026-06-15 21:06:37.909 8 INFO neutron.wsgi [req-6d474c3d-b94d-4685-815e-bccb8369bf48 req-788718e1-6b46-4468-ae63-720d183c7126 2153734f3175476fb34ed7c3b42ed4e1 b68bb3eee8aa4da880698818692f961f - - 5c6c69f538aa47e4be7f1a92d8fac82c 5c6c69f538aa47e4be7f1a92d8fac82c] 199.204.45.113 "GET /v2.0/floatingips?fixed_ip_address=10.100.0.10&port_id=d0431a67-5c9c-4640-b988-265abfd92984 HTTP/1.1" status: 200 len: 217 time: 0.0303137
2026-06-15 21:06:37.916 9 WARNING neutron.scheduler.dhcp_agent_scheduler [None req-54bbf28c-08af-4497-be3a-2a13d51c9ae3 262b6950fd8e42b7a69f9ec0d81f83bf a0c2fdaddc014b4f80713b19e5cc4e72 - - default default] No more DHCP agents
2026-06-15 21:06:37.920 9 WARNING neutron.api.rpc.agentnotifiers.dhcp_rpc_agent_api [None req-54bbf28c-08af-4497-be3a-2a13d51c9ae3 262b6950fd8e42b7a69f9ec0d81f83bf a0c2fdaddc014b4f80713b19e5cc4e72 - - default default] Unable to schedule network 67aac509-6b01-46ef-8bd1-ae0db20a55b4: no agents available; will retry on subsequent port and subnet creation events.
2026-06-15 21:06:37.980 8 INFO neutron.wsgi [req-6d474c3d-b94d-4685-815e-bccb8369bf48 req-e30be4a9-2e2f-44fd-9f5a-2ce138d296b8 2153734f3175476fb34ed7c3b42ed4e1 b68bb3eee8aa4da880698818692f961f - - 5c6c69f538aa47e4be7f1a92d8fac82c 5c6c69f538aa47e4be7f1a92d8fac82c] 199.204.45.113 "GET /v2.0/subnets?id=d9335504-331c-441d-b823-eed7d2f9010c HTTP/1.1" status: 200 len: 877 time: 0.0537527
2026-06-15 21:06:38.023 8 INFO neutron.wsgi [req-6d474c3d-b94d-4685-815e-bccb8369bf48 req-41c9344c-129f-486f-b1bb-d857b38433a9 2153734f3175476fb34ed7c3b42ed4e1 b68bb3eee8aa4da880698818692f961f - - 5c6c69f538aa47e4be7f1a92d8fac82c 5c6c69f538aa47e4be7f1a92d8fac82c] 199.204.45.113 "GET /v2.0/ports?network_id=5aa79c92-6fac-4ad3-a86f-ebee1e1fc8ef&device_owner=network%3Adhcp HTTP/1.1" status: 200 len: 210 time: 0.0340686
2026-06-15 21:06:38.041 8 INFO neutron.db.ovn_revision_numbers_db [None req-35061bee-1e91-415d-b631-05ad3f2854ba - - - - - -] Successfully bumped revision number for resource eca7e7ea-ae17-496e-91bc-d47b20422630 (type: ports) to 4
2026-06-15 21:06:38.049 8 INFO neutron.db.ovn_revision_numbers_db [None req-60c65831-d6df-438e-8a72-5373c3de06fa 262b6950fd8e42b7a69f9ec0d81f83bf a0c2fdaddc014b4f80713b19e5cc4e72 - - default default] Successfully bumped revision number for resource ec5bbd05-12b9-4115-bc84-1d861da54c87 (type: ports) to 1
2026-06-15 21:06:38.078 9 INFO neutron.db.ovn_revision_numbers_db [None req-54bbf28c-08af-4497-be3a-2a13d51c9ae3 262b6950fd8e42b7a69f9ec0d81f83bf a0c2fdaddc014b4f80713b19e5cc4e72 - - default default] Successfully bumped revision number for resource 42e8aee5-ce9b-4953-b3cf-300a039b122d (type: ports) to 1
2026-06-15 21:06:38.109 8 INFO neutron.wsgi [None req-60c65831-d6df-438e-8a72-5373c3de06fa 262b6950fd8e42b7a69f9ec0d81f83bf a0c2fdaddc014b4f80713b19e5cc4e72 - - default default] 10.0.0.34 "POST /v2.0/networks HTTP/1.1" status: 201 len: 939 time: 1.4781675
2026-06-15 21:06:38.132 8 INFO neutron.wsgi [req-6d474c3d-b94d-4685-815e-bccb8369bf48 req-a755010e-fe35-43d9-9004-c5aed013ad66 2153734f3175476fb34ed7c3b42ed4e1 b68bb3eee8aa4da880698818692f961f - - 5c6c69f538aa47e4be7f1a92d8fac82c 5c6c69f538aa47e4be7f1a92d8fac82c] 199.204.45.113 "GET /v2.0/networks/5aa79c92-6fac-4ad3-a86f-ebee1e1fc8ef?fields=segments HTTP/1.1" status: 200 len: 212 time: 0.0993249 /var/lib/openstack/lib/python3.10/site-packages/pycadf/identifier.py:71: UserWarning: Invalid uuid: neutron. To ensure interoperability, identifiers should be a valid uuid. warnings.warn(('Invalid uuid: %s. To ensure interoperability, '
2026-06-15 21:06:38.207 8 INFO neutron.wsgi [req-6d474c3d-b94d-4685-815e-bccb8369bf48 req-3f7f8032-1156-4d79-9275-ac1a47196780 2153734f3175476fb34ed7c3b42ed4e1 b68bb3eee8aa4da880698818692f961f - - 5c6c69f538aa47e4be7f1a92d8fac82c 5c6c69f538aa47e4be7f1a92d8fac82c] 199.204.45.113 "GET /v2.0/networks/5aa79c92-6fac-4ad3-a86f-ebee1e1fc8ef?fields=provider%3Aphysical_network&fields=provider%3Anetwork_type HTTP/1.1" status: 200 len: 277 time: 0.0677023
2026-06-15 21:06:38.316 9 WARNING neutron.scheduler.dhcp_agent_scheduler [None req-1f03b83b-7a5c-4eab-828c-d4e85aa2aebf 262b6950fd8e42b7a69f9ec0d81f83bf a0c2fdaddc014b4f80713b19e5cc4e72 - - default default] No more DHCP agents
2026-06-15 21:06:38.402 8 INFO neutron.plugins.ml2.drivers.ovn.mech_driver.mech_driver [None req-35061bee-1e91-415d-b631-05ad3f2854ba - - - - - -] OVN reports status up for port: d0431a67-5c9c-4640-b988-265abfd92984
2026-06-15 21:06:38.419 8 INFO neutron.plugins.ml2.plugin [None req-35061bee-1e91-415d-b631-05ad3f2854ba - - - - - -] Attempt 1 to provision port d0431a67-5c9c-4640-b988-265abfd92984
2026-06-15 21:06:38.476 9 WARNING neutron.api.rpc.agentnotifiers.dhcp_rpc_agent_api [None req-1f03b83b-7a5c-4eab-828c-d4e85aa2aebf 262b6950fd8e42b7a69f9ec0d81f83bf a0c2fdaddc014b4f80713b19e5cc4e72 - - default default] Unable to schedule network d8d998ca-cc98-4f40-8acd-82e3abf2cd1a: no agents available; will retry on subsequent port and subnet creation events.
2026-06-15 21:06:38.493 8 INFO neutron.wsgi [req-ab52c31b-81bc-4707-beef-890f37a6dbf4 req-104c2e08-49d8-417f-b415-eb33605ca075 358b0e04371a4e96b09d49e08e01fcf7 bab2c9b767f84a5383b201780cc87563 - - default default] 10.0.0.69 "GET /v2.0/ports?device_id=4a142ee0-f5fa-4786-b570-0e55baeaef12 HTTP/1.1" status: 200 len: 1172 time: 0.0546846
2026-06-15 21:06:38.577 8 INFO neutron.wsgi [req-ab52c31b-81bc-4707-beef-890f37a6dbf4 req-8a652a68-6bca-421f-a0b4-e61406f8d1a7 358b0e04371a4e96b09d49e08e01fcf7 bab2c9b767f84a5383b201780cc87563 - - default default] 10.0.0.69 "GET /v2.0/security-groups?id=913c703f-e015-4118-abe0-32f7ae9e13a3&fields=id&fields=name HTTP/1.1" status: 200 len: 312 time: 0.0699751
2026-06-15 21:06:38.829 8 INFO neutron.db.ovn_revision_numbers_db [None req-35061bee-1e91-415d-b631-05ad3f2854ba - - - - - -] Successfully bumped revision number for resource d0431a67-5c9c-4640-b988-265abfd92984 (type: ports) to 4
2026-06-15 21:06:38.933 8 INFO neutron.wsgi [req-62a44ca9-60df-48dc-b371-8676cc4bd9b1 req-7bae4ef9-af21-43a2-8217-df7aa97f4351 02028bd88ca24272a557efde25e88872 6788f8c650874f32a9c6a083bc90d8b9 - - default default] 10.0.0.69 "GET /v2.0/ports?device_id=6558bd3e-1e0e-42fc-9c17-d697a3a9b31e HTTP/1.1" status: 200 len: 1170 time: 0.0928159
2026-06-15 21:06:38.946 8 INFO neutron.wsgi [None req-71ab6a7e-e72c-40eb-8195-f138d10d61ce 262b6950fd8e42b7a69f9ec0d81f83bf a0c2fdaddc014b4f80713b19e5cc4e72 - - default default] 10.0.0.105 "GET /v2.0/subnets HTTP/1.1" status: 200 len: 4065 time: 0.1494434 /var/lib/openstack/lib/python3.10/site-packages/pycadf/identifier.py:71: UserWarning: Invalid uuid: neutron. To ensure interoperability, identifiers should be a valid uuid. warnings.warn(('Invalid uuid: %s. To ensure interoperability, '
2026-06-15 21:06:38.967 8 INFO neutron.wsgi [None req-72be958a-90dc-4f3f-92f8-1ba9bc99dd20 262b6950fd8e42b7a69f9ec0d81f83bf a0c2fdaddc014b4f80713b19e5cc4e72 - - default default] 10.0.0.105 "GET /v2.0/subnetpools HTTP/1.1" status: 200 len: 193 time: 0.0178735
2026-06-15 21:06:39.028 8 INFO neutron.wsgi [req-62a44ca9-60df-48dc-b371-8676cc4bd9b1 req-889e4aae-ef63-4dd9-8639-2d5dc681619c 02028bd88ca24272a557efde25e88872 6788f8c650874f32a9c6a083bc90d8b9 - - default default] 10.0.0.69 "GET /v2.0/security-groups?id=55540d0c-26c3-422a-bcb2-5dea2c76d263&fields=id&fields=name HTTP/1.1" status: 200 len: 313 time: 0.0811779
2026-06-15 21:06:39.078 8 INFO neutron.wsgi [None req-91c0d414-01ac-4ccb-b2d2-26eb5b55533b 262b6950fd8e42b7a69f9ec0d81f83bf a0c2fdaddc014b4f80713b19e5cc4e72 - - default default] 10.0.0.105 "GET /v2.0/routers HTTP/1.1" status: 200 len: 3085 time: 0.1112237
2026-06-15 21:06:39.092 8 INFO neutron.wsgi [None req-0ea1fa28-b552-49cc-9ead-2c755ed99b3e 262b6950fd8e42b7a69f9ec0d81f83bf a0c2fdaddc014b4f80713b19e5cc4e72 - - default default] 10.0.0.105 "GET /v2.0/agents?binary=ovn-controller HTTP/1.1" status: 200 len: 591 time: 0.0120792
2026-06-15 21:06:39.118 9 INFO neutron.plugins.ml2.drivers.ovn.mech_driver.ovsdb.commands [None req-e0bd2412-1ed5-4e43-8412-554f8f828c60 - - - - - -] Schedule LRP lrp-42e8aee5-ce9b-4953-b3cf-300a039b122d on gateway 9b915434-f5b4-4f02-b61c-14cb792f14a0 with priority 1
2026-06-15 21:06:39.126 9 INFO neutron.plugins.ml2.drivers.ovn.mech_driver.mech_driver [None req-4931acb0-aaf8-4197-8a6e-4d24e2e00f6a - - - - - -] OVN reports status up for port: 42e8aee5-ce9b-4953-b3cf-300a039b122d
2026-06-15 21:06:39.127 8 INFO neutron.wsgi [None req-f11b8de7-2b47-4516-b51f-f626d938d3cb 262b6950fd8e42b7a69f9ec0d81f83bf a0c2fdaddc014b4f80713b19e5cc4e72 - - default default] 10.0.0.105 "GET /v2.0/floatingips HTTP/1.1" status: 200 len: 1269 time: 0.0329309
2026-06-15 21:06:39.140 8 INFO neutron.plugins.ml2.drivers.ovn.mech_driver.ovsdb.ovsdb_monitor [None req-e8f0754f-23cd-46dd-b54a-9970705321f3 - - - - - -] Router 0aa52a7d-6bb7-454f-a0bf-8733ea782e1d is bound to host instance
2026-06-15 21:06:39.147 8 INFO neutron.wsgi [None req-8c540d89-f842-41ff-a9ae-7d694fdefab0 262b6950fd8e42b7a69f9ec0d81f83bf a0c2fdaddc014b4f80713b19e5cc4e72 - - default default] 10.0.0.105 "GET /v2.0/agents HTTP/1.1" status: 200 len: 1390 time: 0.0189974
2026-06-15 21:06:39.148 9 INFO neutron.plugins.ml2.plugin [None req-4931acb0-aaf8-4197-8a6e-4d24e2e00f6a - - - - - -] Attempt 1 to provision port 42e8aee5-ce9b-4953-b3cf-300a039b122d
2026-06-15 21:06:39.182 9 INFO neutron.db.ovn_revision_numbers_db [None req-54bbf28c-08af-4497-be3a-2a13d51c9ae3 262b6950fd8e42b7a69f9ec0d81f83bf a0c2fdaddc014b4f80713b19e5cc4e72 - - default default] Successfully bumped revision number for resource 42e8aee5-ce9b-4953-b3cf-300a039b122d (type: router_ports) to 1
2026-06-15 21:06:39.213 8 INFO neutron.wsgi [None req-f725eef6-7370-4454-b412-da425ded387a 262b6950fd8e42b7a69f9ec0d81f83bf a0c2fdaddc014b4f80713b19e5cc4e72 - - default default] 10.0.0.105 "GET /v2.0/security-groups HTTP/1.1" status: 200 len: 34916 time: 0.0562301
2026-06-15 21:06:39.249 8 INFO neutron.notifiers.nova [-] Nova event matching ['req-2725af10-240c-4ec2-b05a-99eb1e2091ff'] response: {'server_uuid': '6558bd3e-1e0e-42fc-9c17-d697a3a9b31e', 'name': 'network-vif-plugged', 'status': 'completed', 'tag': 'eca7e7ea-ae17-496e-91bc-d47b20422630', 'code': 200}
2026-06-15 21:06:39.249 8 INFO neutron.notifiers.nova [-] Nova event matching ['req-2725af10-240c-4ec2-b05a-99eb1e2091ff'] response: {'server_uuid': '6558bd3e-1e0e-42fc-9c17-d697a3a9b31e', 'name': 'network-vif-plugged', 'status': 'completed', 'tag': 'eca7e7ea-ae17-496e-91bc-d47b20422630', 'code': 200}
2026-06-15 21:06:39.249 8 INFO neutron.notifiers.nova [-] Nova event matching ['req-2725af10-240c-4ec2-b05a-99eb1e2091ff'] response: {'server_uuid': '4a142ee0-f5fa-4786-b570-0e55baeaef12', 'name': 'network-vif-plugged', 'status': 'completed', 'tag': 'd0431a67-5c9c-4640-b988-265abfd92984', 'code': 200}
2026-06-15 21:06:39.249 8 INFO neutron.notifiers.nova [-] Nova event matching ['req-2725af10-240c-4ec2-b05a-99eb1e2091ff'] response: {'server_uuid': '4a142ee0-f5fa-4786-b570-0e55baeaef12', 'name': 'network-vif-plugged', 'status': 'completed', 'tag': 'd0431a67-5c9c-4640-b988-265abfd92984', 'code': 200}
2026-06-15 21:06:39.297 9 INFO neutron.db.ovn_revision_numbers_db [None req-1f03b83b-7a5c-4eab-828c-d4e85aa2aebf 262b6950fd8e42b7a69f9ec0d81f83bf a0c2fdaddc014b4f80713b19e5cc4e72 - - default default] Successfully bumped revision number for resource ec5bbd05-12b9-4115-bc84-1d861da54c87 (type: ports) to 2
2026-06-15 21:06:39.300 9 INFO neutron.db.ovn_revision_numbers_db [None req-54bbf28c-08af-4497-be3a-2a13d51c9ae3 262b6950fd8e42b7a69f9ec0d81f83bf a0c2fdaddc014b4f80713b19e5cc4e72 - - default default] Successfully bumped revision number for resource 0aa52a7d-6bb7-454f-a0bf-8733ea782e1d (type: routers) to 2
2026-06-15 21:06:39.326 9 INFO neutron.wsgi [None req-54bbf28c-08af-4497-be3a-2a13d51c9ae3 262b6950fd8e42b7a69f9ec0d81f83bf a0c2fdaddc014b4f80713b19e5cc4e72 - - default default] 10.0.0.34 "POST /v2.0/routers HTTP/1.1" status: 201 len: 1167 time: 1.9225624
2026-06-15 21:06:39.336 8 INFO neutron.wsgi [None req-54032a26-728b-4152-ad29-822cb11f69b8 262b6950fd8e42b7a69f9ec0d81f83bf a0c2fdaddc014b4f80713b19e5cc4e72 - - default default] 10.0.0.105 "GET /v2.0/ports HTTP/1.1" status: 200 len: 19291 time: 0.1109037
2026-06-15 21:06:39.367 8 INFO neutron.wsgi [None req-4e12d81e-3b0e-49f3-aba1-da869543510e 262b6950fd8e42b7a69f9ec0d81f83bf a0c2fdaddc014b4f80713b19e5cc4e72 - - default default] 10.0.0.105 "GET /v2.0/network-ip-availabilities HTTP/1.1" status: 200 len: 3192 time: 0.0192962
2026-06-15 21:06:39.372 9 INFO neutron.db.ovn_revision_numbers_db [None req-1f03b83b-7a5c-4eab-828c-d4e85aa2aebf 262b6950fd8e42b7a69f9ec0d81f83bf a0c2fdaddc014b4f80713b19e5cc4e72 - - default default] Successfully bumped revision number for resource a8129e22-d682-4ac0-af4f-2f43b11f7e82 (type: subnets) to 0
2026-06-15 21:06:39.401 9 INFO neutron.wsgi [None req-1f03b83b-7a5c-4eab-828c-d4e85aa2aebf 262b6950fd8e42b7a69f9ec0d81f83bf a0c2fdaddc014b4f80713b19e5cc4e72 - - default default] 10.0.0.34 "POST /v2.0/subnets HTTP/1.1" status: 201 len: 859 time: 1.2833860
2026-06-15 21:06:39.463 8 INFO neutron.wsgi [None req-bb89a421-120d-46c2-99b5-df94eb2d2934 262b6950fd8e42b7a69f9ec0d81f83bf a0c2fdaddc014b4f80713b19e5cc4e72 - - default default] 10.0.0.105 "GET /v2.0/networks HTTP/1.1" status: 200 len: 5394 time: 0.0938356
2026-06-15 21:06:39.519 8 INFO neutron.wsgi [None req-77a3b150-ef53-4e61-95ff-394031e51ef7 262b6950fd8e42b7a69f9ec0d81f83bf a0c2fdaddc014b4f80713b19e5cc4e72 - - default default] 10.0.0.105 "GET /v2.0/subnets HTTP/1.1" status: 200 len: 4065 time: 0.0526574
2026-06-15 21:06:40.029 8 INFO neutron.wsgi [req-66bba378-a497-40c6-840d-944b619b06c7 req-2be167f1-5d89-49b9-afc0-96357ba18156 358b0e04371a4e96b09d49e08e01fcf7 bab2c9b767f84a5383b201780cc87563 - - default default] 10.0.0.69 "GET /v2.0/ports?device_id=4a142ee0-f5fa-4786-b570-0e55baeaef12 HTTP/1.1" status: 200 len: 1174 time: 0.3549645
2026-06-15 21:06:40.114 8 INFO neutron.wsgi [req-66bba378-a497-40c6-840d-944b619b06c7 req-b6666e51-1871-41ad-ad27-306bd4e8970b 358b0e04371a4e96b09d49e08e01fcf7 bab2c9b767f84a5383b201780cc87563 - - default default] 10.0.0.69 "GET /v2.0/security-groups?id=913c703f-e015-4118-abe0-32f7ae9e13a3&fields=id&fields=name HTTP/1.1" status: 200 len: 312 time: 0.0780585
2026-06-15 21:06:40.250 8 INFO neutron.wsgi [req-1198a801-d6e2-41ec-abd6-14a5b44c7be2 req-5946d449-303f-4cc7-a37d-4cefacc07624 02028bd88ca24272a557efde25e88872 6788f8c650874f32a9c6a083bc90d8b9 - - default default] 10.0.0.69 "GET /v2.0/ports?device_id=6558bd3e-1e0e-42fc-9c17-d697a3a9b31e HTTP/1.1" status: 200 len: 1170 time: 0.1402876
2026-06-15 21:06:40.256 8 INFO neutron.wsgi [req-54c800e0-4e26-41f5-8e26-4f5fac975337 req-d5221e33-de8e-4dc4-bf91-984e840b1219 358b0e04371a4e96b09d49e08e01fcf7 bab2c9b767f84a5383b201780cc87563 - - default default] 10.0.0.69 "GET /v2.0/ports?device_id=4a142ee0-f5fa-4786-b570-0e55baeaef12 HTTP/1.1" status: 200 len: 1174 time: 0.0460527
2026-06-15 21:06:40.296 9 WARNING neutron.scheduler.dhcp_agent_scheduler [None req-6fed5567-e88c-47b3-a774-93912c924f8e 262b6950fd8e42b7a69f9ec0d81f83bf a0c2fdaddc014b4f80713b19e5cc4e72 - - default default] No more DHCP agents
2026-06-15 21:06:40.303 9 WARNING neutron.api.rpc.agentnotifiers.dhcp_rpc_agent_api [None req-6fed5567-e88c-47b3-a774-93912c924f8e 262b6950fd8e42b7a69f9ec0d81f83bf a0c2fdaddc014b4f80713b19e5cc4e72 - - default default] Unable to schedule network 67aac509-6b01-46ef-8bd1-ae0db20a55b4: no agents available; will retry on subsequent port and subnet creation events.
2026-06-15 21:06:40.336 9 WARNING neutron.scheduler.dhcp_agent_scheduler [None req-13d7da70-fdab-49b8-8eb2-c7aef33e5082 262b6950fd8e42b7a69f9ec0d81f83bf a0c2fdaddc014b4f80713b19e5cc4e72 - - default default] No more DHCP agents
2026-06-15 21:06:40.344 9 WARNING neutron.api.rpc.agentnotifiers.dhcp_rpc_agent_api [None req-13d7da70-fdab-49b8-8eb2-c7aef33e5082 262b6950fd8e42b7a69f9ec0d81f83bf a0c2fdaddc014b4f80713b19e5cc4e72 - - default default] Unable to schedule network bda4bcc0-9106-4595-9f02-b5095f600120: no agents available; will retry on subsequent port and subnet creation events.
2026-06-15 21:06:40.381 8 INFO neutron.wsgi [req-1198a801-d6e2-41ec-abd6-14a5b44c7be2 req-af3a6bce-c608-45d2-91f8-7abda2f23e57 02028bd88ca24272a557efde25e88872 6788f8c650874f32a9c6a083bc90d8b9 - - default default] 10.0.0.69 "GET /v2.0/security-groups?id=55540d0c-26c3-422a-bcb2-5dea2c76d263&fields=id&fields=name HTTP/1.1" status: 200 len: 313 time: 0.1214173
2026-06-15 21:06:40.482 9 INFO neutron.db.ovn_revision_numbers_db [None req-6fed5567-e88c-47b3-a774-93912c924f8e 262b6950fd8e42b7a69f9ec0d81f83bf a0c2fdaddc014b4f80713b19e5cc4e72 - - default default] Successfully bumped revision number for resource e15266df-a03a-40e9-be66-57d3226042d0 (type: ports) to 1
2026-06-15 21:06:40.529 8 INFO neutron.db.ovn_revision_numbers_db [None req-e8f0754f-23cd-46dd-b54a-9970705321f3 - - - - - -] Successfully bumped revision number for resource 42e8aee5-ce9b-4953-b3cf-300a039b122d (type: ports) to 1
2026-06-15 21:06:40.543 9 INFO neutron.db.ovn_revision_numbers_db [None req-13d7da70-fdab-49b8-8eb2-c7aef33e5082 262b6950fd8e42b7a69f9ec0d81f83bf a0c2fdaddc014b4f80713b19e5cc4e72 - - default default] Successfully bumped revision number for resource 0752929d-0966-416e-9c52-3eecbde61cb3 (type: ports) to 1
2026-06-15 21:06:40.555 8 INFO neutron.wsgi [req-5e6aa0ed-f132-4cdf-99ff-c3ef5fdabc39 req-16deee09-71ca-498c-bee4-b13c9f2ea8e6 02028bd88ca24272a557efde25e88872 6788f8c650874f32a9c6a083bc90d8b9 - - default default] 10.0.0.69 "GET /v2.0/ports?device_id=6558bd3e-1e0e-42fc-9c17-d697a3a9b31e HTTP/1.1" status: 200 len: 1170 time: 0.1003499
2026-06-15 21:06:41.303 8 INFO neutron.db.ovn_revision_numbers_db [None req-005f6f96-2246-41dd-b81d-2d1a5b4efaa8 358b0e04371a4e96b09d49e08e01fcf7 bab2c9b767f84a5383b201780cc87563 - - default default] Successfully bumped revision number for resource 54bb86a0-24f4-466c-a8e4-182b7a44ccd6 (type: floatingips) to 1
2026-06-15 21:06:41.345 8 INFO neutron.db.ovn_revision_numbers_db [None req-e8f0754f-23cd-46dd-b54a-9970705321f3 - - - - - -] Successfully bumped revision number for resource 42e8aee5-ce9b-4953-b3cf-300a039b122d (type: router_ports) to 3
2026-06-15 21:06:41.449 8 INFO neutron.db.ovn_revision_numbers_db [None req-005f6f96-2246-41dd-b81d-2d1a5b4efaa8 358b0e04371a4e96b09d49e08e01fcf7 bab2c9b767f84a5383b201780cc87563 - - default default] Successfully bumped revision number for resource 54bb86a0-24f4-466c-a8e4-182b7a44ccd6 (type: floatingips) to 2
2026-06-15 21:06:41.450 8 INFO neutron.db.l3_db [None req-005f6f96-2246-41dd-b81d-2d1a5b4efaa8 358b0e04371a4e96b09d49e08e01fcf7 bab2c9b767f84a5383b201780cc87563 - - default default] Floating IP 54bb86a0-24f4-466c-a8e4-182b7a44ccd6 associated. External IP: 10.96.250.202, port: d0431a67-5c9c-4640-b988-265abfd92984.
2026-06-15 21:06:41.483 8 INFO neutron.wsgi [None req-005f6f96-2246-41dd-b81d-2d1a5b4efaa8 358b0e04371a4e96b09d49e08e01fcf7 bab2c9b767f84a5383b201780cc87563 - - default default] 10.0.0.34 "PUT /v2.0/floatingips/54bb86a0-24f4-466c-a8e4-182b7a44ccd6 HTTP/1.1" status: 200 len: 1050 time: 1.2122951
2026-06-15 21:06:41.528 8 INFO neutron.notifiers.nova [-] Nova event matching ['req-8525d879-b946-48cb-8dbf-0edfc86de52c'] response: {'name': 'network-changed', 'server_uuid': '4a142ee0-f5fa-4786-b570-0e55baeaef12', 'tag': 'd0431a67-5c9c-4640-b988-265abfd92984', 'status': 'completed', 'code': 200}
2026-06-15 21:06:41.603 8 INFO neutron.wsgi [req-3776e665-6667-4008-881a-89a37ab3d715 req-292f6804-ddb3-450a-9c63-f38c98e6dad9 358b0e04371a4e96b09d49e08e01fcf7 bab2c9b767f84a5383b201780cc87563 - - default default] 10.0.0.69 "GET /v2.0/ports?device_id=4a142ee0-f5fa-4786-b570-0e55baeaef12 HTTP/1.1" status: 200 len: 1174 time: 0.0519652
2026-06-15 21:06:41.621 8 INFO neutron.wsgi [req-19c65866-7616-4363-9b36-ba0b293e8844 req-9587d006-5a77-4cd5-b91e-7ea0f4107e88 2153734f3175476fb34ed7c3b42ed4e1 b68bb3eee8aa4da880698818692f961f - - 5c6c69f538aa47e4be7f1a92d8fac82c 5c6c69f538aa47e4be7f1a92d8fac82c] 199.204.45.113 "GET /v2.0/ports?tenant_id=bab2c9b767f84a5383b201780cc87563&device_id=4a142ee0-f5fa-4786-b570-0e55baeaef12 HTTP/1.1" status: 200 len: 1413 time: 0.0613284
2026-06-15 21:06:41.683 8 INFO neutron.wsgi [req-3776e665-6667-4008-881a-89a37ab3d715 req-2cc8f553-6d1e-44f3-87c2-f790f92cc8da 358b0e04371a4e96b09d49e08e01fcf7 bab2c9b767f84a5383b201780cc87563 - - default default] 10.0.0.69 "GET /v2.0/security-groups?id=913c703f-e015-4118-abe0-32f7ae9e13a3&fields=id&fields=name HTTP/1.1" status: 200 len: 312 time: 0.0743384
2026-06-15 21:06:41.696 8 INFO neutron.db.ovn_revision_numbers_db [None req-e8f0754f-23cd-46dd-b54a-9970705321f3 - - - - - -] Successfully bumped revision number for resource 42e8aee5-ce9b-4953-b3cf-300a039b122d (type: ports) to 2
2026-06-15 21:06:41.725 8 INFO neutron.wsgi [req-19c65866-7616-4363-9b36-ba0b293e8844 req-9f7620d9-c212-406a-b95e-ad0b6ae94a32 2153734f3175476fb34ed7c3b42ed4e1 b68bb3eee8aa4da880698818692f961f - - 5c6c69f538aa47e4be7f1a92d8fac82c 5c6c69f538aa47e4be7f1a92d8fac82c] 199.204.45.113 "GET /v2.0/networks?id=5aa79c92-6fac-4ad3-a86f-ebee1e1fc8ef HTTP/1.1" status: 200 len: 982 time: 0.0962183
2026-06-15 21:06:41.814 8 INFO neutron.wsgi [req-19c65866-7616-4363-9b36-ba0b293e8844 req-92c3f822-c63f-41fe-b4bf-2b6ec69ec101 2153734f3175476fb34ed7c3b42ed4e1 b68bb3eee8aa4da880698818692f961f - - 5c6c69f538aa47e4be7f1a92d8fac82c 5c6c69f538aa47e4be7f1a92d8fac82c] 199.204.45.113 "GET /v2.0/floatingips?fixed_ip_address=10.100.0.10&port_id=d0431a67-5c9c-4640-b988-265abfd92984 HTTP/1.1" status: 200 len: 1060 time: 0.0805721
2026-06-15 21:06:41.871 8 INFO neutron.wsgi [req-19c65866-7616-4363-9b36-ba0b293e8844 req-3f03d162-1bd5-4518-8183-81293a2fa8b7 2153734f3175476fb34ed7c3b42ed4e1 b68bb3eee8aa4da880698818692f961f - - 5c6c69f538aa47e4be7f1a92d8fac82c 5c6c69f538aa47e4be7f1a92d8fac82c] 199.204.45.113 "GET /v2.0/subnets?id=d9335504-331c-441d-b823-eed7d2f9010c HTTP/1.1" status: 200 len: 877 time: 0.0500996
2026-06-15 21:06:41.910 8 INFO neutron.wsgi [req-19c65866-7616-4363-9b36-ba0b293e8844 req-de732806-bd5c-4942-b65a-8f21fd17cf09 2153734f3175476fb34ed7c3b42ed4e1 b68bb3eee8aa4da880698818692f961f - - 5c6c69f538aa47e4be7f1a92d8fac82c 5c6c69f538aa47e4be7f1a92d8fac82c] 199.204.45.113 "GET /v2.0/ports?network_id=5aa79c92-6fac-4ad3-a86f-ebee1e1fc8ef&device_owner=network%3Adhcp HTTP/1.1" status: 200 len: 210 time: 0.0312214
2026-06-15 21:06:41.962 9 INFO neutron.db.ovn_revision_numbers_db [None req-07302db7-dcf0-4fb6-8606-ee7af50b2180 02028bd88ca24272a557efde25e88872 6788f8c650874f32a9c6a083bc90d8b9 - - default default] Successfully bumped revision number for resource 02f944de-2476-4d17-b05b-de141d64f238 (type: floatingips) to 1
2026-06-15 21:06:41.981 8 INFO neutron.wsgi [req-19c65866-7616-4363-9b36-ba0b293e8844 req-386b94a2-025e-4d22-906e-b0b484383c7e 2153734f3175476fb34ed7c3b42ed4e1 b68bb3eee8aa4da880698818692f961f - - 5c6c69f538aa47e4be7f1a92d8fac82c 5c6c69f538aa47e4be7f1a92d8fac82c] 199.204.45.113 "GET /v2.0/networks/5aa79c92-6fac-4ad3-a86f-ebee1e1fc8ef?fields=segments HTTP/1.1" status: 200 len: 212 time: 0.0646381
2026-06-15 21:06:41.998 9 ERROR ovsdbapp.backend.ovs_idl.command [None req-13d7da70-fdab-49b8-8eb2-c7aef33e5082 262b6950fd8e42b7a69f9ec0d81f83bf a0c2fdaddc014b4f80713b19e5cc4e72 - - default default] Error executing command (DbGetCommand): ovsdbapp.backend.ovs_idl.idlutils.RowNotFound: Cannot find Logical_Router_Port with name=lrp-0752929d-0966-416e-9c52-3eecbde61cb3
2026-06-15 21:06:41.998 9 ERROR ovsdbapp.backend.ovs_idl.command
Traceback (most recent call last):
2026-06-15 21:06:41.998 9 ERROR ovsdbapp.backend.ovs_idl.command
File "/var/lib/openstack/lib/python3.10/site-packages/ovsdbapp/backend/ovs_idl/command.py", line 47, in execute
2026-06-15 21:06:41.998 9 ERROR ovsdbapp.backend.ovs_idl.command self.run_idl(None)
2026-06-15 21:06:41.998 9 ERROR ovsdbapp.backend.ovs_idl.command
File "/var/lib/openstack/lib/python3.10/site-packages/ovsdbapp/backend/ovs_idl/command.py", line 235, in run_idl
2026-06-15 21:06:41.998 9 ERROR ovsdbapp.backend.ovs_idl.command record = self.api.lookup(self.table, self.record)
2026-06-15 21:06:41.998 9 ERROR ovsdbapp.backend.ovs_idl.command
File "/var/lib/openstack/lib/python3.10/site-packages/ovsdbapp/backend/ovs_idl/__init__.py", line 184, in lookup
2026-06-15 21:06:41.998 9 ERROR ovsdbapp.backend.ovs_idl.command return self._lookup(table, record)
2026-06-15 21:06:41.998 9 ERROR ovsdbapp.backend.ovs_idl.command
File "/var/lib/openstack/lib/python3.10/site-packages/ovsdbapp/backend/ovs_idl/__init__.py", line 235, in _lookup
2026-06-15 21:06:41.998 9 ERROR ovsdbapp.backend.ovs_idl.command row = idlutils.row_by_value(self, rl.table, rl.column, record)
2026-06-15 21:06:41.998 9 ERROR ovsdbapp.backend.ovs_idl.command
File "/var/lib/openstack/lib/python3.10/site-packages/ovsdbapp/backend/ovs_idl/idlutils.py", line 114, in row_by_value
2026-06-15 21:06:41.998 9 ERROR ovsdbapp.backend.ovs_idl.command raise RowNotFound(table=table, col=column, match=match)
2026-06-15 21:06:41.998 9 ERROR ovsdbapp.backend.ovs_idl.command ovsdbapp.backend.ovs_idl.idlutils.RowNotFound: Cannot find Logical_Router_Port with name=lrp-0752929d-0966-416e-9c52-3eecbde61cb3
2026-06-15 21:06:41.998 9 ERROR ovsdbapp.backend.ovs_idl.command 
2026-06-15 21:06:41.998 9 ERROR neutron_lib.callbacks.manager [None req-13d7da70-fdab-49b8-8eb2-c7aef33e5082 262b6950fd8e42b7a69f9ec0d81f83bf a0c2fdaddc014b4f80713b19e5cc4e72 - - default default] Error during notification for neutron.services.ovn_l3.plugin.OVNL3RouterPlugin._port_update-8785932901085 port, after_update: ovsdbapp.backend.ovs_idl.idlutils.RowNotFound: Cannot find Logical_Router_Port with name=lrp-0752929d-0966-416e-9c52-3eecbde61cb3
2026-06-15 21:06:41.998 9 ERROR neutron_lib.callbacks.manager
Traceback (most recent call last):
2026-06-15 21:06:41.998 9 ERROR neutron_lib.callbacks.manager
File "/var/lib/openstack/lib/python3.10/site-packages/neutron_lib/callbacks/manager.py", line 189, in _notify_loop
2026-06-15 21:06:41.998 9 ERROR neutron_lib.callbacks.manager callback.method(resource, event, trigger, payload=payload)
2026-06-15 21:06:41.998 9 ERROR neutron_lib.callbacks.manager
File "/var/lib/openstack/lib/python3.10/site-packages/neutron/services/ovn_l3/plugin.py", line 391, in _port_update
2026-06-15 21:06:41.998 9 ERROR neutron_lib.callbacks.manager l3plugin._ovn_client.update_router_port(context,
2026-06-15 21:06:41.998 9 ERROR neutron_lib.callbacks.manager
File "/var/lib/openstack/lib/python3.10/site-packages/neutron/plugins/ml2/drivers/ovn/mech_driver/ovsdb/ovn_client.py", line 1878, in update_router_port
2026-06-15 21:06:41.998 9 ERROR neutron_lib.callbacks.manager self._update_lrouter_port(context, port, if_exists=if_exists,
2026-06-15 21:06:41.998 9 ERROR neutron_lib.callbacks.manager
File "/var/lib/openstack/lib/python3.10/site-packages/neutron/plugins/ml2/drivers/ovn/mech_driver/ovsdb/ovn_client.py", line 1855, in _update_lrouter_port
2026-06-15 21:06:41.998 9 ERROR neutron_lib.callbacks.manager external_ids = self._nb_idl.db_get(
2026-06-15 21:06:41.998 9 ERROR neutron_lib.callbacks.manager
File "/var/lib/openstack/lib/python3.10/site-packages/ovsdbapp/backend/ovs_idl/command.py", line 47, in execute
2026-06-15 21:06:41.998 9 ERROR neutron_lib.callbacks.manager self.run_idl(None)
2026-06-15 21:06:41.998 9 ERROR neutron_lib.callbacks.manager
File "/var/lib/openstack/lib/python3.10/site-packages/ovsdbapp/backend/ovs_idl/command.py", line 235, in run_idl
2026-06-15 21:06:41.998 9 ERROR neutron_lib.callbacks.manager record = self.api.lookup(self.table, self.record)
2026-06-15 21:06:41.998 9 ERROR neutron_lib.callbacks.manager
File "/var/lib/openstack/lib/python3.10/site-packages/ovsdbapp/backend/ovs_idl/__init__.py", line 184, in lookup
2026-06-15 21:06:41.998 9 ERROR neutron_lib.callbacks.manager return self._lookup(table, record)
2026-06-15 21:06:41.998 9 ERROR neutron_lib.callbacks.manager
File "/var/lib/openstack/lib/python3.10/site-packages/ovsdbapp/backend/ovs_idl/__init__.py", line 235, in _lookup
2026-06-15 21:06:41.998 9 ERROR neutron_lib.callbacks.manager row = idlutils.row_by_value(self, rl.table, rl.column, record)
2026-06-15 21:06:41.998 9 ERROR neutron_lib.callbacks.manager
File "/var/lib/openstack/lib/python3.10/site-packages/ovsdbapp/backend/ovs_idl/idlutils.py", line 114, in row_by_value
2026-06-15 21:06:41.998 9 ERROR neutron_lib.callbacks.manager raise RowNotFound(table=table, col=column, match=match)
2026-06-15 21:06:41.998 9 ERROR neutron_lib.callbacks.manager ovsdbapp.backend.ovs_idl.idlutils.RowNotFound: Cannot find Logical_Router_Port with name=lrp-0752929d-0966-416e-9c52-3eecbde61cb3
2026-06-15 21:06:41.998 9 ERROR neutron_lib.callbacks.manager 
2026-06-15 21:06:42.059 8 INFO neutron.wsgi [req-19c65866-7616-4363-9b36-ba0b293e8844 req-56a55f12-30d6-47aa-84d7-08d902963b2d 2153734f3175476fb34ed7c3b42ed4e1 b68bb3eee8aa4da880698818692f961f - - 5c6c69f538aa47e4be7f1a92d8fac82c 5c6c69f538aa47e4be7f1a92d8fac82c] 199.204.45.113 "GET /v2.0/networks/5aa79c92-6fac-4ad3-a86f-ebee1e1fc8ef?fields=provider%3Aphysical_network&fields=provider%3Anetwork_type HTTP/1.1" status: 200 len: 277 time: 0.0714800
2026-06-15 21:06:42.121 9 INFO neutron.plugins.ml2.drivers.ovn.mech_driver.ovsdb.commands [None req-e0bd2412-1ed5-4e43-8412-554f8f828c60 - - - - - -] Schedule LRP lrp-e15266df-a03a-40e9-be66-57d3226042d0 on gateway 9b915434-f5b4-4f02-b61c-14cb792f14a0 with priority 1
2026-06-15 21:06:42.133 8 INFO neutron.plugins.ml2.drivers.ovn.mech_driver.mech_driver [None req-35061bee-1e91-415d-b631-05ad3f2854ba - - - - - -] OVN reports status up for port: e15266df-a03a-40e9-be66-57d3226042d0
2026-06-15 21:06:42.157 8 INFO neutron.plugins.ml2.plugin [None req-35061bee-1e91-415d-b631-05ad3f2854ba - - - - - -] Attempt 1 to provision port e15266df-a03a-40e9-be66-57d3226042d0
2026-06-15 21:06:42.160 9 INFO neutron.plugins.ml2.drivers.ovn.mech_driver.ovsdb.ovsdb_monitor [None req-3b75dcf7-edd4-4c7f-9316-eecf89dba489 - - - - - -] Router 7de7f07c-7bfd-4fe3-9335-97bb1e0b1f75 is bound to host instance
2026-06-15 21:06:42.203 8 INFO neutron.db.ovn_revision_numbers_db [None req-e8f0754f-23cd-46dd-b54a-9970705321f3 - - - - - -] Successfully bumped revision number for resource 42e8aee5-ce9b-4953-b3cf-300a039b122d (type: ports) to 4
2026-06-15 21:06:42.205 9 INFO neutron.db.ovn_revision_numbers_db [None req-07302db7-dcf0-4fb6-8606-ee7af50b2180 02028bd88ca24272a557efde25e88872 6788f8c650874f32a9c6a083bc90d8b9 - - default default] Successfully bumped revision number for resource 02f944de-2476-4d17-b05b-de141d64f238 (type: floatingips) to 2
2026-06-15 21:06:42.206 9 INFO neutron.db.l3_db [None req-07302db7-dcf0-4fb6-8606-ee7af50b2180 02028bd88ca24272a557efde25e88872 6788f8c650874f32a9c6a083bc90d8b9 - - default default] Floating IP 02f944de-2476-4d17-b05b-de141d64f238 associated. External IP: 10.96.250.216, port: eca7e7ea-ae17-496e-91bc-d47b20422630.
2026-06-15 21:06:42.322 9 INFO neutron.db.ovn_revision_numbers_db [None req-6fed5567-e88c-47b3-a774-93912c924f8e 262b6950fd8e42b7a69f9ec0d81f83bf a0c2fdaddc014b4f80713b19e5cc4e72 - - default default] Successfully bumped revision number for resource e15266df-a03a-40e9-be66-57d3226042d0 (type: router_ports) to 1
2026-06-15 21:06:42.341 9 INFO neutron.wsgi [None req-07302db7-dcf0-4fb6-8606-ee7af50b2180 02028bd88ca24272a557efde25e88872 6788f8c650874f32a9c6a083bc90d8b9 - - default default] 10.0.0.34 "PUT /v2.0/floatingips/02f944de-2476-4d17-b05b-de141d64f238 HTTP/1.1" status: 200 len: 1049 time: 1.7713742
2026-06-15 21:06:42.480 9 INFO neutron.db.ovn_revision_numbers_db [None req-6fed5567-e88c-47b3-a774-93912c924f8e 262b6950fd8e42b7a69f9ec0d81f83bf a0c2fdaddc014b4f80713b19e5cc4e72 - - default default] Successfully bumped revision number for resource 7de7f07c-7bfd-4fe3-9335-97bb1e0b1f75 (type: routers) to 2
2026-06-15 21:06:42.490 9 INFO neutron.db.ovn_revision_numbers_db [None req-13d7da70-fdab-49b8-8eb2-c7aef33e5082 262b6950fd8e42b7a69f9ec0d81f83bf a0c2fdaddc014b4f80713b19e5cc4e72 - - default default] Successfully bumped revision number for resource 0752929d-0966-416e-9c52-3eecbde61cb3 (type: ports) to 1
2026-06-15 21:06:42.512 9 INFO neutron.wsgi [None req-6fed5567-e88c-47b3-a774-93912c924f8e 262b6950fd8e42b7a69f9ec0d81f83bf a0c2fdaddc014b4f80713b19e5cc4e72 - - default default] 10.0.0.34 "POST /v2.0/routers HTTP/1.1" status: 201 len: 1161 time: 3.1035409 /var/lib/openstack/lib/python3.10/site-packages/pycadf/identifier.py:71: UserWarning: Invalid uuid: neutron. To ensure interoperability, identifiers should be a valid uuid. warnings.warn(('Invalid uuid: %s. To ensure interoperability, '
2026-06-15 21:06:42.618 8 INFO neutron.wsgi [req-6e6ddc02-1a28-4a89-b487-c2bf899f7e6b req-edd03ace-ad0d-4e74-bf0b-efbc3a6968ae 02028bd88ca24272a557efde25e88872 6788f8c650874f32a9c6a083bc90d8b9 - - default default] 10.0.0.69 "GET /v2.0/ports?device_id=6558bd3e-1e0e-42fc-9c17-d697a3a9b31e HTTP/1.1" status: 200 len: 1170 time: 0.0393245
2026-06-15 21:06:42.679 9 WARNING neutron.scheduler.dhcp_agent_scheduler [None req-13d7da70-fdab-49b8-8eb2-c7aef33e5082 262b6950fd8e42b7a69f9ec0d81f83bf a0c2fdaddc014b4f80713b19e5cc4e72 - - default default] No more DHCP agents
2026-06-15 21:06:42.683 8 INFO neutron.wsgi [req-6e6ddc02-1a28-4a89-b487-c2bf899f7e6b req-0f45c5d2-04a0-4a97-89a7-0d2f28e3983d 02028bd88ca24272a557efde25e88872 6788f8c650874f32a9c6a083bc90d8b9 - - default default] 10.0.0.69 "GET /v2.0/security-groups?id=55540d0c-26c3-422a-bcb2-5dea2c76d263&fields=id&fields=name HTTP/1.1" status: 200 len: 313 time: 0.0530877
2026-06-15 21:06:42.683 9 WARNING neutron.api.rpc.agentnotifiers.dhcp_rpc_agent_api [None req-13d7da70-fdab-49b8-8eb2-c7aef33e5082 262b6950fd8e42b7a69f9ec0d81f83bf a0c2fdaddc014b4f80713b19e5cc4e72 - - default default] Unable to schedule network bda4bcc0-9106-4595-9f02-b5095f600120: no agents available; will retry on subsequent port and subnet creation events.
2026-06-15 21:06:42.713 8 INFO neutron.db.ovn_revision_numbers_db [None req-e8f0754f-23cd-46dd-b54a-9970705321f3 - - - - - -] Successfully bumped revision number for resource 42e8aee5-ce9b-4953-b3cf-300a039b122d (type: router_ports) to 4
2026-06-15 21:06:43.051 9 INFO neutron.notifiers.nova [-] Nova event matching ['req-eda6ce76-d4aa-43d1-a6b0-cb75803d4e32'] response: {'name': 'network-changed', 'server_uuid': '6558bd3e-1e0e-42fc-9c17-d697a3a9b31e', 'tag': 'eca7e7ea-ae17-496e-91bc-d47b20422630', 'status': 'completed', 'code': 200}
2026-06-15 21:06:43.134 8 INFO neutron.wsgi [req-757bfad3-54ad-4d4b-aede-81f8284b1aa2 req-e790af87-92d2-428c-a8b3-c6c098064d13 2153734f3175476fb34ed7c3b42ed4e1 b68bb3eee8aa4da880698818692f961f - - 5c6c69f538aa47e4be7f1a92d8fac82c 5c6c69f538aa47e4be7f1a92d8fac82c] 199.204.45.113 "GET /v2.0/ports?tenant_id=6788f8c650874f32a9c6a083bc90d8b9&device_id=6558bd3e-1e0e-42fc-9c17-d697a3a9b31e HTTP/1.1" status: 200 len: 1409 time: 0.0619323
2026-06-15 21:06:43.154 8 INFO neutron.wsgi [req-5a7d8cce-3a0a-43f5-a9e4-e64a1716659d req-bda310f7-a8e4-4b4a-93de-5e2d847dc5f9 02028bd88ca24272a557efde25e88872 6788f8c650874f32a9c6a083bc90d8b9 - - default default] 10.0.0.69 "GET /v2.0/ports?device_id=6558bd3e-1e0e-42fc-9c17-d697a3a9b31e HTTP/1.1" status: 200 len: 1170 time: 0.0575771
2026-06-15 21:06:43.224 8 INFO neutron.wsgi [req-5a7d8cce-3a0a-43f5-a9e4-e64a1716659d req-a7b43b9b-6d90-45d4-89c5-7c608f6734d4 02028bd88ca24272a557efde25e88872 6788f8c650874f32a9c6a083bc90d8b9 - - default default] 10.0.0.69 "GET /v2.0/security-groups?id=55540d0c-26c3-422a-bcb2-5dea2c76d263&fields=id&fields=name HTTP/1.1" status: 200 len: 313 time: 0.0605402
2026-06-15 21:06:43.248 8 INFO neutron.wsgi [req-757bfad3-54ad-4d4b-aede-81f8284b1aa2 req-be883889-3e7d-4f9e-92fb-4f61c27c2021 2153734f3175476fb34ed7c3b42ed4e1 b68bb3eee8aa4da880698818692f961f - - 5c6c69f538aa47e4be7f1a92d8fac82c 5c6c69f538aa47e4be7f1a92d8fac82c] 199.204.45.113 "GET /v2.0/networks?id=d715a5f9-ee13-4c91-932c-c48cb2f29857 HTTP/1.1" status: 200 len: 974 time: 0.1065505
2026-06-15 21:06:43.305 8 INFO neutron.wsgi [req-757bfad3-54ad-4d4b-aede-81f8284b1aa2 req-29325db6-6474-49a1-9f4b-aed1e87cda34 2153734f3175476fb34ed7c3b42ed4e1 b68bb3eee8aa4da880698818692f961f - - 5c6c69f538aa47e4be7f1a92d8fac82c 5c6c69f538aa47e4be7f1a92d8fac82c] 199.204.45.113 "GET /v2.0/floatingips?fixed_ip_address=10.100.0.6&port_id=eca7e7ea-ae17-496e-91bc-d47b20422630 HTTP/1.1" status: 200 len: 1059 time: 0.0513203
2026-06-15 21:06:43.366 8 INFO neutron.wsgi [req-757bfad3-54ad-4d4b-aede-81f8284b1aa2 req-1f8c5b37-9d35-4313-8ac4-aada51b93371 2153734f3175476fb34ed7c3b42ed4e1 b68bb3eee8aa4da880698818692f961f - - 5c6c69f538aa47e4be7f1a92d8fac82c 5c6c69f538aa47e4be7f1a92d8fac82c] 199.204.45.113 "GET /v2.0/subnets?id=f1fd28c9-a181-4581-9d18-310ec1f76844 HTTP/1.1" status: 200 len: 869 time: 0.0552647
2026-06-15 21:06:43.398 8 INFO neutron.wsgi [req-757bfad3-54ad-4d4b-aede-81f8284b1aa2 req-19ec10a5-5bce-4ed9-bf83-ba7e1957edc4 2153734f3175476fb34ed7c3b42ed4e1 b68bb3eee8aa4da880698818692f961f - - 5c6c69f538aa47e4be7f1a92d8fac82c 5c6c69f538aa47e4be7f1a92d8fac82c] 199.204.45.113 "GET /v2.0/ports?network_id=d715a5f9-ee13-4c91-932c-c48cb2f29857&device_owner=network%3Adhcp HTTP/1.1" status: 200 len: 210 time: 0.0236804
2026-06-15 21:06:43.491 8 INFO neutron.wsgi [req-757bfad3-54ad-4d4b-aede-81f8284b1aa2 req-6f3261f7-2968-4d9f-826b-4255db64ac82 2153734f3175476fb34ed7c3b42ed4e1 b68bb3eee8aa4da880698818692f961f - - 5c6c69f538aa47e4be7f1a92d8fac82c 5c6c69f538aa47e4be7f1a92d8fac82c] 199.204.45.113 "GET /v2.0/networks/d715a5f9-ee13-4c91-932c-c48cb2f29857?fields=segments HTTP/1.1" status: 200 len: 212 time: 0.0874326
2026-06-15 21:06:43.561 8 INFO neutron.wsgi [req-1bbb0785-7f22-49c9-a649-7cf552f14cc3 req-5ec27180-ba38-44c5-a978-fd3c5318bbed 02028bd88ca24272a557efde25e88872 6788f8c650874f32a9c6a083bc90d8b9 - - default default] 199.204.45.113 "GET /v2.0/ports?device_id=6558bd3e-1e0e-42fc-9c17-d697a3a9b31e HTTP/1.1" status: 200 len: 1170 time: 0.0611918
2026-06-15 21:06:43.607 8 INFO neutron.wsgi [req-757bfad3-54ad-4d4b-aede-81f8284b1aa2 req-3e236dd4-e727-45bd-a138-a94b60817b28 2153734f3175476fb34ed7c3b42ed4e1 b68bb3eee8aa4da880698818692f961f - - 5c6c69f538aa47e4be7f1a92d8fac82c 5c6c69f538aa47e4be7f1a92d8fac82c] 199.204.45.113 "GET /v2.0/networks/d715a5f9-ee13-4c91-932c-c48cb2f29857?fields=provider%3Aphysical_network&fields=provider%3Anetwork_type HTTP/1.1" status: 200 len: 277 time: 0.1099727
2026-06-15 21:06:43.755 9 INFO neutron.db.ovn_revision_numbers_db [None req-3b75dcf7-edd4-4c7f-9316-eecf89dba489 - - - - - -] Successfully bumped revision number for resource e15266df-a03a-40e9-be66-57d3226042d0 (type: ports) to 1
2026-06-15 21:06:43.771 9 WARNING neutron.scheduler.dhcp_agent_scheduler [None req-3b259b7f-4211-400f-a964-230e0af534c3 262b6950fd8e42b7a69f9ec0d81f83bf a0c2fdaddc014b4f80713b19e5cc4e72 - - default default] No more DHCP agents
2026-06-15 21:06:43.776 9 WARNING neutron.api.rpc.agentnotifiers.dhcp_rpc_agent_api [None req-3b259b7f-4211-400f-a964-230e0af534c3 262b6950fd8e42b7a69f9ec0d81f83bf a0c2fdaddc014b4f80713b19e5cc4e72 - - default default] Unable to schedule network d8d998ca-cc98-4f40-8acd-82e3abf2cd1a: no agents available; will retry on subsequent port and subnet creation events.
2026-06-15 21:06:44.046 8 INFO neutron.db.l3_db [req-1bbb0785-7f22-49c9-a649-7cf552f14cc3 req-3cdd0d2b-b9f8-490e-9836-4a8706329acb 02028bd88ca24272a557efde25e88872 6788f8c650874f32a9c6a083bc90d8b9 - - default default] Floating IP 02f944de-2476-4d17-b05b-de141d64f238 disassociated. External IP: 10.96.250.216, port: eca7e7ea-ae17-496e-91bc-d47b20422630.
2026-06-15 21:06:44.186 8 INFO neutron.wsgi [req-1bbb0785-7f22-49c9-a649-7cf552f14cc3 req-3cdd0d2b-b9f8-490e-9836-4a8706329acb 02028bd88ca24272a557efde25e88872 6788f8c650874f32a9c6a083bc90d8b9 - - default default] 199.204.45.113 "DELETE /v2.0/ports/eca7e7ea-ae17-496e-91bc-d47b20422630 HTTP/1.1" status: 204 len: 173 time: 0.6184704
2026-06-15 21:06:44.224 8 INFO neutron.notifiers.nova [-] Nova event matching ['req-732cc149-d4d1-4d7a-831d-e359375912f8'] response: {'server_uuid': '6558bd3e-1e0e-42fc-9c17-d697a3a9b31e', 'name': 'network-vif-deleted', 'tag': 'eca7e7ea-ae17-496e-91bc-d47b20422630', 'status': 'completed', 'code': 200}
2026-06-15 21:06:44.243 9 INFO neutron.db.ovn_revision_numbers_db [None req-3b259b7f-4211-400f-a964-230e0af534c3 262b6950fd8e42b7a69f9ec0d81f83bf a0c2fdaddc014b4f80713b19e5cc4e72 - - default default] Successfully bumped revision number for resource df7dd290-973a-4a44-bafe-8394e01954c2 (type: ports) to 1
2026-06-15 21:06:44.356 8 INFO neutron.wsgi [req-240aa30d-7390-4c72-9060-a611bdbcc00b req-7c670a2d-6f9e-47ab-95c9-1f30eb286b07 02028bd88ca24272a557efde25e88872 6788f8c650874f32a9c6a083bc90d8b9 - - default default] 10.0.0.69 "GET /v2.0/ports?device_id=6558bd3e-1e0e-42fc-9c17-d697a3a9b31e HTTP/1.1" status: 200 len: 210 time: 0.0457594
2026-06-15 21:06:44.397 8 INFO neutron.plugins.ml2.drivers.ovn.mech_driver.mech_driver [None req-35061bee-1e91-415d-b631-05ad3f2854ba - - - - - -] OVN reports status up for port: 0752929d-0966-416e-9c52-3eecbde61cb3
2026-06-15 21:06:44.414 8 INFO neutron.plugins.ml2.plugin [None req-35061bee-1e91-415d-b631-05ad3f2854ba - - - - - -] Attempt 1 to provision port 0752929d-0966-416e-9c52-3eecbde61cb3
2026-06-15 21:06:44.532 9 INFO neutron.db.ovn_revision_numbers_db [None req-13d7da70-fdab-49b8-8eb2-c7aef33e5082 262b6950fd8e42b7a69f9ec0d81f83bf a0c2fdaddc014b4f80713b19e5cc4e72 - - default default] Successfully bumped revision number for resource 0752929d-0966-416e-9c52-3eecbde61cb3 (type: router_ports) to 1
2026-06-15 21:06:44.539 9 INFO neutron.wsgi [None req-13d7da70-fdab-49b8-8eb2-c7aef33e5082 262b6950fd8e42b7a69f9ec0d81f83bf a0c2fdaddc014b4f80713b19e5cc4e72 - - default default] 10.0.0.34 "PUT /v2.0/routers/0aa52a7d-6bb7-454f-a0bf-8733ea782e1d/add_router_interface HTTP/1.1" status: 200 len: 503 time: 5.1977775
2026-06-15 21:06:44.640 9 INFO neutron.db.ovn_revision_numbers_db [None req-3b75dcf7-edd4-4c7f-9316-eecf89dba489 - - - - - -] Successfully bumped revision number for resource e15266df-a03a-40e9-be66-57d3226042d0 (type: router_ports) to 3
2026-06-15 21:06:44.878 8 INFO neutron.db.ovn_revision_numbers_db [None req-35061bee-1e91-415d-b631-05ad3f2854ba - - - - - -] Successfully bumped revision number for resource 0752929d-0966-416e-9c52-3eecbde61cb3 (type: ports) to 2
2026-06-15 21:06:44.959 9 INFO neutron.db.ovn_revision_numbers_db [None req-3b75dcf7-edd4-4c7f-9316-eecf89dba489 - - - - - -] Successfully bumped revision number for resource e15266df-a03a-40e9-be66-57d3226042d0 (type: ports) to 2
