2026-06-15 21:09:28.306 8 INFO neutron.wsgi [req-7003d977-b5ab-47c9-9708-e9b2232624b9 req-45afca87-c376-47ea-9841-20ffedcf41ec 3609009d6cbd47db873a502cfb5ac169 edc0aadc5b5547978e0107e0f2681de2 - - default default] 199.204.45.113 "GET /v2.0/networks?id=6b648754-5c28-44c1-a6bc-91a6ca89684f HTTP/1.1" status: 200 len: 859 time: 0.1133559
2026-06-15 21:09:28.318 8 INFO neutron.db.ovn_revision_numbers_db [None req-35061bee-1e91-415d-b631-05ad3f2854ba - - - - - -] Successfully bumped revision number for resource 08607be3-7127-4150-abf3-73b1fcbc6274 (type: ports) to 2
2026-06-15 21:09:28.394 8 INFO neutron.wsgi [req-7003d977-b5ab-47c9-9708-e9b2232624b9 req-9e9c3909-7cdc-4d51-bfed-1821c2a5030b 3609009d6cbd47db873a502cfb5ac169 edc0aadc5b5547978e0107e0f2681de2 - - default default] 199.204.45.113 "GET /v2.0/security-groups?fields=id&fields=name&tenant_id=edc0aadc5b5547978e0107e0f2681de2 HTTP/1.1" status: 200 len: 380 time: 0.0821679
2026-06-15 21:09:28.423 8 WARNING neutron_lib.context [req-7003d977-b5ab-47c9-9708-e9b2232624b9 req-35753284-7b4a-4cf9-a62a-4066efe455e1 3609009d6cbd47db873a502cfb5ac169 edc0aadc5b5547978e0107e0f2681de2 - - default default] Method 'is_advsvc' is deprecated since 2023.2 release (neutron-lib 3.8.0) and will be removed once support for the old RBAC API policies will be removed from Neutron. Please use method 'is_service_role' instead.
2026-06-15 21:09:28.445 9 WARNING neutron.scheduler.dhcp_agent_scheduler [None req-6188311e-10f6-4205-8608-ca1bfcc25efb ddbe79657123440c87ab88d01dad771d c1a1f2b802804cb6b35cbd6d6e8f33a3 - - default default] No more DHCP agents
2026-06-15 21:09:28.451 9 WARNING neutron.api.rpc.agentnotifiers.dhcp_rpc_agent_api [None req-6188311e-10f6-4205-8608-ca1bfcc25efb ddbe79657123440c87ab88d01dad771d c1a1f2b802804cb6b35cbd6d6e8f33a3 - - default default] Unable to schedule network eba8627d-63c7-419e-8fb5-b361851169d2: no agents available; will retry on subsequent port and subnet creation events.
2026-06-15 21:09:28.506 9 INFO neutron.wsgi [None req-1828ff03-cd88-4161-be12-3bed444c96d8 262b6950fd8e42b7a69f9ec0d81f83bf a0c2fdaddc014b4f80713b19e5cc4e72 - - default default] 10.0.0.34 "GET /v2.0/security-groups?tenant_id=958ca276cdb04ff6a325dc6c23f6292b&name=default HTTP/1.1" status: 200 len: 3120 time: 0.0842822
2026-06-15 21:09:28.581 8 INFO neutron.wsgi [req-49333331-12f8-49a9-801f-5da5408e5c36 req-2754fd9c-67f5-4e8c-901a-f0b25e8a5f93 3609009d6cbd47db873a502cfb5ac169 edc0aadc5b5547978e0107e0f2681de2 - - default default] 10.0.0.69 "GET /v2.0/ports?device_id=f7554357-fc1d-410c-b452-0f58c0543bc9 HTTP/1.1" status: 200 len: 210 time: 0.0355198
2026-06-15 21:09:28.609 8 INFO neutron.db.ovn_revision_numbers_db [None req-35061bee-1e91-415d-b631-05ad3f2854ba - - - - - -] Successfully bumped revision number for resource 08607be3-7127-4150-abf3-73b1fcbc6274 (type: router_ports) to 2
2026-06-15 21:09:28.680 9 INFO neutron.db.ovn_revision_numbers_db [None req-ee546d48-6d26-4b2d-bd53-07c8877cb7d7 262b6950fd8e42b7a69f9ec0d81f83bf a0c2fdaddc014b4f80713b19e5cc4e72 - - default default] Successfully bumped revision number for resource b486d2bd-6969-4936-84c8-00192fa2c773 (type: security_groups) to 1
2026-06-15 21:09:28.714 9 INFO neutron.db.ovn_revision_numbers_db [None req-ee546d48-6d26-4b2d-bd53-07c8877cb7d7 262b6950fd8e42b7a69f9ec0d81f83bf a0c2fdaddc014b4f80713b19e5cc4e72 - - default default] Successfully bumped revision number for resource 0da5b9c1-b12c-4aa0-8f58-f2c6851cf1a8 (type: security_group_rules) to 0
2026-06-15 21:09:28.899 8 WARNING neutron.scheduler.dhcp_agent_scheduler [req-7003d977-b5ab-47c9-9708-e9b2232624b9 req-35753284-7b4a-4cf9-a62a-4066efe455e1 3609009d6cbd47db873a502cfb5ac169 edc0aadc5b5547978e0107e0f2681de2 - - default default] No more DHCP agents
2026-06-15 21:09:28.901 8 WARNING neutron.api.rpc.agentnotifiers.dhcp_rpc_agent_api [req-7003d977-b5ab-47c9-9708-e9b2232624b9 req-35753284-7b4a-4cf9-a62a-4066efe455e1 3609009d6cbd47db873a502cfb5ac169 edc0aadc5b5547978e0107e0f2681de2 - - default default] Unable to schedule network 6b648754-5c28-44c1-a6bc-91a6ca89684f: no agents available; will retry on subsequent port and subnet creation events.
2026-06-15 21:09:28.964 9 INFO neutron.services.segments.plugin [-] Segment 18643c9f-fd2d-4418-810c-de6e538094fc resource provider aggregate not found
2026-06-15 21:09:28.970 9 INFO neutron.services.segments.plugin [-] Segment 18643c9f-fd2d-4418-810c-de6e538094fc resource provider aggregate not found
2026-06-15 21:09:28.978 9 INFO neutron.services.segments.plugin [-] Segment 18643c9f-fd2d-4418-810c-de6e538094fc resource provider not found; error: Placement Client Error (4xx): {"errors": [{"status": 404, "title": "Not Found", "detail": "The resource could not be found.\n\n No resource provider with uuid 18643c9f-fd2d-4418-810c-de6e538094fc found for delete ", "request_id": "req-726ea64c-8860-4d02-94af-b81845c4d460"}]}
2026-06-15 21:09:28.981 9 INFO neutron.db.ovn_revision_numbers_db [None req-ee546d48-6d26-4b2d-bd53-07c8877cb7d7 262b6950fd8e42b7a69f9ec0d81f83bf a0c2fdaddc014b4f80713b19e5cc4e72 - - default default] Successfully bumped revision number for resource 3316c85a-6cb3-4aed-88ce-903598f9462b (type: security_group_rules) to 0
2026-06-15 21:09:28.987 9 INFO neutron.services.segments.plugin [-] Segment 18643c9f-fd2d-4418-810c-de6e538094fc resource provider not found; error: Placement Client Error (4xx): {"errors": [{"status": 404, "title": "Not Found", "detail": "The resource could not be found.\n\n No resource provider with uuid 18643c9f-fd2d-4418-810c-de6e538094fc found for delete ", "request_id": "req-3b817875-058a-43c7-b531-aaa0ce0e115a"}]}
2026-06-15 21:09:28.992 9 INFO neutron.services.segments.plugin [-] Segment 19ae7402-3481-49a0-8d1a-1af1df4a2390 resource provider aggregate not found
2026-06-15 21:09:29.007 9 INFO neutron.services.segments.plugin [-] Segment 19ae7402-3481-49a0-8d1a-1af1df4a2390 resource provider aggregate not found
2026-06-15 21:09:29.011 9 INFO neutron.services.segments.plugin [-] Segment 19ae7402-3481-49a0-8d1a-1af1df4a2390 resource provider not found; error: Placement Client Error (4xx): {"errors": [{"status": 404, "title": "Not Found", "detail": "The resource could not be found.\n\n No resource provider with uuid 19ae7402-3481-49a0-8d1a-1af1df4a2390 found for delete ", "request_id": "req-73adb637-5a17-413a-b4d2-e30abe38f09b"}]}
2026-06-15 21:09:29.017 9 INFO neutron.db.ovn_revision_numbers_db [None req-ee546d48-6d26-4b2d-bd53-07c8877cb7d7 262b6950fd8e42b7a69f9ec0d81f83bf a0c2fdaddc014b4f80713b19e5cc4e72 - - default default] Successfully bumped revision number for resource 4a474233-0385-4db8-b4d8-d2cffafc0444 (type: security_group_rules) to 0
2026-06-15 21:09:29.031 9 INFO neutron.services.segments.plugin [-] Segment 19ae7402-3481-49a0-8d1a-1af1df4a2390 resource provider not found; error: Placement Client Error (4xx): {"errors": [{"status": 404, "title": "Not Found", "detail": "The resource could not be found.\n\n No resource provider with uuid 19ae7402-3481-49a0-8d1a-1af1df4a2390 found for delete ", "request_id": "req-4acb51a3-35cf-49a5-b67b-8fbcd88386c0"}]}
2026-06-15 21:09:29.057 9 INFO neutron.db.ovn_revision_numbers_db [None req-ee546d48-6d26-4b2d-bd53-07c8877cb7d7 262b6950fd8e42b7a69f9ec0d81f83bf a0c2fdaddc014b4f80713b19e5cc4e72 - - default default] Successfully bumped revision number for resource b65fda9a-9f69-4365-9027-8a58a03b38b9 (type: security_group_rules) to 0
2026-06-15 21:09:29.061 8 INFO neutron.db.ovn_revision_numbers_db [req-7003d977-b5ab-47c9-9708-e9b2232624b9 req-35753284-7b4a-4cf9-a62a-4066efe455e1 3609009d6cbd47db873a502cfb5ac169 edc0aadc5b5547978e0107e0f2681de2 - - default default] Successfully bumped revision number for resource 04969a0a-e931-4771-85e4-198a6d591105 (type: ports) to 1
2026-06-15 21:09:29.091 8 INFO neutron.wsgi [req-7003d977-b5ab-47c9-9708-e9b2232624b9 req-35753284-7b4a-4cf9-a62a-4066efe455e1 3609009d6cbd47db873a502cfb5ac169 edc0aadc5b5547978e0107e0f2681de2 - - default default] 199.204.45.113 "POST /v2.0/ports HTTP/1.1" status: 201 len: 1158 time: 0.6895623
2026-06-15 21:09:29.092 9 INFO neutron.wsgi [None req-ee546d48-6d26-4b2d-bd53-07c8877cb7d7 262b6950fd8e42b7a69f9ec0d81f83bf a0c2fdaddc014b4f80713b19e5cc4e72 - - default default] 10.0.0.34 "GET /v2.0/security-groups?tenant_id=af72e070ffcf4af3a5ac0668860e9d5d&name=default HTTP/1.1" status: 200 len: 3120 time: 0.8870413 /var/lib/openstack/lib/python3.10/site-packages/pycadf/identifier.py:71: UserWarning: Invalid uuid: neutron. To ensure interoperability, identifiers should be a valid uuid. warnings.warn(('Invalid uuid: %s. To ensure interoperability, '
2026-06-15 21:09:29.180 9 INFO neutron.wsgi [None req-3a799340-fef3-44fb-8a35-b9ec67433315 262b6950fd8e42b7a69f9ec0d81f83bf a0c2fdaddc014b4f80713b19e5cc4e72 - - default default] 10.0.0.34 "DELETE /v2.0/security-groups/6d9b8800-8d83-4996-b787-d72449ad89df HTTP/1.1" status: 204 len: 168 time: 0.6632891
2026-06-15 21:09:29.391 9 INFO neutron.wsgi [None req-8d62c546-461d-4ecf-87b1-ae95caddb321 262b6950fd8e42b7a69f9ec0d81f83bf a0c2fdaddc014b4f80713b19e5cc4e72 - - default default] 10.0.0.34 "GET /v2.0/security-groups?tenant_id=130064b4c18e466da3349e0f165bc7d8&name=default HTTP/1.1" status: 200 len: 3120 time: 0.0743010
2026-06-15 21:09:29.413 9 INFO neutron.db.ovn_revision_numbers_db [None req-6188311e-10f6-4205-8608-ca1bfcc25efb ddbe79657123440c87ab88d01dad771d c1a1f2b802804cb6b35cbd6d6e8f33a3 - - default default] Successfully bumped revision number for resource b4a5d447-f1bc-403c-b223-a0aa5587f858 (type: ports) to 2
2026-06-15 21:09:29.433 8 INFO neutron.wsgi [None req-24aa3c93-0e93-419b-978f-75c937b85595 262b6950fd8e42b7a69f9ec0d81f83bf a0c2fdaddc014b4f80713b19e5cc4e72 - - default default] 10.0.0.34 "DELETE /v2.0/security-groups/b486d2bd-6969-4936-84c8-00192fa2c773 HTTP/1.1" status: 204 len: 168 time: 0.3356576
2026-06-15 21:09:29.464 9 INFO neutron.db.ovn_revision_numbers_db [None req-6188311e-10f6-4205-8608-ca1bfcc25efb ddbe79657123440c87ab88d01dad771d c1a1f2b802804cb6b35cbd6d6e8f33a3 - - default default] Successfully bumped revision number for resource a9ee1d31-753a-46e9-8974-b98c764589e6 (type: subnets) to 0
2026-06-15 21:09:29.483 9 INFO neutron.wsgi [None req-6188311e-10f6-4205-8608-ca1bfcc25efb ddbe79657123440c87ab88d01dad771d c1a1f2b802804cb6b35cbd6d6e8f33a3 - - default default] 10.0.0.34 "POST /v2.0/subnets HTTP/1.1" status: 201 len: 801 time: 1.3525445
2026-06-15 21:09:29.492 9 WARNING neutron_lib.context [None req-108f5e8b-71f7-4c3a-a2f0-9dd15aa613a9 ddbe79657123440c87ab88d01dad771d c1a1f2b802804cb6b35cbd6d6e8f33a3 - - default default] Method 'is_advsvc' is deprecated since 2023.2 release (neutron-lib 3.8.0) and will be removed once support for the old RBAC API policies will be removed from Neutron. Please use method 'is_service_role' instead.
2026-06-15 21:09:29.587 8 INFO neutron.db.ovn_revision_numbers_db [req-7003d977-b5ab-47c9-9708-e9b2232624b9 req-1dda35ee-64c5-4485-a7da-f165e12c3fbe 2153734f3175476fb34ed7c3b42ed4e1 b68bb3eee8aa4da880698818692f961f - - 5c6c69f538aa47e4be7f1a92d8fac82c 5c6c69f538aa47e4be7f1a92d8fac82c] Successfully bumped revision number for resource 04969a0a-e931-4771-85e4-198a6d591105 (type: ports) to 2 /var/lib/openstack/lib/python3.10/site-packages/pycadf/identifier.py:71: UserWarning: Invalid uuid: neutron. To ensure interoperability, identifiers should be a valid uuid. warnings.warn(('Invalid uuid: %s. To ensure interoperability, '
2026-06-15 21:09:29.635 9 INFO neutron.db.ovn_revision_numbers_db [None req-108f5e8b-71f7-4c3a-a2f0-9dd15aa613a9 ddbe79657123440c87ab88d01dad771d c1a1f2b802804cb6b35cbd6d6e8f33a3 - - default default] Successfully bumped revision number for resource 9c9a4dab-a6d8-4df1-8c3b-58729b787677 (type: routers) to 1
2026-06-15 21:09:29.654 9 INFO neutron.wsgi [None req-108f5e8b-71f7-4c3a-a2f0-9dd15aa613a9 ddbe79657123440c87ab88d01dad771d c1a1f2b802804cb6b35cbd6d6e8f33a3 - - default default] 10.0.0.34 "POST /v2.0/routers HTTP/1.1" status: 201 len: 802 time: 0.1666751
2026-06-15 21:09:29.664 9 WARNING neutron_lib.context [None req-0f93277e-a147-4668-a602-e36423ac42d3 ddbe79657123440c87ab88d01dad771d c1a1f2b802804cb6b35cbd6d6e8f33a3 - - default default] Method 'is_advsvc' is deprecated since 2023.2 release (neutron-lib 3.8.0) and will be removed once support for the old RBAC API policies will be removed from Neutron. Please use method 'is_service_role' instead.
2026-06-15 21:09:29.710 9 INFO neutron.wsgi [None req-28791c8b-f39f-430f-b956-9f4c4677630f 262b6950fd8e42b7a69f9ec0d81f83bf a0c2fdaddc014b4f80713b19e5cc4e72 - - default default] 10.0.0.34 "DELETE /v2.0/security-groups/05190570-7123-4c0f-b8b9-04b67e05af70 HTTP/1.1" status: 204 len: 168 time: 0.3137817
2026-06-15 21:09:29.727 8 INFO neutron.wsgi [req-ab5794e4-141e-48a7-969a-d69778f7d84f req-ce0d3ae3-4b8a-4c9a-bb28-3e14aa04a382 3609009d6cbd47db873a502cfb5ac169 edc0aadc5b5547978e0107e0f2681de2 - - default default] 10.0.0.69 "GET /v2.0/ports?device_id=f7554357-fc1d-410c-b452-0f58c0543bc9 HTTP/1.1" status: 200 len: 1168 time: 0.0651848
2026-06-15 21:09:29.975 9 WARNING neutron.scheduler.dhcp_agent_scheduler [None req-0f93277e-a147-4668-a602-e36423ac42d3 ddbe79657123440c87ab88d01dad771d c1a1f2b802804cb6b35cbd6d6e8f33a3 - - default default] No more DHCP agents
2026-06-15 21:09:29.977 9 WARNING neutron.api.rpc.agentnotifiers.dhcp_rpc_agent_api [None req-0f93277e-a147-4668-a602-e36423ac42d3 ddbe79657123440c87ab88d01dad771d c1a1f2b802804cb6b35cbd6d6e8f33a3 - - default default] Unable to schedule network eba8627d-63c7-419e-8fb5-b361851169d2: no agents available; will retry on subsequent port and subnet creation events.
2026-06-15 21:09:30.137 9 INFO neutron.db.ovn_revision_numbers_db [None req-0f93277e-a147-4668-a602-e36423ac42d3 ddbe79657123440c87ab88d01dad771d c1a1f2b802804cb6b35cbd6d6e8f33a3 - - default default] Successfully bumped revision number for resource f9a72e66-63da-4050-bc35-c698be4a4af7 (type: ports) to 1
2026-06-15 21:09:30.158 9 INFO neutron.wsgi [None req-0f93277e-a147-4668-a602-e36423ac42d3 ddbe79657123440c87ab88d01dad771d c1a1f2b802804cb6b35cbd6d6e8f33a3 - - default default] 10.0.0.34 "POST /v2.0/ports HTTP/1.1" status: 201 len: 1147 time: 0.4973135 /var/lib/openstack/lib/python3.10/site-packages/pycadf/identifier.py:71: UserWarning: Invalid uuid: neutron. To ensure interoperability, identifiers should be a valid uuid. warnings.warn(('Invalid uuid: %s. To ensure interoperability, '
2026-06-15 21:09:30.254 8 INFO neutron.wsgi [req-ab5794e4-141e-48a7-969a-d69778f7d84f req-719362fe-c067-4b7e-9dec-b276efb09df3 3609009d6cbd47db873a502cfb5ac169 edc0aadc5b5547978e0107e0f2681de2 - - default default] 10.0.0.69 "GET /v2.0/security-groups?id=7e7e7d92-03b1-428f-988d-957502f4afc6&fields=id&fields=name HTTP/1.1" status: 200 len: 313 time: 0.5179846
2026-06-15 21:09:30.300 8 INFO neutron.db.ovn_revision_numbers_db [None req-5fc2dcbc-e718-4e0c-b1d7-7ed033324ba4 262b6950fd8e42b7a69f9ec0d81f83bf a0c2fdaddc014b4f80713b19e5cc4e72 - - default default] Successfully bumped revision number for resource b3510d16-cf6b-42a0-92bc-cd72ae7772f9 (type: security_groups) to 1
2026-06-15 21:09:30.322 8 INFO neutron.db.ovn_revision_numbers_db [None req-5fc2dcbc-e718-4e0c-b1d7-7ed033324ba4 262b6950fd8e42b7a69f9ec0d81f83bf a0c2fdaddc014b4f80713b19e5cc4e72 - - default default] Successfully bumped revision number for resource 09eabad8-8e48-46e7-842c-4e1beaf8b34b (type: security_group_rules) to 0
2026-06-15 21:09:30.339 8 INFO neutron.db.ovn_revision_numbers_db [None req-5fc2dcbc-e718-4e0c-b1d7-7ed033324ba4 262b6950fd8e42b7a69f9ec0d81f83bf a0c2fdaddc014b4f80713b19e5cc4e72 - - default default] Successfully bumped revision number for resource 71b6d9f3-0b26-4f88-8175-db4df7c2abf4 (type: security_group_rules) to 0
2026-06-15 21:09:30.340 8 INFO neutron.db.ovn_revision_numbers_db [req-7003d977-b5ab-47c9-9708-e9b2232624b9 req-1dda35ee-64c5-4485-a7da-f165e12c3fbe 2153734f3175476fb34ed7c3b42ed4e1 b68bb3eee8aa4da880698818692f961f - - 5c6c69f538aa47e4be7f1a92d8fac82c 5c6c69f538aa47e4be7f1a92d8fac82c] Successfully bumped revision number for resource 04969a0a-e931-4771-85e4-198a6d591105 (type: ports) to 2
2026-06-15 21:09:30.353 8 INFO neutron.db.ovn_revision_numbers_db [None req-5fc2dcbc-e718-4e0c-b1d7-7ed033324ba4 262b6950fd8e42b7a69f9ec0d81f83bf a0c2fdaddc014b4f80713b19e5cc4e72 - - default default] Successfully bumped revision number for resource a5027ae5-b3be-41d0-ab21-fa6bbcb71a12 (type: security_group_rules) to 0
2026-06-15 21:09:30.361 8 INFO neutron.wsgi [req-7003d977-b5ab-47c9-9708-e9b2232624b9 req-1dda35ee-64c5-4485-a7da-f165e12c3fbe 2153734f3175476fb34ed7c3b42ed4e1 b68bb3eee8aa4da880698818692f961f - - 5c6c69f538aa47e4be7f1a92d8fac82c 5c6c69f538aa47e4be7f1a92d8fac82c] 199.204.45.113 "PUT /v2.0/ports/04969a0a-e931-4771-85e4-198a6d591105 HTTP/1.1" status: 200 len: 1376 time: 1.2559223
2026-06-15 21:09:30.391 8 INFO neutron.db.ovn_revision_numbers_db [None req-5fc2dcbc-e718-4e0c-b1d7-7ed033324ba4 262b6950fd8e42b7a69f9ec0d81f83bf a0c2fdaddc014b4f80713b19e5cc4e72 - - default default] Successfully bumped revision number for resource a71ab770-a39f-4748-a4ca-4812086883c3 (type: security_group_rules) to 0
2026-06-15 21:09:30.404 8 INFO neutron.notifiers.nova [-] Nova event matching ['req-e048b654-e4d9-4899-a2bc-4cb09aea252d'] response: {'name': 'network-changed', 'server_uuid': 'f7554357-fc1d-410c-b452-0f58c0543bc9', 'tag': '04969a0a-e931-4771-85e4-198a6d591105', 'status': 'completed', 'code': 200} /var/lib/openstack/lib/python3.10/site-packages/pycadf/identifier.py:71: UserWarning: Invalid uuid: neutron. To ensure interoperability, identifiers should be a valid uuid. warnings.warn(('Invalid uuid: %s. To ensure interoperability, '
2026-06-15 21:09:30.425 8 INFO neutron.wsgi [-] 10.0.0.156 "GET / HTTP/1.1" status: 200 len: 246 time: 0.0011232
2026-06-15 21:09:30.426 8 INFO neutron.wsgi [-] 10.0.0.156 "GET / HTTP/1.1" status: 200 len: 246 time: 0.0008519
2026-06-15 21:09:30.429 8 INFO neutron.wsgi [None req-5fc2dcbc-e718-4e0c-b1d7-7ed033324ba4 262b6950fd8e42b7a69f9ec0d81f83bf a0c2fdaddc014b4f80713b19e5cc4e72 - - default default] 10.0.0.34 "GET /v2.0/security-groups?tenant_id=b83abca9132d45dbb002d937e06036b6&name=default HTTP/1.1" status: 200 len: 3120 time: 0.8116069
2026-06-15 21:09:30.477 8 INFO neutron.wsgi [req-7003d977-b5ab-47c9-9708-e9b2232624b9 req-9baa77d1-0831-418e-a1da-27fbb9b4906b 2153734f3175476fb34ed7c3b42ed4e1 b68bb3eee8aa4da880698818692f961f - - 5c6c69f538aa47e4be7f1a92d8fac82c 5c6c69f538aa47e4be7f1a92d8fac82c] 199.204.45.113 "GET /v2.0/ports?tenant_id=edc0aadc5b5547978e0107e0f2681de2&device_id=f7554357-fc1d-410c-b452-0f58c0543bc9 HTTP/1.1" status: 200 len: 1407 time: 0.0682626
2026-06-15 21:09:30.527 8 INFO neutron.wsgi [req-7003d977-b5ab-47c9-9708-e9b2232624b9 req-26ff6acc-7f5e-42d9-b645-df39f56b36f5 2153734f3175476fb34ed7c3b42ed4e1 b68bb3eee8aa4da880698818692f961f - - 5c6c69f538aa47e4be7f1a92d8fac82c 5c6c69f538aa47e4be7f1a92d8fac82c] 199.204.45.113 "GET /v2.0/floatingips?fixed_ip_address=10.100.0.5&port_id=04969a0a-e931-4771-85e4-198a6d591105 HTTP/1.1" status: 200 len: 217 time: 0.0409055
2026-06-15 21:09:30.601 8 INFO neutron.wsgi [req-7003d977-b5ab-47c9-9708-e9b2232624b9 req-63069440-c307-48bf-8133-986a53a533f8 2153734f3175476fb34ed7c3b42ed4e1 b68bb3eee8aa4da880698818692f961f - - 5c6c69f538aa47e4be7f1a92d8fac82c 5c6c69f538aa47e4be7f1a92d8fac82c] 199.204.45.113 "GET /v2.0/subnets?id=e2ee6467-fcd4-4299-894a-9fe088304303 HTTP/1.1" status: 200 len: 853 time: 0.0662401
2026-06-15 21:09:30.645 8 INFO neutron.wsgi [req-7003d977-b5ab-47c9-9708-e9b2232624b9 req-97d1e34a-2d8d-4d91-a251-10602cb6c853 2153734f3175476fb34ed7c3b42ed4e1 b68bb3eee8aa4da880698818692f961f - - 5c6c69f538aa47e4be7f1a92d8fac82c 5c6c69f538aa47e4be7f1a92d8fac82c] 199.204.45.113 "GET /v2.0/ports?network_id=6b648754-5c28-44c1-a6bc-91a6ca89684f&device_owner=network%3Adhcp HTTP/1.1" status: 200 len: 210 time: 0.0386450
2026-06-15 21:09:30.676 9 ERROR ovsdbapp.backend.ovs_idl.command [None req-4ecab653-c447-4de6-94cb-bc81173d4b00 ddbe79657123440c87ab88d01dad771d c1a1f2b802804cb6b35cbd6d6e8f33a3 - - default default] Error executing command (DbGetCommand): ovsdbapp.backend.ovs_idl.idlutils.RowNotFound: Cannot find Logical_Router_Port with name=lrp-f9a72e66-63da-4050-bc35-c698be4a4af7
2026-06-15 21:09:30.676 9 ERROR ovsdbapp.backend.ovs_idl.command
Traceback (most recent call last):
2026-06-15 21:09:30.676 9 ERROR ovsdbapp.backend.ovs_idl.command
File "/var/lib/openstack/lib/python3.10/site-packages/ovsdbapp/backend/ovs_idl/command.py", line 47, in execute
2026-06-15 21:09:30.676 9 ERROR ovsdbapp.backend.ovs_idl.command self.run_idl(None)
2026-06-15 21:09:30.676 9 ERROR ovsdbapp.backend.ovs_idl.command
File "/var/lib/openstack/lib/python3.10/site-packages/ovsdbapp/backend/ovs_idl/command.py", line 235, in run_idl
2026-06-15 21:09:30.676 9 ERROR ovsdbapp.backend.ovs_idl.command record = self.api.lookup(self.table, self.record)
2026-06-15 21:09:30.676 9 ERROR ovsdbapp.backend.ovs_idl.command
File "/var/lib/openstack/lib/python3.10/site-packages/ovsdbapp/backend/ovs_idl/__init__.py", line 184, in lookup
2026-06-15 21:09:30.676 9 ERROR ovsdbapp.backend.ovs_idl.command return self._lookup(table, record)
2026-06-15 21:09:30.676 9 ERROR ovsdbapp.backend.ovs_idl.command
File "/var/lib/openstack/lib/python3.10/site-packages/ovsdbapp/backend/ovs_idl/__init__.py", line 235, in _lookup
2026-06-15 21:09:30.676 9 ERROR ovsdbapp.backend.ovs_idl.command row = idlutils.row_by_value(self, rl.table, rl.column, record)
2026-06-15 21:09:30.676 9 ERROR ovsdbapp.backend.ovs_idl.command
File "/var/lib/openstack/lib/python3.10/site-packages/ovsdbapp/backend/ovs_idl/idlutils.py", line 114, in row_by_value
2026-06-15 21:09:30.676 9 ERROR ovsdbapp.backend.ovs_idl.command raise RowNotFound(table=table, col=column, match=match)
2026-06-15 21:09:30.676 9 ERROR ovsdbapp.backend.ovs_idl.command ovsdbapp.backend.ovs_idl.idlutils.RowNotFound: Cannot find Logical_Router_Port with name=lrp-f9a72e66-63da-4050-bc35-c698be4a4af7
2026-06-15 21:09:30.676 9 ERROR ovsdbapp.backend.ovs_idl.command 
2026-06-15 21:09:30.677 9 ERROR neutron_lib.callbacks.manager [None req-4ecab653-c447-4de6-94cb-bc81173d4b00 ddbe79657123440c87ab88d01dad771d c1a1f2b802804cb6b35cbd6d6e8f33a3 - - default default] Error during notification for neutron.services.ovn_l3.plugin.OVNL3RouterPlugin._port_update-8785932901085 port, after_update: ovsdbapp.backend.ovs_idl.idlutils.RowNotFound: Cannot find Logical_Router_Port with name=lrp-f9a72e66-63da-4050-bc35-c698be4a4af7
2026-06-15 21:09:30.677 9 ERROR neutron_lib.callbacks.manager
Traceback (most recent call last):
2026-06-15 21:09:30.677 9 ERROR neutron_lib.callbacks.manager
File "/var/lib/openstack/lib/python3.10/site-packages/neutron_lib/callbacks/manager.py", line 189, in _notify_loop
2026-06-15 21:09:30.677 9 ERROR neutron_lib.callbacks.manager callback.method(resource, event, trigger, payload=payload)
2026-06-15 21:09:30.677 9 ERROR neutron_lib.callbacks.manager
File "/var/lib/openstack/lib/python3.10/site-packages/neutron/services/ovn_l3/plugin.py", line 391, in _port_update
2026-06-15 21:09:30.677 9 ERROR neutron_lib.callbacks.manager l3plugin._ovn_client.update_router_port(context,
2026-06-15 21:09:30.677 9 ERROR neutron_lib.callbacks.manager
File "/var/lib/openstack/lib/python3.10/site-packages/neutron/plugins/ml2/drivers/ovn/mech_driver/ovsdb/ovn_client.py", line 1878, in update_router_port
2026-06-15 21:09:30.677 9 ERROR neutron_lib.callbacks.manager self._update_lrouter_port(context, port, if_exists=if_exists,
2026-06-15 21:09:30.677 9 ERROR neutron_lib.callbacks.manager
File "/var/lib/openstack/lib/python3.10/site-packages/neutron/plugins/ml2/drivers/ovn/mech_driver/ovsdb/ovn_client.py", line 1855, in _update_lrouter_port
2026-06-15 21:09:30.677 9 ERROR neutron_lib.callbacks.manager external_ids = self._nb_idl.db_get(
2026-06-15 21:09:30.677 9 ERROR neutron_lib.callbacks.manager
File "/var/lib/openstack/lib/python3.10/site-packages/ovsdbapp/backend/ovs_idl/command.py", line 47, in execute
2026-06-15 21:09:30.677 9 ERROR neutron_lib.callbacks.manager self.run_idl(None)
2026-06-15 21:09:30.677 9 ERROR neutron_lib.callbacks.manager
File "/var/lib/openstack/lib/python3.10/site-packages/ovsdbapp/backend/ovs_idl/command.py", line 235, in run_idl
2026-06-15 21:09:30.677 9 ERROR neutron_lib.callbacks.manager record = self.api.lookup(self.table, self.record)
2026-06-15 21:09:30.677 9 ERROR neutron_lib.callbacks.manager
File "/var/lib/openstack/lib/python3.10/site-packages/ovsdbapp/backend/ovs_idl/__init__.py", line 184, in lookup
2026-06-15 21:09:30.677 9 ERROR neutron_lib.callbacks.manager return self._lookup(table, record)
2026-06-15 21:09:30.677 9 ERROR neutron_lib.callbacks.manager
File "/var/lib/openstack/lib/python3.10/site-packages/ovsdbapp/backend/ovs_idl/__init__.py", line 235, in _lookup
2026-06-15 21:09:30.677 9 ERROR neutron_lib.callbacks.manager row = idlutils.row_by_value(self, rl.table, rl.column, record)
2026-06-15 21:09:30.677 9 ERROR neutron_lib.callbacks.manager
File "/var/lib/openstack/lib/python3.10/site-packages/ovsdbapp/backend/ovs_idl/idlutils.py", line 114, in row_by_value
2026-06-15 21:09:30.677 9 ERROR neutron_lib.callbacks.manager raise RowNotFound(table=table, col=column, match=match)
2026-06-15 21:09:30.677 9 ERROR neutron_lib.callbacks.manager ovsdbapp.backend.ovs_idl.idlutils.RowNotFound: Cannot find Logical_Router_Port with name=lrp-f9a72e66-63da-4050-bc35-c698be4a4af7
2026-06-15 21:09:30.677 9 ERROR neutron_lib.callbacks.manager 
2026-06-15 21:09:30.721 8 INFO neutron.wsgi [req-7003d977-b5ab-47c9-9708-e9b2232624b9 req-a5430c8f-2ad3-473c-8685-a2d323df6635 2153734f3175476fb34ed7c3b42ed4e1 b68bb3eee8aa4da880698818692f961f - - 5c6c69f538aa47e4be7f1a92d8fac82c 5c6c69f538aa47e4be7f1a92d8fac82c] 199.204.45.113 "GET /v2.0/networks/6b648754-5c28-44c1-a6bc-91a6ca89684f?fields=segments HTTP/1.1" status: 200 len: 212 time: 0.0678012
2026-06-15 21:09:30.780 9 INFO neutron.wsgi [None req-19aa6ecd-d23f-44da-9857-8d371d4e5733 262b6950fd8e42b7a69f9ec0d81f83bf a0c2fdaddc014b4f80713b19e5cc4e72 - - default default] 10.0.0.34 "DELETE /v2.0/security-groups/b3510d16-cf6b-42a0-92bc-cd72ae7772f9 HTTP/1.1" status: 204 len: 168 time: 0.3457482
2026-06-15 21:09:30.786 8 INFO neutron.wsgi [req-7003d977-b5ab-47c9-9708-e9b2232624b9 req-87c063e9-a946-4b56-8c0b-627f5fc05c6e 2153734f3175476fb34ed7c3b42ed4e1 b68bb3eee8aa4da880698818692f961f - - 5c6c69f538aa47e4be7f1a92d8fac82c 5c6c69f538aa47e4be7f1a92d8fac82c] 199.204.45.113 "GET /v2.0/networks/6b648754-5c28-44c1-a6bc-91a6ca89684f?fields=provider%3Aphysical_network&fields=provider%3Anetwork_type HTTP/1.1" status: 200 len: 277 time: 0.0594084
2026-06-15 21:09:30.864 8 INFO neutron.wsgi [req-77803749-cb11-4ed2-adcf-38fb6cc41711 req-66874688-0d5d-4279-869e-ec28dc54fed8 2153734f3175476fb34ed7c3b42ed4e1 b68bb3eee8aa4da880698818692f961f - - 5c6c69f538aa47e4be7f1a92d8fac82c 5c6c69f538aa47e4be7f1a92d8fac82c] 199.204.45.113 "GET /v2.0/ports?tenant_id=edc0aadc5b5547978e0107e0f2681de2&device_id=f7554357-fc1d-410c-b452-0f58c0543bc9 HTTP/1.1" status: 200 len: 1407 time: 0.0394621
2026-06-15 21:09:30.919 9 INFO neutron.db.ovn_revision_numbers_db [None req-4ecab653-c447-4de6-94cb-bc81173d4b00 ddbe79657123440c87ab88d01dad771d c1a1f2b802804cb6b35cbd6d6e8f33a3 - - default default] Successfully bumped revision number for resource f9a72e66-63da-4050-bc35-c698be4a4af7 (type: ports) to 2
2026-06-15 21:09:30.970 9 INFO neutron.plugins.ml2.drivers.ovn.mech_driver.mech_driver [None req-4931acb0-aaf8-4197-8a6e-4d24e2e00f6a - - - - - -] OVN reports status up for port: 04969a0a-e931-4771-85e4-198a6d591105
2026-06-15 21:09:30.996 9 INFO neutron.plugins.ml2.plugin [None req-4931acb0-aaf8-4197-8a6e-4d24e2e00f6a - - - - - -] Attempt 1 to provision port 04969a0a-e931-4771-85e4-198a6d591105
2026-06-15 21:09:30.998 8 INFO neutron.wsgi [req-77803749-cb11-4ed2-adcf-38fb6cc41711 req-37712c6e-1bcd-4024-a3b5-e4be1cbe4db6 2153734f3175476fb34ed7c3b42ed4e1 b68bb3eee8aa4da880698818692f961f - - 5c6c69f538aa47e4be7f1a92d8fac82c 5c6c69f538aa47e4be7f1a92d8fac82c] 199.204.45.113 "GET /v2.0/networks?id=6b648754-5c28-44c1-a6bc-91a6ca89684f HTTP/1.1" status: 200 len: 957 time: 0.1294794
2026-06-15 21:09:31.038 8 INFO neutron.wsgi [req-77803749-cb11-4ed2-adcf-38fb6cc41711 req-db785fe0-0352-4496-93bb-0a69642ba42e 2153734f3175476fb34ed7c3b42ed4e1 b68bb3eee8aa4da880698818692f961f - - 5c6c69f538aa47e4be7f1a92d8fac82c 5c6c69f538aa47e4be7f1a92d8fac82c] 199.204.45.113 "GET /v2.0/floatingips?fixed_ip_address=10.100.0.5&port_id=04969a0a-e931-4771-85e4-198a6d591105 HTTP/1.1" status: 200 len: 217 time: 0.0318353
2026-06-15 21:09:31.098 8 INFO neutron.wsgi [req-77803749-cb11-4ed2-adcf-38fb6cc41711 req-6e1cbeb6-d327-4ed8-b096-344fc886f4b2 2153734f3175476fb34ed7c3b42ed4e1 b68bb3eee8aa4da880698818692f961f - - 5c6c69f538aa47e4be7f1a92d8fac82c 5c6c69f538aa47e4be7f1a92d8fac82c] 199.204.45.113 "GET /v2.0/subnets?id=e2ee6467-fcd4-4299-894a-9fe088304303 HTTP/1.1" status: 200 len: 853 time: 0.0500495
2026-06-15 21:09:31.145 8 INFO neutron.wsgi [req-77803749-cb11-4ed2-adcf-38fb6cc41711 req-3e720aa1-e730-494c-8b4b-c958d29dbc89 2153734f3175476fb34ed7c3b42ed4e1 b68bb3eee8aa4da880698818692f961f - - 5c6c69f538aa47e4be7f1a92d8fac82c 5c6c69f538aa47e4be7f1a92d8fac82c] 199.204.45.113 "GET /v2.0/ports?network_id=6b648754-5c28-44c1-a6bc-91a6ca89684f&device_owner=network%3Adhcp HTTP/1.1" status: 200 len: 210 time: 0.0315442
2026-06-15 21:09:31.222 8 INFO neutron.wsgi [req-77803749-cb11-4ed2-adcf-38fb6cc41711 req-168ea629-02c1-46f1-9fbd-5196581ee8d5 2153734f3175476fb34ed7c3b42ed4e1 b68bb3eee8aa4da880698818692f961f - - 5c6c69f538aa47e4be7f1a92d8fac82c 5c6c69f538aa47e4be7f1a92d8fac82c] 199.204.45.113 "GET /v2.0/networks/6b648754-5c28-44c1-a6bc-91a6ca89684f?fields=segments HTTP/1.1" status: 200 len: 212 time: 0.0703664
2026-06-15 21:09:31.248 9 INFO neutron.notifiers.nova [-] Nova event matching ['req-61ffd78b-0646-4b23-86cd-0017b7ed7a02'] response: {'server_uuid': 'f7554357-fc1d-410c-b452-0f58c0543bc9', 'name': 'network-vif-plugged', 'status': 'completed', 'tag': '04969a0a-e931-4771-85e4-198a6d591105', 'code': 200}
2026-06-15 21:09:31.335 8 INFO neutron.wsgi [req-77803749-cb11-4ed2-adcf-38fb6cc41711 req-36af7010-cf33-42c9-93e5-ba4d9b2b55a3 2153734f3175476fb34ed7c3b42ed4e1 b68bb3eee8aa4da880698818692f961f - - 5c6c69f538aa47e4be7f1a92d8fac82c 5c6c69f538aa47e4be7f1a92d8fac82c] 199.204.45.113 "GET /v2.0/networks/6b648754-5c28-44c1-a6bc-91a6ca89684f?fields=provider%3Aphysical_network&fields=provider%3Anetwork_type HTTP/1.1" status: 200 len: 277 time: 0.1045203
2026-06-15 21:09:31.382 8 INFO neutron.wsgi [req-709cb607-88b9-4f7f-acc3-40e0867bc0d0 req-aa7559c0-29d1-4619-8efb-78b1469a9690 3609009d6cbd47db873a502cfb5ac169 edc0aadc5b5547978e0107e0f2681de2 - - default default] 10.0.0.69 "GET /v2.0/ports?device_id=f7554357-fc1d-410c-b452-0f58c0543bc9 HTTP/1.1" status: 200 len: 1170 time: 0.0445068
2026-06-15 21:09:31.439 8 INFO neutron.wsgi [req-709cb607-88b9-4f7f-acc3-40e0867bc0d0 req-a45c3b34-54c9-47ee-b9db-a372d222533f 3609009d6cbd47db873a502cfb5ac169 edc0aadc5b5547978e0107e0f2681de2 - - default default] 10.0.0.69 "GET /v2.0/security-groups?id=7e7e7d92-03b1-428f-988d-957502f4afc6&fields=id&fields=name HTTP/1.1" status: 200 len: 313 time: 0.0465567
2026-06-15 21:09:31.541 9 INFO neutron.db.ovn_revision_numbers_db [None req-4931acb0-aaf8-4197-8a6e-4d24e2e00f6a - - - - - -] Successfully bumped revision number for resource 04969a0a-e931-4771-85e4-198a6d591105 (type: ports) to 4
2026-06-15 21:09:32.152 9 ERROR ovsdbapp.backend.ovs_idl.command [None req-4ecab653-c447-4de6-94cb-bc81173d4b00 ddbe79657123440c87ab88d01dad771d c1a1f2b802804cb6b35cbd6d6e8f33a3 - - default default] Error executing command (DbGetCommand): ovsdbapp.backend.ovs_idl.idlutils.RowNotFound: Cannot find Logical_Router_Port with name=lrp-f9a72e66-63da-4050-bc35-c698be4a4af7
2026-06-15 21:09:32.152 9 ERROR ovsdbapp.backend.ovs_idl.command
Traceback (most recent call last):
2026-06-15 21:09:32.152 9 ERROR ovsdbapp.backend.ovs_idl.command
File "/var/lib/openstack/lib/python3.10/site-packages/ovsdbapp/backend/ovs_idl/command.py", line 47, in execute
2026-06-15 21:09:32.152 9 ERROR ovsdbapp.backend.ovs_idl.command self.run_idl(None)
2026-06-15 21:09:32.152 9 ERROR ovsdbapp.backend.ovs_idl.command
File "/var/lib/openstack/lib/python3.10/site-packages/ovsdbapp/backend/ovs_idl/command.py", line 235, in run_idl
2026-06-15 21:09:32.152 9 ERROR ovsdbapp.backend.ovs_idl.command record = self.api.lookup(self.table, self.record)
2026-06-15 21:09:32.152 9 ERROR ovsdbapp.backend.ovs_idl.command
File "/var/lib/openstack/lib/python3.10/site-packages/ovsdbapp/backend/ovs_idl/__init__.py", line 184, in lookup
2026-06-15 21:09:32.152 9 ERROR ovsdbapp.backend.ovs_idl.command return self._lookup(table, record)
2026-06-15 21:09:32.152 9 ERROR ovsdbapp.backend.ovs_idl.command
File "/var/lib/openstack/lib/python3.10/site-packages/ovsdbapp/backend/ovs_idl/__init__.py", line 235, in _lookup
2026-06-15 21:09:32.152 9 ERROR ovsdbapp.backend.ovs_idl.command row = idlutils.row_by_value(self, rl.table, rl.column, record)
2026-06-15 21:09:32.152 9 ERROR ovsdbapp.backend.ovs_idl.command
File "/var/lib/openstack/lib/python3.10/site-packages/ovsdbapp/backend/ovs_idl/idlutils.py", line 114, in row_by_value
2026-06-15 21:09:32.152 9 ERROR ovsdbapp.backend.ovs_idl.command raise RowNotFound(table=table, col=column, match=match)
2026-06-15 21:09:32.152 9 ERROR ovsdbapp.backend.ovs_idl.command ovsdbapp.backend.ovs_idl.idlutils.RowNotFound: Cannot find Logical_Router_Port with name=lrp-f9a72e66-63da-4050-bc35-c698be4a4af7
2026-06-15 21:09:32.152 9 ERROR ovsdbapp.backend.ovs_idl.command 
2026-06-15 21:09:32.153 9 ERROR neutron_lib.callbacks.manager [None req-4ecab653-c447-4de6-94cb-bc81173d4b00 ddbe79657123440c87ab88d01dad771d c1a1f2b802804cb6b35cbd6d6e8f33a3 - - default default] Error during notification for neutron.services.ovn_l3.plugin.OVNL3RouterPlugin._port_update-8785932901085 port, after_update: ovsdbapp.backend.ovs_idl.idlutils.RowNotFound: Cannot find Logical_Router_Port with name=lrp-f9a72e66-63da-4050-bc35-c698be4a4af7
2026-06-15 21:09:32.153 9 ERROR neutron_lib.callbacks.manager
Traceback (most recent call last):
2026-06-15 21:09:32.153 9 ERROR neutron_lib.callbacks.manager
File "/var/lib/openstack/lib/python3.10/site-packages/neutron_lib/callbacks/manager.py", line 189, in _notify_loop
2026-06-15 21:09:32.153 9 ERROR neutron_lib.callbacks.manager callback.method(resource, event, trigger, payload=payload)
2026-06-15 21:09:32.153 9 ERROR neutron_lib.callbacks.manager
File "/var/lib/openstack/lib/python3.10/site-packages/neutron/services/ovn_l3/plugin.py", line 391, in _port_update
2026-06-15 21:09:32.153 9 ERROR neutron_lib.callbacks.manager l3plugin._ovn_client.update_router_port(context,
2026-06-15 21:09:32.153 9 ERROR neutron_lib.callbacks.manager
File "/var/lib/openstack/lib/python3.10/site-packages/neutron/plugins/ml2/drivers/ovn/mech_driver/ovsdb/ovn_client.py", line 1878, in update_router_port
2026-06-15 21:09:32.153 9 ERROR neutron_lib.callbacks.manager self._update_lrouter_port(context, port, if_exists=if_exists,
2026-06-15 21:09:32.153 9 ERROR neutron_lib.callbacks.manager
File "/var/lib/openstack/lib/python3.10/site-packages/neutron/plugins/ml2/drivers/ovn/mech_driver/ovsdb/ovn_client.py", line 1855, in _update_lrouter_port
2026-06-15 21:09:32.153 9 ERROR neutron_lib.callbacks.manager external_ids = self._nb_idl.db_get(
2026-06-15 21:09:32.153 9 ERROR neutron_lib.callbacks.manager
File "/var/lib/openstack/lib/python3.10/site-packages/ovsdbapp/backend/ovs_idl/command.py", line 47, in execute
2026-06-15 21:09:32.153 9 ERROR neutron_lib.callbacks.manager self.run_idl(None)
2026-06-15 21:09:32.153 9 ERROR neutron_lib.callbacks.manager
File "/var/lib/openstack/lib/python3.10/site-packages/ovsdbapp/backend/ovs_idl/command.py", line 235, in run_idl
2026-06-15 21:09:32.153 9 ERROR neutron_lib.callbacks.manager record = self.api.lookup(self.table, self.record)
2026-06-15 21:09:32.153 9 ERROR neutron_lib.callbacks.manager
File "/var/lib/openstack/lib/python3.10/site-packages/ovsdbapp/backend/ovs_idl/__init__.py", line 184, in lookup
2026-06-15 21:09:32.153 9 ERROR neutron_lib.callbacks.manager return self._lookup(table, record)
2026-06-15 21:09:32.153 9 ERROR neutron_lib.callbacks.manager
File "/var/lib/openstack/lib/python3.10/site-packages/ovsdbapp/backend/ovs_idl/__init__.py", line 235, in _lookup
2026-06-15 21:09:32.153 9 ERROR neutron_lib.callbacks.manager row = idlutils.row_by_value(self, rl.table, rl.column, record)
2026-06-15 21:09:32.153 9 ERROR neutron_lib.callbacks.manager
File "/var/lib/openstack/lib/python3.10/site-packages/ovsdbapp/backend/ovs_idl/idlutils.py", line 114, in row_by_value
2026-06-15 21:09:32.153 9 ERROR neutron_lib.callbacks.manager raise RowNotFound(table=table, col=column, match=match)
2026-06-15 21:09:32.153 9 ERROR neutron_lib.callbacks.manager ovsdbapp.backend.ovs_idl.idlutils.RowNotFound: Cannot find Logical_Router_Port with name=lrp-f9a72e66-63da-4050-bc35-c698be4a4af7
2026-06-15 21:09:32.153 9 ERROR neutron_lib.callbacks.manager 
2026-06-15 21:09:32.402 9 INFO neutron.db.ovn_revision_numbers_db [None req-4ecab653-c447-4de6-94cb-bc81173d4b00 ddbe79657123440c87ab88d01dad771d c1a1f2b802804cb6b35cbd6d6e8f33a3 - - default default] Successfully bumped revision number for resource f9a72e66-63da-4050-bc35-c698be4a4af7 (type: ports) to 2
2026-06-15 21:09:32.475 9 WARNING neutron.scheduler.dhcp_agent_scheduler [None req-4ecab653-c447-4de6-94cb-bc81173d4b00 ddbe79657123440c87ab88d01dad771d c1a1f2b802804cb6b35cbd6d6e8f33a3 - - default default] No more DHCP agents
2026-06-15 21:09:32.478 9 WARNING neutron.api.rpc.agentnotifiers.dhcp_rpc_agent_api [None req-4ecab653-c447-4de6-94cb-bc81173d4b00 ddbe79657123440c87ab88d01dad771d c1a1f2b802804cb6b35cbd6d6e8f33a3 - - default default] Unable to schedule network eba8627d-63c7-419e-8fb5-b361851169d2: no agents available; will retry on subsequent port and subnet creation events.
2026-06-15 21:09:32.649 8 INFO neutron.wsgi [req-8d4b987b-c53b-4c59-a026-347eb47791b7 req-21d8153a-011d-43ed-a70f-10c60ba63074 3609009d6cbd47db873a502cfb5ac169 edc0aadc5b5547978e0107e0f2681de2 - - default default] 10.0.0.69 "GET /v2.0/ports?device_id=f7554357-fc1d-410c-b452-0f58c0543bc9 HTTP/1.1" status: 200 len: 1170 time: 0.1268392
2026-06-15 21:09:32.661 9 INFO neutron.db.ovn_revision_numbers_db [None req-4ecab653-c447-4de6-94cb-bc81173d4b00 ddbe79657123440c87ab88d01dad771d c1a1f2b802804cb6b35cbd6d6e8f33a3 - - default default] Successfully bumped revision number for resource f9a72e66-63da-4050-bc35-c698be4a4af7 (type: router_ports) to 2
2026-06-15 21:09:32.668 9 INFO neutron.wsgi [None req-4ecab653-c447-4de6-94cb-bc81173d4b00 ddbe79657123440c87ab88d01dad771d c1a1f2b802804cb6b35cbd6d6e8f33a3 - - default default] 10.0.0.34 "PUT /v2.0/routers/9c9a4dab-a6d8-4df1-8c3b-58729b787677/add_router_interface HTTP/1.1" status: 200 len: 503 time: 2.5029600
2026-06-15 21:09:32.719 8 INFO neutron.wsgi [req-8d4b987b-c53b-4c59-a026-347eb47791b7 req-e4e8a3bd-473e-4c7f-8aad-6fd1fe90c8b3 3609009d6cbd47db873a502cfb5ac169 edc0aadc5b5547978e0107e0f2681de2 - - default default] 10.0.0.69 "GET /v2.0/security-groups?id=7e7e7d92-03b1-428f-988d-957502f4afc6&fields=id&fields=name HTTP/1.1" status: 200 len: 313 time: 0.0641210
2026-06-15 21:09:32.794 8 INFO neutron.wsgi [None req-1dfb5204-ee36-442e-a2c9-dad68532329b ddbe79657123440c87ab88d01dad771d c1a1f2b802804cb6b35cbd6d6e8f33a3 - - default default] 10.0.0.34 "GET /v2.0/ports/f9a72e66-63da-4050-bc35-c698be4a4af7 HTTP/1.1" status: 200 len: 1203 time: 0.1208394
2026-06-15 21:09:32.886 8 INFO neutron.wsgi [req-4aace0a2-eef5-4339-86e0-9fdd0e1ee188 req-a72c84cf-9af4-4468-a344-e11cbd69ff71 3609009d6cbd47db873a502cfb5ac169 edc0aadc5b5547978e0107e0f2681de2 - - default default] 10.0.0.69 "GET /v2.0/ports?device_id=f7554357-fc1d-410c-b452-0f58c0543bc9 HTTP/1.1" status: 200 len: 1170 time: 0.0864084
2026-06-15 21:09:33.001 8 INFO neutron.wsgi [req-4aace0a2-eef5-4339-86e0-9fdd0e1ee188 req-5db47a83-8058-4ca2-8892-d0c24b1e488d 3609009d6cbd47db873a502cfb5ac169 edc0aadc5b5547978e0107e0f2681de2 - - default default] 10.0.0.69 "GET /v2.0/security-groups?id=7e7e7d92-03b1-428f-988d-957502f4afc6&fields=id&fields=name HTTP/1.1" status: 200 len: 313 time: 0.1030352 /var/lib/openstack/lib/python3.10/site-packages/pycadf/identifier.py:71: UserWarning: Invalid uuid: neutron. To ensure interoperability, identifiers should be a valid uuid. warnings.warn(('Invalid uuid: %s. To ensure interoperability, '
2026-06-15 21:09:33.088 9 INFO neutron.wsgi [None req-dde35c47-4ba7-4faf-be7d-cf7cd1ad173a 8f6473babe724fca9a727f59f3136aac bdf9cad01a6a48acaf3ef0971306f945 - - default default] 10.0.0.34 "GET /v2.0/ports?device_id=f7554357-fc1d-410c-b452-0f58c0543bc9 HTTP/1.1" status: 200 len: 1404 time: 0.0596161
2026-06-15 21:09:33.097 9 WARNING neutron_lib.context [None req-90adf442-3db1-4ecd-b47d-7b9ab9075198 3609009d6cbd47db873a502cfb5ac169 edc0aadc5b5547978e0107e0f2681de2 - - default default] Method 'is_advsvc' is deprecated since 2023.2 release (neutron-lib 3.8.0) and will be removed once support for the old RBAC API policies will be removed from Neutron. Please use method 'is_service_role' instead.
2026-06-15 21:09:33.211 8 WARNING neutron.plugins.ml2.drivers.ovn.mech_driver.ovsdb.ovn_client [None req-35061bee-1e91-415d-b631-05ad3f2854ba - - - - - -] No hosting information found for port 08607be3-7127-4150-abf3-73b1fcbc6274: RuntimeError: No hosting information found for port 08607be3-7127-4150-abf3-73b1fcbc6274
2026-06-15 21:09:33.211 8 INFO neutron.plugins.ml2.drivers.ovn.mech_driver.mech_driver [None req-35061bee-1e91-415d-b631-05ad3f2854ba - - - - - -] OVN reports status up for port: f9a72e66-63da-4050-bc35-c698be4a4af7
2026-06-15 21:09:33.221 8 INFO neutron.plugins.ml2.plugin [None req-35061bee-1e91-415d-b631-05ad3f2854ba - - - - - -] Attempt 1 to provision port f9a72e66-63da-4050-bc35-c698be4a4af7
2026-06-15 21:09:33.287 9 INFO neutron.notifiers.nova [-] Nova event matching ['req-b0fd7bb7-955d-4331-8db5-77c1649c97f9'] response: {'server_uuid': 'f7554357-fc1d-410c-b452-0f58c0543bc9', 'name': 'network-vif-plugged', 'status': 'completed', 'tag': '04969a0a-e931-4771-85e4-198a6d591105', 'code': 200}
2026-06-15 21:09:33.317 9 WARNING neutron.scheduler.dhcp_agent_scheduler [None req-90adf442-3db1-4ecd-b47d-7b9ab9075198 3609009d6cbd47db873a502cfb5ac169 edc0aadc5b5547978e0107e0f2681de2 - - default default] No more DHCP agents
2026-06-15 21:09:33.318 9 WARNING neutron.api.rpc.agentnotifiers.dhcp_rpc_agent_api [None req-90adf442-3db1-4ecd-b47d-7b9ab9075198 3609009d6cbd47db873a502cfb5ac169 edc0aadc5b5547978e0107e0f2681de2 - - default default] Unable to schedule network 67aac509-6b01-46ef-8bd1-ae0db20a55b4: no agents available; will retry on subsequent port and subnet creation events.
2026-06-15 21:09:33.643 8 INFO neutron.wsgi [None req-266c421a-df0f-48cc-8630-156d5120d52b ddbe79657123440c87ab88d01dad771d c1a1f2b802804cb6b35cbd6d6e8f33a3 - - default default] 10.0.0.34 "PUT /v2.0/routers/9c9a4dab-a6d8-4df1-8c3b-58729b787677/remove_router_interface HTTP/1.1" status: 200 len: 503 time: 0.8444369 /var/lib/openstack/lib/python3.10/site-packages/pycadf/identifier.py:71: UserWarning: Invalid uuid: neutron. To ensure interoperability, identifiers should be a valid uuid. warnings.warn(('Invalid uuid: %s. To ensure interoperability, '
2026-06-15 21:09:33.715 8 INFO neutron.api.v2.resource [None req-3007b2f4-6cad-4e24-98f5-ffcffc78c729 ddbe79657123440c87ab88d01dad771d c1a1f2b802804cb6b35cbd6d6e8f33a3 - - default default] remove_router_interface failed (client error): The resource could not be found.
2026-06-15 21:09:33.716 8 INFO neutron.wsgi [None req-3007b2f4-6cad-4e24-98f5-ffcffc78c729 ddbe79657123440c87ab88d01dad771d c1a1f2b802804cb6b35cbd6d6e8f33a3 - - default default] 10.0.0.34 "PUT /v2.0/routers/9c9a4dab-a6d8-4df1-8c3b-58729b787677/remove_router_interface HTTP/1.1" status: 404 len: 398 time: 0.0685635
2026-06-15 21:09:33.743 8 INFO neutron.wsgi [None req-b95d273a-70d1-4268-a2fb-5d5d6d63d242 ddbe79657123440c87ab88d01dad771d c1a1f2b802804cb6b35cbd6d6e8f33a3 - - default default] 10.0.0.34 "GET /v2.0/ports?device_id=9c9a4dab-a6d8-4df1-8c3b-58729b787677 HTTP/1.1" status: 200 len: 205 time: 0.0216832
2026-06-15 21:09:34.146 9 INFO neutron.db.ovn_revision_numbers_db [None req-90adf442-3db1-4ecd-b47d-7b9ab9075198 3609009d6cbd47db873a502cfb5ac169 edc0aadc5b5547978e0107e0f2681de2 - - default default] Successfully bumped revision number for resource 68497328-3fbc-464f-83a2-74de894065ba (type: floatingips) to -1
2026-06-15 21:09:34.248 8 INFO neutron.wsgi [None req-ae453351-2bf1-4f63-99d9-31adaeff66da ddbe79657123440c87ab88d01dad771d c1a1f2b802804cb6b35cbd6d6e8f33a3 - - default default] 10.0.0.34 "DELETE /v2.0/routers/9c9a4dab-a6d8-4df1-8c3b-58729b787677 HTTP/1.1" status: 204 len: 168 time: 0.4993238
2026-06-15 21:09:34.282 9 INFO neutron.db.ovn_revision_numbers_db [None req-90adf442-3db1-4ecd-b47d-7b9ab9075198 3609009d6cbd47db873a502cfb5ac169 edc0aadc5b5547978e0107e0f2681de2 - - default default] Successfully bumped revision number for resource 68497328-3fbc-464f-83a2-74de894065ba (type: floatingips) to 1
2026-06-15 21:09:34.282 9 INFO neutron.db.l3_db [None req-90adf442-3db1-4ecd-b47d-7b9ab9075198 3609009d6cbd47db873a502cfb5ac169 edc0aadc5b5547978e0107e0f2681de2 - - default default] Floating IP 68497328-3fbc-464f-83a2-74de894065ba associated. External IP: 10.96.250.211, port: 04969a0a-e931-4771-85e4-198a6d591105.
2026-06-15 21:09:34.289 9 WARNING neutron_lib.context [None req-a6486ba7-902c-4d1b-b859-1f734cfefc9a b5b009614cf2413a864889ec6d41fc85 b2764f20eeb9484cacb9ae4296a57d8c - - default default] Method 'is_advsvc' is deprecated since 2023.2 release (neutron-lib 3.8.0) and will be removed once support for the old RBAC API policies will be removed from Neutron. Please use method 'is_service_role' instead.
2026-06-15 21:09:34.307 9 WARNING neutron_lib.context [None req-42e37ad3-0df2-4940-a5ca-8fc01441b08c 16049499037247f891209e11e0919d75 edf670acb5a94913ab96484e9e760b28 - - default default] Method 'is_advsvc' is deprecated since 2023.2 release (neutron-lib 3.8.0) and will be removed once support for the old RBAC API policies will be removed from Neutron. Please use method 'is_service_role' instead.
2026-06-15 21:09:34.352 9 INFO neutron.wsgi [None req-90adf442-3db1-4ecd-b47d-7b9ab9075198 3609009d6cbd47db873a502cfb5ac169 edc0aadc5b5547978e0107e0f2681de2 - - default default] 10.0.0.34 "POST /v2.0/floatingips HTTP/1.1" status: 201 len: 1054 time: 1.2592576
2026-06-15 21:09:34.386 9 INFO neutron.wsgi [None req-a6486ba7-902c-4d1b-b859-1f734cfefc9a b5b009614cf2413a864889ec6d41fc85 b2764f20eeb9484cacb9ae4296a57d8c - - default default] 10.0.0.34 "POST /v2.0/subnetpools HTTP/1.1" status: 201 len: 715 time: 0.2210584
2026-06-15 21:09:34.398 9 WARNING neutron_lib.context [None req-c3a1b7e2-5558-4415-a6f4-50cc150dcf73 b5b009614cf2413a864889ec6d41fc85 b2764f20eeb9484cacb9ae4296a57d8c - - default default] Method 'is_advsvc' is deprecated since 2023.2 release (neutron-lib 3.8.0) and will be removed once support for the old RBAC API policies will be removed from Neutron. Please use method 'is_service_role' instead.
2026-06-15 21:09:34.416 8 INFO neutron.wsgi [None req-779c7648-10a7-44d1-bff7-565a04002788 3609009d6cbd47db873a502cfb5ac169 edc0aadc5b5547978e0107e0f2681de2 - - default default] 10.0.0.34 "GET /v2.0/floatingips/68497328-3fbc-464f-83a2-74de894065ba HTTP/1.1" status: 200 len: 1051 time: 0.0550542
2026-06-15 21:09:34.462 9 INFO neutron.wsgi [None req-c3a1b7e2-5558-4415-a6f4-50cc150dcf73 b5b009614cf2413a864889ec6d41fc85 b2764f20eeb9484cacb9ae4296a57d8c - - default default] 10.0.0.34 "POST /v2.0/subnetpools HTTP/1.1" status: 201 len: 715 time: 0.0676928
2026-06-15 21:09:34.475 9 WARNING neutron_lib.context [None req-f9efcb71-0120-4b2b-a6d9-6f65d91fe5d8 b5b009614cf2413a864889ec6d41fc85 b2764f20eeb9484cacb9ae4296a57d8c - - default default] Method 'is_advsvc' is deprecated since 2023.2 release (neutron-lib 3.8.0) and will be removed once support for the old RBAC API policies will be removed from Neutron. Please use method 'is_service_role' instead.
2026-06-15 21:09:34.492 8 INFO neutron.wsgi [None req-f73ba17b-009a-4ad9-9abe-54a9eac36836 ddbe79657123440c87ab88d01dad771d c1a1f2b802804cb6b35cbd6d6e8f33a3 - - default default] 10.0.0.34 "DELETE /v2.0/subnets/a9ee1d31-753a-46e9-8974-b98c764589e6 HTTP/1.1" status: 204 len: 168 time: 0.2380958
2026-06-15 21:09:34.496 9 INFO neutron.db.ovn_revision_numbers_db [None req-42e37ad3-0df2-4940-a5ca-8fc01441b08c 16049499037247f891209e11e0919d75 edf670acb5a94913ab96484e9e760b28 - - default default] Successfully bumped revision number for resource e1a245d2-a279-43b9-a44a-35b1abb8644c (type: security_groups) to 1
2026-06-15 21:09:34.517 9 INFO neutron.db.ovn_revision_numbers_db [None req-42e37ad3-0df2-4940-a5ca-8fc01441b08c 16049499037247f891209e11e0919d75 edf670acb5a94913ab96484e9e760b28 - - default default] Successfully bumped revision number for resource 1987545d-6c35-4b5f-a2e9-c6bab0c93b7d (type: security_group_rules) to 0
2026-06-15 21:09:34.538 9 INFO neutron.wsgi [None req-f9efcb71-0120-4b2b-a6d9-6f65d91fe5d8 b5b009614cf2413a864889ec6d41fc85 b2764f20eeb9484cacb9ae4296a57d8c - - default default] 10.0.0.34 "POST /v2.0/subnetpools HTTP/1.1" status: 201 len: 715 time: 0.0671227
2026-06-15 21:09:34.539 9 INFO neutron.db.ovn_revision_numbers_db [None req-42e37ad3-0df2-4940-a5ca-8fc01441b08c 16049499037247f891209e11e0919d75 edf670acb5a94913ab96484e9e760b28 - - default default] Successfully bumped revision number for resource 1c9cdf73-e92a-42c3-9afe-47de43d40031 (type: security_group_rules) to 0
