2026-06-15 21:10:41.707 8 INFO neutron.wsgi [None req-66d7bbf2-0375-412c-a3de-69030f374dbc 3ee2ea70eca04eb58239b2ca980c00c7 f9a4d1399418484daebce9765f8ee783 - - default default] 10.0.0.34 "GET /v2.0/security-groups/30fac7f7-4381-4424-b724-8c79e79bb513/tags/red HTTP/1.1" status: 204 len: 168 time: 0.0228913
2026-06-15 21:10:41.726 9 INFO neutron.api.v2.resource [None req-5d7619fc-477b-4bc1-a4e0-5f378b6b715e 16049499037247f891209e11e0919d75 edf670acb5a94913ab96484e9e760b28 - - default default] create failed (client error): The server could not comply with the request since it is either malformed or otherwise incorrect.
2026-06-15 21:10:41.727 9 INFO neutron.wsgi [None req-5d7619fc-477b-4bc1-a4e0-5f378b6b715e 16049499037247f891209e11e0919d75 edf670acb5a94913ab96484e9e760b28 - - default default] 10.0.0.34 "POST /v2.0/vpn/endpoint-groups HTTP/1.1" status: 400 len: 386 time: 0.0404589
2026-06-15 21:10:41.737 8 INFO neutron.wsgi [None req-8be0cc1f-05c7-44d3-b328-89834a7183f6 262b6950fd8e42b7a69f9ec0d81f83bf a0c2fdaddc014b4f80713b19e5cc4e72 - - default default] 10.0.0.34 "DELETE /v2.0/security-groups/d7624b5c-95a9-4703-a442-740f64087966 HTTP/1.1" status: 204 len: 168 time: 0.4384475
2026-06-15 21:10:41.738 8 INFO neutron.api.v2.resource [None req-bc5c43b6-f80f-4dbb-8763-d9acc08092a9 3ee2ea70eca04eb58239b2ca980c00c7 f9a4d1399418484daebce9765f8ee783 - - default default] show failed (client error): The resource could not be found.
2026-06-15 21:10:41.739 9 WARNING neutron_lib.context [None req-4e5d9867-14d0-4330-9c29-f84b9a014069 16049499037247f891209e11e0919d75 edf670acb5a94913ab96484e9e760b28 - - default default] Method 'is_advsvc' is deprecated since 2023.2 release (neutron-lib 3.8.0) and will be removed once support for the old RBAC API policies will be removed from Neutron. Please use method 'is_service_role' instead.
2026-06-15 21:10:41.739 8 INFO neutron.wsgi [None req-bc5c43b6-f80f-4dbb-8763-d9acc08092a9 3ee2ea70eca04eb58239b2ca980c00c7 f9a4d1399418484daebce9765f8ee783 - - default default] 10.0.0.34 "GET /v2.0/security-groups/30fac7f7-4381-4424-b724-8c79e79bb513/tags/green HTTP/1.1" status: 404 len: 299 time: 0.0263584
2026-06-15 21:10:41.770 9 INFO neutron.api.v2.resource [None req-4e5d9867-14d0-4330-9c29-f84b9a014069 16049499037247f891209e11e0919d75 edf670acb5a94913ab96484e9e760b28 - - default default] create failed (client error): The server could not comply with the request since it is either malformed or otherwise incorrect.
2026-06-15 21:10:41.771 9 INFO neutron.wsgi [None req-4e5d9867-14d0-4330-9c29-f84b9a014069 16049499037247f891209e11e0919d75 edf670acb5a94913ab96484e9e760b28 - - default default] 10.0.0.34 "POST /v2.0/vpn/endpoint-groups HTTP/1.1" status: 400 len: 363 time: 0.0373626
2026-06-15 21:10:41.780 9 INFO neutron.wsgi [None req-6ba8dba9-4a04-4afb-8064-662674dc4ace 3ee2ea70eca04eb58239b2ca980c00c7 f9a4d1399418484daebce9765f8ee783 - - default default] 10.0.0.34 "DELETE /v2.0/security-groups/30fac7f7-4381-4424-b724-8c79e79bb513/tags/red HTTP/1.1" status: 204 len: 168 time: 0.0357497
2026-06-15 21:10:41.783 9 WARNING neutron_lib.context [None req-183603c7-2480-43fc-acf6-fccd8daff2fe 16049499037247f891209e11e0919d75 edf670acb5a94913ab96484e9e760b28 - - default default] Method 'is_advsvc' is deprecated since 2023.2 release (neutron-lib 3.8.0) and will be removed once support for the old RBAC API policies will be removed from Neutron. Please use method 'is_service_role' instead.
2026-06-15 21:10:41.803 9 INFO neutron.api.v2.resource [None req-183603c7-2480-43fc-acf6-fccd8daff2fe 16049499037247f891209e11e0919d75 edf670acb5a94913ab96484e9e760b28 - - default default] create failed (client error): The server could not comply with the request since it is either malformed or otherwise incorrect.
2026-06-15 21:10:41.805 9 INFO neutron.wsgi [None req-183603c7-2480-43fc-acf6-fccd8daff2fe 16049499037247f891209e11e0919d75 edf670acb5a94913ab96484e9e760b28 - - default default] 10.0.0.34 "POST /v2.0/vpn/endpoint-groups HTTP/1.1" status: 400 len: 357 time: 0.0275753
2026-06-15 21:10:41.816 8 INFO neutron.wsgi [None req-239428f7-12f7-4b41-b77f-757eb35ddf70 3ee2ea70eca04eb58239b2ca980c00c7 f9a4d1399418484daebce9765f8ee783 - - default default] 10.0.0.34 "GET /v2.0/security-groups/30fac7f7-4381-4424-b724-8c79e79bb513/tags HTTP/1.1" status: 200 len: 223 time: 0.0271404
2026-06-15 21:10:41.819 9 INFO neutron.wsgi [None req-dcd47a94-cd8a-4a1e-ad7b-e71cad72c1be 16049499037247f891209e11e0919d75 edf670acb5a94913ab96484e9e760b28 - - default default] 10.0.0.34 "GET /v2.0/vpn/ikepolicies HTTP/1.1" status: 200 len: 602 time: 0.0078869
2026-06-15 21:10:41.843 8 INFO neutron.wsgi [None req-be93b629-e1c6-49c4-8602-94f849d8a00a 16049499037247f891209e11e0919d75 edf670acb5a94913ab96484e9e760b28 - - default default] 10.0.0.34 "GET /v2.0/vpn/ipsecpolicies HTTP/1.1" status: 200 len: 611 time: 0.0162618
2026-06-15 21:10:41.857 9 INFO neutron.api.v2.resource [None req-4835b3c3-23fb-4e8a-b90d-4f8765008ff5 3ee2ea70eca04eb58239b2ca980c00c7 f9a4d1399418484daebce9765f8ee783 - - default default] delete failed (client error): The resource could not be found.
2026-06-15 21:10:41.858 9 INFO neutron.wsgi [None req-4835b3c3-23fb-4e8a-b90d-4f8765008ff5 3ee2ea70eca04eb58239b2ca980c00c7 f9a4d1399418484daebce9765f8ee783 - - default default] 10.0.0.34 "DELETE /v2.0/security-groups/30fac7f7-4381-4424-b724-8c79e79bb513/tags/green HTTP/1.1" status: 404 len: 299 time: 0.0339622
2026-06-15 21:10:41.861 9 INFO neutron.wsgi [None req-07ffbd4b-df0a-410a-b700-f1c054ae1999 16049499037247f891209e11e0919d75 edf670acb5a94913ab96484e9e760b28 - - default default] 10.0.0.34 "GET /v2.0/vpn/ipsec-site-connections HTTP/1.1" status: 200 len: 989 time: 0.0114460
2026-06-15 21:10:41.888 9 INFO neutron.wsgi [None req-28ef2ea2-763c-4137-8ad7-34d1be7dfe90 16049499037247f891209e11e0919d75 edf670acb5a94913ab96484e9e760b28 - - default default] 10.0.0.34 "GET /v2.0/vpn/vpnservices HTTP/1.1" status: 200 len: 1047 time: 0.0210576
2026-06-15 21:10:41.905 9 INFO neutron.wsgi [None req-743fd1c1-8295-4895-b8a1-cfdf8333284d 16049499037247f891209e11e0919d75 edf670acb5a94913ab96484e9e760b28 - - default default] 10.0.0.34 "GET /v2.0/vpn/endpoint-groups/85877e4a-26d8-4e4c-8a2e-489fe42e155b HTTP/1.1" status: 200 len: 523 time: 0.0091286
2026-06-15 21:10:41.919 9 INFO neutron.wsgi [None req-220a6b24-048e-467e-865f-971eb908533c 3ee2ea70eca04eb58239b2ca980c00c7 f9a4d1399418484daebce9765f8ee783 - - default default] 10.0.0.34 "DELETE /v2.0/security-groups/30fac7f7-4381-4424-b724-8c79e79bb513/tags HTTP/1.1" status: 204 len: 168 time: 0.0520639
2026-06-15 21:10:41.934 8 INFO neutron.wsgi [None req-e4ea5818-4cce-4647-8ec9-33025b39a29e 16049499037247f891209e11e0919d75 edf670acb5a94913ab96484e9e760b28 - - default default] 10.0.0.34 "GET /v2.0/vpn/endpoint-groups/c09358d9-3756-4269-b95c-3b2ec52b83dd HTTP/1.1" status: 200 len: 514 time: 0.0222683
2026-06-15 21:10:41.952 9 INFO neutron.wsgi [None req-454ebda9-cf87-4728-ac2f-967f6da6acb8 16049499037247f891209e11e0919d75 edf670acb5a94913ab96484e9e760b28 - - default default] 10.0.0.34 "GET /v2.0/vpn/ikepolicies/bdc7d1b9-1b45-4f5c-b1f1-4d6d44e1ac90 HTTP/1.1" status: 200 len: 598 time: 0.0112309
2026-06-15 21:10:41.967 8 INFO neutron.wsgi [None req-fd27f7d0-c30a-4c4b-9138-e839f0af591a 3ee2ea70eca04eb58239b2ca980c00c7 f9a4d1399418484daebce9765f8ee783 - - default default] 10.0.0.34 "GET /v2.0/security-groups/30fac7f7-4381-4424-b724-8c79e79bb513/tags HTTP/1.1" status: 200 len: 205 time: 0.0414264
2026-06-15 21:10:41.971 8 INFO neutron.wsgi [None req-371fa978-3e8d-42b1-86df-f68d403bcef5 16049499037247f891209e11e0919d75 edf670acb5a94913ab96484e9e760b28 - - default default] 10.0.0.34 "GET /v2.0/vpn/ipsecpolicies/da3b395a-fd5b-4078-a92d-2c8aa9336907 HTTP/1.1" status: 200 len: 607 time: 0.0107408
2026-06-15 21:10:41.988 9 INFO neutron.wsgi [None req-58e58791-0db6-4bf4-a1a0-35aac722e159 16049499037247f891209e11e0919d75 edf670acb5a94913ab96484e9e760b28 - - default default] 10.0.0.34 "GET /v2.0/vpn/vpnservices/b2421324-0268-4e90-8cec-1626555242bd HTTP/1.1" status: 200 len: 643 time: 0.0114453
2026-06-15 21:10:42.137 8 INFO neutron.wsgi [None req-6f5f7e6a-c607-49eb-8110-10e8942d9dad 3ee2ea70eca04eb58239b2ca980c00c7 f9a4d1399418484daebce9765f8ee783 - - default default] 10.0.0.34 "DELETE /v2.0/security-groups/30fac7f7-4381-4424-b724-8c79e79bb513 HTTP/1.1" status: 204 len: 168 time: 0.1640282
2026-06-15 21:10:42.738 8 INFO neutron.db.ovn_revision_numbers_db [None req-5f559603-a58c-4c93-a04b-b06fc8a7c7f1 16049499037247f891209e11e0919d75 edf670acb5a94913ab96484e9e760b28 - - default default] Successfully bumped revision number for resource 8bbe27b6-a6e1-4ee3-8de3-151f4bad2414 (type: routers) to 10
2026-06-15 21:10:42.768 8 INFO neutron.wsgi [None req-5f559603-a58c-4c93-a04b-b06fc8a7c7f1 16049499037247f891209e11e0919d75 edf670acb5a94913ab96484e9e760b28 - - default default] 10.0.0.34 "DELETE /v2.0/vpn/ipsec-site-connections/88e5bae3-c415-46ac-ad4e-08157e2dfb7c HTTP/1.1" status: 204 len: 168 time: 0.7671907
2026-06-15 21:10:42.797 8 INFO neutron.wsgi [None req-4aa58ee3-dde8-40a3-8ade-ec6215e4c74d 16049499037247f891209e11e0919d75 edf670acb5a94913ab96484e9e760b28 - - default default] 10.0.0.34 "DELETE /v2.0/vpn/endpoint-groups/85877e4a-26d8-4e4c-8a2e-489fe42e155b HTTP/1.1" status: 204 len: 168 time: 0.0246294
2026-06-15 21:10:42.830 8 INFO neutron.wsgi [None req-714ef95e-dc94-4cfa-aea0-9c9e263dfd1b 16049499037247f891209e11e0919d75 edf670acb5a94913ab96484e9e760b28 - - default default] 10.0.0.34 "DELETE /v2.0/vpn/endpoint-groups/c09358d9-3756-4269-b95c-3b2ec52b83dd HTTP/1.1" status: 204 len: 168 time: 0.0247188
2026-06-15 21:10:42.876 8 INFO neutron.wsgi [None req-43f4abe6-750c-430f-994f-94f2fdfe7d1a 16049499037247f891209e11e0919d75 edf670acb5a94913ab96484e9e760b28 - - default default] 10.0.0.34 "DELETE /v2.0/vpn/ipsecpolicies/da3b395a-fd5b-4078-a92d-2c8aa9336907 HTTP/1.1" status: 204 len: 168 time: 0.0393271
2026-06-15 21:10:42.909 8 INFO neutron.wsgi [None req-704e93af-4d52-4e27-8d32-f83e251d1f0f 16049499037247f891209e11e0919d75 edf670acb5a94913ab96484e9e760b28 - - default default] 10.0.0.34 "DELETE /v2.0/vpn/ikepolicies/bdc7d1b9-1b45-4f5c-b1f1-4d6d44e1ac90 HTTP/1.1" status: 204 len: 168 time: 0.0287349
2026-06-15 21:10:42.976 8 INFO neutron.wsgi [None req-5abfda0c-9db9-47d4-aa90-4f29a72024e9 16049499037247f891209e11e0919d75 edf670acb5a94913ab96484e9e760b28 - - default default] 10.0.0.34 "DELETE /v2.0/vpn/vpnservices/b2421324-0268-4e90-8cec-1626555242bd HTTP/1.1" status: 204 len: 168 time: 0.0630112
2026-06-15 21:10:43.266 8 INFO neutron.db.ovn_revision_numbers_db [None req-9e774015-bed8-4557-a579-88025099da43 262b6950fd8e42b7a69f9ec0d81f83bf a0c2fdaddc014b4f80713b19e5cc4e72 - - default default] Successfully bumped revision number for resource 4449ec4f-97a1-47fd-8739-d97a94b47a7a (type: security_groups) to 1
2026-06-15 21:10:43.281 8 INFO neutron.db.ovn_revision_numbers_db [None req-9e774015-bed8-4557-a579-88025099da43 262b6950fd8e42b7a69f9ec0d81f83bf a0c2fdaddc014b4f80713b19e5cc4e72 - - default default] Successfully bumped revision number for resource 076f5620-c248-400c-9c8e-5cdf21860771 (type: security_group_rules) to 0
2026-06-15 21:10:43.306 8 INFO neutron.db.ovn_revision_numbers_db [None req-9e774015-bed8-4557-a579-88025099da43 262b6950fd8e42b7a69f9ec0d81f83bf a0c2fdaddc014b4f80713b19e5cc4e72 - - default default] Successfully bumped revision number for resource 0f79cc62-c4d0-492f-9443-af342db3c91b (type: security_group_rules) to 0
2026-06-15 21:10:43.336 8 INFO neutron.db.ovn_revision_numbers_db [None req-9e774015-bed8-4557-a579-88025099da43 262b6950fd8e42b7a69f9ec0d81f83bf a0c2fdaddc014b4f80713b19e5cc4e72 - - default default] Successfully bumped revision number for resource 941ef1ec-4f7f-4591-adc4-b0401574a7d6 (type: security_group_rules) to 0
2026-06-15 21:10:43.358 8 INFO neutron.db.ovn_revision_numbers_db [None req-9e774015-bed8-4557-a579-88025099da43 262b6950fd8e42b7a69f9ec0d81f83bf a0c2fdaddc014b4f80713b19e5cc4e72 - - default default] Successfully bumped revision number for resource db49e0d7-b874-4334-b78b-793fa2b3fc58 (type: security_group_rules) to 0
2026-06-15 21:10:43.402 8 INFO neutron.wsgi [None req-9e774015-bed8-4557-a579-88025099da43 262b6950fd8e42b7a69f9ec0d81f83bf a0c2fdaddc014b4f80713b19e5cc4e72 - - default default] 10.0.0.34 "GET /v2.0/security-groups?tenant_id=f553c9daaddc4852ab54236b118b9306&name=default HTTP/1.1" status: 200 len: 3124 time: 0.5383801
2026-06-15 21:10:43.690 9 INFO neutron.wsgi [None req-0ee3eed3-1e24-4275-a7b7-713925df4838 262b6950fd8e42b7a69f9ec0d81f83bf a0c2fdaddc014b4f80713b19e5cc4e72 - - default default] 10.0.0.34 "DELETE /v2.0/security-groups/4449ec4f-97a1-47fd-8739-d97a94b47a7a HTTP/1.1" status: 204 len: 168 time: 0.2817297
2026-06-15 21:10:43.949 8 INFO neutron.wsgi [None req-a8d2558f-8f2f-4d8c-8497-e04c1a0d7276 262b6950fd8e42b7a69f9ec0d81f83bf a0c2fdaddc014b4f80713b19e5cc4e72 - - default default] 10.0.0.34 "GET /v2.0/security-groups?tenant_id=f9a4d1399418484daebce9765f8ee783&name=default HTTP/1.1" status: 200 len: 3124 time: 0.0696168
2026-06-15 21:10:44.267 9 INFO neutron.wsgi [None req-6f92fe23-f30f-4eb2-80df-777294ec154c 262b6950fd8e42b7a69f9ec0d81f83bf a0c2fdaddc014b4f80713b19e5cc4e72 - - default default] 10.0.0.34 "DELETE /v2.0/security-groups/393bf68f-db78-417e-b2ca-32d551a431dd HTTP/1.1" status: 204 len: 168 time: 0.3089263
2026-06-15 21:10:45.131 8 WARNING neutron.plugins.ml2.drivers.ovn.mech_driver.ovsdb.ovn_client [None req-35061bee-1e91-415d-b631-05ad3f2854ba - - - - - -] No port found with ID 73c6e859-ccd8-4230-9303-7ee44558cb23: RuntimeError: No port found with ID 73c6e859-ccd8-4230-9303-7ee44558cb23
2026-06-15 21:10:45.424 9 INFO neutron.wsgi [-] 10.0.0.156 "GET / HTTP/1.1" status: 200 len: 246 time: 0.0026433
2026-06-15 21:10:45.429 9 INFO neutron.wsgi [-] 10.0.0.156 "GET / HTTP/1.1" status: 200 len: 246 time: 0.0032701
2026-06-15 21:10:45.814 8 INFO neutron.services.segments.plugin [-] Segment b11dbb36-f7c8-4e55-9496-e3371f6b3907 resource provider aggregate not found
2026-06-15 21:10:45.820 8 INFO neutron.services.segments.plugin [-] Segment b11dbb36-f7c8-4e55-9496-e3371f6b3907 resource provider aggregate not found
2026-06-15 21:10:45.834 8 INFO neutron.services.segments.plugin [-] Segment b11dbb36-f7c8-4e55-9496-e3371f6b3907 resource provider not found; error: Placement Client Error (4xx): {"errors": [{"status": 404, "title": "Not Found", "detail": "The resource could not be found.\n\n No resource provider with uuid b11dbb36-f7c8-4e55-9496-e3371f6b3907 found for delete ", "request_id": "req-a6009168-16e1-408a-8e83-46de0bc92c2f"}]}
2026-06-15 21:10:45.836 8 INFO neutron.services.segments.plugin [-] Segment b11dbb36-f7c8-4e55-9496-e3371f6b3907 resource provider not found; error: Placement Client Error (4xx): {"errors": [{"status": 404, "title": "Not Found", "detail": "The resource could not be found.\n\n No resource provider with uuid b11dbb36-f7c8-4e55-9496-e3371f6b3907 found for delete ", "request_id": "req-df8fe561-aa27-4c0a-8809-693d79b0cb47"}]}
2026-06-15 21:10:45.892 8 INFO neutron.wsgi [None req-ac06c116-4f51-4bfc-a8b9-e16fc4cf8554 16049499037247f891209e11e0919d75 edf670acb5a94913ab96484e9e760b28 - - default default] 10.0.0.34 "DELETE /v2.0/vpn/vpnservices/fea197ed-cfa4-4269-9d6a-07ec8a6666d6 HTTP/1.1" status: 204 len: 168 time: 2.9039803 /var/lib/openstack/lib/python3.10/site-packages/pycadf/identifier.py:71: UserWarning: Invalid uuid: neutron. To ensure interoperability, identifiers should be a valid uuid. warnings.warn(('Invalid uuid: %s. To ensure interoperability, '
2026-06-15 21:10:45.991 8 INFO neutron.wsgi [None req-398f1303-6d9c-4268-bed1-52590c9ac57f 16049499037247f891209e11e0919d75 edf670acb5a94913ab96484e9e760b28 - - default default] 10.0.0.34 "GET /v2.0/routers/8bbe27b6-a6e1-4ee3-8de3-151f4bad2414 HTTP/1.1" status: 200 len: 1137 time: 0.0865560
2026-06-15 21:10:46.539 8 WARNING neutron_lib.context [None req-fcca3f70-d11d-4def-836f-94dd84212cd8 4fa34ad8b4694813a34369b989a66343 fd414343815c4170a3c43aa10e8401c5 - - default default] Method 'is_advsvc' is deprecated since 2023.2 release (neutron-lib 3.8.0) and will be removed once support for the old RBAC API policies will be removed from Neutron. Please use method 'is_service_role' instead.
2026-06-15 21:10:46.802 8 INFO neutron.db.ovn_revision_numbers_db [None req-fcca3f70-d11d-4def-836f-94dd84212cd8 4fa34ad8b4694813a34369b989a66343 fd414343815c4170a3c43aa10e8401c5 - - default default] Successfully bumped revision number for resource 00e888ed-47fe-4d65-8759-f5c329831303 (type: security_groups) to 1
2026-06-15 21:10:46.828 8 INFO neutron.db.ovn_revision_numbers_db [None req-fcca3f70-d11d-4def-836f-94dd84212cd8 4fa34ad8b4694813a34369b989a66343 fd414343815c4170a3c43aa10e8401c5 - - default default] Successfully bumped revision number for resource 481fa1fc-e20c-4319-a00a-51fbd4ee8312 (type: security_group_rules) to 0
2026-06-15 21:10:46.863 8 INFO neutron.db.ovn_revision_numbers_db [None req-fcca3f70-d11d-4def-836f-94dd84212cd8 4fa34ad8b4694813a34369b989a66343 fd414343815c4170a3c43aa10e8401c5 - - default default] Successfully bumped revision number for resource 4eb68a92-b8cb-4c52-a7b0-a8f9f8f95ae5 (type: security_group_rules) to 0
2026-06-15 21:10:46.886 8 INFO neutron.db.ovn_revision_numbers_db [None req-fcca3f70-d11d-4def-836f-94dd84212cd8 4fa34ad8b4694813a34369b989a66343 fd414343815c4170a3c43aa10e8401c5 - - default default] Successfully bumped revision number for resource 7eee8012-ad17-418f-ae52-d7cb96d70be9 (type: security_group_rules) to 0
2026-06-15 21:10:46.907 8 INFO neutron.db.ovn_revision_numbers_db [None req-fcca3f70-d11d-4def-836f-94dd84212cd8 4fa34ad8b4694813a34369b989a66343 fd414343815c4170a3c43aa10e8401c5 - - default default] Successfully bumped revision number for resource eb723464-4d9b-4af3-8a85-014c856e1cce (type: security_group_rules) to 0
2026-06-15 21:10:46.919 8 INFO neutron.db.ovn_revision_numbers_db [None req-4398b789-4a1f-4ebd-9f1c-a020f45bc9bb 16049499037247f891209e11e0919d75 edf670acb5a94913ab96484e9e760b28 - - default default] Successfully bumped revision number for resource 8bbe27b6-a6e1-4ee3-8de3-151f4bad2414 (type: routers) to 11
2026-06-15 21:10:46.925 8 INFO neutron.wsgi [None req-4398b789-4a1f-4ebd-9f1c-a020f45bc9bb 16049499037247f891209e11e0919d75 edf670acb5a94913ab96484e9e760b28 - - default default] 10.0.0.34 "PUT /v2.0/routers/8bbe27b6-a6e1-4ee3-8de3-151f4bad2414 HTTP/1.1" status: 200 len: 1137 time: 0.9275429
2026-06-15 21:10:46.976 8 INFO neutron.db.segments_db [None req-fcca3f70-d11d-4def-836f-94dd84212cd8 4fa34ad8b4694813a34369b989a66343 fd414343815c4170a3c43aa10e8401c5 - - default default] Added segment 849f69ee-5351-40c1-9269-1d39122b8ba7 of type geneve for network 7c695365-c95b-450b-b8df-e7776d8ebd9c
2026-06-15 21:10:47.076 8 INFO neutron.wsgi [None req-4d6c23d0-86d6-4979-ace5-a089513cb340 16049499037247f891209e11e0919d75 edf670acb5a94913ab96484e9e760b28 - - default default] 10.0.0.34 "GET /v2.0/ports?device_id=8bbe27b6-a6e1-4ee3-8de3-151f4bad2414 HTTP/1.1" status: 200 len: 1140 time: 0.1459556
2026-06-15 21:10:47.193 8 INFO neutron.db.ovn_revision_numbers_db [None req-fcca3f70-d11d-4def-836f-94dd84212cd8 4fa34ad8b4694813a34369b989a66343 fd414343815c4170a3c43aa10e8401c5 - - default default] Successfully bumped revision number for resource 7c695365-c95b-450b-b8df-e7776d8ebd9c (type: networks) to 1
2026-06-15 21:10:47.449 8 WARNING neutron.scheduler.dhcp_agent_scheduler [None req-fcca3f70-d11d-4def-836f-94dd84212cd8 4fa34ad8b4694813a34369b989a66343 fd414343815c4170a3c43aa10e8401c5 - - default default] No more DHCP agents
2026-06-15 21:10:47.450 8 WARNING neutron.api.rpc.agentnotifiers.dhcp_rpc_agent_api [None req-fcca3f70-d11d-4def-836f-94dd84212cd8 4fa34ad8b4694813a34369b989a66343 fd414343815c4170a3c43aa10e8401c5 - - default default] Unable to schedule network 7c695365-c95b-450b-b8df-e7776d8ebd9c: no agents available; will retry on subsequent port and subnet creation events.
2026-06-15 21:10:47.578 8 INFO neutron.db.ovn_revision_numbers_db [None req-fcca3f70-d11d-4def-836f-94dd84212cd8 4fa34ad8b4694813a34369b989a66343 fd414343815c4170a3c43aa10e8401c5 - - default default] Successfully bumped revision number for resource 158306a8-6756-4aed-bfe1-7b755eeaa55c (type: ports) to 1
2026-06-15 21:10:47.634 8 INFO neutron.wsgi [None req-fcca3f70-d11d-4def-836f-94dd84212cd8 4fa34ad8b4694813a34369b989a66343 fd414343815c4170a3c43aa10e8401c5 - - default default] 10.0.0.34 "POST /v2.0/networks HTTP/1.1" status: 201 len: 831 time: 1.3500874
2026-06-15 21:10:47.648 9 WARNING neutron_lib.context [None req-56ec7fde-2636-4d1d-8b5b-1d7c97840104 4fa34ad8b4694813a34369b989a66343 fd414343815c4170a3c43aa10e8401c5 - - default default] Method 'is_advsvc' is deprecated since 2023.2 release (neutron-lib 3.8.0) and will be removed once support for the old RBAC API policies will be removed from Neutron. Please use method 'is_service_role' instead.
2026-06-15 21:10:47.754 9 WARNING neutron_lib.context [None req-1f911e19-3ac1-411c-8f37-5aaa1af6dd2d 02c483f2c71b40049f6426e7be3bf830 4757db5deaf148efa16df8671337096c - - default default] Method 'is_advsvc' is deprecated since 2023.2 release (neutron-lib 3.8.0) and will be removed once support for the old RBAC API policies will be removed from Neutron. Please use method 'is_service_role' instead.
2026-06-15 21:10:47.832 9 INFO neutron.wsgi [None req-1f911e19-3ac1-411c-8f37-5aaa1af6dd2d 02c483f2c71b40049f6426e7be3bf830 4757db5deaf148efa16df8671337096c - - default default] 10.0.0.34 "POST /v2.0/subnetpools HTTP/1.1" status: 201 len: 715 time: 0.2551365
2026-06-15 21:10:47.889 8 INFO neutron.wsgi [None req-913ea1f7-b3f7-434f-a666-c2f34f884c1d 02c483f2c71b40049f6426e7be3bf830 4757db5deaf148efa16df8671337096c - - default default] 10.0.0.34 "PUT /v2.0/subnetpools/1706fe6c-5f27-4ea7-acf2-ac63b1e25edb/tags HTTP/1.1" status: 200 len: 218 time: 0.0495112
2026-06-15 21:10:47.941 9 INFO neutron.wsgi [None req-f487ba92-5c2d-4791-b7d8-bd0c7765ba21 02c483f2c71b40049f6426e7be3bf830 4757db5deaf148efa16df8671337096c - - default default] 10.0.0.34 "GET /v2.0/subnetpools/1706fe6c-5f27-4ea7-acf2-ac63b1e25edb/tags HTTP/1.1" status: 200 len: 218 time: 0.0463312
2026-06-15 21:10:47.995 9 WARNING neutron.scheduler.dhcp_agent_scheduler [None req-56ec7fde-2636-4d1d-8b5b-1d7c97840104 4fa34ad8b4694813a34369b989a66343 fd414343815c4170a3c43aa10e8401c5 - - default default] No more DHCP agents
2026-06-15 21:10:47.996 9 WARNING neutron.api.rpc.agentnotifiers.dhcp_rpc_agent_api [None req-56ec7fde-2636-4d1d-8b5b-1d7c97840104 4fa34ad8b4694813a34369b989a66343 fd414343815c4170a3c43aa10e8401c5 - - default default] Unable to schedule network 7c695365-c95b-450b-b8df-e7776d8ebd9c: no agents available; will retry on subsequent port and subnet creation events.
2026-06-15 21:10:48.006 8 INFO neutron.wsgi [None req-ae0d2d02-2ace-4a45-b684-f5fa0069db61 02c483f2c71b40049f6426e7be3bf830 4757db5deaf148efa16df8671337096c - - default default] 10.0.0.34 "PUT /v2.0/subnetpools/1706fe6c-5f27-4ea7-acf2-ac63b1e25edb/tags/green HTTP/1.1" status: 201 len: 201 time: 0.0608449
2026-06-15 21:10:48.047 8 INFO neutron.wsgi [None req-e4ebd5f3-7770-4861-abf3-8db1267ca757 02c483f2c71b40049f6426e7be3bf830 4757db5deaf148efa16df8671337096c - - default default] 10.0.0.34 "GET /v2.0/subnetpools/1706fe6c-5f27-4ea7-acf2-ac63b1e25edb/tags HTTP/1.1" status: 200 len: 227 time: 0.0348008
2026-06-15 21:10:48.081 8 INFO neutron.wsgi [None req-caf024f4-d26b-4b3e-b835-95c2cef842e6 02c483f2c71b40049f6426e7be3bf830 4757db5deaf148efa16df8671337096c - - default default] 10.0.0.34 "PUT /v2.0/subnetpools/1706fe6c-5f27-4ea7-acf2-ac63b1e25edb/tags/red HTTP/1.1" status: 201 len: 201 time: 0.0309870
2026-06-15 21:10:48.099 9 INFO neutron.db.ovn_revision_numbers_db [None req-56ec7fde-2636-4d1d-8b5b-1d7c97840104 4fa34ad8b4694813a34369b989a66343 fd414343815c4170a3c43aa10e8401c5 - - default default] Successfully bumped revision number for resource b7240df5-70ef-43d9-abda-cc2db0a25a66 (type: ports) to 1
2026-06-15 21:10:48.129 8 INFO neutron.wsgi [None req-1029addf-9b3d-4485-99bf-01e9ccb895b9 02c483f2c71b40049f6426e7be3bf830 4757db5deaf148efa16df8671337096c - - default default] 10.0.0.34 "GET /v2.0/subnetpools/1706fe6c-5f27-4ea7-acf2-ac63b1e25edb/tags HTTP/1.1" status: 200 len: 227 time: 0.0411530
2026-06-15 21:10:48.146 9 INFO neutron.wsgi [None req-56ec7fde-2636-4d1d-8b5b-1d7c97840104 4fa34ad8b4694813a34369b989a66343 fd414343815c4170a3c43aa10e8401c5 - - default default] 10.0.0.34 "POST /v2.0/ports HTTP/1.1" status: 201 len: 942 time: 0.5053043 /var/lib/openstack/lib/python3.10/site-packages/pycadf/identifier.py:71: UserWarning: Invalid uuid: neutron. To ensure interoperability, identifiers should be a valid uuid. warnings.warn(('Invalid uuid: %s. To ensure interoperability, '
2026-06-15 21:10:48.177 9 WARNING neutron_lib.context [None req-95f4f837-c781-4023-9212-fe4268beb42d 4fa34ad8b4694813a34369b989a66343 fd414343815c4170a3c43aa10e8401c5 - - default default] Method 'is_advsvc' is deprecated since 2023.2 release (neutron-lib 3.8.0) and will be removed once support for the old RBAC API policies will be removed from Neutron. Please use method 'is_service_role' instead.
2026-06-15 21:10:48.197 8 INFO neutron.wsgi [None req-914b30f8-d05d-4c4c-a448-9b2c183db821 02c483f2c71b40049f6426e7be3bf830 4757db5deaf148efa16df8671337096c - - default default] 10.0.0.34 "PUT /v2.0/subnetpools/1706fe6c-5f27-4ea7-acf2-ac63b1e25edb/tags/black.or.white HTTP/1.1" status: 201 len: 201 time: 0.0633383
2026-06-15 21:10:48.232 8 INFO neutron.wsgi [None req-ae8315b3-0690-47cf-b8aa-302a6e779402 02c483f2c71b40049f6426e7be3bf830 4757db5deaf148efa16df8671337096c - - default default] 10.0.0.34 "GET /v2.0/subnetpools/1706fe6c-5f27-4ea7-acf2-ac63b1e25edb/tags HTTP/1.1" status: 200 len: 245 time: 0.0272799
2026-06-15 21:10:48.280 9 INFO neutron.db.segments_db [None req-95f4f837-c781-4023-9212-fe4268beb42d 4fa34ad8b4694813a34369b989a66343 fd414343815c4170a3c43aa10e8401c5 - - default default] Added segment 3a30290f-b1a8-49d1-822f-5ba5c6d31339 of type geneve for network 2e775b7a-a0b7-43b2-b254-c4494cd19f55
2026-06-15 21:10:48.286 9 INFO neutron.wsgi [None req-64d31488-5617-4836-97cb-91497f7f70c6 02c483f2c71b40049f6426e7be3bf830 4757db5deaf148efa16df8671337096c - - default default] 10.0.0.34 "PUT /v2.0/subnetpools/1706fe6c-5f27-4ea7-acf2-ac63b1e25edb/tags HTTP/1.1" status: 200 len: 230 time: 0.0507698
2026-06-15 21:10:48.318 8 INFO neutron.wsgi [None req-3c1f4430-46e8-4f76-abf8-71c1ac0fa138 16049499037247f891209e11e0919d75 edf670acb5a94913ab96484e9e760b28 - - default default] 10.0.0.34 "PUT /v2.0/routers/8bbe27b6-a6e1-4ee3-8de3-151f4bad2414/remove_router_interface HTTP/1.1" status: 200 len: 503 time: 1.2383342 /var/lib/openstack/lib/python3.10/site-packages/pycadf/identifier.py:71: UserWarning: Invalid uuid: neutron. To ensure interoperability, identifiers should be a valid uuid. warnings.warn(('Invalid uuid: %s. To ensure interoperability, '
2026-06-15 21:10:48.344 9 INFO neutron.wsgi [None req-74d41800-1e4e-4715-ae27-1ac429022457 02c483f2c71b40049f6426e7be3bf830 4757db5deaf148efa16df8671337096c - - default default] 10.0.0.34 "GET /v2.0/subnetpools/1706fe6c-5f27-4ea7-acf2-ac63b1e25edb/tags HTTP/1.1" status: 200 len: 230 time: 0.0479069
2026-06-15 21:10:48.391 9 INFO neutron.wsgi [None req-266b9b77-9d3f-48e3-a63c-e49bbe809a81 02c483f2c71b40049f6426e7be3bf830 4757db5deaf148efa16df8671337096c - - default default] 10.0.0.34 "GET /v2.0/subnetpools/1706fe6c-5f27-4ea7-acf2-ac63b1e25edb/tags/red HTTP/1.1" status: 204 len: 168 time: 0.0379176
2026-06-15 21:10:48.465 9 INFO neutron.api.v2.resource [None req-3ca90356-5982-45bf-aa0e-683aacf63304 02c483f2c71b40049f6426e7be3bf830 4757db5deaf148efa16df8671337096c - - default default] show failed (client error): The resource could not be found.
2026-06-15 21:10:48.467 9 INFO neutron.wsgi [None req-3ca90356-5982-45bf-aa0e-683aacf63304 02c483f2c71b40049f6426e7be3bf830 4757db5deaf148efa16df8671337096c - - default default] 10.0.0.34 "GET /v2.0/subnetpools/1706fe6c-5f27-4ea7-acf2-ac63b1e25edb/tags/green HTTP/1.1" status: 404 len: 299 time: 0.0673554
2026-06-15 21:10:48.480 9 INFO neutron.db.ovn_revision_numbers_db [None req-95f4f837-c781-4023-9212-fe4268beb42d 4fa34ad8b4694813a34369b989a66343 fd414343815c4170a3c43aa10e8401c5 - - default default] Successfully bumped revision number for resource 2e775b7a-a0b7-43b2-b254-c4494cd19f55 (type: networks) to 1
2026-06-15 21:10:48.544 9 INFO neutron.wsgi [None req-2ad32195-797d-4d6d-8be1-f7a374b88712 02c483f2c71b40049f6426e7be3bf830 4757db5deaf148efa16df8671337096c - - default default] 10.0.0.34 "DELETE /v2.0/subnetpools/1706fe6c-5f27-4ea7-acf2-ac63b1e25edb/tags/red HTTP/1.1" status: 204 len: 168 time: 0.0708890
2026-06-15 21:10:48.595 9 INFO neutron.wsgi [None req-4e5126d1-2698-4c3c-9696-623b9c3f6a5f 02c483f2c71b40049f6426e7be3bf830 4757db5deaf148efa16df8671337096c - - default default] 10.0.0.34 "GET /v2.0/subnetpools/1706fe6c-5f27-4ea7-acf2-ac63b1e25edb/tags HTTP/1.1" status: 200 len: 223 time: 0.0444205
2026-06-15 21:10:48.653 9 INFO neutron.api.v2.resource [None req-19713323-e4ae-406f-bcb2-cea06c38de20 02c483f2c71b40049f6426e7be3bf830 4757db5deaf148efa16df8671337096c - - default default] delete failed (client error): The resource could not be found.
2026-06-15 21:10:48.654 9 INFO neutron.wsgi [None req-19713323-e4ae-406f-bcb2-cea06c38de20 02c483f2c71b40049f6426e7be3bf830 4757db5deaf148efa16df8671337096c - - default default] 10.0.0.34 "DELETE /v2.0/subnetpools/1706fe6c-5f27-4ea7-acf2-ac63b1e25edb/tags/green HTTP/1.1" status: 404 len: 299 time: 0.0520022
2026-06-15 21:10:48.712 8 INFO neutron.wsgi [None req-c4af0977-9cad-4f2e-a8fd-d96face65b5c 02c483f2c71b40049f6426e7be3bf830 4757db5deaf148efa16df8671337096c - - default default] 10.0.0.34 "DELETE /v2.0/subnetpools/1706fe6c-5f27-4ea7-acf2-ac63b1e25edb/tags HTTP/1.1" status: 204 len: 168 time: 0.0517585
2026-06-15 21:10:48.749 9 WARNING neutron.scheduler.dhcp_agent_scheduler [None req-95f4f837-c781-4023-9212-fe4268beb42d 4fa34ad8b4694813a34369b989a66343 fd414343815c4170a3c43aa10e8401c5 - - default default] No more DHCP agents
2026-06-15 21:10:48.755 9 WARNING neutron.api.rpc.agentnotifiers.dhcp_rpc_agent_api [None req-95f4f837-c781-4023-9212-fe4268beb42d 4fa34ad8b4694813a34369b989a66343 fd414343815c4170a3c43aa10e8401c5 - - default default] Unable to schedule network 2e775b7a-a0b7-43b2-b254-c4494cd19f55: no agents available; will retry on subsequent port and subnet creation events.
2026-06-15 21:10:48.769 9 INFO neutron.wsgi [None req-b24f0453-2ae0-418c-b6d3-c05cc9b003a3 02c483f2c71b40049f6426e7be3bf830 4757db5deaf148efa16df8671337096c - - default default] 10.0.0.34 "GET /v2.0/subnetpools/1706fe6c-5f27-4ea7-acf2-ac63b1e25edb/tags HTTP/1.1" status: 200 len: 205 time: 0.0511725
2026-06-15 21:10:48.851 8 INFO neutron.wsgi [None req-13c10715-66fe-49b9-b48d-0a4c58e528f6 02c483f2c71b40049f6426e7be3bf830 4757db5deaf148efa16df8671337096c - - default default] 10.0.0.34 "DELETE /v2.0/subnetpools/1706fe6c-5f27-4ea7-acf2-ac63b1e25edb HTTP/1.1" status: 204 len: 168 time: 0.0747089
2026-06-15 21:10:48.856 9 INFO neutron.db.ovn_revision_numbers_db [None req-95f4f837-c781-4023-9212-fe4268beb42d 4fa34ad8b4694813a34369b989a66343 fd414343815c4170a3c43aa10e8401c5 - - default default] Successfully bumped revision number for resource bafbb5ce-8f85-4756-b6cf-44f2c76bd4c8 (type: ports) to 1
2026-06-15 21:10:48.882 9 INFO neutron.wsgi [None req-95f4f837-c781-4023-9212-fe4268beb42d 4fa34ad8b4694813a34369b989a66343 fd414343815c4170a3c43aa10e8401c5 - - default default] 10.0.0.34 "POST /v2.0/networks HTTP/1.1" status: 201 len: 829 time: 0.7239280
2026-06-15 21:10:48.893 9 WARNING neutron_lib.context [None req-d49a9ea5-59aa-4296-8bc8-66a294039f90 4fa34ad8b4694813a34369b989a66343 fd414343815c4170a3c43aa10e8401c5 - - default default] Method 'is_advsvc' is deprecated since 2023.2 release (neutron-lib 3.8.0) and will be removed once support for the old RBAC API policies will be removed from Neutron. Please use method 'is_service_role' instead.
2026-06-15 21:10:49.140 9 WARNING neutron.scheduler.dhcp_agent_scheduler [None req-d49a9ea5-59aa-4296-8bc8-66a294039f90 4fa34ad8b4694813a34369b989a66343 fd414343815c4170a3c43aa10e8401c5 - - default default] No more DHCP agents
2026-06-15 21:10:49.143 9 WARNING neutron.api.rpc.agentnotifiers.dhcp_rpc_agent_api [None req-d49a9ea5-59aa-4296-8bc8-66a294039f90 4fa34ad8b4694813a34369b989a66343 fd414343815c4170a3c43aa10e8401c5 - - default default] Unable to schedule network 2e775b7a-a0b7-43b2-b254-c4494cd19f55: no agents available; will retry on subsequent port and subnet creation events.
2026-06-15 21:10:49.230 9 INFO neutron.db.ovn_revision_numbers_db [None req-d49a9ea5-59aa-4296-8bc8-66a294039f90 4fa34ad8b4694813a34369b989a66343 fd414343815c4170a3c43aa10e8401c5 - - default default] Successfully bumped revision number for resource 4230f90e-b366-4883-bc1c-01d4ca1dfc8b (type: ports) to 1
2026-06-15 21:10:49.254 9 INFO neutron.wsgi [None req-d49a9ea5-59aa-4296-8bc8-66a294039f90 4fa34ad8b4694813a34369b989a66343 fd414343815c4170a3c43aa10e8401c5 - - default default] 10.0.0.34 "POST /v2.0/ports HTTP/1.1" status: 201 len: 942 time: 0.3660185 /var/lib/openstack/lib/python3.10/site-packages/pycadf/identifier.py:71: UserWarning: Invalid uuid: neutron. To ensure interoperability, identifiers should be a valid uuid. warnings.warn(('Invalid uuid: %s. To ensure interoperability, '
2026-06-15 21:10:49.264 9 WARNING neutron_lib.context [None req-e5345a47-0f3d-4a2b-8751-bbad163ac190 4fa34ad8b4694813a34369b989a66343 fd414343815c4170a3c43aa10e8401c5 - - default default] Method 'is_advsvc' is deprecated since 2023.2 release (neutron-lib 3.8.0) and will be removed once support for the old RBAC API policies will be removed from Neutron. Please use method 'is_service_role' instead.
2026-06-15 21:10:49.362 9 INFO neutron.db.segments_db [None req-e5345a47-0f3d-4a2b-8751-bbad163ac190 4fa34ad8b4694813a34369b989a66343 fd414343815c4170a3c43aa10e8401c5 - - default default] Added segment 6e6dee65-1b5b-4f30-9447-1c5565da7282 of type geneve for network c86aa990-1a88-4e79-b744-f20935a8a487
2026-06-15 21:10:49.451 8 INFO neutron.wsgi [None req-f2052693-b00d-493c-8ec9-6beaeaed70c8 16049499037247f891209e11e0919d75 edf670acb5a94913ab96484e9e760b28 - - default default] 10.0.0.34 "DELETE /v2.0/routers/8bbe27b6-a6e1-4ee3-8de3-151f4bad2414 HTTP/1.1" status: 204 len: 168 time: 1.1276476
2026-06-15 21:10:49.520 9 INFO neutron.db.ovn_revision_numbers_db [None req-e5345a47-0f3d-4a2b-8751-bbad163ac190 4fa34ad8b4694813a34369b989a66343 fd414343815c4170a3c43aa10e8401c5 - - default default] Successfully bumped revision number for resource c86aa990-1a88-4e79-b744-f20935a8a487 (type: networks) to 1
2026-06-15 21:10:49.565 8 INFO neutron.wsgi [None req-c7a85133-5176-4f65-bed1-cb1402401f8c 16049499037247f891209e11e0919d75 edf670acb5a94913ab96484e9e760b28 - - default default] 10.0.0.34 "GET /v2.0/routers/f29c75d5-7dc9-4687-804b-a2182bcbb2c2 HTTP/1.1" status: 200 len: 1136 time: 0.1076391
2026-06-15 21:10:49.720 9 WARNING neutron.scheduler.dhcp_agent_scheduler [None req-e5345a47-0f3d-4a2b-8751-bbad163ac190 4fa34ad8b4694813a34369b989a66343 fd414343815c4170a3c43aa10e8401c5 - - default default] No more DHCP agents
2026-06-15 21:10:49.729 9 WARNING neutron.api.rpc.agentnotifiers.dhcp_rpc_agent_api [None req-e5345a47-0f3d-4a2b-8751-bbad163ac190 4fa34ad8b4694813a34369b989a66343 fd414343815c4170a3c43aa10e8401c5 - - default default] Unable to schedule network c86aa990-1a88-4e79-b744-f20935a8a487: no agents available; will retry on subsequent port and subnet creation events.
2026-06-15 21:10:49.828 9 INFO neutron.db.ovn_revision_numbers_db [None req-e5345a47-0f3d-4a2b-8751-bbad163ac190 4fa34ad8b4694813a34369b989a66343 fd414343815c4170a3c43aa10e8401c5 - - default default] Successfully bumped revision number for resource 88a175c6-3ba8-4ca2-af87-ad5ead4100d0 (type: ports) to 1
2026-06-15 21:10:49.830 8 INFO neutron.db.ovn_revision_numbers_db [None req-d6e1828a-9b40-440b-8399-64c7f318b831 262b6950fd8e42b7a69f9ec0d81f83bf a0c2fdaddc014b4f80713b19e5cc4e72 - - default default] Successfully bumped revision number for resource 9f179e0f-f11b-4ed9-845b-89063d9601b2 (type: security_groups) to 1
2026-06-15 21:10:49.849 9 INFO neutron.wsgi [None req-e5345a47-0f3d-4a2b-8751-bbad163ac190 4fa34ad8b4694813a34369b989a66343 fd414343815c4170a3c43aa10e8401c5 - - default default] 10.0.0.34 "POST /v2.0/networks HTTP/1.1" status: 201 len: 830 time: 0.5901301
2026-06-15 21:10:49.858 9 WARNING neutron_lib.context [None req-5bdf80dd-521b-438a-932b-c5221c0a1079 4fa34ad8b4694813a34369b989a66343 fd414343815c4170a3c43aa10e8401c5 - - default default] Method 'is_advsvc' is deprecated since 2023.2 release (neutron-lib 3.8.0) and will be removed once support for the old RBAC API policies will be removed from Neutron. Please use method 'is_service_role' instead.
2026-06-15 21:10:49.861 8 INFO neutron.db.ovn_revision_numbers_db [None req-d6e1828a-9b40-440b-8399-64c7f318b831 262b6950fd8e42b7a69f9ec0d81f83bf a0c2fdaddc014b4f80713b19e5cc4e72 - - default default] Successfully bumped revision number for resource 37387401-8170-4446-b650-b2bdd97ac924 (type: security_group_rules) to 0
2026-06-15 21:10:49.875 8 INFO neutron.db.ovn_revision_numbers_db [None req-d6e1828a-9b40-440b-8399-64c7f318b831 262b6950fd8e42b7a69f9ec0d81f83bf a0c2fdaddc014b4f80713b19e5cc4e72 - - default default] Successfully bumped revision number for resource aa041034-cee1-4351-8e96-cf7051157bac (type: security_group_rules) to 0
2026-06-15 21:10:49.899 8 INFO neutron.db.ovn_revision_numbers_db [None req-d6e1828a-9b40-440b-8399-64c7f318b831 262b6950fd8e42b7a69f9ec0d81f83bf a0c2fdaddc014b4f80713b19e5cc4e72 - - default default] Successfully bumped revision number for resource ba2454f0-bc1a-4f9c-9eaf-d78a0347ecc8 (type: security_group_rules) to 0
2026-06-15 21:10:49.915 8 INFO neutron.db.ovn_revision_numbers_db [None req-d6e1828a-9b40-440b-8399-64c7f318b831 262b6950fd8e42b7a69f9ec0d81f83bf a0c2fdaddc014b4f80713b19e5cc4e72 - - default default] Successfully bumped revision number for resource fb7e94c0-9ae1-4947-ac16-566f60485060 (type: security_group_rules) to 0
2026-06-15 21:10:49.955 8 INFO neutron.wsgi [None req-d6e1828a-9b40-440b-8399-64c7f318b831 262b6950fd8e42b7a69f9ec0d81f83bf a0c2fdaddc014b4f80713b19e5cc4e72 - - default default] 10.0.0.34 "GET /v2.0/security-groups?tenant_id=a1f21d5c7a714f67bf8ce4b33dc299df&name=default HTTP/1.1" status: 200 len: 3124 time: 0.4142652
2026-06-15 21:10:50.161 9 WARNING neutron.scheduler.dhcp_agent_scheduler [None req-5bdf80dd-521b-438a-932b-c5221c0a1079 4fa34ad8b4694813a34369b989a66343 fd414343815c4170a3c43aa10e8401c5 - - default default] No more DHCP agents
2026-06-15 21:10:50.165 9 WARNING neutron.api.rpc.agentnotifiers.dhcp_rpc_agent_api [None req-5bdf80dd-521b-438a-932b-c5221c0a1079 4fa34ad8b4694813a34369b989a66343 fd414343815c4170a3c43aa10e8401c5 - - default default] Unable to schedule network c86aa990-1a88-4e79-b744-f20935a8a487: no agents available; will retry on subsequent port and subnet creation events.
2026-06-15 21:10:50.267 9 INFO neutron.db.ovn_revision_numbers_db [None req-5bdf80dd-521b-438a-932b-c5221c0a1079 4fa34ad8b4694813a34369b989a66343 fd414343815c4170a3c43aa10e8401c5 - - default default] Successfully bumped revision number for resource a31c017d-19c6-4ed6-ba36-0a0d0ced62e6 (type: ports) to 1
2026-06-15 21:10:50.300 9 INFO neutron.wsgi [None req-5bdf80dd-521b-438a-932b-c5221c0a1079 4fa34ad8b4694813a34369b989a66343 fd414343815c4170a3c43aa10e8401c5 - - default default] 10.0.0.34 "POST /v2.0/ports HTTP/1.1" status: 201 len: 942 time: 0.4471185 /var/lib/openstack/lib/python3.10/site-packages/pycadf/identifier.py:71: UserWarning: Invalid uuid: neutron. To ensure interoperability, identifiers should be a valid uuid. warnings.warn(('Invalid uuid: %s. To ensure interoperability, '
2026-06-15 21:10:50.310 9 WARNING neutron_lib.context [None req-8ea59010-8b95-445a-aecb-71daabbbe444 4fa34ad8b4694813a34369b989a66343 fd414343815c4170a3c43aa10e8401c5 - - default default] Method 'is_advsvc' is deprecated since 2023.2 release (neutron-lib 3.8.0) and will be removed once support for the old RBAC API policies will be removed from Neutron. Please use method 'is_service_role' instead.
2026-06-15 21:10:50.403 9 INFO neutron.db.segments_db [None req-8ea59010-8b95-445a-aecb-71daabbbe444 4fa34ad8b4694813a34369b989a66343 fd414343815c4170a3c43aa10e8401c5 - - default default] Added segment 264573f1-aeba-4715-a244-f1ea105a2844 of type geneve for network 0228eb5d-4314-4381-a049-ab47b9c6a9c2
2026-06-15 21:10:50.544 9 INFO neutron.db.ovn_revision_numbers_db [None req-8ea59010-8b95-445a-aecb-71daabbbe444 4fa34ad8b4694813a34369b989a66343 fd414343815c4170a3c43aa10e8401c5 - - default default] Successfully bumped revision number for resource 0228eb5d-4314-4381-a049-ab47b9c6a9c2 (type: networks) to 1
2026-06-15 21:10:50.594 8 INFO neutron.wsgi [None req-f33ca1e7-a0f2-4b01-9969-58b66a02c3c4 262b6950fd8e42b7a69f9ec0d81f83bf a0c2fdaddc014b4f80713b19e5cc4e72 - - default default] 10.0.0.34 "DELETE /v2.0/security-groups/9f179e0f-f11b-4ed9-845b-89063d9601b2 HTTP/1.1" status: 204 len: 168 time: 0.6328096
2026-06-15 21:10:50.764 9 WARNING neutron.scheduler.dhcp_agent_scheduler [None req-8ea59010-8b95-445a-aecb-71daabbbe444 4fa34ad8b4694813a34369b989a66343 fd414343815c4170a3c43aa10e8401c5 - - default default] No more DHCP agents
2026-06-15 21:10:50.766 9 WARNING neutron.api.rpc.agentnotifiers.dhcp_rpc_agent_api [None req-8ea59010-8b95-445a-aecb-71daabbbe444 4fa34ad8b4694813a34369b989a66343 fd414343815c4170a3c43aa10e8401c5 - - default default] Unable to schedule network 0228eb5d-4314-4381-a049-ab47b9c6a9c2: no agents available; will retry on subsequent port and subnet creation events.
2026-06-15 21:10:50.792 8 INFO neutron.db.ovn_revision_numbers_db [None req-35128dd8-d54b-4bd9-8f36-a6262f63daf0 16049499037247f891209e11e0919d75 edf670acb5a94913ab96484e9e760b28 - - default default] Successfully bumped revision number for resource f29c75d5-7dc9-4687-804b-a2182bcbb2c2 (type: routers) to 5
2026-06-15 21:10:50.798 8 INFO neutron.wsgi [None req-35128dd8-d54b-4bd9-8f36-a6262f63daf0 16049499037247f891209e11e0919d75 edf670acb5a94913ab96484e9e760b28 - - default default] 10.0.0.34 "PUT /v2.0/routers/f29c75d5-7dc9-4687-804b-a2182bcbb2c2 HTTP/1.1" status: 200 len: 1136 time: 1.2273266
2026-06-15 21:10:50.864 9 INFO neutron.db.ovn_revision_numbers_db [None req-8ea59010-8b95-445a-aecb-71daabbbe444 4fa34ad8b4694813a34369b989a66343 fd414343815c4170a3c43aa10e8401c5 - - default default] Successfully bumped revision number for resource 5e8d6ee3-7409-42bb-b49a-41f33ed3a5bc (type: ports) to 1
2026-06-15 21:10:50.887 8 INFO neutron.db.ovn_revision_numbers_db [None req-2de0288d-efb7-4461-9440-bca046c9cf5f 262b6950fd8e42b7a69f9ec0d81f83bf a0c2fdaddc014b4f80713b19e5cc4e72 - - default default] Successfully bumped revision number for resource 4384cf11-b843-414d-8cfc-bdec7376634c (type: security_groups) to 1
2026-06-15 21:10:50.889 9 INFO neutron.wsgi [None req-8ea59010-8b95-445a-aecb-71daabbbe444 4fa34ad8b4694813a34369b989a66343 fd414343815c4170a3c43aa10e8401c5 - - default default] 10.0.0.34 "POST /v2.0/networks HTTP/1.1" status: 201 len: 831 time: 0.5839162
2026-06-15 21:10:50.898 9 WARNING neutron_lib.context [None req-99e84a13-e4ab-42da-a6b9-f6d847e78696 4fa34ad8b4694813a34369b989a66343 fd414343815c4170a3c43aa10e8401c5 - - default default] Method 'is_advsvc' is deprecated since 2023.2 release (neutron-lib 3.8.0) and will be removed once support for the old RBAC API policies will be removed from Neutron. Please use method 'is_service_role' instead.
2026-06-15 21:10:50.902 8 INFO neutron.wsgi [None req-7ac322f3-2b9d-4aae-b132-83b7fda52423 16049499037247f891209e11e0919d75 edf670acb5a94913ab96484e9e760b28 - - default default] 10.0.0.34 "GET /v2.0/ports?device_id=f29c75d5-7dc9-4687-804b-a2182bcbb2c2 HTTP/1.1" status: 200 len: 1144 time: 0.0994372
2026-06-15 21:10:50.911 8 INFO neutron.db.ovn_revision_numbers_db [None req-2de0288d-efb7-4461-9440-bca046c9cf5f 262b6950fd8e42b7a69f9ec0d81f83bf a0c2fdaddc014b4f80713b19e5cc4e72 - - default default] Successfully bumped revision number for resource 3dedea8a-b09a-46cd-b5e8-416398012ec6 (type: security_group_rules) to 0
2026-06-15 21:10:50.940 8 INFO neutron.db.ovn_revision_numbers_db [None req-2de0288d-efb7-4461-9440-bca046c9cf5f 262b6950fd8e42b7a69f9ec0d81f83bf a0c2fdaddc014b4f80713b19e5cc4e72 - - default default] Successfully bumped revision number for resource 51948010-367b-466a-98b3-3cce66d1dc0c (type: security_group_rules) to 0
2026-06-15 21:10:50.963 8 INFO neutron.db.ovn_revision_numbers_db [None req-2de0288d-efb7-4461-9440-bca046c9cf5f 262b6950fd8e42b7a69f9ec0d81f83bf a0c2fdaddc014b4f80713b19e5cc4e72 - - default default] Successfully bumped revision number for resource 8b2559e4-3d22-4532-8c94-671b26e579c4 (type: security_group_rules) to 0
2026-06-15 21:10:50.980 8 INFO neutron.db.ovn_revision_numbers_db [None req-2de0288d-efb7-4461-9440-bca046c9cf5f 262b6950fd8e42b7a69f9ec0d81f83bf a0c2fdaddc014b4f80713b19e5cc4e72 - - default default] Successfully bumped revision number for resource fadcf588-2a38-4169-af1c-ec0999a81ed0 (type: security_group_rules) to 0
2026-06-15 21:10:51.011 8 INFO neutron.wsgi [None req-2de0288d-efb7-4461-9440-bca046c9cf5f 262b6950fd8e42b7a69f9ec0d81f83bf a0c2fdaddc014b4f80713b19e5cc4e72 - - default default] 10.0.0.34 "GET /v2.0/security-groups?tenant_id=4757db5deaf148efa16df8671337096c&name=default HTTP/1.1" status: 200 len: 3124 time: 0.2839513
2026-06-15 21:10:51.181 9 WARNING neutron.scheduler.dhcp_agent_scheduler [None req-99e84a13-e4ab-42da-a6b9-f6d847e78696 4fa34ad8b4694813a34369b989a66343 fd414343815c4170a3c43aa10e8401c5 - - default default] No more DHCP agents
2026-06-15 21:10:51.185 9 WARNING neutron.api.rpc.agentnotifiers.dhcp_rpc_agent_api [None req-99e84a13-e4ab-42da-a6b9-f6d847e78696 4fa34ad8b4694813a34369b989a66343 fd414343815c4170a3c43aa10e8401c5 - - default default] Unable to schedule network 0228eb5d-4314-4381-a049-ab47b9c6a9c2: no agents available; will retry on subsequent port and subnet creation events.
2026-06-15 21:10:51.305 9 INFO neutron.db.ovn_revision_numbers_db [None req-99e84a13-e4ab-42da-a6b9-f6d847e78696 4fa34ad8b4694813a34369b989a66343 fd414343815c4170a3c43aa10e8401c5 - - default default] Successfully bumped revision number for resource 99009bf3-6b9c-4a9a-8e44-0fdb3850e472 (type: ports) to 1
2026-06-15 21:10:51.338 9 INFO neutron.wsgi [None req-99e84a13-e4ab-42da-a6b9-f6d847e78696 4fa34ad8b4694813a34369b989a66343 fd414343815c4170a3c43aa10e8401c5 - - default default] 10.0.0.34 "POST /v2.0/ports HTTP/1.1" status: 201 len: 942 time: 0.4443295 /var/lib/openstack/lib/python3.10/site-packages/pycadf/identifier.py:71: UserWarning: Invalid uuid: neutron. To ensure interoperability, identifiers should be a valid uuid. warnings.warn(('Invalid uuid: %s. To ensure interoperability, '
2026-06-15 21:10:51.349 9 WARNING neutron_lib.context [None req-1f344d84-d212-4d04-bfb6-56dee7bf3985 4fa34ad8b4694813a34369b989a66343 fd414343815c4170a3c43aa10e8401c5 - - default default] Method 'is_advsvc' is deprecated since 2023.2 release (neutron-lib 3.8.0) and will be removed once support for the old RBAC API policies will be removed from Neutron. Please use method 'is_service_role' instead.
2026-06-15 21:10:51.365 9 INFO neutron.wsgi [None req-3a3e2338-36c8-4627-b96c-5bfa67399e05 262b6950fd8e42b7a69f9ec0d81f83bf a0c2fdaddc014b4f80713b19e5cc4e72 - - default default] 10.0.0.34 "DELETE /v2.0/security-groups/4384cf11-b843-414d-8cfc-bdec7376634c HTTP/1.1" status: 204 len: 168 time: 0.3479221
2026-06-15 21:10:51.461 9 INFO neutron.db.segments_db [None req-1f344d84-d212-4d04-bfb6-56dee7bf3985 4fa34ad8b4694813a34369b989a66343 fd414343815c4170a3c43aa10e8401c5 - - default default] Added segment d09ad3ed-0c66-4abc-93f0-f69ca88ed816 of type geneve for network 51fc7d25-72f8-4a86-8add-89cda0e11e0e
2026-06-15 21:10:51.632 9 INFO neutron.db.ovn_revision_numbers_db [None req-1f344d84-d212-4d04-bfb6-56dee7bf3985 4fa34ad8b4694813a34369b989a66343 fd414343815c4170a3c43aa10e8401c5 - - default default] Successfully bumped revision number for resource 51fc7d25-72f8-4a86-8add-89cda0e11e0e (type: networks) to 1
2026-06-15 21:10:51.813 9 WARNING neutron.scheduler.dhcp_agent_scheduler [None req-1f344d84-d212-4d04-bfb6-56dee7bf3985 4fa34ad8b4694813a34369b989a66343 fd414343815c4170a3c43aa10e8401c5 - - default default] No more DHCP agents
2026-06-15 21:10:51.814 9 WARNING neutron.api.rpc.agentnotifiers.dhcp_rpc_agent_api [None req-1f344d84-d212-4d04-bfb6-56dee7bf3985 4fa34ad8b4694813a34369b989a66343 fd414343815c4170a3c43aa10e8401c5 - - default default] Unable to schedule network 51fc7d25-72f8-4a86-8add-89cda0e11e0e: no agents available; will retry on subsequent port and subnet creation events.
2026-06-15 21:10:51.893 9 INFO neutron.db.ovn_revision_numbers_db [None req-1f344d84-d212-4d04-bfb6-56dee7bf3985 4fa34ad8b4694813a34369b989a66343 fd414343815c4170a3c43aa10e8401c5 - - default default] Successfully bumped revision number for resource bcc835ef-c311-42f5-9bc0-e18e2ec1b430 (type: ports) to 1
2026-06-15 21:10:51.915 9 INFO neutron.wsgi [None req-1f344d84-d212-4d04-bfb6-56dee7bf3985 4fa34ad8b4694813a34369b989a66343 fd414343815c4170a3c43aa10e8401c5 - - default default] 10.0.0.34 "POST /v2.0/networks HTTP/1.1" status: 201 len: 831 time: 0.5718777
2026-06-15 21:10:51.923 9 WARNING neutron_lib.context [None req-dc4cf376-649e-4c8d-875d-483fd667632e 4fa34ad8b4694813a34369b989a66343 fd414343815c4170a3c43aa10e8401c5 - - default default] Method 'is_advsvc' is deprecated since 2023.2 release (neutron-lib 3.8.0) and will be removed once support for the old RBAC API policies will be removed from Neutron. Please use method 'is_service_role' instead.
