2026-06-15 21:09:48.735 9 INFO neutron.db.securitygroups_db [None req-79a605b7-8d94-4349-957b-0cf8a766874f 3609009d6cbd47db873a502cfb5ac169 edc0aadc5b5547978e0107e0f2681de2 - - default default] Project edc0aadc5b5547978e0107e0f2681de2 added a security group rule with legacy IPv6 ICMP protocol name icmp, ipv6-icmp should be used instead. It was automatically converted.
2026-06-15 21:09:48.791 9 WARNING neutron.scheduler.dhcp_agent_scheduler [None req-858aec64-d14e-4941-aa2a-335787a337f9 c2774059a80a4175b37ee2d5961fb277 c96ffb1f84c9437594718c88cf41cefb - - default default] No more DHCP agents
2026-06-15 21:09:48.794 9 WARNING neutron.api.rpc.agentnotifiers.dhcp_rpc_agent_api [None req-858aec64-d14e-4941-aa2a-335787a337f9 c2774059a80a4175b37ee2d5961fb277 c96ffb1f84c9437594718c88cf41cefb - - default default] Unable to schedule network fd2ce4dd-2c83-4c63-a8f7-b9801cd26301: no agents available; will retry on subsequent port and subnet creation events.
2026-06-15 21:09:48.878 9 INFO neutron.db.ovn_revision_numbers_db [None req-79a605b7-8d94-4349-957b-0cf8a766874f 3609009d6cbd47db873a502cfb5ac169 edc0aadc5b5547978e0107e0f2681de2 - - default default] Successfully bumped revision number for resource 9e8473e2-9a6b-4948-b8ad-0ea36971a1b8 (type: security_group_rules) to 0
2026-06-15 21:09:48.890 9 INFO neutron.db.ovn_revision_numbers_db [None req-858aec64-d14e-4941-aa2a-335787a337f9 c2774059a80a4175b37ee2d5961fb277 c96ffb1f84c9437594718c88cf41cefb - - default default] Successfully bumped revision number for resource 254d4dbb-6979-4c75-a428-4d13f14978f1 (type: ports) to 1
2026-06-15 21:09:48.906 9 INFO neutron.wsgi [None req-79a605b7-8d94-4349-957b-0cf8a766874f 3609009d6cbd47db873a502cfb5ac169 edc0aadc5b5547978e0107e0f2681de2 - - default default] 10.0.0.34 "POST /v2.0/security-group-rules HTTP/1.1" status: 201 len: 806 time: 0.2232206
2026-06-15 21:09:48.914 9 INFO neutron.wsgi [None req-858aec64-d14e-4941-aa2a-335787a337f9 c2774059a80a4175b37ee2d5961fb277 c96ffb1f84c9437594718c88cf41cefb - - default default] 10.0.0.34 "POST /v2.0/ports HTTP/1.1" status: 201 len: 942 time: 0.4697440 /var/lib/openstack/lib/python3.10/site-packages/pycadf/identifier.py:71: UserWarning: Invalid uuid: neutron. To ensure interoperability, identifiers should be a valid uuid. warnings.warn(('Invalid uuid: %s. To ensure interoperability, '
2026-06-15 21:09:48.917 9 WARNING neutron_lib.context [None req-c0d18c86-c4d7-4355-b6b8-132a92540604 3609009d6cbd47db873a502cfb5ac169 edc0aadc5b5547978e0107e0f2681de2 - - default default] Method 'is_advsvc' is deprecated since 2023.2 release (neutron-lib 3.8.0) and will be removed once support for the old RBAC API policies will be removed from Neutron. Please use method 'is_service_role' instead.
2026-06-15 21:09:48.922 9 WARNING neutron_lib.context [None req-283766da-46ca-4c78-a655-4bc6ba029023 c2774059a80a4175b37ee2d5961fb277 c96ffb1f84c9437594718c88cf41cefb - - default default] Method 'is_advsvc' is deprecated since 2023.2 release (neutron-lib 3.8.0) and will be removed once support for the old RBAC API policies will be removed from Neutron. Please use method 'is_service_role' instead.
2026-06-15 21:09:48.970 9 INFO neutron.db.securitygroups_db [None req-c0d18c86-c4d7-4355-b6b8-132a92540604 3609009d6cbd47db873a502cfb5ac169 edc0aadc5b5547978e0107e0f2681de2 - - default default] Project edc0aadc5b5547978e0107e0f2681de2 added a security group rule with legacy IPv6 ICMP protocol name icmp, ipv6-icmp should be used instead. It was automatically converted.
2026-06-15 21:09:48.999 8 WARNING neutron.scheduler.dhcp_agent_scheduler [None req-36d4a4dd-4df2-4365-b726-3ea7451be7f3 ddbe79657123440c87ab88d01dad771d c1a1f2b802804cb6b35cbd6d6e8f33a3 - - default default] No more DHCP agents
2026-06-15 21:09:49.002 8 WARNING neutron.api.rpc.agentnotifiers.dhcp_rpc_agent_api [None req-36d4a4dd-4df2-4365-b726-3ea7451be7f3 ddbe79657123440c87ab88d01dad771d c1a1f2b802804cb6b35cbd6d6e8f33a3 - - default default] Unable to schedule network 67aac509-6b01-46ef-8bd1-ae0db20a55b4: no agents available; will retry on subsequent port and subnet creation events.
2026-06-15 21:09:49.111 9 INFO neutron.db.ovn_revision_numbers_db [None req-c0d18c86-c4d7-4355-b6b8-132a92540604 3609009d6cbd47db873a502cfb5ac169 edc0aadc5b5547978e0107e0f2681de2 - - default default] Successfully bumped revision number for resource 9228154e-36b0-446d-9249-29a26c81efbd (type: security_group_rules) to 0
2026-06-15 21:09:49.131 9 INFO neutron.wsgi [None req-283766da-46ca-4c78-a655-4bc6ba029023 c2774059a80a4175b37ee2d5961fb277 c96ffb1f84c9437594718c88cf41cefb - - default default] 10.0.0.34 "POST /v2.0/trunks HTTP/1.1" status: 201 len: 608 time: 0.2117679
2026-06-15 21:09:49.139 9 INFO neutron.wsgi [None req-c0d18c86-c4d7-4355-b6b8-132a92540604 3609009d6cbd47db873a502cfb5ac169 edc0aadc5b5547978e0107e0f2681de2 - - default default] 10.0.0.34 "POST /v2.0/security-group-rules HTTP/1.1" status: 201 len: 805 time: 0.2272120
2026-06-15 21:09:49.142 9 WARNING neutron_lib.context [None req-c8dc294a-186e-43aa-a3de-1d9d3ac50d37 c2774059a80a4175b37ee2d5961fb277 c96ffb1f84c9437594718c88cf41cefb - - default default] Method 'is_advsvc' is deprecated since 2023.2 release (neutron-lib 3.8.0) and will be removed once support for the old RBAC API policies will be removed from Neutron. Please use method 'is_service_role' instead.
2026-06-15 21:09:49.227 9 INFO neutron.db.segments_db [None req-c8dc294a-186e-43aa-a3de-1d9d3ac50d37 c2774059a80a4175b37ee2d5961fb277 c96ffb1f84c9437594718c88cf41cefb - - default default] Added segment 944628b7-7ed9-455f-b255-bf2f75113229 of type geneve for network 22c2bac5-c717-4752-a17c-d87c2e1e4eee
2026-06-15 21:09:49.251 8 INFO neutron.db.ovn_revision_numbers_db [None req-36d4a4dd-4df2-4365-b726-3ea7451be7f3 ddbe79657123440c87ab88d01dad771d c1a1f2b802804cb6b35cbd6d6e8f33a3 - - default default] Successfully bumped revision number for resource 612c95d0-fafe-4d60-9695-505760362cf9 (type: ports) to 1
2026-06-15 21:09:49.354 9 INFO neutron.db.ovn_revision_numbers_db [None req-c8dc294a-186e-43aa-a3de-1d9d3ac50d37 c2774059a80a4175b37ee2d5961fb277 c96ffb1f84c9437594718c88cf41cefb - - default default] Successfully bumped revision number for resource 22c2bac5-c717-4752-a17c-d87c2e1e4eee (type: networks) to 1
2026-06-15 21:09:49.539 9 WARNING neutron.scheduler.dhcp_agent_scheduler [None req-c8dc294a-186e-43aa-a3de-1d9d3ac50d37 c2774059a80a4175b37ee2d5961fb277 c96ffb1f84c9437594718c88cf41cefb - - default default] No more DHCP agents
2026-06-15 21:09:49.542 9 WARNING neutron.api.rpc.agentnotifiers.dhcp_rpc_agent_api [None req-c8dc294a-186e-43aa-a3de-1d9d3ac50d37 c2774059a80a4175b37ee2d5961fb277 c96ffb1f84c9437594718c88cf41cefb - - default default] Unable to schedule network 22c2bac5-c717-4752-a17c-d87c2e1e4eee: no agents available; will retry on subsequent port and subnet creation events.
2026-06-15 21:09:49.590 9 WARNING neutron.plugins.ml2.drivers.ovn.mech_driver.ovsdb.ovn_client [None req-4931acb0-aaf8-4197-8a6e-4d24e2e00f6a - - - - - -] No port found with ID 52c6fb4e-31c2-464b-acec-29526ef6b693: RuntimeError: No port found with ID 52c6fb4e-31c2-464b-acec-29526ef6b693
2026-06-15 21:09:49.630 9 INFO neutron.db.ovn_revision_numbers_db [None req-c8dc294a-186e-43aa-a3de-1d9d3ac50d37 c2774059a80a4175b37ee2d5961fb277 c96ffb1f84c9437594718c88cf41cefb - - default default] Successfully bumped revision number for resource 6fdce6cf-7a02-4a02-b895-3ae269f422c7 (type: ports) to 1
2026-06-15 21:09:49.652 9 INFO neutron.wsgi [None req-c8dc294a-186e-43aa-a3de-1d9d3ac50d37 c2774059a80a4175b37ee2d5961fb277 c96ffb1f84c9437594718c88cf41cefb - - default default] 10.0.0.34 "POST /v2.0/networks HTTP/1.1" status: 201 len: 831 time: 0.5163131
2026-06-15 21:09:49.660 9 WARNING neutron_lib.context [None req-b149dd2d-7eca-4ecf-8bb2-9d727b58c2ed c2774059a80a4175b37ee2d5961fb277 c96ffb1f84c9437594718c88cf41cefb - - default default] Method 'is_advsvc' is deprecated since 2023.2 release (neutron-lib 3.8.0) and will be removed once support for the old RBAC API policies will be removed from Neutron. Please use method 'is_service_role' instead.
2026-06-15 21:09:49.801 9 INFO neutron.wsgi [None req-02449fd5-1c4c-497c-bd82-d2829303399c 3609009d6cbd47db873a502cfb5ac169 edc0aadc5b5547978e0107e0f2681de2 - - default default] 10.0.0.34 "GET /v2.0/networks HTTP/1.1" status: 200 len: 1492 time: 0.1549184
2026-06-15 21:09:49.909 8 INFO neutron.db.ovn_revision_numbers_db [None req-53c7aca1-ed97-4416-8f69-7e304c0159ad 16049499037247f891209e11e0919d75 edf670acb5a94913ab96484e9e760b28 - - default default] Successfully bumped revision number for resource 8bbe27b6-a6e1-4ee3-8de3-151f4bad2414 (type: routers) to 5
2026-06-15 21:09:49.921 9 WARNING neutron.scheduler.dhcp_agent_scheduler [None req-b149dd2d-7eca-4ecf-8bb2-9d727b58c2ed c2774059a80a4175b37ee2d5961fb277 c96ffb1f84c9437594718c88cf41cefb - - default default] No more DHCP agents
2026-06-15 21:09:49.923 9 WARNING neutron.api.rpc.agentnotifiers.dhcp_rpc_agent_api [None req-b149dd2d-7eca-4ecf-8bb2-9d727b58c2ed c2774059a80a4175b37ee2d5961fb277 c96ffb1f84c9437594718c88cf41cefb - - default default] Unable to schedule network 22c2bac5-c717-4752-a17c-d87c2e1e4eee: no agents available; will retry on subsequent port and subnet creation events.
2026-06-15 21:09:49.944 8 INFO neutron.wsgi [req-44a26afe-009d-4ec8-acd0-ae436b303e60 req-d8252617-9eaf-4580-87c6-9c0b7ece1d68 3609009d6cbd47db873a502cfb5ac169 edc0aadc5b5547978e0107e0f2681de2 - - default default] 10.0.0.69 "GET /v2.0/security-groups?name=tempest-secgroup-smoke-1028017211&fields=id&tenant_id=edc0aadc5b5547978e0107e0f2681de2 HTTP/1.1" status: 200 len: 267 time: 0.0739331
2026-06-15 21:09:49.977 8 INFO neutron.wsgi [None req-53c7aca1-ed97-4416-8f69-7e304c0159ad 16049499037247f891209e11e0919d75 edf670acb5a94913ab96484e9e760b28 - - default default] 10.0.0.34 "POST /v2.0/vpn/ipsec-site-connections HTTP/1.1" status: 201 len: 1001 time: 1.6729069 /var/lib/openstack/lib/python3.10/site-packages/pycadf/identifier.py:71: UserWarning: Invalid uuid: neutron. To ensure interoperability, identifiers should be a valid uuid. warnings.warn(('Invalid uuid: %s. To ensure interoperability, '
2026-06-15 21:09:49.987 9 WARNING neutron_lib.context [None req-fd6f930d-75e4-475d-80be-8fe1f1e54a6f 16049499037247f891209e11e0919d75 edf670acb5a94913ab96484e9e760b28 - - default default] Method 'is_advsvc' is deprecated since 2023.2 release (neutron-lib 3.8.0) and will be removed once support for the old RBAC API policies will be removed from Neutron. Please use method 'is_service_role' instead.
2026-06-15 21:09:50.005 9 INFO neutron.db.ovn_revision_numbers_db [None req-b149dd2d-7eca-4ecf-8bb2-9d727b58c2ed c2774059a80a4175b37ee2d5961fb277 c96ffb1f84c9437594718c88cf41cefb - - default default] Successfully bumped revision number for resource 8d1c591a-e89f-44a5-8565-76f1b10eb532 (type: ports) to 1
2026-06-15 21:09:50.031 9 INFO neutron.wsgi [None req-b149dd2d-7eca-4ecf-8bb2-9d727b58c2ed c2774059a80a4175b37ee2d5961fb277 c96ffb1f84c9437594718c88cf41cefb - - default default] 10.0.0.34 "POST /v2.0/ports HTTP/1.1" status: 201 len: 942 time: 0.3751078
2026-06-15 21:09:50.034 9 INFO neutron.wsgi [None req-fd6f930d-75e4-475d-80be-8fe1f1e54a6f 16049499037247f891209e11e0919d75 edf670acb5a94913ab96484e9e760b28 - - default default] 10.0.0.34 "POST /v2.0/vpn/endpoint-groups HTTP/1.1" status: 201 len: 489 time: 0.0515511
2026-06-15 21:09:50.044 9 WARNING neutron_lib.context [None req-6a8b2022-67be-4835-8322-0d1220eeb87a c2774059a80a4175b37ee2d5961fb277 c96ffb1f84c9437594718c88cf41cefb - - default default] Method 'is_advsvc' is deprecated since 2023.2 release (neutron-lib 3.8.0) and will be removed once support for the old RBAC API policies will be removed from Neutron. Please use method 'is_service_role' instead.
2026-06-15 21:09:50.082 8 INFO neutron.wsgi [req-44a26afe-009d-4ec8-acd0-ae436b303e60 req-074b007d-0d86-4617-b21d-23c83d1a9714 3609009d6cbd47db873a502cfb5ac169 edc0aadc5b5547978e0107e0f2681de2 - - default default] 10.0.0.69 "GET /v2.0/networks?id=6b648754-5c28-44c1-a6bc-91a6ca89684f HTTP/1.1" status: 200 len: 859 time: 0.1284299
2026-06-15 21:09:50.089 8 INFO neutron.wsgi [None req-c3824b11-6d82-4c3a-8263-b68e0a632f1a 16049499037247f891209e11e0919d75 edf670acb5a94913ab96484e9e760b28 - - default default] 10.0.0.34 "DELETE /v2.0/vpn/endpoint-groups/e0acc062-a781-4286-aed1-5627275a780f HTTP/1.1" status: 204 len: 168 time: 0.0481017
2026-06-15 21:09:50.102 8 INFO neutron.wsgi [req-44a26afe-009d-4ec8-acd0-ae436b303e60 req-c8df9cac-b6c7-4ca9-ae20-f382aa0e7fe5 3609009d6cbd47db873a502cfb5ac169 edc0aadc5b5547978e0107e0f2681de2 - - default default] 10.0.0.69 "GET /v2.0/quotas/edc0aadc5b5547978e0107e0f2681de2 HTTP/1.1" status: 200 len: 491 time: 0.0121725
2026-06-15 21:09:50.106 9 INFO neutron.wsgi [None req-9d5ce7e4-aa54-4b26-acae-11c2246c0da8 16049499037247f891209e11e0919d75 edf670acb5a94913ab96484e9e760b28 - - default default] 10.0.0.34 "GET /v2.0/vpn/endpoint-groups HTTP/1.1" status: 200 len: 828 time: 0.0120864
2026-06-15 21:09:50.130 9 INFO neutron.wsgi [None req-be8e0c43-aabc-497d-af72-07df6d8bf4ae 16049499037247f891209e11e0919d75 edf670acb5a94913ab96484e9e760b28 - - default default] 10.0.0.34 "GET /v2.0/vpn/endpoint-groups HTTP/1.1" status: 200 len: 828 time: 0.0205989
2026-06-15 21:09:50.246 8 INFO neutron.wsgi [req-44a26afe-009d-4ec8-acd0-ae436b303e60 req-12811589-2f56-4d4b-ba96-e35831a677cf 3609009d6cbd47db873a502cfb5ac169 edc0aadc5b5547978e0107e0f2681de2 - - default default] 10.0.0.69 "GET /v2.0/ports?tenant_id=edc0aadc5b5547978e0107e0f2681de2&fields=id HTTP/1.1" status: 200 len: 348 time: 0.1256783
2026-06-15 21:09:50.258 9 INFO neutron.wsgi [None req-6a8b2022-67be-4835-8322-0d1220eeb87a c2774059a80a4175b37ee2d5961fb277 c96ffb1f84c9437594718c88cf41cefb - - default default] 10.0.0.34 "POST /v2.0/trunks HTTP/1.1" status: 201 len: 608 time: 0.2173018
2026-06-15 21:09:50.268 9 WARNING neutron_lib.context [None req-def32d5c-b3ec-4931-9f9f-a7918da005b3 c2774059a80a4175b37ee2d5961fb277 c96ffb1f84c9437594718c88cf41cefb - - default default] Method 'is_advsvc' is deprecated since 2023.2 release (neutron-lib 3.8.0) and will be removed once support for the old RBAC API policies will be removed from Neutron. Please use method 'is_service_role' instead.
2026-06-15 21:09:50.341 8 INFO neutron.wsgi [req-44a26afe-009d-4ec8-acd0-ae436b303e60 req-e24ddeb1-a3d4-49f2-9c05-c2e55c039fac 2153734f3175476fb34ed7c3b42ed4e1 b68bb3eee8aa4da880698818692f961f - - 5c6c69f538aa47e4be7f1a92d8fac82c 5c6c69f538aa47e4be7f1a92d8fac82c] 10.0.0.69 "GET /v2.0/networks/6b648754-5c28-44c1-a6bc-91a6ca89684f?fields=segments HTTP/1.1" status: 200 len: 212 time: 0.0822637
2026-06-15 21:09:50.351 9 INFO neutron.db.segments_db [None req-def32d5c-b3ec-4931-9f9f-a7918da005b3 c2774059a80a4175b37ee2d5961fb277 c96ffb1f84c9437594718c88cf41cefb - - default default] Added segment 462eb757-760b-49f4-9b23-a6579febebdb of type geneve for network 6b42123c-5442-46b3-9636-ed8eb8511dbe
2026-06-15 21:09:50.433 8 INFO neutron.wsgi [req-44a26afe-009d-4ec8-acd0-ae436b303e60 req-f7742685-ae19-4aed-ad78-c256ae543b5b 2153734f3175476fb34ed7c3b42ed4e1 b68bb3eee8aa4da880698818692f961f - - 5c6c69f538aa47e4be7f1a92d8fac82c 5c6c69f538aa47e4be7f1a92d8fac82c] 10.0.0.69 "GET /v2.0/networks/6b648754-5c28-44c1-a6bc-91a6ca89684f?fields=provider%3Aphysical_network&fields=provider%3Anetwork_type HTTP/1.1" status: 200 len: 277 time: 0.0861027
2026-06-15 21:09:50.472 8 INFO neutron.plugins.ml2.drivers.ovn.mech_driver.ovsdb.commands [None req-6c1db4eb-7d61-4903-8023-be18c16f2831 - - - - - -] Schedule LRP lrp-612c95d0-fafe-4d60-9695-505760362cf9 on gateway 9b915434-f5b4-4f02-b61c-14cb792f14a0 with priority 1
2026-06-15 21:09:50.518 8 INFO neutron.db.ovn_revision_numbers_db [None req-36d4a4dd-4df2-4365-b726-3ea7451be7f3 ddbe79657123440c87ab88d01dad771d c1a1f2b802804cb6b35cbd6d6e8f33a3 - - default default] Successfully bumped revision number for resource 612c95d0-fafe-4d60-9695-505760362cf9 (type: router_ports) to 1
2026-06-15 21:09:50.600 8 INFO neutron.wsgi [req-a8620d7b-a95b-45fd-ba95-c75821616676 req-8337ae00-df6a-475d-abd8-8bf87ef612a8 3609009d6cbd47db873a502cfb5ac169 edc0aadc5b5547978e0107e0f2681de2 - - default default] 10.0.0.69 "GET /v2.0/ports?device_id=56e52d55-d319-4db1-9ef0-e61042cf258d HTTP/1.1" status: 200 len: 210 time: 0.0445855
2026-06-15 21:09:50.644 8 INFO neutron.db.ovn_revision_numbers_db [None req-36d4a4dd-4df2-4365-b726-3ea7451be7f3 ddbe79657123440c87ab88d01dad771d c1a1f2b802804cb6b35cbd6d6e8f33a3 - - default default] Successfully bumped revision number for resource 7712cc9d-92b6-4280-adc5-478b3e461f67 (type: routers) to 2
2026-06-15 21:09:50.670 8 INFO neutron.wsgi [None req-36d4a4dd-4df2-4365-b726-3ea7451be7f3 ddbe79657123440c87ab88d01dad771d c1a1f2b802804cb6b35cbd6d6e8f33a3 - - default default] 10.0.0.34 "POST /v2.0/routers HTTP/1.1" status: 201 len: 1147 time: 2.6730509
2026-06-15 21:09:50.717 8 INFO neutron.wsgi [None req-e7939cc9-bb92-43ea-8b7d-054c7258a235 af686fdfa0154e3494460f3efb53ef75 939eb1f347f54df286e726f8103c1760 - - default default] 10.0.0.34 "POST /v2.0/vpn/ikepolicies HTTP/1.1" status: 201 len: 602 time: 0.1355853
2026-06-15 21:09:50.721 9 INFO neutron.plugins.ml2.drivers.ovn.mech_driver.mech_driver [None req-4931acb0-aaf8-4197-8a6e-4d24e2e00f6a - - - - - -] OVN reports status up for port: 612c95d0-fafe-4d60-9695-505760362cf9
2026-06-15 21:09:50.753 9 INFO neutron.plugins.ml2.plugin [None req-4931acb0-aaf8-4197-8a6e-4d24e2e00f6a - - - - - -] Attempt 1 to provision port 612c95d0-fafe-4d60-9695-505760362cf9
2026-06-15 21:09:50.754 8 INFO neutron.wsgi [None req-97a77108-f8bd-40c9-a844-822217fcf675 ddbe79657123440c87ab88d01dad771d c1a1f2b802804cb6b35cbd6d6e8f33a3 - - default default] 10.0.0.34 "GET /v2.0/routers/7712cc9d-92b6-4280-adc5-478b3e461f67 HTTP/1.1" status: 200 len: 1148 time: 0.0792515
2026-06-15 21:09:50.757 9 INFO neutron.wsgi [None req-f22e87ec-4a48-475d-8ab3-86e7cb6107a5 16049499037247f891209e11e0919d75 edf670acb5a94913ab96484e9e760b28 - - default default] 10.0.0.34 "GET /v2.0/vpn/ikepolicies HTTP/1.1" status: 200 len: 992 time: 0.0306835
2026-06-15 21:09:50.781 9 INFO neutron.db.ovn_revision_numbers_db [None req-def32d5c-b3ec-4931-9f9f-a7918da005b3 c2774059a80a4175b37ee2d5961fb277 c96ffb1f84c9437594718c88cf41cefb - - default default] Successfully bumped revision number for resource 6b42123c-5442-46b3-9636-ed8eb8511dbe (type: networks) to 1
2026-06-15 21:09:50.825 8 INFO neutron.wsgi [None req-52adb1a9-c170-4394-9ec4-962aced1e023 af686fdfa0154e3494460f3efb53ef75 939eb1f347f54df286e726f8103c1760 - - default default] 10.0.0.34 "DELETE /v2.0/vpn/ikepolicies/1858ac58-2421-4ddd-a130-3c23d2c19ff3 HTTP/1.1" status: 204 len: 168 time: 0.0607829
2026-06-15 21:09:50.887 8 INFO neutron.wsgi [None req-ddd90715-f1c0-447b-a9c6-5aee1672d1a7 ddbe79657123440c87ab88d01dad771d c1a1f2b802804cb6b35cbd6d6e8f33a3 - - default default] 10.0.0.34 "GET /v2.0/routers HTTP/1.1" status: 200 len: 1151 time: 0.1281245
2026-06-15 21:09:50.918 9 INFO neutron.wsgi [None req-1552391e-fdd2-4729-82a7-3eece9088d7f af686fdfa0154e3494460f3efb53ef75 939eb1f347f54df286e726f8103c1760 - - default default] 10.0.0.34 "POST /v2.0/vpn/ipsecpolicies HTTP/1.1" status: 201 len: 610 time: 0.0873859
2026-06-15 21:09:50.944 8 INFO neutron.wsgi [None req-b9722212-5525-42f0-a0c7-b66df6cc5958 16049499037247f891209e11e0919d75 edf670acb5a94913ab96484e9e760b28 - - default default] 10.0.0.34 "GET /v2.0/vpn/ipsecpolicies HTTP/1.1" status: 200 len: 1007 time: 0.0197046
2026-06-15 21:09:50.996 8 INFO neutron.wsgi [None req-9d374fb7-bcc1-48c5-a2c2-439c65661762 af686fdfa0154e3494460f3efb53ef75 939eb1f347f54df286e726f8103c1760 - - default default] 10.0.0.34 "DELETE /v2.0/vpn/ipsecpolicies/9d433900-cf51-4e4a-b97e-c2e42920985d HTTP/1.1" status: 204 len: 168 time: 0.0463033
2026-06-15 21:09:51.006 9 WARNING neutron.scheduler.dhcp_agent_scheduler [None req-def32d5c-b3ec-4931-9f9f-a7918da005b3 c2774059a80a4175b37ee2d5961fb277 c96ffb1f84c9437594718c88cf41cefb - - default default] No more DHCP agents
2026-06-15 21:09:51.008 8 WARNING neutron_lib.context [None req-f8f0b730-0089-408a-9d06-755e03b99a7d 16049499037247f891209e11e0919d75 edf670acb5a94913ab96484e9e760b28 - - default default] Method 'is_advsvc' is deprecated since 2023.2 release (neutron-lib 3.8.0) and will be removed once support for the old RBAC API policies will be removed from Neutron. Please use method 'is_service_role' instead.
2026-06-15 21:09:51.011 9 WARNING neutron.api.rpc.agentnotifiers.dhcp_rpc_agent_api [None req-def32d5c-b3ec-4931-9f9f-a7918da005b3 c2774059a80a4175b37ee2d5961fb277 c96ffb1f84c9437594718c88cf41cefb - - default default] Unable to schedule network 6b42123c-5442-46b3-9636-ed8eb8511dbe: no agents available; will retry on subsequent port and subnet creation events.
2026-06-15 21:09:51.121 9 INFO neutron.db.ovn_revision_numbers_db [None req-def32d5c-b3ec-4931-9f9f-a7918da005b3 c2774059a80a4175b37ee2d5961fb277 c96ffb1f84c9437594718c88cf41cefb - - default default] Successfully bumped revision number for resource 5a89c5b6-12fb-48b8-bf99-3ad589d6f9ae (type: ports) to 1
2026-06-15 21:09:51.154 9 INFO neutron.wsgi [None req-def32d5c-b3ec-4931-9f9f-a7918da005b3 c2774059a80a4175b37ee2d5961fb277 c96ffb1f84c9437594718c88cf41cefb - - default default] 10.0.0.34 "POST /v2.0/networks HTTP/1.1" status: 201 len: 830 time: 0.8910396
2026-06-15 21:09:51.157 8 INFO neutron.db.segments_db [None req-f8f0b730-0089-408a-9d06-755e03b99a7d 16049499037247f891209e11e0919d75 edf670acb5a94913ab96484e9e760b28 - - default default] Added segment 6299c1b1-0e3f-4b7f-b807-4a55680dde63 of type geneve for network 386824e8-d89f-41bb-a388-5254b7187133
2026-06-15 21:09:51.167 9 WARNING neutron_lib.context [None req-d212b21a-0b14-4518-937b-653bcbd4f3c3 c2774059a80a4175b37ee2d5961fb277 c96ffb1f84c9437594718c88cf41cefb - - default default] Method 'is_advsvc' is deprecated since 2023.2 release (neutron-lib 3.8.0) and will be removed once support for the old RBAC API policies will be removed from Neutron. Please use method 'is_service_role' instead.
2026-06-15 21:09:51.429 9 WARNING neutron.scheduler.dhcp_agent_scheduler [None req-d212b21a-0b14-4518-937b-653bcbd4f3c3 c2774059a80a4175b37ee2d5961fb277 c96ffb1f84c9437594718c88cf41cefb - - default default] No more DHCP agents
2026-06-15 21:09:51.431 9 WARNING neutron.api.rpc.agentnotifiers.dhcp_rpc_agent_api [None req-d212b21a-0b14-4518-937b-653bcbd4f3c3 c2774059a80a4175b37ee2d5961fb277 c96ffb1f84c9437594718c88cf41cefb - - default default] Unable to schedule network 6b42123c-5442-46b3-9636-ed8eb8511dbe: no agents available; will retry on subsequent port and subnet creation events.
2026-06-15 21:09:51.538 9 INFO neutron.db.ovn_revision_numbers_db [None req-d212b21a-0b14-4518-937b-653bcbd4f3c3 c2774059a80a4175b37ee2d5961fb277 c96ffb1f84c9437594718c88cf41cefb - - default default] Successfully bumped revision number for resource 01dd04a7-a11a-4b1f-afc2-13df3a37748d (type: ports) to 1
2026-06-15 21:09:51.563 9 INFO neutron.wsgi [None req-d212b21a-0b14-4518-937b-653bcbd4f3c3 c2774059a80a4175b37ee2d5961fb277 c96ffb1f84c9437594718c88cf41cefb - - default default] 10.0.0.34 "POST /v2.0/ports HTTP/1.1" status: 201 len: 942 time: 0.4013519 /var/lib/openstack/lib/python3.10/site-packages/pycadf/identifier.py:71: UserWarning: Invalid uuid: neutron. To ensure interoperability, identifiers should be a valid uuid. warnings.warn(('Invalid uuid: %s. To ensure interoperability, '
2026-06-15 21:09:51.577 9 WARNING neutron_lib.context [None req-b09f0502-5cc7-459d-90e7-7af8940b3d83 c2774059a80a4175b37ee2d5961fb277 c96ffb1f84c9437594718c88cf41cefb - - default default] Method 'is_advsvc' is deprecated since 2023.2 release (neutron-lib 3.8.0) and will be removed once support for the old RBAC API policies will be removed from Neutron. Please use method 'is_service_role' instead.
2026-06-15 21:09:51.577 8 INFO neutron.wsgi [req-44a26afe-009d-4ec8-acd0-ae436b303e60 req-5be14315-42e2-4aaa-acb0-d76416b3b2fd 3609009d6cbd47db873a502cfb5ac169 edc0aadc5b5547978e0107e0f2681de2 - - default default] 199.204.45.113 "GET /v2.0/networks?id=6b648754-5c28-44c1-a6bc-91a6ca89684f HTTP/1.1" status: 200 len: 859 time: 0.3647363
2026-06-15 21:09:51.691 8 INFO neutron.db.ovn_revision_numbers_db [None req-f8f0b730-0089-408a-9d06-755e03b99a7d 16049499037247f891209e11e0919d75 edf670acb5a94913ab96484e9e760b28 - - default default] Successfully bumped revision number for resource 386824e8-d89f-41bb-a388-5254b7187133 (type: networks) to 1
2026-06-15 21:09:51.709 8 INFO neutron.wsgi [req-44a26afe-009d-4ec8-acd0-ae436b303e60 req-5be41dbe-0894-4b5c-b1a9-48a1b84903b4 3609009d6cbd47db873a502cfb5ac169 edc0aadc5b5547978e0107e0f2681de2 - - default default] 199.204.45.113 "GET /v2.0/security-groups?fields=id&fields=name&tenant_id=edc0aadc5b5547978e0107e0f2681de2 HTTP/1.1" status: 200 len: 473 time: 0.1186268
2026-06-15 21:09:51.718 8 INFO neutron.wsgi [req-ace64f22-b7e5-4569-bb89-d4293f4d9be8 req-3d8773bc-a7c8-4702-b875-0f90f5119ce1 3609009d6cbd47db873a502cfb5ac169 edc0aadc5b5547978e0107e0f2681de2 - - default default] 10.0.0.69 "GET /v2.0/ports?device_id=56e52d55-d319-4db1-9ef0-e61042cf258d HTTP/1.1" status: 200 len: 210 time: 0.0475159
2026-06-15 21:09:51.727 8 WARNING neutron_lib.context [req-44a26afe-009d-4ec8-acd0-ae436b303e60 req-ab08fda4-5521-459f-8355-b5f5a619fa34 3609009d6cbd47db873a502cfb5ac169 edc0aadc5b5547978e0107e0f2681de2 - - default default] Method 'is_advsvc' is deprecated since 2023.2 release (neutron-lib 3.8.0) and will be removed once support for the old RBAC API policies will be removed from Neutron. Please use method 'is_service_role' instead.
2026-06-15 21:09:51.767 9 INFO neutron.wsgi [None req-b09f0502-5cc7-459d-90e7-7af8940b3d83 c2774059a80a4175b37ee2d5961fb277 c96ffb1f84c9437594718c88cf41cefb - - default default] 10.0.0.34 "POST /v2.0/trunks HTTP/1.1" status: 201 len: 608 time: 0.1971600
2026-06-15 21:09:51.804 9 INFO neutron.wsgi [None req-4b8a3811-3f32-45c4-873d-c6dc088eb37b c2774059a80a4175b37ee2d5961fb277 c96ffb1f84c9437594718c88cf41cefb - - default default] 10.0.0.34 "PUT /v2.0/trunks/44b08824-ca38-4bb8-99e1-000bd74a8d7a/tags HTTP/1.1" status: 200 len: 210 time: 0.0292423
2026-06-15 21:09:51.837 9 INFO neutron.wsgi [None req-34f61303-6bbd-4de6-a5fe-8dc439062769 c2774059a80a4175b37ee2d5961fb277 c96ffb1f84c9437594718c88cf41cefb - - default default] 10.0.0.34 "PUT /v2.0/trunks/40d61f34-ff0f-4f26-a777-c706c360d356/tags HTTP/1.1" status: 200 len: 218 time: 0.0289574
2026-06-15 21:09:51.874 9 INFO neutron.wsgi [None req-b8cef164-729a-48df-8aba-0aa3dbc3d162 c2774059a80a4175b37ee2d5961fb277 c96ffb1f84c9437594718c88cf41cefb - - default default] 10.0.0.34 "PUT /v2.0/trunks/c4d8f8e6-798b-477f-b0a0-ccc67275efb9/tags HTTP/1.1" status: 200 len: 227 time: 0.0310686
2026-06-15 21:09:51.937 9 INFO neutron.wsgi [None req-92aac450-a1c4-4728-8db1-2b207a287b3d c2774059a80a4175b37ee2d5961fb277 c96ffb1f84c9437594718c88cf41cefb - - default default] 10.0.0.34 "PUT /v2.0/trunks/fc7c6b17-1501-474b-8faa-2bf8af9bdb4c/tags HTTP/1.1" status: 200 len: 212 time: 0.0547171
2026-06-15 21:09:51.965 9 INFO neutron.wsgi [None req-d6152619-9bd5-4bcb-bdd5-6dfb19032e3b c2774059a80a4175b37ee2d5961fb277 c96ffb1f84c9437594718c88cf41cefb - - default default] 10.0.0.34 "GET /v2.0/trunks?tags=red HTTP/1.1" status: 200 len: 1447 time: 0.0232010
2026-06-15 21:09:51.995 9 INFO neutron.wsgi [None req-1a9dd3e0-c504-4446-b389-195aee3b3539 c2774059a80a4175b37ee2d5961fb277 c96ffb1f84c9437594718c88cf41cefb - - default default] 10.0.0.34 "GET /v2.0/trunks?tags=red%2Cblue HTTP/1.1" status: 200 len: 1041 time: 0.0241835
2026-06-15 21:09:52.006 8 INFO neutron.db.ovn_revision_numbers_db [None req-de78e10a-6a0a-42e9-bbbe-30ecedeadba1 ddbe79657123440c87ab88d01dad771d c1a1f2b802804cb6b35cbd6d6e8f33a3 - - default default] Successfully bumped revision number for resource 7712cc9d-92b6-4280-adc5-478b3e461f67 (type: routers) to 3
2026-06-15 21:09:52.009 8 WARNING neutron.scheduler.dhcp_agent_scheduler [None req-f8f0b730-0089-408a-9d06-755e03b99a7d 16049499037247f891209e11e0919d75 edf670acb5a94913ab96484e9e760b28 - - default default] No more DHCP agents
2026-06-15 21:09:52.015 8 INFO neutron.wsgi [None req-de78e10a-6a0a-42e9-bbbe-30ecedeadba1 ddbe79657123440c87ab88d01dad771d c1a1f2b802804cb6b35cbd6d6e8f33a3 - - default default] 10.0.0.34 "PUT /v2.0/routers/7712cc9d-92b6-4280-adc5-478b3e461f67 HTTP/1.1" status: 200 len: 1155 time: 1.1209328
2026-06-15 21:09:52.020 8 WARNING neutron.api.rpc.agentnotifiers.dhcp_rpc_agent_api [None req-f8f0b730-0089-408a-9d06-755e03b99a7d 16049499037247f891209e11e0919d75 edf670acb5a94913ab96484e9e760b28 - - default default] Unable to schedule network 386824e8-d89f-41bb-a388-5254b7187133: no agents available; will retry on subsequent port and subnet creation events.
2026-06-15 21:09:52.023 9 INFO neutron.wsgi [None req-c8606d0d-81b2-456d-a3ce-348b105e19cd c2774059a80a4175b37ee2d5961fb277 c96ffb1f84c9437594718c88cf41cefb - - default default] 10.0.0.34 "GET /v2.0/trunks?tags-any=blue HTTP/1.1" status: 200 len: 1041 time: 0.0214815
2026-06-15 21:09:52.051 9 INFO neutron.wsgi [None req-8668eeb4-dbdf-40a3-877d-533884f4a227 c2774059a80a4175b37ee2d5961fb277 c96ffb1f84c9437594718c88cf41cefb - - default default] 10.0.0.34 "GET /v2.0/trunks?tags-any=red%2Cblue HTTP/1.1" status: 200 len: 1447 time: 0.0228829
2026-06-15 21:09:52.079 9 INFO neutron.wsgi [None req-99bc7966-b4d3-4146-abe0-68ffff2b0cce c2774059a80a4175b37ee2d5961fb277 c96ffb1f84c9437594718c88cf41cefb - - default default] 10.0.0.34 "GET /v2.0/trunks?not-tags=red HTTP/1.1" status: 200 len: 1013 time: 0.0195587
2026-06-15 21:09:52.112 9 INFO neutron.wsgi [None req-8aa6e027-a1ad-48b1-b998-fe8cc80113c8 c2774059a80a4175b37ee2d5961fb277 c96ffb1f84c9437594718c88cf41cefb - - default default] 10.0.0.34 "GET /v2.0/trunks?not-tags=red%2Cblue HTTP/1.1" status: 200 len: 1419 time: 0.0255611
2026-06-15 21:09:52.148 8 INFO neutron.wsgi [None req-a947d1c7-3496-4814-b443-159df008623a ddbe79657123440c87ab88d01dad771d c1a1f2b802804cb6b35cbd6d6e8f33a3 - - default default] 10.0.0.34 "GET /v2.0/routers/7712cc9d-92b6-4280-adc5-478b3e461f67 HTTP/1.1" status: 200 len: 1155 time: 0.1260061
2026-06-15 21:09:52.157 9 INFO neutron.wsgi [None req-550409ee-da26-41e2-b730-a6ff268849e2 c2774059a80a4175b37ee2d5961fb277 c96ffb1f84c9437594718c88cf41cefb - - default default] 10.0.0.34 "GET /v2.0/trunks?not-tags-any=blue HTTP/1.1" status: 200 len: 1419 time: 0.0280490
2026-06-15 21:09:52.177 8 INFO neutron.db.ovn_revision_numbers_db [None req-f8f0b730-0089-408a-9d06-755e03b99a7d 16049499037247f891209e11e0919d75 edf670acb5a94913ab96484e9e760b28 - - default default] Successfully bumped revision number for resource b1de2d41-606a-4c3e-83ed-7c0306ddd691 (type: ports) to 1
2026-06-15 21:09:52.191 9 INFO neutron.wsgi [None req-473e4643-db36-480d-b651-2b41c3ffbeda ddbe79657123440c87ab88d01dad771d c1a1f2b802804cb6b35cbd6d6e8f33a3 - - default default] 10.0.0.34 "GET /v2.0/ports?device_id=7712cc9d-92b6-4280-adc5-478b3e461f67 HTTP/1.1" status: 200 len: 205 time: 0.0319712
2026-06-15 21:09:52.195 8 INFO neutron.wsgi [None req-e972f582-124a-4807-97d1-fcb30551f44a c2774059a80a4175b37ee2d5961fb277 c96ffb1f84c9437594718c88cf41cefb - - default default] 10.0.0.34 "GET /v2.0/trunks?not-tags-any=red%2Cblue HTTP/1.1" status: 200 len: 1013 time: 0.0331089
2026-06-15 21:09:52.219 8 INFO neutron.wsgi [None req-f8f0b730-0089-408a-9d06-755e03b99a7d 16049499037247f891209e11e0919d75 edf670acb5a94913ab96484e9e760b28 - - default default] 10.0.0.34 "POST /v2.0/networks HTTP/1.1" status: 201 len: 831 time: 1.2150605
2026-06-15 21:09:52.233 8 INFO neutron.wsgi [None req-32d2b0c6-cf41-4f18-872d-929ba5679bf7 c2774059a80a4175b37ee2d5961fb277 c96ffb1f84c9437594718c88cf41cefb - - default default] 10.0.0.34 "GET /v2.0/trunks/44b08824-ca38-4bb8-99e1-000bd74a8d7a HTTP/1.1" status: 200 len: 608 time: 0.0300295
2026-06-15 21:09:52.233 9 WARNING neutron_lib.context [None req-0ca8dce7-1c6f-42fd-93cb-a0d1ecdf11fd 16049499037247f891209e11e0919d75 edf670acb5a94913ab96484e9e760b28 - - default default] Method 'is_advsvc' is deprecated since 2023.2 release (neutron-lib 3.8.0) and will be removed once support for the old RBAC API policies will be removed from Neutron. Please use method 'is_service_role' instead.
2026-06-15 21:09:52.340 8 WARNING neutron.scheduler.dhcp_agent_scheduler [req-44a26afe-009d-4ec8-acd0-ae436b303e60 req-ab08fda4-5521-459f-8355-b5f5a619fa34 3609009d6cbd47db873a502cfb5ac169 edc0aadc5b5547978e0107e0f2681de2 - - default default] No more DHCP agents
2026-06-15 21:09:52.344 8 WARNING neutron.api.rpc.agentnotifiers.dhcp_rpc_agent_api [req-44a26afe-009d-4ec8-acd0-ae436b303e60 req-ab08fda4-5521-459f-8355-b5f5a619fa34 3609009d6cbd47db873a502cfb5ac169 edc0aadc5b5547978e0107e0f2681de2 - - default default] Unable to schedule network 6b648754-5c28-44c1-a6bc-91a6ca89684f: no agents available; will retry on subsequent port and subnet creation events.
2026-06-15 21:09:52.351 8 INFO neutron.wsgi [None req-bf6ee42c-d901-4b21-be4d-09a65a755dd2 c2774059a80a4175b37ee2d5961fb277 c96ffb1f84c9437594718c88cf41cefb - - default default] 10.0.0.34 "GET /v2.0/ports/bb4d4679-b189-4e27-bfc5-57c2b670cd54 HTTP/1.1" status: 200 len: 1020 time: 0.1134443 /var/lib/openstack/lib/python3.10/site-packages/pycadf/identifier.py:71: UserWarning: Invalid uuid: neutron. To ensure interoperability, identifiers should be a valid uuid. warnings.warn(('Invalid uuid: %s. To ensure interoperability, '
2026-06-15 21:09:52.466 8 INFO neutron.wsgi [None req-2a333781-6c1e-48ed-923f-be71ccdc8268 c2774059a80a4175b37ee2d5961fb277 c96ffb1f84c9437594718c88cf41cefb - - default default] 10.0.0.34 "DELETE /v2.0/trunks/44b08824-ca38-4bb8-99e1-000bd74a8d7a HTTP/1.1" status: 204 len: 168 time: 0.1085131
2026-06-15 21:09:52.492 8 INFO neutron.wsgi [None req-cba52713-6b4b-4ae6-8bc5-69e9a8ddd11a c2774059a80a4175b37ee2d5961fb277 c96ffb1f84c9437594718c88cf41cefb - - default default] 10.0.0.34 "GET /v2.0/trunks/40d61f34-ff0f-4f26-a777-c706c360d356 HTTP/1.1" status: 200 len: 616 time: 0.0207999
2026-06-15 21:09:52.580 8 INFO neutron.db.ovn_revision_numbers_db [req-44a26afe-009d-4ec8-acd0-ae436b303e60 req-ab08fda4-5521-459f-8355-b5f5a619fa34 3609009d6cbd47db873a502cfb5ac169 edc0aadc5b5547978e0107e0f2681de2 - - default default] Successfully bumped revision number for resource 1a779d11-d371-4e89-892d-e68e413ce129 (type: ports) to 1
2026-06-15 21:09:52.588 9 WARNING neutron.scheduler.dhcp_agent_scheduler [None req-0ca8dce7-1c6f-42fd-93cb-a0d1ecdf11fd 16049499037247f891209e11e0919d75 edf670acb5a94913ab96484e9e760b28 - - default default] No more DHCP agents
2026-06-15 21:09:52.593 9 WARNING neutron.api.rpc.agentnotifiers.dhcp_rpc_agent_api [None req-0ca8dce7-1c6f-42fd-93cb-a0d1ecdf11fd 16049499037247f891209e11e0919d75 edf670acb5a94913ab96484e9e760b28 - - default default] Unable to schedule network 386824e8-d89f-41bb-a388-5254b7187133: no agents available; will retry on subsequent port and subnet creation events.
2026-06-15 21:09:52.605 8 INFO neutron.wsgi [None req-61888764-ab02-415e-9c57-e4af42601c1a c2774059a80a4175b37ee2d5961fb277 c96ffb1f84c9437594718c88cf41cefb - - default default] 10.0.0.34 "GET /v2.0/ports/6c13633f-d4d0-411c-9d40-2436481e279c HTTP/1.1" status: 200 len: 1020 time: 0.1087029
2026-06-15 21:09:52.608 8 INFO neutron.wsgi [req-44a26afe-009d-4ec8-acd0-ae436b303e60 req-ab08fda4-5521-459f-8355-b5f5a619fa34 3609009d6cbd47db873a502cfb5ac169 edc0aadc5b5547978e0107e0f2681de2 - - default default] 199.204.45.113 "POST /v2.0/ports HTTP/1.1" status: 201 len: 1158 time: 0.8886209
2026-06-15 21:09:52.751 9 INFO neutron.wsgi [None req-ad844a19-d140-4939-b508-d46584be3751 c2774059a80a4175b37ee2d5961fb277 c96ffb1f84c9437594718c88cf41cefb - - default default] 10.0.0.34 "DELETE /v2.0/trunks/40d61f34-ff0f-4f26-a777-c706c360d356 HTTP/1.1" status: 204 len: 168 time: 0.1337039
2026-06-15 21:09:52.778 8 INFO neutron.wsgi [None req-6529a281-885b-4088-87a8-dd9c71c14346 c2774059a80a4175b37ee2d5961fb277 c96ffb1f84c9437594718c88cf41cefb - - default default] 10.0.0.34 "GET /v2.0/trunks/c4d8f8e6-798b-477f-b0a0-ccc67275efb9 HTTP/1.1" status: 200 len: 625 time: 0.0201941
2026-06-15 21:09:52.847 8 INFO neutron.wsgi [req-c426302e-90eb-468c-8abf-d6e1e197ec84 req-bbe3ddb2-b8c1-4097-a0fc-7749b7ef44ed 3609009d6cbd47db873a502cfb5ac169 edc0aadc5b5547978e0107e0f2681de2 - - default default] 10.0.0.69 "GET /v2.0/ports?device_id=56e52d55-d319-4db1-9ef0-e61042cf258d HTTP/1.1" status: 200 len: 1156 time: 0.0495410
2026-06-15 21:09:52.923 8 INFO neutron.wsgi [req-c426302e-90eb-468c-8abf-d6e1e197ec84 req-8c624ce3-548d-4392-9b6e-3ab3f0b9a73a 3609009d6cbd47db873a502cfb5ac169 edc0aadc5b5547978e0107e0f2681de2 - - default default] 10.0.0.69 "GET /v2.0/security-groups?id=aa183447-b425-4384-80c6-7bf386743602&fields=id&fields=name HTTP/1.1" status: 200 len: 313 time: 0.0660465
2026-06-15 21:09:52.941 9 INFO neutron.wsgi [None req-b47f3da3-2c40-4a9e-8668-34105a89a0fb c2774059a80a4175b37ee2d5961fb277 c96ffb1f84c9437594718c88cf41cefb - - default default] 10.0.0.34 "GET /v2.0/ports/254d4dbb-6979-4c75-a428-4d13f14978f1 HTTP/1.1" status: 200 len: 1020 time: 0.1588418
2026-06-15 21:09:53.102 9 INFO neutron.wsgi [None req-67c1a0d6-4dc7-4791-add6-6b8732b27676 c2774059a80a4175b37ee2d5961fb277 c96ffb1f84c9437594718c88cf41cefb - - default default] 10.0.0.34 "DELETE /v2.0/trunks/c4d8f8e6-798b-477f-b0a0-ccc67275efb9 HTTP/1.1" status: 204 len: 168 time: 0.1562033 /var/lib/openstack/lib/python3.10/site-packages/pycadf/identifier.py:71: UserWarning: Invalid uuid: neutron. To ensure interoperability, identifiers should be a valid uuid. warnings.warn(('Invalid uuid: %s. To ensure interoperability, '
2026-06-15 21:09:53.119 8 INFO neutron.db.ovn_revision_numbers_db [req-44a26afe-009d-4ec8-acd0-ae436b303e60 req-c8372448-5aaf-433f-8754-e9673e4ce16b 2153734f3175476fb34ed7c3b42ed4e1 b68bb3eee8aa4da880698818692f961f - - 5c6c69f538aa47e4be7f1a92d8fac82c 5c6c69f538aa47e4be7f1a92d8fac82c] Successfully bumped revision number for resource 1a779d11-d371-4e89-892d-e68e413ce129 (type: ports) to 2
2026-06-15 21:09:53.125 8 INFO neutron.wsgi [None req-de3e9d67-e3a7-4f0f-a0b5-bf607ade00a9 c2774059a80a4175b37ee2d5961fb277 c96ffb1f84c9437594718c88cf41cefb - - default default] 10.0.0.34 "GET /v2.0/trunks/fc7c6b17-1501-474b-8faa-2bf8af9bdb4c HTTP/1.1" status: 200 len: 610 time: 0.0176275
2026-06-15 21:09:53.317 8 INFO neutron.db.ovn_revision_numbers_db [req-44a26afe-009d-4ec8-acd0-ae436b303e60 req-c8372448-5aaf-433f-8754-e9673e4ce16b 2153734f3175476fb34ed7c3b42ed4e1 b68bb3eee8aa4da880698818692f961f - - 5c6c69f538aa47e4be7f1a92d8fac82c 5c6c69f538aa47e4be7f1a92d8fac82c] Successfully bumped revision number for resource 1a779d11-d371-4e89-892d-e68e413ce129 (type: ports) to 2
2026-06-15 21:09:53.342 8 INFO neutron.wsgi [req-44a26afe-009d-4ec8-acd0-ae436b303e60 req-c8372448-5aaf-433f-8754-e9673e4ce16b 2153734f3175476fb34ed7c3b42ed4e1 b68bb3eee8aa4da880698818692f961f - - 5c6c69f538aa47e4be7f1a92d8fac82c 5c6c69f538aa47e4be7f1a92d8fac82c] 199.204.45.113 "PUT /v2.0/ports/1a779d11-d371-4e89-892d-e68e413ce129 HTTP/1.1" status: 200 len: 1376 time: 0.7265384
2026-06-15 21:09:53.362 8 WARNING neutron.plugins.ml2.drivers.ovn.mech_driver.ovsdb.ovn_client [None req-35061bee-1e91-415d-b631-05ad3f2854ba - - - - - -] No hosting information found for port 5c4228bb-2dc9-4514-9376-e32054897623: RuntimeError: No hosting information found for port 5c4228bb-2dc9-4514-9376-e32054897623 /var/lib/openstack/lib/python3.10/site-packages/pycadf/identifier.py:71: UserWarning: Invalid uuid: neutron. To ensure interoperability, identifiers should be a valid uuid. warnings.warn(('Invalid uuid: %s. To ensure interoperability, '
2026-06-15 21:09:53.404 8 INFO neutron.notifiers.nova [-] Nova event matching ['req-fc250b08-5bb3-4697-8e69-dc4a25bffb8b'] response: {'name': 'network-changed', 'server_uuid': '56e52d55-d319-4db1-9ef0-e61042cf258d', 'tag': '1a779d11-d371-4e89-892d-e68e413ce129', 'status': 'completed', 'code': 200}
2026-06-15 21:09:53.439 8 INFO neutron.wsgi [req-44a26afe-009d-4ec8-acd0-ae436b303e60 req-3500424a-3b68-4a30-a3e4-c9d2a0911fb9 2153734f3175476fb34ed7c3b42ed4e1 b68bb3eee8aa4da880698818692f961f - - 5c6c69f538aa47e4be7f1a92d8fac82c 5c6c69f538aa47e4be7f1a92d8fac82c] 199.204.45.113 "GET /v2.0/ports?tenant_id=edc0aadc5b5547978e0107e0f2681de2&device_id=56e52d55-d319-4db1-9ef0-e61042cf258d HTTP/1.1" status: 200 len: 1407 time: 0.0515492
2026-06-15 21:09:53.475 8 INFO neutron.wsgi [req-44a26afe-009d-4ec8-acd0-ae436b303e60 req-b66797ee-f34a-43e2-a879-96075e23b710 2153734f3175476fb34ed7c3b42ed4e1 b68bb3eee8aa4da880698818692f961f - - 5c6c69f538aa47e4be7f1a92d8fac82c 5c6c69f538aa47e4be7f1a92d8fac82c] 199.204.45.113 "GET /v2.0/floatingips?fixed_ip_address=10.100.0.6&port_id=1a779d11-d371-4e89-892d-e68e413ce129 HTTP/1.1" status: 200 len: 217 time: 0.0276983
2026-06-15 21:09:53.514 8 INFO neutron.wsgi [req-44a26afe-009d-4ec8-acd0-ae436b303e60 req-2f6f514f-3e4c-4a08-a96b-4aa37e321fbd 2153734f3175476fb34ed7c3b42ed4e1 b68bb3eee8aa4da880698818692f961f - - 5c6c69f538aa47e4be7f1a92d8fac82c 5c6c69f538aa47e4be7f1a92d8fac82c] 199.204.45.113 "GET /v2.0/subnets?id=e2ee6467-fcd4-4299-894a-9fe088304303 HTTP/1.1" status: 200 len: 853 time: 0.0331633
2026-06-15 21:09:53.546 8 INFO neutron.wsgi [req-44a26afe-009d-4ec8-acd0-ae436b303e60 req-ded633df-b5a7-467c-801c-14dd5a0d8919 2153734f3175476fb34ed7c3b42ed4e1 b68bb3eee8aa4da880698818692f961f - - 5c6c69f538aa47e4be7f1a92d8fac82c 5c6c69f538aa47e4be7f1a92d8fac82c] 199.204.45.113 "GET /v2.0/ports?network_id=6b648754-5c28-44c1-a6bc-91a6ca89684f&device_owner=network%3Adhcp HTTP/1.1" status: 200 len: 210 time: 0.0262287
2026-06-15 21:09:53.624 8 INFO neutron.wsgi [req-44a26afe-009d-4ec8-acd0-ae436b303e60 req-a425fdc2-f97c-4be4-a716-1226ceb3cb29 2153734f3175476fb34ed7c3b42ed4e1 b68bb3eee8aa4da880698818692f961f - - 5c6c69f538aa47e4be7f1a92d8fac82c 5c6c69f538aa47e4be7f1a92d8fac82c] 199.204.45.113 "GET /v2.0/networks/6b648754-5c28-44c1-a6bc-91a6ca89684f?fields=segments HTTP/1.1" status: 200 len: 212 time: 0.0725853
2026-06-15 21:09:53.633 9 INFO neutron.wsgi [None req-0fe250cc-c2da-49f6-8ac2-d2d1d7eef427 c2774059a80a4175b37ee2d5961fb277 c96ffb1f84c9437594718c88cf41cefb - - default default] 10.0.0.34 "GET /v2.0/ports/8d1c591a-e89f-44a5-8565-76f1b10eb532 HTTP/1.1" status: 200 len: 1020 time: 0.5031352
2026-06-15 21:09:53.688 8 INFO neutron.wsgi [req-44a26afe-009d-4ec8-acd0-ae436b303e60 req-c9c7c30a-f6c2-4203-bed8-82d83433f678 2153734f3175476fb34ed7c3b42ed4e1 b68bb3eee8aa4da880698818692f961f - - 5c6c69f538aa47e4be7f1a92d8fac82c 5c6c69f538aa47e4be7f1a92d8fac82c] 199.204.45.113 "GET /v2.0/networks/6b648754-5c28-44c1-a6bc-91a6ca89684f?fields=provider%3Aphysical_network&fields=provider%3Anetwork_type HTTP/1.1" status: 200 len: 277 time: 0.0557339
2026-06-15 21:09:53.780 8 INFO neutron.wsgi [req-f1af2bf2-8ecf-4b4e-bd2b-8c9e76c51346 req-736c8975-86a7-4316-a74b-cf12c99ce08d 2153734f3175476fb34ed7c3b42ed4e1 b68bb3eee8aa4da880698818692f961f - - 5c6c69f538aa47e4be7f1a92d8fac82c 5c6c69f538aa47e4be7f1a92d8fac82c] 199.204.45.113 "GET /v2.0/ports?tenant_id=edc0aadc5b5547978e0107e0f2681de2&device_id=56e52d55-d319-4db1-9ef0-e61042cf258d HTTP/1.1" status: 200 len: 1407 time: 0.0563798
2026-06-15 21:09:53.802 8 INFO neutron.plugins.ml2.drivers.ovn.mech_driver.mech_driver [None req-35061bee-1e91-415d-b631-05ad3f2854ba - - - - - -] OVN reports status up for port: 3e03c98f-66ab-41b9-a6bc-c63a66d79d25
2026-06-15 21:09:53.827 8 INFO neutron.plugins.ml2.plugin [None req-35061bee-1e91-415d-b631-05ad3f2854ba - - - - - -] Attempt 1 to provision port 3e03c98f-66ab-41b9-a6bc-c63a66d79d25
2026-06-15 21:09:53.883 9 INFO neutron.wsgi [None req-d5d75cd8-9efc-4638-85f5-585e64d8a53e c2774059a80a4175b37ee2d5961fb277 c96ffb1f84c9437594718c88cf41cefb - - default default] 10.0.0.34 "DELETE /v2.0/trunks/fc7c6b17-1501-474b-8faa-2bf8af9bdb4c HTTP/1.1" status: 204 len: 168 time: 0.2352076
2026-06-15 21:09:53.900 8 INFO neutron.wsgi [req-f1af2bf2-8ecf-4b4e-bd2b-8c9e76c51346 req-6406fe4d-63ef-4c15-bda7-cdeabff44073 2153734f3175476fb34ed7c3b42ed4e1 b68bb3eee8aa4da880698818692f961f - - 5c6c69f538aa47e4be7f1a92d8fac82c 5c6c69f538aa47e4be7f1a92d8fac82c] 199.204.45.113 "GET /v2.0/networks?id=6b648754-5c28-44c1-a6bc-91a6ca89684f HTTP/1.1" status: 200 len: 957 time: 0.1134942
2026-06-15 21:09:53.905 9 INFO neutron.wsgi [None req-1d957ccf-b0ef-4d5d-8528-9856ee5fbdd1 ddbe79657123440c87ab88d01dad771d c1a1f2b802804cb6b35cbd6d6e8f33a3 - - default default] 10.0.0.34 "DELETE /v2.0/routers/7712cc9d-92b6-4280-adc5-478b3e461f67 HTTP/1.1" status: 204 len: 168 time: 1.7091596
2026-06-15 21:09:53.926 8 INFO neutron.wsgi [None req-98a39747-81ab-48be-9b3b-44e2e2b883e6 c2774059a80a4175b37ee2d5961fb277 c96ffb1f84c9437594718c88cf41cefb - - default default] 10.0.0.34 "GET /v2.0/trunks/58aadf70-8b7f-4b94-be40-56655f630232 HTTP/1.1" status: 200 len: 603 time: 0.0366035
2026-06-15 21:09:53.946 9 INFO neutron.wsgi [None req-adaf6eed-3cd9-422a-9793-32dce775b54e ddbe79657123440c87ab88d01dad771d c1a1f2b802804cb6b35cbd6d6e8f33a3 - - default default] 10.0.0.34 "GET /v2.0/ports?device_id=7712cc9d-92b6-4280-adc5-478b3e461f67 HTTP/1.1" status: 200 len: 205 time: 0.0313129
2026-06-15 21:09:53.949 8 INFO neutron.wsgi [req-f1af2bf2-8ecf-4b4e-bd2b-8c9e76c51346 req-cb91ef2e-57ce-4d7f-bab0-1e57147743cf 2153734f3175476fb34ed7c3b42ed4e1 b68bb3eee8aa4da880698818692f961f - - 5c6c69f538aa47e4be7f1a92d8fac82c 5c6c69f538aa47e4be7f1a92d8fac82c] 199.204.45.113 "GET /v2.0/floatingips?fixed_ip_address=10.100.0.6&port_id=1a779d11-d371-4e89-892d-e68e413ce129 HTTP/1.1" status: 200 len: 217 time: 0.0345073
2026-06-15 21:09:53.994 9 INFO neutron.api.v2.resource [None req-7ba3f8fc-c409-42dc-855f-b6ebe356a2ab ddbe79657123440c87ab88d01dad771d c1a1f2b802804cb6b35cbd6d6e8f33a3 - - default default] delete failed (client error): The resource could not be found.
2026-06-15 21:09:53.995 9 INFO neutron.wsgi [None req-7ba3f8fc-c409-42dc-855f-b6ebe356a2ab ddbe79657123440c87ab88d01dad771d c1a1f2b802804cb6b35cbd6d6e8f33a3 - - default default] 10.0.0.34 "DELETE /v2.0/routers/7712cc9d-92b6-4280-adc5-478b3e461f67 HTTP/1.1" status: 404 len: 336 time: 0.0384803
2026-06-15 21:09:54.033 9 INFO neutron.db.ovn_revision_numbers_db [None req-0ca8dce7-1c6f-42fd-93cb-a0d1ecdf11fd 16049499037247f891209e11e0919d75 edf670acb5a94913ab96484e9e760b28 - - default default] Successfully bumped revision number for resource b1de2d41-606a-4c3e-83ed-7c0306ddd691 (type: ports) to 2
2026-06-15 21:09:54.038 8 INFO neutron.wsgi [req-f1af2bf2-8ecf-4b4e-bd2b-8c9e76c51346 req-9970c101-7c8b-4992-9ca8-9ab23f11d8fd 2153734f3175476fb34ed7c3b42ed4e1 b68bb3eee8aa4da880698818692f961f - - 5c6c69f538aa47e4be7f1a92d8fac82c 5c6c69f538aa47e4be7f1a92d8fac82c] 199.204.45.113 "GET /v2.0/subnets?id=e2ee6467-fcd4-4299-894a-9fe088304303 HTTP/1.1" status: 200 len: 853 time: 0.0796638
2026-06-15 21:09:54.048 8 INFO neutron.wsgi [None req-0a700bf6-ae95-4936-9437-ab74a5b57e07 ddbe79657123440c87ab88d01dad771d c1a1f2b802804cb6b35cbd6d6e8f33a3 - - default default] 10.0.0.34 "GET /v2.0/ports?device_id=5009bd8f-3727-41c5-ac8f-6b242494a318 HTTP/1.1" status: 200 len: 205 time: 0.0448880
2026-06-15 21:09:54.078 8 INFO neutron.wsgi [req-f1af2bf2-8ecf-4b4e-bd2b-8c9e76c51346 req-6cb74b9a-1ac2-453d-b6e6-0a06e98c83b4 2153734f3175476fb34ed7c3b42ed4e1 b68bb3eee8aa4da880698818692f961f - - 5c6c69f538aa47e4be7f1a92d8fac82c 5c6c69f538aa47e4be7f1a92d8fac82c] 199.204.45.113 "GET /v2.0/ports?network_id=6b648754-5c28-44c1-a6bc-91a6ca89684f&device_owner=network%3Adhcp HTTP/1.1" status: 200 len: 210 time: 0.0329022
2026-06-15 21:09:54.087 8 INFO neutron.wsgi [req-2c384308-8b2f-4045-b0a5-424084c57123 req-5bd6a582-7119-4223-8b02-4b41b8c74638 3609009d6cbd47db873a502cfb5ac169 edc0aadc5b5547978e0107e0f2681de2 - - default default] 10.0.0.69 "GET /v2.0/ports?device_id=56e52d55-d319-4db1-9ef0-e61042cf258d HTTP/1.1" status: 200 len: 1168 time: 0.0727522
2026-06-15 21:09:54.089 9 INFO neutron.api.v2.resource [None req-91282660-5f09-42b1-aca8-2d487684760c ddbe79657123440c87ab88d01dad771d c1a1f2b802804cb6b35cbd6d6e8f33a3 - - default default] delete failed (client error): The resource could not be found.
2026-06-15 21:09:54.090 9 INFO neutron.wsgi [None req-91282660-5f09-42b1-aca8-2d487684760c ddbe79657123440c87ab88d01dad771d c1a1f2b802804cb6b35cbd6d6e8f33a3 - - default default] 10.0.0.34 "DELETE /v2.0/routers/5009bd8f-3727-41c5-ac8f-6b242494a318 HTTP/1.1" status: 404 len: 336 time: 0.0364184
2026-06-15 21:09:54.116 9 INFO neutron.wsgi [None req-e0f592e4-ea34-4e58-991b-e75407751532 c2774059a80a4175b37ee2d5961fb277 c96ffb1f84c9437594718c88cf41cefb - - default default] 10.0.0.34 "GET /v2.0/ports/01dd04a7-a11a-4b1f-afc2-13df3a37748d HTTP/1.1" status: 200 len: 1020 time: 0.1796288
2026-06-15 21:09:54.117 9 INFO neutron.pecan_wsgi.hooks.translation [None req-7e280686-1569-40f6-808d-d85900baeabd ddbe79657123440c87ab88d01dad771d c1a1f2b802804cb6b35cbd6d6e8f33a3 - - default default] DELETE failed (client error): The resource could not be found.
2026-06-15 21:09:54.119 9 INFO neutron.wsgi [None req-7e280686-1569-40f6-808d-d85900baeabd ddbe79657123440c87ab88d01dad771d c1a1f2b802804cb6b35cbd6d6e8f33a3 - - default default] 10.0.0.34 "DELETE /v2.0/subnets/644bab96-5012-4fec-88e6-dfe9cb12dc95 HTTP/1.1" status: 404 len: 337 time: 0.0240903
2026-06-15 21:09:54.131 9 INFO neutron.db.ovn_revision_numbers_db [None req-0ca8dce7-1c6f-42fd-93cb-a0d1ecdf11fd 16049499037247f891209e11e0919d75 edf670acb5a94913ab96484e9e760b28 - - default default] Successfully bumped revision number for resource e6d84303-14b9-43dd-8b1d-14229ec07dae (type: subnets) to 0
2026-06-15 21:09:54.162 8 INFO neutron.wsgi [None req-efd1fb6e-f967-4980-8792-6411b942fb67 ddbe79657123440c87ab88d01dad771d c1a1f2b802804cb6b35cbd6d6e8f33a3 - - default default] 10.0.0.34 "GET /v2.0/ports?device_id=9c9a4dab-a6d8-4df1-8c3b-58729b787677 HTTP/1.1" status: 200 len: 205 time: 0.0333633
