2026-06-15 21:09:12.417 8 INFO neutron.db.ovn_revision_numbers_db [None req-7ac2996c-4da7-45b8-8869-882af3f59939 ddbe79657123440c87ab88d01dad771d c1a1f2b802804cb6b35cbd6d6e8f33a3 - - default default] Successfully bumped revision number for resource c27ebc6f-ceb3-4430-af4e-816d97dc3c67 (type: security_group_rules) to 0
2026-06-15 21:09:12.430 9 INFO neutron.wsgi [None req-28cc0ec8-db17-47e6-9fb5-7d7cb3d12366 091ed0b8ae33475ba76a9cc3a1966a24 cf3b2135bed947debf28724a3c50b6d8 - - default default] 10.0.0.34 "POST /v2.0/subnets HTTP/1.1" status: 201 len: 804 time: 0.9320617
2026-06-15 21:09:12.480 8 INFO neutron.db.segments_db [None req-7ac2996c-4da7-45b8-8869-882af3f59939 ddbe79657123440c87ab88d01dad771d c1a1f2b802804cb6b35cbd6d6e8f33a3 - - default default] Added segment 18643c9f-fd2d-4418-810c-de6e538094fc of type geneve for network a668ef65-b47c-44e5-a7a5-7e8c3d7aeb17
2026-06-15 21:09:12.507 9 INFO neutron.wsgi [None req-72834ea3-8f37-47e1-bb81-c5c4e116c6ce 091ed0b8ae33475ba76a9cc3a1966a24 cf3b2135bed947debf28724a3c50b6d8 - - default default] 10.0.0.34 "PUT /v2.0/subnets/afb953cd-ff36-4c85-a68c-2adca675b911/tags HTTP/1.1" status: 200 len: 210 time: 0.0714383
2026-06-15 21:09:12.663 8 INFO neutron.wsgi [None req-a4a94142-69f9-4d49-9c8e-f6f97e38be59 091ed0b8ae33475ba76a9cc3a1966a24 cf3b2135bed947debf28724a3c50b6d8 - - default default] 10.0.0.34 "PUT /v2.0/subnets/3bb97f7e-59e1-4345-a5c4-fb84a213e3e3/tags HTTP/1.1" status: 200 len: 218 time: 0.1507335
2026-06-15 21:09:12.698 8 INFO neutron.db.ovn_revision_numbers_db [None req-7ac2996c-4da7-45b8-8869-882af3f59939 ddbe79657123440c87ab88d01dad771d c1a1f2b802804cb6b35cbd6d6e8f33a3 - - default default] Successfully bumped revision number for resource a668ef65-b47c-44e5-a7a5-7e8c3d7aeb17 (type: networks) to 1
2026-06-15 21:09:12.725 9 INFO neutron.wsgi [None req-2c05a5be-a615-4bb1-880b-b16e69c039e4 091ed0b8ae33475ba76a9cc3a1966a24 cf3b2135bed947debf28724a3c50b6d8 - - default default] 10.0.0.34 "PUT /v2.0/subnets/71876d3f-1969-4d54-9980-b9cea4a63788/tags HTTP/1.1" status: 200 len: 227 time: 0.0546286
2026-06-15 21:09:12.778 9 INFO neutron.wsgi [None req-55dfeff0-1d9f-4de8-b2d9-81ddf09d1fff 091ed0b8ae33475ba76a9cc3a1966a24 cf3b2135bed947debf28724a3c50b6d8 - - default default] 10.0.0.34 "PUT /v2.0/subnets/38c96602-c7ae-49da-a585-ce4b077bfcc4/tags HTTP/1.1" status: 200 len: 212 time: 0.0481293
2026-06-15 21:09:12.837 9 INFO neutron.wsgi [None req-3734ebd8-e124-4cfc-af67-a2c156c69241 091ed0b8ae33475ba76a9cc3a1966a24 cf3b2135bed947debf28724a3c50b6d8 - - default default] 10.0.0.34 "GET /v2.0/subnets?tags=red HTTP/1.1" status: 200 len: 2027 time: 0.0534058
2026-06-15 21:09:12.899 8 WARNING neutron.scheduler.dhcp_agent_scheduler [None req-7ac2996c-4da7-45b8-8869-882af3f59939 ddbe79657123440c87ab88d01dad771d c1a1f2b802804cb6b35cbd6d6e8f33a3 - - default default] No more DHCP agents
2026-06-15 21:09:12.901 8 WARNING neutron.api.rpc.agentnotifiers.dhcp_rpc_agent_api [None req-7ac2996c-4da7-45b8-8869-882af3f59939 ddbe79657123440c87ab88d01dad771d c1a1f2b802804cb6b35cbd6d6e8f33a3 - - default default] Unable to schedule network a668ef65-b47c-44e5-a7a5-7e8c3d7aeb17: no agents available; will retry on subsequent port and subnet creation events.
2026-06-15 21:09:12.906 9 INFO neutron.wsgi [None req-5c2d5aa6-d216-4840-9c82-0c0219b056e7 091ed0b8ae33475ba76a9cc3a1966a24 cf3b2135bed947debf28724a3c50b6d8 - - default default] 10.0.0.34 "GET /v2.0/subnets?tags=red%2Cblue HTTP/1.1" status: 200 len: 1430 time: 0.0636353
2026-06-15 21:09:12.984 9 INFO neutron.wsgi [None req-58a80279-42a5-4d18-860f-94522689a165 091ed0b8ae33475ba76a9cc3a1966a24 cf3b2135bed947debf28724a3c50b6d8 - - default default] 10.0.0.34 "GET /v2.0/subnets?tags-any=blue HTTP/1.1" status: 200 len: 1430 time: 0.0710514
2026-06-15 21:09:12.989 8 INFO neutron.db.ovn_revision_numbers_db [None req-7ac2996c-4da7-45b8-8869-882af3f59939 ddbe79657123440c87ab88d01dad771d c1a1f2b802804cb6b35cbd6d6e8f33a3 - - default default] Successfully bumped revision number for resource 5e15d4e8-9cd5-476e-8066-6edae805188b (type: ports) to 1
2026-06-15 21:09:13.013 8 INFO neutron.wsgi [None req-7ac2996c-4da7-45b8-8869-882af3f59939 ddbe79657123440c87ab88d01dad771d c1a1f2b802804cb6b35cbd6d6e8f33a3 - - default default] 10.0.0.34 "POST /v2.0/networks HTTP/1.1" status: 201 len: 829 time: 1.0474732
2026-06-15 21:09:13.018 9 INFO neutron.wsgi [None req-f777187c-b5e8-4316-8e5b-cdb69a7713c9 091ed0b8ae33475ba76a9cc3a1966a24 cf3b2135bed947debf28724a3c50b6d8 - - default default] 10.0.0.34 "GET /v2.0/subnets?tags-any=red%2Cblue HTTP/1.1" status: 200 len: 2027 time: 0.0307200
2026-06-15 21:09:13.024 8 WARNING neutron_lib.context [None req-f44d7fab-ab3b-4401-85cb-fa6fae51f774 ddbe79657123440c87ab88d01dad771d c1a1f2b802804cb6b35cbd6d6e8f33a3 - - default default] Method 'is_advsvc' is deprecated since 2023.2 release (neutron-lib 3.8.0) and will be removed once support for the old RBAC API policies will be removed from Neutron. Please use method 'is_service_role' instead.
2026-06-15 21:09:13.070 9 INFO neutron.wsgi [None req-a1f59cea-2ba2-42e7-9402-f39f306692be 091ed0b8ae33475ba76a9cc3a1966a24 cf3b2135bed947debf28724a3c50b6d8 - - default default] 10.0.0.34 "GET /v2.0/subnets?not-tags=red HTTP/1.1" status: 200 len: 2018 time: 0.0458651
2026-06-15 21:09:13.116 8 INFO neutron.db.segments_db [None req-f44d7fab-ab3b-4401-85cb-fa6fae51f774 ddbe79657123440c87ab88d01dad771d c1a1f2b802804cb6b35cbd6d6e8f33a3 - - default default] Added segment 3d8680d2-78bf-4872-baea-91da80a32087 of type geneve for network 76a2124b-2fcc-488a-81ed-1abbaa50c776
2026-06-15 21:09:13.145 9 INFO neutron.wsgi [None req-d7a9c71f-2081-4e0f-9b59-c8da006be0bf 091ed0b8ae33475ba76a9cc3a1966a24 cf3b2135bed947debf28724a3c50b6d8 - - default default] 10.0.0.34 "GET /v2.0/subnets?not-tags=red%2Cblue HTTP/1.1" status: 200 len: 2615 time: 0.0689306
2026-06-15 21:09:13.197 9 INFO neutron.wsgi [None req-b5b5903d-fae4-44c7-9e9f-a89ed158e278 091ed0b8ae33475ba76a9cc3a1966a24 cf3b2135bed947debf28724a3c50b6d8 - - default default] 10.0.0.34 "GET /v2.0/subnets?not-tags-any=blue HTTP/1.1" status: 200 len: 2615 time: 0.0471530
2026-06-15 21:09:13.246 9 INFO neutron.wsgi [None req-771af193-0518-4d6b-b7ad-18bbfa558e13 091ed0b8ae33475ba76a9cc3a1966a24 cf3b2135bed947debf28724a3c50b6d8 - - default default] 10.0.0.34 "GET /v2.0/subnets?not-tags-any=red%2Cblue HTTP/1.1" status: 200 len: 2018 time: 0.0409775
2026-06-15 21:09:13.248 8 INFO neutron.db.ovn_revision_numbers_db [None req-f44d7fab-ab3b-4401-85cb-fa6fae51f774 ddbe79657123440c87ab88d01dad771d c1a1f2b802804cb6b35cbd6d6e8f33a3 - - default default] Successfully bumped revision number for resource 76a2124b-2fcc-488a-81ed-1abbaa50c776 (type: networks) to 1
2026-06-15 21:09:13.505 8 WARNING neutron.scheduler.dhcp_agent_scheduler [None req-f44d7fab-ab3b-4401-85cb-fa6fae51f774 ddbe79657123440c87ab88d01dad771d c1a1f2b802804cb6b35cbd6d6e8f33a3 - - default default] No more DHCP agents
2026-06-15 21:09:13.509 8 WARNING neutron.api.rpc.agentnotifiers.dhcp_rpc_agent_api [None req-f44d7fab-ab3b-4401-85cb-fa6fae51f774 ddbe79657123440c87ab88d01dad771d c1a1f2b802804cb6b35cbd6d6e8f33a3 - - default default] Unable to schedule network 76a2124b-2fcc-488a-81ed-1abbaa50c776: no agents available; will retry on subsequent port and subnet creation events.
2026-06-15 21:09:13.513 9 WARNING neutron_lib.context [None req-a51945e2-70ea-49ad-95a9-b98083bcf4c3 3609009d6cbd47db873a502cfb5ac169 edc0aadc5b5547978e0107e0f2681de2 - - default default] Method 'is_advsvc' is deprecated since 2023.2 release (neutron-lib 3.8.0) and will be removed once support for the old RBAC API policies will be removed from Neutron. Please use method 'is_service_role' instead.
2026-06-15 21:09:13.605 8 INFO neutron.wsgi [None req-5281f550-4277-48a5-83de-0e1bbb3eb570 091ed0b8ae33475ba76a9cc3a1966a24 cf3b2135bed947debf28724a3c50b6d8 - - default default] 10.0.0.34 "DELETE /v2.0/subnets/afb953cd-ff36-4c85-a68c-2adca675b911 HTTP/1.1" status: 204 len: 168 time: 0.3527598
2026-06-15 21:09:13.659 8 INFO neutron.db.ovn_revision_numbers_db [None req-f44d7fab-ab3b-4401-85cb-fa6fae51f774 ddbe79657123440c87ab88d01dad771d c1a1f2b802804cb6b35cbd6d6e8f33a3 - - default default] Successfully bumped revision number for resource cc72cb67-3449-401e-a259-05d7026bd1c6 (type: ports) to 1
2026-06-15 21:09:13.691 8 INFO neutron.wsgi [None req-f44d7fab-ab3b-4401-85cb-fa6fae51f774 ddbe79657123440c87ab88d01dad771d c1a1f2b802804cb6b35cbd6d6e8f33a3 - - default default] 10.0.0.34 "POST /v2.0/networks HTTP/1.1" status: 201 len: 828 time: 0.6736720
2026-06-15 21:09:13.702 8 WARNING neutron_lib.context [None req-1be28f68-a8fa-403b-ab4b-cb0e14e2cf1c ddbe79657123440c87ab88d01dad771d c1a1f2b802804cb6b35cbd6d6e8f33a3 - - default default] Method 'is_advsvc' is deprecated since 2023.2 release (neutron-lib 3.8.0) and will be removed once support for the old RBAC API policies will be removed from Neutron. Please use method 'is_service_role' instead.
2026-06-15 21:09:13.810 8 INFO neutron.wsgi [req-c0e32d68-e51a-4a61-8fb3-011e072b3ce7 req-180476ab-2088-418b-9eeb-c3b27029dc3d 4b9d040af59b49068789183ddd77e7fc 958ca276cdb04ff6a325dc6c23f6292b - - default default] 10.0.0.69 "GET /v2.0/ports?device_id=22252f89-6b6a-434f-88ca-b0213af5f922 HTTP/1.1" status: 200 len: 1210 time: 0.0669386
2026-06-15 21:09:13.834 8 INFO neutron.plugins.ml2.drivers.ovn.mech_driver.mech_driver [None req-35061bee-1e91-415d-b631-05ad3f2854ba - - - - - -] OVN reports status down for port: 97a974a4-f7f1-4c58-9209-fba5298286c2
2026-06-15 21:09:13.876 9 INFO neutron.db.ovn_revision_numbers_db [None req-a51945e2-70ea-49ad-95a9-b98083bcf4c3 3609009d6cbd47db873a502cfb5ac169 edc0aadc5b5547978e0107e0f2681de2 - - default default] Successfully bumped revision number for resource 87c10841-7914-4c63-b658-35623d7c4dea (type: security_groups) to 1
2026-06-15 21:09:13.888 9 INFO neutron.db.ovn_revision_numbers_db [None req-a51945e2-70ea-49ad-95a9-b98083bcf4c3 3609009d6cbd47db873a502cfb5ac169 edc0aadc5b5547978e0107e0f2681de2 - - default default] Successfully bumped revision number for resource 68d5a633-270a-4e46-a58e-b3ff07784506 (type: security_group_rules) to 0
2026-06-15 21:09:13.911 9 INFO neutron.db.ovn_revision_numbers_db [None req-a51945e2-70ea-49ad-95a9-b98083bcf4c3 3609009d6cbd47db873a502cfb5ac169 edc0aadc5b5547978e0107e0f2681de2 - - default default] Successfully bumped revision number for resource 80db04ed-3705-4e9b-9ae2-11715c0eaa7a (type: security_group_rules) to 0
2026-06-15 21:09:13.932 9 INFO neutron.db.ovn_revision_numbers_db [None req-a51945e2-70ea-49ad-95a9-b98083bcf4c3 3609009d6cbd47db873a502cfb5ac169 edc0aadc5b5547978e0107e0f2681de2 - - default default] Successfully bumped revision number for resource b2715811-8130-4b17-893e-ecd345b43932 (type: security_group_rules) to 0
2026-06-15 21:09:13.960 8 INFO neutron.wsgi [req-c0e32d68-e51a-4a61-8fb3-011e072b3ce7 req-f2f33cff-f493-4bb6-80c0-3f9649f6dc4d 4b9d040af59b49068789183ddd77e7fc 958ca276cdb04ff6a325dc6c23f6292b - - default default] 10.0.0.69 "GET /v2.0/security-groups?id=84775eda-c761-41b9-a92f-a2f9c73ba15b&id=61c7e22c-8eda-4d30-941b-5c8084ac6c2d&fields=id&fields=name HTTP/1.1" status: 200 len: 406 time: 0.1348503
2026-06-15 21:09:13.964 9 INFO neutron.db.ovn_revision_numbers_db [None req-a51945e2-70ea-49ad-95a9-b98083bcf4c3 3609009d6cbd47db873a502cfb5ac169 edc0aadc5b5547978e0107e0f2681de2 - - default default] Successfully bumped revision number for resource e3738ba4-eaeb-420c-aa05-7f9b3a0ae118 (type: security_group_rules) to 0
2026-06-15 21:09:14.032 8 INFO neutron.wsgi [None req-f3e801e9-197f-4499-a355-29c762dc88d9 091ed0b8ae33475ba76a9cc3a1966a24 cf3b2135bed947debf28724a3c50b6d8 - - default default] 10.0.0.34 "DELETE /v2.0/subnets/3bb97f7e-59e1-4345-a5c4-fb84a213e3e3 HTTP/1.1" status: 204 len: 168 time: 0.4214911
2026-06-15 21:09:14.035 9 INFO neutron.db.segments_db [None req-a51945e2-70ea-49ad-95a9-b98083bcf4c3 3609009d6cbd47db873a502cfb5ac169 edc0aadc5b5547978e0107e0f2681de2 - - default default] Added segment ea149b36-b02a-4689-8732-c4195e925627 of type geneve for network 6b648754-5c28-44c1-a6bc-91a6ca89684f
2026-06-15 21:09:14.094 8 INFO neutron.notifiers.nova [-] Nova event matching ['req-d925b361-23b5-4236-8ff7-b96b90428fdb'] response: {'server_uuid': '22252f89-6b6a-434f-88ca-b0213af5f922', 'name': 'network-vif-unplugged', 'status': 'completed', 'tag': '97a974a4-f7f1-4c58-9209-fba5298286c2', 'code': 200}
2026-06-15 21:09:14.177 8 WARNING neutron.scheduler.dhcp_agent_scheduler [None req-1be28f68-a8fa-403b-ab4b-cb0e14e2cf1c ddbe79657123440c87ab88d01dad771d c1a1f2b802804cb6b35cbd6d6e8f33a3 - - default default] No more DHCP agents
2026-06-15 21:09:14.185 8 WARNING neutron.api.rpc.agentnotifiers.dhcp_rpc_agent_api [None req-1be28f68-a8fa-403b-ab4b-cb0e14e2cf1c ddbe79657123440c87ab88d01dad771d c1a1f2b802804cb6b35cbd6d6e8f33a3 - - default default] Unable to schedule network a668ef65-b47c-44e5-a7a5-7e8c3d7aeb17: no agents available; will retry on subsequent port and subnet creation events.
2026-06-15 21:09:14.214 8 INFO neutron.wsgi [req-7d3edcfb-a0a1-4099-914b-ebdc7cfc793b req-6e3425cd-8c53-4370-88e7-5eeddf8d9105 4b9d040af59b49068789183ddd77e7fc 958ca276cdb04ff6a325dc6c23f6292b - - default default] 199.204.45.113 "GET /v2.0/ports?device_id=22252f89-6b6a-434f-88ca-b0213af5f922 HTTP/1.1" status: 200 len: 1208 time: 0.0681586
2026-06-15 21:09:14.226 9 INFO neutron.db.ovn_revision_numbers_db [None req-a51945e2-70ea-49ad-95a9-b98083bcf4c3 3609009d6cbd47db873a502cfb5ac169 edc0aadc5b5547978e0107e0f2681de2 - - default default] Successfully bumped revision number for resource 6b648754-5c28-44c1-a6bc-91a6ca89684f (type: networks) to 1
2026-06-15 21:09:14.359 9 INFO neutron.wsgi [None req-8d1123fc-96bf-4b18-833c-c0365f5faf01 091ed0b8ae33475ba76a9cc3a1966a24 cf3b2135bed947debf28724a3c50b6d8 - - default default] 10.0.0.34 "DELETE /v2.0/subnets/71876d3f-1969-4d54-9980-b9cea4a63788 HTTP/1.1" status: 204 len: 168 time: 0.3182528
2026-06-15 21:09:14.442 9 WARNING neutron.scheduler.dhcp_agent_scheduler [None req-a51945e2-70ea-49ad-95a9-b98083bcf4c3 3609009d6cbd47db873a502cfb5ac169 edc0aadc5b5547978e0107e0f2681de2 - - default default] No more DHCP agents
2026-06-15 21:09:14.451 9 WARNING neutron.api.rpc.agentnotifiers.dhcp_rpc_agent_api [None req-a51945e2-70ea-49ad-95a9-b98083bcf4c3 3609009d6cbd47db873a502cfb5ac169 edc0aadc5b5547978e0107e0f2681de2 - - default default] Unable to schedule network 6b648754-5c28-44c1-a6bc-91a6ca89684f: no agents available; will retry on subsequent port and subnet creation events.
2026-06-15 21:09:14.587 9 INFO neutron.db.ovn_revision_numbers_db [None req-a51945e2-70ea-49ad-95a9-b98083bcf4c3 3609009d6cbd47db873a502cfb5ac169 edc0aadc5b5547978e0107e0f2681de2 - - default default] Successfully bumped revision number for resource a5adff62-f2d5-48fc-a93a-8da6a8c01cd0 (type: ports) to 1
2026-06-15 21:09:14.622 9 INFO neutron.wsgi [None req-a51945e2-70ea-49ad-95a9-b98083bcf4c3 3609009d6cbd47db873a502cfb5ac169 edc0aadc5b5547978e0107e0f2681de2 - - default default] 10.0.0.34 "POST /v2.0/networks HTTP/1.1" status: 201 len: 831 time: 1.3421719
2026-06-15 21:09:14.631 9 WARNING neutron_lib.context [None req-8c63daed-2d3f-4f8b-98ab-f4e023d9292e 3609009d6cbd47db873a502cfb5ac169 edc0aadc5b5547978e0107e0f2681de2 - - default default] Method 'is_advsvc' is deprecated since 2023.2 release (neutron-lib 3.8.0) and will be removed once support for the old RBAC API policies will be removed from Neutron. Please use method 'is_service_role' instead.
2026-06-15 21:09:14.655 9 INFO neutron.wsgi [None req-5f95ac2c-b187-45c5-a82d-c365bcbae1d8 091ed0b8ae33475ba76a9cc3a1966a24 cf3b2135bed947debf28724a3c50b6d8 - - default default] 10.0.0.34 "DELETE /v2.0/subnets/38c96602-c7ae-49da-a585-ce4b077bfcc4 HTTP/1.1" status: 204 len: 168 time: 0.2895503
2026-06-15 21:09:14.845 8 INFO neutron.db.ovn_revision_numbers_db [None req-35061bee-1e91-415d-b631-05ad3f2854ba - - - - - -] Successfully bumped revision number for resource 97a974a4-f7f1-4c58-9209-fba5298286c2 (type: ports) to 5
2026-06-15 21:09:14.969 9 INFO neutron.wsgi [None req-09601176-8fcd-45c2-af27-f19b560c9aab 091ed0b8ae33475ba76a9cc3a1966a24 cf3b2135bed947debf28724a3c50b6d8 - - default default] 10.0.0.34 "DELETE /v2.0/subnets/4db69cfe-b37c-4ea9-a4ce-0053e9734c8b HTTP/1.1" status: 204 len: 168 time: 0.3095653 /var/lib/openstack/lib/python3.10/site-packages/pycadf/identifier.py:71: UserWarning: Invalid uuid: neutron. To ensure interoperability, identifiers should be a valid uuid. warnings.warn(('Invalid uuid: %s. To ensure interoperability, '
2026-06-15 21:09:15.117 8 INFO neutron.wsgi [req-cee613b2-bd53-4d88-bca8-4c1b7227ba3b req-6af89014-6757-42a7-947e-3c764cfe4fda 4b9d040af59b49068789183ddd77e7fc 958ca276cdb04ff6a325dc6c23f6292b - - default default] 10.0.0.69 "GET /v2.0/ports?device_id=22252f89-6b6a-434f-88ca-b0213af5f922 HTTP/1.1" status: 200 len: 1208 time: 0.0674508
2026-06-15 21:09:15.265 9 WARNING neutron.scheduler.dhcp_agent_scheduler [None req-8c63daed-2d3f-4f8b-98ab-f4e023d9292e 3609009d6cbd47db873a502cfb5ac169 edc0aadc5b5547978e0107e0f2681de2 - - default default] No more DHCP agents
2026-06-15 21:09:15.266 8 INFO neutron.wsgi [req-cee613b2-bd53-4d88-bca8-4c1b7227ba3b req-a7eb7814-3f4f-4d53-b71e-b80da8c43b8a 4b9d040af59b49068789183ddd77e7fc 958ca276cdb04ff6a325dc6c23f6292b - - default default] 10.0.0.69 "GET /v2.0/security-groups?id=84775eda-c761-41b9-a92f-a2f9c73ba15b&id=61c7e22c-8eda-4d30-941b-5c8084ac6c2d&fields=id&fields=name HTTP/1.1" status: 200 len: 406 time: 0.1379414
2026-06-15 21:09:15.272 9 WARNING neutron.api.rpc.agentnotifiers.dhcp_rpc_agent_api [None req-8c63daed-2d3f-4f8b-98ab-f4e023d9292e 3609009d6cbd47db873a502cfb5ac169 edc0aadc5b5547978e0107e0f2681de2 - - default default] Unable to schedule network 67aac509-6b01-46ef-8bd1-ae0db20a55b4: no agents available; will retry on subsequent port and subnet creation events.
2026-06-15 21:09:15.322 8 INFO neutron.db.l3_db [req-7d3edcfb-a0a1-4099-914b-ebdc7cfc793b req-817d50cc-6fbe-470e-8416-07178b11bd87 4b9d040af59b49068789183ddd77e7fc 958ca276cdb04ff6a325dc6c23f6292b - - default default] Floating IP 88310089-2d76-40c6-b8b8-04d89e09362e disassociated. External IP: 10.96.250.218, port: 97a974a4-f7f1-4c58-9209-fba5298286c2.
2026-06-15 21:09:15.425 8 INFO neutron.wsgi [-] 10.0.0.156 "GET / HTTP/1.1" status: 200 len: 246 time: 0.0016799
2026-06-15 21:09:15.427 8 INFO neutron.wsgi [-] 10.0.0.156 "GET / HTTP/1.1" status: 200 len: 246 time: 0.0009048
2026-06-15 21:09:15.519 9 INFO neutron.services.segments.plugin [-] Segment 830a68a7-a785-47a5-a460-b2526081d970 resource provider aggregate not found
2026-06-15 21:09:15.523 9 INFO neutron.services.segments.plugin [-] Segment 830a68a7-a785-47a5-a460-b2526081d970 resource provider aggregate not found
2026-06-15 21:09:15.531 9 INFO neutron.db.ovn_revision_numbers_db [None req-8c63daed-2d3f-4f8b-98ab-f4e023d9292e 3609009d6cbd47db873a502cfb5ac169 edc0aadc5b5547978e0107e0f2681de2 - - default default] Successfully bumped revision number for resource 7327966c-89d8-4a80-844f-e7a6b64797ff (type: ports) to 1
2026-06-15 21:09:15.536 9 INFO neutron.services.segments.plugin [-] Segment 830a68a7-a785-47a5-a460-b2526081d970 resource provider not found; error: Placement Client Error (4xx): {"errors": [{"status": 404, "title": "Not Found", "detail": "The resource could not be found.\n\n No resource provider with uuid 830a68a7-a785-47a5-a460-b2526081d970 found for delete ", "request_id": "req-c12e0326-9391-4aef-973d-da1a94c38081"}]}
2026-06-15 21:09:15.537 9 INFO neutron.services.segments.plugin [-] Segment 830a68a7-a785-47a5-a460-b2526081d970 resource provider not found; error: Placement Client Error (4xx): {"errors": [{"status": 404, "title": "Not Found", "detail": "The resource could not be found.\n\n No resource provider with uuid 830a68a7-a785-47a5-a460-b2526081d970 found for delete ", "request_id": "req-5680a096-9299-4dcb-b429-42ec9dd48784"}]}
2026-06-15 21:09:15.545 8 INFO neutron.db.ovn_revision_numbers_db [None req-1be28f68-a8fa-403b-ab4b-cb0e14e2cf1c ddbe79657123440c87ab88d01dad771d c1a1f2b802804cb6b35cbd6d6e8f33a3 - - default default] Successfully bumped revision number for resource 5e15d4e8-9cd5-476e-8066-6edae805188b (type: ports) to 2
2026-06-15 21:09:15.553 8 INFO neutron.wsgi [req-7d3edcfb-a0a1-4099-914b-ebdc7cfc793b req-817d50cc-6fbe-470e-8416-07178b11bd87 4b9d040af59b49068789183ddd77e7fc 958ca276cdb04ff6a325dc6c23f6292b - - default default] 199.204.45.113 "DELETE /v2.0/ports/97a974a4-f7f1-4c58-9209-fba5298286c2 HTTP/1.1" status: 204 len: 173 time: 1.3326566
2026-06-15 21:09:15.565 9 INFO neutron.wsgi [None req-42d0bd0c-b78e-4ba8-8cd4-f22ff24d0f20 091ed0b8ae33475ba76a9cc3a1966a24 cf3b2135bed947debf28724a3c50b6d8 - - default default] 10.0.0.34 "DELETE /v2.0/networks/0801f477-e16c-45e5-bd4e-55e3c4b33d2d HTTP/1.1" status: 204 len: 168 time: 0.5898347 /var/lib/openstack/lib/python3.10/site-packages/pycadf/identifier.py:71: UserWarning: Invalid uuid: neutron. To ensure interoperability, identifiers should be a valid uuid. warnings.warn(('Invalid uuid: %s. To ensure interoperability, '
2026-06-15 21:09:15.625 8 INFO neutron.db.ovn_revision_numbers_db [None req-1be28f68-a8fa-403b-ab4b-cb0e14e2cf1c ddbe79657123440c87ab88d01dad771d c1a1f2b802804cb6b35cbd6d6e8f33a3 - - default default] Successfully bumped revision number for resource 84518dff-49ba-4ba0-86fc-3f5bdf0124d2 (type: subnets) to 0
2026-06-15 21:09:15.646 8 INFO neutron.wsgi [None req-1be28f68-a8fa-403b-ab4b-cb0e14e2cf1c ddbe79657123440c87ab88d01dad771d c1a1f2b802804cb6b35cbd6d6e8f33a3 - - default default] 10.0.0.34 "POST /v2.0/subnets HTTP/1.1" status: 201 len: 801 time: 1.9486601
2026-06-15 21:09:15.657 8 WARNING neutron_lib.context [None req-bc524456-ba77-4a4d-ad79-441f2b0f8bc1 ddbe79657123440c87ab88d01dad771d c1a1f2b802804cb6b35cbd6d6e8f33a3 - - default default] Method 'is_advsvc' is deprecated since 2023.2 release (neutron-lib 3.8.0) and will be removed once support for the old RBAC API policies will be removed from Neutron. Please use method 'is_service_role' instead.
2026-06-15 21:09:15.971 8 WARNING neutron.scheduler.dhcp_agent_scheduler [None req-bc524456-ba77-4a4d-ad79-441f2b0f8bc1 ddbe79657123440c87ab88d01dad771d c1a1f2b802804cb6b35cbd6d6e8f33a3 - - default default] No more DHCP agents
2026-06-15 21:09:15.974 8 WARNING neutron.api.rpc.agentnotifiers.dhcp_rpc_agent_api [None req-bc524456-ba77-4a4d-ad79-441f2b0f8bc1 ddbe79657123440c87ab88d01dad771d c1a1f2b802804cb6b35cbd6d6e8f33a3 - - default default] Unable to schedule network 76a2124b-2fcc-488a-81ed-1abbaa50c776: no agents available; will retry on subsequent port and subnet creation events.
2026-06-15 21:09:16.110 8 INFO neutron.services.segments.plugin [-] Segment 62aaf275-d8a4-4b87-907e-e14a1d91b1b7 resource provider aggregate not found
2026-06-15 21:09:16.116 8 INFO neutron.services.segments.plugin [-] Segment 62aaf275-d8a4-4b87-907e-e14a1d91b1b7 resource provider aggregate not found
2026-06-15 21:09:16.131 8 INFO neutron.services.segments.plugin [-] Segment 62aaf275-d8a4-4b87-907e-e14a1d91b1b7 resource provider not found; error: Placement Client Error (4xx): {"errors": [{"status": 404, "title": "Not Found", "detail": "The resource could not be found.\n\n No resource provider with uuid 62aaf275-d8a4-4b87-907e-e14a1d91b1b7 found for delete ", "request_id": "req-708edb1f-6552-4359-aaf7-20fd0323551a"}]}
2026-06-15 21:09:16.140 8 INFO neutron.services.segments.plugin [-] Segment 62aaf275-d8a4-4b87-907e-e14a1d91b1b7 resource provider not found; error: Placement Client Error (4xx): {"errors": [{"status": 404, "title": "Not Found", "detail": "The resource could not be found.\n\n No resource provider with uuid 62aaf275-d8a4-4b87-907e-e14a1d91b1b7 found for delete ", "request_id": "req-e80c9ae2-1d3e-4889-bf09-f05e97fae59d"}]}
2026-06-15 21:09:16.162 8 INFO neutron.notifiers.nova [-] Nova event matching ['req-2f976bd1-2cb9-4f68-9bcd-b69c10f66883'] response: {'server_uuid': '22252f89-6b6a-434f-88ca-b0213af5f922', 'name': 'network-vif-unplugged', 'status': 'completed', 'tag': '97a974a4-f7f1-4c58-9209-fba5298286c2', 'code': 200}
2026-06-15 21:09:16.163 8 INFO neutron.notifiers.nova [-] Nova event matching ['req-2f976bd1-2cb9-4f68-9bcd-b69c10f66883'] response: {'server_uuid': '22252f89-6b6a-434f-88ca-b0213af5f922', 'name': 'network-vif-deleted', 'tag': '97a974a4-f7f1-4c58-9209-fba5298286c2', 'status': 'completed', 'code': 200}
2026-06-15 21:09:16.167 8 INFO neutron.wsgi [None req-3351e333-4129-441f-863c-d5a4f186c0ca 091ed0b8ae33475ba76a9cc3a1966a24 cf3b2135bed947debf28724a3c50b6d8 - - default default] 10.0.0.34 "DELETE /v2.0/networks/c101f3cf-a4d2-4228-aefb-ebef7bc4e1c2 HTTP/1.1" status: 204 len: 168 time: 0.5929482
2026-06-15 21:09:16.512 9 INFO neutron.plugins.ml2.drivers.ovn.mech_driver.ovsdb.commands [None req-e0bd2412-1ed5-4e43-8412-554f8f828c60 - - - - - -] Schedule LRP lrp-7327966c-89d8-4a80-844f-e7a6b64797ff on gateway 9b915434-f5b4-4f02-b61c-14cb792f14a0 with priority 1
2026-06-15 21:09:16.547 8 INFO neutron.plugins.ml2.drivers.ovn.mech_driver.mech_driver [None req-35061bee-1e91-415d-b631-05ad3f2854ba - - - - - -] OVN reports status up for port: 7327966c-89d8-4a80-844f-e7a6b64797ff
2026-06-15 21:09:16.554 9 INFO neutron.plugins.ml2.drivers.ovn.mech_driver.ovsdb.ovsdb_monitor [None req-3b75dcf7-edd4-4c7f-9316-eecf89dba489 - - - - - -] Router 92d0c71f-eb8e-4a68-976c-fa312a618542 is bound to host instance
2026-06-15 21:09:16.587 8 INFO neutron.plugins.ml2.plugin [None req-35061bee-1e91-415d-b631-05ad3f2854ba - - - - - -] Attempt 1 to provision port 7327966c-89d8-4a80-844f-e7a6b64797ff
2026-06-15 21:09:16.591 9 INFO neutron.db.ovn_revision_numbers_db [None req-8c63daed-2d3f-4f8b-98ab-f4e023d9292e 3609009d6cbd47db873a502cfb5ac169 edc0aadc5b5547978e0107e0f2681de2 - - default default] Successfully bumped revision number for resource 7327966c-89d8-4a80-844f-e7a6b64797ff (type: router_ports) to 1
2026-06-15 21:09:16.679 9 INFO neutron.db.ovn_revision_numbers_db [None req-8c63daed-2d3f-4f8b-98ab-f4e023d9292e 3609009d6cbd47db873a502cfb5ac169 edc0aadc5b5547978e0107e0f2681de2 - - default default] Successfully bumped revision number for resource 92d0c71f-eb8e-4a68-976c-fa312a618542 (type: routers) to 2
2026-06-15 21:09:16.711 9 INFO neutron.wsgi [None req-8c63daed-2d3f-4f8b-98ab-f4e023d9292e 3609009d6cbd47db873a502cfb5ac169 edc0aadc5b5547978e0107e0f2681de2 - - default default] 10.0.0.34 "POST /v2.0/routers HTTP/1.1" status: 201 len: 1154 time: 2.0849676
2026-06-15 21:09:16.794 9 INFO neutron.wsgi [None req-39e7ab92-3ff3-4da6-bb93-cc5d21c27f0d 8f6473babe724fca9a727f59f3136aac bdf9cad01a6a48acaf3ef0971306f945 - - default default] 10.0.0.34 "GET /v2.0/subnets?project_id=edc0aadc5b5547978e0107e0f2681de2&cidr=10.100.0.0%2F28 HTTP/1.1" status: 200 len: 207 time: 0.0681970
2026-06-15 21:09:16.918 9 INFO neutron.wsgi [None req-675c5721-2c12-4ec3-b0ed-bad9a423959b 8f6473babe724fca9a727f59f3136aac bdf9cad01a6a48acaf3ef0971306f945 - - default default] 10.0.0.34 "GET /v2.0/networks?router%3Aexternal=True HTTP/1.1" status: 200 len: 947 time: 0.1190436
2026-06-15 21:09:16.945 9 INFO neutron.wsgi [None req-f4e662f4-5ba3-4383-9dc7-4e1537be3c42 8f6473babe724fca9a727f59f3136aac bdf9cad01a6a48acaf3ef0971306f945 - - default default] 10.0.0.34 "GET /v2.0/subnets?network_id=67aac509-6b01-46ef-8bd1-ae0db20a55b4&cidr=10.100.0.0%2F28 HTTP/1.1" status: 200 len: 207 time: 0.0196581
2026-06-15 21:09:16.958 8 WARNING neutron_lib.context [None req-5bf31a40-07d1-4489-b92b-c40420baacba 3609009d6cbd47db873a502cfb5ac169 edc0aadc5b5547978e0107e0f2681de2 - - default default] Method 'is_advsvc' is deprecated since 2023.2 release (neutron-lib 3.8.0) and will be removed once support for the old RBAC API policies will be removed from Neutron. Please use method 'is_service_role' instead.
2026-06-15 21:09:17.083 8 INFO neutron.wsgi [None req-6941f37d-4a91-4817-8142-0e962a1bf83a 4b9d040af59b49068789183ddd77e7fc 958ca276cdb04ff6a325dc6c23f6292b - - default default] 10.0.0.34 "DELETE /v2.0/security-groups/84775eda-c761-41b9-a92f-a2f9c73ba15b HTTP/1.1" status: 204 len: 168 time: 0.6397192
2026-06-15 21:09:17.111 9 INFO neutron.api.v2.resource [None req-8ee16558-840d-48c9-b6b8-c3ad934df0fc 4b9d040af59b49068789183ddd77e7fc 958ca276cdb04ff6a325dc6c23f6292b - - default default] show failed (client error): The resource could not be found.
2026-06-15 21:09:17.112 9 INFO neutron.wsgi [None req-8ee16558-840d-48c9-b6b8-c3ad934df0fc 4b9d040af59b49068789183ddd77e7fc 958ca276cdb04ff6a325dc6c23f6292b - - default default] 10.0.0.34 "GET /v2.0/security-groups/84775eda-c761-41b9-a92f-a2f9c73ba15b HTTP/1.1" status: 404 len: 347 time: 0.0217025
2026-06-15 21:09:17.181 8 INFO neutron.db.ovn_revision_numbers_db [None req-bc524456-ba77-4a4d-ad79-441f2b0f8bc1 ddbe79657123440c87ab88d01dad771d c1a1f2b802804cb6b35cbd6d6e8f33a3 - - default default] Successfully bumped revision number for resource cc72cb67-3449-401e-a259-05d7026bd1c6 (type: ports) to 2
2026-06-15 21:09:17.209 8 INFO neutron.wsgi [None req-70f16f5c-27e9-4c26-a005-8b101ace05ab 091ed0b8ae33475ba76a9cc3a1966a24 cf3b2135bed947debf28724a3c50b6d8 - - default default] 10.0.0.34 "DELETE /v2.0/networks/a36692ae-2062-4776-8e65-5e3ae85233d0 HTTP/1.1" status: 204 len: 168 time: 1.0349510
2026-06-15 21:09:17.278 8 INFO neutron.db.ovn_revision_numbers_db [None req-bc524456-ba77-4a4d-ad79-441f2b0f8bc1 ddbe79657123440c87ab88d01dad771d c1a1f2b802804cb6b35cbd6d6e8f33a3 - - default default] Successfully bumped revision number for resource c80c5b0d-ae3d-42dc-8492-34abf3647978 (type: subnets) to 0
2026-06-15 21:09:17.303 8 INFO neutron.wsgi [None req-bc524456-ba77-4a4d-ad79-441f2b0f8bc1 ddbe79657123440c87ab88d01dad771d c1a1f2b802804cb6b35cbd6d6e8f33a3 - - default default] 10.0.0.34 "POST /v2.0/subnets HTTP/1.1" status: 201 len: 801 time: 1.6523037
2026-06-15 21:09:17.319 9 WARNING neutron_lib.context [None req-2021f09b-c6c2-44f8-a5e7-a6aef8100928 ddbe79657123440c87ab88d01dad771d c1a1f2b802804cb6b35cbd6d6e8f33a3 - - default default] Method 'is_advsvc' is deprecated since 2023.2 release (neutron-lib 3.8.0) and will be removed once support for the old RBAC API policies will be removed from Neutron. Please use method 'is_service_role' instead.
2026-06-15 21:09:17.398 8 WARNING neutron.scheduler.dhcp_agent_scheduler [None req-5bf31a40-07d1-4489-b92b-c40420baacba 3609009d6cbd47db873a502cfb5ac169 edc0aadc5b5547978e0107e0f2681de2 - - default default] No more DHCP agents
2026-06-15 21:09:17.402 8 WARNING neutron.api.rpc.agentnotifiers.dhcp_rpc_agent_api [None req-5bf31a40-07d1-4489-b92b-c40420baacba 3609009d6cbd47db873a502cfb5ac169 edc0aadc5b5547978e0107e0f2681de2 - - default default] Unable to schedule network 6b648754-5c28-44c1-a6bc-91a6ca89684f: no agents available; will retry on subsequent port and subnet creation events.
2026-06-15 21:09:17.528 9 INFO neutron.db.ovn_revision_numbers_db [None req-2021f09b-c6c2-44f8-a5e7-a6aef8100928 ddbe79657123440c87ab88d01dad771d c1a1f2b802804cb6b35cbd6d6e8f33a3 - - default default] Successfully bumped revision number for resource c75d5e68-be9b-4c24-ab45-176d8c8c2765 (type: routers) to 1
2026-06-15 21:09:17.605 9 INFO neutron.wsgi [None req-2021f09b-c6c2-44f8-a5e7-a6aef8100928 ddbe79657123440c87ab88d01dad771d c1a1f2b802804cb6b35cbd6d6e8f33a3 - - default default] 10.0.0.34 "POST /v2.0/routers HTTP/1.1" status: 201 len: 802 time: 0.2930744
2026-06-15 21:09:17.698 9 INFO neutron.db.ovn_revision_numbers_db [None req-3b75dcf7-edd4-4c7f-9316-eecf89dba489 - - - - - -] Successfully bumped revision number for resource 7327966c-89d8-4a80-844f-e7a6b64797ff (type: ports) to 1
2026-06-15 21:09:17.723 9 INFO neutron.wsgi [None req-45f93dee-5612-4ea6-a67c-7d256659886a 4b9d040af59b49068789183ddd77e7fc 958ca276cdb04ff6a325dc6c23f6292b - - default default] 10.0.0.34 "DELETE /v2.0/floatingips/88310089-2d76-40c6-b8b8-04d89e09362e HTTP/1.1" status: 204 len: 168 time: 0.6002891
2026-06-15 21:09:17.981 8 INFO neutron.wsgi [None req-03e5f7e7-9f44-4e16-847e-b6815bbf8912 091ed0b8ae33475ba76a9cc3a1966a24 cf3b2135bed947debf28724a3c50b6d8 - - default default] 10.0.0.34 "DELETE /v2.0/networks/33875aff-c43f-4124-a87b-07bc4a607d81 HTTP/1.1" status: 204 len: 168 time: 0.7568443
2026-06-15 21:09:18.163 8 INFO neutron.services.segments.plugin [-] Segment ee375d68-6c08-451a-aeae-a6e5749340a4 resource provider aggregate not found
2026-06-15 21:09:18.190 8 INFO neutron.services.segments.plugin [-] Segment ee375d68-6c08-451a-aeae-a6e5749340a4 resource provider aggregate not found
2026-06-15 21:09:18.208 8 INFO neutron.services.segments.plugin [-] Segment ee375d68-6c08-451a-aeae-a6e5749340a4 resource provider not found; error: Placement Client Error (4xx): {"errors": [{"status": 404, "title": "Not Found", "detail": "The resource could not be found.\n\n No resource provider with uuid ee375d68-6c08-451a-aeae-a6e5749340a4 found for delete ", "request_id": "req-3cf8cd81-6c21-442b-b7a6-f1e7a57d0b18"}]}
2026-06-15 21:09:18.214 8 INFO neutron.services.segments.plugin [-] Segment ee375d68-6c08-451a-aeae-a6e5749340a4 resource provider not found; error: Placement Client Error (4xx): {"errors": [{"status": 404, "title": "Not Found", "detail": "The resource could not be found.\n\n No resource provider with uuid ee375d68-6c08-451a-aeae-a6e5749340a4 found for delete ", "request_id": "req-704669dc-1586-4ac3-a126-110c6ab4d7c3"}]}
2026-06-15 21:09:18.236 8 INFO neutron.services.segments.plugin [-] Segment 1e021dcb-328a-4f0b-97db-fd9b4597e438 resource provider aggregate not found
2026-06-15 21:09:18.240 8 INFO neutron.services.segments.plugin [-] Segment 1e021dcb-328a-4f0b-97db-fd9b4597e438 resource provider aggregate not found
2026-06-15 21:09:18.248 8 INFO neutron.services.segments.plugin [-] Segment 1e021dcb-328a-4f0b-97db-fd9b4597e438 resource provider not found; error: Placement Client Error (4xx): {"errors": [{"status": 404, "title": "Not Found", "detail": "The resource could not be found.\n\n No resource provider with uuid 1e021dcb-328a-4f0b-97db-fd9b4597e438 found for delete ", "request_id": "req-38618e9f-cadf-4ae7-8feb-c6cedb8e19d1"}]}
2026-06-15 21:09:18.259 8 INFO neutron.services.segments.plugin [-] Segment 1e021dcb-328a-4f0b-97db-fd9b4597e438 resource provider not found; error: Placement Client Error (4xx): {"errors": [{"status": 404, "title": "Not Found", "detail": "The resource could not be found.\n\n No resource provider with uuid 1e021dcb-328a-4f0b-97db-fd9b4597e438 found for delete ", "request_id": "req-edc1db70-cb61-409c-975a-e8dd7400c16c"}]}
2026-06-15 21:09:18.320 8 INFO neutron.wsgi [None req-16e80052-1514-48ed-b408-93c540c838ad 4b9d040af59b49068789183ddd77e7fc 958ca276cdb04ff6a325dc6c23f6292b - - default default] 10.0.0.34 "DELETE /v2.0/security-groups/61c7e22c-8eda-4d30-941b-5c8084ac6c2d HTTP/1.1" status: 204 len: 168 time: 0.5876336
2026-06-15 21:09:18.364 9 INFO neutron.db.ovn_revision_numbers_db [None req-3b75dcf7-edd4-4c7f-9316-eecf89dba489 - - - - - -] Successfully bumped revision number for resource 7327966c-89d8-4a80-844f-e7a6b64797ff (type: router_ports) to 3
2026-06-15 21:09:18.603 8 WARNING neutron.scheduler.dhcp_agent_scheduler [None req-999469a4-8bea-455e-baae-7e5fc918b866 ddbe79657123440c87ab88d01dad771d c1a1f2b802804cb6b35cbd6d6e8f33a3 - - default default] No more DHCP agents
2026-06-15 21:09:18.609 8 WARNING neutron.api.rpc.agentnotifiers.dhcp_rpc_agent_api [None req-999469a4-8bea-455e-baae-7e5fc918b866 ddbe79657123440c87ab88d01dad771d c1a1f2b802804cb6b35cbd6d6e8f33a3 - - default default] Unable to schedule network a668ef65-b47c-44e5-a7a5-7e8c3d7aeb17: no agents available; will retry on subsequent port and subnet creation events.
2026-06-15 21:09:18.657 8 INFO neutron.db.ovn_revision_numbers_db [None req-5bf31a40-07d1-4489-b92b-c40420baacba 3609009d6cbd47db873a502cfb5ac169 edc0aadc5b5547978e0107e0f2681de2 - - default default] Successfully bumped revision number for resource a5adff62-f2d5-48fc-a93a-8da6a8c01cd0 (type: ports) to 2
2026-06-15 21:09:18.709 8 INFO neutron.db.ovn_revision_numbers_db [None req-5bf31a40-07d1-4489-b92b-c40420baacba 3609009d6cbd47db873a502cfb5ac169 edc0aadc5b5547978e0107e0f2681de2 - - default default] Successfully bumped revision number for resource e2ee6467-fcd4-4299-894a-9fe088304303 (type: subnets) to 0
2026-06-15 21:09:18.723 9 INFO neutron.db.ovn_revision_numbers_db [None req-3b75dcf7-edd4-4c7f-9316-eecf89dba489 - - - - - -] Successfully bumped revision number for resource 7327966c-89d8-4a80-844f-e7a6b64797ff (type: ports) to 2
2026-06-15 21:09:18.741 8 INFO neutron.wsgi [None req-5bf31a40-07d1-4489-b92b-c40420baacba 3609009d6cbd47db873a502cfb5ac169 edc0aadc5b5547978e0107e0f2681de2 - - default default] 10.0.0.34 "POST /v2.0/subnets HTTP/1.1" status: 201 len: 832 time: 1.7890403
2026-06-15 21:09:19.062 8 INFO neutron.db.ovn_revision_numbers_db [None req-999469a4-8bea-455e-baae-7e5fc918b866 ddbe79657123440c87ab88d01dad771d c1a1f2b802804cb6b35cbd6d6e8f33a3 - - default default] Successfully bumped revision number for resource 9f0f35d9-9614-4f29-b4e8-80510a8a62e7 (type: ports) to 1
2026-06-15 21:09:19.126 8 INFO neutron.wsgi [None req-a82d6cae-affa-4c17-9413-14bc67c00728 091ed0b8ae33475ba76a9cc3a1966a24 cf3b2135bed947debf28724a3c50b6d8 - - default default] 10.0.0.34 "DELETE /v2.0/networks/2b1ec00e-979a-42ad-8102-a9fa637e1683 HTTP/1.1" status: 204 len: 168 time: 1.1351030
2026-06-15 21:09:19.418 9 INFO neutron.db.ovn_revision_numbers_db [None req-3b75dcf7-edd4-4c7f-9316-eecf89dba489 - - - - - -] Successfully bumped revision number for resource 7327966c-89d8-4a80-844f-e7a6b64797ff (type: ports) to 4
2026-06-15 21:09:19.575 8 ERROR ovsdbapp.backend.ovs_idl.command [None req-999469a4-8bea-455e-baae-7e5fc918b866 ddbe79657123440c87ab88d01dad771d c1a1f2b802804cb6b35cbd6d6e8f33a3 - - default default] Error executing command (DbGetCommand): ovsdbapp.backend.ovs_idl.idlutils.RowNotFound: Cannot find Logical_Router_Port with name=lrp-9f0f35d9-9614-4f29-b4e8-80510a8a62e7
2026-06-15 21:09:19.575 8 ERROR ovsdbapp.backend.ovs_idl.command
Traceback (most recent call last):
2026-06-15 21:09:19.575 8 ERROR ovsdbapp.backend.ovs_idl.command
File "/var/lib/openstack/lib/python3.10/site-packages/ovsdbapp/backend/ovs_idl/command.py", line 47, in execute
2026-06-15 21:09:19.575 8 ERROR ovsdbapp.backend.ovs_idl.command self.run_idl(None)
2026-06-15 21:09:19.575 8 ERROR ovsdbapp.backend.ovs_idl.command
File "/var/lib/openstack/lib/python3.10/site-packages/ovsdbapp/backend/ovs_idl/command.py", line 235, in run_idl
2026-06-15 21:09:19.575 8 ERROR ovsdbapp.backend.ovs_idl.command record = self.api.lookup(self.table, self.record)
2026-06-15 21:09:19.575 8 ERROR ovsdbapp.backend.ovs_idl.command
File "/var/lib/openstack/lib/python3.10/site-packages/ovsdbapp/backend/ovs_idl/__init__.py", line 184, in lookup
2026-06-15 21:09:19.575 8 ERROR ovsdbapp.backend.ovs_idl.command return self._lookup(table, record)
2026-06-15 21:09:19.575 8 ERROR ovsdbapp.backend.ovs_idl.command
File "/var/lib/openstack/lib/python3.10/site-packages/ovsdbapp/backend/ovs_idl/__init__.py", line 235, in _lookup
2026-06-15 21:09:19.575 8 ERROR ovsdbapp.backend.ovs_idl.command row = idlutils.row_by_value(self, rl.table, rl.column, record)
2026-06-15 21:09:19.575 8 ERROR ovsdbapp.backend.ovs_idl.command
File "/var/lib/openstack/lib/python3.10/site-packages/ovsdbapp/backend/ovs_idl/idlutils.py", line 114, in row_by_value
2026-06-15 21:09:19.575 8 ERROR ovsdbapp.backend.ovs_idl.command raise RowNotFound(table=table, col=column, match=match)
2026-06-15 21:09:19.575 8 ERROR ovsdbapp.backend.ovs_idl.command ovsdbapp.backend.ovs_idl.idlutils.RowNotFound: Cannot find Logical_Router_Port with name=lrp-9f0f35d9-9614-4f29-b4e8-80510a8a62e7
2026-06-15 21:09:19.575 8 ERROR ovsdbapp.backend.ovs_idl.command 
2026-06-15 21:09:19.576 8 ERROR neutron_lib.callbacks.manager [None req-999469a4-8bea-455e-baae-7e5fc918b866 ddbe79657123440c87ab88d01dad771d c1a1f2b802804cb6b35cbd6d6e8f33a3 - - default default] Error during notification for neutron.services.ovn_l3.plugin.OVNL3RouterPlugin._port_update-8785932901085 port, after_update: ovsdbapp.backend.ovs_idl.idlutils.RowNotFound: Cannot find Logical_Router_Port with name=lrp-9f0f35d9-9614-4f29-b4e8-80510a8a62e7
2026-06-15 21:09:19.576 8 ERROR neutron_lib.callbacks.manager
Traceback (most recent call last):
2026-06-15 21:09:19.576 8 ERROR neutron_lib.callbacks.manager
File "/var/lib/openstack/lib/python3.10/site-packages/neutron_lib/callbacks/manager.py", line 189, in _notify_loop
2026-06-15 21:09:19.576 8 ERROR neutron_lib.callbacks.manager callback.method(resource, event, trigger, payload=payload)
2026-06-15 21:09:19.576 8 ERROR neutron_lib.callbacks.manager
File "/var/lib/openstack/lib/python3.10/site-packages/neutron/services/ovn_l3/plugin.py", line 391, in _port_update
2026-06-15 21:09:19.576 8 ERROR neutron_lib.callbacks.manager l3plugin._ovn_client.update_router_port(context,
2026-06-15 21:09:19.576 8 ERROR neutron_lib.callbacks.manager
File "/var/lib/openstack/lib/python3.10/site-packages/neutron/plugins/ml2/drivers/ovn/mech_driver/ovsdb/ovn_client.py", line 1878, in update_router_port
2026-06-15 21:09:19.576 8 ERROR neutron_lib.callbacks.manager self._update_lrouter_port(context, port, if_exists=if_exists,
2026-06-15 21:09:19.576 8 ERROR neutron_lib.callbacks.manager
File "/var/lib/openstack/lib/python3.10/site-packages/neutron/plugins/ml2/drivers/ovn/mech_driver/ovsdb/ovn_client.py", line 1855, in _update_lrouter_port
2026-06-15 21:09:19.576 8 ERROR neutron_lib.callbacks.manager external_ids = self._nb_idl.db_get(
2026-06-15 21:09:19.576 8 ERROR neutron_lib.callbacks.manager
File "/var/lib/openstack/lib/python3.10/site-packages/ovsdbapp/backend/ovs_idl/command.py", line 47, in execute
2026-06-15 21:09:19.576 8 ERROR neutron_lib.callbacks.manager self.run_idl(None)
2026-06-15 21:09:19.576 8 ERROR neutron_lib.callbacks.manager
File "/var/lib/openstack/lib/python3.10/site-packages/ovsdbapp/backend/ovs_idl/command.py", line 235, in run_idl
2026-06-15 21:09:19.576 8 ERROR neutron_lib.callbacks.manager record = self.api.lookup(self.table, self.record)
2026-06-15 21:09:19.576 8 ERROR neutron_lib.callbacks.manager
File "/var/lib/openstack/lib/python3.10/site-packages/ovsdbapp/backend/ovs_idl/__init__.py", line 184, in lookup
2026-06-15 21:09:19.576 8 ERROR neutron_lib.callbacks.manager return self._lookup(table, record)
2026-06-15 21:09:19.576 8 ERROR neutron_lib.callbacks.manager
File "/var/lib/openstack/lib/python3.10/site-packages/ovsdbapp/backend/ovs_idl/__init__.py", line 235, in _lookup
2026-06-15 21:09:19.576 8 ERROR neutron_lib.callbacks.manager row = idlutils.row_by_value(self, rl.table, rl.column, record)
2026-06-15 21:09:19.576 8 ERROR neutron_lib.callbacks.manager
File "/var/lib/openstack/lib/python3.10/site-packages/ovsdbapp/backend/ovs_idl/idlutils.py", line 114, in row_by_value
2026-06-15 21:09:19.576 8 ERROR neutron_lib.callbacks.manager raise RowNotFound(table=table, col=column, match=match)
2026-06-15 21:09:19.576 8 ERROR neutron_lib.callbacks.manager ovsdbapp.backend.ovs_idl.idlutils.RowNotFound: Cannot find Logical_Router_Port with name=lrp-9f0f35d9-9614-4f29-b4e8-80510a8a62e7
2026-06-15 21:09:19.576 8 ERROR neutron_lib.callbacks.manager 
2026-06-15 21:09:19.793 8 INFO neutron.db.ovn_revision_numbers_db [None req-999469a4-8bea-455e-baae-7e5fc918b866 ddbe79657123440c87ab88d01dad771d c1a1f2b802804cb6b35cbd6d6e8f33a3 - - default default] Successfully bumped revision number for resource 9f0f35d9-9614-4f29-b4e8-80510a8a62e7 (type: ports) to 1
2026-06-15 21:09:19.806 9 INFO neutron.plugins.ml2.drivers.ovn.mech_driver.mech_driver [None req-4931acb0-aaf8-4197-8a6e-4d24e2e00f6a - - - - - -] OVN reports status up for port: 9f0f35d9-9614-4f29-b4e8-80510a8a62e7
2026-06-15 21:09:19.844 9 INFO neutron.plugins.ml2.plugin [None req-4931acb0-aaf8-4197-8a6e-4d24e2e00f6a - - - - - -] Attempt 1 to provision port 9f0f35d9-9614-4f29-b4e8-80510a8a62e7
2026-06-15 21:09:19.855 8 WARNING neutron.scheduler.dhcp_agent_scheduler [None req-999469a4-8bea-455e-baae-7e5fc918b866 ddbe79657123440c87ab88d01dad771d c1a1f2b802804cb6b35cbd6d6e8f33a3 - - default default] No more DHCP agents
2026-06-15 21:09:19.856 8 WARNING neutron.api.rpc.agentnotifiers.dhcp_rpc_agent_api [None req-999469a4-8bea-455e-baae-7e5fc918b866 ddbe79657123440c87ab88d01dad771d c1a1f2b802804cb6b35cbd6d6e8f33a3 - - default default] Unable to schedule network a668ef65-b47c-44e5-a7a5-7e8c3d7aeb17: no agents available; will retry on subsequent port and subnet creation events.
2026-06-15 21:09:20.038 8 INFO neutron.db.ovn_revision_numbers_db [None req-999469a4-8bea-455e-baae-7e5fc918b866 ddbe79657123440c87ab88d01dad771d c1a1f2b802804cb6b35cbd6d6e8f33a3 - - default default] Successfully bumped revision number for resource 9f0f35d9-9614-4f29-b4e8-80510a8a62e7 (type: router_ports) to 1
2026-06-15 21:09:20.045 8 INFO neutron.wsgi [None req-999469a4-8bea-455e-baae-7e5fc918b866 ddbe79657123440c87ab88d01dad771d c1a1f2b802804cb6b35cbd6d6e8f33a3 - - default default] 10.0.0.34 "PUT /v2.0/routers/c75d5e68-be9b-4c24-ab45-176d8c8c2765/add_router_interface HTTP/1.1" status: 200 len: 503 time: 2.4331450
2026-06-15 21:09:20.148 8 INFO neutron.wsgi [None req-38ed8292-308d-42f6-b320-8e4041ab2d1e ddbe79657123440c87ab88d01dad771d c1a1f2b802804cb6b35cbd6d6e8f33a3 - - default default] 10.0.0.34 "GET /v2.0/ports/9f0f35d9-9614-4f29-b4e8-80510a8a62e7 HTTP/1.1" status: 200 len: 1135 time: 0.0944011
2026-06-15 21:09:20.269 8 INFO neutron.services.segments.plugin [-] Segment e3fe3022-0a70-40b2-9af0-e4b76cebca8e resource provider aggregate not found
2026-06-15 21:09:20.286 8 INFO neutron.services.segments.plugin [-] Segment e3fe3022-0a70-40b2-9af0-e4b76cebca8e resource provider aggregate not found
2026-06-15 21:09:20.292 9 WARNING neutron.scheduler.dhcp_agent_scheduler [None req-37c3df79-6bc2-460c-a636-85ffc1f4c161 3609009d6cbd47db873a502cfb5ac169 edc0aadc5b5547978e0107e0f2681de2 - - default default] No more DHCP agents
2026-06-15 21:09:20.295 8 INFO neutron.services.segments.plugin [-] Segment e3fe3022-0a70-40b2-9af0-e4b76cebca8e resource provider not found; error: Placement Client Error (4xx): {"errors": [{"status": 404, "title": "Not Found", "detail": "The resource could not be found.\n\n No resource provider with uuid e3fe3022-0a70-40b2-9af0-e4b76cebca8e found for delete ", "request_id": "req-c4cc0ec0-739b-4572-94b3-623ddb826f4b"}]}
2026-06-15 21:09:20.298 9 WARNING neutron.api.rpc.agentnotifiers.dhcp_rpc_agent_api [None req-37c3df79-6bc2-460c-a636-85ffc1f4c161 3609009d6cbd47db873a502cfb5ac169 edc0aadc5b5547978e0107e0f2681de2 - - default default] Unable to schedule network 6b648754-5c28-44c1-a6bc-91a6ca89684f: no agents available; will retry on subsequent port and subnet creation events.
2026-06-15 21:09:20.312 9 INFO neutron.db.ovn_revision_numbers_db [None req-3b75dcf7-edd4-4c7f-9316-eecf89dba489 - - - - - -] Successfully bumped revision number for resource 7327966c-89d8-4a80-844f-e7a6b64797ff (type: router_ports) to 4
2026-06-15 21:09:20.314 8 INFO neutron.services.segments.plugin [-] Segment e3fe3022-0a70-40b2-9af0-e4b76cebca8e resource provider not found; error: Placement Client Error (4xx): {"errors": [{"status": 404, "title": "Not Found", "detail": "The resource could not be found.\n\n No resource provider with uuid e3fe3022-0a70-40b2-9af0-e4b76cebca8e found for delete ", "request_id": "req-f1be48ee-2161-42b2-a698-3faee2312787"}]}
2026-06-15 21:09:20.402 8 INFO neutron.db.ovn_revision_numbers_db [None req-ccc1cbd5-442f-4185-9251-5899b673d2e3 262b6950fd8e42b7a69f9ec0d81f83bf a0c2fdaddc014b4f80713b19e5cc4e72 - - default default] Successfully bumped revision number for resource 65c3d8f7-0aa0-4a77-ab67-1762eb7603e9 (type: security_groups) to 1
2026-06-15 21:09:20.438 8 INFO neutron.db.ovn_revision_numbers_db [None req-ccc1cbd5-442f-4185-9251-5899b673d2e3 262b6950fd8e42b7a69f9ec0d81f83bf a0c2fdaddc014b4f80713b19e5cc4e72 - - default default] Successfully bumped revision number for resource 233fe0da-87b8-41de-89ab-6f412c055d7f (type: security_group_rules) to 0
2026-06-15 21:09:20.460 8 INFO neutron.db.ovn_revision_numbers_db [None req-ccc1cbd5-442f-4185-9251-5899b673d2e3 262b6950fd8e42b7a69f9ec0d81f83bf a0c2fdaddc014b4f80713b19e5cc4e72 - - default default] Successfully bumped revision number for resource 540f633b-2349-482c-ae5a-a22db0216c98 (type: security_group_rules) to 0
2026-06-15 21:09:20.481 8 INFO neutron.db.ovn_revision_numbers_db [None req-ccc1cbd5-442f-4185-9251-5899b673d2e3 262b6950fd8e42b7a69f9ec0d81f83bf a0c2fdaddc014b4f80713b19e5cc4e72 - - default default] Successfully bumped revision number for resource 76d3cd78-4889-48a4-a14e-32d7d40f5771 (type: security_group_rules) to 0
2026-06-15 21:09:20.509 8 INFO neutron.db.ovn_revision_numbers_db [None req-ccc1cbd5-442f-4185-9251-5899b673d2e3 262b6950fd8e42b7a69f9ec0d81f83bf a0c2fdaddc014b4f80713b19e5cc4e72 - - default default] Successfully bumped revision number for resource ff95c3aa-24a9-42ba-9b73-5a19b277b0fa (type: security_group_rules) to 0
2026-06-15 21:09:20.548 8 INFO neutron.wsgi [None req-ccc1cbd5-442f-4185-9251-5899b673d2e3 262b6950fd8e42b7a69f9ec0d81f83bf a0c2fdaddc014b4f80713b19e5cc4e72 - - default default] 10.0.0.34 "GET /v2.0/security-groups?tenant_id=61958235d5334459bf49c12f0fa64404&name=default HTTP/1.1" status: 200 len: 3120 time: 0.5373142
2026-06-15 21:09:20.838 8 WARNING neutron.scheduler.dhcp_agent_scheduler [None req-241f7cba-1978-4873-b0be-7dcaf68bd815 ddbe79657123440c87ab88d01dad771d c1a1f2b802804cb6b35cbd6d6e8f33a3 - - default default] No more DHCP agents
2026-06-15 21:09:20.841 8 WARNING neutron.api.rpc.agentnotifiers.dhcp_rpc_agent_api [None req-241f7cba-1978-4873-b0be-7dcaf68bd815 ddbe79657123440c87ab88d01dad771d c1a1f2b802804cb6b35cbd6d6e8f33a3 - - default default] Unable to schedule network 76a2124b-2fcc-488a-81ed-1abbaa50c776: no agents available; will retry on subsequent port and subnet creation events.
