2026-06-15 21:10:20.857 9 INFO neutron.plugins.ml2.drivers.ovn.mech_driver.ovsdb.commands [None req-e0bd2412-1ed5-4e43-8412-554f8f828c60 - - - - - -] Schedule LRP lrp-e110872c-2d70-4fe4-a6c5-fa7bfea5872d on gateway 9b915434-f5b4-4f02-b61c-14cb792f14a0 with priority 1
2026-06-15 21:10:20.876 8 INFO neutron.plugins.ml2.drivers.ovn.mech_driver.mech_driver [None req-35061bee-1e91-415d-b631-05ad3f2854ba - - - - - -] OVN reports status up for port: e110872c-2d70-4fe4-a6c5-fa7bfea5872d
2026-06-15 21:10:20.882 8 INFO neutron.plugins.ml2.plugin [None req-35061bee-1e91-415d-b631-05ad3f2854ba - - - - - -] Attempt 1 to provision port e110872c-2d70-4fe4-a6c5-fa7bfea5872d
2026-06-15 21:10:20.897 9 INFO neutron.db.ovn_revision_numbers_db [None req-184ee894-4259-479f-bed1-fe9da5b4ebeb 16049499037247f891209e11e0919d75 edf670acb5a94913ab96484e9e760b28 - - default default] Successfully bumped revision number for resource e110872c-2d70-4fe4-a6c5-fa7bfea5872d (type: router_ports) to 1
2026-06-15 21:10:20.971 9 INFO neutron.db.ovn_revision_numbers_db [None req-184ee894-4259-479f-bed1-fe9da5b4ebeb 16049499037247f891209e11e0919d75 edf670acb5a94913ab96484e9e760b28 - - default default] Successfully bumped revision number for resource 3fcbfe33-7afc-4fb5-8406-5f742fe5c99b (type: routers) to 2
2026-06-15 21:10:20.987 9 INFO neutron.wsgi [None req-184ee894-4259-479f-bed1-fe9da5b4ebeb 16049499037247f891209e11e0919d75 edf670acb5a94913ab96484e9e760b28 - - default default] 10.0.0.34 "POST /v2.0/routers HTTP/1.1" status: 201 len: 1136 time: 1.7652111
2026-06-15 21:10:21.108 8 INFO neutron.wsgi [None req-109aa93a-e765-426f-8bdf-675b8ea6133b 3609009d6cbd47db873a502cfb5ac169 edc0aadc5b5547978e0107e0f2681de2 - - default default] 10.0.0.34 "DELETE /v2.0/routers/92d0c71f-eb8e-4a68-976c-fa312a618542 HTTP/1.1" status: 204 len: 168 time: 0.9618187
2026-06-15 21:10:21.490 8 INFO neutron.services.segments.plugin [-] Segment ea149b36-b02a-4689-8732-c4195e925627 resource provider aggregate not found
2026-06-15 21:10:21.497 8 INFO neutron.services.segments.plugin [-] Segment ea149b36-b02a-4689-8732-c4195e925627 resource provider aggregate not found
2026-06-15 21:10:21.512 8 INFO neutron.services.segments.plugin [-] Segment ea149b36-b02a-4689-8732-c4195e925627 resource provider not found; error: Placement Client Error (4xx): {"errors": [{"status": 404, "title": "Not Found", "detail": "The resource could not be found.\n\n No resource provider with uuid ea149b36-b02a-4689-8732-c4195e925627 found for delete ", "request_id": "req-3182c8ff-7e4e-4042-ab7b-e334e184789a"}]}
2026-06-15 21:10:21.518 8 INFO neutron.services.segments.plugin [-] Segment ea149b36-b02a-4689-8732-c4195e925627 resource provider not found; error: Placement Client Error (4xx): {"errors": [{"status": 404, "title": "Not Found", "detail": "The resource could not be found.\n\n No resource provider with uuid ea149b36-b02a-4689-8732-c4195e925627 found for delete ", "request_id": "req-7b796ab1-2e15-4c8a-a627-3383173c0548"}]}
2026-06-15 21:10:21.540 8 INFO neutron.wsgi [None req-0ad6c7ca-4dd2-4b54-b5cb-e226101e1685 3609009d6cbd47db873a502cfb5ac169 edc0aadc5b5547978e0107e0f2681de2 - - default default] 10.0.0.34 "DELETE /v2.0/networks/6b648754-5c28-44c1-a6bc-91a6ca89684f HTTP/1.1" status: 204 len: 168 time: 0.4264801
2026-06-15 21:10:22.043 9 WARNING neutron.scheduler.dhcp_agent_scheduler [None req-64323241-870f-4bc9-b965-6c340cbeca1a 16049499037247f891209e11e0919d75 edf670acb5a94913ab96484e9e760b28 - - default default] No more DHCP agents
2026-06-15 21:10:22.045 9 WARNING neutron.api.rpc.agentnotifiers.dhcp_rpc_agent_api [None req-64323241-870f-4bc9-b965-6c340cbeca1a 16049499037247f891209e11e0919d75 edf670acb5a94913ab96484e9e760b28 - - default default] Unable to schedule network 130f20ec-6eb8-4b4a-a7b5-89afd4e01352: no agents available; will retry on subsequent port and subnet creation events.
2026-06-15 21:10:22.195 9 INFO neutron.db.ovn_revision_numbers_db [None req-64323241-870f-4bc9-b965-6c340cbeca1a 16049499037247f891209e11e0919d75 edf670acb5a94913ab96484e9e760b28 - - default default] Successfully bumped revision number for resource 67c381da-b770-4142-be51-da26a72a3d94 (type: ports) to 1
2026-06-15 21:10:22.649 8 INFO neutron.db.ovn_revision_numbers_db [None req-8ff1c536-5124-49c7-876d-a186d12bea3a 262b6950fd8e42b7a69f9ec0d81f83bf a0c2fdaddc014b4f80713b19e5cc4e72 - - default default] Successfully bumped revision number for resource bb743dcb-6840-4062-a0cf-c5104a0606e8 (type: security_groups) to 1
2026-06-15 21:10:22.674 8 INFO neutron.db.ovn_revision_numbers_db [None req-8ff1c536-5124-49c7-876d-a186d12bea3a 262b6950fd8e42b7a69f9ec0d81f83bf a0c2fdaddc014b4f80713b19e5cc4e72 - - default default] Successfully bumped revision number for resource 20e34ca5-0411-4fe0-9b17-73ca208d0c70 (type: security_group_rules) to 0
2026-06-15 21:10:22.691 8 INFO neutron.db.ovn_revision_numbers_db [None req-8ff1c536-5124-49c7-876d-a186d12bea3a 262b6950fd8e42b7a69f9ec0d81f83bf a0c2fdaddc014b4f80713b19e5cc4e72 - - default default] Successfully bumped revision number for resource 7790bf85-74ee-4726-8052-27c88f7b2141 (type: security_group_rules) to 0
2026-06-15 21:10:22.704 8 INFO neutron.db.ovn_revision_numbers_db [None req-8ff1c536-5124-49c7-876d-a186d12bea3a 262b6950fd8e42b7a69f9ec0d81f83bf a0c2fdaddc014b4f80713b19e5cc4e72 - - default default] Successfully bumped revision number for resource af3e9e09-d1f3-43fb-8591-2c1c6614aa70 (type: security_group_rules) to 0
2026-06-15 21:10:22.716 8 INFO neutron.db.ovn_revision_numbers_db [None req-8ff1c536-5124-49c7-876d-a186d12bea3a 262b6950fd8e42b7a69f9ec0d81f83bf a0c2fdaddc014b4f80713b19e5cc4e72 - - default default] Successfully bumped revision number for resource c0ddfbaa-d036-4d9a-b8bb-c4ec264b0979 (type: security_group_rules) to 0
2026-06-15 21:10:22.743 8 INFO neutron.wsgi [None req-8ff1c536-5124-49c7-876d-a186d12bea3a 262b6950fd8e42b7a69f9ec0d81f83bf a0c2fdaddc014b4f80713b19e5cc4e72 - - default default] 10.0.0.34 "GET /v2.0/security-groups?tenant_id=bdf9cad01a6a48acaf3ef0971306f945&name=default HTTP/1.1" status: 200 len: 3120 time: 0.4743614
2026-06-15 21:10:22.928 9 ERROR ovsdbapp.backend.ovs_idl.command [None req-64323241-870f-4bc9-b965-6c340cbeca1a 16049499037247f891209e11e0919d75 edf670acb5a94913ab96484e9e760b28 - - default default] Error executing command (DbGetCommand): ovsdbapp.backend.ovs_idl.idlutils.RowNotFound: Cannot find Logical_Router_Port with name=lrp-67c381da-b770-4142-be51-da26a72a3d94
2026-06-15 21:10:22.928 9 ERROR ovsdbapp.backend.ovs_idl.command
Traceback (most recent call last):
2026-06-15 21:10:22.928 9 ERROR ovsdbapp.backend.ovs_idl.command
File "/var/lib/openstack/lib/python3.10/site-packages/ovsdbapp/backend/ovs_idl/command.py", line 47, in execute
2026-06-15 21:10:22.928 9 ERROR ovsdbapp.backend.ovs_idl.command self.run_idl(None)
2026-06-15 21:10:22.928 9 ERROR ovsdbapp.backend.ovs_idl.command
File "/var/lib/openstack/lib/python3.10/site-packages/ovsdbapp/backend/ovs_idl/command.py", line 235, in run_idl
2026-06-15 21:10:22.928 9 ERROR ovsdbapp.backend.ovs_idl.command record = self.api.lookup(self.table, self.record)
2026-06-15 21:10:22.928 9 ERROR ovsdbapp.backend.ovs_idl.command
File "/var/lib/openstack/lib/python3.10/site-packages/ovsdbapp/backend/ovs_idl/__init__.py", line 184, in lookup
2026-06-15 21:10:22.928 9 ERROR ovsdbapp.backend.ovs_idl.command return self._lookup(table, record)
2026-06-15 21:10:22.928 9 ERROR ovsdbapp.backend.ovs_idl.command
File "/var/lib/openstack/lib/python3.10/site-packages/ovsdbapp/backend/ovs_idl/__init__.py", line 235, in _lookup
2026-06-15 21:10:22.928 9 ERROR ovsdbapp.backend.ovs_idl.command row = idlutils.row_by_value(self, rl.table, rl.column, record)
2026-06-15 21:10:22.928 9 ERROR ovsdbapp.backend.ovs_idl.command
File "/var/lib/openstack/lib/python3.10/site-packages/ovsdbapp/backend/ovs_idl/idlutils.py", line 114, in row_by_value
2026-06-15 21:10:22.928 9 ERROR ovsdbapp.backend.ovs_idl.command raise RowNotFound(table=table, col=column, match=match)
2026-06-15 21:10:22.928 9 ERROR ovsdbapp.backend.ovs_idl.command ovsdbapp.backend.ovs_idl.idlutils.RowNotFound: Cannot find Logical_Router_Port with name=lrp-67c381da-b770-4142-be51-da26a72a3d94
2026-06-15 21:10:22.928 9 ERROR ovsdbapp.backend.ovs_idl.command 
2026-06-15 21:10:22.929 9 ERROR neutron_lib.callbacks.manager [None req-64323241-870f-4bc9-b965-6c340cbeca1a 16049499037247f891209e11e0919d75 edf670acb5a94913ab96484e9e760b28 - - default default] Error during notification for neutron.services.ovn_l3.plugin.OVNL3RouterPlugin._port_update-8785932901085 port, after_update: ovsdbapp.backend.ovs_idl.idlutils.RowNotFound: Cannot find Logical_Router_Port with name=lrp-67c381da-b770-4142-be51-da26a72a3d94
2026-06-15 21:10:22.929 9 ERROR neutron_lib.callbacks.manager
Traceback (most recent call last):
2026-06-15 21:10:22.929 9 ERROR neutron_lib.callbacks.manager
File "/var/lib/openstack/lib/python3.10/site-packages/neutron_lib/callbacks/manager.py", line 189, in _notify_loop
2026-06-15 21:10:22.929 9 ERROR neutron_lib.callbacks.manager callback.method(resource, event, trigger, payload=payload)
2026-06-15 21:10:22.929 9 ERROR neutron_lib.callbacks.manager
File "/var/lib/openstack/lib/python3.10/site-packages/neutron/services/ovn_l3/plugin.py", line 391, in _port_update
2026-06-15 21:10:22.929 9 ERROR neutron_lib.callbacks.manager l3plugin._ovn_client.update_router_port(context,
2026-06-15 21:10:22.929 9 ERROR neutron_lib.callbacks.manager
File "/var/lib/openstack/lib/python3.10/site-packages/neutron/plugins/ml2/drivers/ovn/mech_driver/ovsdb/ovn_client.py", line 1878, in update_router_port
2026-06-15 21:10:22.929 9 ERROR neutron_lib.callbacks.manager self._update_lrouter_port(context, port, if_exists=if_exists,
2026-06-15 21:10:22.929 9 ERROR neutron_lib.callbacks.manager
File "/var/lib/openstack/lib/python3.10/site-packages/neutron/plugins/ml2/drivers/ovn/mech_driver/ovsdb/ovn_client.py", line 1855, in _update_lrouter_port
2026-06-15 21:10:22.929 9 ERROR neutron_lib.callbacks.manager external_ids = self._nb_idl.db_get(
2026-06-15 21:10:22.929 9 ERROR neutron_lib.callbacks.manager
File "/var/lib/openstack/lib/python3.10/site-packages/ovsdbapp/backend/ovs_idl/command.py", line 47, in execute
2026-06-15 21:10:22.929 9 ERROR neutron_lib.callbacks.manager self.run_idl(None)
2026-06-15 21:10:22.929 9 ERROR neutron_lib.callbacks.manager
File "/var/lib/openstack/lib/python3.10/site-packages/ovsdbapp/backend/ovs_idl/command.py", line 235, in run_idl
2026-06-15 21:10:22.929 9 ERROR neutron_lib.callbacks.manager record = self.api.lookup(self.table, self.record)
2026-06-15 21:10:22.929 9 ERROR neutron_lib.callbacks.manager
File "/var/lib/openstack/lib/python3.10/site-packages/ovsdbapp/backend/ovs_idl/__init__.py", line 184, in lookup
2026-06-15 21:10:22.929 9 ERROR neutron_lib.callbacks.manager return self._lookup(table, record)
2026-06-15 21:10:22.929 9 ERROR neutron_lib.callbacks.manager
File "/var/lib/openstack/lib/python3.10/site-packages/ovsdbapp/backend/ovs_idl/__init__.py", line 235, in _lookup
2026-06-15 21:10:22.929 9 ERROR neutron_lib.callbacks.manager row = idlutils.row_by_value(self, rl.table, rl.column, record)
2026-06-15 21:10:22.929 9 ERROR neutron_lib.callbacks.manager
File "/var/lib/openstack/lib/python3.10/site-packages/ovsdbapp/backend/ovs_idl/idlutils.py", line 114, in row_by_value
2026-06-15 21:10:22.929 9 ERROR neutron_lib.callbacks.manager raise RowNotFound(table=table, col=column, match=match)
2026-06-15 21:10:22.929 9 ERROR neutron_lib.callbacks.manager ovsdbapp.backend.ovs_idl.idlutils.RowNotFound: Cannot find Logical_Router_Port with name=lrp-67c381da-b770-4142-be51-da26a72a3d94
2026-06-15 21:10:22.929 9 ERROR neutron_lib.callbacks.manager 
2026-06-15 21:10:22.971 8 INFO neutron.wsgi [None req-33189f70-ba87-4f3c-addf-89b6e18bb510 262b6950fd8e42b7a69f9ec0d81f83bf a0c2fdaddc014b4f80713b19e5cc4e72 - - default default] 10.0.0.34 "DELETE /v2.0/security-groups/bb743dcb-6840-4062-a0cf-c5104a0606e8 HTTP/1.1" status: 204 len: 168 time: 0.2218609
2026-06-15 21:10:23.119 8 INFO neutron.wsgi [None req-e53d1ec6-d0d1-4af8-aa36-06fdd44e3b5a 262b6950fd8e42b7a69f9ec0d81f83bf a0c2fdaddc014b4f80713b19e5cc4e72 - - default default] 10.0.0.34 "GET /v2.0/security-groups?tenant_id=edc0aadc5b5547978e0107e0f2681de2&name=default HTTP/1.1" status: 200 len: 3120 time: 0.0482469
2026-06-15 21:10:23.157 9 INFO neutron.plugins.ml2.drivers.ovn.mech_driver.mech_driver [None req-4931acb0-aaf8-4197-8a6e-4d24e2e00f6a - - - - - -] OVN reports status up for port: 67c381da-b770-4142-be51-da26a72a3d94
2026-06-15 21:10:23.168 9 INFO neutron.plugins.ml2.plugin [None req-4931acb0-aaf8-4197-8a6e-4d24e2e00f6a - - - - - -] Attempt 1 to provision port 67c381da-b770-4142-be51-da26a72a3d94
2026-06-15 21:10:23.181 9 INFO neutron.db.ovn_revision_numbers_db [None req-64323241-870f-4bc9-b965-6c340cbeca1a 16049499037247f891209e11e0919d75 edf670acb5a94913ab96484e9e760b28 - - default default] Successfully bumped revision number for resource 67c381da-b770-4142-be51-da26a72a3d94 (type: ports) to 1
2026-06-15 21:10:23.254 8 WARNING neutron_lib.context [None req-f2288071-7456-48a3-bdcb-69aa367d0099 80965a82cffd43b797a0d83d0897adef 5ccd86c8bff9431f856882dd48b7c632 - - default default] Method 'is_advsvc' is deprecated since 2023.2 release (neutron-lib 3.8.0) and will be removed once support for the old RBAC API policies will be removed from Neutron. Please use method 'is_service_role' instead.
2026-06-15 21:10:23.280 9 WARNING neutron.scheduler.dhcp_agent_scheduler [None req-64323241-870f-4bc9-b965-6c340cbeca1a 16049499037247f891209e11e0919d75 edf670acb5a94913ab96484e9e760b28 - - default default] No more DHCP agents
2026-06-15 21:10:23.285 9 WARNING neutron.api.rpc.agentnotifiers.dhcp_rpc_agent_api [None req-64323241-870f-4bc9-b965-6c340cbeca1a 16049499037247f891209e11e0919d75 edf670acb5a94913ab96484e9e760b28 - - default default] Unable to schedule network 130f20ec-6eb8-4b4a-a7b5-89afd4e01352: no agents available; will retry on subsequent port and subnet creation events.
2026-06-15 21:10:23.376 8 INFO neutron.wsgi [None req-d8590979-74de-4670-9fd2-b6f4ed803976 262b6950fd8e42b7a69f9ec0d81f83bf a0c2fdaddc014b4f80713b19e5cc4e72 - - default default] 10.0.0.34 "DELETE /v2.0/security-groups/87c10841-7914-4c63-b658-35623d7c4dea HTTP/1.1" status: 204 len: 168 time: 0.2522130
2026-06-15 21:10:23.425 8 INFO neutron.db.ovn_revision_numbers_db [None req-f2288071-7456-48a3-bdcb-69aa367d0099 80965a82cffd43b797a0d83d0897adef 5ccd86c8bff9431f856882dd48b7c632 - - default default] Successfully bumped revision number for resource fb975977-ce82-4e22-9994-d414a3123b57 (type: security_groups) to 1
2026-06-15 21:10:23.443 8 INFO neutron.db.ovn_revision_numbers_db [None req-f2288071-7456-48a3-bdcb-69aa367d0099 80965a82cffd43b797a0d83d0897adef 5ccd86c8bff9431f856882dd48b7c632 - - default default] Successfully bumped revision number for resource 1268dea6-fd5d-4770-8599-a23324ddff41 (type: security_group_rules) to 0
2026-06-15 21:10:23.458 8 INFO neutron.db.ovn_revision_numbers_db [None req-f2288071-7456-48a3-bdcb-69aa367d0099 80965a82cffd43b797a0d83d0897adef 5ccd86c8bff9431f856882dd48b7c632 - - default default] Successfully bumped revision number for resource acb7660b-061a-4ba3-a188-0bbd665382df (type: security_group_rules) to 0
2026-06-15 21:10:23.475 8 INFO neutron.db.ovn_revision_numbers_db [None req-f2288071-7456-48a3-bdcb-69aa367d0099 80965a82cffd43b797a0d83d0897adef 5ccd86c8bff9431f856882dd48b7c632 - - default default] Successfully bumped revision number for resource b91d36f5-faea-4610-9869-5d248ab2d159 (type: security_group_rules) to 0
2026-06-15 21:10:23.493 8 INFO neutron.db.ovn_revision_numbers_db [None req-f2288071-7456-48a3-bdcb-69aa367d0099 80965a82cffd43b797a0d83d0897adef 5ccd86c8bff9431f856882dd48b7c632 - - default default] Successfully bumped revision number for resource dafe368a-2604-4ee6-b179-5d6c3040fdae (type: security_group_rules) to 0
2026-06-15 21:10:23.551 8 INFO neutron.db.segments_db [None req-f2288071-7456-48a3-bdcb-69aa367d0099 80965a82cffd43b797a0d83d0897adef 5ccd86c8bff9431f856882dd48b7c632 - - default default] Added segment e318a34d-2d9a-4f9e-aa4a-7d8d44afa66c of type geneve for network 538afd46-2182-484a-9ab6-159e0aeb044d
2026-06-15 21:10:23.703 8 INFO neutron.db.ovn_revision_numbers_db [None req-f2288071-7456-48a3-bdcb-69aa367d0099 80965a82cffd43b797a0d83d0897adef 5ccd86c8bff9431f856882dd48b7c632 - - default default] Successfully bumped revision number for resource 538afd46-2182-484a-9ab6-159e0aeb044d (type: networks) to 1
2026-06-15 21:10:23.946 8 WARNING neutron.scheduler.dhcp_agent_scheduler [None req-f2288071-7456-48a3-bdcb-69aa367d0099 80965a82cffd43b797a0d83d0897adef 5ccd86c8bff9431f856882dd48b7c632 - - default default] No more DHCP agents
2026-06-15 21:10:23.949 8 WARNING neutron.api.rpc.agentnotifiers.dhcp_rpc_agent_api [None req-f2288071-7456-48a3-bdcb-69aa367d0099 80965a82cffd43b797a0d83d0897adef 5ccd86c8bff9431f856882dd48b7c632 - - default default] Unable to schedule network 538afd46-2182-484a-9ab6-159e0aeb044d: no agents available; will retry on subsequent port and subnet creation events.
2026-06-15 21:10:24.047 8 INFO neutron.db.ovn_revision_numbers_db [None req-f2288071-7456-48a3-bdcb-69aa367d0099 80965a82cffd43b797a0d83d0897adef 5ccd86c8bff9431f856882dd48b7c632 - - default default] Successfully bumped revision number for resource af7e6912-332a-4362-9b83-ce955a7377d3 (type: ports) to 1
2026-06-15 21:10:24.074 8 INFO neutron.wsgi [None req-f2288071-7456-48a3-bdcb-69aa367d0099 80965a82cffd43b797a0d83d0897adef 5ccd86c8bff9431f856882dd48b7c632 - - default default] 10.0.0.34 "POST /v2.0/networks HTTP/1.1" status: 201 len: 831 time: 0.9945629
2026-06-15 21:10:24.086 8 WARNING neutron_lib.context [None req-7969c578-d3d8-4584-a75f-5ed52e23d2c1 80965a82cffd43b797a0d83d0897adef 5ccd86c8bff9431f856882dd48b7c632 - - default default] Method 'is_advsvc' is deprecated since 2023.2 release (neutron-lib 3.8.0) and will be removed once support for the old RBAC API policies will be removed from Neutron. Please use method 'is_service_role' instead.
2026-06-15 21:10:24.127 9 INFO neutron.db.ovn_revision_numbers_db [None req-64323241-870f-4bc9-b965-6c340cbeca1a 16049499037247f891209e11e0919d75 edf670acb5a94913ab96484e9e760b28 - - default default] Successfully bumped revision number for resource 67c381da-b770-4142-be51-da26a72a3d94 (type: router_ports) to 1
2026-06-15 21:10:24.133 9 INFO neutron.wsgi [None req-64323241-870f-4bc9-b965-6c340cbeca1a 16049499037247f891209e11e0919d75 edf670acb5a94913ab96484e9e760b28 - - default default] 10.0.0.34 "PUT /v2.0/routers/3fcbfe33-7afc-4fb5-8406-5f742fe5c99b/add_router_interface HTTP/1.1" status: 200 len: 503 time: 3.1406400
2026-06-15 21:10:24.149 8 WARNING neutron_lib.context [None req-03712263-d0d1-45f7-bfd0-74aa6e7d986c 16049499037247f891209e11e0919d75 edf670acb5a94913ab96484e9e760b28 - - default default] Method 'is_advsvc' is deprecated since 2023.2 release (neutron-lib 3.8.0) and will be removed once support for the old RBAC API policies will be removed from Neutron. Please use method 'is_service_role' instead.
2026-06-15 21:10:24.174 9 INFO neutron.db.ovn_revision_numbers_db [None req-4931acb0-aaf8-4197-8a6e-4d24e2e00f6a - - - - - -] Successfully bumped revision number for resource 67c381da-b770-4142-be51-da26a72a3d94 (type: ports) to 2
2026-06-15 21:10:24.334 9 INFO neutron.db.ovn_revision_numbers_db [None req-4931acb0-aaf8-4197-8a6e-4d24e2e00f6a - - - - - -] Successfully bumped revision number for resource 67c381da-b770-4142-be51-da26a72a3d94 (type: router_ports) to 2
2026-06-15 21:10:24.425 9 INFO neutron.db.ovn_revision_numbers_db [None req-172ef811-1486-45b0-91a8-ad1f6c25787d 262b6950fd8e42b7a69f9ec0d81f83bf a0c2fdaddc014b4f80713b19e5cc4e72 - - default default] Successfully bumped revision number for resource 554385bb-c325-4a12-baea-d767867bba1b (type: security_groups) to 1
2026-06-15 21:10:24.439 9 INFO neutron.db.ovn_revision_numbers_db [None req-172ef811-1486-45b0-91a8-ad1f6c25787d 262b6950fd8e42b7a69f9ec0d81f83bf a0c2fdaddc014b4f80713b19e5cc4e72 - - default default] Successfully bumped revision number for resource 08c6112a-64f1-41a5-a583-2474f81a8623 (type: security_group_rules) to 0
2026-06-15 21:10:24.453 9 INFO neutron.db.ovn_revision_numbers_db [None req-172ef811-1486-45b0-91a8-ad1f6c25787d 262b6950fd8e42b7a69f9ec0d81f83bf a0c2fdaddc014b4f80713b19e5cc4e72 - - default default] Successfully bumped revision number for resource 9f4425b6-6076-4b39-9edc-650638ae384a (type: security_group_rules) to 0
2026-06-15 21:10:24.468 9 INFO neutron.db.ovn_revision_numbers_db [None req-172ef811-1486-45b0-91a8-ad1f6c25787d 262b6950fd8e42b7a69f9ec0d81f83bf a0c2fdaddc014b4f80713b19e5cc4e72 - - default default] Successfully bumped revision number for resource a468dad2-6117-429b-b1cc-4beeb674ddb8 (type: security_group_rules) to 0
2026-06-15 21:10:24.481 9 INFO neutron.db.ovn_revision_numbers_db [None req-172ef811-1486-45b0-91a8-ad1f6c25787d 262b6950fd8e42b7a69f9ec0d81f83bf a0c2fdaddc014b4f80713b19e5cc4e72 - - default default] Successfully bumped revision number for resource b76ccee6-d6c6-4f0e-8d61-60a12f90a87f (type: security_group_rules) to 0
2026-06-15 21:10:24.507 9 INFO neutron.wsgi [None req-172ef811-1486-45b0-91a8-ad1f6c25787d 262b6950fd8e42b7a69f9ec0d81f83bf a0c2fdaddc014b4f80713b19e5cc4e72 - - default default] 10.0.0.34 "GET /v2.0/security-groups?tenant_id=2ea35dbb579d476c997d27d4eb7e5150&name=default HTTP/1.1" status: 200 len: 3120 time: 0.3471496
2026-06-15 21:10:24.740 9 INFO neutron.wsgi [None req-58b12a21-6661-464b-b318-99ceefd79562 262b6950fd8e42b7a69f9ec0d81f83bf a0c2fdaddc014b4f80713b19e5cc4e72 - - default default] 10.0.0.34 "DELETE /v2.0/security-groups/554385bb-c325-4a12-baea-d767867bba1b HTTP/1.1" status: 204 len: 168 time: 0.2217503
2026-06-15 21:10:24.764 8 WARNING neutron.scheduler.dhcp_agent_scheduler [None req-7969c578-d3d8-4584-a75f-5ed52e23d2c1 80965a82cffd43b797a0d83d0897adef 5ccd86c8bff9431f856882dd48b7c632 - - default default] No more DHCP agents
2026-06-15 21:10:24.767 8 WARNING neutron.api.rpc.agentnotifiers.dhcp_rpc_agent_api [None req-7969c578-d3d8-4584-a75f-5ed52e23d2c1 80965a82cffd43b797a0d83d0897adef 5ccd86c8bff9431f856882dd48b7c632 - - default default] Unable to schedule network 538afd46-2182-484a-9ab6-159e0aeb044d: no agents available; will retry on subsequent port and subnet creation events.
2026-06-15 21:10:24.905 8 INFO neutron.db.ovn_revision_numbers_db [None req-7969c578-d3d8-4584-a75f-5ed52e23d2c1 80965a82cffd43b797a0d83d0897adef 5ccd86c8bff9431f856882dd48b7c632 - - default default] Successfully bumped revision number for resource b571c7a9-e1d4-4c2d-b493-2722b60535ac (type: ports) to 1
2026-06-15 21:10:24.971 8 INFO neutron.wsgi [None req-7969c578-d3d8-4584-a75f-5ed52e23d2c1 80965a82cffd43b797a0d83d0897adef 5ccd86c8bff9431f856882dd48b7c632 - - default default] 10.0.0.34 "POST /v2.0/ports HTTP/1.1" status: 201 len: 942 time: 0.8895526
2026-06-15 21:10:25.033 9 INFO neutron.wsgi [None req-282a882f-72ed-419a-950b-c177a8a0c5dd 80965a82cffd43b797a0d83d0897adef 5ccd86c8bff9431f856882dd48b7c632 - - default default] 10.0.0.34 "PUT /v2.0/ports/b571c7a9-e1d4-4c2d-b493-2722b60535ac/tags HTTP/1.1" status: 200 len: 218 time: 0.0513215
2026-06-15 21:10:25.079 9 INFO neutron.wsgi [None req-f6f23730-707e-4a46-bfe7-fd0719950672 80965a82cffd43b797a0d83d0897adef 5ccd86c8bff9431f856882dd48b7c632 - - default default] 10.0.0.34 "GET /v2.0/ports/b571c7a9-e1d4-4c2d-b493-2722b60535ac/tags HTTP/1.1" status: 200 len: 218 time: 0.0395572
2026-06-15 21:10:25.122 8 WARNING neutron.scheduler.dhcp_agent_scheduler [None req-03712263-d0d1-45f7-bfd0-74aa6e7d986c 16049499037247f891209e11e0919d75 edf670acb5a94913ab96484e9e760b28 - - default default] No more DHCP agents
2026-06-15 21:10:25.123 8 WARNING neutron.api.rpc.agentnotifiers.dhcp_rpc_agent_api [None req-03712263-d0d1-45f7-bfd0-74aa6e7d986c 16049499037247f891209e11e0919d75 edf670acb5a94913ab96484e9e760b28 - - default default] Unable to schedule network 67aac509-6b01-46ef-8bd1-ae0db20a55b4: no agents available; will retry on subsequent port and subnet creation events.
2026-06-15 21:10:25.145 9 INFO neutron.wsgi [None req-385d662b-49b9-4517-9917-d593717fe9f2 80965a82cffd43b797a0d83d0897adef 5ccd86c8bff9431f856882dd48b7c632 - - default default] 10.0.0.34 "PUT /v2.0/ports/b571c7a9-e1d4-4c2d-b493-2722b60535ac/tags/green HTTP/1.1" status: 201 len: 201 time: 0.0615199
2026-06-15 21:10:25.183 9 INFO neutron.wsgi [None req-75524073-e711-41e4-9dcf-a37a29fe8a99 80965a82cffd43b797a0d83d0897adef 5ccd86c8bff9431f856882dd48b7c632 - - default default] 10.0.0.34 "GET /v2.0/ports/b571c7a9-e1d4-4c2d-b493-2722b60535ac/tags HTTP/1.1" status: 200 len: 227 time: 0.0334024
2026-06-15 21:10:25.223 9 INFO neutron.wsgi [None req-c760dde8-2b6a-49d4-95b5-b0ddae26b911 80965a82cffd43b797a0d83d0897adef 5ccd86c8bff9431f856882dd48b7c632 - - default default] 10.0.0.34 "PUT /v2.0/ports/b571c7a9-e1d4-4c2d-b493-2722b60535ac/tags/red HTTP/1.1" status: 201 len: 201 time: 0.0353880
2026-06-15 21:10:25.261 8 INFO neutron.db.ovn_revision_numbers_db [None req-03712263-d0d1-45f7-bfd0-74aa6e7d986c 16049499037247f891209e11e0919d75 edf670acb5a94913ab96484e9e760b28 - - default default] Successfully bumped revision number for resource b2fdf4bb-de45-42e9-a500-2acca53e38db (type: ports) to 1
2026-06-15 21:10:25.265 9 INFO neutron.wsgi [None req-62054ccf-e9aa-4b6a-bb5d-afae9f950230 80965a82cffd43b797a0d83d0897adef 5ccd86c8bff9431f856882dd48b7c632 - - default default] 10.0.0.34 "GET /v2.0/ports/b571c7a9-e1d4-4c2d-b493-2722b60535ac/tags HTTP/1.1" status: 200 len: 227 time: 0.0363235
2026-06-15 21:10:25.318 9 INFO neutron.wsgi [None req-83f20a88-38ed-4fa3-abbe-1b11b7564de1 80965a82cffd43b797a0d83d0897adef 5ccd86c8bff9431f856882dd48b7c632 - - default default] 10.0.0.34 "PUT /v2.0/ports/b571c7a9-e1d4-4c2d-b493-2722b60535ac/tags/black.or.white HTTP/1.1" status: 201 len: 201 time: 0.0481110
2026-06-15 21:10:25.360 9 INFO neutron.wsgi [None req-46fab2d2-ec11-45c5-8d42-c82a60dc566e 80965a82cffd43b797a0d83d0897adef 5ccd86c8bff9431f856882dd48b7c632 - - default default] 10.0.0.34 "GET /v2.0/ports/b571c7a9-e1d4-4c2d-b493-2722b60535ac/tags HTTP/1.1" status: 200 len: 245 time: 0.0371597
2026-06-15 21:10:25.412 9 INFO neutron.wsgi [None req-e0640d82-3986-40ef-8651-4f651109922a 80965a82cffd43b797a0d83d0897adef 5ccd86c8bff9431f856882dd48b7c632 - - default default] 10.0.0.34 "PUT /v2.0/ports/b571c7a9-e1d4-4c2d-b493-2722b60535ac/tags HTTP/1.1" status: 200 len: 230 time: 0.0472190 /var/lib/openstack/lib/python3.10/site-packages/pycadf/identifier.py:71: UserWarning: Invalid uuid: neutron. To ensure interoperability, identifiers should be a valid uuid. warnings.warn(('Invalid uuid: %s. To ensure interoperability, '
2026-06-15 21:10:25.473 8 INFO neutron.wsgi [None req-7323ee24-b6a2-4c6a-8ff2-4095db9b741e 80965a82cffd43b797a0d83d0897adef 5ccd86c8bff9431f856882dd48b7c632 - - default default] 10.0.0.34 "GET /v2.0/ports/b571c7a9-e1d4-4c2d-b493-2722b60535ac/tags HTTP/1.1" status: 200 len: 230 time: 0.0527174
2026-06-15 21:10:25.516 9 INFO neutron.wsgi [None req-9b051bb2-7136-41c3-8ce8-886eb6c105f4 80965a82cffd43b797a0d83d0897adef 5ccd86c8bff9431f856882dd48b7c632 - - default default] 10.0.0.34 "GET /v2.0/ports/b571c7a9-e1d4-4c2d-b493-2722b60535ac/tags/red HTTP/1.1" status: 204 len: 168 time: 0.0358026
2026-06-15 21:10:25.520 8 WARNING neutron.plugins.ml2.drivers.ovn.mech_driver.ovsdb.ovn_client [None req-35061bee-1e91-415d-b631-05ad3f2854ba - - - - - -] No hosting information found for port e110872c-2d70-4fe4-a6c5-fa7bfea5872d: RuntimeError: No hosting information found for port e110872c-2d70-4fe4-a6c5-fa7bfea5872d
2026-06-15 21:10:25.522 8 INFO neutron.db.ovn_revision_numbers_db [None req-03712263-d0d1-45f7-bfd0-74aa6e7d986c 16049499037247f891209e11e0919d75 edf670acb5a94913ab96484e9e760b28 - - default default] Successfully bumped revision number for resource b2fdf4bb-de45-42e9-a500-2acca53e38db (type: ports) to 1
2026-06-15 21:10:25.582 9 INFO neutron.api.v2.resource [None req-9002287e-53b5-4067-98d3-98a263a7e3c2 80965a82cffd43b797a0d83d0897adef 5ccd86c8bff9431f856882dd48b7c632 - - default default] show failed (client error): The resource could not be found.
2026-06-15 21:10:25.584 9 INFO neutron.wsgi [None req-9002287e-53b5-4067-98d3-98a263a7e3c2 80965a82cffd43b797a0d83d0897adef 5ccd86c8bff9431f856882dd48b7c632 - - default default] 10.0.0.34 "GET /v2.0/ports/b571c7a9-e1d4-4c2d-b493-2722b60535ac/tags/green HTTP/1.1" status: 404 len: 299 time: 0.0616539
2026-06-15 21:10:25.593 8 INFO neutron.db.segments_db [None req-03712263-d0d1-45f7-bfd0-74aa6e7d986c 16049499037247f891209e11e0919d75 edf670acb5a94913ab96484e9e760b28 - - default default] Added segment 9cf6fd8e-4de6-4a26-9d80-3320dd4e2b2c of type geneve for network cd28a5e0-9e99-4364-894b-277090b091d6
2026-06-15 21:10:25.653 9 INFO neutron.wsgi [None req-9d8dd0a0-dfbe-41f5-aff4-e7c568d9dda0 80965a82cffd43b797a0d83d0897adef 5ccd86c8bff9431f856882dd48b7c632 - - default default] 10.0.0.34 "DELETE /v2.0/ports/b571c7a9-e1d4-4c2d-b493-2722b60535ac/tags/red HTTP/1.1" status: 204 len: 168 time: 0.0642667
2026-06-15 21:10:25.707 9 INFO neutron.wsgi [None req-e506e274-306a-4ae5-a3e6-6500528bfab7 80965a82cffd43b797a0d83d0897adef 5ccd86c8bff9431f856882dd48b7c632 - - default default] 10.0.0.34 "GET /v2.0/ports/b571c7a9-e1d4-4c2d-b493-2722b60535ac/tags HTTP/1.1" status: 200 len: 223 time: 0.0490243
2026-06-15 21:10:25.731 8 INFO neutron.db.ovn_revision_numbers_db [None req-03712263-d0d1-45f7-bfd0-74aa6e7d986c 16049499037247f891209e11e0919d75 edf670acb5a94913ab96484e9e760b28 - - default default] Successfully bumped revision number for resource cd28a5e0-9e99-4364-894b-277090b091d6 (type: networks) to 1
2026-06-15 21:10:25.747 9 INFO neutron.api.v2.resource [None req-ae2effab-292e-4e51-8678-e6d8fe9dcd81 80965a82cffd43b797a0d83d0897adef 5ccd86c8bff9431f856882dd48b7c632 - - default default] delete failed (client error): The resource could not be found.
2026-06-15 21:10:25.749 9 INFO neutron.wsgi [None req-ae2effab-292e-4e51-8678-e6d8fe9dcd81 80965a82cffd43b797a0d83d0897adef 5ccd86c8bff9431f856882dd48b7c632 - - default default] 10.0.0.34 "DELETE /v2.0/ports/b571c7a9-e1d4-4c2d-b493-2722b60535ac/tags/green HTTP/1.1" status: 404 len: 299 time: 0.0377073
2026-06-15 21:10:25.804 9 INFO neutron.wsgi [None req-a21c914b-d4c2-4417-b66b-34828b1b8aa4 80965a82cffd43b797a0d83d0897adef 5ccd86c8bff9431f856882dd48b7c632 - - default default] 10.0.0.34 "DELETE /v2.0/ports/b571c7a9-e1d4-4c2d-b493-2722b60535ac/tags HTTP/1.1" status: 204 len: 168 time: 0.0501831
2026-06-15 21:10:25.843 9 INFO neutron.wsgi [None req-e82ad1ad-d0ca-4d9b-afb8-d3fb67277c49 80965a82cffd43b797a0d83d0897adef 5ccd86c8bff9431f856882dd48b7c632 - - default default] 10.0.0.34 "GET /v2.0/ports/b571c7a9-e1d4-4c2d-b493-2722b60535ac/tags HTTP/1.1" status: 200 len: 205 time: 0.0337191
2026-06-15 21:10:25.893 8 WARNING neutron.scheduler.dhcp_agent_scheduler [None req-03712263-d0d1-45f7-bfd0-74aa6e7d986c 16049499037247f891209e11e0919d75 edf670acb5a94913ab96484e9e760b28 - - default default] No more DHCP agents
2026-06-15 21:10:25.895 8 WARNING neutron.api.rpc.agentnotifiers.dhcp_rpc_agent_api [None req-03712263-d0d1-45f7-bfd0-74aa6e7d986c 16049499037247f891209e11e0919d75 edf670acb5a94913ab96484e9e760b28 - - default default] Unable to schedule network cd28a5e0-9e99-4364-894b-277090b091d6: no agents available; will retry on subsequent port and subnet creation events.
2026-06-15 21:10:25.977 8 INFO neutron.db.ovn_revision_numbers_db [None req-03712263-d0d1-45f7-bfd0-74aa6e7d986c 16049499037247f891209e11e0919d75 edf670acb5a94913ab96484e9e760b28 - - default default] Successfully bumped revision number for resource b7cebe16-913b-4cc2-a6f4-4ab9efc97fa3 (type: ports) to 1
2026-06-15 21:10:26.115 8 WARNING neutron.scheduler.dhcp_agent_scheduler [None req-03712263-d0d1-45f7-bfd0-74aa6e7d986c 16049499037247f891209e11e0919d75 edf670acb5a94913ab96484e9e760b28 - - default default] No more DHCP agents
2026-06-15 21:10:26.116 8 WARNING neutron.api.rpc.agentnotifiers.dhcp_rpc_agent_api [None req-03712263-d0d1-45f7-bfd0-74aa6e7d986c 16049499037247f891209e11e0919d75 edf670acb5a94913ab96484e9e760b28 - - default default] Unable to schedule network cd28a5e0-9e99-4364-894b-277090b091d6: no agents available; will retry on subsequent port and subnet creation events.
2026-06-15 21:10:26.160 9 INFO neutron.wsgi [None req-1ca4a2eb-988c-4e31-9f93-4fb4eb15f62e 80965a82cffd43b797a0d83d0897adef 5ccd86c8bff9431f856882dd48b7c632 - - default default] 10.0.0.34 "DELETE /v2.0/ports/b571c7a9-e1d4-4c2d-b493-2722b60535ac HTTP/1.1" status: 204 len: 168 time: 0.3095293
2026-06-15 21:10:26.160 8 INFO neutron.db.ovn_revision_numbers_db [None req-03712263-d0d1-45f7-bfd0-74aa6e7d986c 16049499037247f891209e11e0919d75 edf670acb5a94913ab96484e9e760b28 - - default default] Successfully bumped revision number for resource bd3044dd-0803-47d3-b7f5-5b914b03c03e (type: subnets) to 0
2026-06-15 21:10:26.533 9 INFO neutron.services.segments.plugin [-] Segment e318a34d-2d9a-4f9e-aa4a-7d8d44afa66c resource provider aggregate not found
2026-06-15 21:10:26.540 9 INFO neutron.services.segments.plugin [-] Segment e318a34d-2d9a-4f9e-aa4a-7d8d44afa66c resource provider aggregate not found
2026-06-15 21:10:26.549 9 INFO neutron.services.segments.plugin [-] Segment e318a34d-2d9a-4f9e-aa4a-7d8d44afa66c resource provider not found; error: Placement Client Error (4xx): {"errors": [{"status": 404, "title": "Not Found", "detail": "The resource could not be found.\n\n No resource provider with uuid e318a34d-2d9a-4f9e-aa4a-7d8d44afa66c found for delete ", "request_id": "req-31be53bd-f130-4bbd-9319-e9d37139666c"}]}
2026-06-15 21:10:26.563 9 INFO neutron.services.segments.plugin [-] Segment e318a34d-2d9a-4f9e-aa4a-7d8d44afa66c resource provider not found; error: Placement Client Error (4xx): {"errors": [{"status": 404, "title": "Not Found", "detail": "The resource could not be found.\n\n No resource provider with uuid e318a34d-2d9a-4f9e-aa4a-7d8d44afa66c found for delete ", "request_id": "req-9261ebd4-b644-4d1c-9858-da974eebe3c0"}]}
2026-06-15 21:10:26.572 9 INFO neutron.wsgi [None req-4758eb21-ea46-4a75-bc67-c2b2b79c1c97 80965a82cffd43b797a0d83d0897adef 5ccd86c8bff9431f856882dd48b7c632 - - default default] 10.0.0.34 "DELETE /v2.0/networks/538afd46-2182-484a-9ab6-159e0aeb044d HTTP/1.1" status: 204 len: 168 time: 0.4061728
2026-06-15 21:10:26.695 8 WARNING neutron.scheduler.dhcp_agent_scheduler [None req-03712263-d0d1-45f7-bfd0-74aa6e7d986c 16049499037247f891209e11e0919d75 edf670acb5a94913ab96484e9e760b28 - - default default] No more DHCP agents
2026-06-15 21:10:26.699 8 WARNING neutron.api.rpc.agentnotifiers.dhcp_rpc_agent_api [None req-03712263-d0d1-45f7-bfd0-74aa6e7d986c 16049499037247f891209e11e0919d75 edf670acb5a94913ab96484e9e760b28 - - default default] Unable to schedule network cd28a5e0-9e99-4364-894b-277090b091d6: no agents available; will retry on subsequent port and subnet creation events.
2026-06-15 21:10:26.872 8 INFO neutron.db.ovn_revision_numbers_db [None req-03712263-d0d1-45f7-bfd0-74aa6e7d986c 16049499037247f891209e11e0919d75 edf670acb5a94913ab96484e9e760b28 - - default default] Successfully bumped revision number for resource dfe178df-810e-46c8-adeb-b17cb5ddb7c3 (type: ports) to 1
2026-06-15 21:10:27.459 8 ERROR ovsdbapp.backend.ovs_idl.command [None req-03712263-d0d1-45f7-bfd0-74aa6e7d986c 16049499037247f891209e11e0919d75 edf670acb5a94913ab96484e9e760b28 - - default default] Error executing command (DbGetCommand): ovsdbapp.backend.ovs_idl.idlutils.RowNotFound: Cannot find Logical_Router_Port with name=lrp-dfe178df-810e-46c8-adeb-b17cb5ddb7c3
2026-06-15 21:10:27.459 8 ERROR ovsdbapp.backend.ovs_idl.command
Traceback (most recent call last):
2026-06-15 21:10:27.459 8 ERROR ovsdbapp.backend.ovs_idl.command
File "/var/lib/openstack/lib/python3.10/site-packages/ovsdbapp/backend/ovs_idl/command.py", line 47, in execute
2026-06-15 21:10:27.459 8 ERROR ovsdbapp.backend.ovs_idl.command self.run_idl(None)
2026-06-15 21:10:27.459 8 ERROR ovsdbapp.backend.ovs_idl.command
File "/var/lib/openstack/lib/python3.10/site-packages/ovsdbapp/backend/ovs_idl/command.py", line 235, in run_idl
2026-06-15 21:10:27.459 8 ERROR ovsdbapp.backend.ovs_idl.command record = self.api.lookup(self.table, self.record)
2026-06-15 21:10:27.459 8 ERROR ovsdbapp.backend.ovs_idl.command
File "/var/lib/openstack/lib/python3.10/site-packages/ovsdbapp/backend/ovs_idl/__init__.py", line 184, in lookup
2026-06-15 21:10:27.459 8 ERROR ovsdbapp.backend.ovs_idl.command return self._lookup(table, record)
2026-06-15 21:10:27.459 8 ERROR ovsdbapp.backend.ovs_idl.command
File "/var/lib/openstack/lib/python3.10/site-packages/ovsdbapp/backend/ovs_idl/__init__.py", line 235, in _lookup
2026-06-15 21:10:27.459 8 ERROR ovsdbapp.backend.ovs_idl.command row = idlutils.row_by_value(self, rl.table, rl.column, record)
2026-06-15 21:10:27.459 8 ERROR ovsdbapp.backend.ovs_idl.command
File "/var/lib/openstack/lib/python3.10/site-packages/ovsdbapp/backend/ovs_idl/idlutils.py", line 114, in row_by_value
2026-06-15 21:10:27.459 8 ERROR ovsdbapp.backend.ovs_idl.command raise RowNotFound(table=table, col=column, match=match)
2026-06-15 21:10:27.459 8 ERROR ovsdbapp.backend.ovs_idl.command ovsdbapp.backend.ovs_idl.idlutils.RowNotFound: Cannot find Logical_Router_Port with name=lrp-dfe178df-810e-46c8-adeb-b17cb5ddb7c3
2026-06-15 21:10:27.459 8 ERROR ovsdbapp.backend.ovs_idl.command 
2026-06-15 21:10:27.460 8 ERROR neutron_lib.callbacks.manager [None req-03712263-d0d1-45f7-bfd0-74aa6e7d986c 16049499037247f891209e11e0919d75 edf670acb5a94913ab96484e9e760b28 - - default default] Error during notification for neutron.services.ovn_l3.plugin.OVNL3RouterPlugin._port_update-8785932901085 port, after_update: ovsdbapp.backend.ovs_idl.idlutils.RowNotFound: Cannot find Logical_Router_Port with name=lrp-dfe178df-810e-46c8-adeb-b17cb5ddb7c3
2026-06-15 21:10:27.460 8 ERROR neutron_lib.callbacks.manager
Traceback (most recent call last):
2026-06-15 21:10:27.460 8 ERROR neutron_lib.callbacks.manager
File "/var/lib/openstack/lib/python3.10/site-packages/neutron_lib/callbacks/manager.py", line 189, in _notify_loop
2026-06-15 21:10:27.460 8 ERROR neutron_lib.callbacks.manager callback.method(resource, event, trigger, payload=payload)
2026-06-15 21:10:27.460 8 ERROR neutron_lib.callbacks.manager
File "/var/lib/openstack/lib/python3.10/site-packages/neutron/services/ovn_l3/plugin.py", line 391, in _port_update
2026-06-15 21:10:27.460 8 ERROR neutron_lib.callbacks.manager l3plugin._ovn_client.update_router_port(context,
2026-06-15 21:10:27.460 8 ERROR neutron_lib.callbacks.manager
File "/var/lib/openstack/lib/python3.10/site-packages/neutron/plugins/ml2/drivers/ovn/mech_driver/ovsdb/ovn_client.py", line 1878, in update_router_port
2026-06-15 21:10:27.460 8 ERROR neutron_lib.callbacks.manager self._update_lrouter_port(context, port, if_exists=if_exists,
2026-06-15 21:10:27.460 8 ERROR neutron_lib.callbacks.manager
File "/var/lib/openstack/lib/python3.10/site-packages/neutron/plugins/ml2/drivers/ovn/mech_driver/ovsdb/ovn_client.py", line 1855, in _update_lrouter_port
2026-06-15 21:10:27.460 8 ERROR neutron_lib.callbacks.manager external_ids = self._nb_idl.db_get(
2026-06-15 21:10:27.460 8 ERROR neutron_lib.callbacks.manager
File "/var/lib/openstack/lib/python3.10/site-packages/ovsdbapp/backend/ovs_idl/command.py", line 47, in execute
2026-06-15 21:10:27.460 8 ERROR neutron_lib.callbacks.manager self.run_idl(None)
2026-06-15 21:10:27.460 8 ERROR neutron_lib.callbacks.manager
File "/var/lib/openstack/lib/python3.10/site-packages/ovsdbapp/backend/ovs_idl/command.py", line 235, in run_idl
2026-06-15 21:10:27.460 8 ERROR neutron_lib.callbacks.manager record = self.api.lookup(self.table, self.record)
2026-06-15 21:10:27.460 8 ERROR neutron_lib.callbacks.manager
File "/var/lib/openstack/lib/python3.10/site-packages/ovsdbapp/backend/ovs_idl/__init__.py", line 184, in lookup
2026-06-15 21:10:27.460 8 ERROR neutron_lib.callbacks.manager return self._lookup(table, record)
2026-06-15 21:10:27.460 8 ERROR neutron_lib.callbacks.manager
File "/var/lib/openstack/lib/python3.10/site-packages/ovsdbapp/backend/ovs_idl/__init__.py", line 235, in _lookup
2026-06-15 21:10:27.460 8 ERROR neutron_lib.callbacks.manager row = idlutils.row_by_value(self, rl.table, rl.column, record)
2026-06-15 21:10:27.460 8 ERROR neutron_lib.callbacks.manager
File "/var/lib/openstack/lib/python3.10/site-packages/ovsdbapp/backend/ovs_idl/idlutils.py", line 114, in row_by_value
2026-06-15 21:10:27.460 8 ERROR neutron_lib.callbacks.manager raise RowNotFound(table=table, col=column, match=match)
2026-06-15 21:10:27.460 8 ERROR neutron_lib.callbacks.manager ovsdbapp.backend.ovs_idl.idlutils.RowNotFound: Cannot find Logical_Router_Port with name=lrp-dfe178df-810e-46c8-adeb-b17cb5ddb7c3
2026-06-15 21:10:27.460 8 ERROR neutron_lib.callbacks.manager 
2026-06-15 21:10:27.586 9 INFO neutron.db.ovn_revision_numbers_db [None req-2c44c5f4-0a51-4791-9488-7e3c1812f5f8 262b6950fd8e42b7a69f9ec0d81f83bf a0c2fdaddc014b4f80713b19e5cc4e72 - - default default] Successfully bumped revision number for resource b6aaf480-529e-4716-9f36-37101c616cef (type: security_groups) to 1
2026-06-15 21:10:27.616 9 INFO neutron.db.ovn_revision_numbers_db [None req-2c44c5f4-0a51-4791-9488-7e3c1812f5f8 262b6950fd8e42b7a69f9ec0d81f83bf a0c2fdaddc014b4f80713b19e5cc4e72 - - default default] Successfully bumped revision number for resource 6d9069a8-1077-4e92-a848-72d342a561e6 (type: security_group_rules) to 0
2026-06-15 21:10:27.639 9 INFO neutron.db.ovn_revision_numbers_db [None req-2c44c5f4-0a51-4791-9488-7e3c1812f5f8 262b6950fd8e42b7a69f9ec0d81f83bf a0c2fdaddc014b4f80713b19e5cc4e72 - - default default] Successfully bumped revision number for resource 9c2570ad-f451-4217-a6c8-1c15f3e29499 (type: security_group_rules) to 0
2026-06-15 21:10:27.654 9 INFO neutron.db.ovn_revision_numbers_db [None req-2c44c5f4-0a51-4791-9488-7e3c1812f5f8 262b6950fd8e42b7a69f9ec0d81f83bf a0c2fdaddc014b4f80713b19e5cc4e72 - - default default] Successfully bumped revision number for resource e5c20237-de9b-4dfc-b256-d2ad1c8f1562 (type: security_group_rules) to 0
2026-06-15 21:10:27.674 9 INFO neutron.db.ovn_revision_numbers_db [None req-2c44c5f4-0a51-4791-9488-7e3c1812f5f8 262b6950fd8e42b7a69f9ec0d81f83bf a0c2fdaddc014b4f80713b19e5cc4e72 - - default default] Successfully bumped revision number for resource fa1d4196-4dd0-4f97-af3f-4498023cdcea (type: security_group_rules) to 0
2026-06-15 21:10:27.695 9 INFO neutron.wsgi [None req-2c44c5f4-0a51-4791-9488-7e3c1812f5f8 262b6950fd8e42b7a69f9ec0d81f83bf a0c2fdaddc014b4f80713b19e5cc4e72 - - default default] 10.0.0.34 "GET /v2.0/security-groups?tenant_id=2b9333afe70d4d73a306bc16b8deaa10&name=default HTTP/1.1" status: 200 len: 3120 time: 0.3648636
2026-06-15 21:10:27.745 8 INFO neutron.db.ovn_revision_numbers_db [None req-03712263-d0d1-45f7-bfd0-74aa6e7d986c 16049499037247f891209e11e0919d75 edf670acb5a94913ab96484e9e760b28 - - default default] Successfully bumped revision number for resource dfe178df-810e-46c8-adeb-b17cb5ddb7c3 (type: ports) to 1
2026-06-15 21:10:27.837 8 WARNING neutron.scheduler.dhcp_agent_scheduler [None req-03712263-d0d1-45f7-bfd0-74aa6e7d986c 16049499037247f891209e11e0919d75 edf670acb5a94913ab96484e9e760b28 - - default default] No more DHCP agents
2026-06-15 21:10:27.839 8 WARNING neutron.api.rpc.agentnotifiers.dhcp_rpc_agent_api [None req-03712263-d0d1-45f7-bfd0-74aa6e7d986c 16049499037247f891209e11e0919d75 edf670acb5a94913ab96484e9e760b28 - - default default] Unable to schedule network cd28a5e0-9e99-4364-894b-277090b091d6: no agents available; will retry on subsequent port and subnet creation events.
2026-06-15 21:10:28.039 8 INFO neutron.wsgi [None req-6fa1491c-28c1-4cf0-93ac-8688be01014d 262b6950fd8e42b7a69f9ec0d81f83bf a0c2fdaddc014b4f80713b19e5cc4e72 - - default default] 10.0.0.34 "DELETE /v2.0/security-groups/b6aaf480-529e-4716-9f36-37101c616cef HTTP/1.1" status: 204 len: 168 time: 0.3369572
2026-06-15 21:10:28.191 9 INFO neutron.db.ovn_revision_numbers_db [None req-63628cc7-2613-4acd-adec-5787bb026a3f 2b22e75dfbb047f88a21e2655fac1915 66425979f1384130b6711d94ce91a4ec - - default default] Successfully bumped revision number for resource 75a51b1e-b9c7-4005-9cec-903446ac3db5 (type: security_groups) to 1
2026-06-15 21:10:28.212 9 INFO neutron.wsgi [None req-84310f87-62d2-4854-b5db-9efb4e1e86c6 262b6950fd8e42b7a69f9ec0d81f83bf a0c2fdaddc014b4f80713b19e5cc4e72 - - default default] 10.0.0.34 "GET /v2.0/security-groups?tenant_id=5ccd86c8bff9431f856882dd48b7c632&name=default HTTP/1.1" status: 200 len: 3120 time: 0.0795844
2026-06-15 21:10:28.215 9 INFO neutron.db.ovn_revision_numbers_db [None req-63628cc7-2613-4acd-adec-5787bb026a3f 2b22e75dfbb047f88a21e2655fac1915 66425979f1384130b6711d94ce91a4ec - - default default] Successfully bumped revision number for resource 16130591-1fa3-4a5f-be70-ab7a362ed96c (type: security_group_rules) to 0
2026-06-15 21:10:28.253 9 INFO neutron.db.ovn_revision_numbers_db [None req-63628cc7-2613-4acd-adec-5787bb026a3f 2b22e75dfbb047f88a21e2655fac1915 66425979f1384130b6711d94ce91a4ec - - default default] Successfully bumped revision number for resource 41ef9fc6-1442-4325-8d31-b2b4726f58a9 (type: security_group_rules) to 0
2026-06-15 21:10:28.273 9 INFO neutron.db.ovn_revision_numbers_db [None req-63628cc7-2613-4acd-adec-5787bb026a3f 2b22e75dfbb047f88a21e2655fac1915 66425979f1384130b6711d94ce91a4ec - - default default] Successfully bumped revision number for resource 82bad32c-cc4c-4714-81e5-a422b71d302b (type: security_group_rules) to 0
2026-06-15 21:10:28.295 9 INFO neutron.db.ovn_revision_numbers_db [None req-63628cc7-2613-4acd-adec-5787bb026a3f 2b22e75dfbb047f88a21e2655fac1915 66425979f1384130b6711d94ce91a4ec - - default default] Successfully bumped revision number for resource e6e3410e-2ab9-4726-9127-78460e3d2815 (type: security_group_rules) to 0
2026-06-15 21:10:28.367 9 INFO neutron.db.segments_db [None req-63628cc7-2613-4acd-adec-5787bb026a3f 2b22e75dfbb047f88a21e2655fac1915 66425979f1384130b6711d94ce91a4ec - - default default] Added segment 9fe54b5c-e107-4ca5-b723-78fb37430bcf of type geneve for network 72e381b5-67f8-4082-aa3c-89ed7227afd7
2026-06-15 21:10:28.642 9 INFO neutron.db.ovn_revision_numbers_db [None req-63628cc7-2613-4acd-adec-5787bb026a3f 2b22e75dfbb047f88a21e2655fac1915 66425979f1384130b6711d94ce91a4ec - - default default] Successfully bumped revision number for resource 72e381b5-67f8-4082-aa3c-89ed7227afd7 (type: networks) to 1
2026-06-15 21:10:28.668 9 INFO neutron.wsgi [None req-4721c979-91f4-42c4-8ff2-6136f44cca4b 262b6950fd8e42b7a69f9ec0d81f83bf a0c2fdaddc014b4f80713b19e5cc4e72 - - default default] 10.0.0.34 "DELETE /v2.0/security-groups/fb975977-ce82-4e22-9994-d414a3123b57 HTTP/1.1" status: 204 len: 168 time: 0.4510515
2026-06-15 21:10:28.844 9 WARNING neutron.scheduler.dhcp_agent_scheduler [None req-63628cc7-2613-4acd-adec-5787bb026a3f 2b22e75dfbb047f88a21e2655fac1915 66425979f1384130b6711d94ce91a4ec - - default default] No more DHCP agents
2026-06-15 21:10:28.852 9 WARNING neutron.api.rpc.agentnotifiers.dhcp_rpc_agent_api [None req-63628cc7-2613-4acd-adec-5787bb026a3f 2b22e75dfbb047f88a21e2655fac1915 66425979f1384130b6711d94ce91a4ec - - default default] Unable to schedule network 72e381b5-67f8-4082-aa3c-89ed7227afd7: no agents available; will retry on subsequent port and subnet creation events.
2026-06-15 21:10:28.946 9 INFO neutron.db.ovn_revision_numbers_db [None req-63628cc7-2613-4acd-adec-5787bb026a3f 2b22e75dfbb047f88a21e2655fac1915 66425979f1384130b6711d94ce91a4ec - - default default] Successfully bumped revision number for resource a591d750-28cf-45c5-a7b1-ec52ebf8ef2f (type: ports) to 1
2026-06-15 21:10:28.971 9 INFO neutron.wsgi [None req-63628cc7-2613-4acd-adec-5787bb026a3f 2b22e75dfbb047f88a21e2655fac1915 66425979f1384130b6711d94ce91a4ec - - default default] 10.0.0.34 "POST /v2.0/networks HTTP/1.1" status: 201 len: 929 time: 1.0818331
2026-06-15 21:10:28.992 8 INFO neutron.db.ovn_revision_numbers_db [None req-03712263-d0d1-45f7-bfd0-74aa6e7d986c 16049499037247f891209e11e0919d75 edf670acb5a94913ab96484e9e760b28 - - default default] Successfully bumped revision number for resource dfe178df-810e-46c8-adeb-b17cb5ddb7c3 (type: router_ports) to 1
2026-06-15 21:10:29.145 9 WARNING neutron.scheduler.dhcp_agent_scheduler [None req-22331764-4388-400d-bbea-1a03129e9070 2b22e75dfbb047f88a21e2655fac1915 66425979f1384130b6711d94ce91a4ec - - default default] No more DHCP agents
2026-06-15 21:10:29.148 9 WARNING neutron.api.rpc.agentnotifiers.dhcp_rpc_agent_api [None req-22331764-4388-400d-bbea-1a03129e9070 2b22e75dfbb047f88a21e2655fac1915 66425979f1384130b6711d94ce91a4ec - - default default] Unable to schedule network 72e381b5-67f8-4082-aa3c-89ed7227afd7: no agents available; will retry on subsequent port and subnet creation events.
2026-06-15 21:10:29.235 8 WARNING neutron.scheduler.dhcp_agent_scheduler [None req-008127b7-5daf-461a-922f-98d61da30a2a - - - - - -] No more DHCP agents
2026-06-15 21:10:29.236 8 WARNING neutron.api.rpc.agentnotifiers.dhcp_rpc_agent_api [None req-008127b7-5daf-461a-922f-98d61da30a2a - - - - - -] Unable to schedule network cd28a5e0-9e99-4364-894b-277090b091d6: no agents available; will retry on subsequent port and subnet creation events.
2026-06-15 21:10:29.416 8 INFO neutron.db.ovn_revision_numbers_db [None req-008127b7-5daf-461a-922f-98d61da30a2a - - - - - -] Successfully bumped revision number for resource 94b861d5-b0e6-4dd4-b344-c41fc5fbbc49 (type: ports) to 1
2026-06-15 21:10:29.479 8 WARNING neutron_lib.context [None req-e269fcb4-eaa4-4357-b3e9-1dd21385120b 8c409388c7cb4ae6827bae3889c58636 094ec40abd1843e3a84f196c91f64edf - - default default] Method 'is_advsvc' is deprecated since 2023.2 release (neutron-lib 3.8.0) and will be removed once support for the old RBAC API policies will be removed from Neutron. Please use method 'is_service_role' instead.
