2026-06-15 21:07:17.535 9 ERROR ovsdbapp.backend.ovs_idl.command return self._lookup(table, record)
2026-06-15 21:07:17.535 9 ERROR ovsdbapp.backend.ovs_idl.command
File "/var/lib/openstack/lib/python3.10/site-packages/ovsdbapp/backend/ovs_idl/__init__.py", line 235, in _lookup
2026-06-15 21:07:17.535 9 ERROR ovsdbapp.backend.ovs_idl.command row = idlutils.row_by_value(self, rl.table, rl.column, record)
2026-06-15 21:07:17.535 9 ERROR ovsdbapp.backend.ovs_idl.command
File "/var/lib/openstack/lib/python3.10/site-packages/ovsdbapp/backend/ovs_idl/idlutils.py", line 114, in row_by_value
2026-06-15 21:07:17.535 9 ERROR ovsdbapp.backend.ovs_idl.command raise RowNotFound(table=table, col=column, match=match)
2026-06-15 21:07:17.535 9 ERROR ovsdbapp.backend.ovs_idl.command ovsdbapp.backend.ovs_idl.idlutils.RowNotFound: Cannot find Logical_Router_Port with name=lrp-426a95a8-d567-4208-8c51-8841eb386550
2026-06-15 21:07:17.535 9 ERROR ovsdbapp.backend.ovs_idl.command 
2026-06-15 21:07:17.537 9 ERROR neutron_lib.callbacks.manager [None req-4931acb0-aaf8-4197-8a6e-4d24e2e00f6a - - - - - -] Error during notification for neutron.services.ovn_l3.plugin.OVNL3RouterPlugin._port_update-8785932901085 port, after_update: ovsdbapp.backend.ovs_idl.idlutils.RowNotFound: Cannot find Logical_Router_Port with name=lrp-426a95a8-d567-4208-8c51-8841eb386550
2026-06-15 21:07:17.537 9 ERROR neutron_lib.callbacks.manager
Traceback (most recent call last):
2026-06-15 21:07:17.537 9 ERROR neutron_lib.callbacks.manager
File "/var/lib/openstack/lib/python3.10/site-packages/neutron_lib/callbacks/manager.py", line 189, in _notify_loop
2026-06-15 21:07:17.537 9 ERROR neutron_lib.callbacks.manager callback.method(resource, event, trigger, payload=payload)
2026-06-15 21:07:17.537 9 ERROR neutron_lib.callbacks.manager
File "/var/lib/openstack/lib/python3.10/site-packages/neutron/services/ovn_l3/plugin.py", line 391, in _port_update
2026-06-15 21:07:17.537 9 ERROR neutron_lib.callbacks.manager l3plugin._ovn_client.update_router_port(context,
2026-06-15 21:07:17.537 9 ERROR neutron_lib.callbacks.manager
File "/var/lib/openstack/lib/python3.10/site-packages/neutron/plugins/ml2/drivers/ovn/mech_driver/ovsdb/ovn_client.py", line 1878, in update_router_port
2026-06-15 21:07:17.537 9 ERROR neutron_lib.callbacks.manager self._update_lrouter_port(context, port, if_exists=if_exists,
2026-06-15 21:07:17.537 9 ERROR neutron_lib.callbacks.manager
File "/var/lib/openstack/lib/python3.10/site-packages/neutron/plugins/ml2/drivers/ovn/mech_driver/ovsdb/ovn_client.py", line 1855, in _update_lrouter_port
2026-06-15 21:07:17.537 9 ERROR neutron_lib.callbacks.manager external_ids = self._nb_idl.db_get(
2026-06-15 21:07:17.537 9 ERROR neutron_lib.callbacks.manager
File "/var/lib/openstack/lib/python3.10/site-packages/ovsdbapp/backend/ovs_idl/command.py", line 47, in execute
2026-06-15 21:07:17.537 9 ERROR neutron_lib.callbacks.manager self.run_idl(None)
2026-06-15 21:07:17.537 9 ERROR neutron_lib.callbacks.manager
File "/var/lib/openstack/lib/python3.10/site-packages/ovsdbapp/backend/ovs_idl/command.py", line 235, in run_idl
2026-06-15 21:07:17.537 9 ERROR neutron_lib.callbacks.manager record = self.api.lookup(self.table, self.record)
2026-06-15 21:07:17.537 9 ERROR neutron_lib.callbacks.manager
File "/var/lib/openstack/lib/python3.10/site-packages/ovsdbapp/backend/ovs_idl/__init__.py", line 184, in lookup
2026-06-15 21:07:17.537 9 ERROR neutron_lib.callbacks.manager return self._lookup(table, record)
2026-06-15 21:07:17.537 9 ERROR neutron_lib.callbacks.manager
File "/var/lib/openstack/lib/python3.10/site-packages/ovsdbapp/backend/ovs_idl/__init__.py", line 235, in _lookup
2026-06-15 21:07:17.537 9 ERROR neutron_lib.callbacks.manager row = idlutils.row_by_value(self, rl.table, rl.column, record)
2026-06-15 21:07:17.537 9 ERROR neutron_lib.callbacks.manager
File "/var/lib/openstack/lib/python3.10/site-packages/ovsdbapp/backend/ovs_idl/idlutils.py", line 114, in row_by_value
2026-06-15 21:07:17.537 9 ERROR neutron_lib.callbacks.manager raise RowNotFound(table=table, col=column, match=match)
2026-06-15 21:07:17.537 9 ERROR neutron_lib.callbacks.manager ovsdbapp.backend.ovs_idl.idlutils.RowNotFound: Cannot find Logical_Router_Port with name=lrp-426a95a8-d567-4208-8c51-8841eb386550
2026-06-15 21:07:17.537 9 ERROR neutron_lib.callbacks.manager 
2026-06-15 21:07:17.678 8 INFO neutron.wsgi [req-a6467c28-5a7c-4ffc-a44d-b3ee502e4802 req-c26049e5-44e5-4b11-b9cf-e58f1ede58dc e3a6e52713a24edfa43bc0c68c0a4daa 96175b25c62a4e2a92bfc671f74aebe4 - - default default] 10.0.0.69 "GET /v2.0/ports?device_id=96a9df22-b3a6-40fe-8413-3a644948ea2f HTTP/1.1" status: 200 len: 1174 time: 0.0557151
2026-06-15 21:07:17.809 9 INFO neutron.db.ovn_revision_numbers_db [None req-390b47f2-ed5c-47db-85d3-aa5d794dfb25 262b6950fd8e42b7a69f9ec0d81f83bf a0c2fdaddc014b4f80713b19e5cc4e72 - - default default] Successfully bumped revision number for resource 426a95a8-d567-4208-8c51-8841eb386550 (type: router_ports) to 1
2026-06-15 21:07:17.815 9 INFO neutron.wsgi [None req-390b47f2-ed5c-47db-85d3-aa5d794dfb25 262b6950fd8e42b7a69f9ec0d81f83bf a0c2fdaddc014b4f80713b19e5cc4e72 - - default default] 10.0.0.34 "PUT /v2.0/routers/d1319ae7-a459-49ee-80b2-25ef973b8932/add_router_interface HTTP/1.1" status: 200 len: 503 time: 2.8281264
2026-06-15 21:07:18.019 8 INFO neutron.wsgi [req-9fa25cfe-ca9e-419c-8ac5-51c7302c9360 req-cbe18073-e533-4376-89f7-27f1986f65ea 2153734f3175476fb34ed7c3b42ed4e1 b68bb3eee8aa4da880698818692f961f - - 5c6c69f538aa47e4be7f1a92d8fac82c 5c6c69f538aa47e4be7f1a92d8fac82c] 199.204.45.113 "GET /v2.0/ports?tenant_id=96175b25c62a4e2a92bfc671f74aebe4&device_id=96a9df22-b3a6-40fe-8413-3a644948ea2f HTTP/1.1" status: 200 len: 1413 time: 0.3143017
2026-06-15 21:07:18.030 8 INFO neutron.wsgi [req-a6467c28-5a7c-4ffc-a44d-b3ee502e4802 req-00a36a79-7f79-4dae-b140-bc2dc260873b e3a6e52713a24edfa43bc0c68c0a4daa 96175b25c62a4e2a92bfc671f74aebe4 - - default default] 10.0.0.69 "GET /v2.0/security-groups?id=13bcd574-3ba4-4a42-a273-458a24a0bd85&fields=id&fields=name HTTP/1.1" status: 200 len: 313 time: 0.3385181
2026-06-15 21:07:18.083 8 INFO neutron.wsgi [req-9fa25cfe-ca9e-419c-8ac5-51c7302c9360 req-1f59dba3-5f28-4118-8e50-f64307a426fe 2153734f3175476fb34ed7c3b42ed4e1 b68bb3eee8aa4da880698818692f961f - - 5c6c69f538aa47e4be7f1a92d8fac82c 5c6c69f538aa47e4be7f1a92d8fac82c] 199.204.45.113 "GET /v2.0/networks?id=bda4bcc0-9106-4595-9f02-b5095f600120 HTTP/1.1" status: 200 len: 973 time: 0.0556035
2026-06-15 21:07:18.118 9 INFO neutron.db.ovn_revision_numbers_db [None req-500edd40-2e33-437c-b09d-1375fb6bfbb2 262b6950fd8e42b7a69f9ec0d81f83bf a0c2fdaddc014b4f80713b19e5cc4e72 - - default default] Successfully bumped revision number for resource c7cf0932-78a5-44d8-ae5d-6de250dd449b (type: security_groups) to 1
2026-06-15 21:07:18.133 9 INFO neutron.db.ovn_revision_numbers_db [None req-500edd40-2e33-437c-b09d-1375fb6bfbb2 262b6950fd8e42b7a69f9ec0d81f83bf a0c2fdaddc014b4f80713b19e5cc4e72 - - default default] Successfully bumped revision number for resource 06d82f51-7e62-41e0-8e53-252acd8b8307 (type: security_group_rules) to 0
2026-06-15 21:07:18.138 8 INFO neutron.wsgi [req-9fa25cfe-ca9e-419c-8ac5-51c7302c9360 req-2615fab6-a44d-465f-91c6-fc121cab31f7 2153734f3175476fb34ed7c3b42ed4e1 b68bb3eee8aa4da880698818692f961f - - 5c6c69f538aa47e4be7f1a92d8fac82c 5c6c69f538aa47e4be7f1a92d8fac82c] 199.204.45.113 "GET /v2.0/floatingips?fixed_ip_address=10.100.0.13&port_id=7709e46c-1164-452b-86ea-cc4158d63b91 HTTP/1.1" status: 200 len: 1060 time: 0.0489550
2026-06-15 21:07:18.152 9 INFO neutron.db.ovn_revision_numbers_db [None req-500edd40-2e33-437c-b09d-1375fb6bfbb2 262b6950fd8e42b7a69f9ec0d81f83bf a0c2fdaddc014b4f80713b19e5cc4e72 - - default default] Successfully bumped revision number for resource 12f75e2f-79b9-4b3b-8e87-63ec835e5ec3 (type: security_group_rules) to 0
2026-06-15 21:07:18.174 9 INFO neutron.db.ovn_revision_numbers_db [None req-500edd40-2e33-437c-b09d-1375fb6bfbb2 262b6950fd8e42b7a69f9ec0d81f83bf a0c2fdaddc014b4f80713b19e5cc4e72 - - default default] Successfully bumped revision number for resource 2841eb69-ed39-42ca-b63f-f64b15d44965 (type: security_group_rules) to 0
2026-06-15 21:07:18.191 8 INFO neutron.wsgi [req-9fa25cfe-ca9e-419c-8ac5-51c7302c9360 req-0949d89f-90df-4038-b7f6-f37105ec7e29 2153734f3175476fb34ed7c3b42ed4e1 b68bb3eee8aa4da880698818692f961f - - 5c6c69f538aa47e4be7f1a92d8fac82c 5c6c69f538aa47e4be7f1a92d8fac82c] 199.204.45.113 "GET /v2.0/subnets?id=c9f83c88-5c99-45a7-b46c-e57a657b1429 HTTP/1.1" status: 200 len: 868 time: 0.0431485
2026-06-15 21:07:18.192 9 INFO neutron.db.ovn_revision_numbers_db [None req-500edd40-2e33-437c-b09d-1375fb6bfbb2 262b6950fd8e42b7a69f9ec0d81f83bf a0c2fdaddc014b4f80713b19e5cc4e72 - - default default] Successfully bumped revision number for resource 3cd8f9ce-099d-410a-83f3-2d6a4bbd4293 (type: security_group_rules) to 0
2026-06-15 21:07:18.217 9 INFO neutron.wsgi [None req-500edd40-2e33-437c-b09d-1375fb6bfbb2 262b6950fd8e42b7a69f9ec0d81f83bf a0c2fdaddc014b4f80713b19e5cc4e72 - - default default] 10.0.0.34 "GET /v2.0/security-groups?tenant_id=8233d97f0a81456eb2d878c7edc71667&name=default HTTP/1.1" status: 200 len: 3120 time: 0.3980463
2026-06-15 21:07:18.222 8 INFO neutron.wsgi [req-9fa25cfe-ca9e-419c-8ac5-51c7302c9360 req-6f89a4a3-e314-4ea7-8e12-5ad9c2eff9dc 2153734f3175476fb34ed7c3b42ed4e1 b68bb3eee8aa4da880698818692f961f - - 5c6c69f538aa47e4be7f1a92d8fac82c 5c6c69f538aa47e4be7f1a92d8fac82c] 199.204.45.113 "GET /v2.0/ports?network_id=bda4bcc0-9106-4595-9f02-b5095f600120&device_owner=network%3Adhcp HTTP/1.1" status: 200 len: 210 time: 0.0263107
2026-06-15 21:07:18.301 8 INFO neutron.wsgi [req-9fa25cfe-ca9e-419c-8ac5-51c7302c9360 req-89adeb57-a197-4c0c-b397-2e89de6852a6 2153734f3175476fb34ed7c3b42ed4e1 b68bb3eee8aa4da880698818692f961f - - 5c6c69f538aa47e4be7f1a92d8fac82c 5c6c69f538aa47e4be7f1a92d8fac82c] 199.204.45.113 "GET /v2.0/networks/bda4bcc0-9106-4595-9f02-b5095f600120?fields=segments HTTP/1.1" status: 200 len: 212 time: 0.0739305
2026-06-15 21:07:18.396 8 INFO neutron.wsgi [req-9fa25cfe-ca9e-419c-8ac5-51c7302c9360 req-afe9bb13-2c86-4cd8-aa18-1cc061781598 2153734f3175476fb34ed7c3b42ed4e1 b68bb3eee8aa4da880698818692f961f - - 5c6c69f538aa47e4be7f1a92d8fac82c 5c6c69f538aa47e4be7f1a92d8fac82c] 199.204.45.113 "GET /v2.0/networks/bda4bcc0-9106-4595-9f02-b5095f600120?fields=provider%3Aphysical_network&fields=provider%3Anetwork_type HTTP/1.1" status: 200 len: 277 time: 0.0906901
2026-06-15 21:07:18.433 9 WARNING neutron_lib.context [None req-1fb94bae-a2d4-4087-835c-070af644fe65 022ef104626e4e06abc545dfc70616f1 a21689f7861b46a3af4f6a5da34eb3dd - - default default] Method 'is_advsvc' is deprecated since 2023.2 release (neutron-lib 3.8.0) and will be removed once support for the old RBAC API policies will be removed from Neutron. Please use method 'is_service_role' instead.
2026-06-15 21:07:18.514 9 INFO neutron.wsgi [None req-1c3c6c86-1273-4fd1-954d-224cc84e0376 262b6950fd8e42b7a69f9ec0d81f83bf a0c2fdaddc014b4f80713b19e5cc4e72 - - default default] 10.0.0.34 "DELETE /v2.0/security-groups/c7cf0932-78a5-44d8-ae5d-6de250dd449b HTTP/1.1" status: 204 len: 168 time: 0.2921350
2026-06-15 21:07:18.620 8 INFO neutron.plugins.ml2.drivers.ovn.mech_driver.mech_driver [None req-35061bee-1e91-415d-b631-05ad3f2854ba - - - - - -] OVN reports status down for port: 7709e46c-1164-452b-86ea-cc4158d63b91
2026-06-15 21:07:18.629 9 INFO neutron.db.ovn_revision_numbers_db [None req-1fb94bae-a2d4-4087-835c-070af644fe65 022ef104626e4e06abc545dfc70616f1 a21689f7861b46a3af4f6a5da34eb3dd - - default default] Successfully bumped revision number for resource 42502414-f341-48c9-929b-68be6c71e94b (type: security_groups) to 1
2026-06-15 21:07:18.652 9 INFO neutron.db.ovn_revision_numbers_db [None req-1fb94bae-a2d4-4087-835c-070af644fe65 022ef104626e4e06abc545dfc70616f1 a21689f7861b46a3af4f6a5da34eb3dd - - default default] Successfully bumped revision number for resource a6e2675d-8708-4cab-b229-9d6a2899a53f (type: security_group_rules) to 0
2026-06-15 21:07:18.674 9 INFO neutron.db.ovn_revision_numbers_db [None req-1fb94bae-a2d4-4087-835c-070af644fe65 022ef104626e4e06abc545dfc70616f1 a21689f7861b46a3af4f6a5da34eb3dd - - default default] Successfully bumped revision number for resource ee876330-4189-4873-b696-8ad01e36030d (type: security_group_rules) to 0
2026-06-15 21:07:18.703 9 INFO neutron.wsgi [None req-1fb94bae-a2d4-4087-835c-070af644fe65 022ef104626e4e06abc545dfc70616f1 a21689f7861b46a3af4f6a5da34eb3dd - - default default] 10.0.0.34 "POST /v2.0/security-groups HTTP/1.1" status: 201 len: 1859 time: 0.2767282
2026-06-15 21:07:18.717 9 WARNING neutron_lib.context [None req-da432ae4-d895-43d3-9f45-7846cad1c951 022ef104626e4e06abc545dfc70616f1 a21689f7861b46a3af4f6a5da34eb3dd - - default default] Method 'is_advsvc' is deprecated since 2023.2 release (neutron-lib 3.8.0) and will be removed once support for the old RBAC API policies will be removed from Neutron. Please use method 'is_service_role' instead.
2026-06-15 21:07:18.825 8 INFO neutron.notifiers.nova [-] Nova event matching ['req-28b495cb-fb31-4fbf-a99a-5952560cc1e5'] response: {'server_uuid': '96a9df22-b3a6-40fe-8413-3a644948ea2f', 'name': 'network-vif-unplugged', 'status': 'completed', 'tag': '7709e46c-1164-452b-86ea-cc4158d63b91', 'code': 200}
2026-06-15 21:07:18.899 9 INFO neutron.db.ovn_revision_numbers_db [None req-da432ae4-d895-43d3-9f45-7846cad1c951 022ef104626e4e06abc545dfc70616f1 a21689f7861b46a3af4f6a5da34eb3dd - - default default] Successfully bumped revision number for resource 2af33c8c-37f9-41b4-9dc1-ff2acffe5a98 (type: security_group_rules) to 0
2026-06-15 21:07:18.926 9 INFO neutron.wsgi [None req-da432ae4-d895-43d3-9f45-7846cad1c951 022ef104626e4e06abc545dfc70616f1 a21689f7861b46a3af4f6a5da34eb3dd - - default default] 10.0.0.34 "POST /v2.0/security-group-rules HTTP/1.1" status: 201 len: 796 time: 0.2128580
2026-06-15 21:07:18.944 9 WARNING neutron_lib.context [None req-b0b2bce6-8942-4e72-8c43-b9e606b6340e 022ef104626e4e06abc545dfc70616f1 a21689f7861b46a3af4f6a5da34eb3dd - - default default] Method 'is_advsvc' is deprecated since 2023.2 release (neutron-lib 3.8.0) and will be removed once support for the old RBAC API policies will be removed from Neutron. Please use method 'is_service_role' instead.
2026-06-15 21:07:18.999 8 INFO neutron.db.ovn_revision_numbers_db [None req-35061bee-1e91-415d-b631-05ad3f2854ba - - - - - -] Successfully bumped revision number for resource 7709e46c-1164-452b-86ea-cc4158d63b91 (type: ports) to 5
2026-06-15 21:07:19.094 9 INFO neutron.db.ovn_revision_numbers_db [None req-b0b2bce6-8942-4e72-8c43-b9e606b6340e 022ef104626e4e06abc545dfc70616f1 a21689f7861b46a3af4f6a5da34eb3dd - - default default] Successfully bumped revision number for resource 43635f95-53aa-4025-b5ab-63516e715e2f (type: security_group_rules) to 0 /var/lib/openstack/lib/python3.10/site-packages/pycadf/identifier.py:71: UserWarning: Invalid uuid: neutron. To ensure interoperability, identifiers should be a valid uuid. warnings.warn(('Invalid uuid: %s. To ensure interoperability, '
2026-06-15 21:07:19.131 9 INFO neutron.wsgi [None req-b0b2bce6-8942-4e72-8c43-b9e606b6340e 022ef104626e4e06abc545dfc70616f1 a21689f7861b46a3af4f6a5da34eb3dd - - default default] 10.0.0.34 "POST /v2.0/security-group-rules HTTP/1.1" status: 201 len: 801 time: 0.1969275
2026-06-15 21:07:19.144 9 WARNING neutron_lib.context [None req-c9bf1f8a-7063-44a8-8fad-9df92176b12c 022ef104626e4e06abc545dfc70616f1 a21689f7861b46a3af4f6a5da34eb3dd - - default default] Method 'is_advsvc' is deprecated since 2023.2 release (neutron-lib 3.8.0) and will be removed once support for the old RBAC API policies will be removed from Neutron. Please use method 'is_service_role' instead.
2026-06-15 21:07:19.144 8 INFO neutron.wsgi [req-4ec297b7-d4ad-4faa-bad8-e6de1a70e028 req-ce5a5fb6-dcc7-4af9-8c08-086f14d99fc9 e3a6e52713a24edfa43bc0c68c0a4daa 96175b25c62a4e2a92bfc671f74aebe4 - - default default] 10.0.0.69 "GET /v2.0/ports?device_id=96a9df22-b3a6-40fe-8413-3a644948ea2f HTTP/1.1" status: 200 len: 1172 time: 0.0433927
2026-06-15 21:07:19.194 8 INFO neutron.wsgi [req-4ec297b7-d4ad-4faa-bad8-e6de1a70e028 req-a13e3bb2-cd2b-43d6-a04a-6f8eea86d19b e3a6e52713a24edfa43bc0c68c0a4daa 96175b25c62a4e2a92bfc671f74aebe4 - - default default] 10.0.0.69 "GET /v2.0/security-groups?id=13bcd574-3ba4-4a42-a273-458a24a0bd85&fields=id&fields=name HTTP/1.1" status: 200 len: 313 time: 0.0459182
2026-06-15 21:07:19.239 8 INFO neutron.plugins.ml2.drivers.ovn.mech_driver.mech_driver [None req-35061bee-1e91-415d-b631-05ad3f2854ba - - - - - -] OVN reports status up for port: 7709e46c-1164-452b-86ea-cc4158d63b91
2026-06-15 21:07:19.256 8 INFO neutron.plugins.ml2.plugin [None req-35061bee-1e91-415d-b631-05ad3f2854ba - - - - - -] Attempt 1 to provision port 7709e46c-1164-452b-86ea-cc4158d63b91
2026-06-15 21:07:19.468 9 WARNING neutron.scheduler.dhcp_agent_scheduler [None req-c9bf1f8a-7063-44a8-8fad-9df92176b12c 022ef104626e4e06abc545dfc70616f1 a21689f7861b46a3af4f6a5da34eb3dd - - default default] No more DHCP agents
2026-06-15 21:07:19.474 9 WARNING neutron.api.rpc.agentnotifiers.dhcp_rpc_agent_api [None req-c9bf1f8a-7063-44a8-8fad-9df92176b12c 022ef104626e4e06abc545dfc70616f1 a21689f7861b46a3af4f6a5da34eb3dd - - default default] Unable to schedule network 67aac509-6b01-46ef-8bd1-ae0db20a55b4: no agents available; will retry on subsequent port and subnet creation events.
2026-06-15 21:07:19.702 8 INFO neutron.db.ovn_revision_numbers_db [None req-91234b7e-f908-40c1-97f7-d32f94c61bfa 262b6950fd8e42b7a69f9ec0d81f83bf a0c2fdaddc014b4f80713b19e5cc4e72 - - default default] Successfully bumped revision number for resource ea940f06-f994-446d-8b2f-f27121de1db5 (type: security_groups) to 1
2026-06-15 21:07:19.717 8 INFO neutron.db.ovn_revision_numbers_db [None req-91234b7e-f908-40c1-97f7-d32f94c61bfa 262b6950fd8e42b7a69f9ec0d81f83bf a0c2fdaddc014b4f80713b19e5cc4e72 - - default default] Successfully bumped revision number for resource 773b52c8-715e-4d5d-ac6a-3135aa79cc85 (type: security_group_rules) to 0
2026-06-15 21:07:19.724 8 INFO neutron.db.ovn_revision_numbers_db [None req-35061bee-1e91-415d-b631-05ad3f2854ba - - - - - -] Successfully bumped revision number for resource 7709e46c-1164-452b-86ea-cc4158d63b91 (type: ports) to 6
2026-06-15 21:07:19.730 8 INFO neutron.db.ovn_revision_numbers_db [None req-91234b7e-f908-40c1-97f7-d32f94c61bfa 262b6950fd8e42b7a69f9ec0d81f83bf a0c2fdaddc014b4f80713b19e5cc4e72 - - default default] Successfully bumped revision number for resource 94663ee3-fc3c-4595-9f26-8757b9f17889 (type: security_group_rules) to 0
2026-06-15 21:07:19.766 8 INFO neutron.db.ovn_revision_numbers_db [None req-91234b7e-f908-40c1-97f7-d32f94c61bfa 262b6950fd8e42b7a69f9ec0d81f83bf a0c2fdaddc014b4f80713b19e5cc4e72 - - default default] Successfully bumped revision number for resource 97a751ef-ffe8-4440-94e1-dcaa7b3792b3 (type: security_group_rules) to 0
2026-06-15 21:07:19.793 8 INFO neutron.db.ovn_revision_numbers_db [None req-91234b7e-f908-40c1-97f7-d32f94c61bfa 262b6950fd8e42b7a69f9ec0d81f83bf a0c2fdaddc014b4f80713b19e5cc4e72 - - default default] Successfully bumped revision number for resource f915094d-9249-43a7-a284-69e43b5d5819 (type: security_group_rules) to 0
2026-06-15 21:07:19.817 8 INFO neutron.wsgi [None req-91234b7e-f908-40c1-97f7-d32f94c61bfa 262b6950fd8e42b7a69f9ec0d81f83bf a0c2fdaddc014b4f80713b19e5cc4e72 - - default default] 10.0.0.34 "GET /v2.0/security-groups?tenant_id=232a6825b8a0406596244d759b7a1fc2&name=default HTTP/1.1" status: 200 len: 3120 time: 0.5242281 /var/lib/openstack/lib/python3.10/site-packages/pycadf/identifier.py:71: UserWarning: Invalid uuid: neutron. To ensure interoperability, identifiers should be a valid uuid. warnings.warn(('Invalid uuid: %s. To ensure interoperability, '
2026-06-15 21:07:19.854 9 INFO neutron.wsgi [None req-c9bf1f8a-7063-44a8-8fad-9df92176b12c 022ef104626e4e06abc545dfc70616f1 a21689f7861b46a3af4f6a5da34eb3dd - - default default] 10.0.0.34 "POST /v2.0/floatingips HTTP/1.1" status: 201 len: 751 time: 0.7159941
2026-06-15 21:07:20.055 8 INFO neutron.wsgi [None req-d69894f9-a2e5-4b5d-97a1-22028f47ccb7 262b6950fd8e42b7a69f9ec0d81f83bf a0c2fdaddc014b4f80713b19e5cc4e72 - - default default] 10.0.0.34 "DELETE /v2.0/security-groups/ea940f06-f994-446d-8b2f-f27121de1db5 HTTP/1.1" status: 204 len: 168 time: 0.2314744
2026-06-15 21:07:20.349 8 INFO neutron.wsgi [req-c77e4d12-c3cb-40f0-97b8-49da08949861 req-6b4c5c32-40be-46fb-a7c4-ab60f4c55c87 e3a6e52713a24edfa43bc0c68c0a4daa 96175b25c62a4e2a92bfc671f74aebe4 - - default default] 10.0.0.69 "GET /v2.0/ports?device_id=96a9df22-b3a6-40fe-8413-3a644948ea2f HTTP/1.1" status: 200 len: 1174 time: 0.0606525
2026-06-15 21:07:20.390 8 INFO neutron.wsgi [req-c77e4d12-c3cb-40f0-97b8-49da08949861 req-bb9f375c-d234-4686-838c-2b1f3120590d e3a6e52713a24edfa43bc0c68c0a4daa 96175b25c62a4e2a92bfc671f74aebe4 - - default default] 10.0.0.69 "GET /v2.0/security-groups?id=13bcd574-3ba4-4a42-a273-458a24a0bd85&fields=id&fields=name HTTP/1.1" status: 200 len: 313 time: 0.0373011
2026-06-15 21:07:20.561 8 WARNING neutron_lib.context [None req-c4f3b5c4-b420-44f3-923d-fa832792439a d3de24358d004fcc8ddb932f63a17330 1e8d58c994b94105a9e02adc2c082c7b - - default default] Method 'is_advsvc' is deprecated since 2023.2 release (neutron-lib 3.8.0) and will be removed once support for the old RBAC API policies will be removed from Neutron. Please use method 'is_service_role' instead.
2026-06-15 21:07:20.727 8 INFO neutron.db.ovn_revision_numbers_db [None req-c4f3b5c4-b420-44f3-923d-fa832792439a d3de24358d004fcc8ddb932f63a17330 1e8d58c994b94105a9e02adc2c082c7b - - default default] Successfully bumped revision number for resource 5d30474d-11bb-45ce-9aa3-9e13aaa45958 (type: security_groups) to 1
2026-06-15 21:07:20.745 8 INFO neutron.db.ovn_revision_numbers_db [None req-c4f3b5c4-b420-44f3-923d-fa832792439a d3de24358d004fcc8ddb932f63a17330 1e8d58c994b94105a9e02adc2c082c7b - - default default] Successfully bumped revision number for resource 1f6836dc-bec7-4fb7-a6ae-e77e150c2075 (type: security_group_rules) to 0
2026-06-15 21:07:20.759 8 INFO neutron.db.ovn_revision_numbers_db [None req-c4f3b5c4-b420-44f3-923d-fa832792439a d3de24358d004fcc8ddb932f63a17330 1e8d58c994b94105a9e02adc2c082c7b - - default default] Successfully bumped revision number for resource 2f35707e-6652-45c2-b8c7-6d3d4f042614 (type: security_group_rules) to 0
2026-06-15 21:07:20.774 8 INFO neutron.db.ovn_revision_numbers_db [None req-c4f3b5c4-b420-44f3-923d-fa832792439a d3de24358d004fcc8ddb932f63a17330 1e8d58c994b94105a9e02adc2c082c7b - - default default] Successfully bumped revision number for resource 460f5b7c-58f1-4b31-ab76-ce4b7295b812 (type: security_group_rules) to 0
2026-06-15 21:07:20.799 8 INFO neutron.db.ovn_revision_numbers_db [None req-c4f3b5c4-b420-44f3-923d-fa832792439a d3de24358d004fcc8ddb932f63a17330 1e8d58c994b94105a9e02adc2c082c7b - - default default] Successfully bumped revision number for resource 81ad6e84-254b-4af2-963a-1133f9321dd0 (type: security_group_rules) to 0
2026-06-15 21:07:20.848 8 INFO neutron.db.segments_db [None req-c4f3b5c4-b420-44f3-923d-fa832792439a d3de24358d004fcc8ddb932f63a17330 1e8d58c994b94105a9e02adc2c082c7b - - default default] Added segment 7578ce24-5d5a-4c5a-9baa-0eb76858ee7b of type geneve for network ed5661a8-91b0-4b37-b91e-8da27e49e63a
2026-06-15 21:07:20.864 8 INFO neutron.notifiers.nova [-] Nova event matching ['req-057c9f70-0a37-4c1c-b86a-263d022cbf1b'] response: {'server_uuid': '96a9df22-b3a6-40fe-8413-3a644948ea2f', 'name': 'network-vif-unplugged', 'status': 'completed', 'tag': '7709e46c-1164-452b-86ea-cc4158d63b91', 'code': 200}
2026-06-15 21:07:20.864 8 INFO neutron.notifiers.nova [-] Nova event matching ['req-057c9f70-0a37-4c1c-b86a-263d022cbf1b'] response: {'server_uuid': '96a9df22-b3a6-40fe-8413-3a644948ea2f', 'name': 'network-vif-plugged', 'status': 'completed', 'tag': '7709e46c-1164-452b-86ea-cc4158d63b91', 'code': 200}
2026-06-15 21:07:20.865 8 INFO neutron.notifiers.nova [-] Nova event matching ['req-057c9f70-0a37-4c1c-b86a-263d022cbf1b'] response: {'server_uuid': '96a9df22-b3a6-40fe-8413-3a644948ea2f', 'name': 'network-vif-plugged', 'status': 'completed', 'tag': '7709e46c-1164-452b-86ea-cc4158d63b91', 'code': 200}
2026-06-15 21:07:21.022 8 INFO neutron.db.ovn_revision_numbers_db [None req-c4f3b5c4-b420-44f3-923d-fa832792439a d3de24358d004fcc8ddb932f63a17330 1e8d58c994b94105a9e02adc2c082c7b - - default default] Successfully bumped revision number for resource ed5661a8-91b0-4b37-b91e-8da27e49e63a (type: networks) to 1
2026-06-15 21:07:21.230 8 WARNING neutron.scheduler.dhcp_agent_scheduler [None req-c4f3b5c4-b420-44f3-923d-fa832792439a d3de24358d004fcc8ddb932f63a17330 1e8d58c994b94105a9e02adc2c082c7b - - default default] No more DHCP agents
2026-06-15 21:07:21.232 8 WARNING neutron.api.rpc.agentnotifiers.dhcp_rpc_agent_api [None req-c4f3b5c4-b420-44f3-923d-fa832792439a d3de24358d004fcc8ddb932f63a17330 1e8d58c994b94105a9e02adc2c082c7b - - default default] Unable to schedule network ed5661a8-91b0-4b37-b91e-8da27e49e63a: no agents available; will retry on subsequent port and subnet creation events.
2026-06-15 21:07:21.316 8 INFO neutron.db.ovn_revision_numbers_db [None req-c4f3b5c4-b420-44f3-923d-fa832792439a d3de24358d004fcc8ddb932f63a17330 1e8d58c994b94105a9e02adc2c082c7b - - default default] Successfully bumped revision number for resource 23ad34d0-9f36-4082-a61c-169f721abd1f (type: ports) to 1
2026-06-15 21:07:21.351 8 INFO neutron.wsgi [None req-c4f3b5c4-b420-44f3-923d-fa832792439a d3de24358d004fcc8ddb932f63a17330 1e8d58c994b94105a9e02adc2c082c7b - - default default] 10.0.0.34 "POST /v2.0/networks HTTP/1.1" status: 201 len: 846 time: 0.9130416
2026-06-15 21:07:21.507 8 INFO neutron.wsgi [req-92e29376-0520-4cb6-a8c8-3f8590c8faa8 req-b37a7e64-32b9-4a8f-afa6-2c0b36767226 e3a6e52713a24edfa43bc0c68c0a4daa 96175b25c62a4e2a92bfc671f74aebe4 - - default default] 10.0.0.69 "GET /v2.0/ports?device_id=96a9df22-b3a6-40fe-8413-3a644948ea2f HTTP/1.1" status: 200 len: 1174 time: 0.0532746
2026-06-15 21:07:21.566 8 INFO neutron.wsgi [req-92e29376-0520-4cb6-a8c8-3f8590c8faa8 req-8dacf8be-95fe-45de-a69f-3646fcf16b8e e3a6e52713a24edfa43bc0c68c0a4daa 96175b25c62a4e2a92bfc671f74aebe4 - - default default] 10.0.0.69 "GET /v2.0/security-groups?id=13bcd574-3ba4-4a42-a273-458a24a0bd85&fields=id&fields=name HTTP/1.1" status: 200 len: 313 time: 0.0513122
2026-06-15 21:07:21.841 9 WARNING neutron_lib.context [None req-d7c1327e-8ca7-4562-ab7e-d94459042aff d3de24358d004fcc8ddb932f63a17330 1e8d58c994b94105a9e02adc2c082c7b - - default default] Method 'is_advsvc' is deprecated since 2023.2 release (neutron-lib 3.8.0) and will be removed once support for the old RBAC API policies will be removed from Neutron. Please use method 'is_service_role' instead.
2026-06-15 21:07:22.044 8 INFO neutron.wsgi [None req-f4012f3d-ad2e-4b64-a6f1-53c5dc3419ec 686fb6087b794be689077da4683f06fa 7ab1ae7befa64297b9dc1443d1e74dad - - default default] 10.0.0.34 "GET /v2.0/extensions HTTP/1.1" status: 200 len: 18678 time: 0.1425285
2026-06-15 21:07:22.055 8 INFO neutron.wsgi [None req-a8c909bf-8b60-4cbd-82ee-ec0c346b78d6 686fb6087b794be689077da4683f06fa 7ab1ae7befa64297b9dc1443d1e74dad - - default default] 10.0.0.34 "GET /v2.0/extensions/address-group HTTP/1.1" status: 200 len: 353 time: 0.0047743
2026-06-15 21:07:22.063 8 INFO neutron.wsgi [None req-5bd68964-65fc-4fc4-8ca4-c1bbddc0bc27 686fb6087b794be689077da4683f06fa 7ab1ae7befa64297b9dc1443d1e74dad - - default default] 10.0.0.34 "GET /v2.0/extensions/address-scope HTTP/1.1" status: 200 len: 357 time: 0.0043044
2026-06-15 21:07:22.071 8 INFO neutron.wsgi [None req-8bc862ab-7da9-4a18-884d-d7c53e3da0b6 686fb6087b794be689077da4683f06fa 7ab1ae7befa64297b9dc1443d1e74dad - - default default] 10.0.0.34 "GET /v2.0/extensions/agent HTTP/1.1" status: 200 len: 347 time: 0.0046818
2026-06-15 21:07:22.078 8 INFO neutron.wsgi [None req-383b5719-87c8-4362-aff9-d58cb70b7d71 686fb6087b794be689077da4683f06fa 7ab1ae7befa64297b9dc1443d1e74dad - - default default] 10.0.0.34 "GET /v2.0/extensions/allowed-address-pairs HTTP/1.1" status: 200 len: 378 time: 0.0041399
2026-06-15 21:07:22.086 8 INFO neutron.wsgi [None req-2bb9df42-8528-4333-9866-9a3e22a2d256 686fb6087b794be689077da4683f06fa 7ab1ae7befa64297b9dc1443d1e74dad - - default default] 10.0.0.34 "GET /v2.0/extensions/auto-allocated-topology HTTP/1.1" status: 200 len: 394 time: 0.0042276
2026-06-15 21:07:22.093 8 INFO neutron.wsgi [None req-46205a37-bd09-4118-a7a1-d35d18c0cfc4 686fb6087b794be689077da4683f06fa 7ab1ae7befa64297b9dc1443d1e74dad - - default default] 10.0.0.34 "GET /v2.0/extensions/availability_zone HTTP/1.1" status: 200 len: 372 time: 0.0040691
2026-06-15 21:07:22.103 9 INFO neutron.wsgi [None req-7ec06e2c-6144-4edd-9c4f-d02c9d5f319e 686fb6087b794be689077da4683f06fa 7ab1ae7befa64297b9dc1443d1e74dad - - default default] 10.0.0.34 "GET /v2.0/extensions/default-subnetpools HTTP/1.1" status: 200 len: 405 time: 0.0067978
2026-06-15 21:07:22.112 8 INFO neutron.wsgi [None req-25c7d065-6eae-4498-822f-3a079eae7b20 686fb6087b794be689077da4683f06fa 7ab1ae7befa64297b9dc1443d1e74dad - - default default] 10.0.0.34 "GET /v2.0/extensions/dhcp_agent_scheduler HTTP/1.1" status: 200 len: 381 time: 0.0055747
2026-06-15 21:07:22.123 9 WARNING neutron.scheduler.dhcp_agent_scheduler [None req-d7c1327e-8ca7-4562-ab7e-d94459042aff d3de24358d004fcc8ddb932f63a17330 1e8d58c994b94105a9e02adc2c082c7b - - default default] No more DHCP agents
2026-06-15 21:07:22.125 8 INFO neutron.wsgi [None req-45eb3544-3ac6-47c2-9ef1-6d2607bd80b1 686fb6087b794be689077da4683f06fa 7ab1ae7befa64297b9dc1443d1e74dad - - default default] 10.0.0.34 "GET /v2.0/extensions/dns-integration HTTP/1.1" status: 200 len: 366 time: 0.0045488
2026-06-15 21:07:22.126 9 WARNING neutron.api.rpc.agentnotifiers.dhcp_rpc_agent_api [None req-d7c1327e-8ca7-4562-ab7e-d94459042aff d3de24358d004fcc8ddb932f63a17330 1e8d58c994b94105a9e02adc2c082c7b - - default default] Unable to schedule network ed5661a8-91b0-4b37-b91e-8da27e49e63a: no agents available; will retry on subsequent port and subnet creation events.
2026-06-15 21:07:22.135 9 INFO neutron.wsgi [None req-68226638-ea1b-4140-98b3-f162103da6bc 686fb6087b794be689077da4683f06fa 7ab1ae7befa64297b9dc1443d1e74dad - - default default] 10.0.0.34 "GET /v2.0/extensions/dns-domain-ports HTTP/1.1" status: 200 len: 399 time: 0.0040460
2026-06-15 21:07:22.141 8 INFO neutron.wsgi [None req-30211e59-3e01-4bfe-aaf1-1274cede0ffc 686fb6087b794be689077da4683f06fa 7ab1ae7befa64297b9dc1443d1e74dad - - default default] 10.0.0.34 "GET /v2.0/extensions/dns-integration-domain-keywords HTTP/1.1" status: 200 len: 477 time: 0.0032856
2026-06-15 21:07:22.149 8 INFO neutron.wsgi [None req-f564be57-50be-46ed-89a0-a9cf1f125fdc 686fb6087b794be689077da4683f06fa 7ab1ae7befa64297b9dc1443d1e74dad - - default default] 10.0.0.34 "GET /v2.0/extensions/empty-string-filtering HTTP/1.1" status: 200 len: 413 time: 0.0043523
2026-06-15 21:07:22.157 8 INFO neutron.wsgi [None req-ad2a2802-1cc9-428f-b16f-f6867ebe158e 686fb6087b794be689077da4683f06fa 7ab1ae7befa64297b9dc1443d1e74dad - - default default] 10.0.0.34 "GET /v2.0/extensions/external-net HTTP/1.1" status: 200 len: 394 time: 0.0045974
2026-06-15 21:07:22.165 8 INFO neutron.wsgi [None req-c6cdae92-b80b-4c0c-b473-cfe7d4fd15b5 686fb6087b794be689077da4683f06fa 7ab1ae7befa64297b9dc1443d1e74dad - - default default] 10.0.0.34 "GET /v2.0/extensions/extra_dhcp_opt HTTP/1.1" status: 200 len: 498 time: 0.0043709
2026-06-15 21:07:22.173 9 INFO neutron.db.ovn_revision_numbers_db [None req-d7c1327e-8ca7-4562-ab7e-d94459042aff d3de24358d004fcc8ddb932f63a17330 1e8d58c994b94105a9e02adc2c082c7b - - default default] Successfully bumped revision number for resource 038edfd4-2899-4ed2-8e23-e57fc701a110 (type: subnets) to 0
2026-06-15 21:07:22.174 8 INFO neutron.wsgi [None req-e1df171e-c6b1-4381-bb49-8ad5c27dc2c4 686fb6087b794be689077da4683f06fa 7ab1ae7befa64297b9dc1443d1e74dad - - default default] 10.0.0.34 "GET /v2.0/extensions/extraroute HTTP/1.1" status: 200 len: 375 time: 0.0040371
2026-06-15 21:07:22.183 8 INFO neutron.wsgi [None req-b4ba023d-1edf-46cb-b557-58b526eccfd1 686fb6087b794be689077da4683f06fa 7ab1ae7befa64297b9dc1443d1e74dad - - default default] 10.0.0.34 "GET /v2.0/extensions/floating-ip-port-forwarding-detail HTTP/1.1" status: 200 len: 465 time: 0.0043449
2026-06-15 21:07:22.193 8 INFO neutron.wsgi [None req-75899207-8916-406c-b0e0-6064989776a0 686fb6087b794be689077da4683f06fa 7ab1ae7befa64297b9dc1443d1e74dad - - default default] 10.0.0.34 "GET /v2.0/extensions/fip-port-details HTTP/1.1" status: 200 len: 406 time: 0.0068216
2026-06-15 21:07:22.193 9 INFO neutron.wsgi [None req-d7c1327e-8ca7-4562-ab7e-d94459042aff d3de24358d004fcc8ddb932f63a17330 1e8d58c994b94105a9e02adc2c082c7b - - default default] 10.0.0.34 "POST /v2.0/subnets HTTP/1.1" status: 201 len: 848 time: 0.3632035
2026-06-15 21:07:22.210 9 INFO neutron.wsgi [None req-80cf449d-0cd8-4f6c-9230-1b32ba517cbe 686fb6087b794be689077da4683f06fa 7ab1ae7befa64297b9dc1443d1e74dad - - default default] 10.0.0.34 "GET /v2.0/extensions/flavors HTTP/1.1" status: 200 len: 387 time: 0.0092101
2026-06-15 21:07:22.215 9 WARNING neutron_lib.context [None req-405c1092-5033-4428-aa1f-42e9faf71a78 d3de24358d004fcc8ddb932f63a17330 1e8d58c994b94105a9e02adc2c082c7b - - default default] Method 'is_advsvc' is deprecated since 2023.2 release (neutron-lib 3.8.0) and will be removed once support for the old RBAC API policies will be removed from Neutron. Please use method 'is_service_role' instead.
2026-06-15 21:07:22.227 8 INFO neutron.wsgi [None req-ad6b23e4-373d-4aff-a6bc-65c8f8239f11 686fb6087b794be689077da4683f06fa 7ab1ae7befa64297b9dc1443d1e74dad - - default default] 10.0.0.34 "GET /v2.0/extensions/floatingip-pools HTTP/1.1" status: 200 len: 382 time: 0.0068893
2026-06-15 21:07:22.237 8 INFO neutron.wsgi [None req-945218ab-8e46-42be-a76f-cc5761515d98 686fb6087b794be689077da4683f06fa 7ab1ae7befa64297b9dc1443d1e74dad - - default default] 10.0.0.34 "GET /v2.0/extensions/ip_allocation HTTP/1.1" status: 200 len: 356 time: 0.0047648
2026-06-15 21:07:22.248 8 INFO neutron.wsgi [None req-d4834dd5-1677-473c-8d04-63d2fb77115e 686fb6087b794be689077da4683f06fa 7ab1ae7befa64297b9dc1443d1e74dad - - default default] 10.0.0.34 "GET /v2.0/extensions/l2_adjacency HTTP/1.1" status: 200 len: 372 time: 0.0053279
2026-06-15 21:07:22.257 8 INFO neutron.wsgi [None req-b6c9f912-a015-458c-908a-b33957a29740 686fb6087b794be689077da4683f06fa 7ab1ae7befa64297b9dc1443d1e74dad - - default default] 10.0.0.34 "GET /v2.0/extensions/router HTTP/1.1" status: 200 len: 450 time: 0.0054877
2026-06-15 21:07:22.276 8 INFO neutron.wsgi [None req-40181d55-6bc7-4cdd-ac31-fe1344689097 686fb6087b794be689077da4683f06fa 7ab1ae7befa64297b9dc1443d1e74dad - - default default] 10.0.0.34 "GET /v2.0/extensions/enable-default-route-bfd HTTP/1.1" status: 200 len: 406 time: 0.0104122
2026-06-15 21:07:22.286 8 INFO neutron.wsgi [None req-e2ad9018-3261-4b38-aea8-8007f4db4105 686fb6087b794be689077da4683f06fa 7ab1ae7befa64297b9dc1443d1e74dad - - default default] 10.0.0.34 "GET /v2.0/extensions/enable-default-route-ecmp HTTP/1.1" status: 200 len: 409 time: 0.0059059
2026-06-15 21:07:22.306 9 INFO neutron.wsgi [None req-51d82cde-cbdb-457a-922a-ff19ca1e50c5 686fb6087b794be689077da4683f06fa 7ab1ae7befa64297b9dc1443d1e74dad - - default default] 10.0.0.34 "GET /v2.0/extensions/ext-gw-mode HTTP/1.1" status: 200 len: 462 time: 0.0108981
2026-06-15 21:07:22.319 8 INFO neutron.wsgi [None req-c195698c-aa78-4f6f-9ac0-3d098b100066 686fb6087b794be689077da4683f06fa 7ab1ae7befa64297b9dc1443d1e74dad - - default default] 10.0.0.34 "GET /v2.0/extensions/l3-ha HTTP/1.1" status: 200 len: 360 time: 0.0070946
2026-06-15 21:07:22.322 9 INFO neutron.db.segments_db [None req-405c1092-5033-4428-aa1f-42e9faf71a78 d3de24358d004fcc8ddb932f63a17330 1e8d58c994b94105a9e02adc2c082c7b - - default default] Added segment 7c51c54c-a6eb-4699-a83a-a7d0aea15c6d of type geneve for network 5518506c-ee0f-4d6c-ad30-670bf9fa74bc
2026-06-15 21:07:22.327 8 INFO neutron.wsgi [None req-67dcfd54-82c4-46a1-806e-850392375349 686fb6087b794be689077da4683f06fa 7ab1ae7befa64297b9dc1443d1e74dad - - default default] 10.0.0.34 "GET /v2.0/extensions/external-gateway-multihoming HTTP/1.1" status: 200 len: 421 time: 0.0041571
2026-06-15 21:07:22.335 8 INFO neutron.wsgi [None req-a65350fe-76ab-4d35-a03a-d2ee5d3f6822 686fb6087b794be689077da4683f06fa 7ab1ae7befa64297b9dc1443d1e74dad - - default default] 10.0.0.34 "GET /v2.0/extensions/l3-flavors HTTP/1.1" status: 200 len: 366 time: 0.0043244
2026-06-15 21:07:22.343 8 INFO neutron.wsgi [None req-9b676ebd-d5e4-47e2-8362-2026bde142e1 686fb6087b794be689077da4683f06fa 7ab1ae7befa64297b9dc1443d1e74dad - - default default] 10.0.0.34 "GET /v2.0/extensions/logging HTTP/1.1" status: 200 len: 407 time: 0.0062330
2026-06-15 21:07:22.350 8 INFO neutron.wsgi [None req-85bb29cc-c5bd-4d3a-90af-1ecf06c8631e 686fb6087b794be689077da4683f06fa 7ab1ae7befa64297b9dc1443d1e74dad - - default default] 10.0.0.34 "GET /v2.0/extensions/multi-provider HTTP/1.1" status: 200 len: 406 time: 0.0036504
2026-06-15 21:07:22.360 8 INFO neutron.wsgi [None req-40f6df48-2c83-4114-bd85-e348adc920a0 686fb6087b794be689077da4683f06fa 7ab1ae7befa64297b9dc1443d1e74dad - - default default] 10.0.0.34 "GET /v2.0/extensions/net-mtu HTTP/1.1" status: 200 len: 370 time: 0.0051141
2026-06-15 21:07:22.368 8 INFO neutron.wsgi [None req-a9798c66-ea1b-410d-8f8e-8e67e468b30c 686fb6087b794be689077da4683f06fa 7ab1ae7befa64297b9dc1443d1e74dad - - default default] 10.0.0.34 "GET /v2.0/extensions/net-mtu-writable HTTP/1.1" status: 200 len: 401 time: 0.0044436
2026-06-15 21:07:22.376 8 INFO neutron.wsgi [None req-6c675703-6882-4c0f-9212-4d934d3d8f7f 686fb6087b794be689077da4683f06fa 7ab1ae7befa64297b9dc1443d1e74dad - - default default] 10.0.0.34 "GET /v2.0/extensions/network_availability_zone HTTP/1.1" status: 200 len: 394 time: 0.0041969
2026-06-15 21:07:22.383 8 INFO neutron.wsgi [None req-411f44d3-0338-47ba-a7c9-d19bb676426c 686fb6087b794be689077da4683f06fa 7ab1ae7befa64297b9dc1443d1e74dad - - default default] 10.0.0.34 "GET /v2.0/extensions/network-ip-availability HTTP/1.1" status: 200 len: 410 time: 0.0042636
2026-06-15 21:07:22.391 8 INFO neutron.wsgi [None req-1265751f-a8e1-4005-9b45-7c32fa0423f7 686fb6087b794be689077da4683f06fa 7ab1ae7befa64297b9dc1443d1e74dad - - default default] 10.0.0.34 "GET /v2.0/extensions/pagination HTTP/1.1" status: 200 len: 386 time: 0.0045226
2026-06-15 21:07:22.398 8 INFO neutron.wsgi [None req-a1f244fb-2f95-498e-bdfd-bc930cb25254 686fb6087b794be689077da4683f06fa 7ab1ae7befa64297b9dc1443d1e74dad - - default default] 10.0.0.34 "GET /v2.0/extensions/port-device-profile HTTP/1.1" status: 200 len: 383 time: 0.0041559
2026-06-15 21:07:22.405 8 INFO neutron.wsgi [None req-fc16a849-a565-4c93-ab2f-7fbb7b272a03 686fb6087b794be689077da4683f06fa 7ab1ae7befa64297b9dc1443d1e74dad - - default default] 10.0.0.34 "GET /v2.0/extensions/port-mac-address-regenerate HTTP/1.1" status: 200 len: 403 time: 0.0042334
2026-06-15 21:07:22.413 8 INFO neutron.wsgi [None req-8073bd8b-743a-4f50-9a77-4f2b641bbf20 686fb6087b794be689077da4683f06fa 7ab1ae7befa64297b9dc1443d1e74dad - - default default] 10.0.0.34 "GET /v2.0/extensions/port-numa-affinity-policy HTTP/1.1" status: 200 len: 392 time: 0.0042033
2026-06-15 21:07:22.420 8 INFO neutron.wsgi [None req-7b2ee4a0-0837-48e4-9628-5b783bea3190 686fb6087b794be689077da4683f06fa 7ab1ae7befa64297b9dc1443d1e74dad - - default default] 10.0.0.34 "GET /v2.0/extensions/port-resource-request HTTP/1.1" status: 200 len: 379 time: 0.0044396
2026-06-15 21:07:22.427 8 INFO neutron.wsgi [None req-8a147dfe-8e5b-4c11-8e10-58405253d23a 686fb6087b794be689077da4683f06fa 7ab1ae7befa64297b9dc1443d1e74dad - - default default] 10.0.0.34 "GET /v2.0/extensions/port-resource-request-groups HTTP/1.1" status: 200 len: 465 time: 0.0043468
2026-06-15 21:07:22.434 8 INFO neutron.wsgi [None req-3ae38d8e-c123-4499-b61d-5f30e34c8063 686fb6087b794be689077da4683f06fa 7ab1ae7befa64297b9dc1443d1e74dad - - default default] 10.0.0.34 "GET /v2.0/extensions/binding HTTP/1.1" status: 200 len: 387 time: 0.0048151
2026-06-15 21:07:22.442 8 INFO neutron.wsgi [None req-83a62670-471d-444a-93aa-7e97f660b7c1 686fb6087b794be689077da4683f06fa 7ab1ae7befa64297b9dc1443d1e74dad - - default default] 10.0.0.34 "GET /v2.0/extensions/binding-extended HTTP/1.1" status: 200 len: 406 time: 0.0043385
2026-06-15 21:07:22.449 8 INFO neutron.wsgi [None req-fd86db73-93ff-4e90-8978-9eb907bd34dd 686fb6087b794be689077da4683f06fa 7ab1ae7befa64297b9dc1443d1e74dad - - default default] 10.0.0.34 "GET /v2.0/extensions/port-security HTTP/1.1" status: 200 len: 354 time: 0.0045807
2026-06-15 21:07:22.457 8 INFO neutron.wsgi [None req-1b49b0d7-6a06-4e43-b05f-3fe20e89c6da 686fb6087b794be689077da4683f06fa 7ab1ae7befa64297b9dc1443d1e74dad - - default default] 10.0.0.34 "GET /v2.0/extensions/project-id HTTP/1.1" status: 200 len: 398 time: 0.0043049
2026-06-15 21:07:22.462 9 WARNING neutron.plugins.ml2.drivers.ovn.mech_driver.ovsdb.ovn_client [None req-4931acb0-aaf8-4197-8a6e-4d24e2e00f6a - - - - - -] No hosting information found for port 426a95a8-d567-4208-8c51-8841eb386550: RuntimeError: No hosting information found for port 426a95a8-d567-4208-8c51-8841eb386550
2026-06-15 21:07:22.466 8 INFO neutron.wsgi [None req-9c89e432-c911-49a1-af72-4ee0c7fb5552 686fb6087b794be689077da4683f06fa 7ab1ae7befa64297b9dc1443d1e74dad - - default default] 10.0.0.34 "GET /v2.0/extensions/provider HTTP/1.1" status: 200 len: 385 time: 0.0040703
2026-06-15 21:07:22.474 8 INFO neutron.wsgi [None req-d4fd501f-2bee-4bc6-ae54-9f4917362e83 686fb6087b794be689077da4683f06fa 7ab1ae7befa64297b9dc1443d1e74dad - - default default] 10.0.0.34 "GET /v2.0/extensions/qos HTTP/1.1" status: 200 len: 360 time: 0.0035489
2026-06-15 21:07:22.483 8 INFO neutron.wsgi [None req-658c8552-7c5e-4af4-ab16-c900ef3b6ac9 686fb6087b794be689077da4683f06fa 7ab1ae7befa64297b9dc1443d1e74dad - - default default] 10.0.0.34 "GET /v2.0/extensions/qos-bw-limit-direction HTTP/1.1" status: 200 len: 452 time: 0.0045543
2026-06-15 21:07:22.498 9 INFO neutron.wsgi [None req-1e2ce529-1835-4c3e-8a5a-ca9678607fa2 686fb6087b794be689077da4683f06fa 7ab1ae7befa64297b9dc1443d1e74dad - - default default] 10.0.0.34 "GET /v2.0/extensions/qos-bw-minimum-ingress HTTP/1.1" status: 200 len: 445 time: 0.0104620
2026-06-15 21:07:22.504 9 INFO neutron.wsgi [None req-24570da8-2d97-4937-abc0-883f46f5f480 686fb6087b794be689077da4683f06fa 7ab1ae7befa64297b9dc1443d1e74dad - - default default] 10.0.0.34 "GET /v2.0/extensions/qos-default HTTP/1.1" status: 200 len: 377 time: 0.0040133
2026-06-15 21:07:22.511 9 INFO neutron.wsgi [None req-622c6008-a0e9-4fa2-a8cb-b4e102405511 686fb6087b794be689077da4683f06fa 7ab1ae7befa64297b9dc1443d1e74dad - - default default] 10.0.0.34 "GET /v2.0/extensions/qos-fip HTTP/1.1" status: 200 len: 372 time: 0.0039675
2026-06-15 21:07:22.519 8 INFO neutron.wsgi [None req-bcece676-06cd-4a72-bc55-44302becc102 686fb6087b794be689077da4683f06fa 7ab1ae7befa64297b9dc1443d1e74dad - - default default] 10.0.0.34 "GET /v2.0/extensions/qos-gateway-ip HTTP/1.1" status: 200 len: 391 time: 0.0051205
2026-06-15 21:07:22.523 9 INFO neutron.db.ovn_revision_numbers_db [None req-405c1092-5033-4428-aa1f-42e9faf71a78 d3de24358d004fcc8ddb932f63a17330 1e8d58c994b94105a9e02adc2c082c7b - - default default] Successfully bumped revision number for resource 5518506c-ee0f-4d6c-ad30-670bf9fa74bc (type: networks) to 1
2026-06-15 21:07:22.528 8 INFO neutron.wsgi [None req-275d5985-4000-4f78-b9e4-2d8d0635f0a3 686fb6087b794be689077da4683f06fa 7ab1ae7befa64297b9dc1443d1e74dad - - default default] 10.0.0.34 "GET /v2.0/extensions/qos-port-network-policy HTTP/1.1" status: 200 len: 403 time: 0.0034578
2026-06-15 21:07:22.539 8 INFO neutron.wsgi [None req-c301b855-fbba-4034-be71-84bb0609338d 686fb6087b794be689077da4683f06fa 7ab1ae7befa64297b9dc1443d1e74dad - - default default] 10.0.0.34 "GET /v2.0/extensions/qos-pps-minimum HTTP/1.1" status: 200 len: 397 time: 0.0067842
2026-06-15 21:07:22.547 8 INFO neutron.wsgi [None req-93762a6f-0c48-4c95-bdf9-8f1ec731f37c 686fb6087b794be689077da4683f06fa 7ab1ae7befa64297b9dc1443d1e74dad - - default default] 10.0.0.34 "GET /v2.0/extensions/qos-pps-minimum-rule-alias HTTP/1.1" status: 200 len: 471 time: 0.0036359
2026-06-15 21:07:22.557 8 INFO neutron.wsgi [None req-ffb484db-cdbb-421b-81c1-542f0adac3a0 686fb6087b794be689077da4683f06fa 7ab1ae7befa64297b9dc1443d1e74dad - - default default] 10.0.0.34 "GET /v2.0/extensions/qos-pps HTTP/1.1" status: 200 len: 389 time: 0.0067158
2026-06-15 21:07:22.567 8 INFO neutron.wsgi [None req-35ab4fda-2581-4e9b-ba7c-ee4c4afba56e 686fb6087b794be689077da4683f06fa 7ab1ae7befa64297b9dc1443d1e74dad - - default default] 10.0.0.34 "GET /v2.0/extensions/qos-rule-type-details HTTP/1.1" status: 200 len: 423 time: 0.0055177
2026-06-15 21:07:22.577 8 INFO neutron.wsgi [None req-3cec4811-1adf-45ea-96e0-803a108448da 686fb6087b794be689077da4683f06fa 7ab1ae7befa64297b9dc1443d1e74dad - - default default] 10.0.0.34 "GET /v2.0/extensions/qos-rule-type-filter HTTP/1.1" status: 200 len: 567 time: 0.0048068
2026-06-15 21:07:22.589 8 INFO neutron.wsgi [None req-c32fa6f1-15d5-41d9-b5d8-b13a8265b1cd 686fb6087b794be689077da4683f06fa 7ab1ae7befa64297b9dc1443d1e74dad - - default default] 10.0.0.34 "GET /v2.0/extensions/qos-rules-alias HTTP/1.1" status: 200 len: 448 time: 0.0053802
2026-06-15 21:07:22.598 8 INFO neutron.wsgi [None req-17a8f4b5-c55b-4fe3-b690-d568ffb03663 686fb6087b794be689077da4683f06fa 7ab1ae7befa64297b9dc1443d1e74dad - - default default] 10.0.0.34 "GET /v2.0/extensions/quota-check-limit HTTP/1.1" status: 200 len: 420 time: 0.0046141
2026-06-15 21:07:22.606 8 INFO neutron.wsgi [None req-39f8c2d6-55c2-40b3-9a2f-fb18f48b3272 686fb6087b794be689077da4683f06fa 7ab1ae7befa64297b9dc1443d1e74dad - - default default] 10.0.0.34 "GET /v2.0/extensions/quotas HTTP/1.1" status: 200 len: 386 time: 0.0038550
2026-06-15 21:07:22.612 8 INFO neutron.wsgi [None req-57fc2d2e-bbf8-4882-97e7-6d67ffb9e452 686fb6087b794be689077da4683f06fa 7ab1ae7befa64297b9dc1443d1e74dad - - default default] 10.0.0.34 "GET /v2.0/extensions/quota_details HTTP/1.1" status: 200 len: 407 time: 0.0028148
2026-06-15 21:07:22.620 8 INFO neutron.wsgi [None req-356e1196-257a-482a-b9e2-1efcd980716d 686fb6087b794be689077da4683f06fa 7ab1ae7befa64297b9dc1443d1e74dad - - default default] 10.0.0.34 "GET /v2.0/extensions/rbac-policies HTTP/1.1" status: 200 len: 417 time: 0.0044200
2026-06-15 21:07:22.628 8 INFO neutron.wsgi [None req-29c4dda2-30df-4ac8-aa7c-31ee92327a3f 686fb6087b794be689077da4683f06fa 7ab1ae7befa64297b9dc1443d1e74dad - - default default] 10.0.0.34 "GET /v2.0/extensions/rbac-address-scope HTTP/1.1" status: 200 len: 384 time: 0.0047073
2026-06-15 21:07:22.636 8 INFO neutron.wsgi [None req-cad070c7-25f3-4aac-a36a-db018bc3cada 686fb6087b794be689077da4683f06fa 7ab1ae7befa64297b9dc1443d1e74dad - - default default] 10.0.0.34 "GET /v2.0/extensions/rbac-security-groups HTTP/1.1" status: 200 len: 404 time: 0.0042052
2026-06-15 21:07:22.643 8 INFO neutron.wsgi [None req-2dc3fa4c-58e8-4f93-8523-d93ad2bf00ed 686fb6087b794be689077da4683f06fa 7ab1ae7befa64297b9dc1443d1e74dad - - default default] 10.0.0.34 "GET /v2.0/extensions/revision-if-match HTTP/1.1" status: 200 len: 441 time: 0.0043643
2026-06-15 21:07:22.655 8 INFO neutron.wsgi [None req-089bf4d5-dea2-42cc-893c-a1f992fdb725 686fb6087b794be689077da4683f06fa 7ab1ae7befa64297b9dc1443d1e74dad - - default default] 10.0.0.34 "GET /v2.0/extensions/standard-attr-revisions HTTP/1.1" status: 200 len: 423 time: 0.0067317
2026-06-15 21:07:22.663 8 INFO neutron.wsgi [None req-4b5def8d-a0e4-448f-bd9e-3fd54092b989 686fb6087b794be689077da4683f06fa 7ab1ae7befa64297b9dc1443d1e74dad - - default default] 10.0.0.34 "GET /v2.0/extensions/router_availability_zone HTTP/1.1" status: 200 len: 391 time: 0.0044277
2026-06-15 21:07:22.671 8 INFO neutron.wsgi [None req-6c61177a-b9ec-4208-9ec9-023a8a19fbcb 686fb6087b794be689077da4683f06fa 7ab1ae7befa64297b9dc1443d1e74dad - - default default] 10.0.0.34 "GET /v2.0/extensions/security-groups-default-rules HTTP/1.1" status: 200 len: 456 time: 0.0047686
2026-06-15 21:07:22.679 8 INFO neutron.wsgi [None req-2c265b13-0e41-4f69-b346-8b8edfee11d8 686fb6087b794be689077da4683f06fa 7ab1ae7befa64297b9dc1443d1e74dad - - default default] 10.0.0.34 "GET /v2.0/extensions/security-groups-normalized-cidr HTTP/1.1" status: 200 len: 445 time: 0.0041721
2026-06-15 21:07:22.688 8 INFO neutron.wsgi [None req-3705d009-8ca2-4cbb-81dc-d96789800726 686fb6087b794be689077da4683f06fa 7ab1ae7befa64297b9dc1443d1e74dad - - default default] 10.0.0.34 "GET /v2.0/extensions/security-groups-remote-address-group HTTP/1.1" status: 200 len: 448 time: 0.0059972
2026-06-15 21:07:22.701 9 INFO neutron.wsgi [None req-66fda91c-f7af-45b3-ab4a-795f4e821cbc 686fb6087b794be689077da4683f06fa 7ab1ae7befa64297b9dc1443d1e74dad - - default default] 10.0.0.34 "GET /v2.0/extensions/security-groups-rules-belongs-to-default-sg HTTP/1.1" status: 200 len: 508 time: 0.0081875
2026-06-15 21:07:22.712 8 INFO neutron.wsgi [None req-dce1ec66-1549-4a30-b33d-296e4b95a3c9 686fb6087b794be689077da4683f06fa 7ab1ae7befa64297b9dc1443d1e74dad - - default default] 10.0.0.34 "GET /v2.0/extensions/security-groups-shared-filtering HTTP/1.1" status: 200 len: 435 time: 0.0073519
2026-06-15 21:07:22.720 8 INFO neutron.wsgi [None req-0fbf9989-2245-4f0d-a1fa-7a400819a84c 686fb6087b794be689077da4683f06fa 7ab1ae7befa64297b9dc1443d1e74dad - - default default] 10.0.0.34 "GET /v2.0/extensions/security-group HTTP/1.1" status: 200 len: 364 time: 0.0053985
2026-06-15 21:07:22.729 8 INFO neutron.wsgi [None req-3fce882f-aabc-4ad1-85f3-51fc90194c29 686fb6087b794be689077da4683f06fa 7ab1ae7befa64297b9dc1443d1e74dad - - default default] 10.0.0.34 "GET /v2.0/extensions/segment HTTP/1.1" status: 200 len: 339 time: 0.0051651
