2026-06-15 21:07:22.745 9 INFO neutron.wsgi [None req-3763b26c-2adc-4269-884f-6338acc2a40d 686fb6087b794be689077da4683f06fa 7ab1ae7befa64297b9dc1443d1e74dad - - default default] 10.0.0.34 "GET /v2.0/extensions/segments-peer-subnet-host-routes HTTP/1.1" status: 200 len: 427 time: 0.0126748
2026-06-15 21:07:22.756 8 INFO neutron.wsgi [None req-0e879e34-871f-421f-b855-c7ba23a14f35 686fb6087b794be689077da4683f06fa 7ab1ae7befa64297b9dc1443d1e74dad - - default default] 10.0.0.34 "GET /v2.0/extensions/service-type HTTP/1.1" status: 200 len: 415 time: 0.0065119
2026-06-15 21:07:22.765 8 INFO neutron.wsgi [None req-ec3c4df9-38b0-401a-a8e9-356d45012a82 686fb6087b794be689077da4683f06fa 7ab1ae7befa64297b9dc1443d1e74dad - - default default] 10.0.0.34 "GET /v2.0/extensions/sorting HTTP/1.1" status: 200 len: 377 time: 0.0045202
2026-06-15 21:07:22.774 8 INFO neutron.wsgi [None req-d0fb02fe-83b4-45bf-9720-574e45e5d19b 686fb6087b794be689077da4683f06fa 7ab1ae7befa64297b9dc1443d1e74dad - - default default] 10.0.0.34 "GET /v2.0/extensions/standard-attr-segment HTTP/1.1" status: 200 len: 406 time: 0.0045593
2026-06-15 21:07:22.783 9 INFO neutron.wsgi [None req-6c331ac3-2064-47ca-83dc-d21bcb5c6dd2 686fb6087b794be689077da4683f06fa 7ab1ae7befa64297b9dc1443d1e74dad - - default default] 10.0.0.34 "GET /v2.0/extensions/standard-attr-description HTTP/1.1" status: 200 len: 408 time: 0.0057912
2026-06-15 21:07:22.794 8 INFO neutron.wsgi [None req-0349fc83-f8a6-4ba8-a3ef-7703644ca233 686fb6087b794be689077da4683f06fa 7ab1ae7befa64297b9dc1443d1e74dad - - default default] 10.0.0.34 "GET /v2.0/extensions/stateful-security-group HTTP/1.1" status: 200 len: 402 time: 0.0068872
2026-06-15 21:07:22.801 8 INFO neutron.wsgi [None req-9194fbe2-b216-4899-8b85-c6ac5b2d267e 686fb6087b794be689077da4683f06fa 7ab1ae7befa64297b9dc1443d1e74dad - - default default] 10.0.0.34 "GET /v2.0/extensions/subnet-dns-publish-fixed-ip HTTP/1.1" status: 200 len: 421 time: 0.0034282
2026-06-15 21:07:22.807 8 INFO neutron.wsgi [None req-4376a5c9-6348-4430-9afa-58db2f17f1ac 686fb6087b794be689077da4683f06fa 7ab1ae7befa64297b9dc1443d1e74dad - - default default] 10.0.0.34 "GET /v2.0/extensions/subnet-segmentid-writable HTTP/1.1" status: 200 len: 421 time: 0.0029342
2026-06-15 21:07:22.810 9 WARNING neutron.scheduler.dhcp_agent_scheduler [None req-405c1092-5033-4428-aa1f-42e9faf71a78 d3de24358d004fcc8ddb932f63a17330 1e8d58c994b94105a9e02adc2c082c7b - - default default] No more DHCP agents
2026-06-15 21:07:22.812 9 WARNING neutron.api.rpc.agentnotifiers.dhcp_rpc_agent_api [None req-405c1092-5033-4428-aa1f-42e9faf71a78 d3de24358d004fcc8ddb932f63a17330 1e8d58c994b94105a9e02adc2c082c7b - - default default] Unable to schedule network 5518506c-ee0f-4d6c-ad30-670bf9fa74bc: no agents available; will retry on subsequent port and subnet creation events.
2026-06-15 21:07:22.815 8 INFO neutron.wsgi [None req-583017eb-ffcd-4c18-b97e-72770b264580 686fb6087b794be689077da4683f06fa 7ab1ae7befa64297b9dc1443d1e74dad - - default default] 10.0.0.34 "GET /v2.0/extensions/subnet-service-types HTTP/1.1" status: 200 len: 400 time: 0.0043709
2026-06-15 21:07:22.823 8 INFO neutron.wsgi [None req-0ad91e1b-bb58-4e25-90c5-a03e446275dc 686fb6087b794be689077da4683f06fa 7ab1ae7befa64297b9dc1443d1e74dad - - default default] 10.0.0.34 "GET /v2.0/extensions/subnet_allocation HTTP/1.1" status: 200 len: 388 time: 0.0044012
2026-06-15 21:07:22.831 8 INFO neutron.wsgi [None req-787aa4fc-6b71-4ee6-aada-275f41b6f9c4 686fb6087b794be689077da4683f06fa 7ab1ae7befa64297b9dc1443d1e74dad - - default default] 10.0.0.34 "GET /v2.0/extensions/subnetpool-prefix-ops HTTP/1.1" status: 200 len: 418 time: 0.0046210
2026-06-15 21:07:22.838 8 INFO neutron.wsgi [None req-6308e933-e0be-44ae-a45e-eb52bd4aa987 686fb6087b794be689077da4683f06fa 7ab1ae7befa64297b9dc1443d1e74dad - - default default] 10.0.0.34 "GET /v2.0/extensions/standard-attr-tag HTTP/1.1" status: 200 len: 537 time: 0.0043550
2026-06-15 21:07:22.845 8 INFO neutron.wsgi [None req-4f8a2e6c-db5a-4d79-ba18-d93200c04b43 686fb6087b794be689077da4683f06fa 7ab1ae7befa64297b9dc1443d1e74dad - - default default] 10.0.0.34 "GET /v2.0/extensions/standard-attr-timestamp HTTP/1.1" status: 200 len: 449 time: 0.0042386
2026-06-15 21:07:22.853 8 INFO neutron.wsgi [None req-927afae0-9736-4b38-9279-61ccea144cbd 686fb6087b794be689077da4683f06fa 7ab1ae7befa64297b9dc1443d1e74dad - - default default] 10.0.0.34 "GET /v2.0/extensions/trunk HTTP/1.1" status: 200 len: 358 time: 0.0043542
2026-06-15 21:07:22.860 8 INFO neutron.wsgi [None req-64a5385c-7802-43b6-b3d9-6807465049d9 686fb6087b794be689077da4683f06fa 7ab1ae7befa64297b9dc1443d1e74dad - - default default] 10.0.0.34 "GET /v2.0/extensions/trunk-details HTTP/1.1" status: 200 len: 362 time: 0.0046780
2026-06-15 21:07:22.870 8 INFO neutron.wsgi [None req-3c17a8ad-6102-40dc-8959-ee0ba10c56c9 686fb6087b794be689077da4683f06fa 7ab1ae7befa64297b9dc1443d1e74dad - - default default] 10.0.0.34 "GET /v2.0/extensions/vpn-agent-scheduler HTTP/1.1" status: 200 len: 393 time: 0.0039740
2026-06-15 21:07:22.881 8 INFO neutron.wsgi [None req-d29a27ab-e844-4b70-b0eb-7116395d6d8b 686fb6087b794be689077da4683f06fa 7ab1ae7befa64297b9dc1443d1e74dad - - default default] 10.0.0.34 "GET /v2.0/extensions/vpn-endpoint-groups HTTP/1.1" status: 200 len: 371 time: 0.0049219
2026-06-15 21:07:22.888 8 INFO neutron.wsgi [None req-a0202318-1533-400d-a075-046a3d4cce83 686fb6087b794be689077da4683f06fa 7ab1ae7befa64297b9dc1443d1e74dad - - default default] 10.0.0.34 "GET /v2.0/extensions/vpn-flavors HTTP/1.1" status: 200 len: 376 time: 0.0046661
2026-06-15 21:07:22.896 8 INFO neutron.wsgi [None req-c267bcb7-f240-4f9d-ac7e-9fc51a9a379d 686fb6087b794be689077da4683f06fa 7ab1ae7befa64297b9dc1443d1e74dad - - default default] 10.0.0.34 "GET /v2.0/extensions/vpnaas HTTP/1.1" status: 200 len: 348 time: 0.0042098
2026-06-15 21:07:22.899 9 INFO neutron.db.ovn_revision_numbers_db [None req-405c1092-5033-4428-aa1f-42e9faf71a78 d3de24358d004fcc8ddb932f63a17330 1e8d58c994b94105a9e02adc2c082c7b - - default default] Successfully bumped revision number for resource 1b538eee-0afd-401a-afc2-3df947d7e8b3 (type: ports) to 1
2026-06-15 21:07:22.927 9 INFO neutron.wsgi [None req-405c1092-5033-4428-aa1f-42e9faf71a78 d3de24358d004fcc8ddb932f63a17330 1e8d58c994b94105a9e02adc2c082c7b - - default default] 10.0.0.34 "POST /v2.0/networks HTTP/1.1" status: 201 len: 847 time: 0.7248149
2026-06-15 21:07:23.139 9 INFO neutron.db.ovn_revision_numbers_db [None req-a5109259-2c1a-4966-9769-19fc055f9cdc d3de24358d004fcc8ddb932f63a17330 1e8d58c994b94105a9e02adc2c082c7b - - default default] Successfully bumped revision number for resource 5518506c-ee0f-4d6c-ad30-670bf9fa74bc (type: networks) to 2
2026-06-15 21:07:23.144 9 INFO neutron.wsgi [None req-a5109259-2c1a-4966-9769-19fc055f9cdc d3de24358d004fcc8ddb932f63a17330 1e8d58c994b94105a9e02adc2c082c7b - - default default] 10.0.0.34 "PUT /v2.0/networks/5518506c-ee0f-4d6c-ad30-670bf9fa74bc HTTP/1.1" status: 200 len: 792 time: 0.2117021
2026-06-15 21:07:23.153 9 WARNING neutron_lib.context [None req-14731bf2-383f-4d7d-85ff-d8c161e2f260 d3de24358d004fcc8ddb932f63a17330 1e8d58c994b94105a9e02adc2c082c7b - - default default] Method 'is_advsvc' is deprecated since 2023.2 release (neutron-lib 3.8.0) and will be removed once support for the old RBAC API policies will be removed from Neutron. Please use method 'is_service_role' instead.
2026-06-15 21:07:23.402 9 WARNING neutron.scheduler.dhcp_agent_scheduler [None req-14731bf2-383f-4d7d-85ff-d8c161e2f260 d3de24358d004fcc8ddb932f63a17330 1e8d58c994b94105a9e02adc2c082c7b - - default default] No more DHCP agents
2026-06-15 21:07:23.403 9 WARNING neutron.api.rpc.agentnotifiers.dhcp_rpc_agent_api [None req-14731bf2-383f-4d7d-85ff-d8c161e2f260 d3de24358d004fcc8ddb932f63a17330 1e8d58c994b94105a9e02adc2c082c7b - - default default] Unable to schedule network 5518506c-ee0f-4d6c-ad30-670bf9fa74bc: no agents available; will retry on subsequent port and subnet creation events.
2026-06-15 21:07:23.433 9 INFO neutron.db.ovn_revision_numbers_db [None req-14731bf2-383f-4d7d-85ff-d8c161e2f260 d3de24358d004fcc8ddb932f63a17330 1e8d58c994b94105a9e02adc2c082c7b - - default default] Successfully bumped revision number for resource 4b81d428-1823-4178-923b-1e7a63c28443 (type: subnets) to 0
2026-06-15 21:07:23.463 9 INFO neutron.wsgi [None req-14731bf2-383f-4d7d-85ff-d8c161e2f260 d3de24358d004fcc8ddb932f63a17330 1e8d58c994b94105a9e02adc2c082c7b - - default default] 10.0.0.34 "POST /v2.0/subnets HTTP/1.1" status: 201 len: 821 time: 0.3127842
2026-06-15 21:07:23.768 8 INFO neutron.db.ovn_revision_numbers_db [None req-a6128c7a-3208-473d-b2f4-42a235fa8b2a 262b6950fd8e42b7a69f9ec0d81f83bf a0c2fdaddc014b4f80713b19e5cc4e72 - - default default] Successfully bumped revision number for resource cfa1296a-256d-453b-ab4f-d5e29e69d5ee (type: security_groups) to 1
2026-06-15 21:07:23.782 8 INFO neutron.db.ovn_revision_numbers_db [None req-a6128c7a-3208-473d-b2f4-42a235fa8b2a 262b6950fd8e42b7a69f9ec0d81f83bf a0c2fdaddc014b4f80713b19e5cc4e72 - - default default] Successfully bumped revision number for resource 1311004f-49a6-437f-9ed3-5ca8421c7e4e (type: security_group_rules) to 0
2026-06-15 21:07:23.815 8 INFO neutron.db.ovn_revision_numbers_db [None req-a6128c7a-3208-473d-b2f4-42a235fa8b2a 262b6950fd8e42b7a69f9ec0d81f83bf a0c2fdaddc014b4f80713b19e5cc4e72 - - default default] Successfully bumped revision number for resource 37d5b257-eae6-4f5e-968d-832152b87036 (type: security_group_rules) to 0
2026-06-15 21:07:23.839 8 INFO neutron.db.ovn_revision_numbers_db [None req-a6128c7a-3208-473d-b2f4-42a235fa8b2a 262b6950fd8e42b7a69f9ec0d81f83bf a0c2fdaddc014b4f80713b19e5cc4e72 - - default default] Successfully bumped revision number for resource 4f8df949-2e3e-47b0-8dd5-40336240c04f (type: security_group_rules) to 0
2026-06-15 21:07:23.858 8 INFO neutron.db.ovn_revision_numbers_db [None req-a6128c7a-3208-473d-b2f4-42a235fa8b2a 262b6950fd8e42b7a69f9ec0d81f83bf a0c2fdaddc014b4f80713b19e5cc4e72 - - default default] Successfully bumped revision number for resource 858a080f-6224-46d2-bcf5-e67cdb63221c (type: security_group_rules) to 0
2026-06-15 21:07:23.887 8 INFO neutron.wsgi [None req-a6128c7a-3208-473d-b2f4-42a235fa8b2a 262b6950fd8e42b7a69f9ec0d81f83bf a0c2fdaddc014b4f80713b19e5cc4e72 - - default default] 10.0.0.34 "GET /v2.0/security-groups?tenant_id=7ab1ae7befa64297b9dc1443d1e74dad&name=default HTTP/1.1" status: 200 len: 3120 time: 0.4499636
2026-06-15 21:07:24.106 9 INFO neutron.wsgi [None req-f1d2fcd6-85e3-4486-9335-67ddabcdf047 262b6950fd8e42b7a69f9ec0d81f83bf a0c2fdaddc014b4f80713b19e5cc4e72 - - default default] 10.0.0.34 "DELETE /v2.0/security-groups/cfa1296a-256d-453b-ab4f-d5e29e69d5ee HTTP/1.1" status: 204 len: 168 time: 0.2135525
2026-06-15 21:07:24.282 8 INFO neutron.db.ovn_revision_numbers_db [None req-3793b80a-3feb-49f9-9c38-11355dff01d0 d3de24358d004fcc8ddb932f63a17330 1e8d58c994b94105a9e02adc2c082c7b - - default default] Successfully bumped revision number for resource 1b538eee-0afd-401a-afc2-3df947d7e8b3 (type: ports) to 2
2026-06-15 21:07:24.321 8 INFO neutron.db.ovn_revision_numbers_db [None req-3793b80a-3feb-49f9-9c38-11355dff01d0 d3de24358d004fcc8ddb932f63a17330 1e8d58c994b94105a9e02adc2c082c7b - - default default] Successfully bumped revision number for resource 4b81d428-1823-4178-923b-1e7a63c28443 (type: subnets) to 1
2026-06-15 21:07:24.325 8 INFO neutron.wsgi [None req-3793b80a-3feb-49f9-9c38-11355dff01d0 d3de24358d004fcc8ddb932f63a17330 1e8d58c994b94105a9e02adc2c082c7b - - default default] 10.0.0.34 "PUT /v2.0/subnets/4b81d428-1823-4178-923b-1e7a63c28443 HTTP/1.1" status: 200 len: 826 time: 0.8581316
2026-06-15 21:07:24.914 8 INFO neutron.services.segments.plugin [-] Segment 7c51c54c-a6eb-4699-a83a-a7d0aea15c6d resource provider aggregate not found
2026-06-15 21:07:24.924 8 INFO neutron.services.segments.plugin [-] Segment 7c51c54c-a6eb-4699-a83a-a7d0aea15c6d resource provider aggregate not found
2026-06-15 21:07:24.942 8 INFO neutron.wsgi [None req-df3c0e57-18ab-43c9-ae41-b43286c8c49a d3de24358d004fcc8ddb932f63a17330 1e8d58c994b94105a9e02adc2c082c7b - - default default] 10.0.0.34 "DELETE /v2.0/networks/5518506c-ee0f-4d6c-ad30-670bf9fa74bc HTTP/1.1" status: 204 len: 168 time: 0.6114752
2026-06-15 21:07:24.944 8 INFO neutron.services.segments.plugin [-] Segment 7c51c54c-a6eb-4699-a83a-a7d0aea15c6d resource provider not found; error: Placement Client Error (4xx): {"errors": [{"status": 404, "title": "Not Found", "detail": "The resource could not be found.\n\n No resource provider with uuid 7c51c54c-a6eb-4699-a83a-a7d0aea15c6d found for delete ", "request_id": "req-353e874f-2e7b-44b5-bd55-455db9d4f4f5"}]}
2026-06-15 21:07:24.947 8 INFO neutron.services.segments.plugin [-] Segment 7c51c54c-a6eb-4699-a83a-a7d0aea15c6d resource provider not found; error: Placement Client Error (4xx): {"errors": [{"status": 404, "title": "Not Found", "detail": "The resource could not be found.\n\n No resource provider with uuid 7c51c54c-a6eb-4699-a83a-a7d0aea15c6d found for delete ", "request_id": "req-0a030188-424d-4ca6-ab89-0fc2b9ff4f42"}]}
2026-06-15 21:07:24.968 9 INFO neutron.pecan_wsgi.hooks.translation [None req-8af570ec-d49e-43e8-ae17-82d5ad9f9e42 d3de24358d004fcc8ddb932f63a17330 1e8d58c994b94105a9e02adc2c082c7b - - default default] DELETE failed (client error): The resource could not be found.
2026-06-15 21:07:24.971 9 INFO neutron.wsgi [None req-8af570ec-d49e-43e8-ae17-82d5ad9f9e42 d3de24358d004fcc8ddb932f63a17330 1e8d58c994b94105a9e02adc2c082c7b - - default default] 10.0.0.34 "DELETE /v2.0/networks/5518506c-ee0f-4d6c-ad30-670bf9fa74bc HTTP/1.1" status: 404 len: 339 time: 0.0183353
2026-06-15 21:07:25.090 9 INFO neutron.wsgi [None req-d89413e5-988b-441c-b9c4-a2d8c702bb2d d3de24358d004fcc8ddb932f63a17330 1e8d58c994b94105a9e02adc2c082c7b - - default default] 10.0.0.34 "GET /v2.0/networks?router%3Aexternal=True HTTP/1.1" status: 200 len: 845 time: 0.1140764
2026-06-15 21:07:25.145 9 INFO neutron.wsgi [None req-30b591f3-d0ff-4646-ab0b-48540d6b1b89 d3de24358d004fcc8ddb932f63a17330 1e8d58c994b94105a9e02adc2c082c7b - - default default] 10.0.0.34 "GET /v2.0/subnets?network_id=67aac509-6b01-46ef-8bd1-ae0db20a55b4 HTTP/1.1" status: 200 len: 820 time: 0.0501678
2026-06-15 21:07:25.157 9 INFO neutron.wsgi [None req-677faaf9-242e-4019-b29b-1c94b50348a4 d3de24358d004fcc8ddb932f63a17330 1e8d58c994b94105a9e02adc2c082c7b - - default default] 10.0.0.34 "GET /v2.0/extensions HTTP/1.1" status: 200 len: 18678 time: 0.0063329
2026-06-15 21:07:25.499 9 INFO neutron.wsgi [None req-524e4b91-1933-49f1-8656-be03e886decd d3de24358d004fcc8ddb932f63a17330 1e8d58c994b94105a9e02adc2c082c7b - - default default] 10.0.0.34 "GET /v2.0/networks HTTP/1.1" status: 200 len: 1507 time: 0.3371289
2026-06-15 21:07:25.582 9 INFO neutron.wsgi [None req-c1260a17-5692-423c-849b-385e8c8b40f6 d3de24358d004fcc8ddb932f63a17330 1e8d58c994b94105a9e02adc2c082c7b - - default default] 10.0.0.34 "GET /v2.0/subnets HTTP/1.1" status: 200 len: 1460 time: 0.0777571
2026-06-15 21:07:25.697 9 INFO neutron.wsgi [None req-85febb20-b0a3-4fb2-a253-6e2b39f101c2 d3de24358d004fcc8ddb932f63a17330 1e8d58c994b94105a9e02adc2c082c7b - - default default] 10.0.0.34 "GET /v2.0/networks/ed5661a8-91b0-4b37-b91e-8da27e49e63a HTTP/1.1" status: 200 len: 866 time: 0.1014810
2026-06-15 21:07:25.742 8 INFO neutron.wsgi [None req-5ea8f27a-407a-4ed9-8e38-e939cb833abc d3de24358d004fcc8ddb932f63a17330 1e8d58c994b94105a9e02adc2c082c7b - - default default] 10.0.0.34 "GET /v2.0/subnets/038edfd4-2899-4ed2-8e23-e57fc701a110 HTTP/1.1" status: 200 len: 843 time: 0.0374732
2026-06-15 21:07:25.768 9 INFO neutron.pecan_wsgi.hooks.translation [None req-487f7fdd-0c00-40a7-a2b0-6baa315b6df2 d3de24358d004fcc8ddb932f63a17330 1e8d58c994b94105a9e02adc2c082c7b - - default default] DELETE failed (client error): The resource could not be found.
2026-06-15 21:07:25.771 9 INFO neutron.wsgi [None req-487f7fdd-0c00-40a7-a2b0-6baa315b6df2 d3de24358d004fcc8ddb932f63a17330 1e8d58c994b94105a9e02adc2c082c7b - - default default] 10.0.0.34 "DELETE /v2.0/subnets/4b81d428-1823-4178-923b-1e7a63c28443 HTTP/1.1" status: 404 len: 337 time: 0.0214965
2026-06-15 21:07:25.782 8 INFO neutron.wsgi [req-5b877950-35b4-42c0-8a9e-6540c34c817b req-8fcf2fa9-1ae2-4f03-aba8-3e9cc4a4cd39 022ef104626e4e06abc545dfc70616f1 a21689f7861b46a3af4f6a5da34eb3dd - - default default] 10.0.0.69 "GET /v2.0/security-groups?name=tempest-securitygroup--902218481&fields=id&tenant_id=a21689f7861b46a3af4f6a5da34eb3dd HTTP/1.1" status: 200 len: 267 time: 0.0356214
2026-06-15 21:07:25.788 9 INFO neutron.pecan_wsgi.hooks.translation [None req-01b67510-6db6-4269-a85a-c2ac49c2fccd d3de24358d004fcc8ddb932f63a17330 1e8d58c994b94105a9e02adc2c082c7b - - default default] DELETE failed (client error): The resource could not be found.
2026-06-15 21:07:25.792 9 INFO neutron.wsgi [None req-01b67510-6db6-4269-a85a-c2ac49c2fccd d3de24358d004fcc8ddb932f63a17330 1e8d58c994b94105a9e02adc2c082c7b - - default default] 10.0.0.34 "DELETE /v2.0/networks/5518506c-ee0f-4d6c-ad30-670bf9fa74bc HTTP/1.1" status: 404 len: 339 time: 0.0175836
2026-06-15 21:07:25.874 8 INFO neutron.wsgi [req-5b877950-35b4-42c0-8a9e-6540c34c817b req-09e66104-f22b-45c2-a929-bfa52ef07610 022ef104626e4e06abc545dfc70616f1 a21689f7861b46a3af4f6a5da34eb3dd - - default default] 10.0.0.69 "GET /v2.0/networks?id=e6063e9a-2b3a-4afa-a33c-a23c57b3b0ee HTTP/1.1" status: 200 len: 878 time: 0.0816069
2026-06-15 21:07:25.890 8 INFO neutron.wsgi [req-5b877950-35b4-42c0-8a9e-6540c34c817b req-9bf31630-ea9d-406b-bfb8-f05788dac2b1 022ef104626e4e06abc545dfc70616f1 a21689f7861b46a3af4f6a5da34eb3dd - - default default] 10.0.0.69 "GET /v2.0/quotas/a21689f7861b46a3af4f6a5da34eb3dd HTTP/1.1" status: 200 len: 491 time: 0.0104265
2026-06-15 21:07:25.904 8 WARNING neutron_lib.context [None req-9ea64a51-86a4-4204-8538-240d5f18890e 5e150b1297ff494eab2506a7dc645d66 499635fa9a5b4a2e9efb08853711fec0 - - default default] Method 'is_advsvc' is deprecated since 2023.2 release (neutron-lib 3.8.0) and will be removed once support for the old RBAC API policies will be removed from Neutron. Please use method 'is_service_role' instead.
2026-06-15 21:07:25.905 8 WARNING neutron_lib.context [None req-9ea64a51-86a4-4204-8538-240d5f18890e 5e150b1297ff494eab2506a7dc645d66 499635fa9a5b4a2e9efb08853711fec0 - - default default] Method 'is_advsvc' is deprecated since 2023.2 release (neutron-lib 3.8.0) and will be removed once support for the old RBAC API policies will be removed from Neutron. Please use method 'is_service_role' instead.
2026-06-15 21:07:25.977 9 INFO neutron.wsgi [None req-6d3f03c5-9816-4a22-b292-0babcdc358f5 d3de24358d004fcc8ddb932f63a17330 1e8d58c994b94105a9e02adc2c082c7b - - default default] 10.0.0.34 "DELETE /v2.0/subnets/038edfd4-2899-4ed2-8e23-e57fc701a110 HTTP/1.1" status: 204 len: 168 time: 0.1814878
2026-06-15 21:07:26.018 8 INFO neutron.wsgi [req-5b877950-35b4-42c0-8a9e-6540c34c817b req-210f7f80-0e8d-4d54-85b1-ccf75889c97f 022ef104626e4e06abc545dfc70616f1 a21689f7861b46a3af4f6a5da34eb3dd - - default default] 10.0.0.69 "GET /v2.0/ports?tenant_id=a21689f7861b46a3af4f6a5da34eb3dd&fields=id HTTP/1.1" status: 200 len: 302 time: 0.1182692
2026-06-15 21:07:26.094 8 INFO neutron.wsgi [req-5b877950-35b4-42c0-8a9e-6540c34c817b req-21cdc83b-e4fc-4963-954c-77e409f742d8 2153734f3175476fb34ed7c3b42ed4e1 b68bb3eee8aa4da880698818692f961f - - 5c6c69f538aa47e4be7f1a92d8fac82c 5c6c69f538aa47e4be7f1a92d8fac82c] 10.0.0.69 "GET /v2.0/networks/e6063e9a-2b3a-4afa-a33c-a23c57b3b0ee?fields=segments HTTP/1.1" status: 200 len: 212 time: 0.0639286
2026-06-15 21:07:26.117 8 INFO neutron.db.ovn_revision_numbers_db [None req-9ea64a51-86a4-4204-8538-240d5f18890e 5e150b1297ff494eab2506a7dc645d66 499635fa9a5b4a2e9efb08853711fec0 - - default default] Successfully bumped revision number for resource a644d992-ff23-47ab-a84e-58f7d1541eee (type: security_groups) to 1
2026-06-15 21:07:26.139 8 INFO neutron.db.ovn_revision_numbers_db [None req-9ea64a51-86a4-4204-8538-240d5f18890e 5e150b1297ff494eab2506a7dc645d66 499635fa9a5b4a2e9efb08853711fec0 - - default default] Successfully bumped revision number for resource 162d9cb8-330a-4dcb-9c1b-e0d19f7fb642 (type: security_group_rules) to 0
2026-06-15 21:07:26.156 8 INFO neutron.db.ovn_revision_numbers_db [None req-9ea64a51-86a4-4204-8538-240d5f18890e 5e150b1297ff494eab2506a7dc645d66 499635fa9a5b4a2e9efb08853711fec0 - - default default] Successfully bumped revision number for resource 1f9d230e-2042-4fcb-b689-8e3378a1b31a (type: security_group_rules) to 0
2026-06-15 21:07:26.163 8 INFO neutron.wsgi [req-5b877950-35b4-42c0-8a9e-6540c34c817b req-ee1de1f2-8709-4bc3-a207-75f8fa0e8f37 2153734f3175476fb34ed7c3b42ed4e1 b68bb3eee8aa4da880698818692f961f - - 5c6c69f538aa47e4be7f1a92d8fac82c 5c6c69f538aa47e4be7f1a92d8fac82c] 10.0.0.69 "GET /v2.0/networks/e6063e9a-2b3a-4afa-a33c-a23c57b3b0ee?fields=provider%3Aphysical_network&fields=provider%3Anetwork_type HTTP/1.1" status: 200 len: 277 time: 0.0614541
2026-06-15 21:07:26.173 8 INFO neutron.db.ovn_revision_numbers_db [None req-9ea64a51-86a4-4204-8538-240d5f18890e 5e150b1297ff494eab2506a7dc645d66 499635fa9a5b4a2e9efb08853711fec0 - - default default] Successfully bumped revision number for resource 5f503cc9-1502-4bb6-8dc8-8b65592476fb (type: security_group_rules) to 0
2026-06-15 21:07:26.185 8 INFO neutron.db.ovn_revision_numbers_db [None req-9ea64a51-86a4-4204-8538-240d5f18890e 5e150b1297ff494eab2506a7dc645d66 499635fa9a5b4a2e9efb08853711fec0 - - default default] Successfully bumped revision number for resource e67814b8-7c5a-4d9b-bd1c-bbb6f1dc7061 (type: security_group_rules) to 0
2026-06-15 21:07:26.267 8 INFO neutron.db.segments_db [None req-9ea64a51-86a4-4204-8538-240d5f18890e 5e150b1297ff494eab2506a7dc645d66 499635fa9a5b4a2e9efb08853711fec0 - - default default] Added segment 3aa03730-f237-40ef-b061-657308227d41 of type geneve for network 3235be33-72d9-48ab-8c7a-992f8d5fdb56
2026-06-15 21:07:26.338 9 INFO neutron.services.segments.plugin [-] Segment 7578ce24-5d5a-4c5a-9baa-0eb76858ee7b resource provider aggregate not found
2026-06-15 21:07:26.344 9 INFO neutron.services.segments.plugin [-] Segment 7578ce24-5d5a-4c5a-9baa-0eb76858ee7b resource provider aggregate not found
2026-06-15 21:07:26.351 9 INFO neutron.services.segments.plugin [-] Segment 7578ce24-5d5a-4c5a-9baa-0eb76858ee7b resource provider not found; error: Placement Client Error (4xx): {"errors": [{"status": 404, "title": "Not Found", "detail": "The resource could not be found.\n\n No resource provider with uuid 7578ce24-5d5a-4c5a-9baa-0eb76858ee7b found for delete ", "request_id": "req-ece1ed60-2896-4f0d-9bd9-6ce7059aa56c"}]}
2026-06-15 21:07:26.360 9 INFO neutron.services.segments.plugin [-] Segment 7578ce24-5d5a-4c5a-9baa-0eb76858ee7b resource provider not found; error: Placement Client Error (4xx): {"errors": [{"status": 404, "title": "Not Found", "detail": "The resource could not be found.\n\n No resource provider with uuid 7578ce24-5d5a-4c5a-9baa-0eb76858ee7b found for delete ", "request_id": "req-85c725cd-30bb-461d-83f0-2658d902a5dc"}]}
2026-06-15 21:07:26.374 9 INFO neutron.wsgi [None req-5e3e7775-4ef4-4fa6-a2d4-e2822ca9ec9c d3de24358d004fcc8ddb932f63a17330 1e8d58c994b94105a9e02adc2c082c7b - - default default] 10.0.0.34 "DELETE /v2.0/networks/ed5661a8-91b0-4b37-b91e-8da27e49e63a HTTP/1.1" status: 204 len: 168 time: 0.3915768
2026-06-15 21:07:26.391 8 INFO neutron.db.segments_db [None req-9ea64a51-86a4-4204-8538-240d5f18890e 5e150b1297ff494eab2506a7dc645d66 499635fa9a5b4a2e9efb08853711fec0 - - default default] Added segment b8a38d1d-2ccc-45a0-ac0c-0c6d42a2b8d1 of type geneve for network 1c4f8ef9-cfb0-48e3-9c25-5d951c6695da
2026-06-15 21:07:26.456 8 INFO neutron.wsgi [req-bda76380-9fc8-4d15-9a21-6326c03d078d req-06c0d933-006d-458d-8224-1eceeeb06f3a 022ef104626e4e06abc545dfc70616f1 a21689f7861b46a3af4f6a5da34eb3dd - - default default] 10.0.0.69 "GET /v2.0/ports?device_id=4c4ede31-f427-431b-b041-bfedcec4920d HTTP/1.1" status: 200 len: 210 time: 0.0300717
2026-06-15 21:07:26.587 8 INFO neutron.db.ovn_revision_numbers_db [None req-9ea64a51-86a4-4204-8538-240d5f18890e 5e150b1297ff494eab2506a7dc645d66 499635fa9a5b4a2e9efb08853711fec0 - - default default] Successfully bumped revision number for resource 3235be33-72d9-48ab-8c7a-992f8d5fdb56 (type: networks) to 1
2026-06-15 21:07:26.782 8 WARNING neutron.scheduler.dhcp_agent_scheduler [None req-9ea64a51-86a4-4204-8538-240d5f18890e 5e150b1297ff494eab2506a7dc645d66 499635fa9a5b4a2e9efb08853711fec0 - - default default] No more DHCP agents
2026-06-15 21:07:26.784 8 WARNING neutron.api.rpc.agentnotifiers.dhcp_rpc_agent_api [None req-9ea64a51-86a4-4204-8538-240d5f18890e 5e150b1297ff494eab2506a7dc645d66 499635fa9a5b4a2e9efb08853711fec0 - - default default] Unable to schedule network 3235be33-72d9-48ab-8c7a-992f8d5fdb56: no agents available; will retry on subsequent port and subnet creation events.
2026-06-15 21:07:26.889 8 INFO neutron.db.ovn_revision_numbers_db [None req-9ea64a51-86a4-4204-8538-240d5f18890e 5e150b1297ff494eab2506a7dc645d66 499635fa9a5b4a2e9efb08853711fec0 - - default default] Successfully bumped revision number for resource 8eb043d6-5350-44ff-91a5-953bca436dd0 (type: ports) to 1
2026-06-15 21:07:26.983 8 INFO neutron.db.ovn_revision_numbers_db [None req-9ea64a51-86a4-4204-8538-240d5f18890e 5e150b1297ff494eab2506a7dc645d66 499635fa9a5b4a2e9efb08853711fec0 - - default default] Successfully bumped revision number for resource 1c4f8ef9-cfb0-48e3-9c25-5d951c6695da (type: networks) to 1
2026-06-15 21:07:26.997 8 INFO neutron.wsgi [req-7b70ad3b-0e09-4d11-916f-929afe329beb req-cd007e8d-db16-4522-8293-5bc69833ea43 2153734f3175476fb34ed7c3b42ed4e1 b68bb3eee8aa4da880698818692f961f - - 5c6c69f538aa47e4be7f1a92d8fac82c 5c6c69f538aa47e4be7f1a92d8fac82c] 199.204.45.113 "GET /v2.0/ports?device_id=96a9df22-b3a6-40fe-8413-3a644948ea2f&fields=binding%3Ahost_id&fields=binding%3Avif_type HTTP/1.1" status: 200 len: 265 time: 0.0534811
2026-06-15 21:07:27.053 9 INFO neutron.wsgi [None req-c8c660b9-d80a-495b-b029-2337474efd77 262b6950fd8e42b7a69f9ec0d81f83bf a0c2fdaddc014b4f80713b19e5cc4e72 - - default default] 10.0.0.34 "GET /v2.0/security-groups?tenant_id=1e8d58c994b94105a9e02adc2c082c7b&name=default HTTP/1.1" status: 200 len: 3120 time: 0.1325760
2026-06-15 21:07:27.115 8 INFO neutron.wsgi [req-7b70ad3b-0e09-4d11-916f-929afe329beb req-04081ce0-ae54-4a06-be31-fb1e2ccb56b1 2153734f3175476fb34ed7c3b42ed4e1 b68bb3eee8aa4da880698818692f961f - - 5c6c69f538aa47e4be7f1a92d8fac82c 5c6c69f538aa47e4be7f1a92d8fac82c] 199.204.45.113 "GET /v2.0/ports?tenant_id=96175b25c62a4e2a92bfc671f74aebe4&device_id=96a9df22-b3a6-40fe-8413-3a644948ea2f HTTP/1.1" status: 200 len: 1413 time: 0.0543859
2026-06-15 21:07:27.266 8 WARNING neutron.scheduler.dhcp_agent_scheduler [None req-9ea64a51-86a4-4204-8538-240d5f18890e 5e150b1297ff494eab2506a7dc645d66 499635fa9a5b4a2e9efb08853711fec0 - - default default] No more DHCP agents
2026-06-15 21:07:27.271 8 WARNING neutron.api.rpc.agentnotifiers.dhcp_rpc_agent_api [None req-9ea64a51-86a4-4204-8538-240d5f18890e 5e150b1297ff494eab2506a7dc645d66 499635fa9a5b4a2e9efb08853711fec0 - - default default] Unable to schedule network 1c4f8ef9-cfb0-48e3-9c25-5d951c6695da: no agents available; will retry on subsequent port and subnet creation events.
2026-06-15 21:07:27.272 9 INFO neutron.wsgi [None req-69b66fb3-22f9-4f5d-bcc5-5187c7cd6a73 262b6950fd8e42b7a69f9ec0d81f83bf a0c2fdaddc014b4f80713b19e5cc4e72 - - default default] 10.0.0.34 "DELETE /v2.0/security-groups/5d30474d-11bb-45ce-9aa3-9e13aaa45958 HTTP/1.1" status: 204 len: 168 time: 0.2133358
2026-06-15 21:07:27.284 8 INFO neutron.wsgi [req-7b70ad3b-0e09-4d11-916f-929afe329beb req-6519b95c-7593-49d4-8079-ef426d2471df 2153734f3175476fb34ed7c3b42ed4e1 b68bb3eee8aa4da880698818692f961f - - 5c6c69f538aa47e4be7f1a92d8fac82c 5c6c69f538aa47e4be7f1a92d8fac82c] 199.204.45.113 "GET /v2.0/networks?id=bda4bcc0-9106-4595-9f02-b5095f600120 HTTP/1.1" status: 200 len: 973 time: 0.1503737
2026-06-15 21:07:27.288 8 INFO neutron.wsgi [req-5b877950-35b4-42c0-8a9e-6540c34c817b req-d3401808-cd0f-404a-b70b-4ef4582b996d 022ef104626e4e06abc545dfc70616f1 a21689f7861b46a3af4f6a5da34eb3dd - - default default] 199.204.45.113 "GET /v2.0/networks?id=e6063e9a-2b3a-4afa-a33c-a23c57b3b0ee HTTP/1.1" status: 200 len: 878 time: 0.1191814
2026-06-15 21:07:27.369 8 INFO neutron.wsgi [req-7b70ad3b-0e09-4d11-916f-929afe329beb req-9002f3b0-71ae-487a-b6ed-31b1ac2928d8 2153734f3175476fb34ed7c3b42ed4e1 b68bb3eee8aa4da880698818692f961f - - 5c6c69f538aa47e4be7f1a92d8fac82c 5c6c69f538aa47e4be7f1a92d8fac82c] 199.204.45.113 "GET /v2.0/floatingips?fixed_ip_address=10.100.0.13&port_id=7709e46c-1164-452b-86ea-cc4158d63b91 HTTP/1.1" status: 200 len: 1060 time: 0.0665112
2026-06-15 21:07:27.415 8 INFO neutron.wsgi [req-5b877950-35b4-42c0-8a9e-6540c34c817b req-ab190c22-9e8d-4e74-819f-360e417e76d1 022ef104626e4e06abc545dfc70616f1 a21689f7861b46a3af4f6a5da34eb3dd - - default default] 199.204.45.113 "GET /v2.0/security-groups?fields=id&fields=name&tenant_id=a21689f7861b46a3af4f6a5da34eb3dd HTTP/1.1" status: 200 len: 379 time: 0.1130829
2026-06-15 21:07:27.426 8 WARNING neutron_lib.context [req-5b877950-35b4-42c0-8a9e-6540c34c817b req-ffbc0984-7ace-4a3c-bdd8-85c2a24df934 022ef104626e4e06abc545dfc70616f1 a21689f7861b46a3af4f6a5da34eb3dd - - default default] Method 'is_advsvc' is deprecated since 2023.2 release (neutron-lib 3.8.0) and will be removed once support for the old RBAC API policies will be removed from Neutron. Please use method 'is_service_role' instead.
2026-06-15 21:07:27.433 8 INFO neutron.wsgi [req-7b70ad3b-0e09-4d11-916f-929afe329beb req-29063ff8-fde4-40d2-aa59-d92ee452e74b 2153734f3175476fb34ed7c3b42ed4e1 b68bb3eee8aa4da880698818692f961f - - 5c6c69f538aa47e4be7f1a92d8fac82c 5c6c69f538aa47e4be7f1a92d8fac82c] 199.204.45.113 "GET /v2.0/subnets?id=c9f83c88-5c99-45a7-b46c-e57a657b1429 HTTP/1.1" status: 200 len: 868 time: 0.0571036
2026-06-15 21:07:27.726 8 INFO neutron.db.ovn_revision_numbers_db [None req-9ea64a51-86a4-4204-8538-240d5f18890e 5e150b1297ff494eab2506a7dc645d66 499635fa9a5b4a2e9efb08853711fec0 - - default default] Successfully bumped revision number for resource b721ba27-7a08-41d4-aa3a-7931b9fc9970 (type: ports) to 1
2026-06-15 21:07:27.761 8 INFO neutron.wsgi [req-fad04f31-5dc0-4930-a70e-4aedeec6e69f req-ccbf2e2a-2339-4054-b224-d85a25b18cae 022ef104626e4e06abc545dfc70616f1 a21689f7861b46a3af4f6a5da34eb3dd - - default default] 10.0.0.69 "GET /v2.0/ports?device_id=4c4ede31-f427-431b-b041-bfedcec4920d HTTP/1.1" status: 200 len: 210 time: 0.0386753
2026-06-15 21:07:27.764 8 INFO neutron.wsgi [req-7b70ad3b-0e09-4d11-916f-929afe329beb req-8d320594-da44-4743-a32b-5d0326434814 2153734f3175476fb34ed7c3b42ed4e1 b68bb3eee8aa4da880698818692f961f - - 5c6c69f538aa47e4be7f1a92d8fac82c 5c6c69f538aa47e4be7f1a92d8fac82c] 199.204.45.113 "GET /v2.0/ports?network_id=bda4bcc0-9106-4595-9f02-b5095f600120&device_owner=network%3Adhcp HTTP/1.1" status: 200 len: 210 time: 0.0404661
2026-06-15 21:07:27.797 8 INFO neutron.wsgi [None req-9ea64a51-86a4-4204-8538-240d5f18890e 5e150b1297ff494eab2506a7dc645d66 499635fa9a5b4a2e9efb08853711fec0 - - default default] 10.0.0.34 "POST /v2.0/networks HTTP/1.1" status: 201 len: 1445 time: 2.0316858
2026-06-15 21:07:27.841 8 INFO neutron.wsgi [req-7b70ad3b-0e09-4d11-916f-929afe329beb req-5a686c74-5e95-4621-8081-c336915e814d 2153734f3175476fb34ed7c3b42ed4e1 b68bb3eee8aa4da880698818692f961f - - 5c6c69f538aa47e4be7f1a92d8fac82c 5c6c69f538aa47e4be7f1a92d8fac82c] 199.204.45.113 "GET /v2.0/networks/bda4bcc0-9106-4595-9f02-b5095f600120?fields=segments HTTP/1.1" status: 200 len: 212 time: 0.0688682
2026-06-15 21:07:27.878 9 INFO neutron.wsgi [None req-9de0d6d8-9a48-49a0-a2f7-92b622c60b84 5e150b1297ff494eab2506a7dc645d66 499635fa9a5b4a2e9efb08853711fec0 - - default default] 10.0.0.34 "GET /v2.0/networks HTTP/1.1" status: 200 len: 2051 time: 0.0753684
2026-06-15 21:07:27.915 8 INFO neutron.wsgi [req-7b70ad3b-0e09-4d11-916f-929afe329beb req-43851259-d60d-4c49-bb7c-2452f6332e93 2153734f3175476fb34ed7c3b42ed4e1 b68bb3eee8aa4da880698818692f961f - - 5c6c69f538aa47e4be7f1a92d8fac82c 5c6c69f538aa47e4be7f1a92d8fac82c] 199.204.45.113 "GET /v2.0/networks/bda4bcc0-9106-4595-9f02-b5095f600120?fields=provider%3Aphysical_network&fields=provider%3Anetwork_type HTTP/1.1" status: 200 len: 277 time: 0.0660067
2026-06-15 21:07:28.165 8 WARNING neutron.scheduler.dhcp_agent_scheduler [req-5b877950-35b4-42c0-8a9e-6540c34c817b req-ffbc0984-7ace-4a3c-bdd8-85c2a24df934 022ef104626e4e06abc545dfc70616f1 a21689f7861b46a3af4f6a5da34eb3dd - - default default] No more DHCP agents
2026-06-15 21:07:28.168 8 WARNING neutron.api.rpc.agentnotifiers.dhcp_rpc_agent_api [req-5b877950-35b4-42c0-8a9e-6540c34c817b req-ffbc0984-7ace-4a3c-bdd8-85c2a24df934 022ef104626e4e06abc545dfc70616f1 a21689f7861b46a3af4f6a5da34eb3dd - - default default] Unable to schedule network e6063e9a-2b3a-4afa-a33c-a23c57b3b0ee: no agents available; will retry on subsequent port and subnet creation events.
2026-06-15 21:07:28.296 9 INFO neutron.wsgi [None req-2304caed-d509-493a-b4d5-674d170c988e 5e150b1297ff494eab2506a7dc645d66 499635fa9a5b4a2e9efb08853711fec0 - - default default] 10.0.0.34 "DELETE /v2.0/networks/3235be33-72d9-48ab-8c7a-992f8d5fdb56 HTTP/1.1" status: 204 len: 168 time: 0.4136205
2026-06-15 21:07:28.374 9 INFO neutron.services.segments.plugin [-] Segment 3aa03730-f237-40ef-b061-657308227d41 resource provider aggregate not found
2026-06-15 21:07:28.380 8 INFO neutron.db.ovn_revision_numbers_db [req-5b877950-35b4-42c0-8a9e-6540c34c817b req-ffbc0984-7ace-4a3c-bdd8-85c2a24df934 022ef104626e4e06abc545dfc70616f1 a21689f7861b46a3af4f6a5da34eb3dd - - default default] Successfully bumped revision number for resource ca6c271c-5c31-461b-b279-c3b051c27266 (type: ports) to 1
2026-06-15 21:07:28.380 9 INFO neutron.services.segments.plugin [-] Segment 3aa03730-f237-40ef-b061-657308227d41 resource provider aggregate not found
2026-06-15 21:07:28.398 9 INFO neutron.services.segments.plugin [-] Segment 3aa03730-f237-40ef-b061-657308227d41 resource provider not found; error: Placement Client Error (4xx): {"errors": [{"status": 404, "title": "Not Found", "detail": "The resource could not be found.\n\n No resource provider with uuid 3aa03730-f237-40ef-b061-657308227d41 found for delete ", "request_id": "req-afa22dcc-fb4d-4691-a45b-6475477f9585"}]}
2026-06-15 21:07:28.399 9 INFO neutron.services.segments.plugin [-] Segment 3aa03730-f237-40ef-b061-657308227d41 resource provider not found; error: Placement Client Error (4xx): {"errors": [{"status": 404, "title": "Not Found", "detail": "The resource could not be found.\n\n No resource provider with uuid 3aa03730-f237-40ef-b061-657308227d41 found for delete ", "request_id": "req-78698146-0b2d-4186-8c89-46a5eddb54fd"}]}
2026-06-15 21:07:28.418 8 INFO neutron.wsgi [req-5b877950-35b4-42c0-8a9e-6540c34c817b req-ffbc0984-7ace-4a3c-bdd8-85c2a24df934 022ef104626e4e06abc545dfc70616f1 a21689f7861b46a3af4f6a5da34eb3dd - - default default] 199.204.45.113 "POST /v2.0/ports HTTP/1.1" status: 201 len: 1162 time: 0.9971049 /var/lib/openstack/lib/python3.10/site-packages/pycadf/identifier.py:71: UserWarning: Invalid uuid: neutron. To ensure interoperability, identifiers should be a valid uuid. warnings.warn(('Invalid uuid: %s. To ensure interoperability, '
2026-06-15 21:07:28.749 9 INFO neutron.wsgi [None req-cb9b3300-f25d-41f2-bd57-077aae8ea080 5e150b1297ff494eab2506a7dc645d66 499635fa9a5b4a2e9efb08853711fec0 - - default default] 10.0.0.34 "DELETE /v2.0/networks/1c4f8ef9-cfb0-48e3-9c25-5d951c6695da HTTP/1.1" status: 204 len: 168 time: 0.4465470
2026-06-15 21:07:28.826 9 INFO neutron.wsgi [None req-7a1d44c1-f6fa-444d-be71-d7feeb66d531 5e150b1297ff494eab2506a7dc645d66 499635fa9a5b4a2e9efb08853711fec0 - - default default] 10.0.0.34 "GET /v2.0/networks HTTP/1.1" status: 200 len: 845 time: 0.0709391
2026-06-15 21:07:28.844 9 WARNING neutron_lib.context [None req-fada6479-32a2-44b6-aa2b-b82d8bb3e664 5e150b1297ff494eab2506a7dc645d66 499635fa9a5b4a2e9efb08853711fec0 - - default default] Method 'is_advsvc' is deprecated since 2023.2 release (neutron-lib 3.8.0) and will be removed once support for the old RBAC API policies will be removed from Neutron. Please use method 'is_service_role' instead. /var/lib/openstack/lib/python3.10/site-packages/pycadf/identifier.py:71: UserWarning: Invalid uuid: neutron. To ensure interoperability, identifiers should be a valid uuid. warnings.warn(('Invalid uuid: %s. To ensure interoperability, '
2026-06-15 21:07:28.893 8 INFO neutron.wsgi [req-54842e1b-796b-47a0-b0d6-5eb6d8e6f1ef req-8a3e8d21-3d29-47d0-89d2-302c95baf9d2 022ef104626e4e06abc545dfc70616f1 a21689f7861b46a3af4f6a5da34eb3dd - - default default] 10.0.0.69 "GET /v2.0/ports?device_id=4c4ede31-f427-431b-b041-bfedcec4920d HTTP/1.1" status: 200 len: 1172 time: 0.0472715
2026-06-15 21:07:28.905 8 INFO neutron.db.ovn_revision_numbers_db [req-5b877950-35b4-42c0-8a9e-6540c34c817b req-490083a6-2eb1-4c7d-9df3-319a12319771 2153734f3175476fb34ed7c3b42ed4e1 b68bb3eee8aa4da880698818692f961f - - 5c6c69f538aa47e4be7f1a92d8fac82c 5c6c69f538aa47e4be7f1a92d8fac82c] Successfully bumped revision number for resource ca6c271c-5c31-461b-b279-c3b051c27266 (type: ports) to 2
2026-06-15 21:07:28.951 8 INFO neutron.wsgi [req-54842e1b-796b-47a0-b0d6-5eb6d8e6f1ef req-f31c6f1a-fb9f-485b-b557-475196062a1c 022ef104626e4e06abc545dfc70616f1 a21689f7861b46a3af4f6a5da34eb3dd - - default default] 10.0.0.69 "GET /v2.0/security-groups?id=42502414-f341-48c9-929b-68be6c71e94b&fields=id&fields=name HTTP/1.1" status: 200 len: 312 time: 0.0444751
2026-06-15 21:07:28.955 9 INFO neutron.db.segments_db [None req-fada6479-32a2-44b6-aa2b-b82d8bb3e664 5e150b1297ff494eab2506a7dc645d66 499635fa9a5b4a2e9efb08853711fec0 - - default default] Added segment 229906c3-b18a-460d-9edb-4560034b3987 of type geneve for network 53132fcc-eb41-4d36-b261-048c483c4732
2026-06-15 21:07:29.086 9 INFO neutron.db.ovn_revision_numbers_db [None req-fada6479-32a2-44b6-aa2b-b82d8bb3e664 5e150b1297ff494eab2506a7dc645d66 499635fa9a5b4a2e9efb08853711fec0 - - default default] Successfully bumped revision number for resource 53132fcc-eb41-4d36-b261-048c483c4732 (type: networks) to 1
2026-06-15 21:07:29.096 8 INFO neutron.db.ovn_revision_numbers_db [req-5b877950-35b4-42c0-8a9e-6540c34c817b req-490083a6-2eb1-4c7d-9df3-319a12319771 2153734f3175476fb34ed7c3b42ed4e1 b68bb3eee8aa4da880698818692f961f - - 5c6c69f538aa47e4be7f1a92d8fac82c 5c6c69f538aa47e4be7f1a92d8fac82c] Successfully bumped revision number for resource ca6c271c-5c31-461b-b279-c3b051c27266 (type: ports) to 2
2026-06-15 21:07:29.112 8 INFO neutron.wsgi [req-5b877950-35b4-42c0-8a9e-6540c34c817b req-490083a6-2eb1-4c7d-9df3-319a12319771 2153734f3175476fb34ed7c3b42ed4e1 b68bb3eee8aa4da880698818692f961f - - 5c6c69f538aa47e4be7f1a92d8fac82c 5c6c69f538aa47e4be7f1a92d8fac82c] 199.204.45.113 "PUT /v2.0/ports/ca6c271c-5c31-461b-b279-c3b051c27266 HTTP/1.1" status: 200 len: 1380 time: 0.6806185
2026-06-15 21:07:29.147 8 INFO neutron.notifiers.nova [-] Nova event matching ['req-505935cb-af34-466b-9a56-38d42b037195'] response: {'name': 'network-changed', 'server_uuid': '4c4ede31-f427-431b-b041-bfedcec4920d', 'tag': 'ca6c271c-5c31-461b-b279-c3b051c27266', 'status': 'completed', 'code': 200} /var/lib/openstack/lib/python3.10/site-packages/pycadf/identifier.py:71: UserWarning: Invalid uuid: neutron. To ensure interoperability, identifiers should be a valid uuid. warnings.warn(('Invalid uuid: %s. To ensure interoperability, '
2026-06-15 21:07:29.201 8 INFO neutron.wsgi [req-5b877950-35b4-42c0-8a9e-6540c34c817b req-332cf559-a38c-4948-93f1-9d2558ebfa79 2153734f3175476fb34ed7c3b42ed4e1 b68bb3eee8aa4da880698818692f961f - - 5c6c69f538aa47e4be7f1a92d8fac82c 5c6c69f538aa47e4be7f1a92d8fac82c] 199.204.45.113 "GET /v2.0/ports?tenant_id=a21689f7861b46a3af4f6a5da34eb3dd&device_id=4c4ede31-f427-431b-b041-bfedcec4920d HTTP/1.1" status: 200 len: 1411 time: 0.0515175
2026-06-15 21:07:29.231 8 INFO neutron.wsgi [req-5b877950-35b4-42c0-8a9e-6540c34c817b req-39dca787-2758-4800-971e-d6f3697294d2 2153734f3175476fb34ed7c3b42ed4e1 b68bb3eee8aa4da880698818692f961f - - 5c6c69f538aa47e4be7f1a92d8fac82c 5c6c69f538aa47e4be7f1a92d8fac82c] 199.204.45.113 "GET /v2.0/floatingips?fixed_ip_address=10.100.0.12&port_id=ca6c271c-5c31-461b-b279-c3b051c27266 HTTP/1.1" status: 200 len: 217 time: 0.0222917
2026-06-15 21:07:29.268 8 INFO neutron.wsgi [req-5b877950-35b4-42c0-8a9e-6540c34c817b req-47294a67-3556-4541-b7a7-c5a91d277f66 2153734f3175476fb34ed7c3b42ed4e1 b68bb3eee8aa4da880698818692f961f - - 5c6c69f538aa47e4be7f1a92d8fac82c 5c6c69f538aa47e4be7f1a92d8fac82c] 199.204.45.113 "GET /v2.0/subnets?id=f81e73a6-e02d-4daa-8d52-9c3b7c9e0a60 HTTP/1.1" status: 200 len: 872 time: 0.0298355
2026-06-15 21:07:29.279 9 WARNING neutron_lib.context [None req-1790b7ee-c4d8-493f-9eff-b8037d6fef49 99312fd5e61c43e0bb088be26c027a88 9e6f6946b59a4d7f9f36a834b4a5228c - - default default] Method 'is_advsvc' is deprecated since 2023.2 release (neutron-lib 3.8.0) and will be removed once support for the old RBAC API policies will be removed from Neutron. Please use method 'is_service_role' instead.
2026-06-15 21:07:29.297 8 INFO neutron.wsgi [req-5b877950-35b4-42c0-8a9e-6540c34c817b req-0484bcc4-11a8-480b-a897-075b5cb2774a 2153734f3175476fb34ed7c3b42ed4e1 b68bb3eee8aa4da880698818692f961f - - 5c6c69f538aa47e4be7f1a92d8fac82c 5c6c69f538aa47e4be7f1a92d8fac82c] 199.204.45.113 "GET /v2.0/ports?network_id=e6063e9a-2b3a-4afa-a33c-a23c57b3b0ee&device_owner=network%3Adhcp HTTP/1.1" status: 200 len: 210 time: 0.0218022
2026-06-15 21:07:29.297 9 WARNING neutron.scheduler.dhcp_agent_scheduler [None req-fada6479-32a2-44b6-aa2b-b82d8bb3e664 5e150b1297ff494eab2506a7dc645d66 499635fa9a5b4a2e9efb08853711fec0 - - default default] No more DHCP agents
2026-06-15 21:07:29.300 9 WARNING neutron.api.rpc.agentnotifiers.dhcp_rpc_agent_api [None req-fada6479-32a2-44b6-aa2b-b82d8bb3e664 5e150b1297ff494eab2506a7dc645d66 499635fa9a5b4a2e9efb08853711fec0 - - default default] Unable to schedule network 53132fcc-eb41-4d36-b261-048c483c4732: no agents available; will retry on subsequent port and subnet creation events.
2026-06-15 21:07:29.356 8 INFO neutron.wsgi [req-5b877950-35b4-42c0-8a9e-6540c34c817b req-24734589-d96d-47f6-9e75-689e533b8a1e 2153734f3175476fb34ed7c3b42ed4e1 b68bb3eee8aa4da880698818692f961f - - 5c6c69f538aa47e4be7f1a92d8fac82c 5c6c69f538aa47e4be7f1a92d8fac82c] 199.204.45.113 "GET /v2.0/networks/e6063e9a-2b3a-4afa-a33c-a23c57b3b0ee?fields=segments HTTP/1.1" status: 200 len: 212 time: 0.0511911
2026-06-15 21:07:29.400 9 INFO neutron.db.ovn_revision_numbers_db [None req-fada6479-32a2-44b6-aa2b-b82d8bb3e664 5e150b1297ff494eab2506a7dc645d66 499635fa9a5b4a2e9efb08853711fec0 - - default default] Successfully bumped revision number for resource cbb97ebd-35d2-4c16-bb19-8cb1007d40fe (type: ports) to 1
2026-06-15 21:07:29.416 8 INFO neutron.wsgi [req-5b877950-35b4-42c0-8a9e-6540c34c817b req-80d3ed44-fc2d-44d6-84e8-c9559559a7f2 2153734f3175476fb34ed7c3b42ed4e1 b68bb3eee8aa4da880698818692f961f - - 5c6c69f538aa47e4be7f1a92d8fac82c 5c6c69f538aa47e4be7f1a92d8fac82c] 199.204.45.113 "GET /v2.0/networks/e6063e9a-2b3a-4afa-a33c-a23c57b3b0ee?fields=provider%3Aphysical_network&fields=provider%3Anetwork_type HTTP/1.1" status: 200 len: 277 time: 0.0499718
2026-06-15 21:07:29.427 9 INFO neutron.wsgi [None req-fada6479-32a2-44b6-aa2b-b82d8bb3e664 5e150b1297ff494eab2506a7dc645d66 499635fa9a5b4a2e9efb08853711fec0 - - default default] 10.0.0.34 "POST /v2.0/networks HTTP/1.1" status: 201 len: 853 time: 0.5899975
2026-06-15 21:07:29.443 9 WARNING neutron_lib.context [None req-e9101e8a-eea2-4240-b389-b392f7ce0134 5e150b1297ff494eab2506a7dc645d66 499635fa9a5b4a2e9efb08853711fec0 - - default default] Method 'is_advsvc' is deprecated since 2023.2 release (neutron-lib 3.8.0) and will be removed once support for the old RBAC API policies will be removed from Neutron. Please use method 'is_service_role' instead.
2026-06-15 21:07:29.514 9 INFO neutron.db.ovn_revision_numbers_db [None req-1790b7ee-c4d8-493f-9eff-b8037d6fef49 99312fd5e61c43e0bb088be26c027a88 9e6f6946b59a4d7f9f36a834b4a5228c - - default default] Successfully bumped revision number for resource 0f8230f5-17f8-4aa7-8261-0966cf8d1f18 (type: security_groups) to 1
2026-06-15 21:07:29.519 8 INFO neutron.wsgi [req-f526bc0f-af95-4723-90ea-f62abfb4628d req-952b57a1-4694-40e9-89a9-1c6f0cac0a7c 2153734f3175476fb34ed7c3b42ed4e1 b68bb3eee8aa4da880698818692f961f - - 5c6c69f538aa47e4be7f1a92d8fac82c 5c6c69f538aa47e4be7f1a92d8fac82c] 199.204.45.113 "GET /v2.0/ports?tenant_id=a21689f7861b46a3af4f6a5da34eb3dd&device_id=4c4ede31-f427-431b-b041-bfedcec4920d HTTP/1.1" status: 200 len: 1411 time: 0.0646503
2026-06-15 21:07:29.544 9 INFO neutron.db.ovn_revision_numbers_db [None req-1790b7ee-c4d8-493f-9eff-b8037d6fef49 99312fd5e61c43e0bb088be26c027a88 9e6f6946b59a4d7f9f36a834b4a5228c - - default default] Successfully bumped revision number for resource 16286e09-2539-4a07-8a08-a765b08b4375 (type: security_group_rules) to 0
2026-06-15 21:07:29.568 9 INFO neutron.db.ovn_revision_numbers_db [None req-1790b7ee-c4d8-493f-9eff-b8037d6fef49 99312fd5e61c43e0bb088be26c027a88 9e6f6946b59a4d7f9f36a834b4a5228c - - default default] Successfully bumped revision number for resource 479fbe49-a65b-459e-a888-172abd824c05 (type: security_group_rules) to 0
2026-06-15 21:07:29.594 9 INFO neutron.db.ovn_revision_numbers_db [None req-1790b7ee-c4d8-493f-9eff-b8037d6fef49 99312fd5e61c43e0bb088be26c027a88 9e6f6946b59a4d7f9f36a834b4a5228c - - default default] Successfully bumped revision number for resource 7fc3f06b-65ee-4239-8925-5fc63e72e068 (type: security_group_rules) to 0
2026-06-15 21:07:29.612 9 INFO neutron.db.segments_db [None req-e9101e8a-eea2-4240-b389-b392f7ce0134 5e150b1297ff494eab2506a7dc645d66 499635fa9a5b4a2e9efb08853711fec0 - - default default] Added segment aabce232-7ff2-4c01-84f9-785876506603 of type geneve for network ecabbf4f-d8e4-4bba-a3f9-55688e8f7d29
2026-06-15 21:07:29.632 9 INFO neutron.db.ovn_revision_numbers_db [None req-1790b7ee-c4d8-493f-9eff-b8037d6fef49 99312fd5e61c43e0bb088be26c027a88 9e6f6946b59a4d7f9f36a834b4a5228c - - default default] Successfully bumped revision number for resource c67c6a80-b145-4009-bb00-e01b74e26712 (type: security_group_rules) to 0
2026-06-15 21:07:29.636 8 INFO neutron.wsgi [req-f526bc0f-af95-4723-90ea-f62abfb4628d req-ac8a9b78-7e67-420c-a4f2-2a646ba145e3 2153734f3175476fb34ed7c3b42ed4e1 b68bb3eee8aa4da880698818692f961f - - 5c6c69f538aa47e4be7f1a92d8fac82c 5c6c69f538aa47e4be7f1a92d8fac82c] 199.204.45.113 "GET /v2.0/networks?id=e6063e9a-2b3a-4afa-a33c-a23c57b3b0ee HTTP/1.1" status: 200 len: 977 time: 0.1121016
2026-06-15 21:07:29.676 8 INFO neutron.wsgi [req-f526bc0f-af95-4723-90ea-f62abfb4628d req-6ac10cdb-4730-4517-9d7d-7dc5496fa135 2153734f3175476fb34ed7c3b42ed4e1 b68bb3eee8aa4da880698818692f961f - - 5c6c69f538aa47e4be7f1a92d8fac82c 5c6c69f538aa47e4be7f1a92d8fac82c] 199.204.45.113 "GET /v2.0/floatingips?fixed_ip_address=10.100.0.12&port_id=ca6c271c-5c31-461b-b279-c3b051c27266 HTTP/1.1" status: 200 len: 217 time: 0.0341754
2026-06-15 21:07:29.704 9 INFO neutron.db.segments_db [None req-1790b7ee-c4d8-493f-9eff-b8037d6fef49 99312fd5e61c43e0bb088be26c027a88 9e6f6946b59a4d7f9f36a834b4a5228c - - default default] Added segment bc694d28-2d7c-4a27-a7e7-740f4655aec0 of type geneve for network 27e07f22-3b3b-4c78-b0c1-bd685c9c0984
2026-06-15 21:07:29.725 8 INFO neutron.wsgi [req-f526bc0f-af95-4723-90ea-f62abfb4628d req-41b6288a-f5ce-42b8-af68-e8159590daeb 2153734f3175476fb34ed7c3b42ed4e1 b68bb3eee8aa4da880698818692f961f - - 5c6c69f538aa47e4be7f1a92d8fac82c 5c6c69f538aa47e4be7f1a92d8fac82c] 199.204.45.113 "GET /v2.0/subnets?id=f81e73a6-e02d-4daa-8d52-9c3b7c9e0a60 HTTP/1.1" status: 200 len: 872 time: 0.0435932
2026-06-15 21:07:29.756 8 INFO neutron.wsgi [req-f526bc0f-af95-4723-90ea-f62abfb4628d req-eb7a83ae-6dd7-4039-bab0-f518a29335a5 2153734f3175476fb34ed7c3b42ed4e1 b68bb3eee8aa4da880698818692f961f - - 5c6c69f538aa47e4be7f1a92d8fac82c 5c6c69f538aa47e4be7f1a92d8fac82c] 199.204.45.113 "GET /v2.0/ports?network_id=e6063e9a-2b3a-4afa-a33c-a23c57b3b0ee&device_owner=network%3Adhcp HTTP/1.1" status: 200 len: 210 time: 0.0226514
2026-06-15 21:07:29.851 8 INFO neutron.wsgi [req-f526bc0f-af95-4723-90ea-f62abfb4628d req-0bf83318-efe1-415d-ae32-dc4faba34074 2153734f3175476fb34ed7c3b42ed4e1 b68bb3eee8aa4da880698818692f961f - - 5c6c69f538aa47e4be7f1a92d8fac82c 5c6c69f538aa47e4be7f1a92d8fac82c] 199.204.45.113 "GET /v2.0/networks/e6063e9a-2b3a-4afa-a33c-a23c57b3b0ee?fields=segments HTTP/1.1" status: 200 len: 212 time: 0.0839183
2026-06-15 21:07:29.889 9 INFO neutron.db.ovn_revision_numbers_db [None req-e9101e8a-eea2-4240-b389-b392f7ce0134 5e150b1297ff494eab2506a7dc645d66 499635fa9a5b4a2e9efb08853711fec0 - - default default] Successfully bumped revision number for resource ecabbf4f-d8e4-4bba-a3f9-55688e8f7d29 (type: networks) to 1
2026-06-15 21:07:29.941 8 INFO neutron.wsgi [req-f526bc0f-af95-4723-90ea-f62abfb4628d req-dc692abd-692f-4b0a-847a-b0958aff4587 2153734f3175476fb34ed7c3b42ed4e1 b68bb3eee8aa4da880698818692f961f - - 5c6c69f538aa47e4be7f1a92d8fac82c 5c6c69f538aa47e4be7f1a92d8fac82c] 199.204.45.113 "GET /v2.0/networks/e6063e9a-2b3a-4afa-a33c-a23c57b3b0ee?fields=provider%3Aphysical_network&fields=provider%3Anetwork_type HTTP/1.1" status: 200 len: 277 time: 0.0841987
2026-06-15 21:07:29.951 9 INFO neutron.db.ovn_revision_numbers_db [None req-1790b7ee-c4d8-493f-9eff-b8037d6fef49 99312fd5e61c43e0bb088be26c027a88 9e6f6946b59a4d7f9f36a834b4a5228c - - default default] Successfully bumped revision number for resource 27e07f22-3b3b-4c78-b0c1-bd685c9c0984 (type: networks) to 1
2026-06-15 21:07:30.017 9 INFO neutron.plugins.ml2.drivers.ovn.mech_driver.mech_driver [None req-4931acb0-aaf8-4197-8a6e-4d24e2e00f6a - - - - - -] OVN reports status up for port: ca6c271c-5c31-461b-b279-c3b051c27266
