2026-07-02 05:46:40.647 8 INFO neutron.api.extensions [None req-c4e04230-8c9f-4f22-a941-01dc2fb465a6 - - - - - -] Loaded extension: port-mac-address-regenerate
2026-07-02 05:46:40.648 8 INFO neutron.api.extensions [None req-c4e04230-8c9f-4f22-a941-01dc2fb465a6 - - - - - -] Loaded extension: port-numa-affinity-policy
2026-07-02 05:46:40.648 8 INFO neutron.api.extensions [None req-c4e04230-8c9f-4f22-a941-01dc2fb465a6 - - - - - -] Loaded extension: port-numa-affinity-policy-socket
2026-07-02 05:46:40.649 8 INFO neutron.api.extensions [None req-c4e04230-8c9f-4f22-a941-01dc2fb465a6 - - - - - -] Loaded extension: port-resource-request
2026-07-02 05:46:40.649 7 INFO neutron.quota.resource_registry [None req-5a90144d-3fce-4667-8498-62fc635e6182 - - - - - -] Creating instance of TrackedResource for resource:router
2026-07-02 05:46:40.649 8 INFO neutron.api.extensions [None req-c4e04230-8c9f-4f22-a941-01dc2fb465a6 - - - - - -] Loaded extension: port-resource-request-groups
2026-07-02 05:46:40.650 7 INFO neutron.quota.resource_registry [None req-5a90144d-3fce-4667-8498-62fc635e6182 - - - - - -] Creating instance of TrackedResource for resource:floatingip
2026-07-02 05:46:40.650 8 INFO neutron.api.extensions [None req-c4e04230-8c9f-4f22-a941-01dc2fb465a6 - - - - - -] Extension port-trusted-vif not supported by any of loaded plugins
2026-07-02 05:46:40.651 8 INFO neutron.api.extensions [None req-c4e04230-8c9f-4f22-a941-01dc2fb465a6 - - - - - -] Loaded extension: binding
2026-07-02 05:46:40.652 8 INFO neutron.api.extensions [None req-c4e04230-8c9f-4f22-a941-01dc2fb465a6 - - - - - -] Loaded extension: binding-extended
2026-07-02 05:46:40.652 8 INFO neutron.api.extensions [None req-c4e04230-8c9f-4f22-a941-01dc2fb465a6 - - - - - -] Loaded extension: port-security
2026-07-02 05:46:40.653 8 INFO neutron.api.extensions [None req-c4e04230-8c9f-4f22-a941-01dc2fb465a6 - - - - - -] Loaded extension: project-id
2026-07-02 05:46:40.653 8 INFO neutron.api.extensions [None req-c4e04230-8c9f-4f22-a941-01dc2fb465a6 - - - - - -] Loaded extension: provider
2026-07-02 05:46:40.654 7 INFO neutron.quota.resource_registry [None req-5a90144d-3fce-4667-8498-62fc635e6182 - - - - - -] Creating instance of CountableResource for resource:rbac_policy
2026-07-02 05:46:40.656 7 INFO neutron.quota.resource_registry [None req-5a90144d-3fce-4667-8498-62fc635e6182 - - - - - -] Creating instance of TrackedResource for resource:security_group
2026-07-02 05:46:40.656 8 INFO neutron.api.extensions [None req-c4e04230-8c9f-4f22-a941-01dc2fb465a6 - - - - - -] Loaded extension: qos
2026-07-02 05:46:40.656 7 INFO neutron.quota.resource_registry [None req-5a90144d-3fce-4667-8498-62fc635e6182 - - - - - -] Creating instance of TrackedResource for resource:security_group_rule
2026-07-02 05:46:40.657 8 INFO neutron.api.extensions [None req-c4e04230-8c9f-4f22-a941-01dc2fb465a6 - - - - - -] Loaded extension: qos-bw-limit-direction
2026-07-02 05:46:40.657 7 INFO neutron.quota.resource_registry [None req-5a90144d-3fce-4667-8498-62fc635e6182 - - - - - -] Creating instance of TrackedResource for resource:subnetpool
2026-07-02 05:46:40.657 7 WARNING neutron.quota.resource_registry [None req-5a90144d-3fce-4667-8498-62fc635e6182 - - - - - -] subnetpool is already registered
2026-07-02 05:46:40.657 8 INFO neutron.api.extensions [None req-c4e04230-8c9f-4f22-a941-01dc2fb465a6 - - - - - -] Loaded extension: qos-bw-minimum-ingress
2026-07-02 05:46:40.658 7 INFO neutron.quota.resource_registry [None req-5a90144d-3fce-4667-8498-62fc635e6182 - - - - - -] Creating instance of TrackedResource for resource:subnetpool
2026-07-02 05:46:40.658 8 INFO neutron.api.extensions [None req-c4e04230-8c9f-4f22-a941-01dc2fb465a6 - - - - - -] Loaded extension: qos-default
2026-07-02 05:46:40.658 7 WARNING neutron.quota.resource_registry [None req-5a90144d-3fce-4667-8498-62fc635e6182 - - - - - -] subnetpool is already registered
2026-07-02 05:46:40.658 7 INFO neutron.quota.resource_registry [None req-5a90144d-3fce-4667-8498-62fc635e6182 - - - - - -] Creating instance of CountableResource for resource:trunk
2026-07-02 05:46:40.658 8 INFO neutron.api.extensions [None req-c4e04230-8c9f-4f22-a941-01dc2fb465a6 - - - - - -] Loaded extension: qos-fip
2026-07-02 05:46:40.659 7 INFO neutron.quota.resource_registry [None req-5a90144d-3fce-4667-8498-62fc635e6182 - - - - - -] Creating instance of CountableResource for resource:endpoint_group
2026-07-02 05:46:40.659 8 INFO neutron.api.extensions [None req-c4e04230-8c9f-4f22-a941-01dc2fb465a6 - - - - - -] Extension qos-fip-network-policy not supported by any of loaded plugins
2026-07-02 05:46:40.659 7 INFO neutron.quota.resource_registry [None req-5a90144d-3fce-4667-8498-62fc635e6182 - - - - - -] Creating instance of CountableResource for resource:vpnservice
2026-07-02 05:46:40.659 8 INFO neutron.api.extensions [None req-c4e04230-8c9f-4f22-a941-01dc2fb465a6 - - - - - -] Loaded extension: qos-gateway-ip
2026-07-02 05:46:40.660 7 INFO neutron.quota.resource_registry [None req-5a90144d-3fce-4667-8498-62fc635e6182 - - - - - -] Creating instance of CountableResource for resource:ipsec_site_connection
2026-07-02 05:46:40.660 8 INFO neutron.api.extensions [None req-c4e04230-8c9f-4f22-a941-01dc2fb465a6 - - - - - -] Loaded extension: qos-port-network-policy
2026-07-02 05:46:40.660 7 INFO neutron.quota.resource_registry [None req-5a90144d-3fce-4667-8498-62fc635e6182 - - - - - -] Creating instance of CountableResource for resource:ipsecpolicy
2026-07-02 05:46:40.661 8 INFO neutron.api.extensions [None req-c4e04230-8c9f-4f22-a941-01dc2fb465a6 - - - - - -] Loaded extension: qos-pps-minimum
2026-07-02 05:46:40.661 7 INFO neutron.quota.resource_registry [None req-5a90144d-3fce-4667-8498-62fc635e6182 - - - - - -] Creating instance of CountableResource for resource:ikepolicy
2026-07-02 05:46:40.661 8 INFO neutron.api.extensions [None req-c4e04230-8c9f-4f22-a941-01dc2fb465a6 - - - - - -] Loaded extension: qos-pps-minimum-rule-alias
2026-07-02 05:46:40.662 8 INFO neutron.api.extensions [None req-c4e04230-8c9f-4f22-a941-01dc2fb465a6 - - - - - -] Loaded extension: qos-pps
2026-07-02 05:46:40.662 8 INFO neutron.api.extensions [None req-c4e04230-8c9f-4f22-a941-01dc2fb465a6 - - - - - -] Loaded extension: qos-rule-type-details
2026-07-02 05:46:40.663 8 INFO neutron.api.extensions [None req-c4e04230-8c9f-4f22-a941-01dc2fb465a6 - - - - - -] Loaded extension: qos-rule-type-filter
2026-07-02 05:46:40.664 8 INFO neutron.api.extensions [None req-c4e04230-8c9f-4f22-a941-01dc2fb465a6 - - - - - -] Loaded extension: qos-rules-alias
2026-07-02 05:46:40.664 8 INFO neutron.api.extensions [None req-c4e04230-8c9f-4f22-a941-01dc2fb465a6 - - - - - -] Loaded extension: quota-check-limit
2026-07-02 05:46:40.664 7 INFO neutron.quota.resource_registry [None req-5a90144d-3fce-4667-8498-62fc635e6182 - - - - - -] Creating instance of TrackedResource for resource:router
2026-07-02 05:46:40.665 7 WARNING neutron.quota.resource_registry [None req-5a90144d-3fce-4667-8498-62fc635e6182 - - - - - -] router is already registered
2026-07-02 05:46:40.665 7 INFO neutron.quota.resource_registry [None req-5a90144d-3fce-4667-8498-62fc635e6182 - - - - - -] Creating instance of TrackedResource for resource:floatingip
2026-07-02 05:46:40.665 7 WARNING neutron.quota.resource_registry [None req-5a90144d-3fce-4667-8498-62fc635e6182 - - - - - -] floatingip is already registered
2026-07-02 05:46:40.666 8 INFO neutron.api.extensions [None req-c4e04230-8c9f-4f22-a941-01dc2fb465a6 - - - - - -] Loaded extension: quotas
2026-07-02 05:46:40.667 8 INFO neutron.api.extensions [None req-c4e04230-8c9f-4f22-a941-01dc2fb465a6 - - - - - -] Loaded extension: quota_details
2026-07-02 05:46:40.669 8 INFO neutron.api.extensions [None req-c4e04230-8c9f-4f22-a941-01dc2fb465a6 - - - - - -] Loaded extension: rbac-policies
2026-07-02 05:46:40.669 7 INFO neutron.quota.resource_registry [None req-5a90144d-3fce-4667-8498-62fc635e6182 - - - - - -] Creating instance of CountableResource for resource:rbac_policy
2026-07-02 05:46:40.669 7 WARNING neutron.quota.resource_registry [None req-5a90144d-3fce-4667-8498-62fc635e6182 - - - - - -] rbac_policy is already registered
2026-07-02 05:46:40.669 8 INFO neutron.api.extensions [None req-c4e04230-8c9f-4f22-a941-01dc2fb465a6 - - - - - -] Loaded extension: rbac-address-group
2026-07-02 05:46:40.670 7 INFO neutron.quota.resource_registry [None req-5a90144d-3fce-4667-8498-62fc635e6182 - - - - - -] Creating instance of TrackedResource for resource:security_group
2026-07-02 05:46:40.670 7 WARNING neutron.quota.resource_registry [None req-5a90144d-3fce-4667-8498-62fc635e6182 - - - - - -] security_group is already registered
2026-07-02 05:46:40.670 8 INFO neutron.api.extensions [None req-c4e04230-8c9f-4f22-a941-01dc2fb465a6 - - - - - -] Loaded extension: rbac-address-scope
2026-07-02 05:46:40.670 7 INFO neutron.quota.resource_registry [None req-5a90144d-3fce-4667-8498-62fc635e6182 - - - - - -] Creating instance of TrackedResource for resource:security_group_rule
2026-07-02 05:46:40.670 8 INFO neutron.api.extensions [None req-c4e04230-8c9f-4f22-a941-01dc2fb465a6 - - - - - -] Loaded extension: rbac-security-groups
2026-07-02 05:46:40.670 7 WARNING neutron.quota.resource_registry [None req-5a90144d-3fce-4667-8498-62fc635e6182 - - - - - -] security_group_rule is already registered
2026-07-02 05:46:40.671 8 INFO neutron.api.extensions [None req-c4e04230-8c9f-4f22-a941-01dc2fb465a6 - - - - - -] Loaded extension: rbac-subnetpool
2026-07-02 05:46:40.671 7 INFO neutron.quota.resource_registry [None req-5a90144d-3fce-4667-8498-62fc635e6182 - - - - - -] Creating instance of TrackedResource for resource:subnetpool
2026-07-02 05:46:40.671 8 INFO neutron.api.extensions [None req-c4e04230-8c9f-4f22-a941-01dc2fb465a6 - - - - - -] Loaded extension: revision-if-match
2026-07-02 05:46:40.672 7 WARNING neutron.quota.resource_registry [None req-5a90144d-3fce-4667-8498-62fc635e6182 - - - - - -] subnetpool is already registered
2026-07-02 05:46:40.672 7 INFO neutron.quota.resource_registry [None req-5a90144d-3fce-4667-8498-62fc635e6182 - - - - - -] Creating instance of TrackedResource for resource:subnetpool
2026-07-02 05:46:40.672 8 INFO neutron.api.extensions [None req-c4e04230-8c9f-4f22-a941-01dc2fb465a6 - - - - - -] Loaded extension: standard-attr-revisions
2026-07-02 05:46:40.672 7 WARNING neutron.quota.resource_registry [None req-5a90144d-3fce-4667-8498-62fc635e6182 - - - - - -] subnetpool is already registered
2026-07-02 05:46:40.673 7 INFO neutron.quota.resource_registry [None req-5a90144d-3fce-4667-8498-62fc635e6182 - - - - - -] Creating instance of CountableResource for resource:trunk
2026-07-02 05:46:40.673 7 WARNING neutron.quota.resource_registry [None req-5a90144d-3fce-4667-8498-62fc635e6182 - - - - - -] trunk is already registered
2026-07-02 05:46:40.673 8 INFO neutron.api.extensions [None req-c4e04230-8c9f-4f22-a941-01dc2fb465a6 - - - - - -] Loaded extension: router_availability_zone
2026-07-02 05:46:40.673 7 INFO neutron.quota.resource_registry [None req-5a90144d-3fce-4667-8498-62fc635e6182 - - - - - -] Creating instance of CountableResource for resource:endpoint_group
2026-07-02 05:46:40.673 7 WARNING neutron.quota.resource_registry [None req-5a90144d-3fce-4667-8498-62fc635e6182 - - - - - -] endpoint_group is already registered
2026-07-02 05:46:40.673 8 INFO neutron.api.extensions [None req-c4e04230-8c9f-4f22-a941-01dc2fb465a6 - - - - - -] Extension router-service-type not supported by any of loaded plugins
2026-07-02 05:46:40.674 7 INFO neutron.quota.resource_registry [None req-5a90144d-3fce-4667-8498-62fc635e6182 - - - - - -] Creating instance of CountableResource for resource:vpnservice
2026-07-02 05:46:40.674 7 WARNING neutron.quota.resource_registry [None req-5a90144d-3fce-4667-8498-62fc635e6182 - - - - - -] vpnservice is already registered
2026-07-02 05:46:40.674 7 INFO neutron.quota.resource_registry [None req-5a90144d-3fce-4667-8498-62fc635e6182 - - - - - -] Creating instance of CountableResource for resource:ipsec_site_connection
2026-07-02 05:46:40.674 7 WARNING neutron.quota.resource_registry [None req-5a90144d-3fce-4667-8498-62fc635e6182 - - - - - -] ipsec_site_connection is already registered
2026-07-02 05:46:40.675 7 INFO neutron.quota.resource_registry [None req-5a90144d-3fce-4667-8498-62fc635e6182 - - - - - -] Creating instance of CountableResource for resource:ipsecpolicy
2026-07-02 05:46:40.675 8 INFO neutron.api.extensions [None req-c4e04230-8c9f-4f22-a941-01dc2fb465a6 - - - - - -] Loaded extension: security-groups-default-rules
2026-07-02 05:46:40.675 7 WARNING neutron.quota.resource_registry [None req-5a90144d-3fce-4667-8498-62fc635e6182 - - - - - -] ipsecpolicy is already registered
2026-07-02 05:46:40.675 7 INFO neutron.quota.resource_registry [None req-5a90144d-3fce-4667-8498-62fc635e6182 - - - - - -] Creating instance of CountableResource for resource:ikepolicy
2026-07-02 05:46:40.676 8 INFO neutron.api.extensions [None req-c4e04230-8c9f-4f22-a941-01dc2fb465a6 - - - - - -] Loaded extension: security-groups-normalized-cidr
2026-07-02 05:46:40.676 7 WARNING neutron.quota.resource_registry [None req-5a90144d-3fce-4667-8498-62fc635e6182 - - - - - -] ikepolicy is already registered
2026-07-02 05:46:40.676 8 INFO neutron.api.extensions [None req-c4e04230-8c9f-4f22-a941-01dc2fb465a6 - - - - - -] Loaded extension: port-security-groups-filtering
2026-07-02 05:46:40.677 8 INFO neutron.api.extensions [None req-c4e04230-8c9f-4f22-a941-01dc2fb465a6 - - - - - -] Loaded extension: security-groups-remote-address-group
2026-07-02 05:46:40.677 8 INFO neutron.api.extensions [None req-c4e04230-8c9f-4f22-a941-01dc2fb465a6 - - - - - -] Loaded extension: security-groups-rules-belongs-to-default-sg
2026-07-02 05:46:40.678 8 INFO neutron.api.extensions [None req-c4e04230-8c9f-4f22-a941-01dc2fb465a6 - - - - - -] Loaded extension: security-groups-shared-filtering
2026-07-02 05:46:40.682 8 INFO neutron.api.extensions [None req-c4e04230-8c9f-4f22-a941-01dc2fb465a6 - - - - - -] Loaded extension: security-group
2026-07-02 05:46:40.683 8 INFO neutron.api.extensions [None req-c4e04230-8c9f-4f22-a941-01dc2fb465a6 - - - - - -] Loaded extension: segment
2026-07-02 05:46:40.684 8 INFO neutron.api.extensions [None req-c4e04230-8c9f-4f22-a941-01dc2fb465a6 - - - - - -] Loaded extension: segments-peer-subnet-host-routes
2026-07-02 05:46:40.684 8 INFO neutron.api.extensions [None req-c4e04230-8c9f-4f22-a941-01dc2fb465a6 - - - - - -] Loaded extension: service-type
2026-07-02 05:46:40.685 8 INFO neutron.api.extensions [None req-c4e04230-8c9f-4f22-a941-01dc2fb465a6 - - - - - -] Loaded extension: sorting
2026-07-02 05:46:40.685 8 INFO neutron.api.extensions [None req-c4e04230-8c9f-4f22-a941-01dc2fb465a6 - - - - - -] Loaded extension: standard-attr-segment
2026-07-02 05:46:40.686 8 INFO neutron.api.extensions [None req-c4e04230-8c9f-4f22-a941-01dc2fb465a6 - - - - - -] Loaded extension: standard-attr-description
2026-07-02 05:46:40.687 8 INFO neutron.api.extensions [None req-c4e04230-8c9f-4f22-a941-01dc2fb465a6 - - - - - -] Loaded extension: stateful-security-group
2026-07-02 05:46:40.687 8 WARNING neutron.api.extensions [None req-c4e04230-8c9f-4f22-a941-01dc2fb465a6 - - - - - -] Did not find expected name "Stdattrs_common" in /var/lib/openstack/lib/python3.12/site-packages/neutron/extensions/stdattrs_common.py
2026-07-02 05:46:40.688 8 INFO neutron.api.extensions [None req-c4e04230-8c9f-4f22-a941-01dc2fb465a6 - - - - - -] Extension subnet-dns-publish-fixed-ip not supported by any of loaded plugins
2026-07-02 05:46:40.688 8 INFO neutron.api.extensions [None req-c4e04230-8c9f-4f22-a941-01dc2fb465a6 - - - - - -] Loaded extension: subnet-external-network
2026-07-02 05:46:40.689 8 INFO neutron.api.extensions [None req-c4e04230-8c9f-4f22-a941-01dc2fb465a6 - - - - - -] Loaded extension: subnet_onboard
2026-07-02 05:46:40.689 8 INFO neutron.api.extensions [None req-c4e04230-8c9f-4f22-a941-01dc2fb465a6 - - - - - -] Loaded extension: subnet-segmentid-writable
2026-07-02 05:46:40.690 8 INFO neutron.api.extensions [None req-c4e04230-8c9f-4f22-a941-01dc2fb465a6 - - - - - -] Loaded extension: subnet-service-types
2026-07-02 05:46:40.690 8 INFO neutron.api.extensions [None req-c4e04230-8c9f-4f22-a941-01dc2fb465a6 - - - - - -] Loaded extension: subnet_allocation
2026-07-02 05:46:40.691 8 INFO neutron.api.extensions [None req-c4e04230-8c9f-4f22-a941-01dc2fb465a6 - - - - - -] Loaded extension: subnetpool-prefix-ops
2026-07-02 05:46:40.692 8 INFO neutron.api.extensions [None req-c4e04230-8c9f-4f22-a941-01dc2fb465a6 - - - - - -] Loaded extension: tag-creation
2026-07-02 05:46:40.692 8 INFO neutron.api.extensions [None req-c4e04230-8c9f-4f22-a941-01dc2fb465a6 - - - - - -] Extension tag-ports-during-bulk-creation not supported by any of loaded plugins
2026-07-02 05:46:40.696 8 INFO neutron.api.extensions [None req-c4e04230-8c9f-4f22-a941-01dc2fb465a6 - - - - - -] Loaded extension: standard-attr-tag
2026-07-02 05:46:40.697 8 INFO neutron.api.extensions [None req-c4e04230-8c9f-4f22-a941-01dc2fb465a6 - - - - - -] Loaded extension: standard-attr-timestamp
2026-07-02 05:46:40.697 8 INFO neutron.api.extensions [None req-c4e04230-8c9f-4f22-a941-01dc2fb465a6 - - - - - -] Loaded extension: trunk
2026-07-02 05:46:40.698 8 INFO neutron.api.extensions [None req-c4e04230-8c9f-4f22-a941-01dc2fb465a6 - - - - - -] Loaded extension: trunk-details
2026-07-02 05:46:40.699 8 INFO neutron.api.extensions [None req-c4e04230-8c9f-4f22-a941-01dc2fb465a6 - - - - - -] Extension uplink-status-propagation not supported by any of loaded plugins
2026-07-02 05:46:40.699 8 INFO neutron.api.extensions [None req-c4e04230-8c9f-4f22-a941-01dc2fb465a6 - - - - - -] Extension vlan-transparent not supported by any of loaded plugins
2026-07-02 05:46:40.701 8 INFO neutron.api.extensions [None req-c4e04230-8c9f-4f22-a941-01dc2fb465a6 - - - - - -] Extension vpn-agent-scheduler not supported by any of loaded plugins
2026-07-02 05:46:40.702 8 INFO neutron.api.extensions [None req-c4e04230-8c9f-4f22-a941-01dc2fb465a6 - - - - - -] Loaded extension: vpn-endpoint-groups
2026-07-02 05:46:40.703 8 INFO neutron.api.extensions [None req-c4e04230-8c9f-4f22-a941-01dc2fb465a6 - - - - - -] Loaded extension: vpn-flavors
2026-07-02 05:46:40.704 8 INFO neutron.api.extensions [None req-c4e04230-8c9f-4f22-a941-01dc2fb465a6 - - - - - -] Loaded extension: vpnaas
2026-07-02 05:46:40.706 8 INFO neutron.quota.resource_registry [None req-c4e04230-8c9f-4f22-a941-01dc2fb465a6 - - - - - -] Creating instance of TrackedResource for resource:network
2026-07-02 05:46:40.707 8 INFO neutron.quota.resource_registry [None req-c4e04230-8c9f-4f22-a941-01dc2fb465a6 - - - - - -] Creating instance of TrackedResource for resource:subnet
2026-07-02 05:46:40.707 8 INFO neutron.quota.resource_registry [None req-c4e04230-8c9f-4f22-a941-01dc2fb465a6 - - - - - -] Creating instance of TrackedResource for resource:subnetpool
2026-07-02 05:46:40.707 8 INFO neutron.quota.resource_registry [None req-c4e04230-8c9f-4f22-a941-01dc2fb465a6 - - - - - -] Creating instance of TrackedResource for resource:port
2026-07-02 05:46:40.710 8 INFO neutron.quota.resource_registry [None req-c4e04230-8c9f-4f22-a941-01dc2fb465a6 - - - - - -] Creating instance of TrackedResource for resource:router
2026-07-02 05:46:40.711 8 INFO neutron.quota.resource_registry [None req-c4e04230-8c9f-4f22-a941-01dc2fb465a6 - - - - - -] Creating instance of TrackedResource for resource:floatingip
2026-07-02 05:46:40.711 7 WARNING keystonemiddleware._common.config [None req-5a90144d-3fce-4667-8498-62fc635e6182 - - - - - -] The option "audit_map_file" is not known to keystonemiddleware
2026-07-02 05:46:40.715 8 INFO neutron.quota.resource_registry [None req-c4e04230-8c9f-4f22-a941-01dc2fb465a6 - - - - - -] Creating instance of CountableResource for resource:rbac_policy
2026-07-02 05:46:40.716 8 INFO neutron.quota.resource_registry [None req-c4e04230-8c9f-4f22-a941-01dc2fb465a6 - - - - - -] Creating instance of TrackedResource for resource:security_group
2026-07-02 05:46:40.716 8 INFO neutron.quota.resource_registry [None req-c4e04230-8c9f-4f22-a941-01dc2fb465a6 - - - - - -] Creating instance of TrackedResource for resource:security_group_rule
2026-07-02 05:46:40.717 7 WARNING oslo_config.cfg [None req-5a90144d-3fce-4667-8498-62fc635e6182 - - - - - -] Deprecated: Option "auth_uri" from group "keystone_authtoken" is deprecated. Use option "www_authenticate_uri" from group "keystone_authtoken".
2026-07-02 05:46:40.717 8 INFO neutron.quota.resource_registry [None req-c4e04230-8c9f-4f22-a941-01dc2fb465a6 - - - - - -] Creating instance of TrackedResource for resource:subnetpool
2026-07-02 05:46:40.717 8 WARNING neutron.quota.resource_registry [None req-c4e04230-8c9f-4f22-a941-01dc2fb465a6 - - - - - -] subnetpool is already registered
2026-07-02 05:46:40.718 8 INFO neutron.quota.resource_registry [None req-c4e04230-8c9f-4f22-a941-01dc2fb465a6 - - - - - -] Creating instance of TrackedResource for resource:subnetpool
2026-07-02 05:46:40.718 8 WARNING neutron.quota.resource_registry [None req-c4e04230-8c9f-4f22-a941-01dc2fb465a6 - - - - - -] subnetpool is already registered
2026-07-02 05:46:40.718 8 INFO neutron.quota.resource_registry [None req-c4e04230-8c9f-4f22-a941-01dc2fb465a6 - - - - - -] Creating instance of CountableResource for resource:trunk
2026-07-02 05:46:40.719 8 INFO neutron.quota.resource_registry [None req-c4e04230-8c9f-4f22-a941-01dc2fb465a6 - - - - - -] Creating instance of CountableResource for resource:endpoint_group WSGI app 0 (mountpoint='') ready in 8 seconds on interpreter 0x7f8bd537b668 pid: 7 (default app)
2026-07-02 05:46:40.719 8 INFO neutron.quota.resource_registry [None req-c4e04230-8c9f-4f22-a941-01dc2fb465a6 - - - - - -] Creating instance of CountableResource for resource:vpnservice
2026-07-02 05:46:40.720 8 INFO neutron.quota.resource_registry [None req-c4e04230-8c9f-4f22-a941-01dc2fb465a6 - - - - - -] Creating instance of CountableResource for resource:ipsec_site_connection
2026-07-02 05:46:40.720 8 INFO neutron.quota.resource_registry [None req-c4e04230-8c9f-4f22-a941-01dc2fb465a6 - - - - - -] Creating instance of CountableResource for resource:ipsecpolicy
2026-07-02 05:46:40.721 8 INFO neutron.quota.resource_registry [None req-c4e04230-8c9f-4f22-a941-01dc2fb465a6 - - - - - -] Creating instance of CountableResource for resource:ikepolicy
2026-07-02 05:46:40.724 8 INFO neutron.quota.resource_registry [None req-c4e04230-8c9f-4f22-a941-01dc2fb465a6 - - - - - -] Creating instance of TrackedResource for resource:router
2026-07-02 05:46:40.725 8 WARNING neutron.quota.resource_registry [None req-c4e04230-8c9f-4f22-a941-01dc2fb465a6 - - - - - -] router is already registered
2026-07-02 05:46:40.725 8 INFO neutron.quota.resource_registry [None req-c4e04230-8c9f-4f22-a941-01dc2fb465a6 - - - - - -] Creating instance of TrackedResource for resource:floatingip
2026-07-02 05:46:40.725 8 WARNING neutron.quota.resource_registry [None req-c4e04230-8c9f-4f22-a941-01dc2fb465a6 - - - - - -] floatingip is already registered
2026-07-02 05:46:40.729 8 INFO neutron.quota.resource_registry [None req-c4e04230-8c9f-4f22-a941-01dc2fb465a6 - - - - - -] Creating instance of CountableResource for resource:rbac_policy
2026-07-02 05:46:40.729 8 WARNING neutron.quota.resource_registry [None req-c4e04230-8c9f-4f22-a941-01dc2fb465a6 - - - - - -] rbac_policy is already registered
2026-07-02 05:46:40.730 8 INFO neutron.quota.resource_registry [None req-c4e04230-8c9f-4f22-a941-01dc2fb465a6 - - - - - -] Creating instance of TrackedResource for resource:security_group
2026-07-02 05:46:40.730 8 WARNING neutron.quota.resource_registry [None req-c4e04230-8c9f-4f22-a941-01dc2fb465a6 - - - - - -] security_group is already registered
2026-07-02 05:46:40.730 8 INFO neutron.quota.resource_registry [None req-c4e04230-8c9f-4f22-a941-01dc2fb465a6 - - - - - -] Creating instance of TrackedResource for resource:security_group_rule
2026-07-02 05:46:40.731 8 WARNING neutron.quota.resource_registry [None req-c4e04230-8c9f-4f22-a941-01dc2fb465a6 - - - - - -] security_group_rule is already registered
2026-07-02 05:46:40.731 8 INFO neutron.quota.resource_registry [None req-c4e04230-8c9f-4f22-a941-01dc2fb465a6 - - - - - -] Creating instance of TrackedResource for resource:subnetpool
2026-07-02 05:46:40.732 8 WARNING neutron.quota.resource_registry [None req-c4e04230-8c9f-4f22-a941-01dc2fb465a6 - - - - - -] subnetpool is already registered
2026-07-02 05:46:40.732 8 INFO neutron.quota.resource_registry [None req-c4e04230-8c9f-4f22-a941-01dc2fb465a6 - - - - - -] Creating instance of TrackedResource for resource:subnetpool
2026-07-02 05:46:40.732 8 WARNING neutron.quota.resource_registry [None req-c4e04230-8c9f-4f22-a941-01dc2fb465a6 - - - - - -] subnetpool is already registered
2026-07-02 05:46:40.732 8 INFO neutron.quota.resource_registry [None req-c4e04230-8c9f-4f22-a941-01dc2fb465a6 - - - - - -] Creating instance of CountableResource for resource:trunk
2026-07-02 05:46:40.733 8 WARNING neutron.quota.resource_registry [None req-c4e04230-8c9f-4f22-a941-01dc2fb465a6 - - - - - -] trunk is already registered
2026-07-02 05:46:40.733 8 INFO neutron.quota.resource_registry [None req-c4e04230-8c9f-4f22-a941-01dc2fb465a6 - - - - - -] Creating instance of CountableResource for resource:endpoint_group
2026-07-02 05:46:40.733 8 WARNING neutron.quota.resource_registry [None req-c4e04230-8c9f-4f22-a941-01dc2fb465a6 - - - - - -] endpoint_group is already registered
2026-07-02 05:46:40.734 8 INFO neutron.quota.resource_registry [None req-c4e04230-8c9f-4f22-a941-01dc2fb465a6 - - - - - -] Creating instance of CountableResource for resource:vpnservice
2026-07-02 05:46:40.734 8 WARNING neutron.quota.resource_registry [None req-c4e04230-8c9f-4f22-a941-01dc2fb465a6 - - - - - -] vpnservice is already registered
2026-07-02 05:46:40.734 8 INFO neutron.quota.resource_registry [None req-c4e04230-8c9f-4f22-a941-01dc2fb465a6 - - - - - -] Creating instance of CountableResource for resource:ipsec_site_connection
2026-07-02 05:46:40.734 8 WARNING neutron.quota.resource_registry [None req-c4e04230-8c9f-4f22-a941-01dc2fb465a6 - - - - - -] ipsec_site_connection is already registered
2026-07-02 05:46:40.735 8 INFO neutron.quota.resource_registry [None req-c4e04230-8c9f-4f22-a941-01dc2fb465a6 - - - - - -] Creating instance of CountableResource for resource:ipsecpolicy
2026-07-02 05:46:40.735 8 WARNING neutron.quota.resource_registry [None req-c4e04230-8c9f-4f22-a941-01dc2fb465a6 - - - - - -] ipsecpolicy is already registered
2026-07-02 05:46:40.736 8 INFO neutron.quota.resource_registry [None req-c4e04230-8c9f-4f22-a941-01dc2fb465a6 - - - - - -] Creating instance of CountableResource for resource:ikepolicy
2026-07-02 05:46:40.736 8 WARNING neutron.quota.resource_registry [None req-c4e04230-8c9f-4f22-a941-01dc2fb465a6 - - - - - -] ikepolicy is already registered
2026-07-02 05:46:40.772 8 WARNING keystonemiddleware._common.config [None req-c4e04230-8c9f-4f22-a941-01dc2fb465a6 - - - - - -] The option "audit_map_file" is not known to keystonemiddleware
2026-07-02 05:46:40.778 8 WARNING oslo_config.cfg [None req-c4e04230-8c9f-4f22-a941-01dc2fb465a6 - - - - - -] Deprecated: Option "auth_uri" from group "keystone_authtoken" is deprecated. Use option "www_authenticate_uri" from group "keystone_authtoken". WSGI app 0 (mountpoint='') ready in 8 seconds on interpreter 0x7f8bd537b668 pid: 8 (default app) /var/lib/openstack/lib/python3.12/site-packages/pycadf/identifier.py:71: UserWarning: Invalid uuid: unknown. To ensure interoperability, identifiers should be a valid uuid. warnings.warn(('Invalid uuid: %s. To ensure interoperability, '
2026-07-02 05:46:45.022 7 INFO neutron.pecan_wsgi.hooks.translation [None req-acb4c41d-1dad-4f3e-9a87-610ae64ddeca 0d72361828364e73b071ada914f8d396 d8685067df494e59b1e8ac80c9e1876d - - default default] GET failed (client error): The resource could not be found. [pid: 7|app: 0|req: 3/3] 199.204.45.248 () {44 vars in 928 bytes} [Thu Jul 2 05:46:44 2026] GET /v2.0/networks/public => generated 108 bytes in 654 msecs (HTTP/1.1 404) 4 headers in 164 bytes (1 switches on core 0) /var/lib/openstack/lib/python3.12/site-packages/pycadf/identifier.py:71: UserWarning: Invalid uuid: unknown. To ensure interoperability, identifiers should be a valid uuid. warnings.warn(('Invalid uuid: %s. To ensure interoperability, ' [pid: 8|app: 0|req: 1/4] 199.204.45.248 () {44 vars in 950 bytes} [Thu Jul 2 05:46:45 2026] GET /v2.0/networks?name=public => generated 15 bytes in 208 msecs (HTTP/1.1 200) 4 headers in 156 bytes (1 switches on core 0)
2026-07-02 05:46:45.587 7 WARNING neutron.services.revisions.revision_plugin [None req-731db165-099a-4444-b0d0-5ac4eb9ee91f 0d72361828364e73b071ada914f8d396 d8685067df494e59b1e8ac80c9e1876d - - default default] Could not find related network for resource to bump revision.
2026-07-02 05:46:45.609 7 INFO neutron.db.segments_db [None req-731db165-099a-4444-b0d0-5ac4eb9ee91f 0d72361828364e73b071ada914f8d396 d8685067df494e59b1e8ac80c9e1876d - - default default] Added segment b5ed2795-564c-45de-8a92-1b66a513a319 of type flat for network 08759858-93e8-467d-a844-a5714ea2f41c
2026-07-02 05:46:45.652 7 INFO neutron.pecan_wsgi.hooks.translation [None req-731db165-099a-4444-b0d0-5ac4eb9ee91f 0d72361828364e73b071ada914f8d396 d8685067df494e59b1e8ac80c9e1876d - - default default] POST failed (client error): The resource could not be found. [pid: 7|app: 0|req: 4/5] 199.204.45.248 () {48 vars in 968 bytes} [Thu Jul 2 05:46:45 2026] POST /v2.0/networks => generated 124 bytes in 431 msecs (HTTP/1.1 404) 4 headers in 164 bytes (1 switches on core 0)
2026-07-02 05:46:51.833 8 INFO neutron.pecan_wsgi.hooks.translation [None req-f7bcc530-192d-4ae2-992b-9a32cc4e77d4 0d72361828364e73b071ada914f8d396 d8685067df494e59b1e8ac80c9e1876d - - default default] GET failed (client error): The resource could not be found. [pid: 8|app: 0|req: 2/6] 199.204.45.248 () {44 vars in 928 bytes} [Thu Jul 2 05:46:51 2026] GET /v2.0/networks/public => generated 108 bytes in 368 msecs (HTTP/1.1 404) 4 headers in 164 bytes (1 switches on core 0) [pid: 7|app: 0|req: 5/7] 199.204.45.248 () {44 vars in 950 bytes} [Thu Jul 2 05:46:51 2026] GET /v2.0/networks?name=public => generated 15 bytes in 19 msecs (HTTP/1.1 200) 4 headers in 156 bytes (1 switches on core 0)
2026-07-02 05:46:52.129 8 WARNING neutron.services.revisions.revision_plugin [None req-3551fb17-09a3-43d5-87d6-bb865692922c 0d72361828364e73b071ada914f8d396 d8685067df494e59b1e8ac80c9e1876d - - default default] Could not find related network for resource to bump revision.
2026-07-02 05:46:52.156 8 INFO neutron.db.segments_db [None req-3551fb17-09a3-43d5-87d6-bb865692922c 0d72361828364e73b071ada914f8d396 d8685067df494e59b1e8ac80c9e1876d - - default default] Added segment 7b50641b-b808-4fd2-9c20-f8d5b935bdf9 of type flat for network 53335d38-fee0-4c69-bf9c-7892ebe88ce8
2026-07-02 05:46:52.200 8 INFO neutron.pecan_wsgi.hooks.translation [None req-3551fb17-09a3-43d5-87d6-bb865692922c 0d72361828364e73b071ada914f8d396 d8685067df494e59b1e8ac80c9e1876d - - default default] POST failed (client error): The resource could not be found. [pid: 8|app: 0|req: 3/8] 199.204.45.248 () {48 vars in 968 bytes} [Thu Jul 2 05:46:51 2026] POST /v2.0/networks => generated 124 bytes in 356 msecs (HTTP/1.1 404) 4 headers in 164 bytes (1 switches on core 0)
2026-07-02 05:46:58.062 8 INFO neutron.pecan_wsgi.hooks.translation [None req-ae369cf7-cda4-4eff-9e3c-0bef3e04cd41 0d72361828364e73b071ada914f8d396 d8685067df494e59b1e8ac80c9e1876d - - default default] GET failed (client error): The resource could not be found. [pid: 8|app: 0|req: 4/10] 199.204.45.248 () {44 vars in 928 bytes} [Thu Jul 2 05:46:58 2026] GET /v2.0/networks/public => generated 108 bytes in 45 msecs (HTTP/1.1 404) 4 headers in 164 bytes (1 switches on core 0) [pid: 7|app: 0|req: 7/11] 199.204.45.248 () {44 vars in 950 bytes} [Thu Jul 2 05:46:58 2026] GET /v2.0/networks?name=public => generated 15 bytes in 14 msecs (HTTP/1.1 200) 4 headers in 156 bytes (1 switches on core 0)
2026-07-02 05:46:58.136 8 WARNING neutron.services.revisions.revision_plugin [None req-ed948ed1-23d6-4727-8291-b167f8be8013 0d72361828364e73b071ada914f8d396 d8685067df494e59b1e8ac80c9e1876d - - default default] Could not find related network for resource to bump revision.
2026-07-02 05:46:58.153 8 INFO neutron.db.segments_db [None req-ed948ed1-23d6-4727-8291-b167f8be8013 0d72361828364e73b071ada914f8d396 d8685067df494e59b1e8ac80c9e1876d - - default default] Added segment 80225d56-84d9-4860-9625-8c41885342a4 of type flat for network 77337574-8c52-4299-9d93-fdf540c2fd6a
2026-07-02 05:46:58.180 8 INFO neutron.pecan_wsgi.hooks.translation [None req-ed948ed1-23d6-4727-8291-b167f8be8013 0d72361828364e73b071ada914f8d396 d8685067df494e59b1e8ac80c9e1876d - - default default] POST failed (client error): The resource could not be found. [pid: 8|app: 0|req: 5/12] 199.204.45.248 () {48 vars in 968 bytes} [Thu Jul 2 05:46:58 2026] POST /v2.0/networks => generated 124 bytes in 104 msecs (HTTP/1.1 404) 4 headers in 164 bytes (1 switches on core 0)
2026-07-02 05:47:04.038 7 INFO neutron.pecan_wsgi.hooks.translation [None req-0c3b4040-7eb0-42ee-8e59-5677156817df 0d72361828364e73b071ada914f8d396 d8685067df494e59b1e8ac80c9e1876d - - default default] GET failed (client error): The resource could not be found. [pid: 7|app: 0|req: 8/13] 199.204.45.248 () {44 vars in 928 bytes} [Thu Jul 2 05:47:03 2026] GET /v2.0/networks/public => generated 108 bytes in 54 msecs (HTTP/1.1 404) 4 headers in 164 bytes (1 switches on core 0) [pid: 8|app: 0|req: 6/14] 199.204.45.248 () {44 vars in 950 bytes} [Thu Jul 2 05:47:04 2026] GET /v2.0/networks?name=public => generated 15 bytes in 17 msecs (HTTP/1.1 200) 4 headers in 156 bytes (1 switches on core 0)
2026-07-02 05:47:04.131 7 WARNING neutron.services.revisions.revision_plugin [None req-b8bbf34e-63dd-4025-aeb8-79b4d35093a1 0d72361828364e73b071ada914f8d396 d8685067df494e59b1e8ac80c9e1876d - - default default] Could not find related network for resource to bump revision.
2026-07-02 05:47:04.153 7 INFO neutron.db.segments_db [None req-b8bbf34e-63dd-4025-aeb8-79b4d35093a1 0d72361828364e73b071ada914f8d396 d8685067df494e59b1e8ac80c9e1876d - - default default] Added segment 351baf88-d3d8-4d58-aa88-21c8f4725872 of type flat for network 4a701230-b1cb-4314-ade6-ebd9921e74c9
2026-07-02 05:47:04.180 7 INFO neutron.pecan_wsgi.hooks.translation [None req-b8bbf34e-63dd-4025-aeb8-79b4d35093a1 0d72361828364e73b071ada914f8d396 d8685067df494e59b1e8ac80c9e1876d - - default default] POST failed (client error): The resource could not be found. [pid: 7|app: 0|req: 9/15] 199.204.45.248 () {48 vars in 968 bytes} [Thu Jul 2 05:47:04 2026] POST /v2.0/networks => generated 124 bytes in 129 msecs (HTTP/1.1 404) 4 headers in 164 bytes (1 switches on core 0)
2026-07-02 05:47:10.071 7 INFO neutron.pecan_wsgi.hooks.translation [None req-48f9ec1d-772d-45f7-a8cd-696aa602b6fa 0d72361828364e73b071ada914f8d396 d8685067df494e59b1e8ac80c9e1876d - - default default] GET failed (client error): The resource could not be found. [pid: 7|app: 0|req: 10/17] 199.204.45.248 () {44 vars in 928 bytes} [Thu Jul 2 05:47:10 2026] GET /v2.0/networks/public => generated 108 bytes in 49 msecs (HTTP/1.1 404) 4 headers in 164 bytes (1 switches on core 0) [pid: 8|app: 0|req: 8/18] 199.204.45.248 () {44 vars in 950 bytes} [Thu Jul 2 05:47:10 2026] GET /v2.0/networks?name=public => generated 15 bytes in 14 msecs (HTTP/1.1 200) 4 headers in 156 bytes (1 switches on core 0)
2026-07-02 05:47:10.147 7 WARNING neutron.services.revisions.revision_plugin [None req-7e284b38-ce7e-4fa6-ad66-461d204bfc5e 0d72361828364e73b071ada914f8d396 d8685067df494e59b1e8ac80c9e1876d - - default default] Could not find related network for resource to bump revision.
2026-07-02 05:47:10.165 7 INFO neutron.db.segments_db [None req-7e284b38-ce7e-4fa6-ad66-461d204bfc5e 0d72361828364e73b071ada914f8d396 d8685067df494e59b1e8ac80c9e1876d - - default default] Added segment 86840061-9c0b-4163-93a5-869763422b46 of type flat for network f9138a5d-8e7b-4d6a-b8a6-1d2bccf184cc
2026-07-02 05:47:10.186 7 INFO neutron.pecan_wsgi.hooks.translation [None req-7e284b38-ce7e-4fa6-ad66-461d204bfc5e 0d72361828364e73b071ada914f8d396 d8685067df494e59b1e8ac80c9e1876d - - default default] POST failed (client error): The resource could not be found. [pid: 7|app: 0|req: 11/19] 199.204.45.248 () {48 vars in 968 bytes} [Thu Jul 2 05:47:10 2026] POST /v2.0/networks => generated 124 bytes in 103 msecs (HTTP/1.1 404) 4 headers in 164 bytes (1 switches on core 0)
2026-07-02 05:47:16.058 8 INFO neutron.pecan_wsgi.hooks.translation [None req-80c67fab-4cdb-4908-91b3-4e351f297d47 0d72361828364e73b071ada914f8d396 d8685067df494e59b1e8ac80c9e1876d - - default default] GET failed (client error): The resource could not be found. [pid: 8|app: 0|req: 9/20] 199.204.45.248 () {44 vars in 928 bytes} [Thu Jul 2 05:47:16 2026] GET /v2.0/networks/public => generated 108 bytes in 56 msecs (HTTP/1.1 404) 4 headers in 164 bytes (1 switches on core 0) [pid: 7|app: 0|req: 12/21] 199.204.45.248 () {44 vars in 950 bytes} [Thu Jul 2 05:47:16 2026] GET /v2.0/networks?name=public => generated 15 bytes in 21 msecs (HTTP/1.1 200) 4 headers in 156 bytes (1 switches on core 0)
2026-07-02 05:47:16.138 8 WARNING neutron.services.revisions.revision_plugin [None req-166444b8-0537-448a-999d-d06340698cff 0d72361828364e73b071ada914f8d396 d8685067df494e59b1e8ac80c9e1876d - - default default] Could not find related network for resource to bump revision.
2026-07-02 05:47:16.161 8 INFO neutron.db.segments_db [None req-166444b8-0537-448a-999d-d06340698cff 0d72361828364e73b071ada914f8d396 d8685067df494e59b1e8ac80c9e1876d - - default default] Added segment f92e93b1-b0c4-4c16-8bc9-0cc8ea81c239 of type flat for network 6b2ad7ed-1bcd-40d1-885d-3295bc4bc9f4 [pid: 8|app: 0|req: 10/22] 199.204.45.248 () {48 vars in 968 bytes} [Thu Jul 2 05:47:16 2026] POST /v2.0/networks => generated 706 bytes in 229 msecs (HTTP/1.1 201) 4 headers in 162 bytes (1 switches on core 0)
2026-07-02 05:47:17.542 7 INFO neutron.pecan_wsgi.hooks.translation [None req-744c1967-8c22-4c63-8a21-8e04242419d3 0d72361828364e73b071ada914f8d396 d8685067df494e59b1e8ac80c9e1876d - - default default] GET failed (client error): The resource could not be found. [pid: 7|app: 0|req: 13/23] 199.204.45.248 () {44 vars in 928 bytes} [Thu Jul 2 05:47:17 2026] GET /v2.0/networks/public => generated 108 bytes in 107 msecs (HTTP/1.1 404) 4 headers in 164 bytes (1 switches on core 0) [pid: 8|app: 0|req: 11/24] 199.204.45.248 () {44 vars in 950 bytes} [Thu Jul 2 05:47:17 2026] GET /v2.0/networks?name=public => generated 709 bytes in 47 msecs (HTTP/1.1 200) 4 headers in 157 bytes (1 switches on core 0)
2026-07-02 05:47:17.623 7 INFO neutron.pecan_wsgi.hooks.translation [None req-f9de32f5-51b6-4f50-8c2c-15805ce6f748 0d72361828364e73b071ada914f8d396 d8685067df494e59b1e8ac80c9e1876d - - default default] GET failed (client error): The resource could not be found. [pid: 7|app: 0|req: 14/25] 199.204.45.248 () {44 vars in 1035 bytes} [Thu Jul 2 05:47:17 2026] GET /v2.0/subnets/public-subnet?network_id=6b2ad7ed-1bcd-40d1-885d-3295bc4bc9f4 => generated 113 bytes in 19 msecs (HTTP/1.1 404) 4 headers in 164 bytes (1 switches on core 0) [pid: 8|app: 0|req: 12/26] 199.204.45.248 () {44 vars in 1058 bytes} [Thu Jul 2 05:47:17 2026] GET /v2.0/subnets?name=public-subnet&network_id=6b2ad7ed-1bcd-40d1-885d-3295bc4bc9f4 => generated 14 bytes in 28 msecs (HTTP/1.1 200) 4 headers in 156 bytes (1 switches on core 0) [pid: 7|app: 0|req: 15/27] 199.204.45.248 () {48 vars in 966 bytes} [Thu Jul 2 05:47:17 2026] POST /v2.0/subnets => generated 664 bytes in 1169 msecs (HTTP/1.1 201) 4 headers in 162 bytes (1 switches on core 0)
2026-07-02 05:51:58.791 8 ERROR oslo.messaging._drivers.impl_rabbit [-] [31482642-0562-4904-9df8-419efb739021] AMQP server on rabbitmq-neutron.openstack.svc.cluster.local:5672 is unreachable: . Trying again in 1 seconds.: amqp.exceptions.RecoverableConnectionError:
2026-07-02 05:51:58.794 8 INFO oslo.messaging._drivers.impl_rabbit [-] A recoverable connection/channel error occurred, trying to reconnect: Server unexpectedly closed connection Thu Jul 2 05:51:58 2026 - SIGPIPE: writing to a closed pipe/socket/fd (probably the client disconnected) on request /v2.0/networks/lb-mgmt-net (ip 199.204.45.248) !!!
2026-07-02 05:51:58.909 8 INFO neutron.pecan_wsgi.hooks.translation [None req-a2a10532-5c4e-4bcf-ab1c-2db0097e9457 0d72361828364e73b071ada914f8d396 d8685067df494e59b1e8ac80c9e1876d - - default default] GET failed (client error): The resource could not be found. [pid: 8|app: 0|req: 32/65] 199.204.45.248 () {44 vars in 938 bytes} [Thu Jul 2 05:51:58 2026] GET /v2.0/networks/lb-mgmt-net => generated 113 bytes in 124 msecs (HTTP/1.1 404) 4 headers in 164 bytes (1 switches on core 0)
2026-07-02 05:51:58.922 7 ERROR oslo.messaging._drivers.impl_rabbit [-] [5d4a5a0c-4eda-4b48-b92c-2cc382d5dbeb] AMQP server on rabbitmq-neutron.openstack.svc.cluster.local:5672 is unreachable: . Trying again in 1 seconds.: amqp.exceptions.RecoverableConnectionError:
2026-07-02 05:51:58.923 7 INFO oslo.messaging._drivers.impl_rabbit [-] A recoverable connection/channel error occurred, trying to reconnect: Server unexpectedly closed connection Thu Jul 2 05:51:58 2026 - SIGPIPE: writing to a closed pipe/socket/fd (probably the client disconnected) on request /v2.0/networks?name=lb-mgmt-net (ip 199.204.45.248) !!! [pid: 7|app: 0|req: 34/66] 199.204.45.248 () {44 vars in 960 bytes} [Thu Jul 2 05:51:58 2026] GET /v2.0/networks?name=lb-mgmt-net => generated 15 bytes in 27 msecs (HTTP/1.1 200) 4 headers in 156 bytes (1 switches on core 0)
2026-07-02 05:51:59.016 8 INFO neutron.db.segments_db [None req-3919c9d1-5d5c-4e5d-898a-86246f98c77f 0d72361828364e73b071ada914f8d396 d8685067df494e59b1e8ac80c9e1876d - - default default] Added segment 24dc0044-a0dd-499b-a496-6ada808610d8 of type vxlan for network f2b06154-fc0c-4b78-9c00-ae08e3ccdaee [pid: 8|app: 0|req: 33/67] 199.204.45.248 () {48 vars in 967 bytes} [Thu Jul 2 05:51:58 2026] POST /v2.0/networks => generated 707 bytes in 163 msecs (HTTP/1.1 201) 4 headers in 162 bytes (1 switches on core 0)
2026-07-02 05:52:00.005 7 INFO oslo.messaging._drivers.impl_rabbit [-] [5d4a5a0c-4eda-4b48-b92c-2cc382d5dbeb] Reconnected to AMQP server on rabbitmq-neutron.openstack.svc.cluster.local:5672 via [amqp] client with port 53924.
2026-07-02 05:52:00.054 7 INFO neutron.pecan_wsgi.hooks.translation [None req-bc27eacb-ec15-4883-99e0-3cc49c91b3d2 0d72361828364e73b071ada914f8d396 d8685067df494e59b1e8ac80c9e1876d - - default default] GET failed (client error): The resource could not be found. [pid: 7|app: 0|req: 35/68] 199.204.45.248 () {44 vars in 938 bytes} [Thu Jul 2 05:51:59 2026] GET /v2.0/networks/lb-mgmt-net => generated 113 bytes in 78 msecs (HTTP/1.1 404) 4 headers in 164 bytes (1 switches on core 0)
2026-07-02 05:52:00.256 8 INFO oslo.messaging._drivers.impl_rabbit [-] [31482642-0562-4904-9df8-419efb739021] Reconnected to AMQP server on rabbitmq-neutron.openstack.svc.cluster.local:5672 via [amqp] client with port 53928. [pid: 8|app: 0|req: 34/69] 199.204.45.248 () {44 vars in 960 bytes} [Thu Jul 2 05:52:00 2026] GET /v2.0/networks?name=lb-mgmt-net => generated 691 bytes in 206 msecs (HTTP/1.1 200) 4 headers in 157 bytes (1 switches on core 0)
2026-07-02 05:52:00.285 7 INFO neutron.pecan_wsgi.hooks.translation [None req-343da426-819b-4eb2-a26f-3684ceca3ec8 0d72361828364e73b071ada914f8d396 d8685067df494e59b1e8ac80c9e1876d - - default default] GET failed (client error): The resource could not be found. [pid: 7|app: 0|req: 36/70] 199.204.45.248 () {44 vars in 1037 bytes} [Thu Jul 2 05:52:00 2026] GET /v2.0/subnets/lb-mgmt-subnet?network_id=f2b06154-fc0c-4b78-9c00-ae08e3ccdaee => generated 114 bytes in 11 msecs (HTTP/1.1 404) 4 headers in 164 bytes (1 switches on core 0) [pid: 8|app: 0|req: 35/71] 199.204.45.248 () {44 vars in 1060 bytes} [Thu Jul 2 05:52:00 2026] GET /v2.0/subnets?name=lb-mgmt-subnet&network_id=f2b06154-fc0c-4b78-9c00-ae08e3ccdaee => generated 14 bytes in 15 msecs (HTTP/1.1 200) 4 headers in 156 bytes (1 switches on core 0) [pid: 7|app: 0|req: 37/72] 199.204.45.248 () {48 vars in 966 bytes} [Thu Jul 2 05:52:00 2026] POST /v2.0/subnets => generated 651 bytes in 195 msecs (HTTP/1.1 201) 4 headers in 162 bytes (1 switches on core 0)
