2026-06-26 11:33:42.524 8 INFO placement.requestlog [None req-c2208573-df36-4ba5-a939-98ba7de2ac97 cb51d66a98b141478ec3ad2fc4d2ae71 c18dd72c99474da880ff28c31d939184 - - f6b57b0b87a941c1a3a19226d1dcc99f f6b57b0b87a941c1a3a19226d1dcc99f] 10.0.0.201 "GET /resource_providers/f32b68ab-4c14-42b6-a83c-df8516cd43a0/aggregates" status: 404 len: 235 microversion: 1.1 [pid: 8|app: 0|req: 557/1107] 10.0.0.201 () {32 vars in 816 bytes} [Fri Jun 26 11:33:42 2026] GET /resource_providers/f32b68ab-4c14-42b6-a83c-df8516cd43a0/aggregates => generated 235 bytes in 7 msecs (HTTP/1.1 404) 5 headers in 202 bytes (1 switches on core 0)
2026-06-26 11:33:42.528 7 INFO placement.requestlog [None req-73ce84a7-5b71-45ce-ab00-d97bd7390dc7 cb51d66a98b141478ec3ad2fc4d2ae71 c18dd72c99474da880ff28c31d939184 - - f6b57b0b87a941c1a3a19226d1dcc99f f6b57b0b87a941c1a3a19226d1dcc99f] 10.0.0.201 "GET /resource_providers/f32b68ab-4c14-42b6-a83c-df8516cd43a0/aggregates" status: 404 len: 235 microversion: 1.1 [pid: 7|app: 0|req: 551/1108] 10.0.0.201 () {32 vars in 816 bytes} [Fri Jun 26 11:33:42 2026] GET /resource_providers/f32b68ab-4c14-42b6-a83c-df8516cd43a0/aggregates => generated 235 bytes in 12 msecs (HTTP/1.1 404) 5 headers in 202 bytes (1 switches on core 0)
2026-06-26 11:33:42.547 8 INFO placement.requestlog [None req-6e741d4d-f627-43d1-bf88-50d155503f60 cb51d66a98b141478ec3ad2fc4d2ae71 c18dd72c99474da880ff28c31d939184 - - f6b57b0b87a941c1a3a19226d1dcc99f f6b57b0b87a941c1a3a19226d1dcc99f] 10.0.0.201 "DELETE /resource_providers/f32b68ab-4c14-42b6-a83c-df8516cd43a0" status: 404 len: 246 microversion: 1.1 [pid: 8|app: 0|req: 558/1109] 10.0.0.201 () {34 vars in 816 bytes} [Fri Jun 26 11:33:42 2026] DELETE /resource_providers/f32b68ab-4c14-42b6-a83c-df8516cd43a0 => generated 246 bytes in 8 msecs (HTTP/1.1 404) 6 headers in 231 bytes (1 switches on core 0)
2026-06-26 11:33:42.551 7 INFO placement.requestlog [None req-3d33c424-b398-4961-b215-d7ebc7f07725 cb51d66a98b141478ec3ad2fc4d2ae71 c18dd72c99474da880ff28c31d939184 - - f6b57b0b87a941c1a3a19226d1dcc99f f6b57b0b87a941c1a3a19226d1dcc99f] 10.0.0.201 "DELETE /resource_providers/f32b68ab-4c14-42b6-a83c-df8516cd43a0" status: 404 len: 246 microversion: 1.1 [pid: 7|app: 0|req: 552/1110] 10.0.0.201 () {34 vars in 816 bytes} [Fri Jun 26 11:33:42 2026] DELETE /resource_providers/f32b68ab-4c14-42b6-a83c-df8516cd43a0 => generated 246 bytes in 11 msecs (HTTP/1.1 404) 6 headers in 231 bytes (1 switches on core 0)
2026-06-26 11:33:49.362 7 INFO placement.requestlog [None req-5bd87492-7e96-4a8f-afa2-97fef40d2517 cb51d66a98b141478ec3ad2fc4d2ae71 c18dd72c99474da880ff28c31d939184 - - f6b57b0b87a941c1a3a19226d1dcc99f f6b57b0b87a941c1a3a19226d1dcc99f] 10.0.0.201 "GET /resource_providers/c98f217a-beff-4538-a625-2d057ed4cadb/aggregates" status: 404 len: 235 microversion: 1.1 [pid: 7|app: 0|req: 553/1111] 10.0.0.201 () {32 vars in 816 bytes} [Fri Jun 26 11:33:49 2026] GET /resource_providers/c98f217a-beff-4538-a625-2d057ed4cadb/aggregates => generated 235 bytes in 10 msecs (HTTP/1.1 404) 5 headers in 202 bytes (1 switches on core 0)
2026-06-26 11:33:49.364 8 INFO placement.requestlog [None req-87c47239-6a51-469d-9d18-3f4183925ab9 cb51d66a98b141478ec3ad2fc4d2ae71 c18dd72c99474da880ff28c31d939184 - - f6b57b0b87a941c1a3a19226d1dcc99f f6b57b0b87a941c1a3a19226d1dcc99f] 10.0.0.201 "GET /resource_providers/c98f217a-beff-4538-a625-2d057ed4cadb/aggregates" status: 404 len: 235 microversion: 1.1 [pid: 8|app: 0|req: 559/1112] 10.0.0.201 () {32 vars in 816 bytes} [Fri Jun 26 11:33:49 2026] GET /resource_providers/c98f217a-beff-4538-a625-2d057ed4cadb/aggregates => generated 235 bytes in 12 msecs (HTTP/1.1 404) 5 headers in 202 bytes (1 switches on core 0)
2026-06-26 11:33:49.393 7 INFO placement.requestlog [None req-861bfb37-0805-4916-a1da-6c6a50c15b85 cb51d66a98b141478ec3ad2fc4d2ae71 c18dd72c99474da880ff28c31d939184 - - f6b57b0b87a941c1a3a19226d1dcc99f f6b57b0b87a941c1a3a19226d1dcc99f] 10.0.0.201 "DELETE /resource_providers/c98f217a-beff-4538-a625-2d057ed4cadb" status: 404 len: 246 microversion: 1.1 [pid: 7|app: 0|req: 554/1113] 10.0.0.201 () {34 vars in 816 bytes} [Fri Jun 26 11:33:49 2026] DELETE /resource_providers/c98f217a-beff-4538-a625-2d057ed4cadb => generated 246 bytes in 11 msecs (HTTP/1.1 404) 6 headers in 231 bytes (1 switches on core 0)
2026-06-26 11:33:49.393 8 INFO placement.requestlog [None req-ed940cb6-a807-4cdc-823f-7d5246ee6a6d cb51d66a98b141478ec3ad2fc4d2ae71 c18dd72c99474da880ff28c31d939184 - - f6b57b0b87a941c1a3a19226d1dcc99f f6b57b0b87a941c1a3a19226d1dcc99f] 10.0.0.201 "DELETE /resource_providers/c98f217a-beff-4538-a625-2d057ed4cadb" status: 404 len: 246 microversion: 1.1 [pid: 8|app: 0|req: 560/1114] 10.0.0.201 () {34 vars in 816 bytes} [Fri Jun 26 11:33:49 2026] DELETE /resource_providers/c98f217a-beff-4538-a625-2d057ed4cadb => generated 246 bytes in 11 msecs (HTTP/1.1 404) 6 headers in 231 bytes (1 switches on core 0)
2026-06-26 11:33:51.207 7 INFO placement.requestlog [None req-485de428-0797-42f6-8613-9cf1f6a0f7c5 - - - - - -] 10.0.0.13 "GET /" status: 200 len: 136 microversion: 1.0
2026-06-26 11:33:51.207 8 INFO placement.requestlog [None req-9d0d5d40-9bc3-4c91-ae5a-e9aabed4792e - - - - - -] 10.0.0.13 "GET /" status: 200 len: 136 microversion: 1.0
2026-06-26 11:34:01.205 8 INFO placement.requestlog [None req-936513b2-80e4-447e-b224-0c1d1239891c - - - - - -] 10.0.0.13 "GET /" status: 200 len: 136 microversion: 1.0
2026-06-26 11:34:01.206 7 INFO placement.requestlog [None req-de8e7acb-d8f5-439c-bcaa-d170cbbefc65 - - - - - -] 10.0.0.13 "GET /" status: 200 len: 136 microversion: 1.0
2026-06-26 11:34:01.925 8 INFO placement.requestlog [None req-028b6227-9dfb-418f-a2d6-76a0064d19f9 cb51d66a98b141478ec3ad2fc4d2ae71 c18dd72c99474da880ff28c31d939184 - - f6b57b0b87a941c1a3a19226d1dcc99f f6b57b0b87a941c1a3a19226d1dcc99f] 10.0.0.201 "GET /resource_providers/9e2d54f3-8bd5-4bd0-9f9d-1a935916c5f6/aggregates" status: 404 len: 235 microversion: 1.1
2026-06-26 11:34:01.925 7 INFO placement.requestlog [None req-5874830d-2d92-4214-a3de-36a76f22ef12 cb51d66a98b141478ec3ad2fc4d2ae71 c18dd72c99474da880ff28c31d939184 - - f6b57b0b87a941c1a3a19226d1dcc99f f6b57b0b87a941c1a3a19226d1dcc99f] 10.0.0.201 "GET /resource_providers/9e2d54f3-8bd5-4bd0-9f9d-1a935916c5f6/aggregates" status: 404 len: 235 microversion: 1.1 [pid: 8|app: 0|req: 563/1119] 10.0.0.201 () {32 vars in 816 bytes} [Fri Jun 26 11:34:01 2026] GET /resource_providers/9e2d54f3-8bd5-4bd0-9f9d-1a935916c5f6/aggregates => generated 235 bytes in 17 msecs (HTTP/1.1 404) 5 headers in 202 bytes (1 switches on core 0) [pid: 7|app: 0|req: 557/1120] 10.0.0.201 () {32 vars in 816 bytes} [Fri Jun 26 11:34:01 2026] GET /resource_providers/9e2d54f3-8bd5-4bd0-9f9d-1a935916c5f6/aggregates => generated 235 bytes in 13 msecs (HTTP/1.1 404) 5 headers in 202 bytes (1 switches on core 0)
2026-06-26 11:34:01.953 7 INFO placement.requestlog [None req-e69a29a2-91c4-4873-902d-9507bb0b854a cb51d66a98b141478ec3ad2fc4d2ae71 c18dd72c99474da880ff28c31d939184 - - f6b57b0b87a941c1a3a19226d1dcc99f f6b57b0b87a941c1a3a19226d1dcc99f] 10.0.0.201 "DELETE /resource_providers/9e2d54f3-8bd5-4bd0-9f9d-1a935916c5f6" status: 404 len: 246 microversion: 1.1 [pid: 7|app: 0|req: 558/1121] 10.0.0.201 () {34 vars in 816 bytes} [Fri Jun 26 11:34:01 2026] DELETE /resource_providers/9e2d54f3-8bd5-4bd0-9f9d-1a935916c5f6 => generated 246 bytes in 9 msecs (HTTP/1.1 404) 6 headers in 231 bytes (1 switches on core 0)
2026-06-26 11:34:01.956 8 INFO placement.requestlog [None req-b8db23d9-4cf1-420b-af75-88747e29cd4f cb51d66a98b141478ec3ad2fc4d2ae71 c18dd72c99474da880ff28c31d939184 - - f6b57b0b87a941c1a3a19226d1dcc99f f6b57b0b87a941c1a3a19226d1dcc99f] 10.0.0.201 "DELETE /resource_providers/9e2d54f3-8bd5-4bd0-9f9d-1a935916c5f6" status: 404 len: 246 microversion: 1.1 [pid: 8|app: 0|req: 564/1122] 10.0.0.201 () {34 vars in 816 bytes} [Fri Jun 26 11:34:01 2026] DELETE /resource_providers/9e2d54f3-8bd5-4bd0-9f9d-1a935916c5f6 => generated 246 bytes in 12 msecs (HTTP/1.1 404) 6 headers in 231 bytes (1 switches on core 0)
2026-06-26 11:34:02.158 7 INFO placement.requestlog [None req-9c99e7a2-ec7d-40f0-92c2-c0a7b73131c9 cb51d66a98b141478ec3ad2fc4d2ae71 c18dd72c99474da880ff28c31d939184 - - f6b57b0b87a941c1a3a19226d1dcc99f f6b57b0b87a941c1a3a19226d1dcc99f] 10.0.0.201 "GET /resource_providers/45936c3b-cfdf-4f66-9491-47d39f08a146/aggregates" status: 404 len: 235 microversion: 1.1 [pid: 7|app: 0|req: 559/1123] 10.0.0.201 () {32 vars in 816 bytes} [Fri Jun 26 11:34:02 2026] GET /resource_providers/45936c3b-cfdf-4f66-9491-47d39f08a146/aggregates => generated 235 bytes in 8 msecs (HTTP/1.1 404) 5 headers in 202 bytes (1 switches on core 0)
2026-06-26 11:34:02.160 8 INFO placement.requestlog [None req-53530550-cea7-482a-8a4d-cf9dac87f2d9 cb51d66a98b141478ec3ad2fc4d2ae71 c18dd72c99474da880ff28c31d939184 - - f6b57b0b87a941c1a3a19226d1dcc99f f6b57b0b87a941c1a3a19226d1dcc99f] 10.0.0.201 "GET /resource_providers/45936c3b-cfdf-4f66-9491-47d39f08a146/aggregates" status: 404 len: 235 microversion: 1.1 [pid: 8|app: 0|req: 565/1124] 10.0.0.201 () {32 vars in 816 bytes} [Fri Jun 26 11:34:02 2026] GET /resource_providers/45936c3b-cfdf-4f66-9491-47d39f08a146/aggregates => generated 235 bytes in 10 msecs (HTTP/1.1 404) 5 headers in 202 bytes (1 switches on core 0)
2026-06-26 11:34:02.183 8 INFO placement.requestlog [None req-7aea0e9b-ca64-4451-9f45-3ee950878632 cb51d66a98b141478ec3ad2fc4d2ae71 c18dd72c99474da880ff28c31d939184 - - f6b57b0b87a941c1a3a19226d1dcc99f f6b57b0b87a941c1a3a19226d1dcc99f] 10.0.0.201 "DELETE /resource_providers/45936c3b-cfdf-4f66-9491-47d39f08a146" status: 404 len: 246 microversion: 1.1 [pid: 8|app: 0|req: 566/1125] 10.0.0.201 () {34 vars in 816 bytes} [Fri Jun 26 11:34:02 2026] DELETE /resource_providers/45936c3b-cfdf-4f66-9491-47d39f08a146 => generated 246 bytes in 10 msecs (HTTP/1.1 404) 6 headers in 231 bytes (1 switches on core 0)
2026-06-26 11:34:02.184 7 INFO placement.requestlog [None req-1a63e072-4760-4277-894c-08302f36afa5 cb51d66a98b141478ec3ad2fc4d2ae71 c18dd72c99474da880ff28c31d939184 - - f6b57b0b87a941c1a3a19226d1dcc99f f6b57b0b87a941c1a3a19226d1dcc99f] 10.0.0.201 "DELETE /resource_providers/45936c3b-cfdf-4f66-9491-47d39f08a146" status: 404 len: 246 microversion: 1.1 [pid: 7|app: 0|req: 560/1126] 10.0.0.201 () {34 vars in 816 bytes} [Fri Jun 26 11:34:02 2026] DELETE /resource_providers/45936c3b-cfdf-4f66-9491-47d39f08a146 => generated 246 bytes in 11 msecs (HTTP/1.1 404) 6 headers in 231 bytes (1 switches on core 0)
2026-06-26 11:34:04.220 8 INFO placement.requestlog [None req-f72a07c2-57c4-4813-9cb4-186e1918635d cb51d66a98b141478ec3ad2fc4d2ae71 c18dd72c99474da880ff28c31d939184 - - f6b57b0b87a941c1a3a19226d1dcc99f f6b57b0b87a941c1a3a19226d1dcc99f] 10.0.0.201 "GET /resource_providers/264db491-c3a8-4929-a908-dc5653710988/aggregates" status: 404 len: 235 microversion: 1.1 [pid: 8|app: 0|req: 567/1127] 10.0.0.201 () {32 vars in 816 bytes} [Fri Jun 26 11:34:04 2026] GET /resource_providers/264db491-c3a8-4929-a908-dc5653710988/aggregates => generated 235 bytes in 11 msecs (HTTP/1.1 404) 5 headers in 202 bytes (1 switches on core 0)
2026-06-26 11:34:04.222 7 INFO placement.requestlog [None req-60f9d23c-2fc6-4792-8acf-c6d909ebd7d2 cb51d66a98b141478ec3ad2fc4d2ae71 c18dd72c99474da880ff28c31d939184 - - f6b57b0b87a941c1a3a19226d1dcc99f f6b57b0b87a941c1a3a19226d1dcc99f] 10.0.0.201 "GET /resource_providers/264db491-c3a8-4929-a908-dc5653710988/aggregates" status: 404 len: 235 microversion: 1.1 [pid: 7|app: 0|req: 561/1128] 10.0.0.201 () {32 vars in 816 bytes} [Fri Jun 26 11:34:04 2026] GET /resource_providers/264db491-c3a8-4929-a908-dc5653710988/aggregates => generated 235 bytes in 13 msecs (HTTP/1.1 404) 5 headers in 202 bytes (1 switches on core 0)
2026-06-26 11:34:04.243 7 INFO placement.requestlog [None req-e2597bd6-a55d-4044-a76c-cde86fdc4e55 cb51d66a98b141478ec3ad2fc4d2ae71 c18dd72c99474da880ff28c31d939184 - - f6b57b0b87a941c1a3a19226d1dcc99f f6b57b0b87a941c1a3a19226d1dcc99f] 10.0.0.201 "DELETE /resource_providers/264db491-c3a8-4929-a908-dc5653710988" status: 404 len: 246 microversion: 1.1 [pid: 7|app: 0|req: 562/1129] 10.0.0.201 () {34 vars in 816 bytes} [Fri Jun 26 11:34:04 2026] DELETE /resource_providers/264db491-c3a8-4929-a908-dc5653710988 => generated 246 bytes in 9 msecs (HTTP/1.1 404) 6 headers in 231 bytes (1 switches on core 0)
2026-06-26 11:34:04.245 8 INFO placement.requestlog [None req-6aae6639-e6f8-4c2e-97c1-83195a8b01aa cb51d66a98b141478ec3ad2fc4d2ae71 c18dd72c99474da880ff28c31d939184 - - f6b57b0b87a941c1a3a19226d1dcc99f f6b57b0b87a941c1a3a19226d1dcc99f] 10.0.0.201 "DELETE /resource_providers/264db491-c3a8-4929-a908-dc5653710988" status: 404 len: 246 microversion: 1.1 [pid: 8|app: 0|req: 568/1130] 10.0.0.201 () {34 vars in 816 bytes} [Fri Jun 26 11:34:04 2026] DELETE /resource_providers/264db491-c3a8-4929-a908-dc5653710988 => generated 246 bytes in 11 msecs (HTTP/1.1 404) 6 headers in 231 bytes (1 switches on core 0)
2026-06-26 11:34:04.260 7 INFO placement.requestlog [None req-6a2e8952-1740-4174-a556-797684eb0ba3 cb51d66a98b141478ec3ad2fc4d2ae71 c18dd72c99474da880ff28c31d939184 - - f6b57b0b87a941c1a3a19226d1dcc99f f6b57b0b87a941c1a3a19226d1dcc99f] 10.0.0.201 "GET /resource_providers/9c073501-b612-4f7c-a5cd-f45da530762c/aggregates" status: 404 len: 235 microversion: 1.1 [pid: 7|app: 0|req: 563/1131] 10.0.0.201 () {32 vars in 816 bytes} [Fri Jun 26 11:34:04 2026] GET /resource_providers/9c073501-b612-4f7c-a5cd-f45da530762c/aggregates => generated 235 bytes in 9 msecs (HTTP/1.1 404) 5 headers in 202 bytes (1 switches on core 0)
2026-06-26 11:34:04.267 8 INFO placement.requestlog [None req-037a4e36-d18d-4e2a-af35-d058d9955574 cb51d66a98b141478ec3ad2fc4d2ae71 c18dd72c99474da880ff28c31d939184 - - f6b57b0b87a941c1a3a19226d1dcc99f f6b57b0b87a941c1a3a19226d1dcc99f] 10.0.0.201 "GET /resource_providers/9c073501-b612-4f7c-a5cd-f45da530762c/aggregates" status: 404 len: 235 microversion: 1.1 [pid: 8|app: 0|req: 569/1132] 10.0.0.201 () {32 vars in 816 bytes} [Fri Jun 26 11:34:04 2026] GET /resource_providers/9c073501-b612-4f7c-a5cd-f45da530762c/aggregates => generated 235 bytes in 12 msecs (HTTP/1.1 404) 5 headers in 202 bytes (1 switches on core 0)
2026-06-26 11:34:04.279 7 INFO placement.requestlog [None req-987ca5ec-db04-4fe3-af18-3b62acb36014 cb51d66a98b141478ec3ad2fc4d2ae71 c18dd72c99474da880ff28c31d939184 - - f6b57b0b87a941c1a3a19226d1dcc99f f6b57b0b87a941c1a3a19226d1dcc99f] 10.0.0.201 "DELETE /resource_providers/9c073501-b612-4f7c-a5cd-f45da530762c" status: 404 len: 246 microversion: 1.1 [pid: 7|app: 0|req: 564/1133] 10.0.0.201 () {34 vars in 816 bytes} [Fri Jun 26 11:34:04 2026] DELETE /resource_providers/9c073501-b612-4f7c-a5cd-f45da530762c => generated 246 bytes in 10 msecs (HTTP/1.1 404) 6 headers in 231 bytes (1 switches on core 0)
2026-06-26 11:34:04.286 8 INFO placement.requestlog [None req-1f6bed6b-c5f3-42fa-9297-74b2bdd7bc9f cb51d66a98b141478ec3ad2fc4d2ae71 c18dd72c99474da880ff28c31d939184 - - f6b57b0b87a941c1a3a19226d1dcc99f f6b57b0b87a941c1a3a19226d1dcc99f] 10.0.0.201 "DELETE /resource_providers/9c073501-b612-4f7c-a5cd-f45da530762c" status: 404 len: 246 microversion: 1.1 [pid: 8|app: 0|req: 570/1134] 10.0.0.201 () {34 vars in 816 bytes} [Fri Jun 26 11:34:04 2026] DELETE /resource_providers/9c073501-b612-4f7c-a5cd-f45da530762c => generated 246 bytes in 9 msecs (HTTP/1.1 404) 6 headers in 231 bytes (1 switches on core 0)
2026-06-26 11:34:04.453 8 INFO placement.requestlog [None req-912e1545-512b-476e-9cca-c1a9b43424d7 cb51d66a98b141478ec3ad2fc4d2ae71 c18dd72c99474da880ff28c31d939184 - - f6b57b0b87a941c1a3a19226d1dcc99f f6b57b0b87a941c1a3a19226d1dcc99f] 10.0.0.201 "GET /resource_providers/62ca43c8-096c-4765-a9e7-7de803b77b91/aggregates" status: 404 len: 235 microversion: 1.1 [pid: 8|app: 0|req: 571/1135] 10.0.0.201 () {32 vars in 816 bytes} [Fri Jun 26 11:34:04 2026] GET /resource_providers/62ca43c8-096c-4765-a9e7-7de803b77b91/aggregates => generated 235 bytes in 10 msecs (HTTP/1.1 404) 5 headers in 202 bytes (1 switches on core 0)
2026-06-26 11:34:04.455 7 INFO placement.requestlog [None req-7d4978a7-4789-4f5a-a0de-7956793b3238 cb51d66a98b141478ec3ad2fc4d2ae71 c18dd72c99474da880ff28c31d939184 - - f6b57b0b87a941c1a3a19226d1dcc99f f6b57b0b87a941c1a3a19226d1dcc99f] 10.0.0.201 "GET /resource_providers/62ca43c8-096c-4765-a9e7-7de803b77b91/aggregates" status: 404 len: 235 microversion: 1.1 [pid: 7|app: 0|req: 565/1136] 10.0.0.201 () {32 vars in 816 bytes} [Fri Jun 26 11:34:04 2026] GET /resource_providers/62ca43c8-096c-4765-a9e7-7de803b77b91/aggregates => generated 235 bytes in 13 msecs (HTTP/1.1 404) 5 headers in 202 bytes (1 switches on core 0)
2026-06-26 11:34:04.473 7 INFO placement.requestlog [None req-92b49fd8-269f-473c-befa-af889b787c51 cb51d66a98b141478ec3ad2fc4d2ae71 c18dd72c99474da880ff28c31d939184 - - f6b57b0b87a941c1a3a19226d1dcc99f f6b57b0b87a941c1a3a19226d1dcc99f] 10.0.0.201 "DELETE /resource_providers/62ca43c8-096c-4765-a9e7-7de803b77b91" status: 404 len: 246 microversion: 1.1 [pid: 7|app: 0|req: 566/1137] 10.0.0.201 () {34 vars in 816 bytes} [Fri Jun 26 11:34:04 2026] DELETE /resource_providers/62ca43c8-096c-4765-a9e7-7de803b77b91 => generated 246 bytes in 7 msecs (HTTP/1.1 404) 6 headers in 231 bytes (1 switches on core 0)
2026-06-26 11:34:04.474 8 INFO placement.requestlog [None req-7261f9df-f71f-4479-8892-c2d4ae007213 cb51d66a98b141478ec3ad2fc4d2ae71 c18dd72c99474da880ff28c31d939184 - - f6b57b0b87a941c1a3a19226d1dcc99f f6b57b0b87a941c1a3a19226d1dcc99f] 10.0.0.201 "DELETE /resource_providers/62ca43c8-096c-4765-a9e7-7de803b77b91" status: 404 len: 246 microversion: 1.1 [pid: 8|app: 0|req: 572/1138] 10.0.0.201 () {34 vars in 816 bytes} [Fri Jun 26 11:34:04 2026] DELETE /resource_providers/62ca43c8-096c-4765-a9e7-7de803b77b91 => generated 246 bytes in 10 msecs (HTTP/1.1 404) 6 headers in 231 bytes (1 switches on core 0)
2026-06-26 11:34:11.206 7 INFO placement.requestlog [None req-3f684779-9572-4aa1-8244-a1009ba952b7 - - - - - -] 10.0.0.13 "GET /" status: 200 len: 136 microversion: 1.0
2026-06-26 11:34:11.206 8 INFO placement.requestlog [None req-610dc24d-a42c-418a-90e2-0a9818fe4f1a - - - - - -] 10.0.0.13 "GET /" status: 200 len: 136 microversion: 1.0
2026-06-26 11:34:19.637 8 INFO placement.requestlog [req-cc40722d-5ce3-4d9a-bf1b-bd2294e0176a req-d63a8d3f-857e-4f6c-9030-2e1d41222070 821411f640c74b5b9000306900f006c7 c18dd72c99474da880ff28c31d939184 - - f6b57b0b87a941c1a3a19226d1dcc99f f6b57b0b87a941c1a3a19226d1dcc99f] 10.0.0.79 "GET /allocation_candidates?limit=1000&resources=DISK_GB%3A1%2CMEMORY_MB%3A512%2CVCPU%3A1&root_required=%21COMPUTE_STATUS_DISABLED" status: 200 len: 2147 microversion: 1.36 [pid: 8|app: 0|req: 574/1141] 10.0.0.79 () {34 vars in 1011 bytes} [Fri Jun 26 11:34:19 2026] GET /allocation_candidates?limit=1000&resources=DISK_GB%3A1%2CMEMORY_MB%3A512%2CVCPU%3A1&root_required=%21COMPUTE_STATUS_DISABLED => generated 2147 bytes in 47 msecs (HTTP/1.1 200) 8 headers in 297 bytes (1 switches on core 0)
2026-06-26 11:34:19.668 7 INFO placement.requestlog [req-cc40722d-5ce3-4d9a-bf1b-bd2294e0176a req-da8c241b-198d-4fed-a075-95058dc586bc 821411f640c74b5b9000306900f006c7 c18dd72c99474da880ff28c31d939184 - - f6b57b0b87a941c1a3a19226d1dcc99f f6b57b0b87a941c1a3a19226d1dcc99f] 10.0.0.79 "GET /allocations/58b04823-64ba-40ee-98a0-44e1a26d14c9" status: 200 len: 19 microversion: 1.28 [pid: 7|app: 0|req: 568/1142] 10.0.0.79 () {34 vars in 860 bytes} [Fri Jun 26 11:34:19 2026] GET /allocations/58b04823-64ba-40ee-98a0-44e1a26d14c9 => generated 19 bytes in 13 msecs (HTTP/1.1 200) 8 headers in 295 bytes (1 switches on core 0)
2026-06-26 11:34:19.732 8 INFO placement.requestlog [req-cc40722d-5ce3-4d9a-bf1b-bd2294e0176a req-2d595ac1-baaa-4e82-9b9e-02432336510b 821411f640c74b5b9000306900f006c7 c18dd72c99474da880ff28c31d939184 - - f6b57b0b87a941c1a3a19226d1dcc99f f6b57b0b87a941c1a3a19226d1dcc99f] 10.0.0.79 "PUT /allocations/58b04823-64ba-40ee-98a0-44e1a26d14c9" status: 204 len: 0 microversion: 1.36 [pid: 8|app: 0|req: 575/1143] 10.0.0.79 () {38 vars in 913 bytes} [Fri Jun 26 11:34:19 2026] PUT /allocations/58b04823-64ba-40ee-98a0-44e1a26d14c9 => generated 0 bytes in 56 msecs (HTTP/1.1 204) 5 headers in 199 bytes (1 switches on core 0)
2026-06-26 11:34:19.960 7 INFO placement.requestlog [req-cc40722d-5ce3-4d9a-bf1b-bd2294e0176a req-76443f0d-d256-4b7e-92e0-0b57fb22a9a4 821411f640c74b5b9000306900f006c7 c18dd72c99474da880ff28c31d939184 - - f6b57b0b87a941c1a3a19226d1dcc99f f6b57b0b87a941c1a3a19226d1dcc99f] 199.19.213.91 "GET /allocations/58b04823-64ba-40ee-98a0-44e1a26d14c9" status: 200 len: 258 microversion: 1.28 [pid: 7|app: 0|req: 569/1144] 199.19.213.91 () {34 vars in 862 bytes} [Fri Jun 26 11:34:19 2026] GET /allocations/58b04823-64ba-40ee-98a0-44e1a26d14c9 => generated 258 bytes in 11 msecs (HTTP/1.1 200) 8 headers in 296 bytes (1 switches on core 0)
2026-06-26 11:34:20.061 8 INFO placement.requestlog [req-cc40722d-5ce3-4d9a-bf1b-bd2294e0176a req-d8f63609-4f65-4842-9be1-2c6975c6f2c0 821411f640c74b5b9000306900f006c7 c18dd72c99474da880ff28c31d939184 - - f6b57b0b87a941c1a3a19226d1dcc99f f6b57b0b87a941c1a3a19226d1dcc99f] 199.19.213.91 "GET /resource_providers/72eeb8fc-2e9b-40d7-8f28-762fc14fdb9a/allocations" status: 200 len: 153 microversion: 1.0 [pid: 8|app: 0|req: 576/1145] 199.19.213.91 () {32 vars in 856 bytes} [Fri Jun 26 11:34:20 2026] GET /resource_providers/72eeb8fc-2e9b-40d7-8f28-762fc14fdb9a/allocations => generated 153 bytes in 16 msecs (HTTP/1.1 200) 6 headers in 224 bytes (1 switches on core 0)
2026-06-26 11:34:20.085 7 INFO placement.requestlog [req-cc40722d-5ce3-4d9a-bf1b-bd2294e0176a req-8c2dd362-ab10-49c1-ac19-f4abcf37164c 821411f640c74b5b9000306900f006c7 c18dd72c99474da880ff28c31d939184 - - f6b57b0b87a941c1a3a19226d1dcc99f f6b57b0b87a941c1a3a19226d1dcc99f] 199.19.213.91 "GET /allocations/58b04823-64ba-40ee-98a0-44e1a26d14c9" status: 200 len: 258 microversion: 1.28 [pid: 7|app: 0|req: 570/1146] 199.19.213.91 () {34 vars in 862 bytes} [Fri Jun 26 11:34:20 2026] GET /allocations/58b04823-64ba-40ee-98a0-44e1a26d14c9 => generated 258 bytes in 17 msecs (HTTP/1.1 200) 8 headers in 296 bytes (1 switches on core 0)
2026-06-26 11:34:21.205 8 INFO placement.requestlog [None req-0a748c42-2d4b-45ae-abc8-8e311fc4591d - - - - - -] 10.0.0.13 "GET /" status: 200 len: 136 microversion: 1.0
2026-06-26 11:34:21.206 7 INFO placement.requestlog [None req-3b96fb41-19d7-4967-8f93-bd345c97e8a3 - - - - - -] 10.0.0.13 "GET /" status: 200 len: 136 microversion: 1.0
2026-06-26 11:34:27.041 8 INFO placement.requestlog [req-0a0c73ed-e8e4-427e-abbe-9cf7736c967d req-510d0fe6-3673-47cf-b332-890c848415e8 821411f640c74b5b9000306900f006c7 c18dd72c99474da880ff28c31d939184 - - f6b57b0b87a941c1a3a19226d1dcc99f f6b57b0b87a941c1a3a19226d1dcc99f] 10.0.0.79 "GET /allocation_candidates?limit=1000&resources=DISK_GB%3A1%2CMEMORY_MB%3A512%2CVCPU%3A1&root_required=%21COMPUTE_STATUS_DISABLED" status: 200 len: 2149 microversion: 1.36 [pid: 8|app: 0|req: 578/1149] 10.0.0.79 () {34 vars in 1011 bytes} [Fri Jun 26 11:34:26 2026] GET /allocation_candidates?limit=1000&resources=DISK_GB%3A1%2CMEMORY_MB%3A512%2CVCPU%3A1&root_required=%21COMPUTE_STATUS_DISABLED => generated 2149 bytes in 42 msecs (HTTP/1.1 200) 8 headers in 297 bytes (1 switches on core 0)
2026-06-26 11:34:27.078 7 INFO placement.requestlog [req-0a0c73ed-e8e4-427e-abbe-9cf7736c967d req-3a88e4b0-fe38-47c3-bac7-18d213786799 821411f640c74b5b9000306900f006c7 c18dd72c99474da880ff28c31d939184 - - f6b57b0b87a941c1a3a19226d1dcc99f f6b57b0b87a941c1a3a19226d1dcc99f] 10.0.0.79 "GET /allocations/1fc25acf-e35f-43cc-b4ab-0cdeeb8f489a" status: 200 len: 19 microversion: 1.28 [pid: 7|app: 0|req: 572/1150] 10.0.0.79 () {34 vars in 860 bytes} [Fri Jun 26 11:34:27 2026] GET /allocations/1fc25acf-e35f-43cc-b4ab-0cdeeb8f489a => generated 19 bytes in 15 msecs (HTTP/1.1 200) 8 headers in 295 bytes (1 switches on core 0)
2026-06-26 11:34:27.141 8 INFO placement.requestlog [req-0a0c73ed-e8e4-427e-abbe-9cf7736c967d req-a5c583ba-4963-42f6-b940-0b23873865f7 821411f640c74b5b9000306900f006c7 c18dd72c99474da880ff28c31d939184 - - f6b57b0b87a941c1a3a19226d1dcc99f f6b57b0b87a941c1a3a19226d1dcc99f] 10.0.0.79 "PUT /allocations/1fc25acf-e35f-43cc-b4ab-0cdeeb8f489a" status: 204 len: 0 microversion: 1.36 [pid: 8|app: 0|req: 579/1151] 10.0.0.79 () {38 vars in 913 bytes} [Fri Jun 26 11:34:27 2026] PUT /allocations/1fc25acf-e35f-43cc-b4ab-0cdeeb8f489a => generated 0 bytes in 58 msecs (HTTP/1.1 204) 5 headers in 199 bytes (1 switches on core 0)
2026-06-26 11:34:27.397 7 INFO placement.requestlog [req-0a0c73ed-e8e4-427e-abbe-9cf7736c967d req-ff8df6c9-0f07-4832-9970-1b5b26e182d2 821411f640c74b5b9000306900f006c7 c18dd72c99474da880ff28c31d939184 - - f6b57b0b87a941c1a3a19226d1dcc99f f6b57b0b87a941c1a3a19226d1dcc99f] 199.19.213.91 "GET /allocations/1fc25acf-e35f-43cc-b4ab-0cdeeb8f489a" status: 200 len: 258 microversion: 1.28 [pid: 7|app: 0|req: 573/1152] 199.19.213.91 () {34 vars in 862 bytes} [Fri Jun 26 11:34:27 2026] GET /allocations/1fc25acf-e35f-43cc-b4ab-0cdeeb8f489a => generated 258 bytes in 21 msecs (HTTP/1.1 200) 8 headers in 296 bytes (1 switches on core 0)
2026-06-26 11:34:27.504 8 INFO placement.requestlog [req-0a0c73ed-e8e4-427e-abbe-9cf7736c967d req-2c660730-cde7-4663-a526-e8d6f12c28b5 821411f640c74b5b9000306900f006c7 c18dd72c99474da880ff28c31d939184 - - f6b57b0b87a941c1a3a19226d1dcc99f f6b57b0b87a941c1a3a19226d1dcc99f] 199.19.213.91 "GET /resource_providers/72eeb8fc-2e9b-40d7-8f28-762fc14fdb9a/allocations" status: 200 len: 253 microversion: 1.0 [pid: 8|app: 0|req: 580/1153] 199.19.213.91 () {32 vars in 856 bytes} [Fri Jun 26 11:34:27 2026] GET /resource_providers/72eeb8fc-2e9b-40d7-8f28-762fc14fdb9a/allocations => generated 253 bytes in 18 msecs (HTTP/1.1 200) 6 headers in 224 bytes (1 switches on core 0)
2026-06-26 11:34:27.531 7 INFO placement.requestlog [req-0a0c73ed-e8e4-427e-abbe-9cf7736c967d req-95c8538e-5ea8-43fb-8d13-b4f19bcd4ebf 821411f640c74b5b9000306900f006c7 c18dd72c99474da880ff28c31d939184 - - f6b57b0b87a941c1a3a19226d1dcc99f f6b57b0b87a941c1a3a19226d1dcc99f] 199.19.213.91 "GET /allocations/58b04823-64ba-40ee-98a0-44e1a26d14c9" status: 200 len: 258 microversion: 1.28 [pid: 7|app: 0|req: 574/1154] 199.19.213.91 () {34 vars in 862 bytes} [Fri Jun 26 11:34:27 2026] GET /allocations/58b04823-64ba-40ee-98a0-44e1a26d14c9 => generated 258 bytes in 19 msecs (HTTP/1.1 200) 8 headers in 296 bytes (1 switches on core 0)
2026-06-26 11:34:27.554 8 INFO placement.requestlog [req-0a0c73ed-e8e4-427e-abbe-9cf7736c967d req-d4695b56-35dc-4ac6-a81a-be367c7ed975 821411f640c74b5b9000306900f006c7 c18dd72c99474da880ff28c31d939184 - - f6b57b0b87a941c1a3a19226d1dcc99f f6b57b0b87a941c1a3a19226d1dcc99f] 199.19.213.91 "GET /allocations/1fc25acf-e35f-43cc-b4ab-0cdeeb8f489a" status: 200 len: 258 microversion: 1.28 [pid: 8|app: 0|req: 581/1155] 199.19.213.91 () {34 vars in 862 bytes} [Fri Jun 26 11:34:27 2026] GET /allocations/1fc25acf-e35f-43cc-b4ab-0cdeeb8f489a => generated 258 bytes in 15 msecs (HTTP/1.1 200) 8 headers in 296 bytes (1 switches on core 0)
2026-06-26 11:34:31.206 8 INFO placement.requestlog [None req-2fe12843-8795-445b-ba77-f747ac3776c7 - - - - - -] 10.0.0.13 "GET /" status: 200 len: 136 microversion: 1.0
2026-06-26 11:34:31.206 7 INFO placement.requestlog [None req-17d8c10f-7b10-46fd-ae3d-dc496b9d4be5 - - - - - -] 10.0.0.13 "GET /" status: 200 len: 136 microversion: 1.0
2026-06-26 11:34:41.206 7 INFO placement.requestlog [None req-6d09ad42-5349-482f-9383-85bcbdde8f33 - - - - - -] 10.0.0.13 "GET /" status: 200 len: 136 microversion: 1.0
2026-06-26 11:34:41.206 8 INFO placement.requestlog [None req-c865c5ec-0c88-4841-ad21-c83740b3f4cd - - - - - -] 10.0.0.13 "GET /" status: 200 len: 136 microversion: 1.0
2026-06-26 11:34:44.797 7 INFO placement.requestlog [req-f03e6c2d-74ca-467a-b02c-ae225eefaf98 req-b7086aa8-273c-47de-a23f-cf7fb11e7a87 821411f640c74b5b9000306900f006c7 c18dd72c99474da880ff28c31d939184 - - f6b57b0b87a941c1a3a19226d1dcc99f f6b57b0b87a941c1a3a19226d1dcc99f] 199.19.213.91 "GET /resource_providers/72eeb8fc-2e9b-40d7-8f28-762fc14fdb9a/allocations" status: 200 len: 253 microversion: 1.0 [pid: 7|app: 0|req: 577/1160] 199.19.213.91 () {32 vars in 856 bytes} [Fri Jun 26 11:34:44 2026] GET /resource_providers/72eeb8fc-2e9b-40d7-8f28-762fc14fdb9a/allocations => generated 253 bytes in 17 msecs (HTTP/1.1 200) 6 headers in 224 bytes (1 switches on core 0)
2026-06-26 11:34:44.821 8 INFO placement.requestlog [req-f03e6c2d-74ca-467a-b02c-ae225eefaf98 req-c0d1bc41-2e60-4f03-83d8-669cbdc6fe42 821411f640c74b5b9000306900f006c7 c18dd72c99474da880ff28c31d939184 - - f6b57b0b87a941c1a3a19226d1dcc99f f6b57b0b87a941c1a3a19226d1dcc99f] 199.19.213.91 "GET /resource_providers/72eeb8fc-2e9b-40d7-8f28-762fc14fdb9a/allocations" status: 200 len: 253 microversion: 1.0 [pid: 8|app: 0|req: 584/1161] 199.19.213.91 () {32 vars in 856 bytes} [Fri Jun 26 11:34:44 2026] GET /resource_providers/72eeb8fc-2e9b-40d7-8f28-762fc14fdb9a/allocations => generated 253 bytes in 16 msecs (HTTP/1.1 200) 6 headers in 224 bytes (1 switches on core 0)
2026-06-26 11:34:44.839 7 INFO placement.requestlog [req-f03e6c2d-74ca-467a-b02c-ae225eefaf98 req-dfabf67c-b9c4-4364-8132-fb02c8c901a5 821411f640c74b5b9000306900f006c7 c18dd72c99474da880ff28c31d939184 - - f6b57b0b87a941c1a3a19226d1dcc99f f6b57b0b87a941c1a3a19226d1dcc99f] 199.19.213.91 "GET /allocations/58b04823-64ba-40ee-98a0-44e1a26d14c9" status: 200 len: 258 microversion: 1.28 [pid: 7|app: 0|req: 578/1162] 199.19.213.91 () {34 vars in 862 bytes} [Fri Jun 26 11:34:44 2026] GET /allocations/58b04823-64ba-40ee-98a0-44e1a26d14c9 => generated 258 bytes in 13 msecs (HTTP/1.1 200) 8 headers in 296 bytes (1 switches on core 0)
2026-06-26 11:34:44.856 8 INFO placement.requestlog [req-f03e6c2d-74ca-467a-b02c-ae225eefaf98 req-b4d4ea35-5470-4761-a11c-ed1b46c71632 821411f640c74b5b9000306900f006c7 c18dd72c99474da880ff28c31d939184 - - f6b57b0b87a941c1a3a19226d1dcc99f f6b57b0b87a941c1a3a19226d1dcc99f] 199.19.213.91 "GET /allocations/1fc25acf-e35f-43cc-b4ab-0cdeeb8f489a" status: 200 len: 258 microversion: 1.28 [pid: 8|app: 0|req: 585/1163] 199.19.213.91 () {34 vars in 862 bytes} [Fri Jun 26 11:34:44 2026] GET /allocations/1fc25acf-e35f-43cc-b4ab-0cdeeb8f489a => generated 258 bytes in 10 msecs (HTTP/1.1 200) 8 headers in 296 bytes (1 switches on core 0)
2026-06-26 11:34:51.205 8 INFO placement.requestlog [None req-7b0a5703-6310-498d-b1bb-464778bce8ce - - - - - -] 10.0.0.13 "GET /" status: 200 len: 136 microversion: 1.0
2026-06-26 11:34:51.205 7 INFO placement.requestlog [None req-02befdc5-a5e6-43d9-826f-d2f6563dc888 - - - - - -] 10.0.0.13 "GET /" status: 200 len: 136 microversion: 1.0
2026-06-26 11:35:00.341 8 INFO placement.requestlog [req-e3a0876f-2dee-4e4d-bb5c-c9c00ead75b4 req-0d691598-accb-48c4-b9cd-1e800fa9314d 821411f640c74b5b9000306900f006c7 c18dd72c99474da880ff28c31d939184 - - f6b57b0b87a941c1a3a19226d1dcc99f f6b57b0b87a941c1a3a19226d1dcc99f] 10.0.0.79 "GET /allocation_candidates?limit=1000&resources=MEMORY_MB%3A2048%2CVCPU%3A2&root_required=%21COMPUTE_STATUS_DISABLED" status: 200 len: 2137 microversion: 1.36 [pid: 8|app: 0|req: 587/1166] 10.0.0.79 () {34 vars in 985 bytes} [Fri Jun 26 11:35:00 2026] GET /allocation_candidates?limit=1000&resources=MEMORY_MB%3A2048%2CVCPU%3A2&root_required=%21COMPUTE_STATUS_DISABLED => generated 2137 bytes in 72 msecs (HTTP/1.1 200) 8 headers in 297 bytes (1 switches on core 0)
2026-06-26 11:35:00.378 7 INFO placement.requestlog [req-e3a0876f-2dee-4e4d-bb5c-c9c00ead75b4 req-eec64548-989f-4093-89b1-8538147ee08f 821411f640c74b5b9000306900f006c7 c18dd72c99474da880ff28c31d939184 - - f6b57b0b87a941c1a3a19226d1dcc99f f6b57b0b87a941c1a3a19226d1dcc99f] 10.0.0.79 "GET /allocations/75e07928-b9ce-4ed3-8fc0-83aa2c28d66e" status: 200 len: 19 microversion: 1.28 [pid: 7|app: 0|req: 580/1167] 10.0.0.79 () {34 vars in 860 bytes} [Fri Jun 26 11:35:00 2026] GET /allocations/75e07928-b9ce-4ed3-8fc0-83aa2c28d66e => generated 19 bytes in 12 msecs (HTTP/1.1 200) 8 headers in 295 bytes (1 switches on core 0)
2026-06-26 11:35:00.449 8 INFO placement.requestlog [req-e3a0876f-2dee-4e4d-bb5c-c9c00ead75b4 req-c5b962d2-b4be-4e99-be33-dba37a8faf0e 821411f640c74b5b9000306900f006c7 c18dd72c99474da880ff28c31d939184 - - f6b57b0b87a941c1a3a19226d1dcc99f f6b57b0b87a941c1a3a19226d1dcc99f] 10.0.0.79 "PUT /allocations/75e07928-b9ce-4ed3-8fc0-83aa2c28d66e" status: 204 len: 0 microversion: 1.36 [pid: 8|app: 0|req: 588/1168] 10.0.0.79 () {38 vars in 913 bytes} [Fri Jun 26 11:35:00 2026] PUT /allocations/75e07928-b9ce-4ed3-8fc0-83aa2c28d66e => generated 0 bytes in 63 msecs (HTTP/1.1 204) 5 headers in 199 bytes (1 switches on core 0)
2026-06-26 11:35:00.706 7 INFO placement.requestlog [req-e3a0876f-2dee-4e4d-bb5c-c9c00ead75b4 req-22bb97f7-354b-4410-a96d-025ad5388826 821411f640c74b5b9000306900f006c7 c18dd72c99474da880ff28c31d939184 - - f6b57b0b87a941c1a3a19226d1dcc99f f6b57b0b87a941c1a3a19226d1dcc99f] 199.19.213.91 "GET /allocations/75e07928-b9ce-4ed3-8fc0-83aa2c28d66e" status: 200 len: 245 microversion: 1.28 [pid: 7|app: 0|req: 581/1169] 199.19.213.91 () {34 vars in 862 bytes} [Fri Jun 26 11:35:00 2026] GET /allocations/75e07928-b9ce-4ed3-8fc0-83aa2c28d66e => generated 245 bytes in 18 msecs (HTTP/1.1 200) 8 headers in 296 bytes (1 switches on core 0)
2026-06-26 11:35:00.816 8 INFO placement.requestlog [req-e3a0876f-2dee-4e4d-bb5c-c9c00ead75b4 req-b9ed3298-9f38-4b4a-a9d8-d2f8bcf38f6c 821411f640c74b5b9000306900f006c7 c18dd72c99474da880ff28c31d939184 - - f6b57b0b87a941c1a3a19226d1dcc99f f6b57b0b87a941c1a3a19226d1dcc99f] 199.19.213.91 "GET /resource_providers/72eeb8fc-2e9b-40d7-8f28-762fc14fdb9a/allocations" status: 200 len: 340 microversion: 1.0 [pid: 8|app: 0|req: 589/1170] 199.19.213.91 () {32 vars in 856 bytes} [Fri Jun 26 11:35:00 2026] GET /resource_providers/72eeb8fc-2e9b-40d7-8f28-762fc14fdb9a/allocations => generated 340 bytes in 21 msecs (HTTP/1.1 200) 6 headers in 224 bytes (1 switches on core 0)
2026-06-26 11:35:00.837 7 INFO placement.requestlog [req-e3a0876f-2dee-4e4d-bb5c-c9c00ead75b4 req-7559c3f0-a13a-4327-a4f3-c08f6bf62a79 821411f640c74b5b9000306900f006c7 c18dd72c99474da880ff28c31d939184 - - f6b57b0b87a941c1a3a19226d1dcc99f f6b57b0b87a941c1a3a19226d1dcc99f] 199.19.213.91 "GET /allocations/58b04823-64ba-40ee-98a0-44e1a26d14c9" status: 200 len: 258 microversion: 1.28 [pid: 7|app: 0|req: 582/1171] 199.19.213.91 () {34 vars in 862 bytes} [Fri Jun 26 11:35:00 2026] GET /allocations/58b04823-64ba-40ee-98a0-44e1a26d14c9 => generated 258 bytes in 13 msecs (HTTP/1.1 200) 8 headers in 296 bytes (1 switches on core 0)
2026-06-26 11:35:00.862 8 INFO placement.requestlog [req-e3a0876f-2dee-4e4d-bb5c-c9c00ead75b4 req-e1ca2c7c-170b-4a9e-a195-95a10c2d50be 821411f640c74b5b9000306900f006c7 c18dd72c99474da880ff28c31d939184 - - f6b57b0b87a941c1a3a19226d1dcc99f f6b57b0b87a941c1a3a19226d1dcc99f] 199.19.213.91 "GET /allocations/1fc25acf-e35f-43cc-b4ab-0cdeeb8f489a" status: 200 len: 258 microversion: 1.28 [pid: 8|app: 0|req: 590/1172] 199.19.213.91 () {34 vars in 862 bytes} [Fri Jun 26 11:35:00 2026] GET /allocations/1fc25acf-e35f-43cc-b4ab-0cdeeb8f489a => generated 258 bytes in 17 msecs (HTTP/1.1 200) 8 headers in 296 bytes (1 switches on core 0)
2026-06-26 11:35:00.886 7 INFO placement.requestlog [req-e3a0876f-2dee-4e4d-bb5c-c9c00ead75b4 req-28fc8af6-92da-469e-97aa-3b429b457168 821411f640c74b5b9000306900f006c7 c18dd72c99474da880ff28c31d939184 - - f6b57b0b87a941c1a3a19226d1dcc99f f6b57b0b87a941c1a3a19226d1dcc99f] 199.19.213.91 "GET /allocations/75e07928-b9ce-4ed3-8fc0-83aa2c28d66e" status: 200 len: 245 microversion: 1.28 [pid: 7|app: 0|req: 583/1173] 199.19.213.91 () {34 vars in 862 bytes} [Fri Jun 26 11:35:00 2026] GET /allocations/75e07928-b9ce-4ed3-8fc0-83aa2c28d66e => generated 245 bytes in 15 msecs (HTTP/1.1 200) 8 headers in 296 bytes (1 switches on core 0)
2026-06-26 11:35:01.206 7 INFO placement.requestlog [None req-e6b7021e-50d2-447d-9f4e-bd9c42ea08f8 - - - - - -] 10.0.0.13 "GET /" status: 200 len: 136 microversion: 1.0
2026-06-26 11:35:01.206 8 INFO placement.requestlog [None req-89199db7-79a8-4a43-a8f9-e6482383c337 - - - - - -] 10.0.0.13 "GET /" status: 200 len: 136 microversion: 1.0
2026-06-26 11:35:11.207 7 INFO placement.requestlog [None req-7ae99ac2-8532-4fbf-9332-68053d63cabf - - - - - -] 10.0.0.13 "GET /" status: 200 len: 136 microversion: 1.0
2026-06-26 11:35:11.208 8 INFO placement.requestlog [None req-2291f059-b7c2-4e78-aef5-3c4abe3064d0 - - - - - -] 10.0.0.13 "GET /" status: 200 len: 136 microversion: 1.0
2026-06-26 11:35:21.206 8 INFO placement.requestlog [None req-fd535097-ecf8-42c6-babe-85c06f4bc6de - - - - - -] 10.0.0.13 "GET /" status: 200 len: 136 microversion: 1.0
2026-06-26 11:35:21.207 7 INFO placement.requestlog [None req-18514571-bb5e-46d3-a985-9fb3ca5d2c79 - - - - - -] 10.0.0.13 "GET /" status: 200 len: 136 microversion: 1.0
2026-06-26 11:35:31.206 7 INFO placement.requestlog [None req-db4ae4f8-b37f-4666-9184-498685e44764 - - - - - -] 10.0.0.13 "GET /" status: 200 len: 136 microversion: 1.0
2026-06-26 11:35:31.206 8 INFO placement.requestlog [None req-0b4c2c52-c028-41db-90fa-028806a77e7f - - - - - -] 10.0.0.13 "GET /" status: 200 len: 136 microversion: 1.0
2026-06-26 11:35:41.205 7 INFO placement.requestlog [None req-ae7fb95a-7f85-4b5b-9779-165283f68122 - - - - - -] 10.0.0.13 "GET /" status: 200 len: 136 microversion: 1.0
2026-06-26 11:35:41.205 8 INFO placement.requestlog [None req-ab71d38e-3d77-4f73-b5db-37698956ca85 - - - - - -] 10.0.0.13 "GET /" status: 200 len: 136 microversion: 1.0
2026-06-26 11:35:45.894 7 INFO placement.requestlog [req-e9bfe336-27e4-45c6-8123-8616d9f397ab req-b873ee4d-a7fd-42aa-88f3-f46156ea9f4f 821411f640c74b5b9000306900f006c7 c18dd72c99474da880ff28c31d939184 - - f6b57b0b87a941c1a3a19226d1dcc99f f6b57b0b87a941c1a3a19226d1dcc99f] 199.19.213.91 "GET /resource_providers/72eeb8fc-2e9b-40d7-8f28-762fc14fdb9a/allocations" status: 200 len: 340 microversion: 1.0 [pid: 7|app: 0|req: 589/1184] 199.19.213.91 () {32 vars in 856 bytes} [Fri Jun 26 11:35:45 2026] GET /resource_providers/72eeb8fc-2e9b-40d7-8f28-762fc14fdb9a/allocations => generated 340 bytes in 20 msecs (HTTP/1.1 200) 6 headers in 224 bytes (1 switches on core 0)
2026-06-26 11:35:45.927 8 INFO placement.requestlog [req-e9bfe336-27e4-45c6-8123-8616d9f397ab req-415baa17-e05d-4c1c-a1e7-e3097b216454 821411f640c74b5b9000306900f006c7 c18dd72c99474da880ff28c31d939184 - - f6b57b0b87a941c1a3a19226d1dcc99f f6b57b0b87a941c1a3a19226d1dcc99f] 199.19.213.91 "GET /resource_providers/72eeb8fc-2e9b-40d7-8f28-762fc14fdb9a/allocations" status: 200 len: 340 microversion: 1.0 [pid: 8|app: 0|req: 596/1185] 199.19.213.91 () {32 vars in 856 bytes} [Fri Jun 26 11:35:45 2026] GET /resource_providers/72eeb8fc-2e9b-40d7-8f28-762fc14fdb9a/allocations => generated 340 bytes in 23 msecs (HTTP/1.1 200) 6 headers in 224 bytes (1 switches on core 0)
2026-06-26 11:35:45.948 7 INFO placement.requestlog [req-e9bfe336-27e4-45c6-8123-8616d9f397ab req-ea58ce47-7780-46e1-beb2-1fd1d6799397 821411f640c74b5b9000306900f006c7 c18dd72c99474da880ff28c31d939184 - - f6b57b0b87a941c1a3a19226d1dcc99f f6b57b0b87a941c1a3a19226d1dcc99f] 199.19.213.91 "GET /allocations/58b04823-64ba-40ee-98a0-44e1a26d14c9" status: 200 len: 258 microversion: 1.28 [pid: 7|app: 0|req: 590/1186] 199.19.213.91 () {34 vars in 862 bytes} [Fri Jun 26 11:35:45 2026] GET /allocations/58b04823-64ba-40ee-98a0-44e1a26d14c9 => generated 258 bytes in 13 msecs (HTTP/1.1 200) 8 headers in 296 bytes (1 switches on core 0)
2026-06-26 11:35:45.972 8 INFO placement.requestlog [req-e9bfe336-27e4-45c6-8123-8616d9f397ab req-46548545-b02d-45b1-8f79-6f434bcdef20 821411f640c74b5b9000306900f006c7 c18dd72c99474da880ff28c31d939184 - - f6b57b0b87a941c1a3a19226d1dcc99f f6b57b0b87a941c1a3a19226d1dcc99f] 199.19.213.91 "GET /allocations/1fc25acf-e35f-43cc-b4ab-0cdeeb8f489a" status: 200 len: 258 microversion: 1.28 [pid: 8|app: 0|req: 597/1187] 199.19.213.91 () {34 vars in 862 bytes} [Fri Jun 26 11:35:45 2026] GET /allocations/1fc25acf-e35f-43cc-b4ab-0cdeeb8f489a => generated 258 bytes in 16 msecs (HTTP/1.1 200) 8 headers in 296 bytes (1 switches on core 0)
2026-06-26 11:35:45.996 7 INFO placement.requestlog [req-e9bfe336-27e4-45c6-8123-8616d9f397ab req-2fef7644-2a08-46bc-b085-cc39ca90df2b 821411f640c74b5b9000306900f006c7 c18dd72c99474da880ff28c31d939184 - - f6b57b0b87a941c1a3a19226d1dcc99f f6b57b0b87a941c1a3a19226d1dcc99f] 199.19.213.91 "GET /allocations/75e07928-b9ce-4ed3-8fc0-83aa2c28d66e" status: 200 len: 245 microversion: 1.28 [pid: 7|app: 0|req: 591/1188] 199.19.213.91 () {34 vars in 862 bytes} [Fri Jun 26 11:35:45 2026] GET /allocations/75e07928-b9ce-4ed3-8fc0-83aa2c28d66e => generated 245 bytes in 15 msecs (HTTP/1.1 200) 8 headers in 296 bytes (1 switches on core 0)
2026-06-26 11:35:51.205 8 INFO placement.requestlog [None req-bb54e52a-9b0a-42e4-b447-a4fa8913e85c - - - - - -] 10.0.0.13 "GET /" status: 200 len: 136 microversion: 1.0
2026-06-26 11:35:51.205 7 INFO placement.requestlog [None req-0c546547-e27f-4688-8ad4-14f6047da317 - - - - - -] 10.0.0.13 "GET /" status: 200 len: 136 microversion: 1.0
2026-06-26 11:36:01.205 7 INFO placement.requestlog [None req-f13d1b10-c0ec-45f3-be67-209c7d1f4945 - - - - - -] 10.0.0.13 "GET /" status: 200 len: 136 microversion: 1.0
2026-06-26 11:36:01.206 8 INFO placement.requestlog [None req-9333e409-94dc-4200-89b2-d0760cda08f7 - - - - - -] 10.0.0.13 "GET /" status: 200 len: 136 microversion: 1.0
2026-06-26 11:36:11.206 7 INFO placement.requestlog [None req-9230e45e-cf7c-4c39-acdb-1475c039b0df - - - - - -] 10.0.0.13 "GET /" status: 200 len: 136 microversion: 1.0
2026-06-26 11:36:11.206 8 INFO placement.requestlog [None req-eaa3efdc-0b9d-4479-a7d3-e057b2307e24 - - - - - -] 10.0.0.13 "GET /" status: 200 len: 136 microversion: 1.0
2026-06-26 11:36:21.205 7 INFO placement.requestlog [None req-e1fd5055-1ed8-4dc5-84b6-070fe6047f78 - - - - - -] 10.0.0.13 "GET /" status: 200 len: 136 microversion: 1.0
2026-06-26 11:36:21.205 8 INFO placement.requestlog [None req-c71715ab-b963-4e61-952e-5bfd2ba3d183 - - - - - -] 10.0.0.13 "GET /" status: 200 len: 136 microversion: 1.0
2026-06-26 11:36:31.206 7 INFO placement.requestlog [None req-618d5ca5-1a3e-4977-8730-02c49db62475 - - - - - -] 10.0.0.13 "GET /" status: 200 len: 136 microversion: 1.0
2026-06-26 11:36:31.206 8 INFO placement.requestlog [None req-a3083c3a-d2c2-4f57-90f7-40ab9783a90c - - - - - -] 10.0.0.13 "GET /" status: 200 len: 136 microversion: 1.0
2026-06-26 11:36:41.206 7 INFO placement.requestlog [None req-170fda04-5467-4c64-a153-905060d7a236 - - - - - -] 10.0.0.13 "GET /" status: 200 len: 136 microversion: 1.0
2026-06-26 11:36:41.206 8 INFO placement.requestlog [None req-1f87d7e8-48fa-4e2c-ac55-3697452e479c - - - - - -] 10.0.0.13 "GET /" status: 200 len: 136 microversion: 1.0
2026-06-26 11:36:47.835 8 INFO placement.requestlog [req-1e38ea68-d99d-402a-8079-66ff7bd749b7 req-e273491b-6c9e-40b0-a7e7-83b667d02926 821411f640c74b5b9000306900f006c7 c18dd72c99474da880ff28c31d939184 - - f6b57b0b87a941c1a3a19226d1dcc99f f6b57b0b87a941c1a3a19226d1dcc99f] 199.19.213.91 "GET /resource_providers/72eeb8fc-2e9b-40d7-8f28-762fc14fdb9a/allocations" status: 200 len: 340 microversion: 1.0 [pid: 8|app: 0|req: 604/1201] 199.19.213.91 () {32 vars in 856 bytes} [Fri Jun 26 11:36:47 2026] GET /resource_providers/72eeb8fc-2e9b-40d7-8f28-762fc14fdb9a/allocations => generated 340 bytes in 21 msecs (HTTP/1.1 200) 6 headers in 224 bytes (1 switches on core 0)
2026-06-26 11:36:47.863 7 INFO placement.requestlog [req-1e38ea68-d99d-402a-8079-66ff7bd749b7 req-61e289f1-0b1e-483b-bc9d-324c0b126d4c 821411f640c74b5b9000306900f006c7 c18dd72c99474da880ff28c31d939184 - - f6b57b0b87a941c1a3a19226d1dcc99f f6b57b0b87a941c1a3a19226d1dcc99f] 199.19.213.91 "GET /resource_providers/72eeb8fc-2e9b-40d7-8f28-762fc14fdb9a/allocations" status: 200 len: 340 microversion: 1.0 [pid: 7|app: 0|req: 598/1202] 199.19.213.91 () {32 vars in 856 bytes} [Fri Jun 26 11:36:47 2026] GET /resource_providers/72eeb8fc-2e9b-40d7-8f28-762fc14fdb9a/allocations => generated 340 bytes in 21 msecs (HTTP/1.1 200) 6 headers in 224 bytes (1 switches on core 0)
2026-06-26 11:36:47.885 8 INFO placement.requestlog [req-1e38ea68-d99d-402a-8079-66ff7bd749b7 req-676ea683-0e82-4b74-bd31-fc3bc7629ed8 821411f640c74b5b9000306900f006c7 c18dd72c99474da880ff28c31d939184 - - f6b57b0b87a941c1a3a19226d1dcc99f f6b57b0b87a941c1a3a19226d1dcc99f] 199.19.213.91 "GET /allocations/58b04823-64ba-40ee-98a0-44e1a26d14c9" status: 200 len: 258 microversion: 1.28 [pid: 8|app: 0|req: 605/1203] 199.19.213.91 () {34 vars in 862 bytes} [Fri Jun 26 11:36:47 2026] GET /allocations/58b04823-64ba-40ee-98a0-44e1a26d14c9 => generated 258 bytes in 15 msecs (HTTP/1.1 200) 8 headers in 296 bytes (1 switches on core 0)
2026-06-26 11:36:47.907 7 INFO placement.requestlog [req-1e38ea68-d99d-402a-8079-66ff7bd749b7 req-51dfece8-4483-458a-9aac-9e8bd8ada615 821411f640c74b5b9000306900f006c7 c18dd72c99474da880ff28c31d939184 - - f6b57b0b87a941c1a3a19226d1dcc99f f6b57b0b87a941c1a3a19226d1dcc99f] 199.19.213.91 "GET /allocations/1fc25acf-e35f-43cc-b4ab-0cdeeb8f489a" status: 200 len: 258 microversion: 1.28 [pid: 7|app: 0|req: 599/1204] 199.19.213.91 () {34 vars in 862 bytes} [Fri Jun 26 11:36:47 2026] GET /allocations/1fc25acf-e35f-43cc-b4ab-0cdeeb8f489a => generated 258 bytes in 15 msecs (HTTP/1.1 200) 8 headers in 296 bytes (1 switches on core 0)
2026-06-26 11:36:47.924 8 INFO placement.requestlog [req-1e38ea68-d99d-402a-8079-66ff7bd749b7 req-7a043f9f-dc90-486a-9abf-3f23441c4f54 821411f640c74b5b9000306900f006c7 c18dd72c99474da880ff28c31d939184 - - f6b57b0b87a941c1a3a19226d1dcc99f f6b57b0b87a941c1a3a19226d1dcc99f] 199.19.213.91 "GET /allocations/75e07928-b9ce-4ed3-8fc0-83aa2c28d66e" status: 200 len: 245 microversion: 1.28 [pid: 8|app: 0|req: 606/1205] 199.19.213.91 () {34 vars in 862 bytes} [Fri Jun 26 11:36:47 2026] GET /allocations/75e07928-b9ce-4ed3-8fc0-83aa2c28d66e => generated 245 bytes in 11 msecs (HTTP/1.1 200) 8 headers in 296 bytes (1 switches on core 0)
2026-06-26 11:36:51.206 8 INFO placement.requestlog [None req-d7da300c-4311-4d22-a099-cf2085246b87 - - - - - -] 10.0.0.13 "GET /" status: 200 len: 136 microversion: 1.0
2026-06-26 11:36:51.207 7 INFO placement.requestlog [None req-d74b7802-b853-4128-9837-95582f2ca770 - - - - - -] 10.0.0.13 "GET /" status: 200 len: 136 microversion: 1.0
2026-06-26 11:36:55.712 8 INFO placement.requestlog [req-81ac863d-a00f-44e7-b267-dae4318c2973 req-648822e2-de2a-406d-ab1c-8a536ecd52db 821411f640c74b5b9000306900f006c7 c18dd72c99474da880ff28c31d939184 - - f6b57b0b87a941c1a3a19226d1dcc99f f6b57b0b87a941c1a3a19226d1dcc99f] 199.19.213.91 "GET /resource_providers/72eeb8fc-2e9b-40d7-8f28-762fc14fdb9a/allocations" status: 200 len: 340 microversion: 1.0 [pid: 8|app: 0|req: 608/1208] 199.19.213.91 () {32 vars in 856 bytes} [Fri Jun 26 11:36:55 2026] GET /resource_providers/72eeb8fc-2e9b-40d7-8f28-762fc14fdb9a/allocations => generated 340 bytes in 15 msecs (HTTP/1.1 200) 6 headers in 224 bytes (1 switches on core 0)
2026-06-26 11:36:55.734 7 INFO placement.requestlog [req-81ac863d-a00f-44e7-b267-dae4318c2973 req-b2ba3490-6efd-4b78-96dd-9655e2fba514 821411f640c74b5b9000306900f006c7 c18dd72c99474da880ff28c31d939184 - - f6b57b0b87a941c1a3a19226d1dcc99f f6b57b0b87a941c1a3a19226d1dcc99f] 199.19.213.91 "GET /allocations/58b04823-64ba-40ee-98a0-44e1a26d14c9" status: 200 len: 258 microversion: 1.28 [pid: 7|app: 0|req: 601/1209] 199.19.213.91 () {34 vars in 862 bytes} [Fri Jun 26 11:36:55 2026] GET /allocations/58b04823-64ba-40ee-98a0-44e1a26d14c9 => generated 258 bytes in 17 msecs (HTTP/1.1 200) 8 headers in 296 bytes (1 switches on core 0)
2026-06-26 11:36:55.748 8 INFO placement.requestlog [req-81ac863d-a00f-44e7-b267-dae4318c2973 req-d74d53f2-a96e-40d2-b04c-f284ff2ac63a 821411f640c74b5b9000306900f006c7 c18dd72c99474da880ff28c31d939184 - - f6b57b0b87a941c1a3a19226d1dcc99f f6b57b0b87a941c1a3a19226d1dcc99f] 199.19.213.91 "GET /allocations/1fc25acf-e35f-43cc-b4ab-0cdeeb8f489a" status: 200 len: 258 microversion: 1.28 [pid: 8|app: 0|req: 609/1210] 199.19.213.91 () {34 vars in 862 bytes} [Fri Jun 26 11:36:55 2026] GET /allocations/1fc25acf-e35f-43cc-b4ab-0cdeeb8f489a => generated 258 bytes in 11 msecs (HTTP/1.1 200) 8 headers in 296 bytes (1 switches on core 0)
2026-06-26 11:36:55.764 7 INFO placement.requestlog [req-81ac863d-a00f-44e7-b267-dae4318c2973 req-555db56e-1838-4b69-9a88-6f6dc6c8fc65 821411f640c74b5b9000306900f006c7 c18dd72c99474da880ff28c31d939184 - - f6b57b0b87a941c1a3a19226d1dcc99f f6b57b0b87a941c1a3a19226d1dcc99f] 199.19.213.91 "GET /allocations/75e07928-b9ce-4ed3-8fc0-83aa2c28d66e" status: 200 len: 245 microversion: 1.28 [pid: 7|app: 0|req: 602/1211] 199.19.213.91 () {34 vars in 862 bytes} [Fri Jun 26 11:36:55 2026] GET /allocations/75e07928-b9ce-4ed3-8fc0-83aa2c28d66e => generated 245 bytes in 12 msecs (HTTP/1.1 200) 8 headers in 296 bytes (1 switches on core 0)
2026-06-26 11:36:55.836 8 INFO placement.requestlog [req-81ac863d-a00f-44e7-b267-dae4318c2973 req-eff7fb9e-4c88-4f8d-9d21-ab178827166d 821411f640c74b5b9000306900f006c7 c18dd72c99474da880ff28c31d939184 - - f6b57b0b87a941c1a3a19226d1dcc99f f6b57b0b87a941c1a3a19226d1dcc99f] 199.19.213.91 "DELETE /allocations/75e07928-b9ce-4ed3-8fc0-83aa2c28d66e" status: 204 len: 0 microversion: 1.0 [pid: 8|app: 0|req: 610/1212] 199.19.213.91 () {34 vars in 840 bytes} [Fri Jun 26 11:36:55 2026] DELETE /allocations/75e07928-b9ce-4ed3-8fc0-83aa2c28d66e => generated 0 bytes in 34 msecs (HTTP/1.1 204) 5 headers in 198 bytes (1 switches on core 0)
