+ exec neutron-metadata-agent --config-file /etc/neutron/neutron.conf --config-file /tmp/pod-shared/neutron-agent.ini --config-file /etc/neutron/metadata_agent.ini /var/lib/openstack/lib/python3.10/site-packages/neutron/common/utils.py:54: UserWarning: pkg_resources is deprecated as an API. See https://setuptools.pypa.io/en/latest/pkg_resources.html. The pkg_resources package is slated for removal as early as 2025-11-30. Refrain from using this package or pin to Setuptools<81. import pkg_resources
2026-06-26 10:55:38.786 36 INFO neutron.common.config [-] Logging enabled!
2026-06-26 10:55:38.786 36 INFO neutron.common.config [-] /var/lib/openstack/bin/neutron-metadata-agent version 22.2.2.dev46 /var/lib/openstack/lib/python3.10/site-packages/memcache.py:1303: SyntaxWarning: "is" with a literal. Did you mean "=="? if key is '': /var/lib/openstack/lib/python3.10/site-packages/memcache.py:1304: SyntaxWarning: "is" with a literal. Did you mean "=="? if key_extra_len is 0:
2026-06-26 10:55:38.802 36 INFO oslo_service.service [None req-9d4fb68a-d58f-4ce3-bce9-62d0f27ca2a3 - - - - - -] Starting 2 workers
2026-06-26 10:55:38.809 44 INFO eventlet.wsgi.server [-] (44) wsgi starting up on http:/var/lib/neutron/openstack-helm/metadata_proxy
2026-06-26 10:55:38.811 45 INFO eventlet.wsgi.server [-] (45) wsgi starting up on http:/var/lib/neutron/openstack-helm/metadata_proxy
2026-06-26 10:56:12.006 45 INFO eventlet.wsgi.server [-] 169.254.169.254, "GET / HTTP/1.1" status: 404 len: 176 time: 0.1175966
2026-06-26 10:59:21.952 45 INFO eventlet.wsgi.server [-] 169.254.169.254, "GET / HTTP/1.1" status: 404 len: 176 time: 0.0086145
2026-06-26 11:02:31.917 45 INFO eventlet.wsgi.server [-] 169.254.169.254, "GET / HTTP/1.1" status: 404 len: 176 time: 0.0083246
2026-06-26 11:03:01.973 45 INFO eventlet.wsgi.server [-] 169.254.169.254, "GET / HTTP/1.1" status: 404 len: 176 time: 0.0057046
2026-06-26 11:05:41.987 45 INFO eventlet.wsgi.server [-] 169.254.169.254, "GET / HTTP/1.1" status: 404 len: 176 time: 0.0052209
2026-06-26 11:08:52.034 45 INFO eventlet.wsgi.server [-] 169.254.169.254, "GET / HTTP/1.1" status: 404 len: 176 time: 0.0674596
2026-06-26 11:12:01.961 44 INFO eventlet.wsgi.server [-] 169.254.169.254, "GET / HTTP/1.1" status: 404 len: 176 time: 0.0122359
2026-06-26 11:13:01.940 45 INFO eventlet.wsgi.server [-] 169.254.169.254, "GET / HTTP/1.1" status: 404 len: 176 time: 0.0060043
2026-06-26 11:15:11.977 44 INFO eventlet.wsgi.server [-] 169.254.169.254, "GET / HTTP/1.1" status: 404 len: 176 time: 0.0076678
2026-06-26 11:18:21.923 44 INFO eventlet.wsgi.server [-] 169.254.169.254, "GET / HTTP/1.1" status: 404 len: 176 time: 0.0073900
2026-06-26 11:21:31.941 45 INFO eventlet.wsgi.server [-] 169.254.169.254, "GET / HTTP/1.1" status: 404 len: 176 time: 0.0667150
2026-06-26 11:23:01.931 44 INFO eventlet.wsgi.server [-] 169.254.169.254, "GET / HTTP/1.1" status: 404 len: 176 time: 0.0056150
2026-06-26 11:24:41.888 44 INFO eventlet.wsgi.server [-] 169.254.169.254, "GET / HTTP/1.1" status: 404 len: 176 time: 0.0080891
2026-06-26 11:27:51.905 44 INFO eventlet.wsgi.server [-] 169.254.169.254, "GET / HTTP/1.1" status: 404 len: 176 time: 0.0057971
2026-06-26 11:30:50.329 44 INFO eventlet.wsgi.server [-] 10.100.0.12, "GET /2009-04-04/meta-data/instance-id HTTP/1.1" status: 200 len: 146 time: 1.4448144
2026-06-26 11:30:50.365 45 INFO eventlet.wsgi.server [-] 10.100.0.12, "GET /2009-04-04/meta-data/public-keys HTTP/1.1" status: 200 len: 164 time: 0.0264292
2026-06-26 11:30:50.382 45 INFO eventlet.wsgi.server [-] 10.100.0.12, "GET /2009-04-04/meta-data/public-keys/0/openssh-key HTTP/1.1" status: 200 len: 341 time: 0.0120959
2026-06-26 11:30:50.397 45 INFO eventlet.wsgi.server [-] 10.100.0.12, "GET /2009-04-04/meta-data/instance-id HTTP/1.1" status: 200 len: 146 time: 0.0101261
2026-06-26 11:30:50.419 45 INFO eventlet.wsgi.server [-] 10.100.0.12, "GET /2009-04-04/meta-data/ami-launch-index HTTP/1.1" status: 200 len: 136 time: 0.0164719
2026-06-26 11:30:50.432 45 INFO eventlet.wsgi.server [-] 10.100.0.12, "GET /2009-04-04/meta-data/instance-type HTTP/1.1" status: 200 len: 142 time: 0.0086136
2026-06-26 11:30:50.446 45 INFO eventlet.wsgi.server [-] 10.100.0.12, "GET /2009-04-04/meta-data/local-ipv4 HTTP/1.1" status: 200 len: 147 time: 0.0109479
2026-06-26 11:30:50.461 45 INFO eventlet.wsgi.server [-] 10.100.0.12, "GET /2009-04-04/meta-data/public-ipv4 HTTP/1.1" status: 200 len: 149 time: 0.0098372
2026-06-26 11:30:50.502 44 INFO eventlet.wsgi.server [-] 10.100.0.12, "GET /2009-04-04/meta-data/hostname HTTP/1.1" status: 200 len: 201 time: 0.0155156
2026-06-26 11:30:50.521 44 INFO eventlet.wsgi.server [-] 10.100.0.12, "GET /2009-04-04/meta-data/local-hostname HTTP/1.1" status: 200 len: 201 time: 0.0113966
2026-06-26 11:30:50.537 44 INFO eventlet.wsgi.server [-] 10.100.0.12, "GET /2009-04-04/user-data HTTP/1.1" status: 200 len: 231 time: 0.0101931
2026-06-26 11:30:50.553 44 INFO eventlet.wsgi.server [-] 10.100.0.12, "GET /2009-04-04/meta-data/block-device-mapping HTTP/1.1" status: 200 len: 143 time: 0.0093403
2026-06-26 11:30:50.571 44 INFO eventlet.wsgi.server [-] 10.100.0.12, "GET /2009-04-04/meta-data/block-device-mapping/ami HTTP/1.1" status: 200 len: 138 time: 0.0108423
2026-06-26 11:30:50.587 44 INFO eventlet.wsgi.server [-] 10.100.0.12, "GET /2009-04-04/meta-data/block-device-mapping/root HTTP/1.1" status: 200 len: 143 time: 0.0103698
2026-06-26 11:30:50.623 44 INFO eventlet.wsgi.server [-] 10.100.0.12, "GET /2009-04-04/meta-data/public-hostname HTTP/1.1" status: 200 len: 201 time: 0.0129724
2026-06-26 11:30:50.648 44 INFO eventlet.wsgi.server [-] 10.100.0.12, "GET /2009-04-04/meta-data/placement/availability-zone HTTP/1.1" status: 200 len: 139 time: 0.0158744
2026-06-26 11:31:01.930 45 INFO eventlet.wsgi.server [-] 169.254.169.254, "GET / HTTP/1.1" status: 404 len: 176 time: 0.0049465
2026-06-26 11:31:26.047 45 INFO eventlet.wsgi.server [-] 10.100.0.9, "GET /2009-04-04/meta-data/instance-id HTTP/1.1" status: 200 len: 146 time: 0.4099751
2026-06-26 11:31:26.070 45 INFO eventlet.wsgi.server [-] 10.100.0.9, "GET /2009-04-04/meta-data/public-keys HTTP/1.1" status: 200 len: 163 time: 0.0137532
2026-06-26 11:31:26.090 45 INFO eventlet.wsgi.server [-] 10.100.0.9, "GET /2009-04-04/meta-data/public-keys/0/openssh-key HTTP/1.1" status: 200 len: 341 time: 0.0151670
2026-06-26 11:31:26.108 45 INFO eventlet.wsgi.server [-] 10.100.0.9, "GET /2009-04-04/meta-data/instance-id HTTP/1.1" status: 200 len: 146 time: 0.0114388
2026-06-26 11:31:26.134 44 INFO eventlet.wsgi.server [-] 10.100.0.9, "GET /2009-04-04/meta-data/ami-launch-index HTTP/1.1" status: 200 len: 136 time: 0.0138347
2026-06-26 11:31:26.154 44 INFO eventlet.wsgi.server [-] 10.100.0.9, "GET /2009-04-04/meta-data/instance-type HTTP/1.1" status: 200 len: 142 time: 0.0094349
2026-06-26 11:31:26.169 44 INFO eventlet.wsgi.server [-] 10.100.0.9, "GET /2009-04-04/meta-data/local-ipv4 HTTP/1.1" status: 200 len: 146 time: 0.0109875
2026-06-26 11:31:26.193 44 INFO eventlet.wsgi.server [-] 10.100.0.9, "GET /2009-04-04/meta-data/public-ipv4 HTTP/1.1" status: 200 len: 149 time: 0.0181701
2026-06-26 11:31:26.220 44 INFO eventlet.wsgi.server [-] 10.100.0.9, "GET /2009-04-04/meta-data/hostname HTTP/1.1" status: 200 len: 193 time: 0.0173318
2026-06-26 11:31:26.249 45 INFO eventlet.wsgi.server [-] 10.100.0.9, "GET /2009-04-04/meta-data/local-hostname HTTP/1.1" status: 200 len: 193 time: 0.0176344
2026-06-26 11:31:26.274 45 INFO eventlet.wsgi.server [-] 10.100.0.9, "GET /2009-04-04/user-data HTTP/1.1" status: 200 len: 231 time: 0.0182722
2026-06-26 11:31:26.302 45 INFO eventlet.wsgi.server [-] 10.100.0.9, "GET /2009-04-04/meta-data/block-device-mapping HTTP/1.1" status: 200 len: 143 time: 0.0196021
2026-06-26 11:31:26.323 45 INFO eventlet.wsgi.server [-] 10.100.0.9, "GET /2009-04-04/meta-data/block-device-mapping/ami HTTP/1.1" status: 200 len: 138 time: 0.0143383
2026-06-26 11:31:26.350 44 INFO eventlet.wsgi.server [-] 10.100.0.9, "GET /2009-04-04/meta-data/block-device-mapping/root HTTP/1.1" status: 200 len: 143 time: 0.0148976
2026-06-26 11:31:26.375 45 INFO eventlet.wsgi.server [-] 10.100.0.9, "GET /2009-04-04/meta-data/public-hostname HTTP/1.1" status: 200 len: 193 time: 0.0165026
2026-06-26 11:31:26.399 45 INFO eventlet.wsgi.server [-] 10.100.0.9, "GET /2009-04-04/meta-data/placement/availability-zone HTTP/1.1" status: 200 len: 139 time: 0.0166509
2026-06-26 11:31:47.377 44 INFO eventlet.wsgi.server [-] 10.100.0.9, "GET /2009-04-04/meta-data/instance-id HTTP/1.1" status: 200 len: 146 time: 0.6180046
2026-06-26 11:31:47.406 45 INFO eventlet.wsgi.server [-] 10.100.0.9, "GET /2009-04-04/meta-data/public-keys HTTP/1.1" status: 200 len: 163 time: 0.0201569
2026-06-26 11:31:47.429 45 INFO eventlet.wsgi.server [-] 10.100.0.9, "GET /2009-04-04/meta-data/public-keys/0/openssh-key HTTP/1.1" status: 200 len: 341 time: 0.0190771
2026-06-26 11:31:47.446 45 INFO eventlet.wsgi.server [-] 10.100.0.9, "GET /2009-04-04/meta-data/instance-id HTTP/1.1" status: 200 len: 146 time: 0.0125773
2026-06-26 11:31:47.461 45 INFO eventlet.wsgi.server [-] 10.100.0.9, "GET /2009-04-04/meta-data/ami-launch-index HTTP/1.1" status: 200 len: 136 time: 0.0102816
2026-06-26 11:31:47.481 45 INFO eventlet.wsgi.server [-] 10.100.0.9, "GET /2009-04-04/meta-data/instance-type HTTP/1.1" status: 200 len: 142 time: 0.0133312
2026-06-26 11:31:47.501 44 INFO eventlet.wsgi.server [-] 10.100.0.9, "GET /2009-04-04/meta-data/local-ipv4 HTTP/1.1" status: 200 len: 146 time: 0.0146492
2026-06-26 11:31:47.521 45 INFO eventlet.wsgi.server [-] 10.100.0.9, "GET /2009-04-04/meta-data/public-ipv4 HTTP/1.1" status: 200 len: 149 time: 0.0144396
2026-06-26 11:31:47.544 45 INFO eventlet.wsgi.server [-] 10.100.0.9, "GET /2009-04-04/meta-data/hostname HTTP/1.1" status: 200 len: 193 time: 0.0157592
2026-06-26 11:31:47.564 44 INFO eventlet.wsgi.server [-] 10.100.0.9, "GET /2009-04-04/meta-data/local-hostname HTTP/1.1" status: 200 len: 193 time: 0.0146494
2026-06-26 11:31:47.580 44 INFO eventlet.wsgi.server [-] 10.100.0.9, "GET /2009-04-04/user-data HTTP/1.1" status: 200 len: 231 time: 0.0110323
2026-06-26 11:31:47.602 44 INFO eventlet.wsgi.server [-] 10.100.0.9, "GET /2009-04-04/meta-data/block-device-mapping HTTP/1.1" status: 200 len: 143 time: 0.0149314
2026-06-26 11:31:47.618 44 INFO eventlet.wsgi.server [-] 10.100.0.9, "GET /2009-04-04/meta-data/block-device-mapping/ami HTTP/1.1" status: 200 len: 138 time: 0.0118098
2026-06-26 11:31:47.635 44 INFO eventlet.wsgi.server [-] 10.100.0.9, "GET /2009-04-04/meta-data/block-device-mapping/root HTTP/1.1" status: 200 len: 143 time: 0.0120020
2026-06-26 11:31:47.656 44 INFO eventlet.wsgi.server [-] 10.100.0.9, "GET /2009-04-04/meta-data/public-hostname HTTP/1.1" status: 200 len: 193 time: 0.0142109
2026-06-26 11:31:47.674 44 INFO eventlet.wsgi.server [-] 10.100.0.9, "GET /2009-04-04/meta-data/placement/availability-zone HTTP/1.1" status: 200 len: 139 time: 0.0118213
2026-06-26 11:32:03.039 44 INFO eventlet.wsgi.server [-] 10.100.0.4, "GET /2009-04-04/meta-data/instance-id HTTP/1.1" status: 200 len: 146 time: 0.7981818
2026-06-26 11:32:03.065 44 INFO eventlet.wsgi.server [-] 10.100.0.4, "GET /2009-04-04/meta-data/public-keys HTTP/1.1" status: 200 len: 176 time: 0.0174818
2026-06-26 11:32:03.081 44 INFO eventlet.wsgi.server [-] 10.100.0.4, "GET /2009-04-04/meta-data/public-keys/0/openssh-key HTTP/1.1" status: 200 len: 341 time: 0.0115530
2026-06-26 11:32:03.105 45 INFO eventlet.wsgi.server [-] 10.100.0.4, "GET /2009-04-04/meta-data/instance-id HTTP/1.1" status: 200 len: 146 time: 0.0155971
2026-06-26 11:32:03.124 45 INFO eventlet.wsgi.server [-] 10.100.0.4, "GET /2009-04-04/meta-data/ami-launch-index HTTP/1.1" status: 200 len: 136 time: 0.0137174
2026-06-26 11:32:03.147 45 INFO eventlet.wsgi.server [-] 10.100.0.4, "GET /2009-04-04/meta-data/instance-type HTTP/1.1" status: 200 len: 142 time: 0.0140977
2026-06-26 11:32:03.169 45 INFO eventlet.wsgi.server [-] 10.100.0.4, "GET /2009-04-04/meta-data/local-ipv4 HTTP/1.1" status: 200 len: 146 time: 0.0147402
2026-06-26 11:32:03.188 45 INFO eventlet.wsgi.server [-] 10.100.0.4, "GET /2009-04-04/meta-data/public-ipv4 HTTP/1.1" status: 200 len: 149 time: 0.0131636
2026-06-26 11:32:03.206 45 INFO eventlet.wsgi.server [-] 10.100.0.4, "GET /2009-04-04/meta-data/hostname HTTP/1.1" status: 200 len: 190 time: 0.0121262
2026-06-26 11:32:03.222 45 INFO eventlet.wsgi.server [-] 10.100.0.4, "GET /2009-04-04/meta-data/local-hostname HTTP/1.1" status: 200 len: 190 time: 0.0113723
2026-06-26 11:32:03.251 45 INFO neutron.agent.metadata.agent [-] The instance: 03e8d6dd-9619-4ed6-a270-9d0b68efe5be is not present anymore, skipping cache...
2026-06-26 11:32:03.305 45 INFO eventlet.wsgi.server [-] 10.100.0.4, "GET /2009-04-04/user-data HTTP/1.1" status: 404 len: 297 time: 0.0781264
2026-06-26 11:32:03.338 45 INFO eventlet.wsgi.server [-] 10.100.0.4, "GET /2009-04-04/meta-data/block-device-mapping HTTP/1.1" status: 200 len: 143 time: 0.0188839
2026-06-26 11:32:03.362 45 INFO eventlet.wsgi.server [-] 10.100.0.4, "GET /2009-04-04/meta-data/block-device-mapping/ami HTTP/1.1" status: 200 len: 138 time: 0.0158448
2026-06-26 11:32:03.378 44 INFO eventlet.wsgi.server [-] 10.100.0.4, "GET /2009-04-04/meta-data/block-device-mapping/root HTTP/1.1" status: 200 len: 143 time: 0.0107622
2026-06-26 11:32:03.413 44 INFO eventlet.wsgi.server [-] 10.100.0.4, "GET /2009-04-04/meta-data/public-hostname HTTP/1.1" status: 200 len: 190 time: 0.0260189
2026-06-26 11:32:03.431 44 INFO eventlet.wsgi.server [-] 10.100.0.4, "GET /2009-04-04/meta-data/placement/availability-zone HTTP/1.1" status: 200 len: 139 time: 0.0120258
2026-06-26 11:32:32.670 45 INFO eventlet.wsgi.server [-] 10.100.0.14, "GET /2009-04-04/meta-data/instance-id HTTP/1.1" status: 200 len: 146 time: 0.5095229
2026-06-26 11:32:32.698 45 INFO eventlet.wsgi.server [-] 10.100.0.14, "GET /2009-04-04/meta-data/public-keys HTTP/1.1" status: 200 len: 176 time: 0.0158665
2026-06-26 11:32:32.717 45 INFO eventlet.wsgi.server [-] 10.100.0.14, "GET /2009-04-04/meta-data/public-keys/0/openssh-key HTTP/1.1" status: 200 len: 341 time: 0.0129790
2026-06-26 11:32:32.734 45 INFO eventlet.wsgi.server [-] 10.100.0.14, "GET /2009-04-04/meta-data/instance-id HTTP/1.1" status: 200 len: 146 time: 0.0111043
2026-06-26 11:32:32.750 45 INFO eventlet.wsgi.server [-] 10.100.0.14, "GET /2009-04-04/meta-data/ami-launch-index HTTP/1.1" status: 200 len: 136 time: 0.0108204
2026-06-26 11:32:32.768 45 INFO eventlet.wsgi.server [-] 10.100.0.14, "GET /2009-04-04/meta-data/instance-type HTTP/1.1" status: 200 len: 142 time: 0.0099869
2026-06-26 11:32:32.787 45 INFO eventlet.wsgi.server [-] 10.100.0.14, "GET /2009-04-04/meta-data/local-ipv4 HTTP/1.1" status: 200 len: 147 time: 0.0129914
2026-06-26 11:32:32.810 45 INFO eventlet.wsgi.server [-] 10.100.0.14, "GET /2009-04-04/meta-data/public-ipv4 HTTP/1.1" status: 200 len: 149 time: 0.0171130
2026-06-26 11:32:32.832 45 INFO eventlet.wsgi.server [-] 10.100.0.14, "GET /2009-04-04/meta-data/hostname HTTP/1.1" status: 200 len: 190 time: 0.0150218
2026-06-26 11:32:32.850 45 INFO eventlet.wsgi.server [-] 10.100.0.14, "GET /2009-04-04/meta-data/local-hostname HTTP/1.1" status: 200 len: 190 time: 0.0114176
2026-06-26 11:32:32.869 45 INFO neutron.agent.metadata.agent [-] The instance: ced76165-d217-46ac-ab3d-8f4a1648d614 is not present anymore, skipping cache...
2026-06-26 11:32:32.905 45 INFO eventlet.wsgi.server [-] 10.100.0.14, "GET /2009-04-04/user-data HTTP/1.1" status: 404 len: 297 time: 0.0462873
2026-06-26 11:32:32.936 45 INFO eventlet.wsgi.server [-] 10.100.0.14, "GET /2009-04-04/meta-data/block-device-mapping HTTP/1.1" status: 200 len: 143 time: 0.0148525
2026-06-26 11:32:32.963 45 INFO eventlet.wsgi.server [-] 10.100.0.14, "GET /2009-04-04/meta-data/block-device-mapping/ami HTTP/1.1" status: 200 len: 138 time: 0.0224280
2026-06-26 11:32:32.979 45 INFO eventlet.wsgi.server [-] 10.100.0.14, "GET /2009-04-04/meta-data/block-device-mapping/root HTTP/1.1" status: 200 len: 143 time: 0.0115662
2026-06-26 11:32:32.994 45 INFO eventlet.wsgi.server [-] 10.100.0.14, "GET /2009-04-04/meta-data/public-hostname HTTP/1.1" status: 200 len: 190 time: 0.0099075
2026-06-26 11:32:33.010 45 INFO eventlet.wsgi.server [-] 10.100.0.14, "GET /2009-04-04/meta-data/placement/availability-zone HTTP/1.1" status: 200 len: 139 time: 0.0111222
2026-06-26 11:33:02.087 45 INFO eventlet.wsgi.server [-] 169.254.169.254, "GET / HTTP/1.1" status: 404 len: 176 time: 0.0622747
2026-06-26 11:33:17.491 44 INFO eventlet.wsgi.server [-] 10.100.0.7, "GET /latest/meta-data/public-ipv4 HTTP/1.1" status: 200 len: 149 time: 0.2196310
2026-06-26 11:33:17.820 44 INFO eventlet.wsgi.server [-] 10.100.0.7, "POST /openstack/2013-10-17/password HTTP/1.1" status: 200 len: 134 time: 0.2475374
2026-06-26 11:34:11.924 45 INFO eventlet.wsgi.server [-] 169.254.169.254, "GET / HTTP/1.1" status: 404 len: 176 time: 0.0051365
2026-06-26 11:34:32.876 44 INFO eventlet.wsgi.server [-] 10.2.1.58, "GET /2009-04-04/meta-data/instance-id HTTP/1.1" status: 200 len: 146 time: 0.2203326
2026-06-26 11:34:32.916 44 INFO eventlet.wsgi.server [-] 10.2.1.58, "GET /2009-04-04/meta-data/public-keys HTTP/1.1" status: 200 len: 174 time: 0.0260003
2026-06-26 11:34:32.935 44 INFO eventlet.wsgi.server [-] 10.2.1.58, "GET /2009-04-04/meta-data/public-keys/0/openssh-key HTTP/1.1" status: 200 len: 341 time: 0.0126901
2026-06-26 11:34:32.960 44 INFO eventlet.wsgi.server [-] 10.2.1.58, "GET /2009-04-04/meta-data/instance-id HTTP/1.1" status: 200 len: 146 time: 0.0157311
2026-06-26 11:34:32.988 44 INFO eventlet.wsgi.server [-] 10.2.1.58, "GET /2009-04-04/meta-data/ami-launch-index HTTP/1.1" status: 200 len: 136 time: 0.0204017
2026-06-26 11:34:33.010 44 INFO eventlet.wsgi.server [-] 10.2.1.58, "GET /2009-04-04/meta-data/instance-type HTTP/1.1" status: 200 len: 142 time: 0.0128105
2026-06-26 11:34:33.025 44 INFO eventlet.wsgi.server [-] 10.2.1.58, "GET /2009-04-04/meta-data/local-ipv4 HTTP/1.1" status: 200 len: 144 time: 0.0094056
2026-06-26 11:34:33.048 44 INFO eventlet.wsgi.server [-] 10.2.1.58, "GET /2009-04-04/meta-data/public-ipv4 HTTP/1.1" status: 200 len: 149 time: 0.0169907
2026-06-26 11:34:33.070 44 INFO eventlet.wsgi.server [-] 10.2.1.58, "GET /2009-04-04/meta-data/hostname HTTP/1.1" status: 200 len: 185 time: 0.0123200
2026-06-26 11:34:33.097 44 INFO eventlet.wsgi.server [-] 10.2.1.58, "GET /2009-04-04/meta-data/local-hostname HTTP/1.1" status: 200 len: 185 time: 0.0162477
2026-06-26 11:34:33.112 44 INFO neutron.agent.metadata.agent [-] The instance: 58b04823-64ba-40ee-98a0-44e1a26d14c9 is not present anymore, skipping cache...
2026-06-26 11:34:33.165 44 INFO eventlet.wsgi.server [-] 10.2.1.58, "GET /2009-04-04/user-data HTTP/1.1" status: 404 len: 297 time: 0.0621331
2026-06-26 11:34:33.207 45 INFO eventlet.wsgi.server [-] 10.2.1.58, "GET /2009-04-04/meta-data/block-device-mapping HTTP/1.1" status: 200 len: 143 time: 0.0128298
2026-06-26 11:34:33.226 45 INFO eventlet.wsgi.server [-] 10.2.1.58, "GET /2009-04-04/meta-data/block-device-mapping/ami HTTP/1.1" status: 200 len: 138 time: 0.0156333
2026-06-26 11:34:33.248 44 INFO eventlet.wsgi.server [-] 10.2.1.58, "GET /2009-04-04/meta-data/block-device-mapping/root HTTP/1.1" status: 200 len: 143 time: 0.0155885
2026-06-26 11:34:33.280 44 INFO eventlet.wsgi.server [-] 10.2.1.58, "GET /2009-04-04/meta-data/public-hostname HTTP/1.1" status: 200 len: 185 time: 0.0252955
2026-06-26 11:34:33.302 44 INFO eventlet.wsgi.server [-] 10.2.1.58, "GET /2009-04-04/meta-data/placement/availability-zone HTTP/1.1" status: 200 len: 139 time: 0.0167713
2026-06-26 11:34:44.115 45 INFO eventlet.wsgi.server [-] 10.2.2.233, "GET /2009-04-04/meta-data/instance-id HTTP/1.1" status: 200 len: 146 time: 1.0883222
2026-06-26 11:34:44.134 45 INFO eventlet.wsgi.server [-] 10.2.2.233, "GET /2009-04-04/meta-data/public-keys HTTP/1.1" status: 200 len: 174 time: 0.0111618
2026-06-26 11:34:44.148 45 INFO eventlet.wsgi.server [-] 10.2.2.233, "GET /2009-04-04/meta-data/public-keys/0/openssh-key HTTP/1.1" status: 200 len: 341 time: 0.0101702
2026-06-26 11:34:44.175 45 INFO eventlet.wsgi.server [-] 10.2.2.233, "GET /2009-04-04/meta-data/instance-id HTTP/1.1" status: 200 len: 146 time: 0.0215323
2026-06-26 11:34:44.196 45 INFO eventlet.wsgi.server [-] 10.2.2.233, "GET /2009-04-04/meta-data/ami-launch-index HTTP/1.1" status: 200 len: 136 time: 0.0138071
2026-06-26 11:34:44.214 45 INFO eventlet.wsgi.server [-] 10.2.2.233, "GET /2009-04-04/meta-data/instance-type HTTP/1.1" status: 200 len: 142 time: 0.0111232
2026-06-26 11:34:44.229 45 INFO eventlet.wsgi.server [-] 10.2.2.233, "GET /2009-04-04/meta-data/local-ipv4 HTTP/1.1" status: 200 len: 146 time: 0.0104847
2026-06-26 11:34:44.246 45 INFO eventlet.wsgi.server [-] 10.2.2.233, "GET /2009-04-04/meta-data/public-ipv4 HTTP/1.1" status: 200 len: 149 time: 0.0109167
2026-06-26 11:34:44.260 45 INFO eventlet.wsgi.server [-] 10.2.2.233, "GET /2009-04-04/meta-data/hostname HTTP/1.1" status: 200 len: 185 time: 0.0096483
2026-06-26 11:34:44.275 44 INFO eventlet.wsgi.server [-] 10.2.2.233, "GET /2009-04-04/meta-data/local-hostname HTTP/1.1" status: 200 len: 185 time: 0.0098541
2026-06-26 11:34:44.293 44 INFO neutron.agent.metadata.agent [-] The instance: 1fc25acf-e35f-43cc-b4ab-0cdeeb8f489a is not present anymore, skipping cache...
2026-06-26 11:34:44.335 44 INFO eventlet.wsgi.server [-] 10.2.2.233, "GET /2009-04-04/user-data HTTP/1.1" status: 404 len: 297 time: 0.0513504
2026-06-26 11:34:44.376 44 INFO eventlet.wsgi.server [-] 10.2.2.233, "GET /2009-04-04/meta-data/block-device-mapping HTTP/1.1" status: 200 len: 143 time: 0.0134883
2026-06-26 11:34:44.390 44 INFO eventlet.wsgi.server [-] 10.2.2.233, "GET /2009-04-04/meta-data/block-device-mapping/ami HTTP/1.1" status: 200 len: 138 time: 0.0101476
2026-06-26 11:34:44.405 44 INFO eventlet.wsgi.server [-] 10.2.2.233, "GET /2009-04-04/meta-data/block-device-mapping/root HTTP/1.1" status: 200 len: 143 time: 0.0102346
2026-06-26 11:34:44.423 44 INFO eventlet.wsgi.server [-] 10.2.2.233, "GET /2009-04-04/meta-data/public-hostname HTTP/1.1" status: 200 len: 185 time: 0.0137217
2026-06-26 11:34:44.445 44 INFO eventlet.wsgi.server [-] 10.2.2.233, "GET /2009-04-04/meta-data/placement/availability-zone HTTP/1.1" status: 200 len: 139 time: 0.0136137
2026-06-26 11:37:21.907 45 INFO eventlet.wsgi.server [-] 169.254.169.254, "GET / HTTP/1.1" status: 404 len: 176 time: 0.0048964
2026-06-26 11:40:31.957 44 INFO eventlet.wsgi.server [-] 169.254.169.254, "GET / HTTP/1.1" status: 404 len: 176 time: 0.0053453
2026-06-26 11:43:01.917 45 INFO eventlet.wsgi.server [-] 169.254.169.254, "GET / HTTP/1.1" status: 404 len: 176 time: 0.0050738