2026-04-17 01:28:48.073 6 INFO neutron.plugins.ml2.drivers.ovn.mech_driver.ovsdb.commands [None req-97709578-29a5-478b-87dc-fcec37d9da9d - - - - - -] Schedule LRP lrp-f294fd7f-4fe4-4318-af52-fd62360ba44d on gateway afab7a5c-8e8a-48aa-9859-42bf6ac68f00 with priority 1
2026-04-17 01:28:48.110 6 INFO neutron.plugins.ml2.drivers.ovn.mech_driver.mech_driver [None req-d1e406d9-4908-4756-8e7f-c2afad363274 - - - - - -] OVN reports status up for port: f294fd7f-4fe4-4318-af52-fd62360ba44d
2026-04-17 01:28:48.134 6 INFO neutron.plugins.ml2.plugin [None req-d1e406d9-4908-4756-8e7f-c2afad363274 - - - - - -] Attempt 1 to provision port f294fd7f-4fe4-4318-af52-fd62360ba44d
2026-04-17 01:28:48.155 6 INFO neutron.db.ovn_revision_numbers_db [None req-2c6c8d6d-aab4-463f-9e33-c8be714ada92 30710513e04c4b00b2458ebc1f327f0e 22d3a463095842509a94ac3bddf42f7b - - default default] Successfully bumped revision number for resource f294fd7f-4fe4-4318-af52-fd62360ba44d (type: router_ports) to 1
2026-04-17 01:28:48.262 6 INFO neutron.db.ovn_revision_numbers_db [None req-2c6c8d6d-aab4-463f-9e33-c8be714ada92 30710513e04c4b00b2458ebc1f327f0e 22d3a463095842509a94ac3bddf42f7b - - default default] Successfully bumped revision number for resource 6ae5e3ec-d490-4371-b3cf-b866f90747f9 (type: routers) to 2
2026-04-17 01:28:48.273 7 INFO neutron.db.ovn_revision_numbers_db [None req-e9ecc939-a038-4c65-8468-27f1b6c1bceb 7baf354ca83f464fb7c2b82b0f12145b c436aec0dc604245b4e0427811ba8942 - - default default] Successfully bumped revision number for resource 8f46be78-7c43-4210-9bf5-012d3b6db967 (type: security_groups) to 1 [pid: 6|app: 0|req: 564/1134] 10.0.0.77 () {34 vars in 668 bytes} [Fri Apr 17 01:28:46 2026] POST /v2.0/routers => generated 955 bytes in 1367 msecs (HTTP/1.1 201) 4 headers in 162 bytes (1 switches on core 0)
2026-04-17 01:28:48.287 7 INFO neutron.db.ovn_revision_numbers_db [None req-e9ecc939-a038-4c65-8468-27f1b6c1bceb 7baf354ca83f464fb7c2b82b0f12145b c436aec0dc604245b4e0427811ba8942 - - default default] Successfully bumped revision number for resource 85622f56-a622-43a6-b2bc-cec17af6c374 (type: security_group_rules) to 0
2026-04-17 01:28:48.298 7 INFO neutron.db.ovn_revision_numbers_db [None req-e9ecc939-a038-4c65-8468-27f1b6c1bceb 7baf354ca83f464fb7c2b82b0f12145b c436aec0dc604245b4e0427811ba8942 - - default default] Successfully bumped revision number for resource 8c072edd-7d78-4f50-b0b7-d83379c97c7b (type: security_group_rules) to 0
2026-04-17 01:28:48.309 7 INFO neutron.db.ovn_revision_numbers_db [None req-e9ecc939-a038-4c65-8468-27f1b6c1bceb 7baf354ca83f464fb7c2b82b0f12145b c436aec0dc604245b4e0427811ba8942 - - default default] Successfully bumped revision number for resource 8d6e536c-a4cd-4761-bbb0-1a089e02f700 (type: security_group_rules) to 0
2026-04-17 01:28:48.320 7 INFO neutron.db.ovn_revision_numbers_db [None req-e9ecc939-a038-4c65-8468-27f1b6c1bceb 7baf354ca83f464fb7c2b82b0f12145b c436aec0dc604245b4e0427811ba8942 - - default default] Successfully bumped revision number for resource c6d49901-903e-4b8e-af05-60252a25a7ca (type: security_group_rules) to 0 [pid: 7|app: 0|req: 571/1135] 10.0.0.77 () {32 vars in 773 bytes} [Fri Apr 17 01:28:48 2026] GET /v2.0/security-groups?tenant_id=5edc5b148e014d64bdbf143b2d33ca16&name=default => generated 2925 bytes in 291 msecs (HTTP/1.1 200) 4 headers in 158 bytes (1 switches on core 0)
2026-04-17 01:28:48.389 6 INFO neutron_taas.services.taas.taas_plugin [None req-61f77179-a6d4-4762-ba9e-310825e41148 f3b536803f7a4ccfb389c6941d330f84 74645738626f415ebdefe89d858429ca - - default default] TaaS: Handle Delete Port: 4edeb61b-48e9-4882-a742-3512bb9a7583
2026-04-17 01:28:48.394 6 INFO neutron_taas.services.taas.tap_mirror_plugin [None req-61f77179-a6d4-4762-ba9e-310825e41148 f3b536803f7a4ccfb389c6941d330f84 74645738626f415ebdefe89d858429ca - - default default] Tap Mirror: Handle Delete Port: 4edeb61b-48e9-4882-a742-3512bb9a7583 [pid: 7|app: 0|req: 572/1136] 10.0.0.77 () {32 vars in 739 bytes} [Fri Apr 17 01:28:48 2026] DELETE /v2.0/security-groups/c030ac63-31b3-4fb1-bbf0-10e20f731e59 => generated 0 bytes in 135 msecs (HTTP/1.1 204) 2 headers in 112 bytes (1 switches on core 0) [pid: 6|app: 0|req: 565/1137] 10.0.0.77 () {32 vars in 731 bytes} [Fri Apr 17 01:28:48 2026] DELETE /v2.0/floatingips/0f852461-fd07-4c72-a377-c413439d5f9c => generated 0 bytes in 256 msecs (HTTP/1.1 204) 2 headers in 112 bytes (1 switches on core 0) [pid: 6|app: 0|req: 566/1138] 10.0.0.77 () {32 vars in 739 bytes} [Fri Apr 17 01:28:48 2026] DELETE /v2.0/security-groups/8f46be78-7c43-4210-9bf5-012d3b6db967 => generated 0 bytes in 218 msecs (HTTP/1.1 204) 2 headers in 112 bytes (1 switches on core 0)
2026-04-17 01:28:48.764 6 INFO neutron.api.v2.resource [None req-03164824-5498-412c-848a-e825617d53bc 5a8a69b3739a4f96aa7ea86aaa1eb623 e2a3976bf0614c04a129806b4e2f6f74 - - default default] show failed (client error): The resource could not be found. [pid: 6|app: 0|req: 567/1139] 10.0.0.77 () {32 vars in 736 bytes} [Fri Apr 17 01:28:48 2026] GET /v2.0/security-groups/c030ac63-31b3-4fb1-bbf0-10e20f731e59 => generated 146 bytes in 8 msecs (HTTP/1.1 404) 4 headers in 164 bytes (1 switches on core 0)
2026-04-17 01:28:48.884 6 INFO neutron_taas.services.taas.taas_plugin [None req-e4271a1e-a3ce-4a87-8bdf-7a00ddf53065 5a8a69b3739a4f96aa7ea86aaa1eb623 e2a3976bf0614c04a129806b4e2f6f74 - - default default] TaaS: Handle Delete Port: b673e1e0-81bc-4f59-b55d-46031cbdb673
2026-04-17 01:28:48.887 6 INFO neutron_taas.services.taas.tap_mirror_plugin [None req-e4271a1e-a3ce-4a87-8bdf-7a00ddf53065 5a8a69b3739a4f96aa7ea86aaa1eb623 e2a3976bf0614c04a129806b4e2f6f74 - - default default] Tap Mirror: Handle Delete Port: b673e1e0-81bc-4f59-b55d-46031cbdb673
2026-04-17 01:28:48.987 7 WARNING neutron.scheduler.dhcp_agent_scheduler [None req-c2c48f03-e794-4df5-bfeb-79bbdf2d7cef 30710513e04c4b00b2458ebc1f327f0e 22d3a463095842509a94ac3bddf42f7b - - default default] No more DHCP agents
2026-04-17 01:28:48.988 7 WARNING neutron.api.rpc.agentnotifiers.dhcp_rpc_agent_api [None req-c2c48f03-e794-4df5-bfeb-79bbdf2d7cef 30710513e04c4b00b2458ebc1f327f0e 22d3a463095842509a94ac3bddf42f7b - - default default] Unable to schedule network cdba8626-34fd-4db9-bd0b-f3840eaba279: no agents available; will retry on subsequent port and subnet creation events. [pid: 6|app: 0|req: 568/1140] 10.0.0.77 () {32 vars in 731 bytes} [Fri Apr 17 01:28:48 2026] DELETE /v2.0/floatingips/f021f254-216c-4cbf-9d09-6cbb5f1b105c => generated 0 bytes in 304 msecs (HTTP/1.1 204) 2 headers in 112 bytes (1 switches on core 0)
2026-04-17 01:28:49.147 7 INFO neutron.db.ovn_revision_numbers_db [None req-c2c48f03-e794-4df5-bfeb-79bbdf2d7cef 30710513e04c4b00b2458ebc1f327f0e 22d3a463095842509a94ac3bddf42f7b - - default default] Successfully bumped revision number for resource d006f47f-e676-4b78-80da-4406bde16358 (type: ports) to 1
2026-04-17 01:28:49.404 6 INFO neutron_taas.services.taas.taas_plugin [None req-c86c7056-a092-45fc-92e4-b0d07451140a 7baf354ca83f464fb7c2b82b0f12145b c436aec0dc604245b4e0427811ba8942 - - default default] TaaS: Handle Delete Port: 5636dc20-0760-4c4e-9c76-30db57fed7b5
2026-04-17 01:28:49.406 6 INFO neutron_taas.services.taas.tap_mirror_plugin [None req-c86c7056-a092-45fc-92e4-b0d07451140a 7baf354ca83f464fb7c2b82b0f12145b c436aec0dc604245b4e0427811ba8942 - - default default] Tap Mirror: Handle Delete Port: 5636dc20-0760-4c4e-9c76-30db57fed7b5
2026-04-17 01:28:49.825 7 WARNING neutron.scheduler.dhcp_agent_scheduler [None req-c2c48f03-e794-4df5-bfeb-79bbdf2d7cef 30710513e04c4b00b2458ebc1f327f0e 22d3a463095842509a94ac3bddf42f7b - - default default] No more DHCP agents
2026-04-17 01:28:49.826 7 WARNING neutron.api.rpc.agentnotifiers.dhcp_rpc_agent_api [None req-c2c48f03-e794-4df5-bfeb-79bbdf2d7cef 30710513e04c4b00b2458ebc1f327f0e 22d3a463095842509a94ac3bddf42f7b - - default default] Unable to schedule network cdba8626-34fd-4db9-bd0b-f3840eaba279: no agents available; will retry on subsequent port and subnet creation events. [pid: 6|app: 0|req: 569/1141] 10.0.0.77 () {34 vars in 788 bytes} [Fri Apr 17 01:28:49 2026] PUT /v2.0/routers/69c8d775-79d4-446c-bdf4-f6bea2782660/remove_router_interface => generated 309 bytes in 896 msecs (HTTP/1.1 200) 4 headers in 157 bytes (1 switches on core 0) /var/lib/openstack/lib/python3.12/site-packages/pycadf/identifier.py:70: UserWarning: Invalid uuid: neutron. To ensure interoperability, identifiers should be a valid uuid. warnings.warn(('Invalid uuid: %s. To ensure interoperability, '
2026-04-17 01:28:50.173 7 INFO neutron.db.ovn_revision_numbers_db [None req-c2c48f03-e794-4df5-bfeb-79bbdf2d7cef 30710513e04c4b00b2458ebc1f327f0e 22d3a463095842509a94ac3bddf42f7b - - default default] Successfully bumped revision number for resource d006f47f-e676-4b78-80da-4406bde16358 (type: router_ports) to 1 [pid: 7|app: 0|req: 573/1142] 10.0.0.77 () {34 vars in 782 bytes} [Fri Apr 17 01:28:48 2026] PUT /v2.0/routers/6ae5e3ec-d490-4371-b3cf-b866f90747f9/add_router_interface => generated 309 bytes in 1684 msecs (HTTP/1.1 200) 4 headers in 157 bytes (1 switches on core 0)
2026-04-17 01:28:50.342 6 INFO neutron.db.ovn_revision_numbers_db [None req-b2ce8846-0c60-41f3-9da9-aba8173555ff 7baf354ca83f464fb7c2b82b0f12145b c436aec0dc604245b4e0427811ba8942 - - default default] Successfully bumped revision number for resource d24c5bce-f7f1-4dd8-82a2-3888a9fe0b51 (type: security_groups) to 1
2026-04-17 01:28:50.353 6 INFO neutron.db.ovn_revision_numbers_db [None req-b2ce8846-0c60-41f3-9da9-aba8173555ff 7baf354ca83f464fb7c2b82b0f12145b c436aec0dc604245b4e0427811ba8942 - - default default] Successfully bumped revision number for resource 11668c4f-a3ea-4c92-9968-195781dafebf (type: security_group_rules) to 0
2026-04-17 01:28:50.366 6 INFO neutron.db.ovn_revision_numbers_db [None req-b2ce8846-0c60-41f3-9da9-aba8173555ff 7baf354ca83f464fb7c2b82b0f12145b c436aec0dc604245b4e0427811ba8942 - - default default] Successfully bumped revision number for resource 2e958e3c-7c08-4b89-a50a-7de5ffa8af4d (type: security_group_rules) to 0
2026-04-17 01:28:50.377 6 INFO neutron.db.ovn_revision_numbers_db [None req-b2ce8846-0c60-41f3-9da9-aba8173555ff 7baf354ca83f464fb7c2b82b0f12145b c436aec0dc604245b4e0427811ba8942 - - default default] Successfully bumped revision number for resource 6b8a2fab-9158-4cad-b69e-e72b5d69f5d2 (type: security_group_rules) to 0
2026-04-17 01:28:50.391 6 INFO neutron.db.ovn_revision_numbers_db [None req-b2ce8846-0c60-41f3-9da9-aba8173555ff 7baf354ca83f464fb7c2b82b0f12145b c436aec0dc604245b4e0427811ba8942 - - default default] Successfully bumped revision number for resource 9a55e373-e300-44cd-8b17-06c267f96dc1 (type: security_group_rules) to 0 [pid: 6|app: 0|req: 570/1143] 10.0.0.77 () {32 vars in 773 bytes} [Fri Apr 17 01:28:49 2026] GET /v2.0/security-groups?tenant_id=ccefe84c26064991a35ea407b3d814d3&name=default => generated 2925 bytes in 460 msecs (HTTP/1.1 200) 4 headers in 158 bytes (1 switches on core 0)
2026-04-17 01:28:50.491 7 INFO neutron_taas.services.taas.taas_plugin [None req-02d9b3f0-c64c-43ba-8fb2-04854198071b 7baf354ca83f464fb7c2b82b0f12145b c436aec0dc604245b4e0427811ba8942 - - default default] TaaS: Handle Delete Port: ce409291-5935-4d16-81ba-433594fcb427
2026-04-17 01:28:50.496 7 INFO neutron_taas.services.taas.tap_mirror_plugin [None req-02d9b3f0-c64c-43ba-8fb2-04854198071b 7baf354ca83f464fb7c2b82b0f12145b c436aec0dc604245b4e0427811ba8942 - - default default] Tap Mirror: Handle Delete Port: ce409291-5935-4d16-81ba-433594fcb427
2026-04-17 01:28:50.744 6 WARNING neutron.scheduler.dhcp_agent_scheduler [None req-2f3eccf3-7b77-44d3-81f1-bc0238d98400 30710513e04c4b00b2458ebc1f327f0e 22d3a463095842509a94ac3bddf42f7b - - default default] No more DHCP agents
2026-04-17 01:28:50.747 6 WARNING neutron.api.rpc.agentnotifiers.dhcp_rpc_agent_api [None req-2f3eccf3-7b77-44d3-81f1-bc0238d98400 30710513e04c4b00b2458ebc1f327f0e 22d3a463095842509a94ac3bddf42f7b - - default default] Unable to schedule network cdba8626-34fd-4db9-bd0b-f3840eaba279: no agents available; will retry on subsequent port and subnet creation events. [pid: 7|app: 0|req: 574/1144] 10.0.0.77 () {32 vars in 723 bytes} [Fri Apr 17 01:28:50 2026] DELETE /v2.0/routers/69c8d775-79d4-446c-bdf4-f6bea2782660 => generated 0 bytes in 719 msecs (HTTP/1.1 204) 2 headers in 112 bytes (1 switches on core 0)
2026-04-17 01:28:50.923 6 INFO neutron.db.ovn_revision_numbers_db [None req-2f3eccf3-7b77-44d3-81f1-bc0238d98400 30710513e04c4b00b2458ebc1f327f0e 22d3a463095842509a94ac3bddf42f7b - - default default] Successfully bumped revision number for resource 6b69181a-f9f2-4fca-af7f-d646bd19d51b (type: ports) to 1 [pid: 6|app: 0|req: 571/1145] 10.0.0.77 () {34 vars in 664 bytes} [Fri Apr 17 01:28:50 2026] POST /v2.0/ports => generated 954 bytes in 519 msecs (HTTP/1.1 201) 4 headers in 162 bytes (1 switches on core 0) /var/lib/openstack/lib/python3.12/site-packages/pycadf/identifier.py:70: UserWarning: Invalid uuid: neutron. To ensure interoperability, identifiers should be a valid uuid. warnings.warn(('Invalid uuid: %s. To ensure interoperability, ' [pid: 7|app: 0|req: 575/1146] 10.0.0.77 () {32 vars in 739 bytes} [Fri Apr 17 01:28:50 2026] DELETE /v2.0/security-groups/d24c5bce-f7f1-4dd8-82a2-3888a9fe0b51 => generated 0 bytes in 253 msecs (HTTP/1.1 204) 2 headers in 112 bytes (1 switches on core 0) [pid: 6|app: 0|req: 572/1147] 10.0.0.77 () {32 vars in 723 bytes} [Fri Apr 17 01:28:50 2026] DELETE /v2.0/subnets/f0ba1d7f-0060-4786-9483-3a27ed637d5b => generated 0 bytes in 210 msecs (HTTP/1.1 204) 3 headers in 131 bytes (1 switches on core 0)
2026-04-17 01:28:51.281 6 INFO neutron_taas.services.taas.taas_plugin [None req-72e11406-682b-47bf-bf51-af39165b82d2 7baf354ca83f464fb7c2b82b0f12145b c436aec0dc604245b4e0427811ba8942 - - default default] TaaS: Handle Delete Port: c7a6495c-b289-4d9e-872e-471d2270ba2c
2026-04-17 01:28:51.283 6 INFO neutron_taas.services.taas.tap_mirror_plugin [None req-72e11406-682b-47bf-bf51-af39165b82d2 7baf354ca83f464fb7c2b82b0f12145b c436aec0dc604245b4e0427811ba8942 - - default default] Tap Mirror: Handle Delete Port: c7a6495c-b289-4d9e-872e-471d2270ba2c
2026-04-17 01:28:51.444 7 WARNING neutron.scheduler.dhcp_agent_scheduler [None req-fc4fd193-5cb5-41b9-adac-bc50a3dde834 30710513e04c4b00b2458ebc1f327f0e 22d3a463095842509a94ac3bddf42f7b - - default default] No more DHCP agents
2026-04-17 01:28:51.446 7 WARNING neutron.api.rpc.agentnotifiers.dhcp_rpc_agent_api [None req-fc4fd193-5cb5-41b9-adac-bc50a3dde834 30710513e04c4b00b2458ebc1f327f0e 22d3a463095842509a94ac3bddf42f7b - - default default] Unable to schedule network cdba8626-34fd-4db9-bd0b-f3840eaba279: no agents available; will retry on subsequent port and subnet creation events.
2026-04-17 01:28:51.448 6 INFO neutron.services.segments.plugin [-] Segment b3189d07-4de0-492e-8e45-fa208509978b resource provider aggregate not found
2026-04-17 01:28:51.454 6 INFO neutron.services.segments.plugin [-] Segment b3189d07-4de0-492e-8e45-fa208509978b resource provider aggregate not found
2026-04-17 01:28:51.474 6 INFO neutron.services.segments.plugin [-] Segment b3189d07-4de0-492e-8e45-fa208509978b resource provider not found; error: Placement Client Error (4xx): {"errors": [{"status": 404, "title": "Not Found", "detail": "The resource could not be found.\n\n No resource provider with uuid b3189d07-4de0-492e-8e45-fa208509978b found for delete ", "request_id": "req-5cf67258-d4bb-453e-a7f7-3ef2e0e9f7bf"}]}
2026-04-17 01:28:51.481 6 INFO neutron.services.segments.plugin [-] Segment b3189d07-4de0-492e-8e45-fa208509978b resource provider not found; error: Placement Client Error (4xx): {"errors": [{"status": 404, "title": "Not Found", "detail": "The resource could not be found.\n\n No resource provider with uuid b3189d07-4de0-492e-8e45-fa208509978b found for delete ", "request_id": "req-197b99bd-5e18-431e-a703-cf3482ab9646"}]} [pid: 6|app: 0|req: 573/1148] 10.0.0.77 () {32 vars in 725 bytes} [Fri Apr 17 01:28:51 2026] DELETE /v2.0/networks/943acea9-c8b2-4471-90ab-25c5ac2d8d11 => generated 0 bytes in 344 msecs (HTTP/1.1 204) 3 headers in 131 bytes (1 switches on core 0)
2026-04-17 01:28:51.590 7 INFO neutron.plugins.ml2.drivers.ovn.mech_driver.mech_driver [None req-82e8deb3-4344-4822-9289-ca253d26e385 - - - - - -] OVN reports status down for port: 5aff9592-95b8-496e-bd8c-3f5fdad1775e
2026-04-17 01:28:51.650 7 INFO neutron.db.ovn_revision_numbers_db [None req-fc4fd193-5cb5-41b9-adac-bc50a3dde834 30710513e04c4b00b2458ebc1f327f0e 22d3a463095842509a94ac3bddf42f7b - - default default] Successfully bumped revision number for resource 5aff9592-95b8-496e-bd8c-3f5fdad1775e (type: ports) to 1
2026-04-17 01:28:51.663 6 INFO neutron.db.ovn_revision_numbers_db [None req-bdc8bb27-beb1-4cc7-80e6-1ed56307628d 7baf354ca83f464fb7c2b82b0f12145b c436aec0dc604245b4e0427811ba8942 - - default default] Successfully bumped revision number for resource 27e291a6-ad0d-43a0-ada2-dc910f42d614 (type: security_groups) to 1
2026-04-17 01:28:51.675 6 INFO neutron.db.ovn_revision_numbers_db [None req-bdc8bb27-beb1-4cc7-80e6-1ed56307628d 7baf354ca83f464fb7c2b82b0f12145b c436aec0dc604245b4e0427811ba8942 - - default default] Successfully bumped revision number for resource 6f4c3523-5fd8-4313-aa81-2f96d759b5ba (type: security_group_rules) to 0
2026-04-17 01:28:51.688 6 INFO neutron.db.ovn_revision_numbers_db [None req-bdc8bb27-beb1-4cc7-80e6-1ed56307628d 7baf354ca83f464fb7c2b82b0f12145b c436aec0dc604245b4e0427811ba8942 - - default default] Successfully bumped revision number for resource 7d77e9e3-d8ca-428c-be4c-9553720382b6 (type: security_group_rules) to 0
2026-04-17 01:28:51.705 6 INFO neutron.db.ovn_revision_numbers_db [None req-bdc8bb27-beb1-4cc7-80e6-1ed56307628d 7baf354ca83f464fb7c2b82b0f12145b c436aec0dc604245b4e0427811ba8942 - - default default] Successfully bumped revision number for resource 95951db8-f2d0-41b2-95f7-e46228f2a4af (type: security_group_rules) to 0
2026-04-17 01:28:51.717 6 INFO neutron.db.ovn_revision_numbers_db [None req-bdc8bb27-beb1-4cc7-80e6-1ed56307628d 7baf354ca83f464fb7c2b82b0f12145b c436aec0dc604245b4e0427811ba8942 - - default default] Successfully bumped revision number for resource bea99d82-f071-4e11-9a19-eba2d7809807 (type: security_group_rules) to 0 [pid: 7|app: 0|req: 576/1149] 10.0.0.77 () {34 vars in 664 bytes} [Fri Apr 17 01:28:51 2026] POST /v2.0/ports => generated 959 bytes in 587 msecs (HTTP/1.1 201) 4 headers in 162 bytes (1 switches on core 0) [pid: 6|app: 0|req: 574/1150] 10.0.0.77 () {32 vars in 773 bytes} [Fri Apr 17 01:28:51 2026] GET /v2.0/security-groups?tenant_id=d43cdffdd82141b2aaa84976a0c7e9af&name=default => generated 2925 bytes in 236 msecs (HTTP/1.1 200) 4 headers in 158 bytes (1 switches on core 0) [pid: 6|app: 0|req: 575/1151] 10.0.0.77 () {32 vars in 773 bytes} [Fri Apr 17 01:28:51 2026] GET /v2.0/security-groups?tenant_id=e2a3976bf0614c04a129806b4e2f6f74&name=default => generated 2925 bytes in 27 msecs (HTTP/1.1 200) 4 headers in 158 bytes (1 switches on core 0) /var/lib/openstack/lib/python3.12/site-packages/pycadf/identifier.py:70: UserWarning: Invalid uuid: neutron. To ensure interoperability, identifiers should be a valid uuid. warnings.warn(('Invalid uuid: %s. To ensure interoperability, '
2026-04-17 01:28:51.991 6 WARNING neutron.scheduler.dhcp_agent_scheduler [None req-2360a4c0-e04a-4776-8aa6-a0ec6f6eb051 30710513e04c4b00b2458ebc1f327f0e 22d3a463095842509a94ac3bddf42f7b - - default default] No more DHCP agents
2026-04-17 01:28:51.992 6 WARNING neutron.api.rpc.agentnotifiers.dhcp_rpc_agent_api [None req-2360a4c0-e04a-4776-8aa6-a0ec6f6eb051 30710513e04c4b00b2458ebc1f327f0e 22d3a463095842509a94ac3bddf42f7b - - default default] Unable to schedule network 77b66589-3fb8-4b5a-b4df-4108c50cb067: no agents available; will retry on subsequent port and subnet creation events.
2026-04-17 01:28:52.077 7 INFO neutron.db.ovn_revision_numbers_db [None req-12c1ddbe-e726-4458-a35c-863613a59077 29399c02689645cea3a19dd417c13d48 cf6f4a664cb3467cbe354d3c26ce6ffd - - default default] Successfully bumped revision number for resource afd6ad52-5f1f-4129-9b7d-902eedad4016 (type: security_groups) to 1
2026-04-17 01:28:52.089 7 INFO neutron.db.ovn_revision_numbers_db [None req-12c1ddbe-e726-4458-a35c-863613a59077 29399c02689645cea3a19dd417c13d48 cf6f4a664cb3467cbe354d3c26ce6ffd - - default default] Successfully bumped revision number for resource 9c0da202-dde8-474a-b88f-ef6487f9dc51 (type: security_group_rules) to 0
2026-04-17 01:28:52.100 7 INFO neutron.db.ovn_revision_numbers_db [None req-12c1ddbe-e726-4458-a35c-863613a59077 29399c02689645cea3a19dd417c13d48 cf6f4a664cb3467cbe354d3c26ce6ffd - - default default] Successfully bumped revision number for resource e5cd8768-42f0-47a7-9f4b-546e4eb6533a (type: security_group_rules) to 0
2026-04-17 01:28:52.112 7 INFO neutron.db.ovn_revision_numbers_db [None req-12c1ddbe-e726-4458-a35c-863613a59077 29399c02689645cea3a19dd417c13d48 cf6f4a664cb3467cbe354d3c26ce6ffd - - default default] Successfully bumped revision number for resource e6ad4d71-654d-4c7a-a58e-3244649aec13 (type: security_group_rules) to 0
2026-04-17 01:28:52.124 7 INFO neutron.db.ovn_revision_numbers_db [None req-12c1ddbe-e726-4458-a35c-863613a59077 29399c02689645cea3a19dd417c13d48 cf6f4a664cb3467cbe354d3c26ce6ffd - - default default] Successfully bumped revision number for resource f269c747-8a1d-4319-a373-7e4b83ae7a2b (type: security_group_rules) to 0
2026-04-17 01:28:52.210 7 INFO neutron.db.segments_db [None req-12c1ddbe-e726-4458-a35c-863613a59077 29399c02689645cea3a19dd417c13d48 cf6f4a664cb3467cbe354d3c26ce6ffd - - default default] Added segment c2f2e168-f9db-4ba2-b92e-b49aa8734b3a of type geneve for network 264e540e-4ec1-4661-a90f-8f574137d1b3
2026-04-17 01:28:52.318 7 INFO neutron.db.ovn_revision_numbers_db [None req-12c1ddbe-e726-4458-a35c-863613a59077 29399c02689645cea3a19dd417c13d48 cf6f4a664cb3467cbe354d3c26ce6ffd - - default default] Successfully bumped revision number for resource 264e540e-4ec1-4661-a90f-8f574137d1b3 (type: networks) to 1
2026-04-17 01:28:52.476 7 WARNING neutron.scheduler.dhcp_agent_scheduler [None req-12c1ddbe-e726-4458-a35c-863613a59077 29399c02689645cea3a19dd417c13d48 cf6f4a664cb3467cbe354d3c26ce6ffd - - default default] No more DHCP agents
2026-04-17 01:28:52.477 7 WARNING neutron.api.rpc.agentnotifiers.dhcp_rpc_agent_api [None req-12c1ddbe-e726-4458-a35c-863613a59077 29399c02689645cea3a19dd417c13d48 cf6f4a664cb3467cbe354d3c26ce6ffd - - default default] Unable to schedule network 264e540e-4ec1-4661-a90f-8f574137d1b3: no agents available; will retry on subsequent port and subnet creation events.
2026-04-17 01:28:52.528 7 INFO neutron.plugins.ml2.drivers.ovn.mech_driver.mech_driver [None req-82e8deb3-4344-4822-9289-ca253d26e385 - - - - - -] OVN reports status down for port: 9b6c1ce2-f606-4ef0-8ffc-26158876cb7f
2026-04-17 01:28:52.583 7 INFO neutron.db.ovn_revision_numbers_db [None req-12c1ddbe-e726-4458-a35c-863613a59077 29399c02689645cea3a19dd417c13d48 cf6f4a664cb3467cbe354d3c26ce6ffd - - default default] Successfully bumped revision number for resource 9b6c1ce2-f606-4ef0-8ffc-26158876cb7f (type: ports) to 1 [pid: 7|app: 0|req: 577/1152] 10.0.0.77 () {34 vars in 670 bytes} [Fri Apr 17 01:28:51 2026] POST /v2.0/networks => generated 652 bytes in 928 msecs (HTTP/1.1 201) 4 headers in 162 bytes (1 switches on core 0) /var/lib/openstack/lib/python3.12/site-packages/pycadf/identifier.py:70: UserWarning: Invalid uuid: neutron. To ensure interoperability, identifiers should be a valid uuid. warnings.warn(('Invalid uuid: %s. To ensure interoperability, '
2026-04-17 01:28:52.747 6 INFO neutron.db.ovn_revision_numbers_db [None req-2360a4c0-e04a-4776-8aa6-a0ec6f6eb051 30710513e04c4b00b2458ebc1f327f0e 22d3a463095842509a94ac3bddf42f7b - - default default] Successfully bumped revision number for resource 6776c01d-3261-4356-887d-f4f25438860a (type: floatingips) to 1
2026-04-17 01:28:52.747 6 INFO neutron.db.l3_db [None req-2360a4c0-e04a-4776-8aa6-a0ec6f6eb051 30710513e04c4b00b2458ebc1f327f0e 22d3a463095842509a94ac3bddf42f7b - - default default] Floating IP 6776c01d-3261-4356-887d-f4f25438860a associated. External IP: 10.96.250.207, port: 5aff9592-95b8-496e-bd8c-3f5fdad1775e. [pid: 6|app: 0|req: 576/1153] 10.0.0.77 () {34 vars in 676 bytes} [Fri Apr 17 01:28:51 2026] POST /v2.0/floatingips => generated 843 bytes in 1014 msecs (HTTP/1.1 201) 4 headers in 162 bytes (1 switches on core 0) [pid: 7|app: 0|req: 578/1154] 10.0.0.77 () {32 vars in 739 bytes} [Fri Apr 17 01:28:52 2026] DELETE /v2.0/security-groups/27e291a6-ad0d-43a0-ada2-dc910f42d614 => generated 0 bytes in 245 msecs (HTTP/1.1 204) 2 headers in 112 bytes (1 switches on core 0) [pid: 6|app: 0|req: 577/1155] 10.0.0.77 () {32 vars in 739 bytes} [Fri Apr 17 01:28:52 2026] DELETE /v2.0/security-groups/0e699b4f-71e9-42e0-8eff-4e68b1e0ddbd => generated 0 bytes in 227 msecs (HTTP/1.1 204) 2 headers in 112 bytes (1 switches on core 0)
2026-04-17 01:28:53.155 6 INFO neutron.db.ovn_revision_numbers_db [None req-931a45f1-b150-438e-a1de-bff628a58182 30710513e04c4b00b2458ebc1f327f0e 22d3a463095842509a94ac3bddf42f7b - - default default] Successfully bumped revision number for resource 6776c01d-3261-4356-887d-f4f25438860a (type: floatingips) to 2
2026-04-17 01:28:53.196 6 INFO neutron.db.l3_db [None req-931a45f1-b150-438e-a1de-bff628a58182 30710513e04c4b00b2458ebc1f327f0e 22d3a463095842509a94ac3bddf42f7b - - default default] Floating IP 6776c01d-3261-4356-887d-f4f25438860a disassociated. External IP: 10.96.250.207, port: 5aff9592-95b8-496e-bd8c-3f5fdad1775e. [pid: 6|app: 0|req: 578/1156] 10.0.0.77 () {34 vars in 748 bytes} [Fri Apr 17 01:28:53 2026] PUT /v2.0/floatingips/6776c01d-3261-4356-887d-f4f25438860a => generated 554 bytes in 201 msecs (HTTP/1.1 200) 4 headers in 157 bytes (1 switches on core 0)
2026-04-17 01:28:53.307 7 WARNING neutron.scheduler.dhcp_agent_scheduler [None req-86b080d5-9065-4ba3-abca-5e189af25438 29399c02689645cea3a19dd417c13d48 cf6f4a664cb3467cbe354d3c26ce6ffd - - default default] No more DHCP agents
2026-04-17 01:28:53.309 7 WARNING neutron.api.rpc.agentnotifiers.dhcp_rpc_agent_api [None req-86b080d5-9065-4ba3-abca-5e189af25438 29399c02689645cea3a19dd417c13d48 cf6f4a664cb3467cbe354d3c26ce6ffd - - default default] Unable to schedule network 77b66589-3fb8-4b5a-b4df-4108c50cb067: no agents available; will retry on subsequent port and subnet creation events.
2026-04-17 01:28:53.343 6 INFO neutron.db.ovn_revision_numbers_db [None req-248d06c6-77d3-4029-bdc2-e751a451ed40 7baf354ca83f464fb7c2b82b0f12145b c436aec0dc604245b4e0427811ba8942 - - default default] Successfully bumped revision number for resource 054a0c0a-418e-4689-a0db-b5229b4e7c80 (type: security_groups) to 1
2026-04-17 01:28:53.353 6 INFO neutron.db.ovn_revision_numbers_db [None req-248d06c6-77d3-4029-bdc2-e751a451ed40 7baf354ca83f464fb7c2b82b0f12145b c436aec0dc604245b4e0427811ba8942 - - default default] Successfully bumped revision number for resource 8af2e7f7-adc1-4ee4-bcaa-8a498e23467d (type: security_group_rules) to 0
2026-04-17 01:28:53.364 6 INFO neutron.db.ovn_revision_numbers_db [None req-248d06c6-77d3-4029-bdc2-e751a451ed40 7baf354ca83f464fb7c2b82b0f12145b c436aec0dc604245b4e0427811ba8942 - - default default] Successfully bumped revision number for resource a47076ec-d1df-4d95-8a0d-23815573ec30 (type: security_group_rules) to 0
2026-04-17 01:28:53.375 6 INFO neutron.db.ovn_revision_numbers_db [None req-248d06c6-77d3-4029-bdc2-e751a451ed40 7baf354ca83f464fb7c2b82b0f12145b c436aec0dc604245b4e0427811ba8942 - - default default] Successfully bumped revision number for resource a8bf6ce0-6bdb-43c1-afbf-3431255a1f6d (type: security_group_rules) to 0
2026-04-17 01:28:53.385 6 INFO neutron.db.ovn_revision_numbers_db [None req-248d06c6-77d3-4029-bdc2-e751a451ed40 7baf354ca83f464fb7c2b82b0f12145b c436aec0dc604245b4e0427811ba8942 - - default default] Successfully bumped revision number for resource cfa89d02-756b-4925-9a27-b94be89f5e25 (type: security_group_rules) to 0 [pid: 6|app: 0|req: 579/1157] 10.0.0.77 () {32 vars in 773 bytes} [Fri Apr 17 01:28:53 2026] GET /v2.0/security-groups?tenant_id=74645738626f415ebdefe89d858429ca&name=default => generated 2925 bytes in 224 msecs (HTTP/1.1 200) 4 headers in 158 bytes (1 switches on core 0)
2026-04-17 01:28:53.449 7 INFO neutron.db.ovn_revision_numbers_db [None req-86b080d5-9065-4ba3-abca-5e189af25438 29399c02689645cea3a19dd417c13d48 cf6f4a664cb3467cbe354d3c26ce6ffd - - default default] Successfully bumped revision number for resource 2074db43-d84a-47f0-98e0-65c8a015ba2d (type: ports) to 1
2026-04-17 01:28:53.561 6 INFO neutron_taas.services.taas.taas_plugin [None req-62fcf3c9-5baf-4848-97b0-9d5410931862 30710513e04c4b00b2458ebc1f327f0e 22d3a463095842509a94ac3bddf42f7b - - default default] TaaS: Handle Delete Port: 2615dca0-46a7-4ad4-b05a-0ba85acd3769
2026-04-17 01:28:53.563 6 INFO neutron_taas.services.taas.tap_mirror_plugin [None req-62fcf3c9-5baf-4848-97b0-9d5410931862 30710513e04c4b00b2458ebc1f327f0e 22d3a463095842509a94ac3bddf42f7b - - default default] Tap Mirror: Handle Delete Port: 2615dca0-46a7-4ad4-b05a-0ba85acd3769
2026-04-17 01:28:53.622 6 WARNING neutron.plugins.ml2.drivers.ovn.mech_driver.ovsdb.ovn_client [None req-d1e406d9-4908-4756-8e7f-c2afad363274 - - - - - -] No hosting information found for port f294fd7f-4fe4-4318-af52-fd62360ba44d: RuntimeError: No hosting information found for port f294fd7f-4fe4-4318-af52-fd62360ba44d
2026-04-17 01:28:53.623 6 INFO neutron.plugins.ml2.drivers.ovn.mech_driver.mech_driver [None req-d1e406d9-4908-4756-8e7f-c2afad363274 - - - - - -] OVN reports status down for port: d006f47f-e676-4b78-80da-4406bde16358
2026-04-17 01:28:53.730 6 WARNING neutron.plugins.ml2.drivers.ovn.mech_driver.ovsdb.ovn_client [None req-d1e406d9-4908-4756-8e7f-c2afad363274 - - - - - -] Logical_Switch_Port %s host information not removed, the port state is up
2026-04-17 01:28:53.730 6 INFO neutron.plugins.ml2.drivers.ovn.mech_driver.mech_driver [None req-d1e406d9-4908-4756-8e7f-c2afad363274 - - - - - -] OVN reports status up for port: d006f47f-e676-4b78-80da-4406bde16358
2026-04-17 01:28:53.754 6 INFO neutron.plugins.ml2.plugin [None req-d1e406d9-4908-4756-8e7f-c2afad363274 - - - - - -] Attempt 1 to provision port d006f47f-e676-4b78-80da-4406bde16358 [pid: 6|app: 0|req: 580/1158] 10.0.0.77 () {32 vars in 731 bytes} [Fri Apr 17 01:28:53 2026] DELETE /v2.0/floatingips/6776c01d-3261-4356-887d-f4f25438860a => generated 0 bytes in 385 msecs (HTTP/1.1 204) 2 headers in 112 bytes (1 switches on core 0)
2026-04-17 01:28:54.016 7 INFO neutron.plugins.ml2.drivers.ovn.mech_driver.ovsdb.commands [None req-c72fe91a-44d5-4a50-9d39-1cff2f0203d7 - - - - - -] Schedule LRP lrp-2074db43-d84a-47f0-98e0-65c8a015ba2d on gateway afab7a5c-8e8a-48aa-9859-42bf6ac68f00 with priority 1
2026-04-17 01:28:54.077 7 INFO neutron.db.ovn_revision_numbers_db [None req-86b080d5-9065-4ba3-abca-5e189af25438 29399c02689645cea3a19dd417c13d48 cf6f4a664cb3467cbe354d3c26ce6ffd - - default default] Successfully bumped revision number for resource 2074db43-d84a-47f0-98e0-65c8a015ba2d (type: router_ports) to 1
2026-04-17 01:28:54.077 6 INFO neutron.plugins.ml2.drivers.ovn.mech_driver.ovsdb.ovsdb_monitor [None req-a2e9faa7-d3c4-4160-bfd5-80511bfca108 - - - - - -] Router 226b6ed3-df58-4a9f-9a2a-2d4dec2d99f7 is bound to host instance
2026-04-17 01:28:54.153 7 INFO neutron.db.ovn_revision_numbers_db [None req-86b080d5-9065-4ba3-abca-5e189af25438 29399c02689645cea3a19dd417c13d48 cf6f4a664cb3467cbe354d3c26ce6ffd - - default default] Successfully bumped revision number for resource 226b6ed3-df58-4a9f-9a2a-2d4dec2d99f7 (type: routers) to 2 [pid: 7|app: 0|req: 579/1159] 10.0.0.77 () {34 vars in 668 bytes} [Fri Apr 17 01:28:52 2026] POST /v2.0/routers => generated 954 bytes in 1258 msecs (HTTP/1.1 201) 4 headers in 162 bytes (1 switches on core 0) /var/lib/openstack/lib/python3.12/site-packages/pycadf/identifier.py:70: UserWarning: Invalid uuid: neutron. To ensure interoperability, identifiers should be a valid uuid. warnings.warn(('Invalid uuid: %s. To ensure interoperability, ' [pid: 6|app: 0|req: 581/1160] 10.0.0.77 () {32 vars in 739 bytes} [Fri Apr 17 01:28:53 2026] DELETE /v2.0/security-groups/054a0c0a-418e-4689-a0db-b5229b4e7c80 => generated 0 bytes in 529 msecs (HTTP/1.1 204) 2 headers in 112 bytes (1 switches on core 0)
2026-04-17 01:28:54.400 7 WARNING neutron.scheduler.dhcp_agent_scheduler [None req-f9b565ce-9578-4e2e-b0cf-c6683bef8cfe 30710513e04c4b00b2458ebc1f327f0e 22d3a463095842509a94ac3bddf42f7b - - default default] No more DHCP agents
2026-04-17 01:28:54.401 7 WARNING neutron.api.rpc.agentnotifiers.dhcp_rpc_agent_api [None req-f9b565ce-9578-4e2e-b0cf-c6683bef8cfe 30710513e04c4b00b2458ebc1f327f0e 22d3a463095842509a94ac3bddf42f7b - - default default] Unable to schedule network 77b66589-3fb8-4b5a-b4df-4108c50cb067: no agents available; will retry on subsequent port and subnet creation events. [pid: 6|app: 0|req: 582/1161] 10.0.0.77 () {32 vars in 775 bytes} [Fri Apr 17 01:28:54 2026] GET /v2.0/subnets?project_id=cf6f4a664cb3467cbe354d3c26ce6ffd&cidr=10.100.0.0%2F28 => generated 14 bytes in 292 msecs (HTTP/1.1 200) 4 headers in 156 bytes (1 switches on core 0)
2026-04-17 01:28:54.675 6 INFO neutron.db.ovn_revision_numbers_db [None req-d1e406d9-4908-4756-8e7f-c2afad363274 - - - - - -] Successfully bumped revision number for resource d006f47f-e676-4b78-80da-4406bde16358 (type: ports) to 2
2026-04-17 01:28:55.030 6 INFO neutron.db.ovn_revision_numbers_db [None req-2faeb3f1-afae-4b28-9174-04ed6e48d45d 7baf354ca83f464fb7c2b82b0f12145b c436aec0dc604245b4e0427811ba8942 - - default default] Successfully bumped revision number for resource b2709aa5-5f93-4dad-890f-18e2b9e766c4 (type: security_groups) to 1
2026-04-17 01:28:55.053 6 INFO neutron.db.ovn_revision_numbers_db [None req-2faeb3f1-afae-4b28-9174-04ed6e48d45d 7baf354ca83f464fb7c2b82b0f12145b c436aec0dc604245b4e0427811ba8942 - - default default] Successfully bumped revision number for resource 2e9cb1fc-952f-48a8-8a17-d67a27cd573e (type: security_group_rules) to 0
2026-04-17 01:28:55.071 6 INFO neutron.db.ovn_revision_numbers_db [None req-2faeb3f1-afae-4b28-9174-04ed6e48d45d 7baf354ca83f464fb7c2b82b0f12145b c436aec0dc604245b4e0427811ba8942 - - default default] Successfully bumped revision number for resource 51a6fdc1-c342-4f42-953c-e1ac76d75034 (type: security_group_rules) to 0
2026-04-17 01:28:55.095 6 INFO neutron.db.ovn_revision_numbers_db [None req-2faeb3f1-afae-4b28-9174-04ed6e48d45d 7baf354ca83f464fb7c2b82b0f12145b c436aec0dc604245b4e0427811ba8942 - - default default] Successfully bumped revision number for resource 7750b8ae-94c9-41fa-abb1-0e2f15dc999d (type: security_group_rules) to 0
2026-04-17 01:28:55.113 6 INFO neutron.db.ovn_revision_numbers_db [None req-2faeb3f1-afae-4b28-9174-04ed6e48d45d 7baf354ca83f464fb7c2b82b0f12145b c436aec0dc604245b4e0427811ba8942 - - default default] Successfully bumped revision number for resource b5cc1fad-3cfd-459a-8bdd-dcc14ad80368 (type: security_group_rules) to 0
2026-04-17 01:28:55.173 7 INFO neutron.db.ovn_revision_numbers_db [None req-f9b565ce-9578-4e2e-b0cf-c6683bef8cfe 30710513e04c4b00b2458ebc1f327f0e 22d3a463095842509a94ac3bddf42f7b - - default default] Successfully bumped revision number for resource 53250da3-f55d-4b04-9f2a-35f0d8d2adf4 (type: floatingips) to 1
2026-04-17 01:28:55.173 7 INFO neutron.db.l3_db [None req-f9b565ce-9578-4e2e-b0cf-c6683bef8cfe 30710513e04c4b00b2458ebc1f327f0e 22d3a463095842509a94ac3bddf42f7b - - default default] Floating IP 53250da3-f55d-4b04-9f2a-35f0d8d2adf4 associated. External IP: 10.96.250.202, port: 6b69181a-f9f2-4fca-af7f-d646bd19d51b. [pid: 7|app: 0|req: 580/1162] 10.0.0.77 () {34 vars in 676 bytes} [Fri Apr 17 01:28:54 2026] POST /v2.0/floatingips => generated 841 bytes in 1039 msecs (HTTP/1.1 201) 4 headers in 162 bytes (1 switches on core 0) /var/lib/openstack/lib/python3.12/site-packages/pycadf/identifier.py:70: UserWarning: Invalid uuid: neutron. To ensure interoperability, identifiers should be a valid uuid. warnings.warn(('Invalid uuid: %s. To ensure interoperability, '
2026-04-17 01:28:55.239 6 INFO neutron.db.segments_db [None req-2faeb3f1-afae-4b28-9174-04ed6e48d45d 7baf354ca83f464fb7c2b82b0f12145b c436aec0dc604245b4e0427811ba8942 - - default default] Added segment cdd07347-54f9-4794-95cc-7d1ecd29f0e0 of type geneve for network 2193c350-5be3-44dd-87b8-90934ba22151 [pid: 7|app: 0|req: 581/1163] 10.0.0.77 () {32 vars in 693 bytes} [Fri Apr 17 01:28:55 2026] GET /v2.0/networks?router%3Aexternal=True => generated 791 bytes in 60 msecs (HTTP/1.1 200) 4 headers in 157 bytes (1 switches on core 0) [pid: 7|app: 0|req: 584/1166] 10.0.0.77 () {32 vars in 728 bytes} [Fri Apr 17 01:28:55 2026] GET /v2.0/floatingips/53250da3-f55d-4b04-9f2a-35f0d8d2adf4 => generated 843 bytes in 35 msecs (HTTP/1.1 200) 4 headers in 157 bytes (1 switches on core 0) [pid: 7|app: 0|req: 585/1167] 10.0.0.77 () {32 vars in 783 bytes} [Fri Apr 17 01:28:55 2026] GET /v2.0/subnets?network_id=77b66589-3fb8-4b5a-b4df-4108c50cb067&cidr=10.100.0.0%2F28 => generated 14 bytes in 20 msecs (HTTP/1.1 200) 4 headers in 156 bytes (1 switches on core 0) [pid: 7|app: 0|req: 586/1168] 10.0.0.77 () {32 vars in 654 bytes} [Fri Apr 17 01:28:55 2026] GET /v2.0/floatingips => generated 846 bytes in 69 msecs (HTTP/1.1 200) 4 headers in 157 bytes (1 switches on core 0)
2026-04-17 01:28:55.404 6 INFO neutron.db.ovn_revision_numbers_db [None req-2faeb3f1-afae-4b28-9174-04ed6e48d45d 7baf354ca83f464fb7c2b82b0f12145b c436aec0dc604245b4e0427811ba8942 - - default default] Successfully bumped revision number for resource 2193c350-5be3-44dd-87b8-90934ba22151 (type: networks) to 1
2026-04-17 01:28:55.600 7 WARNING neutron.scheduler.dhcp_agent_scheduler [None req-dbc4650b-d7c4-4c9c-aab7-10a4a63668bf 29399c02689645cea3a19dd417c13d48 cf6f4a664cb3467cbe354d3c26ce6ffd - - default default] No more DHCP agents
2026-04-17 01:28:55.602 7 WARNING neutron.api.rpc.agentnotifiers.dhcp_rpc_agent_api [None req-dbc4650b-d7c4-4c9c-aab7-10a4a63668bf 29399c02689645cea3a19dd417c13d48 cf6f4a664cb3467cbe354d3c26ce6ffd - - default default] Unable to schedule network 264e540e-4ec1-4661-a90f-8f574137d1b3: no agents available; will retry on subsequent port and subnet creation events.
2026-04-17 01:28:55.622 6 INFO neutron.db.ovn_revision_numbers_db [None req-582194f9-2f58-407c-837f-6084a64a1424 - - - - - -] Successfully bumped revision number for resource 2074db43-d84a-47f0-98e0-65c8a015ba2d (type: ports) to 4
2026-04-17 01:28:55.701 6 WARNING neutron.scheduler.dhcp_agent_scheduler [None req-2faeb3f1-afae-4b28-9174-04ed6e48d45d 7baf354ca83f464fb7c2b82b0f12145b c436aec0dc604245b4e0427811ba8942 - - default default] No more DHCP agents
2026-04-17 01:28:55.704 6 WARNING neutron.api.rpc.agentnotifiers.dhcp_rpc_agent_api [None req-2faeb3f1-afae-4b28-9174-04ed6e48d45d 7baf354ca83f464fb7c2b82b0f12145b c436aec0dc604245b4e0427811ba8942 - - default default] Unable to schedule network 2193c350-5be3-44dd-87b8-90934ba22151: no agents available; will retry on subsequent port and subnet creation events.
2026-04-17 01:28:55.782 7 INFO neutron.plugins.ml2.drivers.ovn.mech_driver.mech_driver [None req-82e8deb3-4344-4822-9289-ca253d26e385 - - - - - -] OVN reports status down for port: 3460c125-b2d8-468d-94d6-1c59a7fa7c6c
2026-04-17 01:28:55.838 6 INFO neutron.db.ovn_revision_numbers_db [None req-2faeb3f1-afae-4b28-9174-04ed6e48d45d 7baf354ca83f464fb7c2b82b0f12145b c436aec0dc604245b4e0427811ba8942 - - default default] Successfully bumped revision number for resource 3460c125-b2d8-468d-94d6-1c59a7fa7c6c (type: ports) to 1 [pid: 6|app: 0|req: 583/1169] 10.0.0.77 () {34 vars in 670 bytes} [Fri Apr 17 01:28:54 2026] POST /v2.0/networks => generated 763 bytes in 1218 msecs (HTTP/1.1 201) 4 headers in 162 bytes (1 switches on core 0)
2026-04-17 01:28:56.094 7 INFO neutron.db.ovn_revision_numbers_db [None req-4580bec5-9436-4aa1-bb34-c282a2407ac5 - - - - - -] Successfully bumped revision number for resource 9b6c1ce2-f606-4ef0-8ffc-26158876cb7f (type: ports) to 2
2026-04-17 01:28:56.125 7 INFO neutron.db.ovn_revision_numbers_db [None req-4580bec5-9436-4aa1-bb34-c282a2407ac5 - - - - - -] Successfully bumped revision number for resource 0e081d9d-6c10-436f-a9d7-5fdf14525653 (type: subnets) to 0 [pid: 7|app: 0|req: 587/1170] 10.0.0.77 () {34 vars in 668 bytes} [Fri Apr 17 01:28:55 2026] POST /v2.0/subnets => generated 657 bytes in 741 msecs (HTTP/1.1 201) 4 headers in 162 bytes (1 switches on core 0)
2026-04-17 01:28:56.197 6 INFO neutron.db.ovn_revision_numbers_db [None req-582194f9-2f58-407c-837f-6084a64a1424 - - - - - -] Successfully bumped revision number for resource 2074db43-d84a-47f0-98e0-65c8a015ba2d (type: ports) to 5 [pid: 7|app: 0|req: 588/1171] 10.0.0.250 () {28 vars in 619 bytes} [Fri Apr 17 01:28:56 2026] GET /v2.0/network-ip-availabilities => generated 2264 bytes in 182 msecs (HTTP/1.1 200) 4 headers in 158 bytes (1 switches on core 0)
2026-04-17 01:28:56.470 7 WARNING neutron.scheduler.dhcp_agent_scheduler [None req-e307f29d-7b20-4b46-b857-0cbfa014c3c5 7baf354ca83f464fb7c2b82b0f12145b c436aec0dc604245b4e0427811ba8942 - - default default] No more DHCP agents
2026-04-17 01:28:56.471 7 WARNING neutron.api.rpc.agentnotifiers.dhcp_rpc_agent_api [None req-e307f29d-7b20-4b46-b857-0cbfa014c3c5 7baf354ca83f464fb7c2b82b0f12145b c436aec0dc604245b4e0427811ba8942 - - default default] Unable to schedule network 2193c350-5be3-44dd-87b8-90934ba22151: no agents available; will retry on subsequent port and subnet creation events.
2026-04-17 01:28:56.552 6 INFO neutron.db.ovn_revision_numbers_db [None req-a459c00b-674f-4849-8751-201230a2a2b8 30710513e04c4b00b2458ebc1f327f0e 22d3a463095842509a94ac3bddf42f7b - - default default] Successfully bumped revision number for resource 53250da3-f55d-4b04-9f2a-35f0d8d2adf4 (type: floatingips) to 2
2026-04-17 01:28:56.660 6 INFO neutron.db.l3_db [None req-a459c00b-674f-4849-8751-201230a2a2b8 30710513e04c4b00b2458ebc1f327f0e 22d3a463095842509a94ac3bddf42f7b - - default default] Floating IP 53250da3-f55d-4b04-9f2a-35f0d8d2adf4 associated. External IP: 10.96.250.202, port: 6b69181a-f9f2-4fca-af7f-d646bd19d51b. [pid: 6|app: 0|req: 584/1172] 10.0.0.77 () {34 vars in 748 bytes} [Fri Apr 17 01:28:55 2026] PUT /v2.0/floatingips/53250da3-f55d-4b04-9f2a-35f0d8d2adf4 => generated 845 bytes in 837 msecs (HTTP/1.1 200) 4 headers in 157 bytes (1 switches on core 0)
2026-04-17 01:28:56.988 7 INFO neutron.db.ovn_revision_numbers_db [None req-7b590038-9f76-472e-8716-4f41a6f3d5a3 - - - - - -] Successfully bumped revision number for resource 3460c125-b2d8-468d-94d6-1c59a7fa7c6c (type: ports) to 2
2026-04-17 01:28:57.028 7 INFO neutron.db.ovn_revision_numbers_db [None req-7b590038-9f76-472e-8716-4f41a6f3d5a3 - - - - - -] Successfully bumped revision number for resource 3726ecbb-6e72-4e30-bf0b-4743856d08cd (type: subnets) to 0 [pid: 7|app: 0|req: 589/1173] 10.0.0.77 () {34 vars in 668 bytes} [Fri Apr 17 01:28:56 2026] POST /v2.0/subnets => generated 688 bytes in 719 msecs (HTTP/1.1 201) 4 headers in 162 bytes (1 switches on core 0) /var/lib/openstack/lib/python3.12/site-packages/pycadf/identifier.py:70: UserWarning: Invalid uuid: neutron. To ensure interoperability, identifiers should be a valid uuid. warnings.warn(('Invalid uuid: %s. To ensure interoperability, ' [pid: 7|app: 0|req: 590/1174] 10.0.0.250 () {28 vars in 591 bytes} [Fri Apr 17 01:28:57 2026] GET /v2.0/floatingips => generated 848 bytes in 32 msecs (HTTP/1.1 200) 4 headers in 157 bytes (1 switches on core 0)
2026-04-17 01:28:57.223 7 INFO neutron.db.ovn_revision_numbers_db [None req-6f970469-e32d-46d1-b8c4-6a574f2ea5e0 30710513e04c4b00b2458ebc1f327f0e 22d3a463095842509a94ac3bddf42f7b - - default default] Successfully bumped revision number for resource 53250da3-f55d-4b04-9f2a-35f0d8d2adf4 (type: floatingips) to 3
2026-04-17 01:28:57.269 7 INFO neutron.db.l3_db [None req-6f970469-e32d-46d1-b8c4-6a574f2ea5e0 30710513e04c4b00b2458ebc1f327f0e 22d3a463095842509a94ac3bddf42f7b - - default default] Floating IP 53250da3-f55d-4b04-9f2a-35f0d8d2adf4 disassociated. External IP: 10.96.250.202, port: 5aff9592-95b8-496e-bd8c-3f5fdad1775e. [pid: 7|app: 0|req: 591/1175] 10.0.0.77 () {34 vars in 748 bytes} [Fri Apr 17 01:28:57 2026] PUT /v2.0/floatingips/53250da3-f55d-4b04-9f2a-35f0d8d2adf4 => generated 554 bytes in 213 msecs (HTTP/1.1 200) 4 headers in 157 bytes (1 switches on core 0)
2026-04-17 01:28:57.318 6 WARNING neutron.scheduler.dhcp_agent_scheduler [None req-16cc909e-1184-4ec2-aadc-c58bb4282879 29399c02689645cea3a19dd417c13d48 cf6f4a664cb3467cbe354d3c26ce6ffd - - default default] No more DHCP agents
2026-04-17 01:28:57.320 6 WARNING neutron.api.rpc.agentnotifiers.dhcp_rpc_agent_api [None req-16cc909e-1184-4ec2-aadc-c58bb4282879 29399c02689645cea3a19dd417c13d48 cf6f4a664cb3467cbe354d3c26ce6ffd - - default default] Unable to schedule network 264e540e-4ec1-4661-a90f-8f574137d1b3: no agents available; will retry on subsequent port and subnet creation events.
2026-04-17 01:28:57.465 6 INFO neutron.db.ovn_revision_numbers_db [None req-16cc909e-1184-4ec2-aadc-c58bb4282879 29399c02689645cea3a19dd417c13d48 cf6f4a664cb3467cbe354d3c26ce6ffd - - default default] Successfully bumped revision number for resource c8792b76-d036-400d-ac91-d235f8c62b0d (type: ports) to 1
2026-04-17 01:28:57.667 7 WARNING neutron.scheduler.dhcp_agent_scheduler [None req-19b274e0-3e87-4fe4-b711-351629425324 7baf354ca83f464fb7c2b82b0f12145b c436aec0dc604245b4e0427811ba8942 - - default default] No more DHCP agents
2026-04-17 01:28:57.668 7 WARNING neutron.api.rpc.agentnotifiers.dhcp_rpc_agent_api [None req-19b274e0-3e87-4fe4-b711-351629425324 7baf354ca83f464fb7c2b82b0f12145b c436aec0dc604245b4e0427811ba8942 - - default default] Unable to schedule network 77b66589-3fb8-4b5a-b4df-4108c50cb067: no agents available; will retry on subsequent port and subnet creation events.
2026-04-17 01:28:57.789 7 INFO neutron.db.ovn_revision_numbers_db [None req-19b274e0-3e87-4fe4-b711-351629425324 7baf354ca83f464fb7c2b82b0f12145b c436aec0dc604245b4e0427811ba8942 - - default default] Successfully bumped revision number for resource 8b319778-b075-46da-8e52-39ece4a64ed7 (type: ports) to 1
2026-04-17 01:28:58.100 6 WARNING neutron.scheduler.dhcp_agent_scheduler [None req-16cc909e-1184-4ec2-aadc-c58bb4282879 29399c02689645cea3a19dd417c13d48 cf6f4a664cb3467cbe354d3c26ce6ffd - - default default] No more DHCP agents
2026-04-17 01:28:58.101 6 WARNING neutron.api.rpc.agentnotifiers.dhcp_rpc_agent_api [None req-16cc909e-1184-4ec2-aadc-c58bb4282879 29399c02689645cea3a19dd417c13d48 cf6f4a664cb3467cbe354d3c26ce6ffd - - default default] Unable to schedule network 264e540e-4ec1-4661-a90f-8f574137d1b3: no agents available; will retry on subsequent port and subnet creation events.
2026-04-17 01:28:58.301 7 INFO neutron.plugins.ml2.drivers.ovn.mech_driver.ovsdb.commands [None req-c72fe91a-44d5-4a50-9d39-1cff2f0203d7 - - - - - -] Schedule LRP lrp-8b319778-b075-46da-8e52-39ece4a64ed7 on gateway afab7a5c-8e8a-48aa-9859-42bf6ac68f00 with priority 1
2026-04-17 01:28:58.331 6 INFO neutron.plugins.ml2.drivers.ovn.mech_driver.ovsdb.ovsdb_monitor [None req-582194f9-2f58-407c-837f-6084a64a1424 - - - - - -] Router 40c99560-a2d1-41ea-a1a5-cfbfed36f356 is bound to host instance
2026-04-17 01:28:58.356 7 INFO neutron.db.ovn_revision_numbers_db [None req-19b274e0-3e87-4fe4-b711-351629425324 7baf354ca83f464fb7c2b82b0f12145b c436aec0dc604245b4e0427811ba8942 - - default default] Successfully bumped revision number for resource 8b319778-b075-46da-8e52-39ece4a64ed7 (type: router_ports) to 1
2026-04-17 01:28:58.422 7 INFO neutron.db.ovn_revision_numbers_db [None req-19b274e0-3e87-4fe4-b711-351629425324 7baf354ca83f464fb7c2b82b0f12145b c436aec0dc604245b4e0427811ba8942 - - default default] Successfully bumped revision number for resource 40c99560-a2d1-41ea-a1a5-cfbfed36f356 (type: routers) to 2 [pid: 7|app: 0|req: 592/1176] 10.0.0.77 () {34 vars in 668 bytes} [Fri Apr 17 01:28:57 2026] POST /v2.0/routers => generated 966 bytes in 1141 msecs (HTTP/1.1 201) 4 headers in 162 bytes (1 switches on core 0) [pid: 7|app: 0|req: 593/1177] 10.0.0.250 () {28 vars in 599 bytes} [Fri Apr 17 01:28:58 2026] GET /v2.0/security-groups => generated 26109 bytes in 55 msecs (HTTP/1.1 200) 4 headers in 159 bytes (1 switches on core 0)
2026-04-17 01:28:58.598 7 INFO neutron_taas.services.taas.taas_plugin [None req-2e3a2233-25f9-4081-b896-f14d394042c2 30710513e04c4b00b2458ebc1f327f0e 22d3a463095842509a94ac3bddf42f7b - - default default] TaaS: Handle Delete Port: 7a185cd1-5997-4dac-8f84-d97634beb9df
2026-04-17 01:28:58.600 6 INFO neutron.db.ovn_revision_numbers_db [None req-16cc909e-1184-4ec2-aadc-c58bb4282879 29399c02689645cea3a19dd417c13d48 cf6f4a664cb3467cbe354d3c26ce6ffd - - default default] Successfully bumped revision number for resource c8792b76-d036-400d-ac91-d235f8c62b0d (type: router_ports) to 1
2026-04-17 01:28:58.601 7 INFO neutron_taas.services.taas.tap_mirror_plugin [None req-2e3a2233-25f9-4081-b896-f14d394042c2 30710513e04c4b00b2458ebc1f327f0e 22d3a463095842509a94ac3bddf42f7b - - default default] Tap Mirror: Handle Delete Port: 7a185cd1-5997-4dac-8f84-d97634beb9df [pid: 6|app: 0|req: 585/1178] 10.0.0.77 () {34 vars in 782 bytes} [Fri Apr 17 01:28:56 2026] PUT /v2.0/routers/226b6ed3-df58-4a9f-9a2a-2d4dec2d99f7/add_router_interface => generated 309 bytes in 1902 msecs (HTTP/1.1 200) 4 headers in 157 bytes (1 switches on core 0) [pid: 7|app: 0|req: 594/1179] 10.0.0.77 () {32 vars in 731 bytes} [Fri Apr 17 01:28:58 2026] DELETE /v2.0/floatingips/53250da3-f55d-4b04-9f2a-35f0d8d2adf4 => generated 0 bytes in 249 msecs (HTTP/1.1 204) 2 headers in 112 bytes (1 switches on core 0)
