2026-04-17 01:27:45.142 7 WARNING neutron.scheduler.dhcp_agent_scheduler [None req-49f5ed08-8563-4b4d-b3cb-f45971c23e17 c348681fe63f4ff4a6c034547a0db7d3 de0b7c0ece8c441a9a85c2f37b320c1f - - default default] No more DHCP agents
2026-04-17 01:27:45.145 7 WARNING neutron.api.rpc.agentnotifiers.dhcp_rpc_agent_api [None req-49f5ed08-8563-4b4d-b3cb-f45971c23e17 c348681fe63f4ff4a6c034547a0db7d3 de0b7c0ece8c441a9a85c2f37b320c1f - - default default] Unable to schedule network 14a8a538-105c-4ebc-84d9-253a736623cf: no agents available; will retry on subsequent port and subnet creation events. [pid: 6|app: 0|req: 298/572] 10.0.0.77 () {32 vars in 739 bytes} [Fri Apr 17 01:27:44 2026] DELETE /v2.0/security-groups/276869e7-c1e5-4279-8c8e-bee7044702e9 => generated 0 bytes in 222 msecs (HTTP/1.1 204) 2 headers in 112 bytes (1 switches on core 0)
2026-04-17 01:27:45.550 7 INFO neutron.db.ovn_revision_numbers_db [None req-5cd672a2-0496-4615-b3ad-2fb28cf9aa87 - - - - - -] Successfully bumped revision number for resource da43553d-569c-47fc-b02e-9cd49ee4f346 (type: ports) to 2
2026-04-17 01:27:45.593 7 INFO neutron.db.ovn_revision_numbers_db [None req-5cd672a2-0496-4615-b3ad-2fb28cf9aa87 - - - - - -] Successfully bumped revision number for resource cf17e7bf-5178-4f86-b3ca-15494f0d9022 (type: subnets) to 0 [pid: 7|app: 0|req: 275/573] 10.0.0.77 () {34 vars in 668 bytes} [Fri Apr 17 01:27:44 2026] POST /v2.0/subnets => generated 626 bytes in 647 msecs (HTTP/1.1 201) 4 headers in 162 bytes (1 switches on core 0)
2026-04-17 01:27:45.848 6 WARNING neutron.scheduler.dhcp_agent_scheduler [None req-7c8e27ab-7c9d-46cf-950f-1f2789e2ea6f c348681fe63f4ff4a6c034547a0db7d3 de0b7c0ece8c441a9a85c2f37b320c1f - - default default] No more DHCP agents
2026-04-17 01:27:45.848 6 WARNING neutron.api.rpc.agentnotifiers.dhcp_rpc_agent_api [None req-7c8e27ab-7c9d-46cf-950f-1f2789e2ea6f c348681fe63f4ff4a6c034547a0db7d3 de0b7c0ece8c441a9a85c2f37b320c1f - - default default] Unable to schedule network 14a8a538-105c-4ebc-84d9-253a736623cf: no agents available; will retry on subsequent port and subnet creation events.
2026-04-17 01:27:45.961 6 INFO neutron.plugins.ml2.drivers.ovn.mech_driver.mech_driver [None req-94b941ef-5bac-4f7b-942f-efa829819c09 - - - - - -] OVN reports status down for port: bf498720-3458-4d45-a258-2972cd4a752c
2026-04-17 01:27:46.010 6 INFO neutron.db.ovn_revision_numbers_db [None req-7c8e27ab-7c9d-46cf-950f-1f2789e2ea6f c348681fe63f4ff4a6c034547a0db7d3 de0b7c0ece8c441a9a85c2f37b320c1f - - default default] Successfully bumped revision number for resource bf498720-3458-4d45-a258-2972cd4a752c (type: ports) to 1 [pid: 6|app: 0|req: 299/574] 10.0.0.77 () {34 vars in 664 bytes} [Fri Apr 17 01:27:45 2026] POST /v2.0/ports => generated 912 bytes in 505 msecs (HTTP/1.1 201) 4 headers in 162 bytes (1 switches on core 0)
2026-04-17 01:27:46.235 6 INFO neutron_taas.services.taas.taas_plugin [None req-7dabe258-1118-41cb-8869-1322a23e4f40 c348681fe63f4ff4a6c034547a0db7d3 de0b7c0ece8c441a9a85c2f37b320c1f - - default default] TaaS: Handle Delete Port: bf498720-3458-4d45-a258-2972cd4a752c
2026-04-17 01:27:46.239 6 INFO neutron_taas.services.taas.tap_mirror_plugin [None req-7dabe258-1118-41cb-8869-1322a23e4f40 c348681fe63f4ff4a6c034547a0db7d3 de0b7c0ece8c441a9a85c2f37b320c1f - - default default] Tap Mirror: Handle Delete Port: bf498720-3458-4d45-a258-2972cd4a752c [pid: 6|app: 0|req: 300/575] 10.0.0.77 () {32 vars in 719 bytes} [Fri Apr 17 01:27:46 2026] DELETE /v2.0/ports/bf498720-3458-4d45-a258-2972cd4a752c => generated 0 bytes in 305 msecs (HTTP/1.1 204) 3 headers in 131 bytes (1 switches on core 0)
2026-04-17 01:27:46.442 6 INFO neutron.pecan_wsgi.hooks.translation [None req-cc62c94b-6d8e-46da-9a13-7f9c43e705e8 c348681fe63f4ff4a6c034547a0db7d3 de0b7c0ece8c441a9a85c2f37b320c1f - - default default] GET failed (client error): The resource could not be found. [pid: 6|app: 0|req: 301/576] 10.0.0.77 () {32 vars in 716 bytes} [Fri Apr 17 01:27:46 2026] GET /v2.0/ports/bf498720-3458-4d45-a258-2972cd4a752c => generated 132 bytes in 13 msecs (HTTP/1.1 404) 4 headers in 164 bytes (1 switches on core 0)
2026-04-17 01:27:46.451 7 INFO neutron.db.ovn_revision_numbers_db [None req-dae5fb47-0e24-4300-a5f2-5b096b02e59d 7baf354ca83f464fb7c2b82b0f12145b c436aec0dc604245b4e0427811ba8942 - - default default] Successfully bumped revision number for resource 829489b9-9f27-4500-91a5-7a3f52a12f6f (type: security_groups) to 1
2026-04-17 01:27:46.463 7 INFO neutron.db.ovn_revision_numbers_db [None req-dae5fb47-0e24-4300-a5f2-5b096b02e59d 7baf354ca83f464fb7c2b82b0f12145b c436aec0dc604245b4e0427811ba8942 - - default default] Successfully bumped revision number for resource 1f74e838-43ad-4af5-8d9b-9facebde72b3 (type: security_group_rules) to 0
2026-04-17 01:27:46.475 7 INFO neutron.db.ovn_revision_numbers_db [None req-dae5fb47-0e24-4300-a5f2-5b096b02e59d 7baf354ca83f464fb7c2b82b0f12145b c436aec0dc604245b4e0427811ba8942 - - default default] Successfully bumped revision number for resource 2a9e1cc6-ffee-4bb7-92b2-c03252860146 (type: security_group_rules) to 0
2026-04-17 01:27:46.486 7 INFO neutron.db.ovn_revision_numbers_db [None req-dae5fb47-0e24-4300-a5f2-5b096b02e59d 7baf354ca83f464fb7c2b82b0f12145b c436aec0dc604245b4e0427811ba8942 - - default default] Successfully bumped revision number for resource bf6dc989-b234-4744-9d38-fa4d5a7c0ec4 (type: security_group_rules) to 0
2026-04-17 01:27:46.497 7 INFO neutron.db.ovn_revision_numbers_db [None req-dae5fb47-0e24-4300-a5f2-5b096b02e59d 7baf354ca83f464fb7c2b82b0f12145b c436aec0dc604245b4e0427811ba8942 - - default default] Successfully bumped revision number for resource d6c2cb4f-916d-4468-81e7-11244f808d16 (type: security_group_rules) to 0
2026-04-17 01:27:46.568 7 INFO neutron.db.segments_db [None req-dae5fb47-0e24-4300-a5f2-5b096b02e59d 7baf354ca83f464fb7c2b82b0f12145b c436aec0dc604245b4e0427811ba8942 - - default default] Added segment 6d0e7dc4-d4e6-4cac-89e4-cd532b7e6220 of type geneve for network 9eda55a7-f5bb-4ccd-bef4-69e72d6ca270 [pid: 6|app: 0|req: 302/577] 10.0.0.77 () {32 vars in 723 bytes} [Fri Apr 17 01:27:46 2026] DELETE /v2.0/subnets/cf17e7bf-5178-4f86-b3ca-15494f0d9022 => generated 0 bytes in 122 msecs (HTTP/1.1 204) 3 headers in 131 bytes (1 switches on core 0)
2026-04-17 01:27:46.712 7 INFO neutron.db.ovn_revision_numbers_db [None req-dae5fb47-0e24-4300-a5f2-5b096b02e59d 7baf354ca83f464fb7c2b82b0f12145b c436aec0dc604245b4e0427811ba8942 - - default default] Successfully bumped revision number for resource 9eda55a7-f5bb-4ccd-bef4-69e72d6ca270 (type: networks) to 1
2026-04-17 01:27:46.745 6 INFO neutron_taas.services.taas.taas_plugin [None req-c30cd878-b30a-4de9-87fd-df113e474655 c348681fe63f4ff4a6c034547a0db7d3 de0b7c0ece8c441a9a85c2f37b320c1f - - default default] TaaS: Handle Delete Port: da43553d-569c-47fc-b02e-9cd49ee4f346
2026-04-17 01:27:46.747 6 INFO neutron_taas.services.taas.tap_mirror_plugin [None req-c30cd878-b30a-4de9-87fd-df113e474655 c348681fe63f4ff4a6c034547a0db7d3 de0b7c0ece8c441a9a85c2f37b320c1f - - default default] Tap Mirror: Handle Delete Port: da43553d-569c-47fc-b02e-9cd49ee4f346
2026-04-17 01:27:46.894 7 WARNING neutron.scheduler.dhcp_agent_scheduler [None req-dae5fb47-0e24-4300-a5f2-5b096b02e59d 7baf354ca83f464fb7c2b82b0f12145b c436aec0dc604245b4e0427811ba8942 - - default default] No more DHCP agents
2026-04-17 01:27:46.895 7 WARNING neutron.api.rpc.agentnotifiers.dhcp_rpc_agent_api [None req-dae5fb47-0e24-4300-a5f2-5b096b02e59d 7baf354ca83f464fb7c2b82b0f12145b c436aec0dc604245b4e0427811ba8942 - - default default] Unable to schedule network 9eda55a7-f5bb-4ccd-bef4-69e72d6ca270: no agents available; will retry on subsequent port and subnet creation events.
2026-04-17 01:27:46.940 6 INFO neutron.services.segments.plugin [-] Segment 9ed9ff2c-fd7d-4c97-82fc-91c18cb70757 resource provider aggregate not found
2026-04-17 01:27:46.940 6 INFO neutron.services.segments.plugin [-] Segment 9ed9ff2c-fd7d-4c97-82fc-91c18cb70757 resource provider aggregate not found
2026-04-17 01:27:46.948 7 INFO neutron.plugins.ml2.drivers.ovn.mech_driver.mech_driver [None req-8cc5e4aa-5a38-4122-9a4c-0c27595aa83f - - - - - -] OVN reports status down for port: c3d73443-6fde-46d2-a197-6ac77b7a748e
2026-04-17 01:27:46.975 6 INFO neutron.services.segments.plugin [-] Segment 9ed9ff2c-fd7d-4c97-82fc-91c18cb70757 resource provider not found; error: Placement Client Error (4xx): {"errors": [{"status": 404, "title": "Not Found", "detail": "The resource could not be found.\n\n No resource provider with uuid 9ed9ff2c-fd7d-4c97-82fc-91c18cb70757 found for delete ", "request_id": "req-3154b2d8-cf0a-499f-af1b-c25db0f7476a"}]}
2026-04-17 01:27:46.976 6 INFO neutron.services.segments.plugin [-] Segment 9ed9ff2c-fd7d-4c97-82fc-91c18cb70757 resource provider not found; error: Placement Client Error (4xx): {"errors": [{"status": 404, "title": "Not Found", "detail": "The resource could not be found.\n\n No resource provider with uuid 9ed9ff2c-fd7d-4c97-82fc-91c18cb70757 found for delete ", "request_id": "req-fd279c89-70c9-45bd-8ff2-4be5837684fe"}]} [pid: 6|app: 0|req: 303/578] 10.0.0.77 () {32 vars in 725 bytes} [Fri Apr 17 01:27:46 2026] DELETE /v2.0/networks/14a8a538-105c-4ebc-84d9-253a736623cf => generated 0 bytes in 423 msecs (HTTP/1.1 204) 3 headers in 131 bytes (1 switches on core 0)
2026-04-17 01:27:47.021 7 INFO neutron.db.ovn_revision_numbers_db [None req-dae5fb47-0e24-4300-a5f2-5b096b02e59d 7baf354ca83f464fb7c2b82b0f12145b c436aec0dc604245b4e0427811ba8942 - - default default] Successfully bumped revision number for resource c3d73443-6fde-46d2-a197-6ac77b7a748e (type: ports) to 1 [pid: 7|app: 0|req: 276/579] 10.0.0.77 () {34 vars in 670 bytes} [Fri Apr 17 01:27:46 2026] POST /v2.0/networks => generated 766 bytes in 984 msecs (HTTP/1.1 201) 4 headers in 162 bytes (1 switches on core 0)
2026-04-17 01:27:47.225 7 WARNING neutron.scheduler.dhcp_agent_scheduler [None req-44c23c2d-556a-4f5b-991c-edba56d51d59 7baf354ca83f464fb7c2b82b0f12145b c436aec0dc604245b4e0427811ba8942 - - default default] No more DHCP agents
2026-04-17 01:27:47.226 7 WARNING neutron.api.rpc.agentnotifiers.dhcp_rpc_agent_api [None req-44c23c2d-556a-4f5b-991c-edba56d51d59 7baf354ca83f464fb7c2b82b0f12145b c436aec0dc604245b4e0427811ba8942 - - default default] Unable to schedule network 9eda55a7-f5bb-4ccd-bef4-69e72d6ca270: no agents available; will retry on subsequent port and subnet creation events.
2026-04-17 01:27:47.230 6 WARNING neutron.scheduler.dhcp_agent_scheduler [None req-0b322b50-97d8-44d6-a130-b7362825d645 c348681fe63f4ff4a6c034547a0db7d3 de0b7c0ece8c441a9a85c2f37b320c1f - - default default] No more DHCP agents
2026-04-17 01:27:47.231 6 WARNING neutron.api.rpc.agentnotifiers.dhcp_rpc_agent_api [None req-0b322b50-97d8-44d6-a130-b7362825d645 c348681fe63f4ff4a6c034547a0db7d3 de0b7c0ece8c441a9a85c2f37b320c1f - - default default] Unable to schedule network 734f7647-3647-42d5-8b41-c3a97b08efad: no agents available; will retry on subsequent port and subnet creation events.
2026-04-17 01:27:47.299 7 INFO neutron.plugins.ml2.drivers.ovn.mech_driver.mech_driver [None req-8cc5e4aa-5a38-4122-9a4c-0c27595aa83f - - - - - -] OVN reports status down for port: 63c39703-ba06-4f42-a30e-e70c38ec55da
2026-04-17 01:27:47.331 6 INFO neutron.db.ovn_revision_numbers_db [None req-0b322b50-97d8-44d6-a130-b7362825d645 c348681fe63f4ff4a6c034547a0db7d3 de0b7c0ece8c441a9a85c2f37b320c1f - - default default] Successfully bumped revision number for resource 63c39703-ba06-4f42-a30e-e70c38ec55da (type: ports) to 1 [pid: 6|app: 0|req: 304/580] 10.0.0.77 () {34 vars in 664 bytes} [Fri Apr 17 01:27:47 2026] POST /v2.0/ports => generated 774 bytes in 371 msecs (HTTP/1.1 201) 4 headers in 162 bytes (1 switches on core 0) /var/lib/openstack/lib/python3.12/site-packages/pycadf/identifier.py:70: UserWarning: Invalid uuid: neutron. To ensure interoperability, identifiers should be a valid uuid. warnings.warn(('Invalid uuid: %s. To ensure interoperability, '
2026-04-17 01:27:47.620 7 INFO neutron.plugins.ml2.drivers.ovn.mech_driver.mech_driver [None req-8cc5e4aa-5a38-4122-9a4c-0c27595aa83f - - - - - -] OVN reports status down for port: 63c39703-ba06-4f42-a30e-e70c38ec55da
2026-04-17 01:27:47.643 6 INFO neutron.db.ovn_revision_numbers_db [None req-ca88b311-1504-433c-90e6-582d19d3e37a c348681fe63f4ff4a6c034547a0db7d3 de0b7c0ece8c441a9a85c2f37b320c1f - - default default] Successfully bumped revision number for resource 63c39703-ba06-4f42-a30e-e70c38ec55da (type: ports) to 2 [pid: 6|app: 0|req: 305/581] 10.0.0.77 () {34 vars in 736 bytes} [Fri Apr 17 01:27:47 2026] PUT /v2.0/ports/63c39703-ba06-4f42-a30e-e70c38ec55da => generated 752 bytes in 275 msecs (HTTP/1.1 200) 4 headers in 157 bytes (1 switches on core 0) /var/lib/openstack/lib/python3.12/site-packages/pycadf/identifier.py:70: UserWarning: Invalid uuid: neutron. To ensure interoperability, identifiers should be a valid uuid. warnings.warn(('Invalid uuid: %s. To ensure interoperability, '
2026-04-17 01:27:47.820 7 INFO neutron.db.ovn_revision_numbers_db [None req-41fbcb29-ef57-413b-bbf3-5bca074fe19d - - - - - -] Successfully bumped revision number for resource c3d73443-6fde-46d2-a197-6ac77b7a748e (type: ports) to 2
2026-04-17 01:27:47.851 7 INFO neutron.db.ovn_revision_numbers_db [None req-41fbcb29-ef57-413b-bbf3-5bca074fe19d - - - - - -] Successfully bumped revision number for resource 00975e3c-8f94-422d-9a48-d11a8fe1c2f6 (type: subnets) to 0 [pid: 7|app: 0|req: 277/582] 10.0.0.77 () {34 vars in 668 bytes} [Fri Apr 17 01:27:47 2026] POST /v2.0/subnets => generated 691 bytes in 778 msecs (HTTP/1.1 201) 4 headers in 162 bytes (1 switches on core 0)
2026-04-17 01:27:47.938 6 INFO neutron.db.ovn_revision_numbers_db [None req-94c118ae-eace-4d5b-8348-5f578c2dc76a 7baf354ca83f464fb7c2b82b0f12145b c436aec0dc604245b4e0427811ba8942 - - default default] Successfully bumped revision number for resource 56e8c687-ab9d-49bf-9633-0e3180e866e5 (type: security_groups) to 1
2026-04-17 01:27:47.949 6 INFO neutron.db.ovn_revision_numbers_db [None req-94c118ae-eace-4d5b-8348-5f578c2dc76a 7baf354ca83f464fb7c2b82b0f12145b c436aec0dc604245b4e0427811ba8942 - - default default] Successfully bumped revision number for resource 203ecaf9-212d-4c18-a642-b115e0e88356 (type: security_group_rules) to 0
2026-04-17 01:27:47.961 6 INFO neutron.db.ovn_revision_numbers_db [None req-94c118ae-eace-4d5b-8348-5f578c2dc76a 7baf354ca83f464fb7c2b82b0f12145b c436aec0dc604245b4e0427811ba8942 - - default default] Successfully bumped revision number for resource 32fe6baf-ebd1-474b-af62-f8dd810814a9 (type: security_group_rules) to 0
2026-04-17 01:27:47.974 6 INFO neutron.db.ovn_revision_numbers_db [None req-94c118ae-eace-4d5b-8348-5f578c2dc76a 7baf354ca83f464fb7c2b82b0f12145b c436aec0dc604245b4e0427811ba8942 - - default default] Successfully bumped revision number for resource c709bd07-053f-447a-abf8-94dfe683507c (type: security_group_rules) to 0
2026-04-17 01:27:47.989 6 INFO neutron.db.ovn_revision_numbers_db [None req-94c118ae-eace-4d5b-8348-5f578c2dc76a 7baf354ca83f464fb7c2b82b0f12145b c436aec0dc604245b4e0427811ba8942 - - default default] Successfully bumped revision number for resource d3d8b371-9dc5-4bde-8779-5695864f34f7 (type: security_group_rules) to 0 [pid: 6|app: 0|req: 306/583] 10.0.0.77 () {32 vars in 773 bytes} [Fri Apr 17 01:27:47 2026] GET /v2.0/security-groups?tenant_id=68ecc1f029cd49b7afe72a3107643bb8&name=default => generated 2925 bytes in 362 msecs (HTTP/1.1 200) 4 headers in 158 bytes (1 switches on core 0)
2026-04-17 01:27:48.030 7 INFO neutron_taas.services.taas.taas_plugin [None req-b320c7fa-5e59-46b2-9489-33276f7243ae c348681fe63f4ff4a6c034547a0db7d3 de0b7c0ece8c441a9a85c2f37b320c1f - - default default] TaaS: Handle Delete Port: 63c39703-ba06-4f42-a30e-e70c38ec55da
2026-04-17 01:27:48.032 7 INFO neutron_taas.services.taas.tap_mirror_plugin [None req-b320c7fa-5e59-46b2-9489-33276f7243ae c348681fe63f4ff4a6c034547a0db7d3 de0b7c0ece8c441a9a85c2f37b320c1f - - default default] Tap Mirror: Handle Delete Port: 63c39703-ba06-4f42-a30e-e70c38ec55da [pid: 7|app: 0|req: 278/584] 10.0.0.77 () {32 vars in 719 bytes} [Fri Apr 17 01:27:47 2026] DELETE /v2.0/ports/63c39703-ba06-4f42-a30e-e70c38ec55da => generated 0 bytes in 264 msecs (HTTP/1.1 204) 3 headers in 131 bytes (1 switches on core 0) [pid: 7|app: 0|req: 279/585] 10.0.0.77 () {32 vars in 739 bytes} [Fri Apr 17 01:27:48 2026] DELETE /v2.0/security-groups/56e8c687-ab9d-49bf-9633-0e3180e866e5 => generated 0 bytes in 193 msecs (HTTP/1.1 204) 2 headers in 112 bytes (1 switches on core 0) [pid: 7|app: 0|req: 280/586] 10.0.0.77 () {32 vars in 642 bytes} [Fri Apr 17 01:27:48 2026] GET /v2.0/ports => generated 1534 bytes in 65 msecs (HTTP/1.1 200) 4 headers in 158 bytes (1 switches on core 0)
2026-04-17 01:27:48.408 7 INFO neutron.pecan_wsgi.hooks.translation [None req-aa7a384d-ceec-469a-8acb-d34f9002b756 c348681fe63f4ff4a6c034547a0db7d3 de0b7c0ece8c441a9a85c2f37b320c1f - - default default] GET failed (client error): The resource could not be found. [pid: 7|app: 0|req: 281/587] 10.0.0.77 () {32 vars in 716 bytes} [Fri Apr 17 01:27:48 2026] GET /v2.0/ports/63c39703-ba06-4f42-a30e-e70c38ec55da => generated 132 bytes in 15 msecs (HTTP/1.1 404) 4 headers in 164 bytes (1 switches on core 0)
2026-04-17 01:27:48.437 6 WARNING neutron.scheduler.dhcp_agent_scheduler [None req-c01ffbc9-e7c6-4ddb-bff1-1084ec16c43e 7baf354ca83f464fb7c2b82b0f12145b c436aec0dc604245b4e0427811ba8942 - - default default] No more DHCP agents
2026-04-17 01:27:48.438 6 WARNING neutron.api.rpc.agentnotifiers.dhcp_rpc_agent_api [None req-c01ffbc9-e7c6-4ddb-bff1-1084ec16c43e 7baf354ca83f464fb7c2b82b0f12145b c436aec0dc604245b4e0427811ba8942 - - default default] Unable to schedule network 77b66589-3fb8-4b5a-b4df-4108c50cb067: no agents available; will retry on subsequent port and subnet creation events. [pid: 7|app: 0|req: 282/588] 10.0.0.77 () {32 vars in 642 bytes} [Fri Apr 17 01:27:48 2026] GET /v2.0/ports => generated 1534 bytes in 35 msecs (HTTP/1.1 200) 4 headers in 158 bytes (1 switches on core 0) [pid: 7|app: 0|req: 283/589] 10.0.0.77 () {32 vars in 716 bytes} [Fri Apr 17 01:27:48 2026] GET /v2.0/ports/12e0cbf0-4c24-4c14-a0a6-c9bd716a0c4b => generated 775 bytes in 27 msecs (HTTP/1.1 200) 4 headers in 157 bytes (1 switches on core 0)
2026-04-17 01:27:48.501 7 INFO neutron.pecan_wsgi.hooks.translation [None req-a20d7306-8485-4d32-b5fd-6ca607fbbbf3 c348681fe63f4ff4a6c034547a0db7d3 de0b7c0ece8c441a9a85c2f37b320c1f - - default default] DELETE failed (client error): The resource could not be found. [pid: 7|app: 0|req: 284/590] 10.0.0.77 () {32 vars in 719 bytes} [Fri Apr 17 01:27:48 2026] DELETE /v2.0/ports/bf498720-3458-4d45-a258-2972cd4a752c => generated 132 bytes in 15 msecs (HTTP/1.1 404) 4 headers in 164 bytes (1 switches on core 0)
2026-04-17 01:27:48.516 7 INFO neutron.pecan_wsgi.hooks.translation [None req-3d1a4b8d-538c-47a8-9ab2-de2eee2a4cec c348681fe63f4ff4a6c034547a0db7d3 de0b7c0ece8c441a9a85c2f37b320c1f - - default default] DELETE failed (client error): The resource could not be found. [pid: 7|app: 0|req: 285/591] 10.0.0.77 () {32 vars in 723 bytes} [Fri Apr 17 01:27:48 2026] DELETE /v2.0/subnets/cf17e7bf-5178-4f86-b3ca-15494f0d9022 => generated 136 bytes in 12 msecs (HTTP/1.1 404) 4 headers in 164 bytes (1 switches on core 0)
2026-04-17 01:27:48.539 6 INFO neutron.plugins.ml2.drivers.ovn.mech_driver.mech_driver [None req-94b941ef-5bac-4f7b-942f-efa829819c09 - - - - - -] OVN reports status down for port: ed62a082-d387-48da-9c04-16e5dce2c0ee
2026-04-17 01:27:48.559 7 INFO neutron.pecan_wsgi.hooks.translation [None req-1d7e184f-7318-4e83-8359-77324e584999 c348681fe63f4ff4a6c034547a0db7d3 de0b7c0ece8c441a9a85c2f37b320c1f - - default default] DELETE failed (client error): The resource could not be found. [pid: 7|app: 0|req: 286/592] 10.0.0.77 () {32 vars in 723 bytes} [Fri Apr 17 01:27:48 2026] DELETE /v2.0/subnets/b2000e33-2bd2-4c5d-a5d6-5595820ec40c => generated 136 bytes in 37 msecs (HTTP/1.1 404) 4 headers in 164 bytes (1 switches on core 0)
2026-04-17 01:27:48.597 6 INFO neutron.db.ovn_revision_numbers_db [None req-c01ffbc9-e7c6-4ddb-bff1-1084ec16c43e 7baf354ca83f464fb7c2b82b0f12145b c436aec0dc604245b4e0427811ba8942 - - default default] Successfully bumped revision number for resource ed62a082-d387-48da-9c04-16e5dce2c0ee (type: ports) to 1
2026-04-17 01:27:48.674 7 INFO neutron_taas.services.taas.taas_plugin [None req-035147e8-3a1d-4862-8842-80e4a09649a7 c348681fe63f4ff4a6c034547a0db7d3 de0b7c0ece8c441a9a85c2f37b320c1f - - default default] TaaS: Handle Delete Port: 12e0cbf0-4c24-4c14-a0a6-c9bd716a0c4b
2026-04-17 01:27:48.677 7 INFO neutron_taas.services.taas.tap_mirror_plugin [None req-035147e8-3a1d-4862-8842-80e4a09649a7 c348681fe63f4ff4a6c034547a0db7d3 de0b7c0ece8c441a9a85c2f37b320c1f - - default default] Tap Mirror: Handle Delete Port: 12e0cbf0-4c24-4c14-a0a6-c9bd716a0c4b [pid: 7|app: 0|req: 287/593] 10.0.0.77 () {32 vars in 719 bytes} [Fri Apr 17 01:27:48 2026] DELETE /v2.0/ports/12e0cbf0-4c24-4c14-a0a6-c9bd716a0c4b => generated 0 bytes in 219 msecs (HTTP/1.1 204) 3 headers in 131 bytes (1 switches on core 0)
2026-04-17 01:27:48.918 7 INFO neutron_taas.services.taas.taas_plugin [None req-0d1ce439-0cc9-46f2-9ba7-b12f5f9b460e c348681fe63f4ff4a6c034547a0db7d3 de0b7c0ece8c441a9a85c2f37b320c1f - - default default] TaaS: Handle Delete Port: f9091992-7bc1-4684-afc5-6c130fd74157
2026-04-17 01:27:48.923 7 INFO neutron_taas.services.taas.tap_mirror_plugin [None req-0d1ce439-0cc9-46f2-9ba7-b12f5f9b460e c348681fe63f4ff4a6c034547a0db7d3 de0b7c0ece8c441a9a85c2f37b320c1f - - default default] Tap Mirror: Handle Delete Port: f9091992-7bc1-4684-afc5-6c130fd74157
2026-04-17 01:27:49.102 7 INFO neutron.services.segments.plugin [-] Segment 105254d1-352f-470a-9e70-7ad276e97a72 resource provider aggregate not found
2026-04-17 01:27:49.113 7 INFO neutron.services.segments.plugin [-] Segment 105254d1-352f-470a-9e70-7ad276e97a72 resource provider aggregate not found
2026-04-17 01:27:49.120 7 INFO neutron.services.segments.plugin [-] Segment 105254d1-352f-470a-9e70-7ad276e97a72 resource provider not found; error: Placement Client Error (4xx): {"errors": [{"status": 404, "title": "Not Found", "detail": "The resource could not be found.\n\n No resource provider with uuid 105254d1-352f-470a-9e70-7ad276e97a72 found for delete ", "request_id": "req-ac7b3eb7-8587-48a9-91d9-d81617736b32"}]}
2026-04-17 01:27:49.136 7 INFO neutron.services.segments.plugin [-] Segment 105254d1-352f-470a-9e70-7ad276e97a72 resource provider not found; error: Placement Client Error (4xx): {"errors": [{"status": 404, "title": "Not Found", "detail": "The resource could not be found.\n\n No resource provider with uuid 105254d1-352f-470a-9e70-7ad276e97a72 found for delete ", "request_id": "req-801c67ae-9e79-4029-ba01-35a82e038e29"}]} [pid: 7|app: 0|req: 288/594] 10.0.0.77 () {32 vars in 725 bytes} [Fri Apr 17 01:27:48 2026] DELETE /v2.0/networks/734f7647-3647-42d5-8b41-c3a97b08efad => generated 0 bytes in 371 msecs (HTTP/1.1 204) 3 headers in 131 bytes (1 switches on core 0)
2026-04-17 01:27:49.227 6 INFO neutron.plugins.ml2.drivers.ovn.mech_driver.ovsdb.commands [None req-97709578-29a5-478b-87dc-fcec37d9da9d - - - - - -] Schedule LRP lrp-ed62a082-d387-48da-9c04-16e5dce2c0ee on gateway afab7a5c-8e8a-48aa-9859-42bf6ac68f00 with priority 1
2026-04-17 01:27:49.265 6 INFO neutron.plugins.ml2.drivers.ovn.mech_driver.mech_driver [None req-94b941ef-5bac-4f7b-942f-efa829819c09 - - - - - -] OVN reports status up for port: ed62a082-d387-48da-9c04-16e5dce2c0ee
2026-04-17 01:27:49.275 7 INFO neutron.plugins.ml2.drivers.ovn.mech_driver.ovsdb.ovsdb_monitor [None req-141bb482-3c14-467b-bc35-1f7c1bbc6f4d - - - - - -] Router 7900acf3-1dde-40a0-900e-b64d4f208f82 is bound to host instance
2026-04-17 01:27:49.294 6 INFO neutron.plugins.ml2.plugin [None req-94b941ef-5bac-4f7b-942f-efa829819c09 - - - - - -] Attempt 1 to provision port ed62a082-d387-48da-9c04-16e5dce2c0ee
2026-04-17 01:27:49.335 6 INFO neutron.db.ovn_revision_numbers_db [None req-c01ffbc9-e7c6-4ddb-bff1-1084ec16c43e 7baf354ca83f464fb7c2b82b0f12145b c436aec0dc604245b4e0427811ba8942 - - default default] Successfully bumped revision number for resource ed62a082-d387-48da-9c04-16e5dce2c0ee (type: router_ports) to 1
2026-04-17 01:27:49.439 6 INFO neutron.db.ovn_revision_numbers_db [None req-c01ffbc9-e7c6-4ddb-bff1-1084ec16c43e 7baf354ca83f464fb7c2b82b0f12145b c436aec0dc604245b4e0427811ba8942 - - default default] Successfully bumped revision number for resource 7900acf3-1dde-40a0-900e-b64d4f208f82 (type: routers) to 2 [pid: 6|app: 0|req: 307/595] 10.0.0.77 () {34 vars in 668 bytes} [Fri Apr 17 01:27:48 2026] POST /v2.0/routers => generated 969 bytes in 1431 msecs (HTTP/1.1 201) 4 headers in 162 bytes (1 switches on core 0) [pid: 6|app: 0|req: 308/596] 10.0.0.77 () {32 vars in 773 bytes} [Fri Apr 17 01:27:49 2026] GET /v2.0/security-groups?tenant_id=de0b7c0ece8c441a9a85c2f37b320c1f&name=default => generated 2925 bytes in 218 msecs (HTTP/1.1 200) 4 headers in 158 bytes (1 switches on core 0) [pid: 6|app: 0|req: 309/597] 10.0.0.77 () {32 vars in 739 bytes} [Fri Apr 17 01:27:49 2026] DELETE /v2.0/security-groups/16e0e297-6232-4117-a311-ccac0a35b5b6 => generated 0 bytes in 226 msecs (HTTP/1.1 204) 2 headers in 112 bytes (1 switches on core 0)
2026-04-17 01:27:50.289 7 WARNING neutron.scheduler.dhcp_agent_scheduler [None req-ae48a09e-a76a-4220-9df8-0571f2849734 7baf354ca83f464fb7c2b82b0f12145b c436aec0dc604245b4e0427811ba8942 - - default default] No more DHCP agents
2026-04-17 01:27:50.292 7 WARNING neutron.api.rpc.agentnotifiers.dhcp_rpc_agent_api [None req-ae48a09e-a76a-4220-9df8-0571f2849734 7baf354ca83f464fb7c2b82b0f12145b c436aec0dc604245b4e0427811ba8942 - - default default] Unable to schedule network 9eda55a7-f5bb-4ccd-bef4-69e72d6ca270: no agents available; will retry on subsequent port and subnet creation events.
2026-04-17 01:27:50.493 7 INFO neutron.plugins.ml2.drivers.ovn.mech_driver.mech_driver [None req-8cc5e4aa-5a38-4122-9a4c-0c27595aa83f - - - - - -] OVN reports status down for port: 38cdd1a4-ba66-4033-9472-5085689edf8f
2026-04-17 01:27:50.608 7 INFO neutron.db.ovn_revision_numbers_db [None req-ae48a09e-a76a-4220-9df8-0571f2849734 7baf354ca83f464fb7c2b82b0f12145b c436aec0dc604245b4e0427811ba8942 - - default default] Successfully bumped revision number for resource 38cdd1a4-ba66-4033-9472-5085689edf8f (type: ports) to 1
2026-04-17 01:27:50.778 7 INFO neutron.db.ovn_revision_numbers_db [None req-e870113e-ed3b-4408-b379-ea6c75f8d4c8 - - - - - -] Successfully bumped revision number for resource ed62a082-d387-48da-9c04-16e5dce2c0ee (type: ports) to 4
2026-04-17 01:27:50.920 6 INFO neutron.db.ovn_revision_numbers_db [None req-639665b7-bb36-4181-b821-4b433849b498 7baf354ca83f464fb7c2b82b0f12145b c436aec0dc604245b4e0427811ba8942 - - default default] Successfully bumped revision number for resource c3b690ec-3d2d-408e-b2ba-231da2b94516 (type: security_groups) to 1
2026-04-17 01:27:50.933 6 INFO neutron.db.ovn_revision_numbers_db [None req-639665b7-bb36-4181-b821-4b433849b498 7baf354ca83f464fb7c2b82b0f12145b c436aec0dc604245b4e0427811ba8942 - - default default] Successfully bumped revision number for resource 43d491e8-d1c9-4135-a3d8-50b8dea8d07d (type: security_group_rules) to 0
2026-04-17 01:27:50.944 6 INFO neutron.db.ovn_revision_numbers_db [None req-639665b7-bb36-4181-b821-4b433849b498 7baf354ca83f464fb7c2b82b0f12145b c436aec0dc604245b4e0427811ba8942 - - default default] Successfully bumped revision number for resource 43f1f1fb-2e5a-4a06-9c13-52e9ede2bd25 (type: security_group_rules) to 0
2026-04-17 01:27:50.958 6 INFO neutron.db.ovn_revision_numbers_db [None req-639665b7-bb36-4181-b821-4b433849b498 7baf354ca83f464fb7c2b82b0f12145b c436aec0dc604245b4e0427811ba8942 - - default default] Successfully bumped revision number for resource 924f1010-79de-4b31-9337-14fd93acd45d (type: security_group_rules) to 0
2026-04-17 01:27:50.969 6 INFO neutron.db.ovn_revision_numbers_db [None req-639665b7-bb36-4181-b821-4b433849b498 7baf354ca83f464fb7c2b82b0f12145b c436aec0dc604245b4e0427811ba8942 - - default default] Successfully bumped revision number for resource 9b159acd-fe14-4f49-a3f4-a8a433b9a703 (type: security_group_rules) to 0 [pid: 6|app: 0|req: 310/598] 10.0.0.77 () {32 vars in 773 bytes} [Fri Apr 17 01:27:50 2026] GET /v2.0/security-groups?tenant_id=a8f4fc9db79946dd893f8506a06b6c05&name=default => generated 2925 bytes in 445 msecs (HTTP/1.1 200) 4 headers in 158 bytes (1 switches on core 0) [pid: 6|app: 0|req: 311/599] 10.0.0.77 () {32 vars in 739 bytes} [Fri Apr 17 01:27:51 2026] DELETE /v2.0/security-groups/c3b690ec-3d2d-408e-b2ba-231da2b94516 => generated 0 bytes in 209 msecs (HTTP/1.1 204) 2 headers in 112 bytes (1 switches on core 0)
2026-04-17 01:27:51.473 7 INFO neutron.db.ovn_revision_numbers_db [None req-e870113e-ed3b-4408-b379-ea6c75f8d4c8 - - - - - -] Successfully bumped revision number for resource ed62a082-d387-48da-9c04-16e5dce2c0ee (type: ports) to 5
2026-04-17 01:27:51.766 7 INFO neutron.plugins.ml2.drivers.ovn.mech_driver.mech_driver [None req-8cc5e4aa-5a38-4122-9a4c-0c27595aa83f - - - - - -] OVN reports status up for port: 38cdd1a4-ba66-4033-9472-5085689edf8f
2026-04-17 01:27:51.792 7 INFO neutron.plugins.ml2.plugin [None req-8cc5e4aa-5a38-4122-9a4c-0c27595aa83f - - - - - -] Attempt 1 to provision port 38cdd1a4-ba66-4033-9472-5085689edf8f [pid: 6|app: 0|req: 312/600] 10.0.0.167 () {34 vars in 990 bytes} [Fri Apr 17 01:27:51 2026] GET /v2.0/ports?device_id=12189a52-d39b-4e52-a287-932809e31639 => generated 1209 bytes in 220 msecs (HTTP/1.1 200) 4 headers in 158 bytes (1 switches on core 0)
2026-04-17 01:27:51.926 7 WARNING neutron.scheduler.dhcp_agent_scheduler [None req-ae48a09e-a76a-4220-9df8-0571f2849734 7baf354ca83f464fb7c2b82b0f12145b c436aec0dc604245b4e0427811ba8942 - - default default] No more DHCP agents
2026-04-17 01:27:51.931 7 WARNING neutron.api.rpc.agentnotifiers.dhcp_rpc_agent_api [None req-ae48a09e-a76a-4220-9df8-0571f2849734 7baf354ca83f464fb7c2b82b0f12145b c436aec0dc604245b4e0427811ba8942 - - default default] Unable to schedule network 9eda55a7-f5bb-4ccd-bef4-69e72d6ca270: no agents available; will retry on subsequent port and subnet creation events.
2026-04-17 01:27:52.113 6 INFO neutron.db.ovn_revision_numbers_db [None req-aea64179-78cf-47ca-a366-f0d5c4672046 a1ff5295a0ec47948125e7ad66d756ef f8c6a2337d2243ddadcfc6daab17cb63 - - default default] Successfully bumped revision number for resource 2a372d58-bd0a-4d38-b17b-94e824733027 (type: security_groups) to 1
2026-04-17 01:27:52.126 6 INFO neutron.db.ovn_revision_numbers_db [None req-aea64179-78cf-47ca-a366-f0d5c4672046 a1ff5295a0ec47948125e7ad66d756ef f8c6a2337d2243ddadcfc6daab17cb63 - - default default] Successfully bumped revision number for resource 0761486b-6a2c-44a5-89bc-987bd30eca6d (type: security_group_rules) to 0
2026-04-17 01:27:52.137 6 INFO neutron.db.ovn_revision_numbers_db [None req-aea64179-78cf-47ca-a366-f0d5c4672046 a1ff5295a0ec47948125e7ad66d756ef f8c6a2337d2243ddadcfc6daab17cb63 - - default default] Successfully bumped revision number for resource 4f8f9603-97f0-4f76-91b9-253f0b82cc21 (type: security_group_rules) to 0
2026-04-17 01:27:52.155 6 INFO neutron.db.ovn_revision_numbers_db [None req-aea64179-78cf-47ca-a366-f0d5c4672046 a1ff5295a0ec47948125e7ad66d756ef f8c6a2337d2243ddadcfc6daab17cb63 - - default default] Successfully bumped revision number for resource bafe3af6-9752-4356-a708-a4b8e98dff71 (type: security_group_rules) to 0
2026-04-17 01:27:52.166 6 INFO neutron.db.ovn_revision_numbers_db [None req-aea64179-78cf-47ca-a366-f0d5c4672046 a1ff5295a0ec47948125e7ad66d756ef f8c6a2337d2243ddadcfc6daab17cb63 - - default default] Successfully bumped revision number for resource c587acfb-277c-47eb-9c47-863a8a3567d7 (type: security_group_rules) to 0
2026-04-17 01:27:52.243 6 INFO neutron.db.segments_db [None req-aea64179-78cf-47ca-a366-f0d5c4672046 a1ff5295a0ec47948125e7ad66d756ef f8c6a2337d2243ddadcfc6daab17cb63 - - default default] Added segment e1646372-3cc9-4e2d-adb2-51088a70d86a of type geneve for network a301d175-ae94-4b2e-be1a-190f297a777d
2026-04-17 01:27:52.334 6 INFO neutron.db.ovn_revision_numbers_db [None req-aea64179-78cf-47ca-a366-f0d5c4672046 a1ff5295a0ec47948125e7ad66d756ef f8c6a2337d2243ddadcfc6daab17cb63 - - default default] Successfully bumped revision number for resource a301d175-ae94-4b2e-be1a-190f297a777d (type: networks) to 1
2026-04-17 01:27:52.519 6 WARNING neutron.scheduler.dhcp_agent_scheduler [None req-aea64179-78cf-47ca-a366-f0d5c4672046 a1ff5295a0ec47948125e7ad66d756ef f8c6a2337d2243ddadcfc6daab17cb63 - - default default] No more DHCP agents
2026-04-17 01:27:52.520 6 WARNING neutron.api.rpc.agentnotifiers.dhcp_rpc_agent_api [None req-aea64179-78cf-47ca-a366-f0d5c4672046 a1ff5295a0ec47948125e7ad66d756ef f8c6a2337d2243ddadcfc6daab17cb63 - - default default] Unable to schedule network a301d175-ae94-4b2e-be1a-190f297a777d: no agents available; will retry on subsequent port and subnet creation events.
2026-04-17 01:27:52.540 7 INFO neutron.db.ovn_revision_numbers_db [None req-8cc5e4aa-5a38-4122-9a4c-0c27595aa83f - - - - - -] Successfully bumped revision number for resource 38cdd1a4-ba66-4033-9472-5085689edf8f (type: ports) to 2
2026-04-17 01:27:52.585 6 INFO neutron.plugins.ml2.drivers.ovn.mech_driver.mech_driver [None req-94b941ef-5bac-4f7b-942f-efa829819c09 - - - - - -] OVN reports status down for port: cdcd9d38-ec1d-45d7-950f-fa8c8be2028d
2026-04-17 01:27:52.652 6 INFO neutron.db.ovn_revision_numbers_db [None req-aea64179-78cf-47ca-a366-f0d5c4672046 a1ff5295a0ec47948125e7ad66d756ef f8c6a2337d2243ddadcfc6daab17cb63 - - default default] Successfully bumped revision number for resource cdcd9d38-ec1d-45d7-950f-fa8c8be2028d (type: ports) to 1 [pid: 6|app: 0|req: 313/601] 10.0.0.77 () {34 vars in 669 bytes} [Fri Apr 17 01:27:51 2026] POST /v2.0/networks => generated 653 bytes in 776 msecs (HTTP/1.1 201) 4 headers in 162 bytes (1 switches on core 0) [pid: 6|app: 0|req: 314/602] 10.0.0.167 () {34 vars in 1040 bytes} [Fri Apr 17 01:27:52 2026] GET /v2.0/security-groups?id=c52ca16f-8746-4261-9496-a93cae09b12f&fields=id&fields=name => generated 113 bytes in 52 msecs (HTTP/1.1 200) 4 headers in 157 bytes (1 switches on core 0)
2026-04-17 01:27:52.865 6 INFO neutron.db.segments_db [None req-ab337cc7-6cc6-4de1-96d2-6c2c7581dd84 a1ff5295a0ec47948125e7ad66d756ef f8c6a2337d2243ddadcfc6daab17cb63 - - default default] Added segment ddf7803d-4a2b-474d-b304-48487a192270 of type geneve for network 8b63fbe2-961a-4d16-87cd-92417be35616
2026-04-17 01:27:52.889 7 INFO neutron.db.ovn_revision_numbers_db [None req-ae48a09e-a76a-4220-9df8-0571f2849734 7baf354ca83f464fb7c2b82b0f12145b c436aec0dc604245b4e0427811ba8942 - - default default] Successfully bumped revision number for resource 38cdd1a4-ba66-4033-9472-5085689edf8f (type: router_ports) to 1 [pid: 7|app: 0|req: 289/603] 10.0.0.77 () {34 vars in 782 bytes} [Fri Apr 17 01:27:49 2026] PUT /v2.0/routers/7900acf3-1dde-40a0-900e-b64d4f208f82/add_router_interface => generated 309 bytes in 3434 msecs (HTTP/1.1 200) 4 headers in 157 bytes (1 switches on core 0)
2026-04-17 01:27:52.996 6 INFO neutron.db.ovn_revision_numbers_db [None req-ab337cc7-6cc6-4de1-96d2-6c2c7581dd84 a1ff5295a0ec47948125e7ad66d756ef f8c6a2337d2243ddadcfc6daab17cb63 - - default default] Successfully bumped revision number for resource 8b63fbe2-961a-4d16-87cd-92417be35616 (type: networks) to 1
2026-04-17 01:27:53.172 6 WARNING neutron.scheduler.dhcp_agent_scheduler [None req-ab337cc7-6cc6-4de1-96d2-6c2c7581dd84 a1ff5295a0ec47948125e7ad66d756ef f8c6a2337d2243ddadcfc6daab17cb63 - - default default] No more DHCP agents
2026-04-17 01:27:53.177 6 WARNING neutron.api.rpc.agentnotifiers.dhcp_rpc_agent_api [None req-ab337cc7-6cc6-4de1-96d2-6c2c7581dd84 a1ff5295a0ec47948125e7ad66d756ef f8c6a2337d2243ddadcfc6daab17cb63 - - default default] Unable to schedule network 8b63fbe2-961a-4d16-87cd-92417be35616: no agents available; will retry on subsequent port and subnet creation events.
2026-04-17 01:27:53.319 7 INFO neutron.db.ovn_revision_numbers_db [None req-09f8867c-8994-4739-a868-b6bf285e819a 0f5fcffb84aa496786bbd6dd975abfb1 87e0fa71c7d443f093e738ffb9d541e7 - - default default] Successfully bumped revision number for resource a95280f6-5911-42d8-a4aa-960333603453 (type: security_groups) to 1
2026-04-17 01:27:53.337 7 INFO neutron.db.ovn_revision_numbers_db [None req-09f8867c-8994-4739-a868-b6bf285e819a 0f5fcffb84aa496786bbd6dd975abfb1 87e0fa71c7d443f093e738ffb9d541e7 - - default default] Successfully bumped revision number for resource 5c575bb9-318f-4e5c-a907-4fe9ee14634a (type: security_group_rules) to 0
2026-04-17 01:27:53.352 7 INFO neutron.db.ovn_revision_numbers_db [None req-09f8867c-8994-4739-a868-b6bf285e819a 0f5fcffb84aa496786bbd6dd975abfb1 87e0fa71c7d443f093e738ffb9d541e7 - - default default] Successfully bumped revision number for resource 7a630faf-dc11-468a-b291-19b062548c01 (type: security_group_rules) to 0
2026-04-17 01:27:53.355 6 INFO neutron.db.ovn_revision_numbers_db [None req-ab337cc7-6cc6-4de1-96d2-6c2c7581dd84 a1ff5295a0ec47948125e7ad66d756ef f8c6a2337d2243ddadcfc6daab17cb63 - - default default] Successfully bumped revision number for resource feef70d1-114d-4c0e-aff6-5cfdb8caaf79 (type: ports) to 1
2026-04-17 01:27:53.363 7 INFO neutron.db.ovn_revision_numbers_db [None req-09f8867c-8994-4739-a868-b6bf285e819a 0f5fcffb84aa496786bbd6dd975abfb1 87e0fa71c7d443f093e738ffb9d541e7 - - default default] Successfully bumped revision number for resource b5baddbd-20f4-4d59-b4fc-d4072846b299 (type: security_group_rules) to 0
2026-04-17 01:27:53.377 7 INFO neutron.db.ovn_revision_numbers_db [None req-09f8867c-8994-4739-a868-b6bf285e819a 0f5fcffb84aa496786bbd6dd975abfb1 87e0fa71c7d443f093e738ffb9d541e7 - - default default] Successfully bumped revision number for resource d697a792-39b9-4401-aa3f-85864cfb1a23 (type: security_group_rules) to 0 [pid: 6|app: 0|req: 315/604] 10.0.0.77 () {34 vars in 669 bytes} [Fri Apr 17 01:27:52 2026] POST /v2.0/networks => generated 653 bytes in 642 msecs (HTTP/1.1 201) 4 headers in 162 bytes (1 switches on core 0)
2026-04-17 01:27:53.461 7 INFO neutron.db.segments_db [None req-09f8867c-8994-4739-a868-b6bf285e819a 0f5fcffb84aa496786bbd6dd975abfb1 87e0fa71c7d443f093e738ffb9d541e7 - - default default] Added segment 22561e1f-b406-455f-b5e1-f3deafdabe9a of type geneve for network 52e2bf18-7d39-4517-ad02-6d3328135571
2026-04-17 01:27:53.528 7 INFO neutron.db.segments_db [None req-09f8867c-8994-4739-a868-b6bf285e819a 0f5fcffb84aa496786bbd6dd975abfb1 87e0fa71c7d443f093e738ffb9d541e7 - - default default] Added segment 9633819c-bee9-4374-8919-a067bd9fc68b of type geneve for network fbd7df56-2b3b-4ad8-916a-779596f462fc
2026-04-17 01:27:53.631 7 INFO neutron.db.ovn_revision_numbers_db [None req-09f8867c-8994-4739-a868-b6bf285e819a 0f5fcffb84aa496786bbd6dd975abfb1 87e0fa71c7d443f093e738ffb9d541e7 - - default default] Successfully bumped revision number for resource 52e2bf18-7d39-4517-ad02-6d3328135571 (type: networks) to 1
2026-04-17 01:27:53.635 6 WARNING neutron.scheduler.dhcp_agent_scheduler [None req-0148c786-5db6-44dc-9dba-6c29f1e91513 a1ff5295a0ec47948125e7ad66d756ef f8c6a2337d2243ddadcfc6daab17cb63 - - default default] No more DHCP agents
2026-04-17 01:27:53.636 6 WARNING neutron.api.rpc.agentnotifiers.dhcp_rpc_agent_api [None req-0148c786-5db6-44dc-9dba-6c29f1e91513 a1ff5295a0ec47948125e7ad66d756ef f8c6a2337d2243ddadcfc6daab17cb63 - - default default] Unable to schedule network a301d175-ae94-4b2e-be1a-190f297a777d: no agents available; will retry on subsequent port and subnet creation events.
2026-04-17 01:27:53.664 6 INFO neutron.db.ovn_revision_numbers_db [None req-0148c786-5db6-44dc-9dba-6c29f1e91513 a1ff5295a0ec47948125e7ad66d756ef f8c6a2337d2243ddadcfc6daab17cb63 - - default default] Successfully bumped revision number for resource 0f9c1154-3f00-4035-8281-b929494da223 (type: subnets) to 0 [pid: 6|app: 0|req: 316/605] 10.0.0.77 () {34 vars in 668 bytes} [Fri Apr 17 01:27:53 2026] POST /v2.0/subnets => generated 646 bytes in 291 msecs (HTTP/1.1 201) 4 headers in 162 bytes (1 switches on core 0)
2026-04-17 01:27:53.781 7 WARNING neutron.scheduler.dhcp_agent_scheduler [None req-09f8867c-8994-4739-a868-b6bf285e819a 0f5fcffb84aa496786bbd6dd975abfb1 87e0fa71c7d443f093e738ffb9d541e7 - - default default] No more DHCP agents
2026-04-17 01:27:53.783 7 WARNING neutron.api.rpc.agentnotifiers.dhcp_rpc_agent_api [None req-09f8867c-8994-4739-a868-b6bf285e819a 0f5fcffb84aa496786bbd6dd975abfb1 87e0fa71c7d443f093e738ffb9d541e7 - - default default] Unable to schedule network 52e2bf18-7d39-4517-ad02-6d3328135571: no agents available; will retry on subsequent port and subnet creation events.
2026-04-17 01:27:53.792 6 INFO neutron.db.ovn_revision_numbers_db [None req-5875c268-2e48-4199-9adf-08a4b5ab3d94 0ae7aca49a9c47a6b7f5d06cc48bccba 309c29b29d0a408ab68710e2c2cc05b1 - - default default] Successfully bumped revision number for resource ff57c5f0-700f-4f3b-b31a-b992f554c487 (type: security_groups) to 1
2026-04-17 01:27:53.802 6 INFO neutron.db.ovn_revision_numbers_db [None req-5875c268-2e48-4199-9adf-08a4b5ab3d94 0ae7aca49a9c47a6b7f5d06cc48bccba 309c29b29d0a408ab68710e2c2cc05b1 - - default default] Successfully bumped revision number for resource 61f8f781-4619-4fd3-979e-7facb7ee94a3 (type: security_group_rules) to 0
2026-04-17 01:27:53.817 6 INFO neutron.db.ovn_revision_numbers_db [None req-5875c268-2e48-4199-9adf-08a4b5ab3d94 0ae7aca49a9c47a6b7f5d06cc48bccba 309c29b29d0a408ab68710e2c2cc05b1 - - default default] Successfully bumped revision number for resource d40ef3f0-0465-4e3f-baa8-eda15a53209a (type: security_group_rules) to 0
2026-04-17 01:27:53.858 7 INFO neutron.db.ovn_revision_numbers_db [None req-09f8867c-8994-4739-a868-b6bf285e819a 0f5fcffb84aa496786bbd6dd975abfb1 87e0fa71c7d443f093e738ffb9d541e7 - - default default] Successfully bumped revision number for resource 2e7a4948-4ea6-4b1e-b835-a4aed60f61c0 (type: ports) to 1 [pid: 6|app: 0|req: 317/606] 10.0.0.77 () {34 vars in 684 bytes} [Fri Apr 17 01:27:53 2026] POST /v2.0/security-groups => generated 1660 bytes in 180 msecs (HTTP/1.1 201) 4 headers in 163 bytes (1 switches on core 0)
2026-04-17 01:27:53.925 7 INFO neutron.db.ovn_revision_numbers_db [None req-09f8867c-8994-4739-a868-b6bf285e819a 0f5fcffb84aa496786bbd6dd975abfb1 87e0fa71c7d443f093e738ffb9d541e7 - - default default] Successfully bumped revision number for resource fbd7df56-2b3b-4ad8-916a-779596f462fc (type: networks) to 1
2026-04-17 01:27:54.032 6 WARNING neutron.scheduler.dhcp_agent_scheduler [None req-853e7f07-d8f5-4c80-9bfa-b5160bae7b63 a1ff5295a0ec47948125e7ad66d756ef f8c6a2337d2243ddadcfc6daab17cb63 - - default default] No more DHCP agents
2026-04-17 01:27:54.033 6 WARNING neutron.api.rpc.agentnotifiers.dhcp_rpc_agent_api [None req-853e7f07-d8f5-4c80-9bfa-b5160bae7b63 a1ff5295a0ec47948125e7ad66d756ef f8c6a2337d2243ddadcfc6daab17cb63 - - default default] Unable to schedule network 8b63fbe2-961a-4d16-87cd-92417be35616: no agents available; will retry on subsequent port and subnet creation events.
2026-04-17 01:27:54.058 6 INFO neutron.db.ovn_revision_numbers_db [None req-853e7f07-d8f5-4c80-9bfa-b5160bae7b63 a1ff5295a0ec47948125e7ad66d756ef f8c6a2337d2243ddadcfc6daab17cb63 - - default default] Successfully bumped revision number for resource 92f22760-37ba-41ce-a885-a4960b156f23 (type: subnets) to 0 [pid: 6|app: 0|req: 318/607] 10.0.0.77 () {34 vars in 668 bytes} [Fri Apr 17 01:27:53 2026] POST /v2.0/subnets => generated 655 bytes in 214 msecs (HTTP/1.1 201) 4 headers in 162 bytes (1 switches on core 0)
2026-04-17 01:27:54.084 7 WARNING neutron.scheduler.dhcp_agent_scheduler [None req-09f8867c-8994-4739-a868-b6bf285e819a 0f5fcffb84aa496786bbd6dd975abfb1 87e0fa71c7d443f093e738ffb9d541e7 - - default default] No more DHCP agents
2026-04-17 01:27:54.085 7 WARNING neutron.api.rpc.agentnotifiers.dhcp_rpc_agent_api [None req-09f8867c-8994-4739-a868-b6bf285e819a 0f5fcffb84aa496786bbd6dd975abfb1 87e0fa71c7d443f093e738ffb9d541e7 - - default default] Unable to schedule network fbd7df56-2b3b-4ad8-916a-779596f462fc: no agents available; will retry on subsequent port and subnet creation events.
2026-04-17 01:27:54.157 7 INFO neutron.db.ovn_revision_numbers_db [None req-09f8867c-8994-4739-a868-b6bf285e819a 0f5fcffb84aa496786bbd6dd975abfb1 87e0fa71c7d443f093e738ffb9d541e7 - - default default] Successfully bumped revision number for resource fed6a0f3-9680-4a7f-9208-5df7ce1e9064 (type: ports) to 1 [pid: 7|app: 0|req: 290/608] 10.0.0.77 () {34 vars in 669 bytes} [Fri Apr 17 01:27:52 2026] POST /v2.0/networks => generated 1284 bytes in 1278 msecs (HTTP/1.1 201) 4 headers in 163 bytes (1 switches on core 0)
2026-04-17 01:27:54.215 6 INFO neutron.db.ovn_revision_numbers_db [None req-133c4b8e-aff3-4719-bd7a-4b41682517dd 0ae7aca49a9c47a6b7f5d06cc48bccba 309c29b29d0a408ab68710e2c2cc05b1 - - default default] Successfully bumped revision number for resource 1b6b2f9b-dfa5-4b96-805e-25cf3d377a81 (type: security_group_rules) to 0 [pid: 6|app: 0|req: 319/609] 10.0.0.77 () {34 vars in 694 bytes} [Fri Apr 17 01:27:54 2026] POST /v2.0/security-group-rules => generated 597 bytes in 169 msecs (HTTP/1.1 201) 4 headers in 162 bytes (1 switches on core 0)
2026-04-17 01:27:54.290 7 INFO neutron.db.ovn_revision_numbers_db [None req-af76afd7-2508-454c-8cde-fcd641c09080 a1ff5295a0ec47948125e7ad66d756ef f8c6a2337d2243ddadcfc6daab17cb63 - - default default] Successfully bumped revision number for resource 31194e5f-466f-4804-9b7a-9929f93941c4 (type: routers) to 1 [pid: 7|app: 0|req: 291/610] 10.0.0.77 () {34 vars in 668 bytes} [Fri Apr 17 01:27:54 2026] POST /v2.0/routers => generated 607 bytes in 125 msecs (HTTP/1.1 201) 4 headers in 162 bytes (1 switches on core 0) [pid: 6|app: 0|req: 320/611] 10.0.0.77 () {32 vars in 648 bytes} [Fri Apr 17 01:27:54 2026] GET /v2.0/networks => generated 1971 bytes in 65 msecs (HTTP/1.1 200) 4 headers in 158 bytes (1 switches on core 0)
2026-04-17 01:27:54.432 7 INFO neutron.db.ovn_revision_numbers_db [None req-b7394fb8-10d1-42c5-94d3-a51d80391bd4 0ae7aca49a9c47a6b7f5d06cc48bccba 309c29b29d0a408ab68710e2c2cc05b1 - - default default] Successfully bumped revision number for resource 31b50244-8c10-4c34-a24a-e6496de23981 (type: security_group_rules) to 0 [pid: 7|app: 0|req: 292/612] 10.0.0.77 () {34 vars in 694 bytes} [Fri Apr 17 01:27:54 2026] POST /v2.0/security-group-rules => generated 602 bytes in 158 msecs (HTTP/1.1 201) 4 headers in 162 bytes (1 switches on core 0)
2026-04-17 01:27:54.586 7 INFO neutron_taas.services.taas.taas_plugin [None req-4a07fc25-124b-44b7-9829-0ea91e215f5b 0f5fcffb84aa496786bbd6dd975abfb1 87e0fa71c7d443f093e738ffb9d541e7 - - default default] TaaS: Handle Delete Port: 2e7a4948-4ea6-4b1e-b835-a4aed60f61c0
2026-04-17 01:27:54.588 7 INFO neutron_taas.services.taas.tap_mirror_plugin [None req-4a07fc25-124b-44b7-9829-0ea91e215f5b 0f5fcffb84aa496786bbd6dd975abfb1 87e0fa71c7d443f093e738ffb9d541e7 - - default default] Tap Mirror: Handle Delete Port: 2e7a4948-4ea6-4b1e-b835-a4aed60f61c0
2026-04-17 01:27:54.704 6 WARNING neutron.scheduler.dhcp_agent_scheduler [None req-77f27a6d-89ba-43cb-97ad-07bcea0a1fc7 a1ff5295a0ec47948125e7ad66d756ef f8c6a2337d2243ddadcfc6daab17cb63 - - default default] No more DHCP agents
2026-04-17 01:27:54.706 6 WARNING neutron.api.rpc.agentnotifiers.dhcp_rpc_agent_api [None req-77f27a6d-89ba-43cb-97ad-07bcea0a1fc7 a1ff5295a0ec47948125e7ad66d756ef f8c6a2337d2243ddadcfc6daab17cb63 - - default default] Unable to schedule network a301d175-ae94-4b2e-be1a-190f297a777d: no agents available; will retry on subsequent port and subnet creation events.
2026-04-17 01:27:54.759 7 INFO neutron.services.segments.plugin [-] Segment 22561e1f-b406-455f-b5e1-f3deafdabe9a resource provider aggregate not found
2026-04-17 01:27:54.764 6 INFO neutron.plugins.ml2.drivers.ovn.mech_driver.mech_driver [None req-94b941ef-5bac-4f7b-942f-efa829819c09 - - - - - -] OVN reports status down for port: 42bf6809-5b60-4d86-965d-c3c2518c61d0
2026-04-17 01:27:54.766 7 INFO neutron.services.segments.plugin [-] Segment 22561e1f-b406-455f-b5e1-f3deafdabe9a resource provider aggregate not found
2026-04-17 01:27:54.795 7 INFO neutron.services.segments.plugin [-] Segment 22561e1f-b406-455f-b5e1-f3deafdabe9a resource provider not found; error: Placement Client Error (4xx): {"errors": [{"status": 404, "title": "Not Found", "detail": "The resource could not be found.\n\n No resource provider with uuid 22561e1f-b406-455f-b5e1-f3deafdabe9a found for delete ", "request_id": "req-9eb0f67b-d637-430c-a36f-bc9e960b501a"}]}
2026-04-17 01:27:54.806 7 INFO neutron.services.segments.plugin [-] Segment 22561e1f-b406-455f-b5e1-f3deafdabe9a resource provider not found; error: Placement Client Error (4xx): {"errors": [{"status": 404, "title": "Not Found", "detail": "The resource could not be found.\n\n No resource provider with uuid 22561e1f-b406-455f-b5e1-f3deafdabe9a found for delete ", "request_id": "req-7005de15-f7dc-4ef3-b5cc-8ce638545b62"}]}
2026-04-17 01:27:54.834 6 INFO neutron.db.ovn_revision_numbers_db [None req-77f27a6d-89ba-43cb-97ad-07bcea0a1fc7 a1ff5295a0ec47948125e7ad66d756ef f8c6a2337d2243ddadcfc6daab17cb63 - - default default] Successfully bumped revision number for resource 42bf6809-5b60-4d86-965d-c3c2518c61d0 (type: ports) to 1 [pid: 7|app: 0|req: 293/613] 10.0.0.77 () {32 vars in 725 bytes} [Fri Apr 17 01:27:54 2026] DELETE /v2.0/networks/52e2bf18-7d39-4517-ad02-6d3328135571 => generated 0 bytes in 375 msecs (HTTP/1.1 204) 3 headers in 131 bytes (1 switches on core 0)
2026-04-17 01:27:55.057 7 WARNING neutron.scheduler.dhcp_agent_scheduler [None req-d218981e-297c-4970-99a7-967552a7b84c 0ae7aca49a9c47a6b7f5d06cc48bccba 309c29b29d0a408ab68710e2c2cc05b1 - - default default] No more DHCP agents
