Aug 24 08:59:44.149634 np0000190774 devstack@neutron-api.service[102526]: DEBUG neutron.api.extensions [None req-9230984d-7361-48cf-92f1-5681c9dc6935 None None] Ext name="Stateful security group" alias="stateful-security-group" description="Indicates if the security group is stateful or not" updated="2019-11-26T09:00:00-00:00" {{(pid=102526) _check_extension /opt/stack/neutron/neutron/api/extensions.py:415}}
Aug 24 08:59:44.150138 np0000190774 devstack@neutron-api.service[102527]: DEBUG neutron.api.extensions [None req-843b9975-4fe2-4240-a619-bd312edbde6e None None] Extended resource: address-scopes {{(pid=102527) __init__ /opt/stack/neutron/neutron/api/extensions.py:156}}
Aug 24 08:59:44.150234 np0000190774 devstack@neutron-api.service[102526]: INFO neutron.api.extensions [None req-9230984d-7361-48cf-92f1-5681c9dc6935 None None] Loaded extension: stateful-security-group
Aug 24 08:59:44.150234 np0000190774 devstack@neutron-api.service[102526]: DEBUG neutron.api.extensions [None req-9230984d-7361-48cf-92f1-5681c9dc6935 None None] Loading extension file: stdattrs_common.py {{(pid=102526) _load_all_extensions_from_path /opt/stack/neutron/neutron/api/extensions.py:449}}
Aug 24 08:59:44.150234 np0000190774 devstack@neutron-api.service[102526]: WARNING neutron.api.extensions [None req-9230984d-7361-48cf-92f1-5681c9dc6935 None None] Did not find expected name "Stdattrs_common" in /opt/stack/neutron/neutron/extensions/stdattrs_common.py
Aug 24 08:59:44.150234 np0000190774 devstack@neutron-api.service[102526]: DEBUG neutron.api.extensions [None req-9230984d-7361-48cf-92f1-5681c9dc6935 None None] Loading extension file: subnet_dns_publish_fixed_ip.py {{(pid=102526) _load_all_extensions_from_path /opt/stack/neutron/neutron/api/extensions.py:449}}
Aug 24 08:59:44.150396 np0000190774 devstack@neutron-api.service[102527]: DEBUG neutron.api.extensions [None req-843b9975-4fe2-4240-a619-bd312edbde6e None None] Extended resource: agents {{(pid=102527) __init__ /opt/stack/neutron/neutron/api/extensions.py:156}}
Aug 24 08:59:44.151064 np0000190774 devstack@neutron-api.service[102526]: DEBUG neutron.api.extensions [None req-9230984d-7361-48cf-92f1-5681c9dc6935 None None] Ext name="Subnet DNS publish fixed IP" alias="subnet-dns-publish-fixed-ip" description="Support choosing to publish DNS records for IPs from a subnet" updated="2019-05-24T10:00:00-00:00" {{(pid=102526) _check_extension /opt/stack/neutron/neutron/api/extensions.py:415}}
Aug 24 08:59:44.151145 np0000190774 devstack@neutron-api.service[102527]: DEBUG neutron.api.extensions [None req-843b9975-4fe2-4240-a619-bd312edbde6e None None] Extended resource: auto-allocated-topology {{(pid=102527) __init__ /opt/stack/neutron/neutron/api/extensions.py:156}}
Aug 24 08:59:44.151613 np0000190774 devstack@neutron-api.service[102526]: INFO neutron.api.extensions [None req-9230984d-7361-48cf-92f1-5681c9dc6935 None None] Loaded extension: subnet-dns-publish-fixed-ip
Aug 24 08:59:44.151613 np0000190774 devstack@neutron-api.service[102526]: DEBUG neutron.api.extensions [None req-9230984d-7361-48cf-92f1-5681c9dc6935 None None] Loading extension file: subnet_external_network.py {{(pid=102526) _load_all_extensions_from_path /opt/stack/neutron/neutron/api/extensions.py:449}}
Aug 24 08:59:44.151613 np0000190774 devstack@neutron-api.service[102526]: DEBUG neutron.api.extensions [None req-9230984d-7361-48cf-92f1-5681c9dc6935 None None] Ext name="Subnet belongs to an external network" alias="subnet-external-network" description="Informs if the subnet belongs to an external network" updated="2024-02-05T18:00:00-00:00" {{(pid=102526) _check_extension /opt/stack/neutron/neutron/api/extensions.py:415}}
Aug 24 08:59:44.151764 np0000190774 devstack@neutron-api.service[102527]: DEBUG neutron.api.extensions [None req-843b9975-4fe2-4240-a619-bd312edbde6e None None] Extended resource: availability_zones {{(pid=102527) __init__ /opt/stack/neutron/neutron/api/extensions.py:156}}
Aug 24 08:59:44.151851 np0000190774 devstack@neutron-api.service[102526]: INFO neutron.api.extensions [None req-9230984d-7361-48cf-92f1-5681c9dc6935 None None] Loaded extension: subnet-external-network
Aug 24 08:59:44.151851 np0000190774 devstack@neutron-api.service[102526]: DEBUG neutron.api.extensions [None req-9230984d-7361-48cf-92f1-5681c9dc6935 None None] Loading extension file: subnet_onboard.py {{(pid=102526) _load_all_extensions_from_path /opt/stack/neutron/neutron/api/extensions.py:449}}
Aug 24 08:59:44.151958 np0000190774 devstack@neutron-api.service[102529]: DEBUG oslo_concurrency.processutils [None req-eb6bb2ad-04cc-4dd9-aa6a-2421d16516da None None] CMD "ovsdb-client transact ssl:199.204.45.61:6641 --timeout 180 -p /opt/stack/data/CA/int-ca/private/devstack-cert.key -c /opt/stack/data/CA/int-ca/devstack-cert.crt -C /opt/stack/data/CA/int-ca/ca-chain.pem ["OVN_Northbound", {"op": "wait", "timeout": 0, "table": "Port_Group", "where": [["name", "==", "neutron_pg_drop"]], "until": "==", "rows": []}, {"op": "insert", "table": "ACL", "row": {"action": "drop", "direction": "to-lport", "match": "outport == @neutron_pg_drop && ip", "priority": 1000}, "uuid-name": "droptoport"}, {"op": "insert", "table": "ACL", "row": {"action": "drop", "direction": "from-lport", "match": "inport == @neutron_pg_drop && ip", "priority": 1000}, "uuid-name": "dropfromport"}, {"op": "insert", "table": "Port_Group", "row": {"name": "neutron_pg_drop", "acls": ["set", [["named-uuid", "droptoport"], ["named-uuid", "dropfromport"]]]}}]" returned: 0 in 0.034s {{(pid=102529) execute /opt/stack/data/venv/lib/python3.12/site-packages/oslo_concurrency/processutils.py:468}}
Aug 24 08:59:44.152096 np0000190774 devstack@neutron-api.service[102527]: DEBUG neutron.api.extensions [None req-843b9975-4fe2-4240-a619-bd312edbde6e None None] Extended resource: dhcp-networks {{(pid=102527) __init__ /opt/stack/neutron/neutron/api/extensions.py:156}}
Aug 24 08:59:44.152167 np0000190774 devstack@neutron-api.service[102526]: DEBUG neutron.api.extensions [None req-9230984d-7361-48cf-92f1-5681c9dc6935 None None] Ext name="Subnet Onboard" alias="subnet_onboard" description="Provides support for onboarding subnets into subnet pools" updated="2018-12-18T09:00:00-00:00" {{(pid=102526) _check_extension /opt/stack/neutron/neutron/api/extensions.py:415}}
Aug 24 08:59:44.152167 np0000190774 devstack@neutron-api.service[102526]: INFO neutron.api.extensions [None req-9230984d-7361-48cf-92f1-5681c9dc6935 None None] Loaded extension: subnet_onboard
Aug 24 08:59:44.152167 np0000190774 devstack@neutron-api.service[102526]: DEBUG neutron.api.extensions [None req-9230984d-7361-48cf-92f1-5681c9dc6935 None None] Loading extension file: subnet_segmentid_writable.py {{(pid=102526) _load_all_extensions_from_path /opt/stack/neutron/neutron/api/extensions.py:449}}
Aug 24 08:59:44.152476 np0000190774 devstack@neutron-api.service[102526]: DEBUG neutron.api.extensions [None req-9230984d-7361-48cf-92f1-5681c9dc6935 None None] Ext name="Subnet SegmentID (writable)" alias="subnet-segmentid-writable" description="Provides a writable segment_id attribute for a subnet resource." updated="2018-03-12T00:00:00-00:00" {{(pid=102526) _check_extension /opt/stack/neutron/neutron/api/extensions.py:415}}
Aug 24 08:59:44.152557 np0000190774 devstack@neutron-api.service[102527]: DEBUG neutron.api.extensions [None req-843b9975-4fe2-4240-a619-bd312edbde6e None None] Extended resource: dhcp-agents {{(pid=102527) __init__ /opt/stack/neutron/neutron/api/extensions.py:156}}
Aug 24 08:59:44.152637 np0000190774 devstack@neutron-api.service[102526]: INFO neutron.api.extensions [None req-9230984d-7361-48cf-92f1-5681c9dc6935 None None] Extension subnet-segmentid-writable not supported by any of loaded plugins
Aug 24 08:59:44.152799 np0000190774 devstack@neutron-api.service[102526]: DEBUG neutron.api.extensions [None req-9230984d-7361-48cf-92f1-5681c9dc6935 None None] Loading extension file: subnet_service_types.py {{(pid=102526) _load_all_extensions_from_path /opt/stack/neutron/neutron/api/extensions.py:449}}
Aug 24 08:59:44.153143 np0000190774 devstack@neutron-api.service[102526]: DEBUG neutron.api.extensions [None req-9230984d-7361-48cf-92f1-5681c9dc6935 None None] Ext name="Subnet service types" alias="subnet-service-types" description="Provides ability to set the subnet service_types field" updated="2016-03-15T18:00:00-00:00" {{(pid=102526) _check_extension /opt/stack/neutron/neutron/api/extensions.py:415}}
Aug 24 08:59:44.153218 np0000190774 devstack@neutron-api.service[102529]: DEBUG neutron_lib.callbacks.manager [None req-eb6bb2ad-04cc-4dd9-aa6a-2421d16516da None None] Publish callbacks ['neutron.plugins.ml2.drivers.ovn.mech_driver.mech_driver.OVNMechanismDriver.post_fork_initialize-1937482', 'neutron.services.pvlan.drivers.ovn.driver._initialize_pvlan_pg_drop-8330448740142', 'neutron.services.ovn_l3.plugin.OVNL3RouterPlugin._post_fork_initialize-122636'] for process (None), after_init {{(pid=102529) _notify_loop /opt/stack/data/venv/lib/python3.12/site-packages/neutron_lib/callbacks/manager.py:184}}
Aug 24 08:59:44.153311 np0000190774 devstack@neutron-api.service[102527]: DEBUG neutron.api.extensions [None req-843b9975-4fe2-4240-a619-bd312edbde6e None None] Extended resource: routers {{(pid=102527) __init__ /opt/stack/neutron/neutron/api/extensions.py:156}}
Aug 24 08:59:44.153381 np0000190774 devstack@neutron-api.service[102526]: INFO neutron.api.extensions [None req-9230984d-7361-48cf-92f1-5681c9dc6935 None None] Loaded extension: subnet-service-types
Aug 24 08:59:44.153540 np0000190774 devstack@neutron-api.service[102526]: DEBUG neutron.api.extensions [None req-9230984d-7361-48cf-92f1-5681c9dc6935 None None] Loading extension file: subnetallocation.py {{(pid=102526) _load_all_extensions_from_path /opt/stack/neutron/neutron/api/extensions.py:449}}
Aug 24 08:59:44.153655 np0000190774 devstack@neutron-api.service[102529]: DEBUG oslo_concurrency.lockutils [None req-eb6bb2ad-04cc-4dd9-aa6a-2421d16516da None None] Acquiring lock "singleton_lock" {{(pid=102529) lock /opt/stack/data/venv/lib/python3.12/site-packages/oslo_concurrency/lockutils.py:396}}
Aug 24 08:59:44.154480 np0000190774 devstack@neutron-api.service[102529]: DEBUG oslo_concurrency.lockutils [None req-eb6bb2ad-04cc-4dd9-aa6a-2421d16516da None None] Acquired lock "singleton_lock" {{(pid=102529) lock /opt/stack/data/venv/lib/python3.12/site-packages/oslo_concurrency/lockutils.py:399}}
Aug 24 08:59:44.154590 np0000190774 devstack@neutron-api.service[102526]: DEBUG neutron.api.extensions [None req-9230984d-7361-48cf-92f1-5681c9dc6935 None None] Ext name="Subnet Allocation" alias="subnet_allocation" description="Enables allocation of subnets from a subnet pool" updated="2015-03-30T10:00:00-00:00" {{(pid=102526) _check_extension /opt/stack/neutron/neutron/api/extensions.py:415}}
Aug 24 08:59:44.154680 np0000190774 devstack@neutron-api.service[102529]: DEBUG oslo_concurrency.lockutils [None req-eb6bb2ad-04cc-4dd9-aa6a-2421d16516da None None] Releasing lock "singleton_lock" {{(pid=102529) lock /opt/stack/data/venv/lib/python3.12/site-packages/oslo_concurrency/lockutils.py:419}}
Aug 24 08:59:44.155871 np0000190774 devstack@neutron-api.service[102526]: INFO neutron.api.extensions [None req-9230984d-7361-48cf-92f1-5681c9dc6935 None None] Loaded extension: subnet_allocation
Aug 24 08:59:44.155976 np0000190774 devstack@neutron-api.service[102527]: DEBUG neutron.api.extensions [None req-843b9975-4fe2-4240-a619-bd312edbde6e None None] Extended resource: flavors {{(pid=102527) __init__ /opt/stack/neutron/neutron/api/extensions.py:156}}
Aug 24 08:59:44.156050 np0000190774 devstack@neutron-api.service[102526]: DEBUG neutron.api.extensions [None req-9230984d-7361-48cf-92f1-5681c9dc6935 None None] Loading extension file: subnetpool_prefix_ops.py {{(pid=102526) _load_all_extensions_from_path /opt/stack/neutron/neutron/api/extensions.py:449}}
Aug 24 08:59:44.156050 np0000190774 devstack@neutron-api.service[102526]: DEBUG neutron.api.extensions [None req-9230984d-7361-48cf-92f1-5681c9dc6935 None None] Ext name="Subnet Pool Prefix Operations" alias="subnetpool-prefix-ops" description="Provides support for adjusting the prefix list of subnet pools" updated="2019-02-08T10:00:00-00:00" {{(pid=102526) _check_extension /opt/stack/neutron/neutron/api/extensions.py:415}}
Aug 24 08:59:44.156146 np0000190774 devstack@neutron-api.service[102527]: DEBUG neutron.api.extensions [None req-843b9975-4fe2-4240-a619-bd312edbde6e None None] Extended resource: service_profiles {{(pid=102527) __init__ /opt/stack/neutron/neutron/api/extensions.py:156}}
Aug 24 08:59:44.156324 np0000190774 devstack@neutron-api.service[102526]: INFO neutron.api.extensions [None req-9230984d-7361-48cf-92f1-5681c9dc6935 None None] Loaded extension: subnetpool-prefix-ops
Aug 24 08:59:44.156324 np0000190774 devstack@neutron-api.service[102526]: DEBUG neutron.api.extensions [None req-9230984d-7361-48cf-92f1-5681c9dc6935 None None] Loading extension file: tag_creation.py {{(pid=102526) _load_all_extensions_from_path /opt/stack/neutron/neutron/api/extensions.py:449}}
Aug 24 08:59:44.156324 np0000190774 devstack@neutron-api.service[102526]: DEBUG neutron.api.extensions [None req-9230984d-7361-48cf-92f1-5681c9dc6935 None None] Ext name="Tag creation extension" alias="tag-creation" description="Allow to create multiple tags for a resource" updated="2024-23-07T10:00:00-00:00" {{(pid=102526) _check_extension /opt/stack/neutron/neutron/api/extensions.py:415}}
Aug 24 08:59:44.156450 np0000190774 devstack@neutron-api.service[102527]: DEBUG neutron.api.extensions [None req-843b9975-4fe2-4240-a619-bd312edbde6e None None] Extended resource: next_providers {{(pid=102527) __init__ /opt/stack/neutron/neutron/api/extensions.py:156}}
Aug 24 08:59:44.156521 np0000190774 devstack@neutron-api.service[102526]: INFO neutron.api.extensions [None req-9230984d-7361-48cf-92f1-5681c9dc6935 None None] Loaded extension: tag-creation
Aug 24 08:59:44.156521 np0000190774 devstack@neutron-api.service[102526]: DEBUG neutron.api.extensions [None req-9230984d-7361-48cf-92f1-5681c9dc6935 None None] Loading extension file: tag_ports_during_bulk_creation.py {{(pid=102526) _load_all_extensions_from_path /opt/stack/neutron/neutron/api/extensions.py:449}}
Aug 24 08:59:44.156521 np0000190774 devstack@neutron-api.service[102526]: DEBUG neutron.api.extensions [None req-9230984d-7361-48cf-92f1-5681c9dc6935 None None] Ext name="Tag Ports During Bulk Creation" alias="tag-ports-during-bulk-creation" description="Allow to tag ports during bulk creation" updated="2019-12-29T19:00:00-00:00" {{(pid=102526) _check_extension /opt/stack/neutron/neutron/api/extensions.py:415}}
Aug 24 08:59:44.156521 np0000190774 devstack@neutron-api.service[102526]: INFO neutron.api.extensions [None req-9230984d-7361-48cf-92f1-5681c9dc6935 None None] Extension tag-ports-during-bulk-creation not supported by any of loaded plugins
Aug 24 08:59:44.156721 np0000190774 devstack@neutron-api.service[102527]: DEBUG neutron.api.extensions [None req-843b9975-4fe2-4240-a619-bd312edbde6e None None] Extended resource: service_profiles {{(pid=102527) __init__ /opt/stack/neutron/neutron/api/extensions.py:156}}
Aug 24 08:59:44.156808 np0000190774 devstack@neutron-api.service[102526]: DEBUG neutron.api.extensions [None req-9230984d-7361-48cf-92f1-5681c9dc6935 None None] Loading extension file: tagging.py {{(pid=102526) _load_all_extensions_from_path /opt/stack/neutron/neutron/api/extensions.py:449}}
Aug 24 08:59:44.156883 np0000190774 devstack@neutron-api.service[102529]: DEBUG neutron.plugins.ml2.drivers.ovn.mech_driver.mech_driver [None req-eb6bb2ad-04cc-4dd9-aa6a-2421d16516da None None] Hash Ring setup using WSGI start time 2026-08-24 08:59:43+00:00 {{(pid=102529) _init_hash_ring /opt/stack/neutron/neutron/plugins/ml2/drivers/ovn/mech_driver/mech_driver.py:382}}
Aug 24 08:59:44.156969 np0000190774 devstack@neutron-api.service[102527]: DEBUG neutron.api.extensions [None req-843b9975-4fe2-4240-a619-bd312edbde6e None None] Extended resource: floatingip-pools {{(pid=102527) __init__ /opt/stack/neutron/neutron/api/extensions.py:156}}
Aug 24 08:59:44.157309 np0000190774 devstack@neutron-api.service[102526]: DEBUG neutron.api.extensions [None req-9230984d-7361-48cf-92f1-5681c9dc6935 None None] Ext name="Tag support for resources with standard attribute: port, subnet, subnetpool, network, security_group, router, floatingip, policy, trunk, network_segment_range" alias="standard-attr-tag" description="Enables to set tag on resources with standard attribute." updated="2017-01-01T00:00:00-00:00" {{(pid=102526) _check_extension /opt/stack/neutron/neutron/api/extensions.py:415}}
Aug 24 08:59:44.157490 np0000190774 devstack@neutron-api.service[102526]: INFO neutron.api.extensions [None req-9230984d-7361-48cf-92f1-5681c9dc6935 None None] Loaded extension: standard-attr-tag
Aug 24 08:59:44.157552 np0000190774 devstack@neutron-api.service[102527]: DEBUG neutron.api.extensions [None req-843b9975-4fe2-4240-a619-bd312edbde6e None None] Extended resource: routers {{(pid=102527) __init__ /opt/stack/neutron/neutron/api/extensions.py:156}}
Aug 24 08:59:44.157612 np0000190774 devstack@neutron-api.service[102526]: DEBUG neutron.api.extensions [None req-9230984d-7361-48cf-92f1-5681c9dc6935 None None] Loading extension file: timestamp.py {{(pid=102526) _load_all_extensions_from_path /opt/stack/neutron/neutron/api/extensions.py:449}}
Aug 24 08:59:44.157902 np0000190774 devstack@neutron-api.service[102526]: DEBUG neutron.api.extensions [None req-9230984d-7361-48cf-92f1-5681c9dc6935 None None] Ext name="Resource timestamps" alias="standard-attr-timestamp" description="Adds created_at and updated_at fields to all Neutron resources that have Neutron standard attributes." updated="2016-09-12T10:00:00-00:00" {{(pid=102526) _check_extension /opt/stack/neutron/neutron/api/extensions.py:415}}
Aug 24 08:59:44.158016 np0000190774 devstack@neutron-api.service[102526]: INFO neutron.api.extensions [None req-9230984d-7361-48cf-92f1-5681c9dc6935 None None] Loaded extension: standard-attr-timestamp
Aug 24 08:59:44.158145 np0000190774 devstack@neutron-api.service[102526]: DEBUG neutron.api.extensions [None req-9230984d-7361-48cf-92f1-5681c9dc6935 None None] Loading extension file: trunk.py {{(pid=102526) _load_all_extensions_from_path /opt/stack/neutron/neutron/api/extensions.py:449}}
Aug 24 08:59:44.158406 np0000190774 devstack@neutron-api.service[102526]: DEBUG neutron.api.extensions [None req-9230984d-7361-48cf-92f1-5681c9dc6935 None None] Ext name="Trunk Extension" alias="trunk" description="Provides support for trunk ports" updated="2016-01-01T10:00:00-00:00" {{(pid=102526) _check_extension /opt/stack/neutron/neutron/api/extensions.py:415}}
Aug 24 08:59:44.158517 np0000190774 devstack@neutron-api.service[102527]: DEBUG neutron.api.extensions [None req-843b9975-4fe2-4240-a619-bd312edbde6e None None] Extended resource: floatingips {{(pid=102527) __init__ /opt/stack/neutron/neutron/api/extensions.py:156}}
Aug 24 08:59:44.158607 np0000190774 devstack@neutron-api.service[102526]: INFO neutron.api.extensions [None req-9230984d-7361-48cf-92f1-5681c9dc6935 None None] Extension trunk not supported by any of loaded plugins
Aug 24 08:59:44.160536 np0000190774 devstack@neutron-api.service[102526]: DEBUG neutron.api.extensions [None req-9230984d-7361-48cf-92f1-5681c9dc6935 None None] Loading extension file: trunk_details.py {{(pid=102526) _load_all_extensions_from_path /opt/stack/neutron/neutron/api/extensions.py:449}}
Aug 24 08:59:44.160536 np0000190774 devstack@neutron-api.service[102526]: DEBUG neutron.api.extensions [None req-9230984d-7361-48cf-92f1-5681c9dc6935 None None] Ext name="Trunk port details" alias="trunk-details" description="Expose trunk port details" updated="2016-01-01T10:00:00-00:00" {{(pid=102526) _check_extension /opt/stack/neutron/neutron/api/extensions.py:415}}
Aug 24 08:59:44.162186 np0000190774 devstack@neutron-api.service[102527]: DEBUG neutron.api.extensions [None req-843b9975-4fe2-4240-a619-bd312edbde6e None None] Extended resource: l3-routers {{(pid=102527) __init__ /opt/stack/neutron/neutron/api/extensions.py:156}}
Aug 24 08:59:44.162291 np0000190774 devstack@neutron-api.service[102526]: INFO neutron.api.extensions [None req-9230984d-7361-48cf-92f1-5681c9dc6935 None None] Extension trunk-details not supported by any of loaded plugins
Aug 24 08:59:44.162291 np0000190774 devstack@neutron-api.service[102526]: DEBUG neutron.api.extensions [None req-9230984d-7361-48cf-92f1-5681c9dc6935 None None] Loading extension file: uplink_status_propagation.py {{(pid=102526) _load_all_extensions_from_path /opt/stack/neutron/neutron/api/extensions.py:449}}
Aug 24 08:59:44.162291 np0000190774 devstack@neutron-api.service[102526]: DEBUG neutron.api.extensions [None req-9230984d-7361-48cf-92f1-5681c9dc6935 None None] Ext name="Uplink status propagation extension" alias="uplink-status-propagation" description="Provides ability to propagate port uplink status." updated="2018-05-31T18:00:00-00:00" {{(pid=102526) _check_extension /opt/stack/neutron/neutron/api/extensions.py:415}}
Aug 24 08:59:44.162291 np0000190774 devstack@neutron-api.service[102526]: INFO neutron.api.extensions [None req-9230984d-7361-48cf-92f1-5681c9dc6935 None None] Extension uplink-status-propagation not supported by any of loaded plugins
Aug 24 08:59:44.162291 np0000190774 devstack@neutron-api.service[102526]: DEBUG neutron.api.extensions [None req-9230984d-7361-48cf-92f1-5681c9dc6935 None None] Loading extension file: uplink_status_propagation_updatable.py {{(pid=102526) _load_all_extensions_from_path /opt/stack/neutron/neutron/api/extensions.py:449}}
Aug 24 08:59:44.162291 np0000190774 devstack@neutron-api.service[102526]: DEBUG neutron.api.extensions [None req-9230984d-7361-48cf-92f1-5681c9dc6935 None None] Ext name="Uplink status propagation updatable extension" alias="uplink-status-propagation-updatable" description="Provides ability to update the port uplink status." updated="2024-09-03T18:00:00-00:00" {{(pid=102526) _check_extension /opt/stack/neutron/neutron/api/extensions.py:415}}
Aug 24 08:59:44.162570 np0000190774 devstack@neutron-api.service[102527]: DEBUG neutron.api.extensions [None req-843b9975-4fe2-4240-a619-bd312edbde6e None None] Extended resource: l3-agents {{(pid=102527) __init__ /opt/stack/neutron/neutron/api/extensions.py:156}}
Aug 24 08:59:44.162652 np0000190774 devstack@neutron-api.service[102526]: INFO neutron.api.extensions [None req-9230984d-7361-48cf-92f1-5681c9dc6935 None None] Extension uplink-status-propagation-updatable not supported by any of loaded plugins
Aug 24 08:59:44.162652 np0000190774 devstack@neutron-api.service[102526]: DEBUG neutron.api.extensions [None req-9230984d-7361-48cf-92f1-5681c9dc6935 None None] Loading extension file: vlantransparent.py {{(pid=102526) _load_all_extensions_from_path /opt/stack/neutron/neutron/api/extensions.py:449}}
Aug 24 08:59:44.162652 np0000190774 devstack@neutron-api.service[102526]: DEBUG neutron.api.extensions [None req-9230984d-7361-48cf-92f1-5681c9dc6935 None None] Ext name="Vlantransparent" alias="vlan-transparent" description="Provides Vlan Transparent Networks" updated="2015-03-23T09:00:00-00:00" {{(pid=102526) _check_extension /opt/stack/neutron/neutron/api/extensions.py:415}}
Aug 24 08:59:44.162919 np0000190774 devstack@neutron-api.service[102527]: DEBUG neutron.api.extensions [None req-843b9975-4fe2-4240-a619-bd312edbde6e None None] Extended resource: network-ip-availabilities {{(pid=102527) __init__ /opt/stack/neutron/neutron/api/extensions.py:156}}
Aug 24 08:59:44.163046 np0000190774 devstack@neutron-api.service[102526]: INFO neutron.api.extensions [None req-9230984d-7361-48cf-92f1-5681c9dc6935 None None] Loaded extension: vlan-transparent
Aug 24 08:59:44.163107 np0000190774 devstack@neutron-api.service[102527]: DEBUG neutron.api.extensions [None req-843b9975-4fe2-4240-a619-bd312edbde6e None None] Extended resource: network-ip-availabilities {{(pid=102527) __init__ /opt/stack/neutron/neutron/api/extensions.py:156}}
Aug 24 08:59:44.163107 np0000190774 devstack@neutron-api.service[102527]: DEBUG neutron.api.extensions [None req-843b9975-4fe2-4240-a619-bd312edbde6e None None] Extended resource: bindings {{(pid=102527) __init__ /opt/stack/neutron/neutron/api/extensions.py:156}}
Aug 24 08:59:44.163314 np0000190774 devstack@neutron-api.service[102527]: DEBUG neutron.api.extensions [None req-843b9975-4fe2-4240-a619-bd312edbde6e None None] Extended resource: quotas {{(pid=102527) __init__ /opt/stack/neutron/neutron/api/extensions.py:156}}
Aug 24 08:59:44.163837 np0000190774 devstack@neutron-api.service[102529]: INFO neutron.db.ovn_hash_ring_db [None req-eb6bb2ad-04cc-4dd9-aa6a-2421d16516da None None] Nodes from host "np0000190774" and group "mechanism_driver" removed from the Hash Ring created at 2026-08-24 08:59:43+00:00
Aug 24 08:59:44.163953 np0000190774 devstack@neutron-api.service[102526]: INFO neutron.quota.resource_registry [None req-9230984d-7361-48cf-92f1-5681c9dc6935 None None] Creating instance of TrackedResource for resource:network
Aug 24 08:59:44.164035 np0000190774 devstack@neutron-api.service[102526]: INFO neutron.quota.resource_registry [None req-9230984d-7361-48cf-92f1-5681c9dc6935 None None] Creating instance of TrackedResource for resource:subnet
Aug 24 08:59:44.164104 np0000190774 devstack@neutron-api.service[102527]: DEBUG neutron.api.extensions [None req-843b9975-4fe2-4240-a619-bd312edbde6e None None] Extended resource: quotas {{(pid=102527) __init__ /opt/stack/neutron/neutron/api/extensions.py:156}}
Aug 24 08:59:44.164171 np0000190774 devstack@neutron-api.service[102526]: INFO neutron.quota.resource_registry [None req-9230984d-7361-48cf-92f1-5681c9dc6935 None None] Creating instance of TrackedResource for resource:subnetpool
Aug 24 08:59:44.164246 np0000190774 devstack@neutron-api.service[102526]: INFO neutron.quota.resource_registry [None req-9230984d-7361-48cf-92f1-5681c9dc6935 None None] Creating instance of TrackedResource for resource:port
Aug 24 08:59:44.165033 np0000190774 devstack@neutron-api.service[102527]: DEBUG neutron.api.extensions [None req-843b9975-4fe2-4240-a619-bd312edbde6e None None] Extended resource: rbac-policies {{(pid=102527) __init__ /opt/stack/neutron/neutron/api/extensions.py:156}}
Aug 24 08:59:44.165033 np0000190774 devstack@neutron-api.service[102527]: DEBUG neutron.api.extensions [None req-843b9975-4fe2-4240-a619-bd312edbde6e None None] Extended resource: default-security-group-rules {{(pid=102527) __init__ /opt/stack/neutron/neutron/api/extensions.py:156}}
Aug 24 08:59:44.166618 np0000190774 devstack@neutron-api.service[102526]: INFO neutron.quota.resource_registry [None req-9230984d-7361-48cf-92f1-5681c9dc6935 None None] Creating instance of CountableResource for resource:router_route
Aug 24 08:59:44.166618 np0000190774 devstack@neutron-api.service[102526]: DEBUG neutron.api.v2.resource_helper [None req-9230984d-7361-48cf-92f1-5681c9dc6935 None None] Service L3_ROUTER_NAT assigned prefix: {{(pid=102526) build_resource_info /opt/stack/neutron/neutron/api/v2/resource_helper.py:77}}
Aug 24 08:59:44.166749 np0000190774 devstack@neutron-api.service[102527]: DEBUG neutron.api.extensions [None req-843b9975-4fe2-4240-a619-bd312edbde6e None None] Extended resource: security-groups-default-statefulness {{(pid=102527) __init__ /opt/stack/neutron/neutron/api/extensions.py:156}}
Aug 24 08:59:44.166821 np0000190774 devstack@neutron-api.service[102526]: DEBUG neutron.api.v2.resource_helper [None req-9230984d-7361-48cf-92f1-5681c9dc6935 None None] Service FLAVORS assigned prefix: {{(pid=102526) build_resource_info /opt/stack/neutron/neutron/api/v2/resource_helper.py:77}}
Aug 24 08:59:44.166889 np0000190774 devstack@neutron-api.service[102527]: DEBUG neutron.api.extensions [None req-843b9975-4fe2-4240-a619-bd312edbde6e None None] Extended resource: security-groups {{(pid=102527) __init__ /opt/stack/neutron/neutron/api/extensions.py:156}}
Aug 24 08:59:44.167211 np0000190774 devstack@neutron-api.service[102527]: DEBUG neutron.api.extensions [None req-843b9975-4fe2-4240-a619-bd312edbde6e None None] Extended resource: security-group-rules {{(pid=102527) __init__ /opt/stack/neutron/neutron/api/extensions.py:156}}
Aug 24 08:59:44.167729 np0000190774 devstack@neutron-api.service[102526]: DEBUG neutron.api.v2.resource_helper [None req-9230984d-7361-48cf-92f1-5681c9dc6935 None None] Service L3_ROUTER_NAT assigned prefix: {{(pid=102526) build_resource_info /opt/stack/neutron/neutron/api/v2/resource_helper.py:77}}
Aug 24 08:59:44.167828 np0000190774 devstack@neutron-api.service[102527]: DEBUG neutron.api.extensions [None req-843b9975-4fe2-4240-a619-bd312edbde6e None None] Extended resource: service-providers {{(pid=102527) __init__ /opt/stack/neutron/neutron/api/extensions.py:156}}
Aug 24 08:59:44.167974 np0000190774 devstack@neutron-api.service[102526]: DEBUG neutron.api.v2.resource_helper [None req-9230984d-7361-48cf-92f1-5681c9dc6935 None None] Service L3_ROUTER_NAT assigned prefix: {{(pid=102526) build_resource_info /opt/stack/neutron/neutron/api/v2/resource_helper.py:77}}
Aug 24 08:59:44.168095 np0000190774 devstack@neutron-api.service[102526]: INFO neutron.quota.resource_registry [None req-9230984d-7361-48cf-92f1-5681c9dc6935 None None] Creating instance of TrackedResource for resource:router
Aug 24 08:59:44.168196 np0000190774 devstack@neutron-api.service[102529]: INFO neutron.db.ovn_hash_ring_db [None req-eb6bb2ad-04cc-4dd9-aa6a-2421d16516da None None] Node 05d09512fbaa5471a0c74c5a8352031c from host "np0000190774" and group "mechanism_driver" added to the Hash Ring
Aug 24 08:59:44.168274 np0000190774 devstack@neutron-api.service[102527]: DEBUG neutron.api.extensions [None req-843b9975-4fe2-4240-a619-bd312edbde6e None None] Extended resource: subnetpools {{(pid=102527) __init__ /opt/stack/neutron/neutron/api/extensions.py:156}}
Aug 24 08:59:44.168530 np0000190774 devstack@neutron-api.service[102526]: INFO neutron.quota.resource_registry [None req-9230984d-7361-48cf-92f1-5681c9dc6935 None None] Creating instance of TrackedResource for resource:floatingip
Aug 24 08:59:44.169006 np0000190774 devstack@neutron-api.service[102527]: DEBUG neutron.api.extensions [None req-843b9975-4fe2-4240-a619-bd312edbde6e None None] Extended resource: subnetpools {{(pid=102527) __init__ /opt/stack/neutron/neutron/api/extensions.py:156}}
Aug 24 08:59:44.169577 np0000190774 devstack@neutron-api.service[102527]: DEBUG neutron.api.extensions [None req-843b9975-4fe2-4240-a619-bd312edbde6e None None] Extended resource: tags {{(pid=102527) __init__ /opt/stack/neutron/neutron/api/extensions.py:156}}
Aug 24 08:59:44.169728 np0000190774 devstack@neutron-api.service[102526]: INFO neutron.quota.resource_registry [None req-9230984d-7361-48cf-92f1-5681c9dc6935 None None] Creating instance of CountableResource for resource:rbac_policy
Aug 24 08:59:44.170647 np0000190774 devstack@neutron-api.service[102526]: INFO neutron.quota.resource_registry [None req-9230984d-7361-48cf-92f1-5681c9dc6935 None None] Creating instance of TrackedResource for resource:security_group
Aug 24 08:59:44.175636 np0000190774 devstack@neutron-api.service[102527]: DEBUG neutron.api.extensions [None req-843b9975-4fe2-4240-a619-bd312edbde6e None None] Extended resource: tags {{(pid=102527) __init__ /opt/stack/neutron/neutron/api/extensions.py:156}}
Aug 24 08:59:44.175884 np0000190774 devstack@neutron-api.service[102526]: INFO neutron.quota.resource_registry [None req-9230984d-7361-48cf-92f1-5681c9dc6935 None None] Creating instance of TrackedResource for resource:security_group_rule
Aug 24 08:59:44.176056 np0000190774 devstack@neutron-api.service[102529]: DEBUG neutron.plugins.ml2.drivers.ovn.mech_driver.mech_driver [None req-eb6bb2ad-04cc-4dd9-aa6a-2421d16516da None None] Hash Ring setup, this worker has detected 2 OVN hash ring registers in the database {{(pid=102529) _init_hash_ring /opt/stack/neutron/neutron/plugins/ml2/drivers/ovn/mech_driver/mech_driver.py:392}}
Aug 24 08:59:44.176221 np0000190774 devstack@neutron-api.service[102527]: DEBUG neutron.api.extensions [None req-843b9975-4fe2-4240-a619-bd312edbde6e None None] Extended resource: tags {{(pid=102527) __init__ /opt/stack/neutron/neutron/api/extensions.py:156}}
Aug 24 08:59:44.176414 np0000190774 devstack@neutron-api.service[102526]: DEBUG neutron.api.v2.resource_helper [None req-9230984d-7361-48cf-92f1-5681c9dc6935 None None] Service CORE assigned prefix: {{(pid=102526) build_resource_info /opt/stack/neutron/neutron/api/v2/resource_helper.py:77}}
Aug 24 08:59:44.176414 np0000190774 devstack@neutron-api.service[102526]: INFO neutron.quota.resource_registry [None req-9230984d-7361-48cf-92f1-5681c9dc6935 None None] Creating instance of TrackedResource for resource:subnetpool
Aug 24 08:59:44.176414 np0000190774 devstack@neutron-api.service[102526]: WARNING neutron.quota.resource_registry [None req-9230984d-7361-48cf-92f1-5681c9dc6935 None None] subnetpool is already registered
Aug 24 08:59:44.176670 np0000190774 devstack@neutron-api.service[102527]: DEBUG neutron.api.extensions [None req-843b9975-4fe2-4240-a619-bd312edbde6e None None] Extended resource: tags {{(pid=102527) __init__ /opt/stack/neutron/neutron/api/extensions.py:156}}
Aug 24 08:59:44.176858 np0000190774 devstack@neutron-api.service[102526]: DEBUG neutron.api.v2.resource_helper [None req-9230984d-7361-48cf-92f1-5681c9dc6935 None None] Service CORE assigned prefix: {{(pid=102526) build_resource_info /opt/stack/neutron/neutron/api/v2/resource_helper.py:77}}
Aug 24 08:59:44.176858 np0000190774 devstack@neutron-api.service[102526]: INFO neutron.quota.resource_registry [None req-9230984d-7361-48cf-92f1-5681c9dc6935 None None] Creating instance of TrackedResource for resource:subnetpool
Aug 24 08:59:44.176858 np0000190774 devstack@neutron-api.service[102526]: WARNING neutron.quota.resource_registry [None req-9230984d-7361-48cf-92f1-5681c9dc6935 None None] subnetpool is already registered
Aug 24 08:59:44.177190 np0000190774 devstack@neutron-api.service[102527]: DEBUG neutron.api.extensions [None req-843b9975-4fe2-4240-a619-bd312edbde6e None None] Extended resource: tags {{(pid=102527) __init__ /opt/stack/neutron/neutron/api/extensions.py:156}}
Aug 24 08:59:44.177190 np0000190774 devstack@neutron-api.service[102527]: DEBUG neutron.api.extensions [None req-843b9975-4fe2-4240-a619-bd312edbde6e None None] Extended resource: tags {{(pid=102527) __init__ /opt/stack/neutron/neutron/api/extensions.py:156}}
Aug 24 08:59:44.177190 np0000190774 devstack@neutron-api.service[102527]: DEBUG neutron.api.extensions [None req-843b9975-4fe2-4240-a619-bd312edbde6e None None] Extended resource: tags {{(pid=102527) __init__ /opt/stack/neutron/neutron/api/extensions.py:156}}
Aug 24 08:59:44.177441 np0000190774 devstack@neutron-api.service[102526]: INFO neutron.quota.resource_registry [None req-9230984d-7361-48cf-92f1-5681c9dc6935 None None] Creating instance of CountableResource for resource:router_route
Aug 24 08:59:44.177441 np0000190774 devstack@neutron-api.service[102526]: WARNING neutron.quota.resource_registry [None req-9230984d-7361-48cf-92f1-5681c9dc6935 None None] router_route is already registered
Aug 24 08:59:44.177441 np0000190774 devstack@neutron-api.service[102526]: DEBUG neutron.api.v2.resource_helper [None req-9230984d-7361-48cf-92f1-5681c9dc6935 None None] Service L3_ROUTER_NAT assigned prefix: {{(pid=102526) build_resource_info /opt/stack/neutron/neutron/api/v2/resource_helper.py:77}}
Aug 24 08:59:44.177690 np0000190774 devstack@neutron-api.service[102527]: DEBUG neutron.api.extensions [None req-843b9975-4fe2-4240-a619-bd312edbde6e None None] Extended resource: tags {{(pid=102527) __init__ /opt/stack/neutron/neutron/api/extensions.py:156}}
Aug 24 08:59:44.177857 np0000190774 devstack@neutron-api.service[102526]: DEBUG neutron.api.v2.resource_helper [None req-9230984d-7361-48cf-92f1-5681c9dc6935 None None] Service FLAVORS assigned prefix: {{(pid=102526) build_resource_info /opt/stack/neutron/neutron/api/v2/resource_helper.py:77}}
Aug 24 08:59:44.178036 np0000190774 devstack@neutron-api.service[102527]: DEBUG neutron.api.extensions [None req-843b9975-4fe2-4240-a619-bd312edbde6e None None] Extended resource: tags {{(pid=102527) __init__ /opt/stack/neutron/neutron/api/extensions.py:156}}
Aug 24 08:59:44.178188 np0000190774 devstack@neutron-api.service[102526]: DEBUG neutron.api.v2.resource_helper [None req-9230984d-7361-48cf-92f1-5681c9dc6935 None None] Service L3_ROUTER_NAT assigned prefix: {{(pid=102526) build_resource_info /opt/stack/neutron/neutron/api/v2/resource_helper.py:77}}
Aug 24 08:59:44.178188 np0000190774 devstack@neutron-api.service[102526]: DEBUG neutron.api.v2.resource_helper [None req-9230984d-7361-48cf-92f1-5681c9dc6935 None None] Service L3_ROUTER_NAT assigned prefix: {{(pid=102526) build_resource_info /opt/stack/neutron/neutron/api/v2/resource_helper.py:77}}
Aug 24 08:59:44.178188 np0000190774 devstack@neutron-api.service[102526]: INFO neutron.quota.resource_registry [None req-9230984d-7361-48cf-92f1-5681c9dc6935 None None] Creating instance of TrackedResource for resource:router
Aug 24 08:59:44.178894 np0000190774 devstack@neutron-api.service[102527]: DEBUG neutron.api.extensions [None req-843b9975-4fe2-4240-a619-bd312edbde6e None None] Extended resource: tags {{(pid=102527) __init__ /opt/stack/neutron/neutron/api/extensions.py:156}}
Aug 24 08:59:44.178974 np0000190774 devstack@neutron-api.service[102526]: WARNING neutron.quota.resource_registry [None req-9230984d-7361-48cf-92f1-5681c9dc6935 None None] router is already registered
Aug 24 08:59:44.178974 np0000190774 devstack@neutron-api.service[102526]: INFO neutron.quota.resource_registry [None req-9230984d-7361-48cf-92f1-5681c9dc6935 None None] Creating instance of TrackedResource for resource:floatingip
Aug 24 08:59:44.178974 np0000190774 devstack@neutron-api.service[102526]: WARNING neutron.quota.resource_registry [None req-9230984d-7361-48cf-92f1-5681c9dc6935 None None] floatingip is already registered
Aug 24 08:59:44.179207 np0000190774 devstack@neutron-api.service[102526]: INFO neutron.quota.resource_registry [None req-9230984d-7361-48cf-92f1-5681c9dc6935 None None] Creating instance of CountableResource for resource:rbac_policy
Aug 24 08:59:44.179339 np0000190774 devstack@neutron-api.service[102526]: WARNING neutron.quota.resource_registry [None req-9230984d-7361-48cf-92f1-5681c9dc6935 None None] rbac_policy is already registered
Aug 24 08:59:44.180094 np0000190774 devstack@neutron-api.service[102526]: INFO neutron.quota.resource_registry [None req-9230984d-7361-48cf-92f1-5681c9dc6935 None None] Creating instance of TrackedResource for resource:security_group
Aug 24 08:59:44.180253 np0000190774 devstack@neutron-api.service[102526]: WARNING neutron.quota.resource_registry [None req-9230984d-7361-48cf-92f1-5681c9dc6935 None None] security_group is already registered
Aug 24 08:59:44.180730 np0000190774 devstack@neutron-api.service[102526]: INFO neutron.quota.resource_registry [None req-9230984d-7361-48cf-92f1-5681c9dc6935 None None] Creating instance of TrackedResource for resource:security_group_rule
Aug 24 08:59:44.182567 np0000190774 devstack@neutron-api.service[102526]: WARNING neutron.quota.resource_registry [None req-9230984d-7361-48cf-92f1-5681c9dc6935 None None] security_group_rule is already registered
Aug 24 08:59:44.182567 np0000190774 devstack@neutron-api.service[102526]: DEBUG neutron.api.v2.resource_helper [None req-9230984d-7361-48cf-92f1-5681c9dc6935 None None] Service CORE assigned prefix: {{(pid=102526) build_resource_info /opt/stack/neutron/neutron/api/v2/resource_helper.py:77}}
Aug 24 08:59:44.182567 np0000190774 devstack@neutron-api.service[102526]: INFO neutron.quota.resource_registry [None req-9230984d-7361-48cf-92f1-5681c9dc6935 None None] Creating instance of TrackedResource for resource:subnetpool
Aug 24 08:59:44.182567 np0000190774 devstack@neutron-api.service[102526]: WARNING neutron.quota.resource_registry [None req-9230984d-7361-48cf-92f1-5681c9dc6935 None None] subnetpool is already registered
Aug 24 08:59:44.182567 np0000190774 devstack@neutron-api.service[102526]: DEBUG neutron.api.v2.resource_helper [None req-9230984d-7361-48cf-92f1-5681c9dc6935 None None] Service CORE assigned prefix: {{(pid=102526) build_resource_info /opt/stack/neutron/neutron/api/v2/resource_helper.py:77}}
Aug 24 08:59:44.182567 np0000190774 devstack@neutron-api.service[102526]: INFO neutron.quota.resource_registry [None req-9230984d-7361-48cf-92f1-5681c9dc6935 None None] Creating instance of TrackedResource for resource:subnetpool
Aug 24 08:59:44.182567 np0000190774 devstack@neutron-api.service[102526]: WARNING neutron.quota.resource_registry [None req-9230984d-7361-48cf-92f1-5681c9dc6935 None None] subnetpool is already registered
Aug 24 08:59:44.182877 np0000190774 devstack@neutron-api.service[102526]: DEBUG neutron.api.extensions [None req-9230984d-7361-48cf-92f1-5681c9dc6935 None None] Extended resource: extensions {{(pid=102526) __init__ /opt/stack/neutron/neutron/api/extensions.py:156}}
Aug 24 08:59:44.183896 np0000190774 devstack@neutron-api.service[102526]: DEBUG neutron.api.extensions [None req-9230984d-7361-48cf-92f1-5681c9dc6935 None None] Extended resource: address-groups {{(pid=102526) __init__ /opt/stack/neutron/neutron/api/extensions.py:156}}
Aug 24 08:59:44.184599 np0000190774 devstack@neutron-api.service[102526]: DEBUG neutron.api.extensions [None req-9230984d-7361-48cf-92f1-5681c9dc6935 None None] Extended resource: address-scopes {{(pid=102526) __init__ /opt/stack/neutron/neutron/api/extensions.py:156}}
Aug 24 08:59:44.185170 np0000190774 devstack@neutron-api.service[102526]: DEBUG neutron.api.extensions [None req-9230984d-7361-48cf-92f1-5681c9dc6935 None None] Extended resource: agents {{(pid=102526) __init__ /opt/stack/neutron/neutron/api/extensions.py:156}}
Aug 24 08:59:44.185859 np0000190774 devstack@neutron-api.service[102526]: DEBUG neutron.api.extensions [None req-9230984d-7361-48cf-92f1-5681c9dc6935 None None] Extended resource: auto-allocated-topology {{(pid=102526) __init__ /opt/stack/neutron/neutron/api/extensions.py:156}}
Aug 24 08:59:44.186401 np0000190774 devstack@neutron-api.service[102526]: DEBUG neutron.api.extensions [None req-9230984d-7361-48cf-92f1-5681c9dc6935 None None] Extended resource: availability_zones {{(pid=102526) __init__ /opt/stack/neutron/neutron/api/extensions.py:156}}
Aug 24 08:59:44.187093 np0000190774 devstack@neutron-api.service[102526]: DEBUG neutron.api.extensions [None req-9230984d-7361-48cf-92f1-5681c9dc6935 None None] Extended resource: dhcp-networks {{(pid=102526) __init__ /opt/stack/neutron/neutron/api/extensions.py:156}}
Aug 24 08:59:44.187834 np0000190774 devstack@neutron-api.service[102526]: DEBUG neutron.api.extensions [None req-9230984d-7361-48cf-92f1-5681c9dc6935 None None] Extended resource: dhcp-agents {{(pid=102526) __init__ /opt/stack/neutron/neutron/api/extensions.py:156}}
Aug 24 08:59:44.188577 np0000190774 devstack@neutron-api.service[102526]: DEBUG neutron.api.extensions [None req-9230984d-7361-48cf-92f1-5681c9dc6935 None None] Extended resource: routers {{(pid=102526) __init__ /opt/stack/neutron/neutron/api/extensions.py:156}}
Aug 24 08:59:44.189780 np0000190774 devstack@neutron-api.service[102526]: DEBUG neutron.api.extensions [None req-9230984d-7361-48cf-92f1-5681c9dc6935 None None] Extended resource: flavors {{(pid=102526) __init__ /opt/stack/neutron/neutron/api/extensions.py:156}}
Aug 24 08:59:44.190164 np0000190774 devstack@neutron-api.service[102526]: DEBUG neutron.api.extensions [None req-9230984d-7361-48cf-92f1-5681c9dc6935 None None] Extended resource: service_profiles {{(pid=102526) __init__ /opt/stack/neutron/neutron/api/extensions.py:156}}
Aug 24 08:59:44.190900 np0000190774 devstack@neutron-api.service[102526]: DEBUG neutron.api.extensions [None req-9230984d-7361-48cf-92f1-5681c9dc6935 None None] Extended resource: next_providers {{(pid=102526) __init__ /opt/stack/neutron/neutron/api/extensions.py:156}}
Aug 24 08:59:44.191567 np0000190774 devstack@neutron-api.service[102526]: DEBUG neutron.api.extensions [None req-9230984d-7361-48cf-92f1-5681c9dc6935 None None] Extended resource: service_profiles {{(pid=102526) __init__ /opt/stack/neutron/neutron/api/extensions.py:156}}
Aug 24 08:59:44.192083 np0000190774 devstack@neutron-api.service[102527]: DEBUG neutron_lib.callbacks.manager [None req-843b9975-4fe2-4240-a619-bd312edbde6e None None] Publish callbacks ['neutron.plugins.ml2.drivers.ovn.mech_driver.mech_driver.OVNMechanismDriver.pre_fork_initialize-2010203'] for process (None), before_spawn {{(pid=102527) _notify_loop /opt/stack/data/venv/lib/python3.12/site-packages/neutron_lib/callbacks/manager.py:184}}
Aug 24 08:59:44.192234 np0000190774 devstack@neutron-api.service[102526]: DEBUG neutron.api.extensions [None req-9230984d-7361-48cf-92f1-5681c9dc6935 None None] Extended resource: floatingip-pools {{(pid=102526) __init__ /opt/stack/neutron/neutron/api/extensions.py:156}}
Aug 24 08:59:44.192496 np0000190774 devstack@neutron-api.service[102527]: DEBUG oslo_concurrency.processutils [None req-843b9975-4fe2-4240-a619-bd312edbde6e None None] Running cmd (subprocess): ovsdb-client transact ssl:199.204.45.61:6641 --timeout 180 -p /opt/stack/data/CA/int-ca/private/devstack-cert.key -c /opt/stack/data/CA/int-ca/devstack-cert.crt -C /opt/stack/data/CA/int-ca/ca-chain.pem ["OVN_Northbound", {"op": "wait", "timeout": 0, "table": "Port_Group", "where": [["name", "==", "neutron_pg_drop"]], "until": "==", "rows": []}, {"op": "insert", "table": "ACL", "row": {"action": "drop", "direction": "to-lport", "match": "outport == @neutron_pg_drop && ip", "priority": 1000}, "uuid-name": "droptoport"}, {"op": "insert", "table": "ACL", "row": {"action": "drop", "direction": "from-lport", "match": "inport == @neutron_pg_drop && ip", "priority": 1000}, "uuid-name": "dropfromport"}, {"op": "insert", "table": "Port_Group", "row": {"name": "neutron_pg_drop", "acls": ["set", [["named-uuid", "droptoport"], ["named-uuid", "dropfromport"]]]}}] {{(pid=102527) execute /opt/stack/data/venv/lib/python3.12/site-packages/oslo_concurrency/processutils.py:440}}
Aug 24 08:59:44.192881 np0000190774 devstack@neutron-api.service[102526]: DEBUG neutron.api.extensions [None req-9230984d-7361-48cf-92f1-5681c9dc6935 None None] Extended resource: routers {{(pid=102526) __init__ /opt/stack/neutron/neutron/api/extensions.py:156}}
Aug 24 08:59:44.193900 np0000190774 devstack@neutron-api.service[102526]: DEBUG neutron.api.extensions [None req-9230984d-7361-48cf-92f1-5681c9dc6935 None None] Extended resource: floatingips {{(pid=102526) __init__ /opt/stack/neutron/neutron/api/extensions.py:156}}
Aug 24 08:59:44.194475 np0000190774 devstack@neutron-api.service[102526]: DEBUG neutron.api.extensions [None req-9230984d-7361-48cf-92f1-5681c9dc6935 None None] Extended resource: l3-routers {{(pid=102526) __init__ /opt/stack/neutron/neutron/api/extensions.py:156}}
Aug 24 08:59:44.194736 np0000190774 devstack@neutron-api.service[102529]: DEBUG neutron.plugins.ml2.drivers.ovn.mech_driver.ovsdb.maintenance [None req-eb6bb2ad-04cc-4dd9-aa6a-2421d16516da None None] Periodic task found: HashRingHealthCheckPeriodics.touch_hash_ring_node {{(pid=102529) add_periodics /opt/stack/neutron/neutron/plugins/ml2/drivers/ovn/mech_driver/ovsdb/maintenance.py:151}}
Aug 24 08:59:44.195766 np0000190774 devstack@neutron-api.service[102529]: INFO neutron.plugins.ml2.drivers.ovn.mech_driver.mech_driver [None req-eb6bb2ad-04cc-4dd9-aa6a-2421d16516da None None] Hash Ring probing thread for node 05d09512fbaa5471a0c74c5a8352031c has started
Aug 24 08:59:44.196882 np0000190774 devstack@neutron-api.service[102526]: DEBUG neutron.api.extensions [None req-9230984d-7361-48cf-92f1-5681c9dc6935 None None] Extended resource: l3-agents {{(pid=102526) __init__ /opt/stack/neutron/neutron/api/extensions.py:156}}
Aug 24 08:59:44.197197 np0000190774 devstack@neutron-api.service[102529]: INFO neutron.plugins.ml2.drivers.ovn.mech_driver.ovsdb.impl_idl_ovn [None req-eb6bb2ad-04cc-4dd9-aa6a-2421d16516da None None] Getting OvsdbNbOvnIdl for WorkerService with retry
Aug 24 08:59:44.197392 np0000190774 devstack@neutron-api.service[102526]: DEBUG neutron.api.extensions [None req-9230984d-7361-48cf-92f1-5681c9dc6935 None None] Extended resource: network-ip-availabilities {{(pid=102526) __init__ /opt/stack/neutron/neutron/api/extensions.py:156}}
Aug 24 08:59:44.197641 np0000190774 devstack@neutron-api.service[102526]: DEBUG neutron.api.extensions [None req-9230984d-7361-48cf-92f1-5681c9dc6935 None None] Extended resource: network-ip-availabilities {{(pid=102526) __init__ /opt/stack/neutron/neutron/api/extensions.py:156}}
Aug 24 08:59:44.198221 np0000190774 devstack@neutron-api.service[102526]: DEBUG neutron.api.extensions [None req-9230984d-7361-48cf-92f1-5681c9dc6935 None None] Extended resource: bindings {{(pid=102526) __init__ /opt/stack/neutron/neutron/api/extensions.py:156}}
Aug 24 08:59:44.199046 np0000190774 devstack@neutron-api.service[102526]: DEBUG neutron.api.extensions [None req-9230984d-7361-48cf-92f1-5681c9dc6935 None None] Extended resource: quotas {{(pid=102526) __init__ /opt/stack/neutron/neutron/api/extensions.py:156}}
Aug 24 08:59:44.199766 np0000190774 devstack@neutron-api.service[102526]: DEBUG neutron.api.extensions [None req-9230984d-7361-48cf-92f1-5681c9dc6935 None None] Extended resource: quotas {{(pid=102526) __init__ /opt/stack/neutron/neutron/api/extensions.py:156}}
Aug 24 08:59:44.200566 np0000190774 devstack@neutron-api.service[102526]: DEBUG neutron.api.extensions [None req-9230984d-7361-48cf-92f1-5681c9dc6935 None None] Extended resource: rbac-policies {{(pid=102526) __init__ /opt/stack/neutron/neutron/api/extensions.py:156}}
