+ COMMAND=start + start + for KEYSTONE_WSGI_SCRIPT in keystone-wsgi-public ++ type -p keystone-wsgi-public + cp -a /var/lib/openstack/bin/keystone-wsgi-public /var/www/cgi-bin/keystone/ + '[' -f /etc/apache2/envvars ']' + source /etc/apache2/envvars ++ unset HOME ++ '[' '' '!=' '' ']' ++ SUFFIX= ++ export APACHE_RUN_USER=www-data ++ APACHE_RUN_USER=www-data ++ export APACHE_RUN_GROUP=www-data ++ APACHE_RUN_GROUP=www-data ++ export APACHE_PID_FILE=/var/run/apache2/apache2.pid ++ APACHE_PID_FILE=/var/run/apache2/apache2.pid ++ export APACHE_RUN_DIR=/var/run/apache2 ++ APACHE_RUN_DIR=/var/run/apache2 ++ export APACHE_LOCK_DIR=/var/lock/apache2 ++ APACHE_LOCK_DIR=/var/lock/apache2 ++ export APACHE_LOG_DIR=/var/log/apache2 ++ APACHE_LOG_DIR=/var/log/apache2 ++ export LANG=C ++ LANG=C ++ export LANG + '[' -f /var/run/apache2/apache2.pid ']' + exec apache2 -DFOREGROUND AH00558: apache2: Could not reliably determine the server's fully qualified domain name, using 10.0.0.132. Set the 'ServerName' directive globally to suppress this message AH00558: apache2: Could not reliably determine the server's fully qualified domain name, using 10.0.0.132. Set the 'ServerName' directive globally to suppress this message
[Mon Jun 29 00:30:44.399275 2026] [mpm_event:notice] [pid 1:tid 139713729820544] AH00489: Apache/2.4.58 (Ubuntu) mod_wsgi/5.0.0 Python/3.12 configured -- resuming normal operations
[Mon Jun 29 00:30:44.399472 2026] [core:notice] [pid 1:tid 139713729820544] AH00094: Command line: 'apache2 -D FOREGROUND'
[Mon Jun 29 00:31:50.096332 2026] [wsgi:error] [pid 9:tid 139713093048000] /var/lib/openstack/lib/python3.12/site-packages/oslo_utils/importutils.py:77: EventletDeprecationWarning:
[Mon Jun 29 00:31:50.096449 2026] [wsgi:error] [pid 9:tid 139713093048000] Eventlet is deprecated. It is currently being maintained in bugfix mode, and
[Mon Jun 29 00:31:50.096466 2026] [wsgi:error] [pid 9:tid 139713093048000] we strongly recommend against using it for new projects.
[Mon Jun 29 00:31:50.096479 2026] [wsgi:error] [pid 9:tid 139713093048000]
[Mon Jun 29 00:31:50.096491 2026] [wsgi:error] [pid 9:tid 139713093048000] If you are already using Eventlet, we recommend migrating to a different
[Mon Jun 29 00:31:50.096501 2026] [wsgi:error] [pid 9:tid 139713093048000] framework. For more detail see
[Mon Jun 29 00:31:50.096511 2026] [wsgi:error] [pid 9:tid 139713093048000] https://eventlet.readthedocs.io/en/latest/asyncio/migration.html
[Mon Jun 29 00:31:50.096521 2026] [wsgi:error] [pid 9:tid 139713093048000]
[Mon Jun 29 00:31:50.096532 2026] [wsgi:error] [pid 9:tid 139713093048000] __import__(import_str)
[Mon Jun 29 00:31:50.106996 2026] [wsgi:error] [pid 11:tid 139713093048000] /var/lib/openstack/lib/python3.12/site-packages/oslo_utils/importutils.py:77: EventletDeprecationWarning:
[Mon Jun 29 00:31:50.107037 2026] [wsgi:error] [pid 11:tid 139713093048000] Eventlet is deprecated. It is currently being maintained in bugfix mode, and
[Mon Jun 29 00:31:50.107038 2026] [wsgi:error] [pid 11:tid 139713093048000] we strongly recommend against using it for new projects.
[Mon Jun 29 00:31:50.107040 2026] [wsgi:error] [pid 11:tid 139713093048000]
[Mon Jun 29 00:31:50.107041 2026] [wsgi:error] [pid 11:tid 139713093048000] If you are already using Eventlet, we recommend migrating to a different
[Mon Jun 29 00:31:50.107042 2026] [wsgi:error] [pid 11:tid 139713093048000] framework. For more detail see
[Mon Jun 29 00:31:50.107043 2026] [wsgi:error] [pid 11:tid 139713093048000] https://eventlet.readthedocs.io/en/latest/asyncio/migration.html
[Mon Jun 29 00:31:50.107044 2026] [wsgi:error] [pid 11:tid 139713093048000]
[Mon Jun 29 00:31:50.107046 2026] [wsgi:error] [pid 11:tid 139713093048000] __import__(import_str) 10.0.0.8 - - [29/Jun/2026:00:31:49 +0000] "GET /v3/ HTTP/1.1" 200 250 10.0.0.8 - - [29/Jun/2026:00:31:49 +0000] "GET /v3/ HTTP/1.1" 200 250
[Mon Jun 29 00:32:03.347242 2026] [wsgi:error] [pid 10:tid 139713093048000] /var/lib/openstack/lib/python3.12/site-packages/oslo_utils/importutils.py:77: EventletDeprecationWarning:
[Mon Jun 29 00:32:03.347284 2026] [wsgi:error] [pid 10:tid 139713093048000] Eventlet is deprecated. It is currently being maintained in bugfix mode, and
[Mon Jun 29 00:32:03.347286 2026] [wsgi:error] [pid 10:tid 139713093048000] we strongly recommend against using it for new projects.
[Mon Jun 29 00:32:03.347287 2026] [wsgi:error] [pid 10:tid 139713093048000]
[Mon Jun 29 00:32:03.347288 2026] [wsgi:error] [pid 10:tid 139713093048000] If you are already using Eventlet, we recommend migrating to a different
[Mon Jun 29 00:32:03.347289 2026] [wsgi:error] [pid 10:tid 139713093048000] framework. For more detail see
[Mon Jun 29 00:32:03.347291 2026] [wsgi:error] [pid 10:tid 139713093048000] https://eventlet.readthedocs.io/en/latest/asyncio/migration.html
[Mon Jun 29 00:32:03.347292 2026] [wsgi:error] [pid 10:tid 139713093048000]
[Mon Jun 29 00:32:03.347293 2026] [wsgi:error] [pid 10:tid 139713093048000] __import__(import_str) 10.0.0.162 - - [29/Jun/2026:00:32:02 +0000] "GET / HTTP/1.1" 300 295
[Mon Jun 29 00:32:08.709987 2026] [wsgi:error] [pid 12:tid 139713093048000] /var/lib/openstack/lib/python3.12/site-packages/oslo_utils/importutils.py:77: EventletDeprecationWarning:
[Mon Jun 29 00:32:08.710027 2026] [wsgi:error] [pid 12:tid 139713093048000] Eventlet is deprecated. It is currently being maintained in bugfix mode, and
[Mon Jun 29 00:32:08.710029 2026] [wsgi:error] [pid 12:tid 139713093048000] we strongly recommend against using it for new projects.
[Mon Jun 29 00:32:08.710030 2026] [wsgi:error] [pid 12:tid 139713093048000]
[Mon Jun 29 00:32:08.710031 2026] [wsgi:error] [pid 12:tid 139713093048000] If you are already using Eventlet, we recommend migrating to a different
[Mon Jun 29 00:32:08.710032 2026] [wsgi:error] [pid 12:tid 139713093048000] framework. For more detail see
[Mon Jun 29 00:32:08.710034 2026] [wsgi:error] [pid 12:tid 139713093048000] https://eventlet.readthedocs.io/en/latest/asyncio/migration.html
[Mon Jun 29 00:32:08.710035 2026] [wsgi:error] [pid 12:tid 139713093048000]
[Mon Jun 29 00:32:08.710036 2026] [wsgi:error] [pid 12:tid 139713093048000] __import__(import_str)
[Mon Jun 29 00:32:13.281377 2026] [wsgi:error] [pid 12:tid 139713093048000] [remote 10.0.0.162:47942] 2026-06-29 00:32:13.278 12 WARNING keystone.identity.core [None req-6b795f71-effc-4423-8fe8-101c412db719 - - - - - -] Invalid domain name (atmosphere) found in config file name: keystone.exception.DomainNotFound: Could not find domain: atmosphere.
[Mon Jun 29 00:32:13.326389 2026] [wsgi:error] [pid 12:tid 139713093048000] [remote 10.0.0.162:47942] 2026-06-29 00:32:13.326 12 WARNING keystone.common.password_hashing [None req-6b795f71-effc-4423-8fe8-101c412db719 - - - - - -] Truncating password to algorithm specific maximum length 72 characters.
[Mon Jun 29 00:32:13.604702 2026] [wsgi:error] [pid 12:tid 139713093048000] [remote 10.0.0.162:47942] 2026-06-29 00:32:13.604 12 WARNING keystone.common.fernet_utils [None req-6b795f71-effc-4423-8fe8-101c412db719 - - - - - -] key_repository is world readable: /etc/keystone/fernet-keys/ 10.0.0.162 - - [29/Jun/2026:00:32:07 +0000] "POST /v3/auth/tokens HTTP/1.1" 201 1360
[Mon Jun 29 00:32:13.960485 2026] [wsgi:error] [pid 9:tid 139713093048000] [remote 10.0.0.162:47942] 2026-06-29 00:32:13.957 9 WARNING keystone.identity.core [None req-0d05f143-d558-4bfc-9110-a78d7479ec30 - - - - - -] Invalid domain name (atmosphere) found in config file name: keystone.exception.DomainNotFound: Could not find domain: atmosphere. 10.0.0.162 - - [29/Jun/2026:00:32:13 +0000] "POST /v3/domains HTTP/1.1" 201 261 10.0.0.92 - - [29/Jun/2026:00:32:25 +0000] "GET / HTTP/1.1" 300 295
[Mon Jun 29 00:32:26.189813 2026] [wsgi:error] [pid 10:tid 139713093048000] [remote 10.0.0.92:48382] 2026-06-29 00:32:26.189 10 WARNING keystone.common.password_hashing [None req-6c5e51fe-9438-4020-9ff9-0aefb5197d87 - - - - - -] Truncating password to algorithm specific maximum length 72 characters.
[Mon Jun 29 00:32:26.463484 2026] [wsgi:error] [pid 10:tid 139713093048000] [remote 10.0.0.92:48382] 2026-06-29 00:32:26.463 10 WARNING keystone.common.fernet_utils [None req-6c5e51fe-9438-4020-9ff9-0aefb5197d87 - - - - - -] key_repository is world readable: /etc/keystone/fernet-keys/ 10.0.0.92 - - [29/Jun/2026:00:32:25 +0000] "POST /v3/auth/tokens HTTP/1.1" 201 1360 10.0.0.92 - - [29/Jun/2026:00:32:26 +0000] "GET /v3/roles/admin HTTP/1.1" 404 83
[Mon Jun 29 00:32:26.705796 2026] [wsgi:error] [pid 9:tid 139713093048000] [remote 10.0.0.92:48382] 2026-06-29 00:32:26.705 9 WARNING keystone.common.rbac_enforcer.enforcer [None req-80bfd1e1-b042-40c6-9d3e-21483e2eb850 d91d46e8066541feb59373e64bd391fb 582a96f1abf44db18601e64dbd00fb7b - - default default] Deprecated policy rules found. Use oslopolicy-policy-generator and oslopolicy-policy-upgrade to detect and resolve deprecated policies in your configuration. 10.0.0.92 - - [29/Jun/2026:00:32:26 +0000] "GET /v3/roles?name=admin HTTP/1.1" 200 389
[Mon Jun 29 00:32:27.167755 2026] [wsgi:error] [pid 11:tid 139713093048000] [remote 10.0.0.92:48382] 2026-06-29 00:32:27.167 11 WARNING keystone.common.rbac_enforcer.enforcer [None req-9e4122ab-15bf-45e0-933d-a5de0b043f86 d91d46e8066541feb59373e64bd391fb 582a96f1abf44db18601e64dbd00fb7b - - default default] Deprecated policy rules found. Use oslopolicy-policy-generator and oslopolicy-policy-upgrade to detect and resolve deprecated policies in your configuration. 10.0.0.92 - - [29/Jun/2026:00:32:26 +0000] "GET /v3/users/admin-RegionOne HTTP/1.1" 404 93
[Mon Jun 29 00:32:27.306258 2026] [wsgi:error] [pid 10:tid 139713093048000] [remote 10.0.0.92:48382] 2026-06-29 00:32:27.306 10 WARNING keystone.common.rbac_enforcer.enforcer [None req-529b21ad-15a2-4473-83bc-a02e8a321911 d91d46e8066541feb59373e64bd391fb 582a96f1abf44db18601e64dbd00fb7b - - default default] Deprecated policy rules found. Use oslopolicy-policy-generator and oslopolicy-policy-upgrade to detect and resolve deprecated policies in your configuration. 10.0.0.92 - - [29/Jun/2026:00:32:27 +0000] "GET /v3/users?name=admin-RegionOne HTTP/1.1" 200 422
[Mon Jun 29 00:32:27.478618 2026] [wsgi:error] [pid 12:tid 139713093048000] [remote 10.0.0.92:48382] 2026-06-29 00:32:27.478 12 WARNING keystone.common.rbac_enforcer.enforcer [None req-b23fa2eb-f9b5-4042-8af7-8ab5afda3de2 d91d46e8066541feb59373e64bd391fb 582a96f1abf44db18601e64dbd00fb7b - - default default] Deprecated policy rules found. Use oslopolicy-policy-generator and oslopolicy-policy-upgrade to detect and resolve deprecated policies in your configuration. 10.0.0.92 - - [29/Jun/2026:00:32:27 +0000] "GET /v3/domains/default HTTP/1.1" 200 224 10.0.0.92 - - [29/Jun/2026:00:32:27 +0000] "PUT /v3/domains/default/users/d91d46e8066541feb59373e64bd391fb/roles/093c0ae908aa40efb0868b43cd22a062 HTTP/1.1" 204 - 10.0.0.8 - - [29/Jun/2026:00:32:37 +0000] "GET / HTTP/1.1" 300 281 10.0.0.8 - - [29/Jun/2026:00:32:39 +0000] "GET /v3 HTTP/1.1" 200 266
[Mon Jun 29 00:32:39.404060 2026] [wsgi:error] [pid 12:tid 139713093048000] [remote 10.0.0.8:36984] 2026-06-29 00:32:39.403 12 WARNING keystone.common.password_hashing [None req-5be6e4f8-bd64-4725-aaf1-a9fd551f79b3 - - - - - -] Truncating password to algorithm specific maximum length 72 characters.
[Mon Jun 29 00:32:39.687761 2026] [wsgi:error] [pid 12:tid 139713093048000] [remote 10.0.0.8:36984] 2026-06-29 00:32:39.687 12 WARNING keystone.common.fernet_utils [None req-5be6e4f8-bd64-4725-aaf1-a9fd551f79b3 - - - - - -] key_repository is world readable: /etc/keystone/fernet-keys/ 10.0.0.8 - - [29/Jun/2026:00:32:39 +0000] "POST /v3/auth/tokens HTTP/1.1" 201 1360 10.0.0.8 - - [29/Jun/2026:00:32:39 +0000] "GET / HTTP/1.1" 300 281 10.0.0.8 - - [29/Jun/2026:00:32:39 +0000] "GET /v3/domains/atmosphere HTTP/1.1" 404 90 10.0.0.8 - - [29/Jun/2026:00:32:39 +0000] "GET /v3/domains?name=atmosphere HTTP/1.1" 200 370 10.0.0.8 - - [29/Jun/2026:00:32:39 +0000] "GET /v3/domains/59c64094b2fa4eb98132f4397c3fd76a HTTP/1.1" 200 247 10.0.0.8 - - [29/Jun/2026:00:32:40 +0000] "GET /v3 HTTP/1.1" 200 266
[Mon Jun 29 00:32:40.825948 2026] [wsgi:error] [pid 11:tid 139713093048000] [remote 10.0.0.8:36968] 2026-06-29 00:32:40.825 11 WARNING keystone.common.password_hashing [None req-cdcbeb27-72d4-4602-ba14-1957aa66b939 - - - - - -] Truncating password to algorithm specific maximum length 72 characters.
[Mon Jun 29 00:32:41.110952 2026] [wsgi:error] [pid 11:tid 139713093048000] [remote 10.0.0.8:36968] 2026-06-29 00:32:41.110 11 WARNING keystone.common.fernet_utils [None req-cdcbeb27-72d4-4602-ba14-1957aa66b939 - - - - - -] key_repository is world readable: /etc/keystone/fernet-keys/ 10.0.0.8 - - [29/Jun/2026:00:32:40 +0000] "POST /v3/auth/tokens HTTP/1.1" 201 1360 10.0.0.8 - - [29/Jun/2026:00:32:41 +0000] "GET / HTTP/1.1" 300 281 10.0.0.8 - - [29/Jun/2026:00:32:41 +0000] "GET /v3/OS-FEDERATION/identity_providers/atmosphere HTTP/1.1" 404 101 10.0.0.8 - - [29/Jun/2026:00:32:41 +0000] "GET /v3/OS-FEDERATION/identity_providers HTTP/1.1" 200 156 10.0.0.8 - - [29/Jun/2026:00:32:41 +0000] "PUT /v3/OS-FEDERATION/identity_providers/atmosphere HTTP/1.1" 201 342 10.0.0.8 - - [29/Jun/2026:00:32:41 +0000] "GET /v3 HTTP/1.1" 200 266
[Mon Jun 29 00:32:41.920562 2026] [wsgi:error] [pid 12:tid 139713093048000] [remote 10.0.0.8:36984] 2026-06-29 00:32:41.920 12 WARNING keystone.common.password_hashing [None req-dbb9303a-fa41-458e-a7a0-c49ca4d65576 - - - - - -] Truncating password to algorithm specific maximum length 72 characters.
[Mon Jun 29 00:32:42.192083 2026] [wsgi:error] [pid 12:tid 139713093048000] [remote 10.0.0.8:36984] 2026-06-29 00:32:42.191 12 WARNING keystone.common.fernet_utils [None req-dbb9303a-fa41-458e-a7a0-c49ca4d65576 - - - - - -] key_repository is world readable: /etc/keystone/fernet-keys/ 10.0.0.8 - - [29/Jun/2026:00:32:41 +0000] "POST /v3/auth/tokens HTTP/1.1" 201 1360 10.0.0.8 - - [29/Jun/2026:00:32:42 +0000] "GET / HTTP/1.1" 300 281 10.0.0.8 - - [29/Jun/2026:00:32:42 +0000] "GET /v3/OS-FEDERATION/mappings/atmosphere-openid HTTP/1.1" 404 98 10.0.0.8 - - [29/Jun/2026:00:32:42 +0000] "GET /v3/OS-FEDERATION/mappings HTTP/1.1" 200 136 10.0.0.8 - - [29/Jun/2026:00:32:42 +0000] "PUT /v3/OS-FEDERATION/mappings/atmosphere-openid HTTP/1.1" 201 357 10.0.0.8 - - [29/Jun/2026:00:32:42 +0000] "GET /v3 HTTP/1.1" 200 266
[Mon Jun 29 00:32:42.989546 2026] [wsgi:error] [pid 11:tid 139713093048000] [remote 10.0.0.8:36968] 2026-06-29 00:32:42.989 11 WARNING keystone.common.password_hashing [None req-b449aef9-da14-4487-a01f-247e94099b77 - - - - - -] Truncating password to algorithm specific maximum length 72 characters.
[Mon Jun 29 00:32:43.261052 2026] [wsgi:error] [pid 11:tid 139713093048000] [remote 10.0.0.8:36968] 2026-06-29 00:32:43.260 11 WARNING keystone.common.fernet_utils [None req-b449aef9-da14-4487-a01f-247e94099b77 - - - - - -] key_repository is world readable: /etc/keystone/fernet-keys/ 10.0.0.8 - - [29/Jun/2026:00:32:42 +0000] "POST /v3/auth/tokens HTTP/1.1" 201 1360 10.0.0.8 - - [29/Jun/2026:00:32:43 +0000] "GET / HTTP/1.1" 300 281 10.0.0.8 - - [29/Jun/2026:00:32:43 +0000] "GET /v3/OS-FEDERATION/identity_providers/atmosphere/protocols/openid?idp_id=atmosphere HTTP/1.1" 404 131 10.0.0.8 - - [29/Jun/2026:00:32:43 +0000] "GET /v3/OS-FEDERATION/identity_providers/atmosphere/protocols HTTP/1.1" 200 168 10.0.0.8 - - [29/Jun/2026:00:32:43 +0000] "PUT /v3/OS-FEDERATION/identity_providers/atmosphere/protocols/openid HTTP/1.1" 201 224 10.0.0.8 - - [29/Jun/2026:00:32:49 +0000] "GET /v3/ HTTP/1.1" 200 250 10.0.0.8 - - [29/Jun/2026:00:32:49 +0000] "GET /v3/ HTTP/1.1" 200 250 10.0.0.8 - - [29/Jun/2026:00:33:49 +0000] "GET /v3/ HTTP/1.1" 200 250 10.0.0.8 - - [29/Jun/2026:00:33:49 +0000] "GET /v3/ HTTP/1.1" 200 250 10.0.0.94 - - [29/Jun/2026:00:34:04 +0000] "GET / HTTP/1.1" 300 295
[Mon Jun 29 00:34:04.751055 2026] [wsgi:error] [pid 12:tid 139713093048000] [remote 10.0.0.94:47660] 2026-06-29 00:34:04.750 12 WARNING keystone.common.password_hashing [None req-2b84ffbd-f2b0-4294-b7c1-2f787c013d57 - - - - - -] Truncating password to algorithm specific maximum length 72 characters.
[Mon Jun 29 00:34:05.019409 2026] [wsgi:error] [pid 12:tid 139713093048000] [remote 10.0.0.94:47660] 2026-06-29 00:34:05.019 12 WARNING keystone.common.fernet_utils [None req-2b84ffbd-f2b0-4294-b7c1-2f787c013d57 - - - - - -] key_repository is world readable: /etc/keystone/fernet-keys/ 10.0.0.94 - - [29/Jun/2026:00:34:04 +0000] "POST /v3/auth/tokens HTTP/1.1" 201 1360 10.0.0.94 - - [29/Jun/2026:00:34:05 +0000] "GET /v3/services HTTP/1.1" 200 355 10.0.0.94 - - [29/Jun/2026:00:34:08 +0000] "GET / HTTP/1.1" 300 295
[Mon Jun 29 00:34:08.722657 2026] [wsgi:error] [pid 10:tid 139713093048000] [remote 10.0.0.94:41912] 2026-06-29 00:34:08.722 10 WARNING keystone.common.password_hashing [None req-14579c90-7c36-4713-8405-3cdc95679672 - - - - - -] Truncating password to algorithm specific maximum length 72 characters.
[Mon Jun 29 00:34:08.996163 2026] [wsgi:error] [pid 10:tid 139713093048000] [remote 10.0.0.94:41912] 2026-06-29 00:34:08.995 10 WARNING keystone.common.fernet_utils [None req-14579c90-7c36-4713-8405-3cdc95679672 - - - - - -] key_repository is world readable: /etc/keystone/fernet-keys/ 10.0.0.94 - - [29/Jun/2026:00:34:08 +0000] "POST /v3/auth/tokens HTTP/1.1" 201 1360 10.0.0.94 - - [29/Jun/2026:00:34:09 +0000] "GET /v3/services HTTP/1.1" 200 355 10.0.0.94 - - [29/Jun/2026:00:34:12 +0000] "GET / HTTP/1.1" 300 295
[Mon Jun 29 00:34:12.579283 2026] [wsgi:error] [pid 11:tid 139713093048000] [remote 10.0.0.94:41928] 2026-06-29 00:34:12.579 11 WARNING keystone.common.password_hashing [None req-b24a958c-6213-46ff-80c1-60f510903e85 - - - - - -] Truncating password to algorithm specific maximum length 72 characters.
[Mon Jun 29 00:34:12.865828 2026] [wsgi:error] [pid 11:tid 139713093048000] [remote 10.0.0.94:41928] 2026-06-29 00:34:12.865 11 WARNING keystone.common.fernet_utils [None req-b24a958c-6213-46ff-80c1-60f510903e85 - - - - - -] key_repository is world readable: /etc/keystone/fernet-keys/ 10.0.0.94 - - [29/Jun/2026:00:34:12 +0000] "POST /v3/auth/tokens HTTP/1.1" 201 1360 10.0.0.94 - - [29/Jun/2026:00:34:12 +0000] "GET /v3/services HTTP/1.1" 200 355 10.0.0.94 - - [29/Jun/2026:00:34:16 +0000] "GET / HTTP/1.1" 300 295
[Mon Jun 29 00:34:16.487106 2026] [wsgi:error] [pid 9:tid 139713093048000] [remote 10.0.0.94:41934] 2026-06-29 00:34:16.486 9 WARNING keystone.common.password_hashing [None req-c69ac730-6142-4679-b31e-b8ef7d28a103 - - - - - -] Truncating password to algorithm specific maximum length 72 characters.
[Mon Jun 29 00:34:16.781730 2026] [wsgi:error] [pid 9:tid 139713093048000] [remote 10.0.0.94:41934] 2026-06-29 00:34:16.781 9 WARNING keystone.common.fernet_utils [None req-c69ac730-6142-4679-b31e-b8ef7d28a103 - - - - - -] key_repository is world readable: /etc/keystone/fernet-keys/ 10.0.0.94 - - [29/Jun/2026:00:34:16 +0000] "POST /v3/auth/tokens HTTP/1.1" 201 1360 10.0.0.94 - - [29/Jun/2026:00:34:16 +0000] "POST /v3/services HTTP/1.1" 201 296 10.0.0.234 - - [29/Jun/2026:00:34:27 +0000] "GET / HTTP/1.1" 300 295
[Mon Jun 29 00:34:27.884965 2026] [wsgi:error] [pid 12:tid 139713093048000] [remote 10.0.0.234:60342] 2026-06-29 00:34:27.884 12 WARNING keystone.common.password_hashing [None req-ffeb618f-decc-4e9f-8bda-b88cdd8d2107 - - - - - -] Truncating password to algorithm specific maximum length 72 characters. 10.0.0.234 - - [29/Jun/2026:00:34:27 +0000] "GET / HTTP/1.1" 300 295
[Mon Jun 29 00:34:27.989392 2026] [wsgi:error] [pid 11:tid 139713093048000] [remote 10.0.0.234:60350] 2026-06-29 00:34:27.989 11 WARNING keystone.common.password_hashing [None req-4574e65b-bd1b-4e46-9192-7ffb7abd6268 - - - - - -] Truncating password to algorithm specific maximum length 72 characters. 10.0.0.234 - - [29/Jun/2026:00:34:28 +0000] "GET / HTTP/1.1" 300 295
[Mon Jun 29 00:34:28.048271 2026] [wsgi:error] [pid 9:tid 139713093048000] [remote 10.0.0.234:60364] 2026-06-29 00:34:28.048 9 WARNING keystone.common.password_hashing [None req-63de1686-efa9-4a60-b918-bb5b43c05ba6 - - - - - -] Truncating password to algorithm specific maximum length 72 characters.
[Mon Jun 29 00:34:28.154096 2026] [wsgi:error] [pid 12:tid 139713093048000] [remote 10.0.0.234:60342] 2026-06-29 00:34:28.153 12 WARNING keystone.common.fernet_utils [None req-ffeb618f-decc-4e9f-8bda-b88cdd8d2107 - - - - - -] key_repository is world readable: /etc/keystone/fernet-keys/ 10.0.0.234 - - [29/Jun/2026:00:34:27 +0000] "POST /v3/auth/tokens HTTP/1.1" 201 1464
[Mon Jun 29 00:34:28.256885 2026] [wsgi:error] [pid 11:tid 139713093048000] [remote 10.0.0.234:60350] 2026-06-29 00:34:28.256 11 WARNING keystone.common.fernet_utils [None req-4574e65b-bd1b-4e46-9192-7ffb7abd6268 - - - - - -] key_repository is world readable: /etc/keystone/fernet-keys/ 10.0.0.234 - - [29/Jun/2026:00:34:27 +0000] "POST /v3/auth/tokens HTTP/1.1" 201 1464 10.0.0.234 - - [29/Jun/2026:00:34:28 +0000] "GET /v3/services HTTP/1.1" 200 639
[Mon Jun 29 00:34:28.333316 2026] [wsgi:error] [pid 9:tid 139713093048000] [remote 10.0.0.234:60364] 2026-06-29 00:34:28.333 9 WARNING keystone.common.fernet_utils [None req-63de1686-efa9-4a60-b918-bb5b43c05ba6 - - - - - -] key_repository is world readable: /etc/keystone/fernet-keys/ 10.0.0.234 - - [29/Jun/2026:00:34:28 +0000] "POST /v3/auth/tokens HTTP/1.1" 201 1464 10.0.0.234 - - [29/Jun/2026:00:34:28 +0000] "GET /v3/services HTTP/1.1" 200 639 10.0.0.234 - - [29/Jun/2026:00:34:28 +0000] "GET /v3/services HTTP/1.1" 200 639 10.0.0.234 - - [29/Jun/2026:00:34:29 +0000] "GET / HTTP/1.1" 300 295
[Mon Jun 29 00:34:29.763649 2026] [wsgi:error] [pid 9:tid 139713093048000] [remote 10.0.0.234:60376] 2026-06-29 00:34:29.763 9 WARNING keystone.common.password_hashing [None req-8477aea4-5f6f-49b4-a6b4-b71189e8a646 - - - - - -] Truncating password to algorithm specific maximum length 72 characters. 10.0.0.234 - - [29/Jun/2026:00:34:29 +0000] "GET / HTTP/1.1" 300 295
[Mon Jun 29 00:34:29.903697 2026] [wsgi:error] [pid 11:tid 139713093048000] [remote 10.0.0.234:60382] 2026-06-29 00:34:29.903 11 WARNING keystone.common.password_hashing [None req-5205546f-a506-447d-bc5b-8f1d8ab26eed - - - - - -] Truncating password to algorithm specific maximum length 72 characters. 10.0.0.234 - - [29/Jun/2026:00:34:29 +0000] "GET / HTTP/1.1" 300 295
[Mon Jun 29 00:34:29.986184 2026] [wsgi:error] [pid 12:tid 139713093048000] [remote 10.0.0.234:60384] 2026-06-29 00:34:29.985 12 WARNING keystone.common.password_hashing [None req-20c1736e-245c-4d68-8ada-b2d1170cb945 - - - - - -] Truncating password to algorithm specific maximum length 72 characters.
[Mon Jun 29 00:34:30.036704 2026] [wsgi:error] [pid 9:tid 139713093048000] [remote 10.0.0.234:60376] 2026-06-29 00:34:30.036 9 WARNING keystone.common.fernet_utils [None req-8477aea4-5f6f-49b4-a6b4-b71189e8a646 - - - - - -] key_repository is world readable: /etc/keystone/fernet-keys/ 10.0.0.234 - - [29/Jun/2026:00:34:29 +0000] "POST /v3/auth/tokens HTTP/1.1" 201 1464 10.0.0.234 - - [29/Jun/2026:00:34:30 +0000] "GET /v3/endpoints HTTP/1.1" 200 1227
[Mon Jun 29 00:34:30.174356 2026] [wsgi:error] [pid 11:tid 139713093048000] [remote 10.0.0.234:60382] 2026-06-29 00:34:30.174 11 WARNING keystone.common.fernet_utils [None req-5205546f-a506-447d-bc5b-8f1d8ab26eed - - - - - -] key_repository is world readable: /etc/keystone/fernet-keys/ 10.0.0.234 - - [29/Jun/2026:00:34:29 +0000] "POST /v3/auth/tokens HTTP/1.1" 201 1464 10.0.0.234 - - [29/Jun/2026:00:34:30 +0000] "GET /v3/services/381ce4150e13417193d099ae2267f726 HTTP/1.1" 200 233 10.0.0.234 - - [29/Jun/2026:00:34:30 +0000] "GET /v3/services/381ce4150e13417193d099ae2267f726 HTTP/1.1" 200 233 10.0.0.234 - - [29/Jun/2026:00:34:30 +0000] "GET /v3/services/381ce4150e13417193d099ae2267f726 HTTP/1.1" 200 233
[Mon Jun 29 00:34:30.261984 2026] [wsgi:error] [pid 12:tid 139713093048000] [remote 10.0.0.234:60384] 2026-06-29 00:34:30.261 12 WARNING keystone.common.fernet_utils [None req-20c1736e-245c-4d68-8ada-b2d1170cb945 - - - - - -] key_repository is world readable: /etc/keystone/fernet-keys/ 10.0.0.234 - - [29/Jun/2026:00:34:29 +0000] "POST /v3/auth/tokens HTTP/1.1" 201 1464 10.0.0.234 - - [29/Jun/2026:00:34:30 +0000] "GET /v3/endpoints HTTP/1.1" 200 1227 10.0.0.234 - - [29/Jun/2026:00:34:30 +0000] "GET /v3/services/381ce4150e13417193d099ae2267f726 HTTP/1.1" 200 233 10.0.0.234 - - [29/Jun/2026:00:34:30 +0000] "GET /v3/services/381ce4150e13417193d099ae2267f726 HTTP/1.1" 200 233 10.0.0.234 - - [29/Jun/2026:00:34:30 +0000] "GET /v3/services/381ce4150e13417193d099ae2267f726 HTTP/1.1" 200 233 10.0.0.234 - - [29/Jun/2026:00:34:30 +0000] "GET /v3/endpoints HTTP/1.1" 200 1227 10.0.0.234 - - [29/Jun/2026:00:34:30 +0000] "GET /v3/services/381ce4150e13417193d099ae2267f726 HTTP/1.1" 200 233 10.0.0.234 - - [29/Jun/2026:00:34:30 +0000] "GET /v3/services/381ce4150e13417193d099ae2267f726 HTTP/1.1" 200 233 10.0.0.234 - - [29/Jun/2026:00:34:30 +0000] "GET /v3/services/381ce4150e13417193d099ae2267f726 HTTP/1.1" 200 233 10.0.0.234 - - [29/Jun/2026:00:34:31 +0000] "GET / HTTP/1.1" 300 295
[Mon Jun 29 00:34:31.641624 2026] [wsgi:error] [pid 10:tid 139713093048000] [remote 10.0.0.234:60400] 2026-06-29 00:34:31.641 10 WARNING keystone.common.password_hashing [None req-518db701-c6b0-4f9f-a443-1c4e306815e6 - - - - - -] Truncating password to algorithm specific maximum length 72 characters. 10.0.0.234 - - [29/Jun/2026:00:34:31 +0000] "GET / HTTP/1.1" 300 295
[Mon Jun 29 00:34:31.803011 2026] [wsgi:error] [pid 12:tid 139713093048000] [remote 10.0.0.234:60406] 2026-06-29 00:34:31.802 12 WARNING keystone.common.password_hashing [None req-78a93e7f-cd87-4f25-9312-6e9fa4459e6a - - - - - -] Truncating password to algorithm specific maximum length 72 characters. 10.0.0.234 - - [29/Jun/2026:00:34:31 +0000] "GET / HTTP/1.1" 300 295
[Mon Jun 29 00:34:31.913541 2026] [wsgi:error] [pid 10:tid 139713093048000] [remote 10.0.0.234:60400] 2026-06-29 00:34:31.913 10 WARNING keystone.common.fernet_utils [None req-518db701-c6b0-4f9f-a443-1c4e306815e6 - - - - - -] key_repository is world readable: /etc/keystone/fernet-keys/ 10.0.0.234 - - [29/Jun/2026:00:34:31 +0000] "POST /v3/auth/tokens HTTP/1.1" 201 1464
[Mon Jun 29 00:34:31.917830 2026] [wsgi:error] [pid 11:tid 139713093048000] [remote 10.0.0.234:60410] 2026-06-29 00:34:31.917 11 WARNING keystone.common.password_hashing [None req-d25a036b-d0af-4719-a08e-7951fd5eea8d - - - - - -] Truncating password to algorithm specific maximum length 72 characters. 10.0.0.234 - - [29/Jun/2026:00:34:32 +0000] "GET /v3/services/be32a791246c40d3b8e1e0837d4115d3 HTTP/1.1" 200 296 10.0.0.234 - - [29/Jun/2026:00:34:32 +0000] "GET /v3/regions/RegionOne HTTP/1.1" 200 173
[Mon Jun 29 00:34:32.095703 2026] [wsgi:error] [pid 12:tid 139713093048000] [remote 10.0.0.234:60406] 2026-06-29 00:34:32.095 12 WARNING keystone.common.fernet_utils [None req-78a93e7f-cd87-4f25-9312-6e9fa4459e6a - - - - - -] key_repository is world readable: /etc/keystone/fernet-keys/ 10.0.0.234 - - [29/Jun/2026:00:34:31 +0000] "POST /v3/auth/tokens HTTP/1.1" 201 1464 10.0.0.234 - - [29/Jun/2026:00:34:32 +0000] "POST /v3/endpoints HTTP/1.1" 201 380
[Mon Jun 29 00:34:32.214196 2026] [wsgi:error] [pid 11:tid 139713093048000] [remote 10.0.0.234:60410] 2026-06-29 00:34:32.214 11 WARNING keystone.common.fernet_utils [None req-d25a036b-d0af-4719-a08e-7951fd5eea8d - - - - - -] key_repository is world readable: /etc/keystone/fernet-keys/ 10.0.0.234 - - [29/Jun/2026:00:34:31 +0000] "POST /v3/auth/tokens HTTP/1.1" 201 1641 10.0.0.234 - - [29/Jun/2026:00:34:32 +0000] "GET /v3/services/be32a791246c40d3b8e1e0837d4115d3 HTTP/1.1" 200 296 10.0.0.234 - - [29/Jun/2026:00:34:32 +0000] "GET /v3/regions/RegionOne HTTP/1.1" 200 173 10.0.0.234 - - [29/Jun/2026:00:34:32 +0000] "POST /v3/endpoints HTTP/1.1" 201 383 10.0.0.234 - - [29/Jun/2026:00:34:32 +0000] "GET /v3/services/be32a791246c40d3b8e1e0837d4115d3 HTTP/1.1" 200 296 10.0.0.234 - - [29/Jun/2026:00:34:32 +0000] "GET /v3/regions/RegionOne HTTP/1.1" 200 173 10.0.0.234 - - [29/Jun/2026:00:34:32 +0000] "POST /v3/endpoints HTTP/1.1" 201 370 10.0.0.234 - - [29/Jun/2026:00:34:33 +0000] "GET / HTTP/1.1" 300 295
[Mon Jun 29 00:34:33.592657 2026] [wsgi:error] [pid 11:tid 139713093048000] [remote 10.0.0.234:60422] 2026-06-29 00:34:33.592 11 WARNING keystone.common.password_hashing [None req-adc8fc01-bebd-46ce-8fc2-90f440dd3c65 - - - - - -] Truncating password to algorithm specific maximum length 72 characters. 10.0.0.234 - - [29/Jun/2026:00:34:33 +0000] "GET / HTTP/1.1" 300 295
[Mon Jun 29 00:34:33.713310 2026] [wsgi:error] [pid 12:tid 139713093048000] [remote 10.0.0.234:60432] 2026-06-29 00:34:33.713 12 WARNING keystone.common.password_hashing [None req-8841e8e8-8eda-4b41-921f-d80b05ea8904 - - - - - -] Truncating password to algorithm specific maximum length 72 characters.
[Mon Jun 29 00:34:33.885230 2026] [wsgi:error] [pid 11:tid 139713093048000] [remote 10.0.0.234:60422] 2026-06-29 00:34:33.885 11 WARNING keystone.common.fernet_utils [None req-adc8fc01-bebd-46ce-8fc2-90f440dd3c65 - - - - - -] key_repository is world readable: /etc/keystone/fernet-keys/ 10.0.0.234 - - [29/Jun/2026:00:34:33 +0000] "POST /v3/auth/tokens HTTP/1.1" 201 1992 10.0.0.234 - - [29/Jun/2026:00:34:33 +0000] "GET / HTTP/1.1" 300 295
[Mon Jun 29 00:34:33.983027 2026] [wsgi:error] [pid 12:tid 139713093048000] [remote 10.0.0.234:60432] 2026-06-29 00:34:33.982 12 WARNING keystone.common.fernet_utils [None req-8841e8e8-8eda-4b41-921f-d80b05ea8904 - - - - - -] key_repository is world readable: /etc/keystone/fernet-keys/ 10.0.0.234 - - [29/Jun/2026:00:34:33 +0000] "POST /v3/auth/tokens HTTP/1.1" 201 1992
[Mon Jun 29 00:34:33.997054 2026] [wsgi:error] [pid 9:tid 139713093048000] [remote 10.0.0.234:60448] 2026-06-29 00:34:33.996 9 WARNING keystone.common.password_hashing [None req-f1b5f82c-73b2-429c-86e8-fa64d216a08c - - - - - -] Truncating password to algorithm specific maximum length 72 characters. 10.0.0.234 - - [29/Jun/2026:00:34:33 +0000] "GET /v3/endpoints/740d7ff0e0ef42119f5b0755ddf94432 HTTP/1.1" 200 380 10.0.0.234 - - [29/Jun/2026:00:34:34 +0000] "GET /v3/services/be32a791246c40d3b8e1e0837d4115d3 HTTP/1.1" 200 296 10.0.0.234 - - [29/Jun/2026:00:34:34 +0000] "GET /v3/endpoints/df43130126a442918a3160132691a229 HTTP/1.1" 200 383 10.0.0.234 - - [29/Jun/2026:00:34:34 +0000] "GET /v3/services/be32a791246c40d3b8e1e0837d4115d3 HTTP/1.1" 200 296
[Mon Jun 29 00:34:34.300515 2026] [wsgi:error] [pid 9:tid 139713093048000] [remote 10.0.0.234:60448] 2026-06-29 00:34:34.300 9 WARNING keystone.common.fernet_utils [None req-f1b5f82c-73b2-429c-86e8-fa64d216a08c - - - - - -] key_repository is world readable: /etc/keystone/fernet-keys/ 10.0.0.234 - - [29/Jun/2026:00:34:33 +0000] "POST /v3/auth/tokens HTTP/1.1" 201 1992 10.0.0.234 - - [29/Jun/2026:00:34:34 +0000] "GET /v3/endpoints/842dff52d94d4ae6910188be44be0caa HTTP/1.1" 200 370 10.0.0.234 - - [29/Jun/2026:00:34:34 +0000] "GET /v3/services/be32a791246c40d3b8e1e0837d4115d3 HTTP/1.1" 200 296 10.0.0.172 - - [29/Jun/2026:00:34:45 +0000] "GET / HTTP/1.1" 300 295
[Mon Jun 29 00:34:45.952375 2026] [wsgi:error] [pid 9:tid 139713093048000] [remote 10.0.0.172:34264] 2026-06-29 00:34:45.952 9 WARNING keystone.common.password_hashing [None req-61cdb1fa-f4a3-4256-9d86-17d5955ad04e - - - - - -] Truncating password to algorithm specific maximum length 72 characters.
[Mon Jun 29 00:34:46.226952 2026] [wsgi:error] [pid 9:tid 139713093048000] [remote 10.0.0.172:34264] 2026-06-29 00:34:46.226 9 WARNING keystone.common.fernet_utils [None req-61cdb1fa-f4a3-4256-9d86-17d5955ad04e - - - - - -] key_repository is world readable: /etc/keystone/fernet-keys/ 10.0.0.172 - - [29/Jun/2026:00:34:45 +0000] "POST /v3/auth/tokens HTTP/1.1" 201 1992 10.0.0.172 - - [29/Jun/2026:00:34:46 +0000] "POST /v3/domains HTTP/1.1" 201 284 10.0.0.172 - - [29/Jun/2026:00:34:47 +0000] "GET / HTTP/1.1" 300 295
[Mon Jun 29 00:34:47.879379 2026] [wsgi:error] [pid 10:tid 139713093048000] [remote 10.0.0.172:51882] 2026-06-29 00:34:47.879 10 WARNING keystone.common.password_hashing [None req-8435b223-a7d1-436c-a664-4c55c8e53de3 - - - - - -] Truncating password to algorithm specific maximum length 72 characters.
[Mon Jun 29 00:34:48.153984 2026] [wsgi:error] [pid 10:tid 139713093048000] [remote 10.0.0.172:51882] 2026-06-29 00:34:48.153 10 WARNING keystone.common.fernet_utils [None req-8435b223-a7d1-436c-a664-4c55c8e53de3 - - - - - -] key_repository is world readable: /etc/keystone/fernet-keys/ 10.0.0.172 - - [29/Jun/2026:00:34:47 +0000] "POST /v3/auth/tokens HTTP/1.1" 201 1992
[Mon Jun 29 00:34:48.324712 2026] [wsgi:error] [pid 9:tid 139713093048000] [remote 10.0.0.172:51882] 2026-06-29 00:34:48.312 9 ERROR keystone.server.flask.application [None req-c7016169-be4a-48cf-b94a-c951bc7c84fe d91d46e8066541feb59373e64bd391fb 582a96f1abf44db18601e64dbd00fb7b - - default default] Conflict occurred attempting to store project - it is not permitted to have two projects acting as domains with the same name: service.: keystone.exception.Conflict: Conflict occurred attempting to store project - it is not permitted to have two projects acting as domains with the same name: service.
[Mon Jun 29 00:34:48.324736 2026] [wsgi:error] [pid 9:tid 139713093048000] [remote 10.0.0.172:51882] 2026-06-29 00:34:48.312 9 ERROR keystone.server.flask.application
Traceback (most recent call last):
[Mon Jun 29 00:34:48.324738 2026] [wsgi:error] [pid 9:tid 139713093048000] [remote 10.0.0.172:51882] 2026-06-29 00:34:48.312 9 ERROR keystone.server.flask.application
File "/var/lib/openstack/lib/python3.12/site-packages/sqlalchemy/engine/base.py", line 1969, in _exec_single_context
[Mon Jun 29 00:34:48.324739 2026] [wsgi:error] [pid 9:tid 139713093048000] [remote 10.0.0.172:51882] 2026-06-29 00:34:48.312 9 ERROR keystone.server.flask.application self.dialect.do_execute(
[Mon Jun 29 00:34:48.324741 2026] [wsgi:error] [pid 9:tid 139713093048000] [remote 10.0.0.172:51882] 2026-06-29 00:34:48.312 9 ERROR keystone.server.flask.application
File "/var/lib/openstack/lib/python3.12/site-packages/sqlalchemy/engine/default.py", line 952, in do_execute
[Mon Jun 29 00:34:48.324743 2026] [wsgi:error] [pid 9:tid 139713093048000] [remote 10.0.0.172:51882] 2026-06-29 00:34:48.312 9 ERROR keystone.server.flask.application cursor.execute(statement, parameters)
[Mon Jun 29 00:34:48.324744 2026] [wsgi:error] [pid 9:tid 139713093048000] [remote 10.0.0.172:51882] 2026-06-29 00:34:48.312 9 ERROR keystone.server.flask.application
File "/var/lib/openstack/lib/python3.12/site-packages/pymysql/cursors.py", line 159, in execute
[Mon Jun 29 00:34:48.324745 2026] [wsgi:error] [pid 9:tid 139713093048000] [remote 10.0.0.172:51882] 2026-06-29 00:34:48.312 9 ERROR keystone.server.flask.application result = self._query(query)
[Mon Jun 29 00:34:48.324747 2026] [wsgi:error] [pid 9:tid 139713093048000] [remote 10.0.0.172:51882] 2026-06-29 00:34:48.312 9 ERROR keystone.server.flask.application ^^^^^^^^^^^^^^^^^^
[Mon Jun 29 00:34:48.324748 2026] [wsgi:error] [pid 9:tid 139713093048000] [remote 10.0.0.172:51882] 2026-06-29 00:34:48.312 9 ERROR keystone.server.flask.application
File "/var/lib/openstack/lib/python3.12/site-packages/pymysql/cursors.py", line 330, in _query
[Mon Jun 29 00:34:48.324749 2026] [wsgi:error] [pid 9:tid 139713093048000] [remote 10.0.0.172:51882] 2026-06-29 00:34:48.312 9 ERROR keystone.server.flask.application conn.query(q)
[Mon Jun 29 00:34:48.324751 2026] [wsgi:error] [pid 9:tid 139713093048000] [remote 10.0.0.172:51882] 2026-06-29 00:34:48.312 9 ERROR keystone.server.flask.application
File "/var/lib/openstack/lib/python3.12/site-packages/pymysql/connections.py", line 582, in query
[Mon Jun 29 00:34:48.324752 2026] [wsgi:error] [pid 9:tid 139713093048000] [remote 10.0.0.172:51882] 2026-06-29 00:34:48.312 9 ERROR keystone.server.flask.application self._affected_rows = self._read_query_result(unbuffered=unbuffered)
[Mon Jun 29 00:34:48.324754 2026] [wsgi:error] [pid 9:tid 139713093048000] [remote 10.0.0.172:51882] 2026-06-29 00:34:48.312 9 ERROR keystone.server.flask.application ^^^^^^^^^^^^^^^^^^^^^^^^^^^^^^^^^^^^^^^^^^^^^^
[Mon Jun 29 00:34:48.324755 2026] [wsgi:error] [pid 9:tid 139713093048000] [remote 10.0.0.172:51882] 2026-06-29 00:34:48.312 9 ERROR keystone.server.flask.application
File "/var/lib/openstack/lib/python3.12/site-packages/pymysql/connections.py", line 847, in _read_query_result
[Mon Jun 29 00:34:48.324757 2026] [wsgi:error] [pid 9:tid 139713093048000] [remote 10.0.0.172:51882] 2026-06-29 00:34:48.312 9 ERROR keystone.server.flask.application result.read()
[Mon Jun 29 00:34:48.324760 2026] [wsgi:error] [pid 9:tid 139713093048000] [remote 10.0.0.172:51882] 2026-06-29 00:34:48.312 9 ERROR keystone.server.flask.application
File "/var/lib/openstack/lib/python3.12/site-packages/pymysql/connections.py", line 1245, in read
[Mon Jun 29 00:34:48.324761 2026] [wsgi:error] [pid 9:tid 139713093048000] [remote 10.0.0.172:51882] 2026-06-29 00:34:48.312 9 ERROR keystone.server.flask.application first_packet = self.connection._read_packet()
[Mon Jun 29 00:34:48.324763 2026] [wsgi:error] [pid 9:tid 139713093048000] [remote 10.0.0.172:51882] 2026-06-29 00:34:48.312 9 ERROR keystone.server.flask.application ^^^^^^^^^^^^^^^^^^^^^^^^^^^^^^
[Mon Jun 29 00:34:48.324764 2026] [wsgi:error] [pid 9:tid 139713093048000] [remote 10.0.0.172:51882] 2026-06-29 00:34:48.312 9 ERROR keystone.server.flask.application
File "/var/lib/openstack/lib/python3.12/site-packages/pymysql/connections.py", line 803, in _read_packet
[Mon Jun 29 00:34:48.324765 2026] [wsgi:error] [pid 9:tid 139713093048000] [remote 10.0.0.172:51882] 2026-06-29 00:34:48.312 9 ERROR keystone.server.flask.application packet.raise_for_error()
[Mon Jun 29 00:34:48.324767 2026] [wsgi:error] [pid 9:tid 139713093048000] [remote 10.0.0.172:51882] 2026-06-29 00:34:48.312 9 ERROR keystone.server.flask.application
File "/var/lib/openstack/lib/python3.12/site-packages/pymysql/protocol.py", line 219, in raise_for_error
[Mon Jun 29 00:34:48.324768 2026] [wsgi:error] [pid 9:tid 139713093048000] [remote 10.0.0.172:51882] 2026-06-29 00:34:48.312 9 ERROR keystone.server.flask.application err.raise_mysql_exception(self._data)
[Mon Jun 29 00:34:48.324769 2026] [wsgi:error] [pid 9:tid 139713093048000] [remote 10.0.0.172:51882] 2026-06-29 00:34:48.312 9 ERROR keystone.server.flask.application
File "/var/lib/openstack/lib/python3.12/site-packages/pymysql/err.py", line 154, in raise_mysql_exception
[Mon Jun 29 00:34:48.324771 2026] [wsgi:error] [pid 9:tid 139713093048000] [remote 10.0.0.172:51882] 2026-06-29 00:34:48.312 9 ERROR keystone.server.flask.application raise errorclass(errno, errval, sqlstate=sqlstate)
[Mon Jun 29 00:34:48.324772 2026] [wsgi:error] [pid 9:tid 139713093048000] [remote 10.0.0.172:51882] 2026-06-29 00:34:48.312 9 ERROR keystone.server.flask.application pymysql.err.IntegrityError: (1062, "Duplicate entry '<>-service' for key 'project.ixu_project_name_domain_id'")
[Mon Jun 29 00:34:48.324774 2026] [wsgi:error] [pid 9:tid 139713093048000] [remote 10.0.0.172:51882] 2026-06-29 00:34:48.312 9 ERROR keystone.server.flask.application
[Mon Jun 29 00:34:48.324775 2026] [wsgi:error] [pid 9:tid 139713093048000] [remote 10.0.0.172:51882] 2026-06-29 00:34:48.312 9 ERROR keystone.server.flask.application The above exception was the direct cause of the following exception:
[Mon Jun 29 00:34:48.324797 2026] [wsgi:error] [pid 9:tid 139713093048000] [remote 10.0.0.172:51882] 2026-06-29 00:34:48.312 9 ERROR keystone.server.flask.application
[Mon Jun 29 00:34:48.324799 2026] [wsgi:error] [pid 9:tid 139713093048000] [remote 10.0.0.172:51882] 2026-06-29 00:34:48.312 9 ERROR keystone.server.flask.application
Traceback (most recent call last):
[Mon Jun 29 00:34:48.324800 2026] [wsgi:error] [pid 9:tid 139713093048000] [remote 10.0.0.172:51882] 2026-06-29 00:34:48.312 9 ERROR keystone.server.flask.application
File "/var/lib/openstack/lib/python3.12/site-packages/keystone/common/sql/core.py", line 575, in wrapper
[Mon Jun 29 00:34:48.324802 2026] [wsgi:error] [pid 9:tid 139713093048000] [remote 10.0.0.172:51882] 2026-06-29 00:34:48.312 9 ERROR keystone.server.flask.application return method(*args, **kwargs)
[Mon Jun 29 00:34:48.324803 2026] [wsgi:error] [pid 9:tid 139713093048000] [remote 10.0.0.172:51882] 2026-06-29 00:34:48.312 9 ERROR keystone.server.flask.application ^^^^^^^^^^^^^^^^^^^^^^^
[Mon Jun 29 00:34:48.324805 2026] [wsgi:error] [pid 9:tid 139713093048000] [remote 10.0.0.172:51882] 2026-06-29 00:34:48.312 9 ERROR keystone.server.flask.application
File "/var/lib/openstack/lib/python3.12/site-packages/keystone/resource/backends/sql.py", line 278, in create_project
[Mon Jun 29 00:34:48.324806 2026] [wsgi:error] [pid 9:tid 139713093048000] [remote 10.0.0.172:51882] 2026-06-29 00:34:48.312 9 ERROR keystone.server.flask.application with sql.session_for_write() as session:
[Mon Jun 29 00:34:48.324808 2026] [wsgi:error] [pid 9:tid 139713093048000] [remote 10.0.0.172:51882] 2026-06-29 00:34:48.312 9 ERROR keystone.server.flask.application
File "/usr/lib/python3.12/contextlib.py", line 144, in __exit__
[Mon Jun 29 00:34:48.324810 2026] [wsgi:error] [pid 9:tid 139713093048000] [remote 10.0.0.172:51882] 2026-06-29 00:34:48.312 9 ERROR keystone.server.flask.application next(self.gen)
[Mon Jun 29 00:34:48.324811 2026] [wsgi:error] [pid 9:tid 139713093048000] [remote 10.0.0.172:51882] 2026-06-29 00:34:48.312 9 ERROR keystone.server.flask.application
File "/var/lib/openstack/lib/python3.12/site-packages/oslo_db/sqlalchemy/enginefacade.py", line 1175, in _transaction_scope
[Mon Jun 29 00:34:48.324813 2026] [wsgi:error] [pid 9:tid 139713093048000] [remote 10.0.0.172:51882] 2026-06-29 00:34:48.312 9 ERROR keystone.server.flask.application with current._produce_block(
[Mon Jun 29 00:34:48.324814 2026] [wsgi:error] [pid 9:tid 139713093048000] [remote 10.0.0.172:51882] 2026-06-29 00:34:48.312 9 ERROR keystone.server.flask.application
File "/usr/lib/python3.12/contextlib.py", line 144, in __exit__
[Mon Jun 29 00:34:48.324816 2026] [wsgi:error] [pid 9:tid 139713093048000] [remote 10.0.0.172:51882] 2026-06-29 00:34:48.312 9 ERROR keystone.server.flask.application next(self.gen)
[Mon Jun 29 00:34:48.324818 2026] [wsgi:error] [pid 9:tid 139713093048000] [remote 10.0.0.172:51882] 2026-06-29 00:34:48.312 9 ERROR keystone.server.flask.application
File "/var/lib/openstack/lib/python3.12/site-packages/oslo_db/sqlalchemy/enginefacade.py", line 837, in _session
[Mon Jun 29 00:34:48.324820 2026] [wsgi:error] [pid 9:tid 139713093048000] [remote 10.0.0.172:51882] 2026-06-29 00:34:48.312 9 ERROR keystone.server.flask.application with excutils.save_and_reraise_exception():
[Mon Jun 29 00:34:48.324821 2026] [wsgi:error] [pid 9:tid 139713093048000] [remote 10.0.0.172:51882] 2026-06-29 00:34:48.312 9 ERROR keystone.server.flask.application
File "/var/lib/openstack/lib/python3.12/site-packages/oslo_utils/excutils.py", line 266, in __exit__
[Mon Jun 29 00:34:48.324824 2026] [wsgi:error] [pid 9:tid 139713093048000] [remote 10.0.0.172:51882] 2026-06-29 00:34:48.312 9 ERROR keystone.server.flask.application self.force_reraise()
[Mon Jun 29 00:34:48.324826 2026] [wsgi:error] [pid 9:tid 139713093048000] [remote 10.0.0.172:51882] 2026-06-29 00:34:48.312 9 ERROR keystone.server.flask.application
File "/var/lib/openstack/lib/python3.12/site-packages/oslo_utils/excutils.py", line 232, in force_reraise
[Mon Jun 29 00:34:48.324828 2026] [wsgi:error] [pid 9:tid 139713093048000] [remote 10.0.0.172:51882] 2026-06-29 00:34:48.312 9 ERROR keystone.server.flask.application raise self.value
[Mon Jun 29 00:34:48.324831 2026] [wsgi:error] [pid 9:tid 139713093048000] [remote 10.0.0.172:51882] 2026-06-29 00:34:48.312 9 ERROR keystone.server.flask.application
File "/var/lib/openstack/lib/python3.12/site-packages/oslo_db/sqlalchemy/enginefacade.py", line 835, in _session
[Mon Jun 29 00:34:48.324832 2026] [wsgi:error] [pid 9:tid 139713093048000] [remote 10.0.0.172:51882] 2026-06-29 00:34:48.312 9 ERROR keystone.server.flask.application self._end_session_transaction(self.session)
[Mon Jun 29 00:34:48.324835 2026] [wsgi:error] [pid 9:tid 139713093048000] [remote 10.0.0.172:51882] 2026-06-29 00:34:48.312 9 ERROR keystone.server.flask.application
File "/var/lib/openstack/lib/python3.12/site-packages/oslo_db/sqlalchemy/enginefacade.py", line 748, in _end_session_transaction
[Mon Jun 29 00:34:48.324838 2026] [wsgi:error] [pid 9:tid 139713093048000] [remote 10.0.0.172:51882] 2026-06-29 00:34:48.312 9 ERROR keystone.server.flask.application session.commit()
[Mon Jun 29 00:34:48.324840 2026] [wsgi:error] [pid 9:tid 139713093048000] [remote 10.0.0.172:51882] 2026-06-29 00:34:48.312 9 ERROR keystone.server.flask.application
File "/var/lib/openstack/lib/python3.12/site-packages/sqlalchemy/orm/session.py", line 2034, in commit
[Mon Jun 29 00:34:48.324842 2026] [wsgi:error] [pid 9:tid 139713093048000] [remote 10.0.0.172:51882] 2026-06-29 00:34:48.312 9 ERROR keystone.server.flask.application trans.commit(_to_root=True)
[Mon Jun 29 00:34:48.324844 2026] [wsgi:error] [pid 9:tid 139713093048000] [remote 10.0.0.172:51882] 2026-06-29 00:34:48.312 9 ERROR keystone.server.flask.application File "", line 2, in commit
[Mon Jun 29 00:34:48.324846 2026] [wsgi:error] [pid 9:tid 139713093048000] [remote 10.0.0.172:51882] 2026-06-29 00:34:48.312 9 ERROR keystone.server.flask.application
File "/var/lib/openstack/lib/python3.12/site-packages/sqlalchemy/orm/state_changes.py", line 137, in _go
[Mon Jun 29 00:34:48.324848 2026] [wsgi:error] [pid 9:tid 139713093048000] [remote 10.0.0.172:51882] 2026-06-29 00:34:48.312 9 ERROR keystone.server.flask.application ret_value = fn(self, *arg, **kw)
[Mon Jun 29 00:34:48.324849 2026] [wsgi:error] [pid 9:tid 139713093048000] [remote 10.0.0.172:51882] 2026-06-29 00:34:48.312 9 ERROR keystone.server.flask.application ^^^^^^^^^^^^^^^^^^^^
[Mon Jun 29 00:34:48.324852 2026] [wsgi:error] [pid 9:tid 139713093048000] [remote 10.0.0.172:51882] 2026-06-29 00:34:48.312 9 ERROR keystone.server.flask.application
File "/var/lib/openstack/lib/python3.12/site-packages/sqlalchemy/orm/session.py", line 1315, in commit
[Mon Jun 29 00:34:48.324853 2026] [wsgi:error] [pid 9:tid 139713093048000] [remote 10.0.0.172:51882] 2026-06-29 00:34:48.312 9 ERROR keystone.server.flask.application self._prepare_impl()
[Mon Jun 29 00:34:48.324855 2026] [wsgi:error] [pid 9:tid 139713093048000] [remote 10.0.0.172:51882] 2026-06-29 00:34:48.312 9 ERROR keystone.server.flask.application File "", line 2, in _prepare_impl
[Mon Jun 29 00:34:48.324857 2026] [wsgi:error] [pid 9:tid 139713093048000] [remote 10.0.0.172:51882] 2026-06-29 00:34:48.312 9 ERROR keystone.server.flask.application
File "/var/lib/openstack/lib/python3.12/site-packages/sqlalchemy/orm/state_changes.py", line 137, in _go
[Mon Jun 29 00:34:48.324859 2026] [wsgi:error] [pid 9:tid 139713093048000] [remote 10.0.0.172:51882] 2026-06-29 00:34:48.312 9 ERROR keystone.server.flask.application ret_value = fn(self, *arg, **kw)
[Mon Jun 29 00:34:48.324861 2026] [wsgi:error] [pid 9:tid 139713093048000] [remote 10.0.0.172:51882] 2026-06-29 00:34:48.312 9 ERROR keystone.server.flask.application ^^^^^^^^^^^^^^^^^^^^
[Mon Jun 29 00:34:48.324863 2026] [wsgi:error] [pid 9:tid 139713093048000] [remote 10.0.0.172:51882] 2026-06-29 00:34:48.312 9 ERROR keystone.server.flask.application
File "/var/lib/openstack/lib/python3.12/site-packages/sqlalchemy/orm/session.py", line 1290, in _prepare_impl
[Mon Jun 29 00:34:48.324865 2026] [wsgi:error] [pid 9:tid 139713093048000] [remote 10.0.0.172:51882] 2026-06-29 00:34:48.312 9 ERROR keystone.server.flask.application self.session.flush()
[Mon Jun 29 00:34:48.324866 2026] [wsgi:error] [pid 9:tid 139713093048000] [remote 10.0.0.172:51882] 2026-06-29 00:34:48.312 9 ERROR keystone.server.flask.application
File "/var/lib/openstack/lib/python3.12/site-packages/sqlalchemy/orm/session.py", line 4352, in flush
[Mon Jun 29 00:34:48.324869 2026] [wsgi:error] [pid 9:tid 139713093048000] [remote 10.0.0.172:51882] 2026-06-29 00:34:48.312 9 ERROR keystone.server.flask.application self._flush(objects)
[Mon Jun 29 00:34:48.324871 2026] [wsgi:error] [pid 9:tid 139713093048000] [remote 10.0.0.172:51882] 2026-06-29 00:34:48.312 9 ERROR keystone.server.flask.application
File "/var/lib/openstack/lib/python3.12/site-packages/sqlalchemy/orm/session.py", line 4487, in _flush
[Mon Jun 29 00:34:48.324873 2026] [wsgi:error] [pid 9:tid 139713093048000] [remote 10.0.0.172:51882] 2026-06-29 00:34:48.312 9 ERROR keystone.server.flask.application with util.safe_reraise():
[Mon Jun 29 00:34:48.324875 2026] [wsgi:error] [pid 9:tid 139713093048000] [remote 10.0.0.172:51882] 2026-06-29 00:34:48.312 9 ERROR keystone.server.flask.application
File "/var/lib/openstack/lib/python3.12/site-packages/sqlalchemy/util/langhelpers.py", line 122, in __exit__
[Mon Jun 29 00:34:48.324876 2026] [wsgi:error] [pid 9:tid 139713093048000] [remote 10.0.0.172:51882] 2026-06-29 00:34:48.312 9 ERROR keystone.server.flask.application raise exc_value.with_traceback(exc_tb)
[Mon Jun 29 00:34:48.324878 2026] [wsgi:error] [pid 9:tid 139713093048000] [remote 10.0.0.172:51882] 2026-06-29 00:34:48.312 9 ERROR keystone.server.flask.application
File "/var/lib/openstack/lib/python3.12/site-packages/sqlalchemy/orm/session.py", line 4448, in _flush
[Mon Jun 29 00:34:48.324880 2026] [wsgi:error] [pid 9:tid 139713093048000] [remote 10.0.0.172:51882] 2026-06-29 00:34:48.312 9 ERROR keystone.server.flask.application flush_context.execute()
[Mon Jun 29 00:34:48.324881 2026] [wsgi:error] [pid 9:tid 139713093048000] [remote 10.0.0.172:51882] 2026-06-29 00:34:48.312 9 ERROR keystone.server.flask.application
File "/var/lib/openstack/lib/python3.12/site-packages/sqlalchemy/orm/unitofwork.py", line 465, in execute
[Mon Jun 29 00:34:48.324883 2026] [wsgi:error] [pid 9:tid 139713093048000] [remote 10.0.0.172:51882] 2026-06-29 00:34:48.312 9 ERROR keystone.server.flask.application rec.execute(self)
