+ COMMAND=start + start + exec neutron-rpc-server --config-file /etc/neutron/neutron.conf --config-file /etc/neutron/plugins/ml2/ml2_conf.ini /var/lib/openstack/lib/python3.10/site-packages/munch/__init__.py:24: UserWarning: pkg_resources is deprecated as an API. See https://setuptools.pypa.io/en/latest/pkg_resources.html. The pkg_resources package is slated for removal as early as 2025-11-30. Refrain from using this package or pin to Setuptools<81. import pkg_resources
2026-06-28 20:30:43.832 1 INFO neutron.common.config [-] Logging enabled!
2026-06-28 20:30:43.832 1 INFO neutron.common.config [-] /var/lib/openstack/bin/neutron-rpc-server version 21.2.2.dev24
2026-06-28 20:30:43.833 1 INFO neutron.server.rpc_eventlet [-] Eventlet based AMQP RPC server starting...
2026-06-28 20:30:43.833 1 INFO neutron.manager [-] Loading core plugin: ml2
2026-06-28 20:30:44.597 1 INFO neutron.plugins.ml2.managers [-] Configured type driver names: ['flat', 'gre', 'vlan', 'vxlan']
2026-06-28 20:30:44.600 1 INFO neutron.plugins.ml2.drivers.type_flat [-] Arbitrary flat physical_network names allowed
2026-06-28 20:30:44.602 1 INFO neutron.plugins.ml2.drivers.type_vlan [-] Network VLAN ranges: OrderedDict([('external', [(1, 4094)])])
2026-06-28 20:30:44.603 1 INFO neutron.plugins.ml2.managers [-] Loaded type driver names: ['flat', 'gre', 'vlan', 'vxlan']
2026-06-28 20:30:44.603 1 INFO neutron.plugins.ml2.managers [-] Registered types: dict_keys(['flat', 'gre', 'vlan', 'vxlan'])
2026-06-28 20:30:44.603 1 INFO neutron.plugins.ml2.managers [-] Tenant network_types: ['vxlan']
2026-06-28 20:30:44.604 1 INFO neutron.plugins.ml2.managers [-] Configured extension driver names: ['dns_domain_ports', 'port_security', 'qos']
2026-06-28 20:30:44.609 1 INFO neutron.plugins.ml2.managers [-] Loaded extension driver names: ['dns_domain_ports', 'port_security', 'qos']
2026-06-28 20:30:44.609 1 INFO neutron.plugins.ml2.managers [-] Registered extension drivers: ['dns_domain_ports', 'port_security', 'qos']
2026-06-28 20:30:44.609 1 INFO neutron.plugins.ml2.managers [-] Configured mechanism driver names: ['openvswitch', 'l2population']
2026-06-28 20:30:44.628 1 INFO neutron.plugins.ml2.drivers.mech_agent [-] Open vSwitch agent's supported_vnic_types: ['normal', 'direct', 'smart-nic', 'vdpa']
2026-06-28 20:30:44.629 1 INFO neutron.plugins.ml2.managers [-] Loaded mechanism driver names: ['openvswitch', 'l2population']
2026-06-28 20:30:44.629 1 INFO neutron.plugins.ml2.managers [-] Registered mechanism drivers: ['openvswitch', 'l2population']
2026-06-28 20:30:44.654 1 INFO neutron.plugins.ml2.managers [-] Initializing driver for type 'flat'
2026-06-28 20:30:44.654 1 INFO neutron.plugins.ml2.drivers.type_flat [-] ML2 FlatTypeDriver initialization complete
2026-06-28 20:30:44.655 1 INFO neutron.plugins.ml2.managers [-] Initializing driver for type 'gre'
2026-06-28 20:30:44.655 1 INFO neutron.plugins.ml2.drivers.type_tunnel [-] gre ID ranges: [(1, 1000)]
2026-06-28 20:30:44.900 1 INFO neutron.plugins.ml2.managers [None req-c3777d1e-4856-493b-aed0-dad654989aa2 - - - - - -] Initializing driver for type 'vlan'
2026-06-28 20:30:45.145 1 INFO neutron.plugins.ml2.drivers.type_vlan [None req-c3777d1e-4856-493b-aed0-dad654989aa2 - - - - - -] VlanTypeDriver initialization complete
2026-06-28 20:30:45.145 1 INFO neutron.plugins.ml2.managers [None req-c3777d1e-4856-493b-aed0-dad654989aa2 - - - - - -] Initializing driver for type 'vxlan'
2026-06-28 20:30:45.146 1 INFO neutron.plugins.ml2.drivers.type_tunnel [None req-c3777d1e-4856-493b-aed0-dad654989aa2 - - - - - -] vxlan ID ranges: [(1, 1000)]
2026-06-28 20:30:45.195 1 INFO neutron.plugins.ml2.managers [None req-c3777d1e-4856-493b-aed0-dad654989aa2 - - - - - -] Initializing extension driver 'dns_domain_ports'
2026-06-28 20:30:45.195 1 INFO neutron.plugins.ml2.extensions.dns_integration [None req-c3777d1e-4856-493b-aed0-dad654989aa2 - - - - - -] DNSDomainPortsExtensionDriver initialization complete
2026-06-28 20:30:45.195 1 INFO neutron.plugins.ml2.managers [None req-c3777d1e-4856-493b-aed0-dad654989aa2 - - - - - -] Initializing extension driver 'port_security'
2026-06-28 20:30:45.196 1 INFO neutron.plugins.ml2.extensions.port_security [None req-c3777d1e-4856-493b-aed0-dad654989aa2 - - - - - -] PortSecurityExtensionDriver initialization complete
2026-06-28 20:30:45.196 1 INFO neutron.plugins.ml2.managers [None req-c3777d1e-4856-493b-aed0-dad654989aa2 - - - - - -] Initializing extension driver 'qos'
2026-06-28 20:30:45.196 1 INFO neutron.plugins.ml2.managers [None req-c3777d1e-4856-493b-aed0-dad654989aa2 - - - - - -] Initializing mechanism driver 'openvswitch'
2026-06-28 20:30:45.196 1 INFO neutron.plugins.ml2.managers [None req-c3777d1e-4856-493b-aed0-dad654989aa2 - - - - - -] Initializing mechanism driver 'l2population'
2026-06-28 20:30:45.208 1 INFO neutron.quota [None req-806ed06e-e3a5-4dd9-a7c3-197973f7f008 - - - - - -] Loaded quota_driver: .
2026-06-28 20:30:45.208 1 INFO neutron.plugins.ml2.plugin [None req-806ed06e-e3a5-4dd9-a7c3-197973f7f008 - - - - - -] Modular L2 Plugin initialization complete
2026-06-28 20:30:45.209 1 INFO neutron.plugins.ml2.managers [None req-806ed06e-e3a5-4dd9-a7c3-197973f7f008 - - - - - -] Got dns-integration extension from driver 'dns_domain_ports'
2026-06-28 20:30:45.209 1 INFO neutron.plugins.ml2.managers [None req-806ed06e-e3a5-4dd9-a7c3-197973f7f008 - - - - - -] Got dns-domain-ports extension from driver 'dns_domain_ports'
2026-06-28 20:30:45.209 1 INFO neutron.plugins.ml2.managers [None req-806ed06e-e3a5-4dd9-a7c3-197973f7f008 - - - - - -] Got port-security extension from driver 'port_security'
2026-06-28 20:30:45.209 1 INFO neutron.extensions.vlantransparent [None req-806ed06e-e3a5-4dd9-a7c3-197973f7f008 - - - - - -] Disabled vlantransparent extension.
2026-06-28 20:30:45.209 1 INFO neutron.manager [None req-806ed06e-e3a5-4dd9-a7c3-197973f7f008 - - - - - -] Loading Plugin: qos
2026-06-28 20:30:45.218 1 INFO neutron.manager [None req-806ed06e-e3a5-4dd9-a7c3-197973f7f008 - - - - - -] Loading Plugin: router
2026-06-28 20:30:45.251 1 INFO neutron.services.service_base [None req-806ed06e-e3a5-4dd9-a7c3-197973f7f008 - - - - - -] Default provider is not specified for service type L3_ROUTER_NAT
2026-06-28 20:30:45.251 1 INFO neutron.manager [None req-806ed06e-e3a5-4dd9-a7c3-197973f7f008 - - - - - -] Loading Plugin: segments
2026-06-28 20:30:45.308 1 INFO neutron.manager [None req-806ed06e-e3a5-4dd9-a7c3-197973f7f008 - - - - - -] Loading Plugin: trunk
2026-06-28 20:30:45.355 1 INFO neutron.manager [None req-806ed06e-e3a5-4dd9-a7c3-197973f7f008 - - - - - -] Loading Plugin: vpnaas
2026-06-28 20:30:45.387 1 WARNING stevedore.named [None req-806ed06e-e3a5-4dd9-a7c3-197973f7f008 - - - - - -] Could not load neutron_vpnaas.services.vpn.service_drivers.ipsec.IPsecVPNDriver
2026-06-28 20:30:45.438 1 INFO neutron_vpnaas.services.vpn.plugin [None req-806ed06e-e3a5-4dd9-a7c3-197973f7f008 - - - - - -] VPN plugin using service drivers: dict_keys(['strongswan']), default: strongswan
2026-06-28 20:30:45.439 1 INFO neutron.common.utils [None req-806ed06e-e3a5-4dd9-a7c3-197973f7f008 - - - - - -] Disable filter validation extension by service plugin VPNDriverPlugin.
2026-06-28 20:30:45.439 1 INFO neutron.manager [None req-806ed06e-e3a5-4dd9-a7c3-197973f7f008 - - - - - -] Loading Plugin: auto_allocate
2026-06-28 20:30:45.442 1 INFO neutron.manager [None req-806ed06e-e3a5-4dd9-a7c3-197973f7f008 - - - - - -] Loading Plugin: tag
2026-06-28 20:30:45.447 1 INFO neutron.manager [None req-806ed06e-e3a5-4dd9-a7c3-197973f7f008 - - - - - -] Loading Plugin: timestamp
2026-06-28 20:30:45.449 1 INFO neutron.manager [None req-806ed06e-e3a5-4dd9-a7c3-197973f7f008 - - - - - -] Loading Plugin: network_ip_availability
2026-06-28 20:30:45.453 1 INFO neutron.manager [None req-806ed06e-e3a5-4dd9-a7c3-197973f7f008 - - - - - -] Loading Plugin: flavors
2026-06-28 20:30:45.456 1 INFO neutron.manager [None req-806ed06e-e3a5-4dd9-a7c3-197973f7f008 - - - - - -] Loading Plugin: revisions
2026-06-28 20:30:45.459 1 INFO neutron.api.extensions [None req-806ed06e-e3a5-4dd9-a7c3-197973f7f008 - - - - - -] Initializing extension manager.
2026-06-28 20:30:45.460 1 INFO neutron.api.extensions [None req-806ed06e-e3a5-4dd9-a7c3-197973f7f008 - - - - - -] Loaded extension: address-group
2026-06-28 20:30:45.460 1 INFO neutron.api.extensions [None req-806ed06e-e3a5-4dd9-a7c3-197973f7f008 - - - - - -] Loaded extension: address-scope
2026-06-28 20:30:45.461 1 INFO neutron.api.extensions [None req-806ed06e-e3a5-4dd9-a7c3-197973f7f008 - - - - - -] Loaded extension: router-admin-state-down-before-update
2026-06-28 20:30:45.461 1 INFO neutron.api.extensions [None req-806ed06e-e3a5-4dd9-a7c3-197973f7f008 - - - - - -] Loaded extension: agent
2026-06-28 20:30:45.462 1 INFO neutron.api.extensions [None req-806ed06e-e3a5-4dd9-a7c3-197973f7f008 - - - - - -] Loaded extension: agent-resources-synced
2026-06-28 20:30:45.463 1 INFO neutron.api.extensions [None req-806ed06e-e3a5-4dd9-a7c3-197973f7f008 - - - - - -] Loaded extension: allowed-address-pairs
2026-06-28 20:30:45.463 1 INFO neutron.api.extensions [None req-806ed06e-e3a5-4dd9-a7c3-197973f7f008 - - - - - -] Loaded extension: auto-allocated-topology
2026-06-28 20:30:45.464 1 INFO neutron.api.extensions [None req-806ed06e-e3a5-4dd9-a7c3-197973f7f008 - - - - - -] Loaded extension: availability_zone
2026-06-28 20:30:45.465 1 INFO neutron.api.extensions [None req-806ed06e-e3a5-4dd9-a7c3-197973f7f008 - - - - - -] Loaded extension: availability_zone_filter
2026-06-28 20:30:45.465 1 INFO neutron.api.extensions [None req-806ed06e-e3a5-4dd9-a7c3-197973f7f008 - - - - - -] Extension data-plane-status not supported by any of loaded plugins
2026-06-28 20:30:45.465 1 INFO neutron.api.extensions [None req-806ed06e-e3a5-4dd9-a7c3-197973f7f008 - - - - - -] Loaded extension: default-subnetpools
2026-06-28 20:30:45.466 1 INFO neutron.api.extensions [None req-806ed06e-e3a5-4dd9-a7c3-197973f7f008 - - - - - -] Loaded extension: dhcp_agent_scheduler
2026-06-28 20:30:45.467 1 INFO neutron.api.extensions [None req-806ed06e-e3a5-4dd9-a7c3-197973f7f008 - - - - - -] Loaded extension: dns-integration
2026-06-28 20:30:45.467 1 INFO neutron.api.extensions [None req-806ed06e-e3a5-4dd9-a7c3-197973f7f008 - - - - - -] Loaded extension: dns-domain-ports
2026-06-28 20:30:45.468 1 INFO neutron.api.extensions [None req-806ed06e-e3a5-4dd9-a7c3-197973f7f008 - - - - - -] Extension dns-integration-domain-keywords not supported by any of loaded plugins
2026-06-28 20:30:45.468 1 INFO neutron.api.extensions [None req-806ed06e-e3a5-4dd9-a7c3-197973f7f008 - - - - - -] Loaded extension: dvr
2026-06-28 20:30:45.469 1 INFO neutron.api.extensions [None req-806ed06e-e3a5-4dd9-a7c3-197973f7f008 - - - - - -] Extension ecmp_routes not supported by any of loaded plugins
2026-06-28 20:30:45.469 1 INFO neutron.api.extensions [None req-806ed06e-e3a5-4dd9-a7c3-197973f7f008 - - - - - -] Loaded extension: empty-string-filtering
2026-06-28 20:30:45.470 1 INFO neutron.api.extensions [None req-806ed06e-e3a5-4dd9-a7c3-197973f7f008 - - - - - -] Extension expose-l3-conntrack-helper not supported by any of loaded plugins
2026-06-28 20:30:45.470 1 INFO neutron.api.extensions [None req-806ed06e-e3a5-4dd9-a7c3-197973f7f008 - - - - - -] Extension expose-port-forwarding-in-fip not supported by any of loaded plugins
2026-06-28 20:30:45.470 1 INFO neutron.api.extensions [None req-806ed06e-e3a5-4dd9-a7c3-197973f7f008 - - - - - -] Loaded extension: external-net
2026-06-28 20:30:45.471 1 INFO neutron.api.extensions [None req-806ed06e-e3a5-4dd9-a7c3-197973f7f008 - - - - - -] Loaded extension: extra_dhcp_opt
2026-06-28 20:30:45.471 1 INFO neutron.api.extensions [None req-806ed06e-e3a5-4dd9-a7c3-197973f7f008 - - - - - -] Loaded extension: extraroute
2026-06-28 20:30:45.472 1 INFO neutron.api.extensions [None req-806ed06e-e3a5-4dd9-a7c3-197973f7f008 - - - - - -] Loaded extension: extraroute-atomic
2026-06-28 20:30:45.472 1 INFO neutron.api.extensions [None req-806ed06e-e3a5-4dd9-a7c3-197973f7f008 - - - - - -] Extension filter-validation not supported by any of loaded plugins
2026-06-28 20:30:45.473 1 INFO neutron.api.extensions [None req-806ed06e-e3a5-4dd9-a7c3-197973f7f008 - - - - - -] Extension floating-ip-port-forwarding-description not supported by any of loaded plugins
2026-06-28 20:30:45.473 1 INFO neutron.api.extensions [None req-806ed06e-e3a5-4dd9-a7c3-197973f7f008 - - - - - -] Loaded extension: floating-ip-port-forwarding-detail
2026-06-28 20:30:45.474 1 INFO neutron.api.extensions [None req-806ed06e-e3a5-4dd9-a7c3-197973f7f008 - - - - - -] Extension floating-ip-port-forwarding-port-ranges not supported by any of loaded plugins
2026-06-28 20:30:45.474 1 INFO neutron.api.extensions [None req-806ed06e-e3a5-4dd9-a7c3-197973f7f008 - - - - - -] Loaded extension: fip-port-details
2026-06-28 20:30:45.475 1 INFO neutron.api.extensions [None req-806ed06e-e3a5-4dd9-a7c3-197973f7f008 - - - - - -] Loaded extension: flavors
2026-06-28 20:30:45.476 1 INFO neutron.api.extensions [None req-806ed06e-e3a5-4dd9-a7c3-197973f7f008 - - - - - -] Extension floating-ip-port-forwarding not supported by any of loaded plugins
2026-06-28 20:30:45.476 1 INFO neutron.api.extensions [None req-806ed06e-e3a5-4dd9-a7c3-197973f7f008 - - - - - -] Loaded extension: floatingip-pools
2026-06-28 20:30:45.477 1 INFO neutron.api.extensions [None req-806ed06e-e3a5-4dd9-a7c3-197973f7f008 - - - - - -] Loaded extension: ip_allocation
2026-06-28 20:30:45.477 1 INFO neutron.api.extensions [None req-806ed06e-e3a5-4dd9-a7c3-197973f7f008 - - - - - -] Loaded extension: ip-substring-filtering
2026-06-28 20:30:45.478 1 INFO neutron.api.extensions [None req-806ed06e-e3a5-4dd9-a7c3-197973f7f008 - - - - - -] Loaded extension: l2_adjacency
2026-06-28 20:30:45.479 1 INFO neutron.api.extensions [None req-806ed06e-e3a5-4dd9-a7c3-197973f7f008 - - - - - -] Loaded extension: router
2026-06-28 20:30:45.480 1 INFO neutron.api.extensions [None req-806ed06e-e3a5-4dd9-a7c3-197973f7f008 - - - - - -] Extension l3-conntrack-helper not supported by any of loaded plugins
2026-06-28 20:30:45.480 1 INFO neutron.api.extensions [None req-806ed06e-e3a5-4dd9-a7c3-197973f7f008 - - - - - -] Loaded extension: ext-gw-mode
2026-06-28 20:30:45.481 1 INFO neutron.api.extensions [None req-806ed06e-e3a5-4dd9-a7c3-197973f7f008 - - - - - -] Loaded extension: l3-ha
2026-06-28 20:30:45.481 1 INFO neutron.api.extensions [None req-806ed06e-e3a5-4dd9-a7c3-197973f7f008 - - - - - -] Extension l3-ext-ndp-proxy not supported by any of loaded plugins
2026-06-28 20:30:45.482 1 INFO neutron.api.extensions [None req-806ed06e-e3a5-4dd9-a7c3-197973f7f008 - - - - - -] Loaded extension: l3-flavors
2026-06-28 20:30:45.482 1 INFO neutron.api.extensions [None req-806ed06e-e3a5-4dd9-a7c3-197973f7f008 - - - - - -] Extension l3-ndp-proxy not supported by any of loaded plugins
2026-06-28 20:30:45.483 1 INFO neutron.api.extensions [None req-806ed06e-e3a5-4dd9-a7c3-197973f7f008 - - - - - -] Loaded extension: l3-port-ip-change-not-allowed
2026-06-28 20:30:45.484 1 INFO neutron.api.extensions [None req-806ed06e-e3a5-4dd9-a7c3-197973f7f008 - - - - - -] Loaded extension: l3_agent_scheduler
2026-06-28 20:30:45.485 1 INFO neutron.api.extensions [None req-806ed06e-e3a5-4dd9-a7c3-197973f7f008 - - - - - -] Extension local_ip not supported by any of loaded plugins
2026-06-28 20:30:45.486 1 INFO neutron.api.extensions [None req-806ed06e-e3a5-4dd9-a7c3-197973f7f008 - - - - - -] Extension logging not supported by any of loaded plugins
2026-06-28 20:30:45.488 1 INFO neutron.api.extensions [None req-806ed06e-e3a5-4dd9-a7c3-197973f7f008 - - - - - -] Extension metering not supported by any of loaded plugins
2026-06-28 20:30:45.489 1 INFO neutron.api.extensions [None req-806ed06e-e3a5-4dd9-a7c3-197973f7f008 - - - - - -] Extension metering_source_and_destination_fields not supported by any of loaded plugins
2026-06-28 20:30:45.489 1 INFO neutron.api.extensions [None req-806ed06e-e3a5-4dd9-a7c3-197973f7f008 - - - - - -] Loaded extension: multi-provider
2026-06-28 20:30:45.490 1 INFO neutron.api.extensions [None req-806ed06e-e3a5-4dd9-a7c3-197973f7f008 - - - - - -] Loaded extension: net-mtu
2026-06-28 20:30:45.490 1 INFO neutron.api.extensions [None req-806ed06e-e3a5-4dd9-a7c3-197973f7f008 - - - - - -] Loaded extension: net-mtu-writable
2026-06-28 20:30:45.491 1 INFO neutron.api.extensions [None req-806ed06e-e3a5-4dd9-a7c3-197973f7f008 - - - - - -] Loaded extension: network_availability_zone
2026-06-28 20:30:45.491 1 INFO neutron.api.extensions [None req-806ed06e-e3a5-4dd9-a7c3-197973f7f008 - - - - - -] Loaded extension: network-ip-availability
2026-06-28 20:30:45.492 1 INFO neutron.api.extensions [None req-806ed06e-e3a5-4dd9-a7c3-197973f7f008 - - - - - -] Extension network-segment-range not supported by any of loaded plugins
2026-06-28 20:30:45.493 1 INFO neutron.api.extensions [None req-806ed06e-e3a5-4dd9-a7c3-197973f7f008 - - - - - -] Loaded extension: pagination
2026-06-28 20:30:45.493 1 INFO neutron.api.extensions [None req-806ed06e-e3a5-4dd9-a7c3-197973f7f008 - - - - - -] Loaded extension: port-device-profile
2026-06-28 20:30:45.493 1 INFO neutron.api.extensions [None req-806ed06e-e3a5-4dd9-a7c3-197973f7f008 - - - - - -] Loaded extension: port-mac-override
2026-06-28 20:30:45.494 1 INFO neutron.api.extensions [None req-806ed06e-e3a5-4dd9-a7c3-197973f7f008 - - - - - -] Loaded extension: port-mac-address-regenerate
2026-06-28 20:30:45.494 1 INFO neutron.api.extensions [None req-806ed06e-e3a5-4dd9-a7c3-197973f7f008 - - - - - -] Loaded extension: port-numa-affinity-policy
2026-06-28 20:30:45.495 1 INFO neutron.api.extensions [None req-806ed06e-e3a5-4dd9-a7c3-197973f7f008 - - - - - -] Loaded extension: port-resource-request
2026-06-28 20:30:45.495 1 INFO neutron.api.extensions [None req-806ed06e-e3a5-4dd9-a7c3-197973f7f008 - - - - - -] Loaded extension: port-resource-request-groups
2026-06-28 20:30:45.496 1 INFO neutron.api.extensions [None req-806ed06e-e3a5-4dd9-a7c3-197973f7f008 - - - - - -] Loaded extension: binding
2026-06-28 20:30:45.496 1 INFO neutron.api.extensions [None req-806ed06e-e3a5-4dd9-a7c3-197973f7f008 - - - - - -] Loaded extension: binding-extended
2026-06-28 20:30:45.497 1 INFO neutron.api.extensions [None req-806ed06e-e3a5-4dd9-a7c3-197973f7f008 - - - - - -] Loaded extension: port-security
2026-06-28 20:30:45.497 1 INFO neutron.api.extensions [None req-806ed06e-e3a5-4dd9-a7c3-197973f7f008 - - - - - -] Loaded extension: project-id
2026-06-28 20:30:45.498 1 INFO neutron.api.extensions [None req-806ed06e-e3a5-4dd9-a7c3-197973f7f008 - - - - - -] Loaded extension: provider
2026-06-28 20:30:45.499 1 INFO neutron.api.extensions [None req-806ed06e-e3a5-4dd9-a7c3-197973f7f008 - - - - - -] Loaded extension: qos
2026-06-28 20:30:45.500 1 INFO neutron.api.extensions [None req-806ed06e-e3a5-4dd9-a7c3-197973f7f008 - - - - - -] Loaded extension: qos-bw-limit-direction
2026-06-28 20:30:45.500 1 INFO neutron.api.extensions [None req-806ed06e-e3a5-4dd9-a7c3-197973f7f008 - - - - - -] Loaded extension: qos-bw-minimum-ingress
2026-06-28 20:30:45.500 1 INFO neutron.api.extensions [None req-806ed06e-e3a5-4dd9-a7c3-197973f7f008 - - - - - -] Loaded extension: qos-default
2026-06-28 20:30:45.501 1 INFO neutron.api.extensions [None req-806ed06e-e3a5-4dd9-a7c3-197973f7f008 - - - - - -] Loaded extension: qos-fip
2026-06-28 20:30:45.501 1 INFO neutron.api.extensions [None req-806ed06e-e3a5-4dd9-a7c3-197973f7f008 - - - - - -] Extension qos-fip-network-policy not supported by any of loaded plugins
2026-06-28 20:30:45.502 1 INFO neutron.api.extensions [None req-806ed06e-e3a5-4dd9-a7c3-197973f7f008 - - - - - -] Loaded extension: qos-gateway-ip
2026-06-28 20:30:45.502 1 INFO neutron.api.extensions [None req-806ed06e-e3a5-4dd9-a7c3-197973f7f008 - - - - - -] Loaded extension: qos-port-network-policy
2026-06-28 20:30:45.503 1 INFO neutron.api.extensions [None req-806ed06e-e3a5-4dd9-a7c3-197973f7f008 - - - - - -] Loaded extension: qos-pps-minimum
2026-06-28 20:30:45.503 1 INFO neutron.api.extensions [None req-806ed06e-e3a5-4dd9-a7c3-197973f7f008 - - - - - -] Loaded extension: qos-pps-minimum-rule-alias
2026-06-28 20:30:45.504 1 INFO neutron.api.extensions [None req-806ed06e-e3a5-4dd9-a7c3-197973f7f008 - - - - - -] Loaded extension: qos-pps
2026-06-28 20:30:45.504 1 INFO neutron.api.extensions [None req-806ed06e-e3a5-4dd9-a7c3-197973f7f008 - - - - - -] Loaded extension: qos-rule-type-details
2026-06-28 20:30:45.505 1 INFO neutron.api.extensions [None req-806ed06e-e3a5-4dd9-a7c3-197973f7f008 - - - - - -] Loaded extension: qos-rule-type-filter
2026-06-28 20:30:45.505 1 INFO neutron.api.extensions [None req-806ed06e-e3a5-4dd9-a7c3-197973f7f008 - - - - - -] Loaded extension: qos-rules-alias
2026-06-28 20:30:45.506 1 INFO neutron.api.extensions [None req-806ed06e-e3a5-4dd9-a7c3-197973f7f008 - - - - - -] Loaded extension: quota-check-limit
2026-06-28 20:30:45.507 1 INFO neutron.api.extensions [None req-806ed06e-e3a5-4dd9-a7c3-197973f7f008 - - - - - -] Loaded extension: quotas
2026-06-28 20:30:45.509 1 INFO neutron.api.extensions [None req-806ed06e-e3a5-4dd9-a7c3-197973f7f008 - - - - - -] Loaded extension: quota_details
2026-06-28 20:30:45.510 1 INFO neutron.api.extensions [None req-806ed06e-e3a5-4dd9-a7c3-197973f7f008 - - - - - -] Loaded extension: rbac-policies
2026-06-28 20:30:45.510 1 INFO neutron.api.extensions [None req-806ed06e-e3a5-4dd9-a7c3-197973f7f008 - - - - - -] Loaded extension: rbac-address-group
2026-06-28 20:30:45.511 1 INFO neutron.api.extensions [None req-806ed06e-e3a5-4dd9-a7c3-197973f7f008 - - - - - -] Loaded extension: rbac-address-scope
2026-06-28 20:30:45.511 1 INFO neutron.api.extensions [None req-806ed06e-e3a5-4dd9-a7c3-197973f7f008 - - - - - -] Loaded extension: rbac-security-groups
2026-06-28 20:30:45.512 1 INFO neutron.api.extensions [None req-806ed06e-e3a5-4dd9-a7c3-197973f7f008 - - - - - -] Loaded extension: rbac-subnetpool
2026-06-28 20:30:45.512 1 INFO neutron.api.extensions [None req-806ed06e-e3a5-4dd9-a7c3-197973f7f008 - - - - - -] Loaded extension: revision-if-match
2026-06-28 20:30:45.513 1 INFO neutron.api.extensions [None req-806ed06e-e3a5-4dd9-a7c3-197973f7f008 - - - - - -] Loaded extension: standard-attr-revisions
2026-06-28 20:30:45.513 1 INFO neutron.api.extensions [None req-806ed06e-e3a5-4dd9-a7c3-197973f7f008 - - - - - -] Loaded extension: router_availability_zone
2026-06-28 20:30:45.514 1 INFO neutron.api.extensions [None req-806ed06e-e3a5-4dd9-a7c3-197973f7f008 - - - - - -] Extension router-service-type not supported by any of loaded plugins
2026-06-28 20:30:45.514 1 INFO neutron.api.extensions [None req-806ed06e-e3a5-4dd9-a7c3-197973f7f008 - - - - - -] Loaded extension: security-groups-normalized-cidr
2026-06-28 20:30:45.515 1 INFO neutron.api.extensions [None req-806ed06e-e3a5-4dd9-a7c3-197973f7f008 - - - - - -] Loaded extension: port-security-groups-filtering
2026-06-28 20:30:45.515 1 INFO neutron.api.extensions [None req-806ed06e-e3a5-4dd9-a7c3-197973f7f008 - - - - - -] Loaded extension: security-groups-remote-address-group
2026-06-28 20:30:45.515 1 INFO neutron.api.extensions [None req-806ed06e-e3a5-4dd9-a7c3-197973f7f008 - - - - - -] Loaded extension: security-groups-shared-filtering
2026-06-28 20:30:45.521 1 INFO neutron.api.extensions [None req-806ed06e-e3a5-4dd9-a7c3-197973f7f008 - - - - - -] Loaded extension: security-group
2026-06-28 20:30:45.522 1 INFO neutron.api.extensions [None req-806ed06e-e3a5-4dd9-a7c3-197973f7f008 - - - - - -] Loaded extension: segment
2026-06-28 20:30:45.523 1 INFO neutron.api.extensions [None req-806ed06e-e3a5-4dd9-a7c3-197973f7f008 - - - - - -] Loaded extension: segments-peer-subnet-host-routes
2026-06-28 20:30:45.523 1 INFO neutron.api.extensions [None req-806ed06e-e3a5-4dd9-a7c3-197973f7f008 - - - - - -] Loaded extension: service-type
2026-06-28 20:30:45.524 1 INFO neutron.api.extensions [None req-806ed06e-e3a5-4dd9-a7c3-197973f7f008 - - - - - -] Loaded extension: sorting
2026-06-28 20:30:45.524 1 INFO neutron.api.extensions [None req-806ed06e-e3a5-4dd9-a7c3-197973f7f008 - - - - - -] Loaded extension: standard-attr-segment
2026-06-28 20:30:45.525 1 INFO neutron.api.extensions [None req-806ed06e-e3a5-4dd9-a7c3-197973f7f008 - - - - - -] Loaded extension: standard-attr-description
2026-06-28 20:30:45.525 1 INFO neutron.api.extensions [None req-806ed06e-e3a5-4dd9-a7c3-197973f7f008 - - - - - -] Loaded extension: stateful-security-group
2026-06-28 20:30:45.525 1 WARNING neutron.api.extensions [None req-806ed06e-e3a5-4dd9-a7c3-197973f7f008 - - - - - -] Did not find expected name "Stdattrs_common" in /var/lib/openstack/lib/python3.10/site-packages/neutron/extensions/stdattrs_common.py
2026-06-28 20:30:45.526 1 INFO neutron.api.extensions [None req-806ed06e-e3a5-4dd9-a7c3-197973f7f008 - - - - - -] Extension subnet-dns-publish-fixed-ip not supported by any of loaded plugins
2026-06-28 20:30:45.526 1 INFO neutron.api.extensions [None req-806ed06e-e3a5-4dd9-a7c3-197973f7f008 - - - - - -] Loaded extension: subnet_onboard
2026-06-28 20:30:45.527 1 INFO neutron.api.extensions [None req-806ed06e-e3a5-4dd9-a7c3-197973f7f008 - - - - - -] Loaded extension: subnet-segmentid-writable
2026-06-28 20:30:45.527 1 INFO neutron.api.extensions [None req-806ed06e-e3a5-4dd9-a7c3-197973f7f008 - - - - - -] Loaded extension: subnet-service-types
2026-06-28 20:30:45.528 1 INFO neutron.api.extensions [None req-806ed06e-e3a5-4dd9-a7c3-197973f7f008 - - - - - -] Loaded extension: subnet_allocation
2026-06-28 20:30:45.528 1 INFO neutron.api.extensions [None req-806ed06e-e3a5-4dd9-a7c3-197973f7f008 - - - - - -] Loaded extension: subnetpool-prefix-ops
2026-06-28 20:30:45.529 1 INFO neutron.api.extensions [None req-806ed06e-e3a5-4dd9-a7c3-197973f7f008 - - - - - -] Extension tag-ports-during-bulk-creation not supported by any of loaded plugins
2026-06-28 20:30:45.530 1 INFO neutron.api.extensions [None req-806ed06e-e3a5-4dd9-a7c3-197973f7f008 - - - - - -] Loaded extension: standard-attr-tag
2026-06-28 20:30:45.531 1 INFO neutron.api.extensions [None req-806ed06e-e3a5-4dd9-a7c3-197973f7f008 - - - - - -] Loaded extension: standard-attr-timestamp
2026-06-28 20:30:45.532 1 INFO neutron.api.extensions [None req-806ed06e-e3a5-4dd9-a7c3-197973f7f008 - - - - - -] Loaded extension: trunk
2026-06-28 20:30:45.532 1 INFO neutron.api.extensions [None req-806ed06e-e3a5-4dd9-a7c3-197973f7f008 - - - - - -] Loaded extension: trunk-details
2026-06-28 20:30:45.532 1 INFO neutron.api.extensions [None req-806ed06e-e3a5-4dd9-a7c3-197973f7f008 - - - - - -] Extension uplink-status-propagation not supported by any of loaded plugins
2026-06-28 20:30:45.533 1 INFO neutron.api.extensions [None req-806ed06e-e3a5-4dd9-a7c3-197973f7f008 - - - - - -] Extension vlan-transparent not supported by any of loaded plugins
2026-06-28 20:30:45.534 1 INFO neutron.api.extensions [None req-806ed06e-e3a5-4dd9-a7c3-197973f7f008 - - - - - -] Loaded extension: vpn-endpoint-groups
2026-06-28 20:30:45.534 1 INFO neutron.api.extensions [None req-806ed06e-e3a5-4dd9-a7c3-197973f7f008 - - - - - -] Loaded extension: vpn-flavors
2026-06-28 20:30:45.535 1 INFO neutron.api.extensions [None req-806ed06e-e3a5-4dd9-a7c3-197973f7f008 - - - - - -] Loaded extension: vpnaas
2026-06-28 20:30:45.537 1 INFO oslo_service.service [None req-806ed06e-e3a5-4dd9-a7c3-197973f7f008 - - - - - -] Starting 2 workers
2026-06-28 20:30:45.542 1 INFO oslo_service.service [None req-806ed06e-e3a5-4dd9-a7c3-197973f7f008 - - - - - -] Starting 1 workers
2026-06-28 20:31:28.367 9 INFO neutron.db.l3_hamode_db [None req-4a1d724b-4367-458b-8bdb-23508fd6d6e8 - - - - - -] Number of active agents lower than max_l3_agents_per_router. L3 agents available: 1
2026-06-28 20:31:35.705 9 INFO neutron.plugins.ml2.plugin [None req-12b568af-f49c-4525-b867-a625ff6291c2 - - - - - -] Attempt 1 to provision port 1f5e1e1f-25c7-4833-af6c-521b48e1ba66
2026-06-28 20:31:37.284 9 INFO neutron.plugins.ml2.plugin [None req-e47323c5-3dc8-456f-b4a9-511e0f659577 - - - - - -] Attempt 1 to provision port 1f5e1e1f-25c7-4833-af6c-521b48e1ba66
2026-06-28 20:31:37.460 10 INFO neutron.plugins.ml2.plugin [None req-4a305479-c8c1-4c1a-ae17-7cffcf0b67b8 - - - - - -] Attempt 1 to provision port 1f5e1e1f-25c7-4833-af6c-521b48e1ba66
2026-06-28 20:31:37.636 9 INFO neutron.plugins.ml2.plugin [None req-12b568af-f49c-4525-b867-a625ff6291c2 - - - - - -] Attempt 1 to provision port 1f5e1e1f-25c7-4833-af6c-521b48e1ba66
2026-06-28 20:37:59.892 9 INFO neutron.plugins.ml2.plugin [None req-12b568af-f49c-4525-b867-a625ff6291c2 - - - - - -] Attempt 1 to provision port bd29c5d6-0bd2-46e1-9fd5-fa26a2334366
2026-06-28 20:38:00.761 9 INFO neutron.plugins.ml2.plugin [None req-fb924469-2d47-458f-8276-8c7362b1aabb - - - - - -] Attempt 1 to provision port bd29c5d6-0bd2-46e1-9fd5-fa26a2334366
2026-06-28 20:38:01.027 10 INFO neutron.plugins.ml2.plugin [None req-aa43306a-f03a-4406-bd85-df59923f5ed1 - - - - - -] Attempt 1 to provision port bd29c5d6-0bd2-46e1-9fd5-fa26a2334366
2026-06-28 20:38:01.891 9 INFO neutron.plugins.ml2.plugin [None req-12b568af-f49c-4525-b867-a625ff6291c2 - - - - - -] Attempt 1 to provision port bd29c5d6-0bd2-46e1-9fd5-fa26a2334366
2026-06-28 20:38:06.040 10 INFO neutron.plugins.ml2.plugin [None req-c20d61eb-87ea-47a6-9106-f53d685e733b - - - - - -] Attempt 1 to provision port ab98cb43-a08b-44d4-a0f5-d35fc13c2fae
2026-06-28 20:41:18.141 10 INFO neutron.plugins.ml2.plugin [None req-12b568af-f49c-4525-b867-a625ff6291c2 - - - - - -] Attempt 1 to provision port ab98cb43-a08b-44d4-a0f5-d35fc13c2fae
2026-06-28 20:41:20.016 9 INFO neutron.plugins.ml2.plugin [None req-12b568af-f49c-4525-b867-a625ff6291c2 - - - - - -] Attempt 1 to provision port ab98cb43-a08b-44d4-a0f5-d35fc13c2fae
2026-06-28 20:49:12.319 10 INFO neutron.plugins.ml2.plugin [None req-12b568af-f49c-4525-b867-a625ff6291c2 - - - - - -] Attempt 1 to provision port 118abed0-b04d-4ea2-805c-e9debec2d90b
2026-06-28 20:49:14.310 9 INFO neutron.plugins.ml2.plugin [None req-12b568af-f49c-4525-b867-a625ff6291c2 - - - - - -] Attempt 1 to provision port 118abed0-b04d-4ea2-805c-e9debec2d90b
2026-06-28 21:04:38.180 9 INFO neutron.plugins.ml2.plugin [None req-c689a93c-16ba-4566-ad9a-16402b51aa55 - - - - - -] Attempt 1 to provision port 4239b311-63bb-4520-8324-dd69481fed98
2026-06-28 21:04:38.829 10 INFO neutron.plugins.ml2.plugin [None req-785581cd-bcf5-427b-afe0-8684dd3ed92e - - - - - -] Attempt 1 to provision port 8025fab7-0732-4fae-88ce-4a1221d928ca
2026-06-28 21:04:38.936 9 INFO neutron.plugins.ml2.plugin [None req-12b568af-f49c-4525-b867-a625ff6291c2 - - - - - -] Attempt 1 to provision port 89987d29-acc3-4c2e-851b-7b5caf950efb
2026-06-28 21:04:39.392 9 INFO neutron.plugins.ml2.plugin [None req-12b568af-f49c-4525-b867-a625ff6291c2 - - - - - -] Attempt 1 to provision port 5641a7a3-8e86-4e2c-bf0e-318f813c3b12
2026-06-28 21:04:39.468 9 INFO neutron.plugins.ml2.plugin [None req-f3f948cf-8cd3-4985-ba14-730d49cb8fe7 - - - - - -] Attempt 1 to provision port 5641a7a3-8e86-4e2c-bf0e-318f813c3b12
2026-06-28 21:04:39.772 10 INFO neutron.plugins.ml2.plugin [None req-bde7f4f0-6fd5-4881-92e6-9f29d18d6d18 - - - - - -] Attempt 1 to provision port 5641a7a3-8e86-4e2c-bf0e-318f813c3b12
2026-06-28 21:04:40.124 10 INFO neutron.plugins.ml2.plugin [None req-33fe4c26-283d-48a7-812c-132614f9378b - - - - - -] Attempt 1 to provision port 89987d29-acc3-4c2e-851b-7b5caf950efb
2026-06-28 21:04:40.414 9 INFO neutron.plugins.ml2.plugin [None req-60079c39-0cd5-4f74-801f-663791edea03 - - - - - -] Attempt 1 to provision port 89987d29-acc3-4c2e-851b-7b5caf950efb
2026-06-28 21:04:40.937 10 INFO neutron.plugins.ml2.plugin [None req-12b568af-f49c-4525-b867-a625ff6291c2 - - - - - -] Attempt 1 to provision port 89987d29-acc3-4c2e-851b-7b5caf950efb
2026-06-28 21:04:41.144 9 INFO neutron.plugins.ml2.plugin [None req-91c28d9c-c27b-46ae-8cea-ee2aa1be80d8 - - - - - -] Attempt 1 to provision port e5714128-4299-400d-9a5a-df4f8c92ec4e
2026-06-28 21:04:41.327 10 INFO neutron.plugins.ml2.plugin [None req-b9a6adee-cd16-49a5-8844-6bceb86ee6ae - - - - - -] Attempt 1 to provision port aab82685-e0e7-4e36-9eb8-a60923ef9467
2026-06-28 21:04:41.497 10 INFO neutron.plugins.ml2.plugin [None req-12b568af-f49c-4525-b867-a625ff6291c2 - - - - - -] Attempt 1 to provision port 5641a7a3-8e86-4e2c-bf0e-318f813c3b12
2026-06-28 21:04:41.687 9 INFO neutron.plugins.ml2.plugin [None req-46471446-7bd9-4f12-8894-e530d5b614e0 - - - - - -] Attempt 1 to provision port e5714128-4299-400d-9a5a-df4f8c92ec4e
2026-06-28 21:04:41.944 9 INFO neutron.plugins.ml2.plugin [None req-fa6b57e1-5815-424e-9c34-79ed802a8e84 - - - - - -] Attempt 1 to provision port aab82685-e0e7-4e36-9eb8-a60923ef9467
2026-06-28 21:04:42.901 9 INFO neutron.plugins.ml2.plugin [None req-9e92e426-f7d3-4f73-aee7-2ca027d71a76 - - - - - -] Attempt 1 to provision port d67e8d17-5341-450a-8376-1c5e8be84c1e
2026-06-28 21:04:42.917 10 INFO neutron.plugins.ml2.plugin [None req-12b568af-f49c-4525-b867-a625ff6291c2 - - - - - -] Attempt 1 to provision port 8a45d416-f064-4395-b7ad-d2d740e1e0e3
2026-06-28 21:04:44.050 10 INFO neutron.plugins.ml2.plugin [None req-83b709ff-036b-48d2-b610-2eb87ef6e55c - - - - - -] Attempt 1 to provision port 8a45d416-f064-4395-b7ad-d2d740e1e0e3
2026-06-28 21:04:44.347 9 INFO neutron.plugins.ml2.plugin [None req-8d71286d-523c-4bfa-aab1-a77aa1383e9f - - - - - -] Attempt 1 to provision port 8a45d416-f064-4395-b7ad-d2d740e1e0e3
2026-06-28 21:04:44.928 9 INFO neutron.plugins.ml2.plugin [None req-12b568af-f49c-4525-b867-a625ff6291c2 - - - - - -] Attempt 1 to provision port 8a45d416-f064-4395-b7ad-d2d740e1e0e3
2026-06-28 21:04:45.623 9 INFO neutron.plugins.ml2.plugin [None req-ef906e5c-353e-4252-b8bd-e5cb14a0f6b6 - - - - - -] Attempt 1 to provision port 0b8b5f59-53b2-4c60-9765-7e463eeb0d22
2026-06-28 21:04:46.189 10 INFO neutron.plugins.ml2.plugin [None req-7d5daa41-1a95-4c9e-9ba7-014d1d5add83 - - - - - -] Attempt 1 to provision port 0b8b5f59-53b2-4c60-9765-7e463eeb0d22
2026-06-28 21:04:46.672 9 INFO neutron.plugins.ml2.plugin [None req-e037b4be-1aa7-4248-b472-e7c73f389b1f - - - - - -] Attempt 1 to provision port 25ffa99b-75bf-4ee3-8c9e-58921f38f213
2026-06-28 21:04:46.936 10 INFO neutron.plugins.ml2.plugin [None req-12b568af-f49c-4525-b867-a625ff6291c2 - - - - - -] Attempt 1 to provision port 33e8bfe6-bd44-461e-bd45-5e28ee156833
2026-06-28 21:04:47.620 10 INFO neutron.plugins.ml2.plugin [None req-0f8558f7-9f5a-4eaf-ba0a-893d764ddb43 - - - - - -] Attempt 1 to provision port 33e8bfe6-bd44-461e-bd45-5e28ee156833
2026-06-28 21:04:47.899 9 INFO neutron.plugins.ml2.plugin [None req-8e550841-8a01-4e07-bbff-5c6843be601b - - - - - -] Attempt 1 to provision port 33e8bfe6-bd44-461e-bd45-5e28ee156833
2026-06-28 21:04:48.838 9 INFO neutron.plugins.ml2.plugin [None req-55aaf9e1-af37-4bff-8ebb-dfd3c38b0bb1 - - - - - -] Attempt 1 to provision port 1960cfaa-47f1-4e4c-ae36-35c9a2ddc382
2026-06-28 21:04:49.019 9 INFO neutron.plugins.ml2.plugin [None req-12b568af-f49c-4525-b867-a625ff6291c2 - - - - - -] Attempt 1 to provision port 5c07b13f-bfbc-4c0c-aaf9-9d8c64b5d4a1
2026-06-28 21:04:49.500 10 INFO neutron.plugins.ml2.plugin [None req-adf22851-9aa2-4939-864a-d42ac7ca66e7 - - - - - -] Attempt 1 to provision port 1960cfaa-47f1-4e4c-ae36-35c9a2ddc382
2026-06-28 21:04:49.593 9 INFO neutron.plugins.ml2.plugin [None req-12b568af-f49c-4525-b867-a625ff6291c2 - - - - - -] Attempt 1 to provision port 18e0dbfa-6533-48b5-9607-edd0fbe7f3fb
2026-06-28 21:04:50.045 9 INFO neutron.plugins.ml2.plugin [None req-12b568af-f49c-4525-b867-a625ff6291c2 - - - - - -] Attempt 1 to provision port 33e8bfe6-bd44-461e-bd45-5e28ee156833
2026-06-28 21:04:50.329 9 INFO neutron.plugins.ml2.plugin [None req-12b568af-f49c-4525-b867-a625ff6291c2 - - - - - -] Attempt 1 to provision port bb90656b-cafc-448b-972b-b6bb16beb075
2026-06-28 21:04:50.803 9 INFO neutron.plugins.ml2.plugin [None req-94a10dee-d108-473e-bc08-6f0e12db247a - - - - - -] Attempt 1 to provision port ec9c21f7-f88e-4ac0-8dbc-6987a89c6aca
2026-06-28 21:04:51.165 10 INFO neutron.plugins.ml2.plugin [None req-12b568af-f49c-4525-b867-a625ff6291c2 - - - - - -] Attempt 1 to provision port 18e0dbfa-6533-48b5-9607-edd0fbe7f3fb
2026-06-28 21:04:51.484 10 INFO neutron.plugins.ml2.plugin [None req-12b568af-f49c-4525-b867-a625ff6291c2 - - - - - -] Attempt 1 to provision port a82bc7c2-70af-4de9-8138-ead4a2d86c33
2026-06-28 21:04:51.977 10 INFO neutron.plugins.ml2.plugin [None req-12b568af-f49c-4525-b867-a625ff6291c2 - - - - - -] Attempt 1 to provision port bb90656b-cafc-448b-972b-b6bb16beb075 /var/lib/openstack/lib/python3.10/site-packages/oslo_db/sqlalchemy/enginefacade.py:676: SAWarning: DELETE statement on table 'portsecuritybindings' expected to delete 1 row(s); 0 were matched. Please set confirm_deleted_rows=False within the mapper configuration to prevent this warning. self.session.flush() /var/lib/openstack/lib/python3.10/site-packages/oslo_db/sqlalchemy/enginefacade.py:676: SAWarning: DELETE statement on table 'ml2_port_bindings' expected to delete 1 row(s); 0 were matched. Please set confirm_deleted_rows=False within the mapper configuration to prevent this warning. self.session.flush() /var/lib/openstack/lib/python3.10/site-packages/oslo_db/sqlalchemy/enginefacade.py:676: SAWarning: DELETE statement on table 'ml2_port_binding_levels' expected to delete 1 row(s); 0 were matched. Please set confirm_deleted_rows=False within the mapper configuration to prevent this warning. self.session.flush() /var/lib/openstack/lib/python3.10/site-packages/oslo_db/sqlalchemy/enginefacade.py:676: SAWarning: DELETE statement on table 'ports' expected to delete 1 row(s); 0 were matched. Please set confirm_deleted_rows=False within the mapper configuration to prevent this warning. self.session.flush()
2026-06-28 21:04:53.063 9 INFO neutron.plugins.ml2.plugin [None req-12b568af-f49c-4525-b867-a625ff6291c2 - - - - - -] Attempt 1 to provision port a82bc7c2-70af-4de9-8138-ead4a2d86c33
2026-06-28 21:04:53.158 10 INFO neutron.plugins.ml2.plugin [None req-8355ea99-f7fa-4ea8-bf31-c2cff2bed3e3 - - - - - -] Attempt 1 to provision port 07f1897f-e33d-460c-989b-294882962253
2026-06-28 21:04:56.630 10 INFO neutron.plugins.ml2.plugin [None req-a42db92a-39ba-4a9e-b731-f4438a702671 - - - - - -] Attempt 1 to provision port 424a7d2d-c74d-43a1-8b65-051a1977424c
2026-06-28 21:04:57.242 9 INFO neutron.plugins.ml2.plugin [None req-12b568af-f49c-4525-b867-a625ff6291c2 - - - - - -] Attempt 1 to provision port 953ddcff-9c7d-4c22-9c9d-f515e7f72a8b
2026-06-28 21:04:57.638 9 INFO neutron.plugins.ml2.plugin [None req-12b568af-f49c-4525-b867-a625ff6291c2 - - - - - -] Attempt 1 to provision port 07f1897f-e33d-460c-989b-294882962253
2026-06-28 21:04:58.098 9 INFO neutron.plugins.ml2.plugin [None req-12b568af-f49c-4525-b867-a625ff6291c2 - - - - - -] Attempt 1 to provision port ec9c21f7-f88e-4ac0-8dbc-6987a89c6aca
2026-06-28 21:04:58.200 9 INFO neutron.notifiers.nova [-] Nova event matching ['req-fb2a41d2-b522-489f-995b-e055652831f9'] response: {'server_uuid': '17fe0dd4-95fc-47cc-b8d0-c6b3077803cc', 'name': 'network-vif-plugged', 'status': 'completed', 'tag': '07f1897f-e33d-460c-989b-294882962253', 'code': 200}
2026-06-28 21:04:58.892 9 INFO neutron.plugins.ml2.plugin [None req-09c4e912-31a2-4b10-b905-7841c47b1dc9 - - - - - -] Attempt 1 to provision port 953ddcff-9c7d-4c22-9c9d-f515e7f72a8b
2026-06-28 21:04:59.135 10 INFO neutron.plugins.ml2.plugin [None req-12b568af-f49c-4525-b867-a625ff6291c2 - - - - - -] Attempt 1 to provision port 953ddcff-9c7d-4c22-9c9d-f515e7f72a8b
2026-06-28 21:04:59.310 9 INFO neutron.plugins.ml2.plugin [None req-61dae91f-cf1a-4721-a858-1279768f950f - - - - - -] Attempt 1 to provision port 953ddcff-9c7d-4c22-9c9d-f515e7f72a8b
2026-06-28 21:04:59.481 10 INFO neutron.plugins.ml2.plugin [None req-12b568af-f49c-4525-b867-a625ff6291c2 - - - - - -] Attempt 1 to provision port ec9c21f7-f88e-4ac0-8dbc-6987a89c6aca
2026-06-28 21:04:59.498 9 INFO neutron.plugins.ml2.plugin [None req-61dae91f-cf1a-4721-a858-1279768f950f - - - - - -] Attempt 1 to provision port 69702447-c193-4162-a6af-3bd9f9eb146b
2026-06-28 21:04:59.635 10 INFO neutron.plugins.ml2.plugin [None req-dcf9f291-29f0-4a48-b490-d7c90bf717fe - - - - - -] Attempt 1 to provision port 69702447-c193-4162-a6af-3bd9f9eb146b
2026-06-28 21:04:59.752 10 INFO neutron.plugins.ml2.plugin [None req-12b568af-f49c-4525-b867-a625ff6291c2 - - - - - -] Attempt 1 to provision port 07f1897f-e33d-460c-989b-294882962253
2026-06-28 21:04:59.981 10 INFO neutron.plugins.ml2.plugin [None req-bf807f6e-24cc-4746-b9e4-7452626cbc79 - - - - - -] Attempt 1 to provision port 69702447-c193-4162-a6af-3bd9f9eb146b
2026-06-28 21:05:00.239 9 INFO neutron.notifiers.nova [-] Nova event matching ['req-75531866-757e-4547-83d2-b584df4dcbbe'] response: {'server_uuid': '4ff23335-d6f5-4354-860c-fa2ad3f10e19', 'name': 'network-vif-plugged', 'status': 'completed', 'tag': 'ec9c21f7-f88e-4ac0-8dbc-6987a89c6aca', 'code': 200}
2026-06-28 21:05:01.206 10 INFO neutron.plugins.ml2.plugin [None req-12b568af-f49c-4525-b867-a625ff6291c2 - - - - - -] Attempt 1 to provision port ec0891ca-36b8-40a9-8ca7-93cc390a10a5
2026-06-28 21:05:01.565 9 INFO neutron.plugins.ml2.plugin [None req-897e0b50-2c9f-4ff7-b7fe-1e5a135dc5a3 - - - - - -] Attempt 1 to provision port 4653b5ac-41a4-468d-b39a-bc8eb3d2ac2e
2026-06-28 21:05:03.287 9 INFO neutron.plugins.ml2.plugin [None req-12b568af-f49c-4525-b867-a625ff6291c2 - - - - - -] Attempt 1 to provision port ec0891ca-36b8-40a9-8ca7-93cc390a10a5
2026-06-28 21:05:03.369 9 INFO neutron.plugins.ml2.plugin [None req-e684acfd-4bcd-42b8-88c6-9eebc212c33b - - - - - -] Attempt 1 to provision port eab41ee3-38cb-4f8f-8028-0d1040bd39d6
2026-06-28 21:05:03.979 10 INFO neutron.plugins.ml2.plugin [None req-a3ce9552-0453-4b84-babf-b719fcb367da - - - - - -] Attempt 1 to provision port eab41ee3-38cb-4f8f-8028-0d1040bd39d6
2026-06-28 21:05:03.985 9 INFO neutron.plugins.ml2.plugin [None req-12b568af-f49c-4525-b867-a625ff6291c2 - - - - - -] Attempt 1 to provision port eab41ee3-38cb-4f8f-8028-0d1040bd39d6
2026-06-28 21:05:04.221 9 INFO neutron.plugins.ml2.plugin [None req-b6a64f22-ba55-490c-9dd4-f4ba73a83cc3 - - - - - -] Attempt 1 to provision port 238c9d18-1ef6-4a08-b67a-057f5752ea4a
2026-06-28 21:05:04.792 9 INFO neutron.plugins.ml2.plugin [None req-e2101b27-8320-46b4-93d0-7ea058daecb0 - - - - - -] Attempt 1 to provision port 238c9d18-1ef6-4a08-b67a-057f5752ea4a
2026-06-28 21:05:05.157 10 INFO neutron.plugins.ml2.plugin [None req-12b568af-f49c-4525-b867-a625ff6291c2 - - - - - -] Attempt 1 to provision port eab41ee3-38cb-4f8f-8028-0d1040bd39d6
2026-06-28 21:05:07.125 9 INFO neutron.plugins.ml2.plugin [None req-12b568af-f49c-4525-b867-a625ff6291c2 - - - - - -] Attempt 1 to provision port 3e17e77e-6b95-4655-81f4-4f1a7aab98e4
2026-06-28 21:05:07.556 10 INFO neutron.plugins.ml2.plugin [None req-08cc0bad-ca08-41d2-94a7-b679ba03bf87 - - - - - -] Attempt 1 to provision port c902304b-17af-4666-82d3-2d3ea78e809e
2026-06-28 21:05:09.321 9 INFO neutron.plugins.ml2.plugin [None req-12b568af-f49c-4525-b867-a625ff6291c2 - - - - - -] Attempt 1 to provision port 3e17e77e-6b95-4655-81f4-4f1a7aab98e4
2026-06-28 21:05:10.635 10 INFO neutron.plugins.ml2.plugin [None req-4616e91a-b11a-43a2-a568-7d9f598e28e9 - - - - - -] Attempt 1 to provision port 94a09410-2880-4d75-bfa2-41834b3c474d
2026-06-28 21:05:11.208 9 INFO neutron.plugins.ml2.plugin [None req-12b568af-f49c-4525-b867-a625ff6291c2 - - - - - -] Attempt 1 to provision port c902304b-17af-4666-82d3-2d3ea78e809e
2026-06-28 21:05:11.368 9 INFO neutron.notifiers.nova [-] Nova event matching ['req-db64ed45-90f7-4766-a9d2-5661aeb27df9'] response: {'server_uuid': '4e067c78-6aaf-4b8a-8fb9-e953d4b81d17', 'name': 'network-vif-plugged', 'status': 'completed', 'tag': 'c902304b-17af-4666-82d3-2d3ea78e809e', 'code': 200}
2026-06-28 21:05:13.203 9 INFO neutron.plugins.ml2.plugin [None req-12b568af-f49c-4525-b867-a625ff6291c2 - - - - - -] Attempt 1 to provision port 94a09410-2880-4d75-bfa2-41834b3c474d
2026-06-28 21:05:13.427 9 INFO neutron.notifiers.nova [-] Nova event matching ['req-b8795ee6-a007-45c2-b37d-2d0b4d37b6a9'] response: {'server_uuid': '609045d2-67fa-409b-b7dd-bb636dfa0138', 'name': 'network-vif-plugged', 'status': 'completed', 'tag': '94a09410-2880-4d75-bfa2-41834b3c474d', 'code': 200}
2026-06-28 21:05:13.676 9 INFO neutron.plugins.ml2.plugin [None req-12b568af-f49c-4525-b867-a625ff6291c2 - - - - - -] Attempt 1 to provision port c902304b-17af-4666-82d3-2d3ea78e809e
2026-06-28 21:05:15.089 9 INFO neutron.plugins.ml2.plugin [None req-12b568af-f49c-4525-b867-a625ff6291c2 - - - - - -] Attempt 1 to provision port 94a09410-2880-4d75-bfa2-41834b3c474d
2026-06-28 21:05:19.294 10 INFO neutron.plugins.ml2.plugin [None req-12b568af-f49c-4525-b867-a625ff6291c2 - - - - - -] Attempt 1 to provision port 8025fab7-0732-4fae-88ce-4a1221d928ca
2026-06-28 21:05:19.682 10 INFO neutron.plugins.ml2.plugin [None req-12b568af-f49c-4525-b867-a625ff6291c2 - - - - - -] Attempt 1 to provision port aab82685-e0e7-4e36-9eb8-a60923ef9467 /var/lib/openstack/lib/python3.10/site-packages/oslo_db/sqlalchemy/enginefacade.py:676: SAWarning: DELETE statement on table 'portsecuritybindings' expected to delete 1 row(s); 0 were matched. Please set confirm_deleted_rows=False within the mapper configuration to prevent this warning. self.session.flush() /var/lib/openstack/lib/python3.10/site-packages/oslo_db/sqlalchemy/enginefacade.py:676: SAWarning: DELETE statement on table 'ml2_port_bindings' expected to delete 1 row(s); 0 were matched. Please set confirm_deleted_rows=False within the mapper configuration to prevent this warning. self.session.flush() /var/lib/openstack/lib/python3.10/site-packages/oslo_db/sqlalchemy/enginefacade.py:676: SAWarning: DELETE statement on table 'ml2_port_binding_levels' expected to delete 1 row(s); 0 were matched. Please set confirm_deleted_rows=False within the mapper configuration to prevent this warning. self.session.flush() /var/lib/openstack/lib/python3.10/site-packages/oslo_db/sqlalchemy/enginefacade.py:676: SAWarning: DELETE statement on table 'ports' expected to delete 1 row(s); 0 were matched. Please set confirm_deleted_rows=False within the mapper configuration to prevent this warning. self.session.flush()
2026-06-28 21:05:21.093 9 INFO neutron.plugins.ml2.plugin [None req-12b568af-f49c-4525-b867-a625ff6291c2 - - - - - -] Attempt 1 to provision port 8025fab7-0732-4fae-88ce-4a1221d928ca
2026-06-28 21:05:21.356 9 INFO neutron.plugins.ml2.plugin [None req-12b568af-f49c-4525-b867-a625ff6291c2 - - - - - -] Attempt 1 to provision port aab82685-e0e7-4e36-9eb8-a60923ef9467
2026-06-28 21:05:23.599 10 INFO neutron.notifiers.nova [-] Nova event matching ['req-2e439a0c-cb22-4183-b463-bf8e45790729'] response: {'server_uuid': '4ff23335-d6f5-4354-860c-fa2ad3f10e19', 'name': 'network-vif-unplugged', 'status': 'completed', 'tag': 'ec9c21f7-f88e-4ac0-8dbc-6987a89c6aca', 'code': 200}
2026-06-28 21:05:23.691 10 INFO neutron.plugins.ml2.plugin [None req-12b568af-f49c-4525-b867-a625ff6291c2 - - - - - -] Attempt 1 to provision port ec9c21f7-f88e-4ac0-8dbc-6987a89c6aca
2026-06-28 21:05:25.050 9 INFO neutron.plugins.ml2.plugin [None req-12b568af-f49c-4525-b867-a625ff6291c2 - - - - - -] Attempt 1 to provision port ec9c21f7-f88e-4ac0-8dbc-6987a89c6aca
2026-06-28 21:05:25.302 10 INFO neutron.plugins.ml2.plugin [None req-3c346e95-7c53-49d2-8459-c1c72272d87f - - - - - -] Attempt 1 to provision port 6e997d16-9316-4fbf-b714-cf4acc0c036a
2026-06-28 21:05:25.649 10 INFO neutron.notifiers.nova [-] Nova event matching ['req-2c656d5f-a568-489f-a676-5568c3a7f0ce'] response: {'server_uuid': '4ff23335-d6f5-4354-860c-fa2ad3f10e19', 'name': 'network-vif-plugged', 'status': 'completed', 'tag': 'ec9c21f7-f88e-4ac0-8dbc-6987a89c6aca', 'code': 200}
2026-06-28 21:05:27.109 9 INFO neutron.plugins.ml2.plugin [None req-12b568af-f49c-4525-b867-a625ff6291c2 - - - - - -] Attempt 1 to provision port 238c9d18-1ef6-4a08-b67a-057f5752ea4a
2026-06-28 21:05:27.515 9 INFO neutron.plugins.ml2.plugin [None req-12b568af-f49c-4525-b867-a625ff6291c2 - - - - - -] Attempt 1 to provision port 4653b5ac-41a4-468d-b39a-bc8eb3d2ac2e
2026-06-28 21:05:29.040 10 INFO neutron.plugins.ml2.plugin [None req-12b568af-f49c-4525-b867-a625ff6291c2 - - - - - -] Attempt 1 to provision port 238c9d18-1ef6-4a08-b67a-057f5752ea4a
2026-06-28 21:05:29.342 10 INFO neutron.plugins.ml2.plugin [None req-12b568af-f49c-4525-b867-a625ff6291c2 - - - - - -] Attempt 1 to provision port 4653b5ac-41a4-468d-b39a-bc8eb3d2ac2e
2026-06-28 21:05:29.380 9 INFO neutron.plugins.ml2.plugin [None req-a67087df-a9cb-4d56-873a-d81d668fc0e5 - - - - - -] Attempt 1 to provision port 94a09410-2880-4d75-bfa2-41834b3c474d
2026-06-28 21:05:31.087 10 INFO neutron.plugins.ml2.plugin [None req-12b568af-f49c-4525-b867-a625ff6291c2 - - - - - -] Attempt 1 to provision port 94a09410-2880-4d75-bfa2-41834b3c474d
2026-06-28 21:05:31.669 9 INFO neutron.plugins.ml2.plugin [None req-1a6cbc42-c5ff-46bb-bd44-fbc1f06d4e17 - - - - - -] Attempt 1 to provision port 94a09410-2880-4d75-bfa2-41834b3c474d
