Jul 10 01:54:35.313206 np0000184932 devstack@neutron-api.service[101524]: DEBUG neutron.plugins.ml2.managers [None req-a1c7bcf0-23b7-421c-a0ca-62e0bc105889 service neutron] Attempting to bind port 17beaddb-17fe-409b-9b53-5701831b7e75 on host np0000184932 for vnic_type normal with profile {{(pid=101524) bind_port /opt/stack/neutron/neutron/plugins/ml2/managers.py:865}}
Jul 10 01:54:35.313310 np0000184932 devstack@neutron-api.service[101524]: DEBUG neutron.plugins.ml2.managers [None req-a1c7bcf0-23b7-421c-a0ca-62e0bc105889 service neutron] Attempting to bind port 17beaddb-17fe-409b-9b53-5701831b7e75 by drivers ovn on host np0000184932 at level 0 using segments [{'id': '6b0e60cb-1ff9-40ce-9dec-652fc17f7fbb', 'network_type': 'geneve', 'physical_network': None, 'segmentation_id': 15557, 'network_id': '1ba4a8db-e413-4e05-9e53-0f1c8a12f19b'}] {{(pid=101524) _bind_port_level /opt/stack/neutron/neutron/plugins/ml2/managers.py:890}}
Jul 10 01:54:35.314419 np0000184932 devstack@neutron-api.service[101524]: DEBUG neutron.plugins.ml2.drivers.ovn.mech_driver.mech_driver [None req-a1c7bcf0-23b7-421c-a0ca-62e0bc105889 service neutron] Attempting to bind port 17beaddb-17fe-409b-9b53-5701831b7e75 on host np0000184932 for network segment with type geneve, segmentation ID 15557, physical network None {{(pid=101524) bind_port /opt/stack/neutron/neutron/plugins/ml2/drivers/ovn/mech_driver/mech_driver.py:1209}}
Jul 10 01:54:35.314896 np0000184932 devstack@neutron-api.service[101524]: DEBUG neutron.plugins.ml2.managers [None req-a1c7bcf0-23b7-421c-a0ca-62e0bc105889 service neutron] Bound port: 17beaddb-17fe-409b-9b53-5701831b7e75, host: np0000184932, vif_type: ovs, vif_details: {"port_filter": true, "connectivity": "l2", "ovs_create_tap": true, "bridge_name": "br-int", "datapath_type": "system"}, binding_levels: [{'bound_driver': 'ovn', 'bound_segment': {'id': '6b0e60cb-1ff9-40ce-9dec-652fc17f7fbb', 'network_type': 'geneve', 'physical_network': None, 'segmentation_id': 15557, 'network_id': '1ba4a8db-e413-4e05-9e53-0f1c8a12f19b'}}] {{(pid=101524) _bind_port_level /opt/stack/neutron/neutron/plugins/ml2/managers.py:1001}}
Jul 10 01:54:35.315017 np0000184932 devstack@neutron-api.service[101524]: DEBUG neutron_lib.callbacks.manager [None req-a1c7bcf0-23b7-421c-a0ca-62e0bc105889 service neutron] Publish callbacks ['neutron.plugins.ml2.plugin.SecurityGroupDbMixin._ensure_default_security_group_handler-425875', 'neutron.services.ovn_l3.plugin.OVNL3RouterPlugin._port_update-8734708384418', 'neutron.db.l3_db.L3_NAT_dbonly_mixin._prevent_internal_ip_change_for_fip-8734709897840'] for port (17beaddb-17fe-409b-9b53-5701831b7e75), before_update {{(pid=101524) _notify_loop /opt/stack/data/venv/lib/python3.12/site-packages/neutron_lib/callbacks/manager.py:184}}
Jul 10 01:54:35.320674 np0000184932 devstack@neutron-api.service[101525]: DEBUG neutron.db.provisioning_blocks [None req-a11797c3-94f4-4854-aa58-da4e5ecc171d None None] Ignored duplicate provisioning block setup for port 17beaddb-17fe-409b-9b53-5701831b7e75 by entity L2. {{(pid=101525) add_provisioning_component /opt/stack/neutron/neutron/db/provisioning_blocks.py:69}}
Jul 10 01:54:35.341166 np0000184932 devstack@neutron-api.service[101525]: DEBUG neutron.plugins.ml2.plugin [None req-a11797c3-94f4-4854-aa58-da4e5ecc171d None None] Current status of the port 17beaddb-17fe-409b-9b53-5701831b7e75 is: DOWN; New status is: DOWN {{(pid=101525) _update_individual_port_db_status /opt/stack/neutron/neutron/plugins/ml2/plugin.py:2473}}
Jul 10 01:54:35.343282 np0000184932 devstack@neutron-api.service[101525]: DEBUG ovsdbapp.backend.ovs_idl.transaction [None req-2dcf4407-9d29-4204-95e3-efb3745af160 None None] Running txn n=1 command(idx=0): DbRemoveCommand(_result=None, table=Logical_Switch_Port, record=17beaddb-17fe-409b-9b53-5701831b7e75, column=external_ids, values=('neutron:host_id',), keyvalues={}, if_exists=True) {{(pid=101525) do_commit /opt/stack/data/venv/lib/python3.12/site-packages/ovsdbapp/backend/ovs_idl/transaction.py:89}}
Jul 10 01:54:35.353734 np0000184932 devstack@neutron-api.service[101524]: DEBUG neutron.plugins.ml2.db [None req-a1c7bcf0-23b7-421c-a0ca-62e0bc105889 service neutron] For port 17beaddb-17fe-409b-9b53-5701831b7e75, host np0000184932, cleared binding levels {{(pid=101524) clear_binding_levels /opt/stack/neutron/neutron/plugins/ml2/db.py:87}}
Jul 10 01:54:35.355606 np0000184932 devstack@neutron-api.service[101524]: DEBUG neutron.plugins.ml2.db [None req-a1c7bcf0-23b7-421c-a0ca-62e0bc105889 service neutron] For port 17beaddb-17fe-409b-9b53-5701831b7e75, host np0000184932, set binding levels [PortBindingLevel(driver='ovn',host='np0000184932',level=0,port_id=17beaddb-17fe-409b-9b53-5701831b7e75,segment=NetworkSegment(6b0e60cb-1ff9-40ce-9dec-652fc17f7fbb),segment_id=6b0e60cb-1ff9-40ce-9dec-652fc17f7fbb)] {{(pid=101524) set_binding_levels /opt/stack/neutron/neutron/plugins/ml2/db.py:59}}
Jul 10 01:54:35.357143 np0000184932 devstack@neutron-api.service[101524]: DEBUG neutron.plugins.ml2.drivers.ovn.mech_driver.mech_driver [None req-a1c7bcf0-23b7-421c-a0ca-62e0bc105889 service neutron] No provisioning block for port 17beaddb-17fe-409b-9b53-5701831b7e75 since host unchanged {{(pid=101524) _is_port_provisioning_required /opt/stack/neutron/neutron/plugins/ml2/drivers/ovn/mech_driver/mech_driver.py:904}}
Jul 10 01:54:35.364301 np0000184932 devstack@neutron-api.service[101524]: DEBUG neutron_lib.callbacks.manager [None req-a1c7bcf0-23b7-421c-a0ca-62e0bc105889 service neutron] Publish callbacks ['neutron.plugins.ml2.ovo_rpc._ObjectChangeHandler.handle_event-7905027', 'neutron.services.ovn_l3.plugin.OVNL3RouterPlugin._port_update-8734708384418'] for port (17beaddb-17fe-409b-9b53-5701831b7e75), after_update {{(pid=101524) _notify_loop /opt/stack/data/venv/lib/python3.12/site-packages/neutron_lib/callbacks/manager.py:184}}
Jul 10 01:54:35.397245 np0000184932 devstack@neutron-api.service[101524]: DEBUG neutron.api.rpc.handlers.resources_rpc [None req-a1c7bcf0-23b7-421c-a0ca-62e0bc105889 service neutron] Pushing event updated for resources: {'Port': ['ID=17beaddb-17fe-409b-9b53-5701831b7e75,revision_number=3']} {{(pid=101524) push /opt/stack/neutron/neutron/api/rpc/handlers/resources_rpc.py:237}}
Jul 10 01:54:35.428734 np0000184932 devstack@neutron-api.service[101524]: DEBUG neutron.plugins.ml2.drivers.ovn.mech_driver.ovsdb.commands [None req-a1c7bcf0-23b7-421c-a0ca-62e0bc105889 service neutron] Converting tag [] to a tag_request {{(pid=101524) _tag_column_to_tag_request /opt/stack/neutron/neutron/plugins/ml2/drivers/ovn/mech_driver/ovsdb/commands.py:205}}
Jul 10 01:54:35.429662 np0000184932 devstack@neutron-api.service[101524]: DEBUG ovsdbapp.backend.ovs_idl.transaction [None req-7e055dc4-68cf-415f-ba0c-6f125cab6410 None None] Running txn n=1 command(idx=0): CheckRevisionNumberCommand(_result=None, name=17beaddb-17fe-409b-9b53-5701831b7e75, resource={'id': '17beaddb-17fe-409b-9b53-5701831b7e75', 'name': '', 'network_id': '1ba4a8db-e413-4e05-9e53-0f1c8a12f19b', 'project_id': 'e90b450531d94c0084caa3cb735eec9d', 'mac_address': 'fa:16:3e:26:7c:20', 'admin_state_up': True, 'status': 'DOWN', 'device_id': 'manila-admin-share', 'device_owner': 'manila:share', 'standard_attr_id': 46, 'fixed_ips': [{'subnet_id': 'b4168ef3-0235-4d1e-b99f-0480991f588d', 'ip_address': '10.2.5.103'}], 'allowed_address_pairs': [], 'extra_dhcp_opts': [], 'security_groups': [], 'description': '', 'binding:vnic_type': 'normal', 'binding:profile': {}, 'binding:host_id': 'np0000184932', 'binding:vif_type': 'ovs', 'binding:vif_details': {'port_filter': True, 'connectivity': 'l2', 'ovs_create_tap': True, 'bridge_name': 'br-int', 'datapath_type': 'system', 'bound_drivers': {'0': 'ovn'}}, 'port_security_enabled': False, 'tags': [], 'created_at': '2026-07-10T01:54:35Z', 'updated_at': '2026-07-10T01:54:35Z', 'revision_number': 3, 'tenant_id': 'e90b450531d94c0084caa3cb735eec9d', 'network': {'id': '1ba4a8db-e413-4e05-9e53-0f1c8a12f19b', 'name': 'admin_net', 'tenant_id': 'e90b450531d94c0084caa3cb735eec9d', 'project_id': 'e90b450531d94c0084caa3cb735eec9d', 'admin_state_up': True, 'mtu': 1372, 'status': 'ACTIVE', 'subnets': ['b4168ef3-0235-4d1e-b99f-0480991f588d'], 'standard_attr_id': 42, 'shared': False, 'availability_zone_hints': [], 'availability_zones': [], 'ipv4_address_scope': None, 'ipv6_address_scope': None, 'router:external': False, 'qinq': False, 'vlan_transparent': False, 'description': '', 'port_security_enabled': True, 'tags': [], 'created_at': '2026-07-10T01:54:28Z', 'updated_at': '2026-07-10T01:54:29Z', 'revision_number': 2, 'provider:network_type': 'geneve', 'provider:physical_network': None, 'provider:segmentation_id': 15557}}, resource_type=ports, if_exists=True) {{(pid=101524) do_commit /opt/stack/data/venv/lib/python3.12/site-packages/ovsdbapp/backend/ovs_idl/transaction.py:89}}
Jul 10 01:54:35.430610 np0000184932 devstack@neutron-api.service[101524]: DEBUG ovsdbapp.backend.ovs_idl.transaction [None req-7e055dc4-68cf-415f-ba0c-6f125cab6410 None None] Running txn n=1 command(idx=1): SetLSwitchPortCommand(_result=None, lport=17beaddb-17fe-409b-9b53-5701831b7e75, external_ids_update=None, columns={'external_ids': {'neutron:port_name': '', 'neutron:device_id': 'manila-admin-share', 'neutron:project_id': 'e90b450531d94c0084caa3cb735eec9d', 'neutron:cidrs': '10.2.5.103/24', 'neutron:device_owner': 'manila:share', 'neutron:subnet_pool_addr_scope4': '', 'neutron:subnet_pool_addr_scope6': '', 'neutron:network_name': 'neutron-1ba4a8db-e413-4e05-9e53-0f1c8a12f19b', 'neutron:security_group_ids': '', 'neutron:revision_number': '3', 'neutron:vnic_type': 'normal', 'neutron:port_capabilities': '', 'neutron:mtu': ''}, 'parent_name': [], 'options': {'requested-chassis': 'np0000184932'}, 'enabled': True, 'port_security': [], 'dhcpv4_options': [UUID('70ce09be-1f23-4e82-a93e-e98d60dacbad')], 'dhcpv6_options': [], 'type': '', 'addresses': ['fa:16:3e:26:7c:20 10.2.5.103', 'unknown'], 'ha_chassis_group': [], 'tag_request': []}, if_exists=False) {{(pid=101524) do_commit /opt/stack/data/venv/lib/python3.12/site-packages/ovsdbapp/backend/ovs_idl/transaction.py:89}}
Jul 10 01:54:35.432192 np0000184932 devstack@neutron-api.service[101524]: DEBUG ovsdbapp.backend.ovs_idl.transaction [None req-7e055dc4-68cf-415f-ba0c-6f125cab6410 None None] Running txn n=1 command(idx=2): PgDelPortCommand(_result=None, port_group=neutron_pg_drop, lsp=['17beaddb-17fe-409b-9b53-5701831b7e75'], if_exists=False) {{(pid=101524) do_commit /opt/stack/data/venv/lib/python3.12/site-packages/ovsdbapp/backend/ovs_idl/transaction.py:89}}
Jul 10 01:54:35.441422 np0000184932 devstack@neutron-api.service[101525]: DEBUG neutron.plugins.ml2.drivers.ovn.mech_driver.ovsdb.ovsdb_monitor [None req-2dcf4407-9d29-4204-95e3-efb3745af160 None None] Touching Hash Ring node "574f77b65d0d5ef9a57ba0ccf2f5d30a" from IDL notify handler {{(pid=101525) notify /opt/stack/neutron/neutron/plugins/ml2/drivers/ovn/mech_driver/ovsdb/ovsdb_monitor.py:1023}}
Jul 10 01:54:35.444689 np0000184932 devstack@neutron-api.service[101522]: DEBUG neutron.plugins.ml2.drivers.ovn.mech_driver.ovsdb.ovsdb_monitor [None req-69941a48-6f46-436e-a7ce-351157fe35b1 None None] Touching Hash Ring node "5e2a8daa43185b6bb8b9bdf6d70e9860" from IDL notify handler {{(pid=101522) notify /opt/stack/neutron/neutron/plugins/ml2/drivers/ovn/mech_driver/ovsdb/ovsdb_monitor.py:1023}}
Jul 10 01:54:35.447970 np0000184932 devstack@neutron-api.service[101525]: DEBUG neutron.plugins.ml2.drivers.ovn.mech_driver.ovsdb.ovsdb_monitor [None req-2dcf4407-9d29-4204-95e3-efb3745af160 None None] Hash Ring: Node 574f77b65d0d5ef9a57ba0ccf2f5d30a (host: np0000184932) handling event "update" for row eeee61d3-def4-498b-a821-145e53937296 (table: Logical_Switch_Port) {{(pid=101525) notify /opt/stack/neutron/neutron/plugins/ml2/drivers/ovn/mech_driver/ovsdb/ovsdb_monitor.py:1031}}
Jul 10 01:54:35.449020 np0000184932 devstack@neutron-api.service[101522]: DEBUG neutron.plugins.ml2.drivers.ovn.mech_driver.ovsdb.ovsdb_monitor [None req-69941a48-6f46-436e-a7ce-351157fe35b1 None None] Hash Ring: Node 5e2a8daa43185b6bb8b9bdf6d70e9860 (host: np0000184932) handling event "update" for row d580b961-d0c6-45a0-bdea-b8a6cc65ae9d (table: Port_Binding) {{(pid=101522) notify /opt/stack/neutron/neutron/plugins/ml2/drivers/ovn/mech_driver/ovsdb/ovsdb_monitor.py:1031}}
Jul 10 01:54:35.488973 np0000184932 devstack@neutron-api.service[101524]: INFO neutron.db.ovn_revision_numbers_db [None req-a1c7bcf0-23b7-421c-a0ca-62e0bc105889 service neutron] Successfully bumped revision number for resource 17beaddb-17fe-409b-9b53-5701831b7e75 (type: ports) to 3
Jul 10 01:54:35.501654 np0000184932 devstack@neutron-api.service[101524]: DEBUG neutron.pecan_wsgi.hooks.policy_enforcement [None req-a1c7bcf0-23b7-421c-a0ca-62e0bc105889 service neutron] Attributes excluded by policy engine: ['standard_attr_id'] {{(pid=101524) _exclude_attributes_by_policy /opt/stack/neutron/neutron/pecan_wsgi/hooks/policy_enforcement.py:259}}
Jul 10 01:54:35.501911 np0000184932 devstack@neutron-api.service[101524]: DEBUG neutron_lib.callbacks.manager [None req-a1c7bcf0-23b7-421c-a0ca-62e0bc105889 service neutron] Publish callbacks ['neutron.notifiers.nova.Notifier._send_nova_notification-509154'] for port (None), before_response {{(pid=101524) _notify_loop /opt/stack/data/venv/lib/python3.12/site-packages/neutron_lib/callbacks/manager.py:184}}
Jul 10 01:54:35.514743 np0000184932 devstack@neutron-api.service[101524]: [pid: 101524|app: 0|req: 26/104] 199.204.45.144 () {68 vars in 1304 bytes} [Fri Jul 10 01:54:35 2026] POST /networking/v2.0/ports => generated 926 bytes in 501 msecs (HTTP/1.1 201) 4 headers in 162 bytes (1 switches on core 0)
Jul 10 01:54:35.874380 np0000184932 devstack@neutron-api.service[101522]: DEBUG neutron.plugins.ml2.drivers.ovn.mech_driver.ovsdb.ovsdb_monitor [None req-69941a48-6f46-436e-a7ce-351157fe35b1 None None] Touching Hash Ring node "5e2a8daa43185b6bb8b9bdf6d70e9860" from IDL notify handler {{(pid=101522) notify /opt/stack/neutron/neutron/plugins/ml2/drivers/ovn/mech_driver/ovsdb/ovsdb_monitor.py:1023}}
Jul 10 01:54:35.890077 np0000184932 devstack@neutron-api.service[101522]: DEBUG neutron.plugins.ml2.drivers.ovn.mech_driver.ovsdb.ovsdb_monitor [None req-69941a48-6f46-436e-a7ce-351157fe35b1 None None] Hash Ring: Node 5e2a8daa43185b6bb8b9bdf6d70e9860 (host: np0000184932) handling event "update" for row d580b961-d0c6-45a0-bdea-b8a6cc65ae9d (table: Port_Binding) {{(pid=101522) notify /opt/stack/neutron/neutron/plugins/ml2/drivers/ovn/mech_driver/ovsdb/ovsdb_monitor.py:1031}}
Jul 10 01:54:35.930164 np0000184932 devstack@neutron-api.service[101525]: DEBUG neutron.plugins.ml2.drivers.ovn.mech_driver.ovsdb.ovsdb_monitor [None req-2dcf4407-9d29-4204-95e3-efb3745af160 None None] Touching Hash Ring node "574f77b65d0d5ef9a57ba0ccf2f5d30a" from IDL notify handler {{(pid=101525) notify /opt/stack/neutron/neutron/plugins/ml2/drivers/ovn/mech_driver/ovsdb/ovsdb_monitor.py:1023}}
Jul 10 01:54:35.931336 np0000184932 devstack@neutron-api.service[101522]: DEBUG neutron.plugins.ml2.drivers.ovn.mech_driver.ovsdb.ovsdb_monitor [None req-69941a48-6f46-436e-a7ce-351157fe35b1 None None] Touching Hash Ring node "5e2a8daa43185b6bb8b9bdf6d70e9860" from IDL notify handler {{(pid=101522) notify /opt/stack/neutron/neutron/plugins/ml2/drivers/ovn/mech_driver/ovsdb/ovsdb_monitor.py:1023}}
Jul 10 01:54:35.934555 np0000184932 devstack@neutron-api.service[101522]: DEBUG neutron.plugins.ml2.drivers.ovn.mech_driver.ovsdb.ovsdb_monitor [None req-69941a48-6f46-436e-a7ce-351157fe35b1 None None] Hash Ring: Node 5e2a8daa43185b6bb8b9bdf6d70e9860 (host: np0000184932) handling event "update" for row d580b961-d0c6-45a0-bdea-b8a6cc65ae9d (table: Port_Binding) {{(pid=101522) notify /opt/stack/neutron/neutron/plugins/ml2/drivers/ovn/mech_driver/ovsdb/ovsdb_monitor.py:1031}}
Jul 10 01:54:35.939937 np0000184932 devstack@neutron-api.service[101525]: DEBUG neutron.plugins.ml2.drivers.ovn.mech_driver.ovsdb.ovsdb_monitor [None req-2dcf4407-9d29-4204-95e3-efb3745af160 None None] Hash Ring: Node 574f77b65d0d5ef9a57ba0ccf2f5d30a (host: np0000184932) handling event "update" for row eeee61d3-def4-498b-a821-145e53937296 (table: Logical_Switch_Port) {{(pid=101525) notify /opt/stack/neutron/neutron/plugins/ml2/drivers/ovn/mech_driver/ovsdb/ovsdb_monitor.py:1031}}
Jul 10 01:54:35.942126 np0000184932 devstack@neutron-api.service[101525]: DEBUG ovsdbapp.backend.ovs_idl.event [None req-2dcf4407-9d29-4204-95e3-efb3745af160 None None] Matched UPDATE: LogicalSwitchPortUpdateUpEvent(events=('update',), table='Logical_Switch_Port', conditions=None, old_conditions=None), priority=20 to row=Logical_Switch_Port(uuid=eeee61d3-def4-498b-a821-145e53937296, addresses=['fa:16:3e:26:7c:20 10.2.5.103', 'unknown'], dhcpv4_options=70ce09be-1f23-4e82-a93e-e98d60dacbad, dhcpv6_options=[], dynamic_addresses=[], enabled=True, external_ids={'neutron:cidrs': '10.2.5.103/24', 'neutron:device_id': 'manila-admin-share', 'neutron:device_owner': 'manila:share', 'neutron:mtu': '', 'neutron:network_name': 'neutron-1ba4a8db-e413-4e05-9e53-0f1c8a12f19b', 'neutron:port_capabilities': '', 'neutron:port_name': '', 'neutron:project_id': 'e90b450531d94c0084caa3cb735eec9d', 'neutron:revision_number': '3', 'neutron:security_group_ids': '', 'neutron:subnet_pool_addr_scope4': '', 'neutron:subnet_pool_addr_scope6': '', 'neutron:vnic_type': 'normal'}, ha_chassis_group=[], mirror_rules=[], name='17beaddb-17fe-409b-9b53-5701831b7e75', options={'requested-chassis': 'np0000184932'}, parent_name=[], port_security=[], tag=[], tag_request=[], type='', up=True) old=Logical_Switch_Port(uuid=eeee61d3-def4-498b-a821-145e53937296, up=False) {{(pid=101525) matches /opt/stack/data/venv/lib/python3.12/site-packages/ovsdbapp/backend/ovs_idl/event.py:55}}
Jul 10 01:54:35.944794 np0000184932 devstack@neutron-api.service[101525]: INFO neutron.plugins.ml2.drivers.ovn.mech_driver.mech_driver [None req-a11797c3-94f4-4854-aa58-da4e5ecc171d None None] OVN reports status up for port: 17beaddb-17fe-409b-9b53-5701831b7e75
Jul 10 01:54:35.957953 np0000184932 devstack@neutron-api.service[101525]: DEBUG neutron.db.provisioning_blocks [None req-a11797c3-94f4-4854-aa58-da4e5ecc171d None None] Provisioning for port 17beaddb-17fe-409b-9b53-5701831b7e75 completed by entity L2. {{(pid=101525) provisioning_complete /opt/stack/neutron/neutron/db/provisioning_blocks.py:133}}
Jul 10 01:54:35.970451 np0000184932 devstack@neutron-api.service[101525]: DEBUG neutron.db.provisioning_blocks [None req-a11797c3-94f4-4854-aa58-da4e5ecc171d None None] Provisioning complete for port 17beaddb-17fe-409b-9b53-5701831b7e75 triggered by entity L2. {{(pid=101525) provisioning_complete /opt/stack/neutron/neutron/db/provisioning_blocks.py:141}}
Jul 10 01:54:35.970644 np0000184932 devstack@neutron-api.service[101525]: DEBUG neutron_lib.callbacks.manager [None req-a11797c3-94f4-4854-aa58-da4e5ecc171d None None] Publish callbacks ['neutron.plugins.ml2.plugin.Ml2Plugin._port_provisioned-1037440'] for port (17beaddb-17fe-409b-9b53-5701831b7e75), provisioning_complete {{(pid=101525) _notify_loop /opt/stack/data/venv/lib/python3.12/site-packages/neutron_lib/callbacks/manager.py:184}}
Jul 10 01:54:35.970815 np0000184932 devstack@neutron-api.service[101525]: INFO neutron.plugins.ml2.plugin [None req-a11797c3-94f4-4854-aa58-da4e5ecc171d None None] Attempt 1 to provision port 17beaddb-17fe-409b-9b53-5701831b7e75
Jul 10 01:54:36.022084 np0000184932 devstack@neutron-api.service[101525]: DEBUG neutron.plugins.ml2.plugin [None req-a11797c3-94f4-4854-aa58-da4e5ecc171d None None] Current status of the port 17beaddb-17fe-409b-9b53-5701831b7e75 is: DOWN; New status is: ACTIVE {{(pid=101525) _update_individual_port_db_status /opt/stack/neutron/neutron/plugins/ml2/plugin.py:2473}}
Jul 10 01:54:36.022291 np0000184932 devstack@neutron-api.service[101525]: DEBUG neutron_lib.callbacks.manager [None req-a11797c3-94f4-4854-aa58-da4e5ecc171d None None] Publish callbacks ['neutron.plugins.ml2.plugin.SecurityGroupDbMixin._ensure_default_security_group_handler-258906', 'neutron.services.ovn_l3.plugin.OVNL3RouterPlugin._port_update-8734708023126', 'neutron.db.l3_db.L3_NAT_dbonly_mixin._prevent_internal_ip_change_for_fip-8734709899104'] for port (17beaddb-17fe-409b-9b53-5701831b7e75), before_update {{(pid=101525) _notify_loop /opt/stack/data/venv/lib/python3.12/site-packages/neutron_lib/callbacks/manager.py:184}}
Jul 10 01:54:36.053594 np0000184932 devstack@neutron-api.service[101525]: DEBUG neutron.plugins.ml2.db [None req-a11797c3-94f4-4854-aa58-da4e5ecc171d None None] For port 17beaddb-17fe-409b-9b53-5701831b7e75, host np0000184932, got binding levels [PortBindingLevel(driver='ovn',host='np0000184932',level=0,port_id=17beaddb-17fe-409b-9b53-5701831b7e75,segment=NetworkSegment(6b0e60cb-1ff9-40ce-9dec-652fc17f7fbb),segment_id=6b0e60cb-1ff9-40ce-9dec-652fc17f7fbb)] {{(pid=101525) get_binding_level_objs /opt/stack/neutron/neutron/plugins/ml2/db.py:74}}
Jul 10 01:54:36.054216 np0000184932 devstack@neutron-api.service[101525]: DEBUG neutron.plugins.ml2.drivers.ovn.mech_driver.mech_driver [None req-a11797c3-94f4-4854-aa58-da4e5ecc171d None None] No provisioning block for port 17beaddb-17fe-409b-9b53-5701831b7e75 since it is active {{(pid=101525) _is_port_provisioning_required /opt/stack/neutron/neutron/plugins/ml2/drivers/ovn/mech_driver/mech_driver.py:894}}
Jul 10 01:54:36.116911 np0000184932 devstack@neutron-api.service[101525]: DEBUG neutron.plugins.ml2.drivers.ovn.mech_driver.ovsdb.commands [None req-a11797c3-94f4-4854-aa58-da4e5ecc171d None None] Converting tag [] to a tag_request {{(pid=101525) _tag_column_to_tag_request /opt/stack/neutron/neutron/plugins/ml2/drivers/ovn/mech_driver/ovsdb/commands.py:205}}
Jul 10 01:54:36.118082 np0000184932 devstack@neutron-api.service[101525]: DEBUG ovsdbapp.backend.ovs_idl.transaction [None req-2dcf4407-9d29-4204-95e3-efb3745af160 None None] Running txn n=1 command(idx=0): CheckRevisionNumberCommand(_result=None, name=17beaddb-17fe-409b-9b53-5701831b7e75, resource={'id': '17beaddb-17fe-409b-9b53-5701831b7e75', 'name': '', 'network_id': '1ba4a8db-e413-4e05-9e53-0f1c8a12f19b', 'project_id': 'e90b450531d94c0084caa3cb735eec9d', 'mac_address': 'fa:16:3e:26:7c:20', 'admin_state_up': True, 'status': 'ACTIVE', 'device_id': 'manila-admin-share', 'device_owner': 'manila:share', 'standard_attr_id': 46, 'fixed_ips': [{'subnet_id': 'b4168ef3-0235-4d1e-b99f-0480991f588d', 'ip_address': '10.2.5.103'}], 'allowed_address_pairs': [], 'extra_dhcp_opts': [], 'security_groups': [], 'description': '', 'binding:vnic_type': 'normal', 'binding:profile': {}, 'binding:host_id': 'np0000184932', 'binding:vif_type': 'ovs', 'binding:vif_details': {'port_filter': True, 'connectivity': 'l2', 'ovs_create_tap': True, 'bridge_name': 'br-int', 'datapath_type': 'system', 'bound_drivers': {'0': 'ovn'}}, 'port_security_enabled': False, 'tags': [], 'created_at': '2026-07-10T01:54:35Z', 'updated_at': '2026-07-10T01:54:36Z', 'revision_number': 4, 'tenant_id': 'e90b450531d94c0084caa3cb735eec9d', 'network': {'id': '1ba4a8db-e413-4e05-9e53-0f1c8a12f19b', 'name': 'admin_net', 'tenant_id': 'e90b450531d94c0084caa3cb735eec9d', 'project_id': 'e90b450531d94c0084caa3cb735eec9d', 'admin_state_up': True, 'mtu': 1372, 'status': 'ACTIVE', 'subnets': ['b4168ef3-0235-4d1e-b99f-0480991f588d'], 'standard_attr_id': 42, 'shared': False, 'availability_zone_hints': [], 'availability_zones': [], 'ipv4_address_scope': None, 'ipv6_address_scope': None, 'router:external': False, 'qinq': False, 'vlan_transparent': False, 'description': '', 'port_security_enabled': True, 'tags': [], 'created_at': '2026-07-10T01:54:28Z', 'updated_at': '2026-07-10T01:54:29Z', 'revision_number': 2, 'provider:network_type': 'geneve', 'provider:physical_network': None, 'provider:segmentation_id': 15557}}, resource_type=ports, if_exists=True) {{(pid=101525) do_commit /opt/stack/data/venv/lib/python3.12/site-packages/ovsdbapp/backend/ovs_idl/transaction.py:89}}
Jul 10 01:54:36.118795 np0000184932 devstack@neutron-api.service[101525]: DEBUG ovsdbapp.backend.ovs_idl.transaction [None req-2dcf4407-9d29-4204-95e3-efb3745af160 None None] Running txn n=1 command(idx=1): SetLSwitchPortCommand(_result=None, lport=17beaddb-17fe-409b-9b53-5701831b7e75, external_ids_update=None, columns={'external_ids': {'neutron:port_name': '', 'neutron:device_id': 'manila-admin-share', 'neutron:project_id': 'e90b450531d94c0084caa3cb735eec9d', 'neutron:cidrs': '10.2.5.103/24', 'neutron:device_owner': 'manila:share', 'neutron:subnet_pool_addr_scope4': '', 'neutron:subnet_pool_addr_scope6': '', 'neutron:network_name': 'neutron-1ba4a8db-e413-4e05-9e53-0f1c8a12f19b', 'neutron:security_group_ids': '', 'neutron:revision_number': '4', 'neutron:vnic_type': 'normal', 'neutron:port_capabilities': '', 'neutron:mtu': ''}, 'parent_name': [], 'options': {'requested-chassis': 'np0000184932'}, 'enabled': True, 'port_security': [], 'dhcpv4_options': [UUID('70ce09be-1f23-4e82-a93e-e98d60dacbad')], 'dhcpv6_options': [], 'type': '', 'addresses': ['fa:16:3e:26:7c:20 10.2.5.103', 'unknown'], 'ha_chassis_group': [], 'tag_request': []}, if_exists=False) {{(pid=101525) do_commit /opt/stack/data/venv/lib/python3.12/site-packages/ovsdbapp/backend/ovs_idl/transaction.py:89}}
Jul 10 01:54:36.120336 np0000184932 devstack@neutron-api.service[101525]: DEBUG ovsdbapp.backend.ovs_idl.transaction [None req-2dcf4407-9d29-4204-95e3-efb3745af160 None None] Running txn n=1 command(idx=2): PgDelPortCommand(_result=None, port_group=neutron_pg_drop, lsp=['17beaddb-17fe-409b-9b53-5701831b7e75'], if_exists=False) {{(pid=101525) do_commit /opt/stack/data/venv/lib/python3.12/site-packages/ovsdbapp/backend/ovs_idl/transaction.py:89}}
Jul 10 01:54:36.126507 np0000184932 devstack@neutron-api.service[101525]: DEBUG neutron.plugins.ml2.drivers.ovn.mech_driver.ovsdb.ovsdb_monitor [None req-2dcf4407-9d29-4204-95e3-efb3745af160 None None] Touching Hash Ring node "574f77b65d0d5ef9a57ba0ccf2f5d30a" from IDL notify handler {{(pid=101525) notify /opt/stack/neutron/neutron/plugins/ml2/drivers/ovn/mech_driver/ovsdb/ovsdb_monitor.py:1023}}
Jul 10 01:54:36.133413 np0000184932 devstack@neutron-api.service[101522]: DEBUG neutron.plugins.ml2.drivers.ovn.mech_driver.ovsdb.ovsdb_monitor [None req-69941a48-6f46-436e-a7ce-351157fe35b1 None None] Touching Hash Ring node "5e2a8daa43185b6bb8b9bdf6d70e9860" from IDL notify handler {{(pid=101522) notify /opt/stack/neutron/neutron/plugins/ml2/drivers/ovn/mech_driver/ovsdb/ovsdb_monitor.py:1023}}
Jul 10 01:54:36.133787 np0000184932 devstack@neutron-api.service[101525]: DEBUG neutron.plugins.ml2.drivers.ovn.mech_driver.ovsdb.ovsdb_monitor [None req-2dcf4407-9d29-4204-95e3-efb3745af160 None None] Hash Ring: Node 574f77b65d0d5ef9a57ba0ccf2f5d30a (host: np0000184932) handling event "update" for row eeee61d3-def4-498b-a821-145e53937296 (table: Logical_Switch_Port) {{(pid=101525) notify /opt/stack/neutron/neutron/plugins/ml2/drivers/ovn/mech_driver/ovsdb/ovsdb_monitor.py:1031}}
Jul 10 01:54:36.137380 np0000184932 devstack@neutron-api.service[101522]: DEBUG neutron.plugins.ml2.drivers.ovn.mech_driver.ovsdb.ovsdb_monitor [None req-69941a48-6f46-436e-a7ce-351157fe35b1 None None] Hash Ring: Node 5e2a8daa43185b6bb8b9bdf6d70e9860 (host: np0000184932) handling event "update" for row d580b961-d0c6-45a0-bdea-b8a6cc65ae9d (table: Port_Binding) {{(pid=101522) notify /opt/stack/neutron/neutron/plugins/ml2/drivers/ovn/mech_driver/ovsdb/ovsdb_monitor.py:1031}}
Jul 10 01:54:36.162897 np0000184932 devstack@neutron-api.service[101525]: INFO neutron.db.ovn_revision_numbers_db [None req-a11797c3-94f4-4854-aa58-da4e5ecc171d None None] Successfully bumped revision number for resource 17beaddb-17fe-409b-9b53-5701831b7e75 (type: ports) to 4
Jul 10 01:54:36.167799 np0000184932 devstack@neutron-api.service[101525]: DEBUG neutron_lib.callbacks.manager [None req-a11797c3-94f4-4854-aa58-da4e5ecc171d None None] Publish callbacks ['neutron.plugins.ml2.ovo_rpc._ObjectChangeHandler.handle_event-6436348', 'neutron.services.ovn_l3.plugin.OVNL3RouterPlugin._port_update-8734708023126'] for port (17beaddb-17fe-409b-9b53-5701831b7e75), after_update {{(pid=101525) _notify_loop /opt/stack/data/venv/lib/python3.12/site-packages/neutron_lib/callbacks/manager.py:184}}
Jul 10 01:54:36.194496 np0000184932 devstack@neutron-api.service[101525]: DEBUG neutron.api.rpc.handlers.resources_rpc [None req-4bf7fac6-91b5-455e-9298-3c0cab626b32 None None] Pushing event updated for resources: {'Port': ['ID=17beaddb-17fe-409b-9b53-5701831b7e75,revision_number=4']} {{(pid=101525) push /opt/stack/neutron/neutron/api/rpc/handlers/resources_rpc.py:237}}
Jul 10 01:54:36.213593 np0000184932 devstack@neutron-api.service[101525]: DEBUG ovsdbapp.backend.ovs_idl.transaction [None req-2dcf4407-9d29-4204-95e3-efb3745af160 None None] Running txn n=1 command(idx=0): DbSetCommand(_result=None, table=Logical_Switch_Port, record=17beaddb-17fe-409b-9b53-5701831b7e75, col_values=(('external_ids', {'neutron:host_id': 'np0000184932'}),), if_exists=True) {{(pid=101525) do_commit /opt/stack/data/venv/lib/python3.12/site-packages/ovsdbapp/backend/ovs_idl/transaction.py:89}}
Jul 10 01:54:36.220463 np0000184932 devstack@neutron-api.service[101525]: DEBUG neutron.plugins.ml2.drivers.ovn.mech_driver.ovsdb.ovsdb_monitor [None req-2dcf4407-9d29-4204-95e3-efb3745af160 None None] Touching Hash Ring node "574f77b65d0d5ef9a57ba0ccf2f5d30a" from IDL notify handler {{(pid=101525) notify /opt/stack/neutron/neutron/plugins/ml2/drivers/ovn/mech_driver/ovsdb/ovsdb_monitor.py:1023}}
Jul 10 01:54:36.226830 np0000184932 devstack@neutron-api.service[101522]: DEBUG neutron.plugins.ml2.drivers.ovn.mech_driver.ovsdb.ovsdb_monitor [None req-69941a48-6f46-436e-a7ce-351157fe35b1 None None] Touching Hash Ring node "5e2a8daa43185b6bb8b9bdf6d70e9860" from IDL notify handler {{(pid=101522) notify /opt/stack/neutron/neutron/plugins/ml2/drivers/ovn/mech_driver/ovsdb/ovsdb_monitor.py:1023}}
Jul 10 01:54:36.227185 np0000184932 devstack@neutron-api.service[101525]: DEBUG neutron.plugins.ml2.drivers.ovn.mech_driver.ovsdb.ovsdb_monitor [None req-2dcf4407-9d29-4204-95e3-efb3745af160 None None] Hash Ring: Node 574f77b65d0d5ef9a57ba0ccf2f5d30a (host: np0000184932) handling event "update" for row eeee61d3-def4-498b-a821-145e53937296 (table: Logical_Switch_Port) {{(pid=101525) notify /opt/stack/neutron/neutron/plugins/ml2/drivers/ovn/mech_driver/ovsdb/ovsdb_monitor.py:1031}}
Jul 10 01:54:36.231007 np0000184932 devstack@neutron-api.service[101522]: DEBUG neutron.plugins.ml2.drivers.ovn.mech_driver.ovsdb.ovsdb_monitor [None req-69941a48-6f46-436e-a7ce-351157fe35b1 None None] Hash Ring: Node 5e2a8daa43185b6bb8b9bdf6d70e9860 (host: np0000184932) handling event "update" for row d580b961-d0c6-45a0-bdea-b8a6cc65ae9d (table: Port_Binding) {{(pid=101522) notify /opt/stack/neutron/neutron/plugins/ml2/drivers/ovn/mech_driver/ovsdb/ovsdb_monitor.py:1031}}
Jul 10 01:54:36.691309 np0000184932 devstack@neutron-api.service[101525]: DEBUG neutron.pecan_wsgi.hooks.policy_enforcement [None req-fd59c00b-5b05-461c-8add-84a831d0f8eb service neutron] Attributes excluded by policy engine: ['standard_attr_id', 'shared'] {{(pid=101525) _exclude_attributes_by_policy /opt/stack/neutron/neutron/pecan_wsgi/hooks/policy_enforcement.py:259}}
Jul 10 01:54:36.692503 np0000184932 devstack@neutron-api.service[101525]: [pid: 101525|app: 0|req: 26/105] 199.204.45.144 () {64 vars in 1367 bytes} [Fri Jul 10 01:54:36 2026] GET /networking/v2.0/subnets/b4168ef3-0235-4d1e-b99f-0480991f588d => generated 625 bytes in 24 msecs (HTTP/1.1 200) 4 headers in 157 bytes (1 switches on core 0)
Jul 10 01:54:37.574530 np0000184932 devstack@neutron-api.service[101522]: DEBUG neutron.pecan_wsgi.hooks.policy_enforcement [None req-e2ed846a-79ae-42a3-946a-4a888fb8ab22 service neutron] Attributes excluded by policy engine: ['standard_attr_id'] {{(pid=101522) _exclude_attributes_by_policy /opt/stack/neutron/neutron/pecan_wsgi/hooks/policy_enforcement.py:259}}
Jul 10 01:54:37.576038 np0000184932 devstack@neutron-api.service[101522]: [pid: 101522|app: 0|req: 28/106] 199.204.45.144 () {64 vars in 1369 bytes} [Fri Jul 10 01:54:37 2026] GET /networking/v2.0/ports?device_id=manila-admin-share&binding%3Ahost_id=np0000184932 => generated 931 bytes in 50 msecs (HTTP/1.1 200) 4 headers in 157 bytes (1 switches on core 0)
Jul 10 01:54:38.079726 np0000184932 devstack@neutron-api.service[101523]: DEBUG neutron.pecan_wsgi.hooks.policy_enforcement [None req-ea7ea4a3-5d88-4d10-a2ed-8b4440177469 service neutron] Attributes excluded by policy engine: ['standard_attr_id', 'shared'] {{(pid=101523) _exclude_attributes_by_policy /opt/stack/neutron/neutron/pecan_wsgi/hooks/policy_enforcement.py:259}}
Jul 10 01:54:38.080337 np0000184932 devstack@neutron-api.service[101523]: [pid: 101523|app: 0|req: 27/107] 199.204.45.144 () {64 vars in 1367 bytes} [Fri Jul 10 01:54:38 2026] GET /networking/v2.0/subnets/b4168ef3-0235-4d1e-b99f-0480991f588d => generated 625 bytes in 30 msecs (HTTP/1.1 200) 4 headers in 157 bytes (1 switches on core 0)
Jul 10 01:54:45.508929 np0000184932 devstack@neutron-api.service[101524]: DEBUG dbcounter [-] [101524] Writing DB stats neutron:UPDATE=12,neutron:SELECT=185,neutron:INSERT=11,neutron:DELETE=2 {{(pid=101524) stat_writer /opt/stack/data/venv/lib/python3.12/site-packages/dbcounter.py:115}}
Jul 10 01:54:46.689035 np0000184932 devstack@neutron-api.service[101525]: DEBUG dbcounter [-] [101525] Writing DB stats neutron:UPDATE=26,neutron:SELECT=352,neutron:INSERT=30,neutron:DELETE=3 {{(pid=101525) stat_writer /opt/stack/data/venv/lib/python3.12/site-packages/dbcounter.py:115}}
Jul 10 01:54:47.569517 np0000184932 devstack@neutron-api.service[101522]: DEBUG dbcounter [-] [101522] Writing DB stats neutron:UPDATE=8,neutron:SELECT=27 {{(pid=101522) stat_writer /opt/stack/data/venv/lib/python3.12/site-packages/dbcounter.py:115}}
Jul 10 01:54:48.074830 np0000184932 devstack@neutron-api.service[101523]: DEBUG dbcounter [-] [101523] Writing DB stats neutron:UPDATE=8,neutron:SELECT=258,neutron:INSERT=11,neutron:DELETE=2 {{(pid=101523) stat_writer /opt/stack/data/venv/lib/python3.12/site-packages/dbcounter.py:115}}
Jul 10 01:54:49.130953 np0000184932 devstack@neutron-api.service[101522]: DEBUG futurist.periodics [-] Submitting periodic callback 'neutron.plugins.ml2.drivers.ovn.mech_driver.ovsdb.maintenance.HashRingHealthCheckPeriodics.touch_hash_ring_node' {{(pid=101522) _process_scheduled /opt/stack/data/venv/lib/python3.12/site-packages/futurist/periodics.py:784}}
Jul 10 01:54:49.131549 np0000184932 devstack@neutron-api.service[101522]: DEBUG neutron.plugins.ml2.drivers.ovn.mech_driver.ovsdb.maintenance [-] Touching Hash Ring node "5e2a8daa43185b6bb8b9bdf6d70e9860" from periodic health check thread {{(pid=101522) touch_hash_ring_node /opt/stack/neutron/neutron/plugins/ml2/drivers/ovn/mech_driver/ovsdb/maintenance.py:1418}}
Jul 10 01:54:50.002150 np0000184932 devstack@neutron-api.service[101523]: DEBUG futurist.periodics [-] Submitting periodic callback 'neutron.plugins.ml2.drivers.ovn.mech_driver.ovsdb.maintenance.HashRingHealthCheckPeriodics.touch_hash_ring_node' {{(pid=101523) _process_scheduled /opt/stack/data/venv/lib/python3.12/site-packages/futurist/periodics.py:784}}
Jul 10 01:54:50.002643 np0000184932 devstack@neutron-api.service[101523]: DEBUG neutron.plugins.ml2.drivers.ovn.mech_driver.ovsdb.maintenance [-] Touching Hash Ring node "b6f88ee376405b8e91b4a70d1f866ad0" from periodic health check thread {{(pid=101523) touch_hash_ring_node /opt/stack/neutron/neutron/plugins/ml2/drivers/ovn/mech_driver/ovsdb/maintenance.py:1418}}
Jul 10 01:54:50.033014 np0000184932 devstack@neutron-api.service[101525]: DEBUG futurist.periodics [-] Submitting periodic callback 'neutron.plugins.ml2.drivers.ovn.mech_driver.ovsdb.maintenance.HashRingHealthCheckPeriodics.touch_hash_ring_node' {{(pid=101525) _process_scheduled /opt/stack/data/venv/lib/python3.12/site-packages/futurist/periodics.py:784}}
Jul 10 01:54:50.033593 np0000184932 devstack@neutron-api.service[101525]: DEBUG neutron.plugins.ml2.drivers.ovn.mech_driver.ovsdb.maintenance [-] Touching Hash Ring node "574f77b65d0d5ef9a57ba0ccf2f5d30a" from periodic health check thread {{(pid=101525) touch_hash_ring_node /opt/stack/neutron/neutron/plugins/ml2/drivers/ovn/mech_driver/ovsdb/maintenance.py:1418}}
Jul 10 01:54:50.068265 np0000184932 devstack@neutron-api.service[101524]: DEBUG futurist.periodics [-] Submitting periodic callback 'neutron.plugins.ml2.drivers.ovn.mech_driver.ovsdb.maintenance.HashRingHealthCheckPeriodics.touch_hash_ring_node' {{(pid=101524) _process_scheduled /opt/stack/data/venv/lib/python3.12/site-packages/futurist/periodics.py:784}}
Jul 10 01:54:50.069155 np0000184932 devstack@neutron-api.service[101524]: DEBUG neutron.plugins.ml2.drivers.ovn.mech_driver.ovsdb.maintenance [-] Touching Hash Ring node "200fff33690557fcadd9b86654f59bcf" from periodic health check thread {{(pid=101524) touch_hash_ring_node /opt/stack/neutron/neutron/plugins/ml2/drivers/ovn/mech_driver/ovsdb/maintenance.py:1418}}
Jul 10 01:54:51.117788 np0000184932 devstack@neutron-api.service[101524]: [pid: 101524|app: 0|req: 27/108] 199.204.45.144 () {62 vars in 1059 bytes} [Fri Jul 10 01:54:51 2026] GET /networking => generated 130 bytes in 3 msecs (HTTP/1.1 200) 3 headers in 91 bytes (2 switches on core 0)
Jul 10 01:54:51.229875 np0000184932 devstack@neutron-api.service[101525]: DEBUG neutron.pecan_wsgi.hooks.policy_enforcement [None req-390c9e6c-b643-42ad-b119-0e145c8c8e59 demo demo] Attributes excluded by policy engine: ['standard_attr_id', 'provider:network_type', 'provider:physical_network', 'provider:segmentation_id'] {{(pid=101525) _exclude_attributes_by_policy /opt/stack/neutron/neutron/pecan_wsgi/hooks/policy_enforcement.py:259}}
Jul 10 01:54:51.231750 np0000184932 devstack@neutron-api.service[101525]: [pid: 101525|app: 0|req: 27/109] 199.204.45.144 () {64 vars in 1348 bytes} [Fri Jul 10 01:54:51 2026] GET /networking/v2.0/networks?router%3Aexternal=True => generated 659 bytes in 76 msecs (HTTP/1.1 200) 4 headers in 157 bytes (1 switches on core 0)
Jul 10 01:54:56.390797 np0000184932 devstack@neutron-api.service[101522]: [pid: 101522|app: 0|req: 29/110] 199.204.45.144 () {62 vars in 1059 bytes} [Fri Jul 10 01:54:56 2026] GET /networking => generated 130 bytes in 4 msecs (HTTP/1.1 200) 3 headers in 91 bytes (1 switches on core 0)
Jul 10 01:54:56.482078 np0000184932 devstack@neutron-api.service[101523]: DEBUG neutron.pecan_wsgi.hooks.policy_enforcement [None req-0f14506a-62ad-4926-89eb-56739b89be5d demo demo] Attributes excluded by policy engine: ['standard_attr_id', 'provider:network_type', 'provider:physical_network', 'provider:segmentation_id'] {{(pid=101523) _exclude_attributes_by_policy /opt/stack/neutron/neutron/pecan_wsgi/hooks/policy_enforcement.py:259}}
Jul 10 01:54:56.484135 np0000184932 devstack@neutron-api.service[101523]: [pid: 101523|app: 0|req: 28/111] 199.204.45.144 () {64 vars in 1348 bytes} [Fri Jul 10 01:54:56 2026] GET /networking/v2.0/networks?router%3Aexternal=True => generated 659 bytes in 56 msecs (HTTP/1.1 200) 4 headers in 157 bytes (1 switches on core 0)
Jul 10 01:54:59.142154 np0000184932 devstack@neutron-api.service[101522]: DEBUG dbcounter [-] [101522] Writing DB stats neutron:UPDATE=1,neutron:SELECT=1 {{(pid=101522) stat_writer /opt/stack/data/venv/lib/python3.12/site-packages/dbcounter.py:115}}
Jul 10 01:55:00.080405 np0000184932 devstack@neutron-api.service[101524]: DEBUG dbcounter [-] [101524] Writing DB stats neutron:UPDATE=1,neutron:SELECT=1 {{(pid=101524) stat_writer /opt/stack/data/venv/lib/python3.12/site-packages/dbcounter.py:115}}
Jul 10 01:55:01.225729 np0000184932 devstack@neutron-api.service[101525]: DEBUG dbcounter [-] [101525] Writing DB stats neutron:UPDATE=1,neutron:SELECT=18 {{(pid=101525) stat_writer /opt/stack/data/venv/lib/python3.12/site-packages/dbcounter.py:115}}
Jul 10 01:55:04.131537 np0000184932 devstack@neutron-api.service[101522]: DEBUG futurist.periodics [-] Submitting periodic callback 'neutron.plugins.ml2.drivers.ovn.mech_driver.ovsdb.maintenance.HashRingHealthCheckPeriodics.touch_hash_ring_node' {{(pid=101522) _process_scheduled /opt/stack/data/venv/lib/python3.12/site-packages/futurist/periodics.py:784}}
Jul 10 01:55:04.132209 np0000184932 devstack@neutron-api.service[101522]: DEBUG neutron.plugins.ml2.drivers.ovn.mech_driver.ovsdb.maintenance [-] Touching Hash Ring node "5e2a8daa43185b6bb8b9bdf6d70e9860" from periodic health check thread {{(pid=101522) touch_hash_ring_node /opt/stack/neutron/neutron/plugins/ml2/drivers/ovn/mech_driver/ovsdb/maintenance.py:1418}}
Jul 10 01:55:04.783223 np0000184932 devstack@neutron-api.service[101524]: [pid: 101524|app: 0|req: 28/112] 199.204.45.144 () {62 vars in 1070 bytes} [Fri Jul 10 01:55:04 2026] GET /networking => generated 130 bytes in 3 msecs (HTTP/1.1 200) 3 headers in 91 bytes (1 switches on core 0)
Jul 10 01:55:04.900738 np0000184932 devstack@neutron-api.service[101525]: DEBUG neutron.pecan_wsgi.hooks.policy_enforcement [None req-98103388-9029-4871-8561-417d00ab4446 demo demo] Attributes excluded by policy engine: ['standard_attr_id', 'provider:network_type', 'provider:physical_network', 'provider:segmentation_id'] {{(pid=101525) _exclude_attributes_by_policy /opt/stack/neutron/neutron/pecan_wsgi/hooks/policy_enforcement.py:259}}
Jul 10 01:55:04.902184 np0000184932 devstack@neutron-api.service[101525]: [pid: 101525|app: 0|req: 28/113] 199.204.45.144 () {64 vars in 1383 bytes} [Fri Jul 10 01:55:04 2026] GET /networking/v2.0/networks?name=public&router%3Aexternal=True => generated 659 bytes in 51 msecs (HTTP/1.1 200) 4 headers in 157 bytes (1 switches on core 0)
Jul 10 01:55:05.003088 np0000184932 devstack@neutron-api.service[101523]: DEBUG futurist.periodics [-] Submitting periodic callback 'neutron.plugins.ml2.drivers.ovn.mech_driver.ovsdb.maintenance.HashRingHealthCheckPeriodics.touch_hash_ring_node' {{(pid=101523) _process_scheduled /opt/stack/data/venv/lib/python3.12/site-packages/futurist/periodics.py:784}}
Jul 10 01:55:05.003651 np0000184932 devstack@neutron-api.service[101523]: DEBUG neutron.plugins.ml2.drivers.ovn.mech_driver.ovsdb.maintenance [-] Touching Hash Ring node "b6f88ee376405b8e91b4a70d1f866ad0" from periodic health check thread {{(pid=101523) touch_hash_ring_node /opt/stack/neutron/neutron/plugins/ml2/drivers/ovn/mech_driver/ovsdb/maintenance.py:1418}}
Jul 10 01:55:05.036261 np0000184932 devstack@neutron-api.service[101525]: DEBUG futurist.periodics [-] Submitting periodic callback 'neutron.plugins.ml2.drivers.ovn.mech_driver.ovsdb.maintenance.HashRingHealthCheckPeriodics.touch_hash_ring_node' {{(pid=101525) _process_scheduled /opt/stack/data/venv/lib/python3.12/site-packages/futurist/periodics.py:784}}
Jul 10 01:55:05.038146 np0000184932 devstack@neutron-api.service[101525]: DEBUG neutron.plugins.ml2.drivers.ovn.mech_driver.ovsdb.maintenance [-] Touching Hash Ring node "574f77b65d0d5ef9a57ba0ccf2f5d30a" from periodic health check thread {{(pid=101525) touch_hash_ring_node /opt/stack/neutron/neutron/plugins/ml2/drivers/ovn/mech_driver/ovsdb/maintenance.py:1418}}
Jul 10 01:55:05.069121 np0000184932 devstack@neutron-api.service[101524]: DEBUG futurist.periodics [-] Submitting periodic callback 'neutron.plugins.ml2.drivers.ovn.mech_driver.ovsdb.maintenance.HashRingHealthCheckPeriodics.touch_hash_ring_node' {{(pid=101524) _process_scheduled /opt/stack/data/venv/lib/python3.12/site-packages/futurist/periodics.py:784}}
Jul 10 01:55:05.070578 np0000184932 devstack@neutron-api.service[101524]: DEBUG neutron.plugins.ml2.drivers.ovn.mech_driver.ovsdb.maintenance [-] Touching Hash Ring node "200fff33690557fcadd9b86654f59bcf" from periodic health check thread {{(pid=101524) touch_hash_ring_node /opt/stack/neutron/neutron/plugins/ml2/drivers/ovn/mech_driver/ovsdb/maintenance.py:1418}}
Jul 10 01:55:07.155014 np0000184932 devstack@neutron-api.service[101522]: [pid: 101522|app: 0|req: 30/114] 199.204.45.144 () {64 vars in 1267 bytes} [Fri Jul 10 01:55:07 2026] GET /networking/ => generated 130 bytes in 2 msecs (HTTP/1.1 200) 3 headers in 91 bytes (1 switches on core 0)
Jul 10 01:55:07.312511 np0000184932 devstack@neutron-api.service[101523]: DEBUG neutron.pecan_wsgi.hooks.policy_enforcement [None req-248016bd-5048-4abb-8fc6-a793930e7652 demo demo] Attributes excluded by policy engine: ['standard_attr_id', 'provider:network_type', 'provider:physical_network', 'provider:segmentation_id'] {{(pid=101523) _exclude_attributes_by_policy /opt/stack/neutron/neutron/pecan_wsgi/hooks/policy_enforcement.py:259}}
Jul 10 01:55:07.314167 np0000184932 devstack@neutron-api.service[101523]: [pid: 101523|app: 0|req: 29/115] 199.204.45.144 () {64 vars in 1416 bytes} [Fri Jul 10 01:55:07 2026] GET /networking/v2.0/networks/5b6790fb-de4d-4663-830c-9b5d93276d24 => generated 656 bytes in 155 msecs (HTTP/1.1 200) 4 headers in 157 bytes (1 switches on core 0)
Jul 10 01:55:07.348578 np0000184932 devstack@neutron-api.service[101524]: [pid: 101524|app: 0|req: 29/116] 199.204.45.144 () {64 vars in 1410 bytes} [Fri Jul 10 01:55:07 2026] GET /networking/v2.0/networks?name=k8s-clusterapi-cluster-magnum-system-kube-jwgpp => generated 15 bytes in 27 msecs (HTTP/1.1 200) 4 headers in 156 bytes (1 switches on core 0)
Jul 10 01:55:07.361505 np0000184932 devstack@neutron-api.service[101525]: DEBUG neutron.api.v2.base [None req-b4c538e3-61da-4d4f-96f5-752b3f61fed9 demo demo] Request body: {'network': {'admin_state_up': True, 'name': 'k8s-clusterapi-cluster-magnum-system-kube-jwgpp'}} {{(pid=101525) prepare_request_body /opt/stack/neutron/neutron/api/v2/base.py:727}}
Jul 10 01:55:07.380406 np0000184932 devstack@neutron-api.service[101525]: DEBUG neutron.pecan_wsgi.hooks.quota_enforcement [None req-b4c538e3-61da-4d4f-96f5-752b3f61fed9 demo demo] Made reservation on behalf of 39061575ff0f41b5b7142ec0faea26d1 for: {'network': 1} {{(pid=101525) before /opt/stack/neutron/neutron/pecan_wsgi/hooks/quota_enforcement.py:66}}
Jul 10 01:55:07.385473 np0000184932 devstack@neutron-api.service[101525]: DEBUG neutron_lib.callbacks.manager [None req-b4c538e3-61da-4d4f-96f5-752b3f61fed9 demo demo] Publish callbacks ['neutron.plugins.ml2.plugin.SecurityGroupDbMixin._ensure_default_security_group_handler-258906'] for network (None), before_create {{(pid=101525) _notify_loop /opt/stack/data/venv/lib/python3.12/site-packages/neutron_lib/callbacks/manager.py:184}}
Jul 10 01:55:07.391668 np0000184932 devstack@neutron-api.service[101525]: DEBUG neutron_lib.callbacks.manager [None req-b4c538e3-61da-4d4f-96f5-752b3f61fed9 demo demo] Publish callbacks [] for security_group (None), before_create {{(pid=101525) _notify_loop /opt/stack/data/venv/lib/python3.12/site-packages/neutron_lib/callbacks/manager.py:184}}
Jul 10 01:55:07.439835 np0000184932 devstack@neutron-api.service[101525]: DEBUG neutron_lib.callbacks.manager [None req-b4c538e3-61da-4d4f-96f5-752b3f61fed9 demo demo] Publish callbacks ['neutron.plugins.ml2.drivers.ovn.mech_driver.mech_driver.OVNMechanismDriver._create_security_group_precommit-335793'] for security_group (8cf97a82-a3be-4569-8320-6668647238c6), precommit_create {{(pid=101525) _notify_loop /opt/stack/data/venv/lib/python3.12/site-packages/neutron_lib/callbacks/manager.py:184}}
Jul 10 01:55:07.439835 np0000184932 devstack@neutron-api.service[101525]: DEBUG neutron.db.ovn_revision_numbers_db [None req-b4c538e3-61da-4d4f-96f5-752b3f61fed9 demo demo] create_initial_revision uuid=8cf97a82-a3be-4569-8320-6668647238c6, type=security_groups, rev=-1 {{(pid=101525) create_initial_revision /opt/stack/neutron/neutron/db/ovn_revision_numbers_db.py:98}}
Jul 10 01:55:07.440949 np0000184932 devstack@neutron-api.service[101525]: DEBUG neutron.db.ovn_revision_numbers_db [None req-b4c538e3-61da-4d4f-96f5-752b3f61fed9 demo demo] create_initial_revision uuid=3fa9cc7d-2d26-4e97-9c1d-7b4039d9ddb8, type=security_group_rules, rev=-1 {{(pid=101525) create_initial_revision /opt/stack/neutron/neutron/db/ovn_revision_numbers_db.py:98}}
Jul 10 01:55:07.441865 np0000184932 devstack@neutron-api.service[101525]: DEBUG neutron.db.ovn_revision_numbers_db [None req-b4c538e3-61da-4d4f-96f5-752b3f61fed9 demo demo] create_initial_revision uuid=71291d2d-c06e-464f-877f-441de271f551, type=security_group_rules, rev=-1 {{(pid=101525) create_initial_revision /opt/stack/neutron/neutron/db/ovn_revision_numbers_db.py:98}}
Jul 10 01:55:07.442796 np0000184932 devstack@neutron-api.service[101525]: DEBUG neutron.db.ovn_revision_numbers_db [None req-b4c538e3-61da-4d4f-96f5-752b3f61fed9 demo demo] create_initial_revision uuid=c4921644-073f-4cdc-bc48-537aef1be120, type=security_group_rules, rev=-1 {{(pid=101525) create_initial_revision /opt/stack/neutron/neutron/db/ovn_revision_numbers_db.py:98}}
Jul 10 01:55:07.443673 np0000184932 devstack@neutron-api.service[101525]: DEBUG neutron.db.ovn_revision_numbers_db [None req-b4c538e3-61da-4d4f-96f5-752b3f61fed9 demo demo] create_initial_revision uuid=f23dd5a3-862d-4a0a-9a86-dab01728bcc9, type=security_group_rules, rev=-1 {{(pid=101525) create_initial_revision /opt/stack/neutron/neutron/db/ovn_revision_numbers_db.py:98}}
Jul 10 01:55:07.449396 np0000184932 devstack@neutron-api.service[101525]: DEBUG neutron_lib.callbacks.manager [None req-b4c538e3-61da-4d4f-96f5-752b3f61fed9 demo demo] Publish callbacks ['neutron.plugins.ml2.drivers.ovn.mech_driver.mech_driver.OVNMechanismDriver._create_security_group-335783', 'neutron.plugins.ml2.ovo_rpc._ObjectChangeHandler.handle_event-6436331'] for security_group (8cf97a82-a3be-4569-8320-6668647238c6), after_create {{(pid=101525) _notify_loop /opt/stack/data/venv/lib/python3.12/site-packages/neutron_lib/callbacks/manager.py:184}}
