2026-04-07 01:19:14.983 9 INFO neutron.db.ovn_revision_numbers_db [None req-e5119d51-6ddf-467f-b5af-e28ee8ff4f5e 8a4adb9743df44519d71a8e8a973d904 0afb0a62f557411cb1181d592a2d030d - - default default] Successfully bumped revision number for resource bfda78cf-2b98-426c-ae80-4c9511112b65 (type: security_group_rules) to 0
2026-04-07 01:19:15.010 9 INFO neutron.wsgi [None req-e5119d51-6ddf-467f-b5af-e28ee8ff4f5e 8a4adb9743df44519d71a8e8a973d904 0afb0a62f557411cb1181d592a2d030d - - default default] 10.0.0.109 "POST /v2.0/security-groups HTTP/1.1" status: 201 len: 1737 time: 0.1928458
2026-04-07 01:19:15.026 9 WARNING neutron_lib.context [None req-8ffd96c1-3f84-45b6-9daa-90a06c8b31f9 8a4adb9743df44519d71a8e8a973d904 0afb0a62f557411cb1181d592a2d030d - - default default] Method 'is_advsvc' is deprecated since 2023.2 release (neutron-lib 3.8.0) and will be removed once support for the old RBAC API policies will be removed from Neutron. Please use method 'is_service_role' instead.
2026-04-07 01:19:15.130 9 INFO neutron.db.ovn_revision_numbers_db [None req-8ffd96c1-3f84-45b6-9daa-90a06c8b31f9 8a4adb9743df44519d71a8e8a973d904 0afb0a62f557411cb1181d592a2d030d - - default default] Successfully bumped revision number for resource 106d3a9d-85c3-4f38-8cab-d89f6192fe59 (type: security_groups) to 1
2026-04-07 01:19:15.144 9 INFO neutron.db.ovn_revision_numbers_db [None req-8ffd96c1-3f84-45b6-9daa-90a06c8b31f9 8a4adb9743df44519d71a8e8a973d904 0afb0a62f557411cb1181d592a2d030d - - default default] Successfully bumped revision number for resource 7b9773e6-411f-4648-9d54-582566335730 (type: security_group_rules) to 0
2026-04-07 01:19:15.161 9 INFO neutron.db.ovn_revision_numbers_db [None req-8ffd96c1-3f84-45b6-9daa-90a06c8b31f9 8a4adb9743df44519d71a8e8a973d904 0afb0a62f557411cb1181d592a2d030d - - default default] Successfully bumped revision number for resource a89f8cbb-4dd1-4ba0-9dcb-55fbc3bf12a7 (type: security_group_rules) to 0
2026-04-07 01:19:15.187 9 INFO neutron.wsgi [None req-8ffd96c1-3f84-45b6-9daa-90a06c8b31f9 8a4adb9743df44519d71a8e8a973d904 0afb0a62f557411cb1181d592a2d030d - - default default] 10.0.0.109 "POST /v2.0/security-groups HTTP/1.1" status: 201 len: 1737 time: 0.1676774
2026-04-07 01:19:15.187 10 INFO neutron.db.ovn_revision_numbers_db [None req-9445bc43-e653-4e14-a805-f55aba7f81e0 b79fd18be6484ab3be3944303af0fddd a38b0b41e32c4c89a7b16e9d70bcfb57 - - default default] Successfully bumped revision number for resource 6a67083c-fa14-430a-b462-a8911c1163d9 (type: security_groups) to 1
2026-04-07 01:19:15.229 10 INFO neutron.db.ovn_revision_numbers_db [None req-9445bc43-e653-4e14-a805-f55aba7f81e0 b79fd18be6484ab3be3944303af0fddd a38b0b41e32c4c89a7b16e9d70bcfb57 - - default default] Successfully bumped revision number for resource 2c432112-1ffa-4057-bb04-4997051991d0 (type: security_group_rules) to 0
2026-04-07 01:19:15.235 9 INFO neutron.wsgi [None req-401c719a-62f9-46a3-85fd-3802245a3fc9 8a4adb9743df44519d71a8e8a973d904 0afb0a62f557411cb1181d592a2d030d - - default default] 10.0.0.109 "PUT /v2.0/security-groups/e74a7655-4403-4561-80f8-5fd42b8c9f54/tags HTTP/1.1" status: 200 len: 210 time: 0.0424082
2026-04-07 01:19:15.245 10 INFO neutron.db.ovn_revision_numbers_db [None req-9445bc43-e653-4e14-a805-f55aba7f81e0 b79fd18be6484ab3be3944303af0fddd a38b0b41e32c4c89a7b16e9d70bcfb57 - - default default] Successfully bumped revision number for resource 5f7435a2-e6d2-4670-91fa-b1f378f4714c (type: security_group_rules) to 0
2026-04-07 01:19:15.258 10 INFO neutron.db.ovn_revision_numbers_db [None req-9445bc43-e653-4e14-a805-f55aba7f81e0 b79fd18be6484ab3be3944303af0fddd a38b0b41e32c4c89a7b16e9d70bcfb57 - - default default] Successfully bumped revision number for resource af61ffc1-78f2-411b-b758-637af65ba7da (type: security_group_rules) to 0
2026-04-07 01:19:15.259 9 INFO neutron.wsgi [None req-be5cfeca-ee10-4476-83ae-e53deb9f9e5a b79fd18be6484ab3be3944303af0fddd a38b0b41e32c4c89a7b16e9d70bcfb57 - - default default] 10.0.0.109 "GET /v2.0/security-groups?tenant_id=ffb8ad6e9fb84c208ceaa7d8bc427a30&name=default HTTP/1.1" status: 200 len: 2996 time: 0.3148096
2026-04-07 01:19:15.273 10 INFO neutron.db.ovn_revision_numbers_db [None req-9445bc43-e653-4e14-a805-f55aba7f81e0 b79fd18be6484ab3be3944303af0fddd a38b0b41e32c4c89a7b16e9d70bcfb57 - - default default] Successfully bumped revision number for resource e306b9d7-48d3-43dd-8cc0-3dbb341e4230 (type: security_group_rules) to 0
2026-04-07 01:19:15.279 9 INFO neutron.wsgi [None req-12d0daf0-fcd7-41c9-80e6-a6e59629dd0e 8a4adb9743df44519d71a8e8a973d904 0afb0a62f557411cb1181d592a2d030d - - default default] 10.0.0.109 "PUT /v2.0/security-groups/83116e48-411e-4bae-af21-95370643c8f3/tags HTTP/1.1" status: 200 len: 218 time: 0.0394499
2026-04-07 01:19:15.300 10 INFO neutron.wsgi [None req-9445bc43-e653-4e14-a805-f55aba7f81e0 b79fd18be6484ab3be3944303af0fddd a38b0b41e32c4c89a7b16e9d70bcfb57 - - default default] 10.0.0.109 "GET /v2.0/security-groups?tenant_id=505219d5769c4184987a1027f508f394&name=default HTTP/1.1" status: 200 len: 2996 time: 0.2348433
2026-04-07 01:19:15.321 9 INFO neutron.wsgi [None req-19ecf9e9-f45c-4855-adcd-afa31e98479f 8a4adb9743df44519d71a8e8a973d904 0afb0a62f557411cb1181d592a2d030d - - default default] 10.0.0.109 "PUT /v2.0/security-groups/a9e896d7-77cc-4ea8-8bc8-55c5f3c073c1/tags HTTP/1.1" status: 200 len: 227 time: 0.0356152
2026-04-07 01:19:15.371 10 INFO neutron.wsgi [None req-4512f4a4-2fcb-4c73-a80a-d2c7f6e043fb 8a4adb9743df44519d71a8e8a973d904 0afb0a62f557411cb1181d592a2d030d - - default default] 10.0.0.109 "PUT /v2.0/security-groups/4ef5c384-baab-4815-9a97-dc95ba49e1a7/tags HTTP/1.1" status: 200 len: 212 time: 0.0434308
2026-04-07 01:19:15.429 9 INFO neutron.wsgi [None req-66b19457-9ba2-486b-8db3-0229df71709d 8a4adb9743df44519d71a8e8a973d904 0afb0a62f557411cb1181d592a2d030d - - default default] 10.0.0.109 "GET /v2.0/security-groups?tags=red HTTP/1.1" status: 200 len: 4813 time: 0.0519054
2026-04-07 01:19:15.490 9 INFO neutron.wsgi [None req-f72aadef-c3bc-444f-a7d3-f9ffcb05420b 8a4adb9743df44519d71a8e8a973d904 0afb0a62f557411cb1181d592a2d030d - - default default] 10.0.0.109 "GET /v2.0/security-groups?tags=red%2Cblue HTTP/1.1" status: 200 len: 3289 time: 0.0526819
2026-04-07 01:19:15.517 10 INFO neutron.wsgi [None req-65d89ea7-18b1-4fa7-989a-ae03d0387350 b79fd18be6484ab3be3944303af0fddd a38b0b41e32c4c89a7b16e9d70bcfb57 - - default default] 10.0.0.109 "DELETE /v2.0/security-groups/6a67083c-fa14-430a-b462-a8911c1163d9 HTTP/1.1" status: 204 len: 168 time: 0.2133443
2026-04-07 01:19:15.536 9 INFO neutron.wsgi [None req-aff62000-707b-45c1-962b-0cc4e064fdcc b79fd18be6484ab3be3944303af0fddd a38b0b41e32c4c89a7b16e9d70bcfb57 - - default default] 10.0.0.109 "DELETE /v2.0/security-groups/64c1544e-c8d7-4c06-97bb-f75b1eebcec7 HTTP/1.1" status: 204 len: 168 time: 0.2716990
2026-04-07 01:19:15.554 9 INFO neutron.wsgi [None req-be82d7c6-9063-468e-9965-412380b2fcc1 8a4adb9743df44519d71a8e8a973d904 0afb0a62f557411cb1181d592a2d030d - - default default] 10.0.0.109 "GET /v2.0/security-groups?tags-any=blue HTTP/1.1" status: 200 len: 3289 time: 0.0587509
2026-04-07 01:19:15.601 9 INFO neutron.wsgi [None req-a45f9db3-5ee0-40c8-a368-41cf5317cc48 8a4adb9743df44519d71a8e8a973d904 0afb0a62f557411cb1181d592a2d030d - - default default] 10.0.0.109 "GET /v2.0/security-groups?tags-any=red%2Cblue HTTP/1.1" status: 200 len: 4813 time: 0.0426881
2026-04-07 01:19:15.665 9 INFO neutron.wsgi [None req-cbc45bb8-37b0-4601-937a-bef799d60821 8a4adb9743df44519d71a8e8a973d904 0afb0a62f557411cb1181d592a2d030d - - default default] 10.0.0.109 "GET /v2.0/security-groups?not-tags=red HTTP/1.1" status: 200 len: 6041 time: 0.0596712
2026-04-07 01:19:15.735 10 INFO neutron.wsgi [None req-c65981f6-efc0-4442-ba4e-26b4d5d31a88 8a4adb9743df44519d71a8e8a973d904 0afb0a62f557411cb1181d592a2d030d - - default default] 10.0.0.109 "GET /v2.0/security-groups?not-tags=red%2Cblue HTTP/1.1" status: 200 len: 7565 time: 0.0643911
2026-04-07 01:19:15.753 10 INFO neutron.db.ovn_revision_numbers_db [None req-547e7701-7e85-414c-bc93-d05d8a69daf1 b79fd18be6484ab3be3944303af0fddd a38b0b41e32c4c89a7b16e9d70bcfb57 - - default default] Successfully bumped revision number for resource ab12c079-0d72-4b7c-8eea-5e99bb2a0d9d (type: security_groups) to 1
2026-04-07 01:19:15.754 9 INFO neutron.db.ovn_revision_numbers_db [None req-7615e6d2-9222-436d-bc96-0a7c4fc098e6 b79fd18be6484ab3be3944303af0fddd a38b0b41e32c4c89a7b16e9d70bcfb57 - - default default] Successfully bumped revision number for resource 09365810-65d2-44c5-960a-75bff4aa9fc7 (type: security_groups) to 1
2026-04-07 01:19:15.768 9 INFO neutron.db.ovn_revision_numbers_db [None req-7615e6d2-9222-436d-bc96-0a7c4fc098e6 b79fd18be6484ab3be3944303af0fddd a38b0b41e32c4c89a7b16e9d70bcfb57 - - default default] Successfully bumped revision number for resource 1e212c8b-13d0-49ee-9f08-8814f27bf892 (type: security_group_rules) to 0
2026-04-07 01:19:15.776 10 INFO neutron.db.ovn_revision_numbers_db [None req-547e7701-7e85-414c-bc93-d05d8a69daf1 b79fd18be6484ab3be3944303af0fddd a38b0b41e32c4c89a7b16e9d70bcfb57 - - default default] Successfully bumped revision number for resource 7447f65d-05f7-47c1-9188-0df5c54c8f6d (type: security_group_rules) to 0
2026-04-07 01:19:15.780 9 INFO neutron.db.ovn_revision_numbers_db [None req-7615e6d2-9222-436d-bc96-0a7c4fc098e6 b79fd18be6484ab3be3944303af0fddd a38b0b41e32c4c89a7b16e9d70bcfb57 - - default default] Successfully bumped revision number for resource 482090c4-f75f-4b87-b17d-695fb585c763 (type: security_group_rules) to 0
2026-04-07 01:19:15.791 10 INFO neutron.wsgi [None req-a132f0ea-b5c5-44ed-b6e0-3b436392efed 8a4adb9743df44519d71a8e8a973d904 0afb0a62f557411cb1181d592a2d030d - - default default] 10.0.0.109 "GET /v2.0/security-groups?not-tags-any=blue HTTP/1.1" status: 200 len: 7565 time: 0.0486579
2026-04-07 01:19:15.794 9 INFO neutron.db.ovn_revision_numbers_db [None req-7615e6d2-9222-436d-bc96-0a7c4fc098e6 b79fd18be6484ab3be3944303af0fddd a38b0b41e32c4c89a7b16e9d70bcfb57 - - default default] Successfully bumped revision number for resource 7c2f7ebb-f610-40c5-9849-6c1349627c0a (type: security_group_rules) to 0
2026-04-07 01:19:15.794 10 INFO neutron.db.ovn_revision_numbers_db [None req-547e7701-7e85-414c-bc93-d05d8a69daf1 b79fd18be6484ab3be3944303af0fddd a38b0b41e32c4c89a7b16e9d70bcfb57 - - default default] Successfully bumped revision number for resource 8b001fb3-7f8d-4b0d-97cc-1eea7da61f4e (type: security_group_rules) to 0
2026-04-07 01:19:15.806 10 INFO neutron.db.ovn_revision_numbers_db [None req-547e7701-7e85-414c-bc93-d05d8a69daf1 b79fd18be6484ab3be3944303af0fddd a38b0b41e32c4c89a7b16e9d70bcfb57 - - default default] Successfully bumped revision number for resource aa2ef596-d640-4459-9a86-9ada38dfaaa4 (type: security_group_rules) to 0
2026-04-07 01:19:15.815 10 INFO neutron.db.ovn_revision_numbers_db [None req-547e7701-7e85-414c-bc93-d05d8a69daf1 b79fd18be6484ab3be3944303af0fddd a38b0b41e32c4c89a7b16e9d70bcfb57 - - default default] Successfully bumped revision number for resource b3878536-767d-4634-8497-5fd970cbcbf4 (type: security_group_rules) to 0
2026-04-07 01:19:15.823 9 INFO neutron.db.ovn_revision_numbers_db [None req-7615e6d2-9222-436d-bc96-0a7c4fc098e6 b79fd18be6484ab3be3944303af0fddd a38b0b41e32c4c89a7b16e9d70bcfb57 - - default default] Successfully bumped revision number for resource f04016eb-3db0-4a88-8484-5aa1f93243e2 (type: security_group_rules) to 0
2026-04-07 01:19:15.838 10 INFO neutron.wsgi [None req-547e7701-7e85-414c-bc93-d05d8a69daf1 b79fd18be6484ab3be3944303af0fddd a38b0b41e32c4c89a7b16e9d70bcfb57 - - default default] 10.0.0.109 "GET /v2.0/security-groups?tenant_id=68f8cf5d483b4aeb8c17510be8344ae6&name=default HTTP/1.1" status: 200 len: 2996 time: 0.2285895
2026-04-07 01:19:15.850 9 INFO neutron.wsgi [None req-7615e6d2-9222-436d-bc96-0a7c4fc098e6 b79fd18be6484ab3be3944303af0fddd a38b0b41e32c4c89a7b16e9d70bcfb57 - - default default] 10.0.0.109 "GET /v2.0/security-groups?tenant_id=0f878c29fe994b26ae58af4ef728100d&name=default HTTP/1.1" status: 200 len: 3000 time: 0.2155633
2026-04-07 01:19:15.854 9 INFO neutron.wsgi [None req-50b6eabb-1e2c-4dc9-9ae9-10e854712a64 8a4adb9743df44519d71a8e8a973d904 0afb0a62f557411cb1181d592a2d030d - - default default] 10.0.0.109 "GET /v2.0/security-groups?not-tags-any=red%2Cblue HTTP/1.1" status: 200 len: 6041 time: 0.0579116
2026-04-07 01:19:15.973 9 INFO neutron.wsgi [None req-ba43016f-2c23-4c17-817a-12537da7ea58 8a4adb9743df44519d71a8e8a973d904 0afb0a62f557411cb1181d592a2d030d - - default default] 10.0.0.109 "DELETE /v2.0/security-groups/e74a7655-4403-4561-80f8-5fd42b8c9f54 HTTP/1.1" status: 204 len: 168 time: 0.1124632
2026-04-07 01:19:16.057 10 INFO neutron.wsgi [None req-79d18a66-618e-43b9-969c-c3a2dcaf15ae b79fd18be6484ab3be3944303af0fddd a38b0b41e32c4c89a7b16e9d70bcfb57 - - default default] 10.0.0.109 "DELETE /v2.0/security-groups/ab12c079-0d72-4b7c-8eea-5e99bb2a0d9d HTTP/1.1" status: 204 len: 168 time: 0.2146080
2026-04-07 01:19:16.081 10 INFO neutron.wsgi [None req-76f0bd35-516b-4bf5-801c-6a9bd2f7913d b79fd18be6484ab3be3944303af0fddd a38b0b41e32c4c89a7b16e9d70bcfb57 - - default default] 10.0.0.109 "DELETE /v2.0/security-groups/09365810-65d2-44c5-960a-75bff4aa9fc7 HTTP/1.1" status: 204 len: 168 time: 0.2248259
2026-04-07 01:19:16.089 9 INFO neutron.wsgi [None req-095d516b-239e-4bf4-b2ce-71f22b816f29 8a4adb9743df44519d71a8e8a973d904 0afb0a62f557411cb1181d592a2d030d - - default default] 10.0.0.109 "DELETE /v2.0/security-groups/83116e48-411e-4bae-af21-95370643c8f3 HTTP/1.1" status: 204 len: 168 time: 0.1083887
2026-04-07 01:19:16.225 9 INFO neutron.wsgi [None req-4f47d216-4be5-4618-97f8-c16c349741c2 8a4adb9743df44519d71a8e8a973d904 0afb0a62f557411cb1181d592a2d030d - - default default] 10.0.0.109 "DELETE /v2.0/security-groups/a9e896d7-77cc-4ea8-8bc8-55c5f3c073c1 HTTP/1.1" status: 204 len: 168 time: 0.1306386
2026-04-07 01:19:16.382 10 INFO neutron.wsgi [None req-4fdcd527-b6f4-4f4e-86b4-d5817d5eb241 8a4adb9743df44519d71a8e8a973d904 0afb0a62f557411cb1181d592a2d030d - - default default] 10.0.0.109 "DELETE /v2.0/security-groups/4ef5c384-baab-4815-9a97-dc95ba49e1a7 HTTP/1.1" status: 204 len: 168 time: 0.1514492
2026-04-07 01:19:16.524 10 INFO neutron.wsgi [None req-4c14599e-99c6-4fed-a864-dd3faa8a25d6 8a4adb9743df44519d71a8e8a973d904 0afb0a62f557411cb1181d592a2d030d - - default default] 10.0.0.109 "DELETE /v2.0/security-groups/106d3a9d-85c3-4f38-8cab-d89f6192fe59 HTTP/1.1" status: 204 len: 168 time: 0.1370697
2026-04-07 01:19:17.021 9 INFO neutron.wsgi [-] 10.0.0.9 "GET / HTTP/1.1" status: 200 len: 247 time: 0.0026877
2026-04-07 01:19:17.021 10 INFO neutron.wsgi [-] 10.0.0.9 "GET / HTTP/1.1" status: 200 len: 247 time: 0.0026689
2026-04-07 01:19:17.694 10 INFO neutron.db.ovn_revision_numbers_db [None req-19075b26-eacd-4e49-809c-dc8b804046be b79fd18be6484ab3be3944303af0fddd a38b0b41e32c4c89a7b16e9d70bcfb57 - - default default] Successfully bumped revision number for resource 3103d706-ea74-4600-b12e-ba9601f3ebbd (type: security_groups) to 1
2026-04-07 01:19:17.710 10 INFO neutron.db.ovn_revision_numbers_db [None req-19075b26-eacd-4e49-809c-dc8b804046be b79fd18be6484ab3be3944303af0fddd a38b0b41e32c4c89a7b16e9d70bcfb57 - - default default] Successfully bumped revision number for resource 32e42969-a5f7-42b5-8f87-404afa631961 (type: security_group_rules) to 0
2026-04-07 01:19:17.725 10 INFO neutron.db.ovn_revision_numbers_db [None req-19075b26-eacd-4e49-809c-dc8b804046be b79fd18be6484ab3be3944303af0fddd a38b0b41e32c4c89a7b16e9d70bcfb57 - - default default] Successfully bumped revision number for resource 745a42d9-59c9-49ed-ba5e-1a02342b07e6 (type: security_group_rules) to 0
2026-04-07 01:19:17.740 10 INFO neutron.db.ovn_revision_numbers_db [None req-19075b26-eacd-4e49-809c-dc8b804046be b79fd18be6484ab3be3944303af0fddd a38b0b41e32c4c89a7b16e9d70bcfb57 - - default default] Successfully bumped revision number for resource a203990c-32dd-4d4a-ab2d-6eda332ca387 (type: security_group_rules) to 0
2026-04-07 01:19:17.753 10 INFO neutron.db.ovn_revision_numbers_db [None req-19075b26-eacd-4e49-809c-dc8b804046be b79fd18be6484ab3be3944303af0fddd a38b0b41e32c4c89a7b16e9d70bcfb57 - - default default] Successfully bumped revision number for resource c0343bea-846b-45bd-9f75-c6aa80085533 (type: security_group_rules) to 0
2026-04-07 01:19:17.776 10 INFO neutron.wsgi [None req-19075b26-eacd-4e49-809c-dc8b804046be b79fd18be6484ab3be3944303af0fddd a38b0b41e32c4c89a7b16e9d70bcfb57 - - default default] 10.0.0.109 "GET /v2.0/security-groups?tenant_id=772fe74bd8224f6f8c6fc97f7c9f8208&name=default HTTP/1.1" status: 200 len: 3000 time: 0.3002656
2026-04-07 01:19:17.965 10 INFO neutron.wsgi [None req-09b5e631-33a6-4616-a6b8-3edb911b4561 b79fd18be6484ab3be3944303af0fddd a38b0b41e32c4c89a7b16e9d70bcfb57 - - default default] 10.0.0.109 "DELETE /v2.0/security-groups/3103d706-ea74-4600-b12e-ba9601f3ebbd HTTP/1.1" status: 204 len: 168 time: 0.1822274
2026-04-07 01:19:18.121 9 INFO neutron.wsgi [None req-c8522e4b-6f61-424a-b6b3-aef55f836d1c b79fd18be6484ab3be3944303af0fddd a38b0b41e32c4c89a7b16e9d70bcfb57 - - default default] 10.0.0.109 "GET /v2.0/security-groups?tenant_id=0afb0a62f557411cb1181d592a2d030d&name=default HTTP/1.1" status: 200 len: 2996 time: 0.0350585
2026-04-07 01:19:18.309 9 INFO neutron.wsgi [None req-13690c5d-ec84-436a-912b-e2e2a92b90c2 b79fd18be6484ab3be3944303af0fddd a38b0b41e32c4c89a7b16e9d70bcfb57 - - default default] 10.0.0.109 "DELETE /v2.0/security-groups/ed46adba-c80e-48c7-be15-742bf03963b3 HTTP/1.1" status: 204 len: 168 time: 0.1849301
2026-04-07 01:19:18.505 9 INFO neutron.db.ovn_revision_numbers_db [None req-8ebf6551-989c-46bf-a22a-ffd9791b27de b79fd18be6484ab3be3944303af0fddd a38b0b41e32c4c89a7b16e9d70bcfb57 - - default default] Successfully bumped revision number for resource 63ea0394-51a3-4a4a-a88d-61e55fe587d3 (type: security_groups) to 1
2026-04-07 01:19:18.519 9 INFO neutron.db.ovn_revision_numbers_db [None req-8ebf6551-989c-46bf-a22a-ffd9791b27de b79fd18be6484ab3be3944303af0fddd a38b0b41e32c4c89a7b16e9d70bcfb57 - - default default] Successfully bumped revision number for resource 2706ff02-4a9c-4565-9bf0-290e3bab8346 (type: security_group_rules) to 0
2026-04-07 01:19:18.535 9 INFO neutron.db.ovn_revision_numbers_db [None req-8ebf6551-989c-46bf-a22a-ffd9791b27de b79fd18be6484ab3be3944303af0fddd a38b0b41e32c4c89a7b16e9d70bcfb57 - - default default] Successfully bumped revision number for resource 40c18d14-df3b-402b-a03e-84c245696a34 (type: security_group_rules) to 0
2026-04-07 01:19:18.549 9 INFO neutron.db.ovn_revision_numbers_db [None req-8ebf6551-989c-46bf-a22a-ffd9791b27de b79fd18be6484ab3be3944303af0fddd a38b0b41e32c4c89a7b16e9d70bcfb57 - - default default] Successfully bumped revision number for resource 4928d1a9-5d02-46ef-80b7-69f65de2c64d (type: security_group_rules) to 0
2026-04-07 01:19:18.562 9 INFO neutron.db.ovn_revision_numbers_db [None req-8ebf6551-989c-46bf-a22a-ffd9791b27de b79fd18be6484ab3be3944303af0fddd a38b0b41e32c4c89a7b16e9d70bcfb57 - - default default] Successfully bumped revision number for resource ede34042-5ab5-4499-9428-c8b489acaca4 (type: security_group_rules) to 0
2026-04-07 01:19:18.586 9 INFO neutron.wsgi [None req-8ebf6551-989c-46bf-a22a-ffd9791b27de b79fd18be6484ab3be3944303af0fddd a38b0b41e32c4c89a7b16e9d70bcfb57 - - default default] 10.0.0.109 "GET /v2.0/security-groups?tenant_id=169f319bf9d8487d879059f7e3c769ad&name=default HTTP/1.1" status: 200 len: 3000 time: 0.1833012
2026-04-07 01:19:18.935 9 INFO neutron.wsgi [None req-8f3c3fa3-ff8f-498c-8f12-c4afedf7a9b6 b79fd18be6484ab3be3944303af0fddd a38b0b41e32c4c89a7b16e9d70bcfb57 - - default default] 10.0.0.109 "DELETE /v2.0/security-groups/63ea0394-51a3-4a4a-a88d-61e55fe587d3 HTTP/1.1" status: 204 len: 168 time: 0.3440471
2026-04-07 01:19:19.626 9 INFO neutron.wsgi [None req-5102484a-abc4-4226-bbe7-750860214088 d23c4c4370aa47f0a949eca4c3f223b0 036e30974873434d947a8b68fdb2c721 - - default default] 10.0.0.109 "POST /v2.0/qos/policies HTTP/1.1" status: 201 len: 558 time: 0.1124446
2026-04-07 01:19:19.665 9 INFO neutron.wsgi [None req-fb3f8988-d402-43ad-ad48-d6f2838524b8 d23c4c4370aa47f0a949eca4c3f223b0 036e30974873434d947a8b68fdb2c721 - - default default] 10.0.0.109 "PUT /v2.0/policies/be09ac59-fde5-472b-aef8-72cdb264bbc5/tags HTTP/1.1" status: 200 len: 218 time: 0.0319886
2026-04-07 01:19:19.692 9 INFO neutron.wsgi [None req-8a472f8d-d11f-421e-bd61-40255d3a2c74 d23c4c4370aa47f0a949eca4c3f223b0 036e30974873434d947a8b68fdb2c721 - - default default] 10.0.0.109 "GET /v2.0/policies/be09ac59-fde5-472b-aef8-72cdb264bbc5/tags HTTP/1.1" status: 200 len: 218 time: 0.0208485
2026-04-07 01:19:19.725 9 INFO neutron.wsgi [None req-ea5df312-8c8b-479d-8082-1f0ce98c58ac d23c4c4370aa47f0a949eca4c3f223b0 036e30974873434d947a8b68fdb2c721 - - default default] 10.0.0.109 "PUT /v2.0/policies/be09ac59-fde5-472b-aef8-72cdb264bbc5/tags/green HTTP/1.1" status: 201 len: 201 time: 0.0282149
2026-04-07 01:19:19.747 9 INFO neutron.wsgi [None req-9b912de2-0705-4306-8024-65e4ccf21053 d23c4c4370aa47f0a949eca4c3f223b0 036e30974873434d947a8b68fdb2c721 - - default default] 10.0.0.109 "GET /v2.0/policies/be09ac59-fde5-472b-aef8-72cdb264bbc5/tags HTTP/1.1" status: 200 len: 227 time: 0.0168254
2026-04-07 01:19:19.768 9 INFO neutron.wsgi [None req-8379f76d-74bd-4bf2-b7cb-25047c481bc1 d23c4c4370aa47f0a949eca4c3f223b0 036e30974873434d947a8b68fdb2c721 - - default default] 10.0.0.109 "PUT /v2.0/policies/be09ac59-fde5-472b-aef8-72cdb264bbc5/tags/red HTTP/1.1" status: 201 len: 201 time: 0.0171664
2026-04-07 01:19:19.791 9 INFO neutron.wsgi [None req-d8e03e6d-4584-41ba-aabe-85280e5add5a d23c4c4370aa47f0a949eca4c3f223b0 036e30974873434d947a8b68fdb2c721 - - default default] 10.0.0.109 "GET /v2.0/policies/be09ac59-fde5-472b-aef8-72cdb264bbc5/tags HTTP/1.1" status: 200 len: 227 time: 0.0181260
2026-04-07 01:19:19.827 9 INFO neutron.wsgi [None req-d7cb8211-4f6e-4e6f-a4a1-7bf39f96a08f d23c4c4370aa47f0a949eca4c3f223b0 036e30974873434d947a8b68fdb2c721 - - default default] 10.0.0.109 "PUT /v2.0/policies/be09ac59-fde5-472b-aef8-72cdb264bbc5/tags/black.or.white HTTP/1.1" status: 201 len: 201 time: 0.0306611
2026-04-07 01:19:19.856 9 INFO neutron.wsgi [None req-3b0cd579-0b7d-423f-8723-441cea5246b8 d23c4c4370aa47f0a949eca4c3f223b0 036e30974873434d947a8b68fdb2c721 - - default default] 10.0.0.109 "GET /v2.0/policies/be09ac59-fde5-472b-aef8-72cdb264bbc5/tags HTTP/1.1" status: 200 len: 245 time: 0.0240898
2026-04-07 01:19:19.892 9 INFO neutron.wsgi [None req-b7bfaa60-acf5-4784-a405-d169cb1fb896 d23c4c4370aa47f0a949eca4c3f223b0 036e30974873434d947a8b68fdb2c721 - - default default] 10.0.0.109 "PUT /v2.0/policies/be09ac59-fde5-472b-aef8-72cdb264bbc5/tags HTTP/1.1" status: 200 len: 230 time: 0.0292602
2026-04-07 01:19:19.918 9 INFO neutron.wsgi [None req-93ba2c85-1789-40be-899f-0473fe71bc8f d23c4c4370aa47f0a949eca4c3f223b0 036e30974873434d947a8b68fdb2c721 - - default default] 10.0.0.109 "GET /v2.0/policies/be09ac59-fde5-472b-aef8-72cdb264bbc5/tags HTTP/1.1" status: 200 len: 230 time: 0.0194516
2026-04-07 01:19:19.938 9 INFO neutron.wsgi [None req-6f8231a1-50c2-40f7-b997-97ba8512798f d23c4c4370aa47f0a949eca4c3f223b0 036e30974873434d947a8b68fdb2c721 - - default default] 10.0.0.109 "GET /v2.0/policies/be09ac59-fde5-472b-aef8-72cdb264bbc5/tags/red HTTP/1.1" status: 204 len: 168 time: 0.0142651
2026-04-07 01:19:19.960 9 INFO neutron.api.v2.resource [None req-6d1e49d9-44f6-4a16-b053-2fd27ca103dc d23c4c4370aa47f0a949eca4c3f223b0 036e30974873434d947a8b68fdb2c721 - - default default] show failed (client error): The resource could not be found.
2026-04-07 01:19:19.963 9 INFO neutron.wsgi [None req-6d1e49d9-44f6-4a16-b053-2fd27ca103dc d23c4c4370aa47f0a949eca4c3f223b0 036e30974873434d947a8b68fdb2c721 - - default default] 10.0.0.109 "GET /v2.0/policies/be09ac59-fde5-472b-aef8-72cdb264bbc5/tags/green HTTP/1.1" status: 404 len: 299 time: 0.0193205
2026-04-07 01:19:19.998 9 INFO neutron.wsgi [None req-3fb559fd-38f5-493d-a609-898ffe8a655a d23c4c4370aa47f0a949eca4c3f223b0 036e30974873434d947a8b68fdb2c721 - - default default] 10.0.0.109 "DELETE /v2.0/policies/be09ac59-fde5-472b-aef8-72cdb264bbc5/tags/red HTTP/1.1" status: 204 len: 168 time: 0.0304461
2026-04-07 01:19:20.018 9 INFO neutron.wsgi [None req-86c3b6e4-7f0f-4311-abbf-b63adb4c23e2 d23c4c4370aa47f0a949eca4c3f223b0 036e30974873434d947a8b68fdb2c721 - - default default] 10.0.0.109 "GET /v2.0/policies/be09ac59-fde5-472b-aef8-72cdb264bbc5/tags HTTP/1.1" status: 200 len: 223 time: 0.0154412
2026-04-07 01:19:20.042 9 INFO neutron.api.v2.resource [None req-068e7ee7-f645-4e5f-bb01-e403219c824a d23c4c4370aa47f0a949eca4c3f223b0 036e30974873434d947a8b68fdb2c721 - - default default] delete failed (client error): The resource could not be found.
2026-04-07 01:19:20.043 9 INFO neutron.wsgi [None req-068e7ee7-f645-4e5f-bb01-e403219c824a d23c4c4370aa47f0a949eca4c3f223b0 036e30974873434d947a8b68fdb2c721 - - default default] 10.0.0.109 "DELETE /v2.0/policies/be09ac59-fde5-472b-aef8-72cdb264bbc5/tags/green HTTP/1.1" status: 404 len: 299 time: 0.0200810
2026-04-07 01:19:20.077 9 INFO neutron.wsgi [None req-5acc460d-8aae-418b-8aba-9325db775d8d d23c4c4370aa47f0a949eca4c3f223b0 036e30974873434d947a8b68fdb2c721 - - default default] 10.0.0.109 "DELETE /v2.0/policies/be09ac59-fde5-472b-aef8-72cdb264bbc5/tags HTTP/1.1" status: 204 len: 168 time: 0.0291448
2026-04-07 01:19:20.101 9 INFO neutron.wsgi [None req-91fc947c-4984-4815-9d9b-8d0e17c007b3 d23c4c4370aa47f0a949eca4c3f223b0 036e30974873434d947a8b68fdb2c721 - - default default] 10.0.0.109 "GET /v2.0/policies/be09ac59-fde5-472b-aef8-72cdb264bbc5/tags HTTP/1.1" status: 200 len: 205 time: 0.0191925
2026-04-07 01:19:20.160 9 INFO neutron.wsgi [None req-84383e38-75b0-4646-a384-0658b49e77a3 d23c4c4370aa47f0a949eca4c3f223b0 036e30974873434d947a8b68fdb2c721 - - default default] 10.0.0.109 "DELETE /v2.0/qos/policies/be09ac59-fde5-472b-aef8-72cdb264bbc5 HTTP/1.1" status: 204 len: 168 time: 0.0528619
2026-04-07 01:19:21.092 10 INFO neutron.db.ovn_revision_numbers_db [None req-588292d6-56a3-4c02-ae72-f3ac0af5554d b79fd18be6484ab3be3944303af0fddd a38b0b41e32c4c89a7b16e9d70bcfb57 - - default default] Successfully bumped revision number for resource 5eaee6c6-a38e-4873-9c75-f4ed8d08e3d1 (type: security_groups) to 1
2026-04-07 01:19:21.114 10 INFO neutron.db.ovn_revision_numbers_db [None req-588292d6-56a3-4c02-ae72-f3ac0af5554d b79fd18be6484ab3be3944303af0fddd a38b0b41e32c4c89a7b16e9d70bcfb57 - - default default] Successfully bumped revision number for resource 127b9ebe-dab3-4fd6-806b-1345052e23ff (type: security_group_rules) to 0
2026-04-07 01:19:21.128 10 INFO neutron.db.ovn_revision_numbers_db [None req-588292d6-56a3-4c02-ae72-f3ac0af5554d b79fd18be6484ab3be3944303af0fddd a38b0b41e32c4c89a7b16e9d70bcfb57 - - default default] Successfully bumped revision number for resource 1ce47c6b-45ec-4e3e-b37b-2dfffd4c32e7 (type: security_group_rules) to 0
2026-04-07 01:19:21.143 10 INFO neutron.db.ovn_revision_numbers_db [None req-588292d6-56a3-4c02-ae72-f3ac0af5554d b79fd18be6484ab3be3944303af0fddd a38b0b41e32c4c89a7b16e9d70bcfb57 - - default default] Successfully bumped revision number for resource 33d84b14-f80c-448e-8fa2-5d0b182cba25 (type: security_group_rules) to 0
2026-04-07 01:19:21.158 10 INFO neutron.db.ovn_revision_numbers_db [None req-588292d6-56a3-4c02-ae72-f3ac0af5554d b79fd18be6484ab3be3944303af0fddd a38b0b41e32c4c89a7b16e9d70bcfb57 - - default default] Successfully bumped revision number for resource 96363163-8d2d-440b-b30f-72b288790337 (type: security_group_rules) to 0
2026-04-07 01:19:21.193 10 INFO neutron.wsgi [None req-588292d6-56a3-4c02-ae72-f3ac0af5554d b79fd18be6484ab3be3944303af0fddd a38b0b41e32c4c89a7b16e9d70bcfb57 - - default default] 10.0.0.109 "GET /v2.0/security-groups?tenant_id=88e8c2d0f3b74760bac5e92bd870f277&name=default HTTP/1.1" status: 200 len: 3000 time: 0.4090998
2026-04-07 01:19:21.463 10 INFO neutron.wsgi [None req-dd1b6eec-6dcf-4f01-9982-0feb0b77154c b79fd18be6484ab3be3944303af0fddd a38b0b41e32c4c89a7b16e9d70bcfb57 - - default default] 10.0.0.109 "DELETE /v2.0/security-groups/5eaee6c6-a38e-4873-9c75-f4ed8d08e3d1 HTTP/1.1" status: 204 len: 168 time: 0.2640810
2026-04-07 01:19:21.785 9 INFO neutron.db.ovn_revision_numbers_db [None req-87c9b197-dd88-4422-820d-24f6c621d126 b79fd18be6484ab3be3944303af0fddd a38b0b41e32c4c89a7b16e9d70bcfb57 - - default default] Successfully bumped revision number for resource bc410f32-f645-40ad-9f2e-122c46c04d34 (type: security_groups) to 1
2026-04-07 01:19:21.801 9 INFO neutron.db.ovn_revision_numbers_db [None req-87c9b197-dd88-4422-820d-24f6c621d126 b79fd18be6484ab3be3944303af0fddd a38b0b41e32c4c89a7b16e9d70bcfb57 - - default default] Successfully bumped revision number for resource 27c53b4a-ab7b-41fd-938c-d2fad9f8f2c2 (type: security_group_rules) to 0
2026-04-07 01:19:21.817 9 INFO neutron.db.ovn_revision_numbers_db [None req-87c9b197-dd88-4422-820d-24f6c621d126 b79fd18be6484ab3be3944303af0fddd a38b0b41e32c4c89a7b16e9d70bcfb57 - - default default] Successfully bumped revision number for resource 29321f44-d7e6-4f99-a8c4-e014974c0cf1 (type: security_group_rules) to 0
2026-04-07 01:19:21.832 9 INFO neutron.db.ovn_revision_numbers_db [None req-87c9b197-dd88-4422-820d-24f6c621d126 b79fd18be6484ab3be3944303af0fddd a38b0b41e32c4c89a7b16e9d70bcfb57 - - default default] Successfully bumped revision number for resource 8757a213-99da-4da3-b95b-6621f0ebf565 (type: security_group_rules) to 0
2026-04-07 01:19:21.845 9 INFO neutron.db.ovn_revision_numbers_db [None req-87c9b197-dd88-4422-820d-24f6c621d126 b79fd18be6484ab3be3944303af0fddd a38b0b41e32c4c89a7b16e9d70bcfb57 - - default default] Successfully bumped revision number for resource 91380b8d-446b-4507-9e54-837f301752d0 (type: security_group_rules) to 0
2026-04-07 01:19:21.870 9 INFO neutron.wsgi [None req-87c9b197-dd88-4422-820d-24f6c621d126 b79fd18be6484ab3be3944303af0fddd a38b0b41e32c4c89a7b16e9d70bcfb57 - - default default] 10.0.0.109 "GET /v2.0/security-groups?tenant_id=036e30974873434d947a8b68fdb2c721&name=default HTTP/1.1" status: 200 len: 3000 time: 0.2219784
2026-04-07 01:19:22.081 9 INFO neutron.wsgi [None req-c6135989-cf3f-4d18-8125-8501dd10e151 b79fd18be6484ab3be3944303af0fddd a38b0b41e32c4c89a7b16e9d70bcfb57 - - default default] 10.0.0.109 "DELETE /v2.0/security-groups/bc410f32-f645-40ad-9f2e-122c46c04d34 HTTP/1.1" status: 204 len: 168 time: 0.2064917
2026-04-07 01:19:23.471 9 WARNING neutron_lib.context [None req-9112e506-72c6-4324-adee-0deba49158c7 16243a15600c43a0a5099201fa8dfa81 f2889fd361834b3d8620c9a13ad5399d - - default default] Method 'is_advsvc' is deprecated since 2023.2 release (neutron-lib 3.8.0) and will be removed once support for the old RBAC API policies will be removed from Neutron. Please use method 'is_service_role' instead.
2026-04-07 01:19:23.592 9 INFO neutron.db.ovn_revision_numbers_db [None req-9112e506-72c6-4324-adee-0deba49158c7 16243a15600c43a0a5099201fa8dfa81 f2889fd361834b3d8620c9a13ad5399d - - default default] Successfully bumped revision number for resource 62285945-90a2-4bef-9a99-73b93465d007 (type: security_groups) to 1
2026-04-07 01:19:23.608 9 INFO neutron.db.ovn_revision_numbers_db [None req-9112e506-72c6-4324-adee-0deba49158c7 16243a15600c43a0a5099201fa8dfa81 f2889fd361834b3d8620c9a13ad5399d - - default default] Successfully bumped revision number for resource 17ef1b76-e2f0-470b-a63b-48cc3e84bd2d (type: security_group_rules) to 0
2026-04-07 01:19:23.620 9 INFO neutron.db.ovn_revision_numbers_db [None req-9112e506-72c6-4324-adee-0deba49158c7 16243a15600c43a0a5099201fa8dfa81 f2889fd361834b3d8620c9a13ad5399d - - default default] Successfully bumped revision number for resource 8bacc93e-57a9-4855-9717-3cf0c3f4acce (type: security_group_rules) to 0
2026-04-07 01:19:23.632 9 INFO neutron.db.ovn_revision_numbers_db [None req-9112e506-72c6-4324-adee-0deba49158c7 16243a15600c43a0a5099201fa8dfa81 f2889fd361834b3d8620c9a13ad5399d - - default default] Successfully bumped revision number for resource f0c9fbcb-2f68-4f4e-84ea-9fc0da744372 (type: security_group_rules) to 0
2026-04-07 01:19:23.646 9 INFO neutron.db.ovn_revision_numbers_db [None req-9112e506-72c6-4324-adee-0deba49158c7 16243a15600c43a0a5099201fa8dfa81 f2889fd361834b3d8620c9a13ad5399d - - default default] Successfully bumped revision number for resource ffff9374-e468-4779-b101-e1d0abae373d (type: security_group_rules) to 0
2026-04-07 01:19:23.697 9 INFO neutron.db.segments_db [None req-9112e506-72c6-4324-adee-0deba49158c7 16243a15600c43a0a5099201fa8dfa81 f2889fd361834b3d8620c9a13ad5399d - - default default] Added segment a254830a-0008-4943-ba22-28cde283c231 of type geneve for network b0e825da-10cf-4e52-b39b-2a362c0f5c7c
2026-04-07 01:19:23.845 9 INFO neutron.db.ovn_revision_numbers_db [None req-9112e506-72c6-4324-adee-0deba49158c7 16243a15600c43a0a5099201fa8dfa81 f2889fd361834b3d8620c9a13ad5399d - - default default] Successfully bumped revision number for resource b0e825da-10cf-4e52-b39b-2a362c0f5c7c (type: networks) to 1
2026-04-07 01:19:24.026 9 WARNING neutron.scheduler.dhcp_agent_scheduler [None req-9112e506-72c6-4324-adee-0deba49158c7 16243a15600c43a0a5099201fa8dfa81 f2889fd361834b3d8620c9a13ad5399d - - default default] No more DHCP agents
2026-04-07 01:19:24.029 9 WARNING neutron.api.rpc.agentnotifiers.dhcp_rpc_agent_api [None req-9112e506-72c6-4324-adee-0deba49158c7 16243a15600c43a0a5099201fa8dfa81 f2889fd361834b3d8620c9a13ad5399d - - default default] Unable to schedule network b0e825da-10cf-4e52-b39b-2a362c0f5c7c: no agents available; will retry on subsequent port and subnet creation events.
2026-04-07 01:19:24.113 9 INFO neutron.db.ovn_revision_numbers_db [None req-9112e506-72c6-4324-adee-0deba49158c7 16243a15600c43a0a5099201fa8dfa81 f2889fd361834b3d8620c9a13ad5399d - - default default] Successfully bumped revision number for resource 67229a70-f619-4779-8c87-1ddae6d485d3 (type: ports) to 1
2026-04-07 01:19:24.135 9 INFO neutron.wsgi [None req-9112e506-72c6-4324-adee-0deba49158c7 16243a15600c43a0a5099201fa8dfa81 f2889fd361834b3d8620c9a13ad5399d - - default default] 10.0.0.109 "POST /v2.0/networks HTTP/1.1" status: 201 len: 831 time: 0.8745635
2026-04-07 01:19:24.145 9 WARNING neutron_lib.context [None req-099c6009-f5a7-44d8-ab79-980bbac168ca 16243a15600c43a0a5099201fa8dfa81 f2889fd361834b3d8620c9a13ad5399d - - default default] Method 'is_advsvc' is deprecated since 2023.2 release (neutron-lib 3.8.0) and will be removed once support for the old RBAC API policies will be removed from Neutron. Please use method 'is_service_role' instead.
2026-04-07 01:19:24.384 9 WARNING neutron.scheduler.dhcp_agent_scheduler [None req-099c6009-f5a7-44d8-ab79-980bbac168ca 16243a15600c43a0a5099201fa8dfa81 f2889fd361834b3d8620c9a13ad5399d - - default default] No more DHCP agents
2026-04-07 01:19:24.389 9 WARNING neutron.api.rpc.agentnotifiers.dhcp_rpc_agent_api [None req-099c6009-f5a7-44d8-ab79-980bbac168ca 16243a15600c43a0a5099201fa8dfa81 f2889fd361834b3d8620c9a13ad5399d - - default default] Unable to schedule network b0e825da-10cf-4e52-b39b-2a362c0f5c7c: no agents available; will retry on subsequent port and subnet creation events.
2026-04-07 01:19:24.920 9 INFO neutron.db.ovn_revision_numbers_db [None req-099c6009-f5a7-44d8-ab79-980bbac168ca 16243a15600c43a0a5099201fa8dfa81 f2889fd361834b3d8620c9a13ad5399d - - default default] Successfully bumped revision number for resource 67229a70-f619-4779-8c87-1ddae6d485d3 (type: ports) to 2
2026-04-07 01:19:24.961 9 INFO neutron.db.ovn_revision_numbers_db [None req-099c6009-f5a7-44d8-ab79-980bbac168ca 16243a15600c43a0a5099201fa8dfa81 f2889fd361834b3d8620c9a13ad5399d - - default default] Successfully bumped revision number for resource f399cee5-7aaa-401a-b47e-e23af3d64186 (type: subnets) to 0
2026-04-07 01:19:24.975 9 INFO neutron.wsgi [None req-099c6009-f5a7-44d8-ab79-980bbac168ca 16243a15600c43a0a5099201fa8dfa81 f2889fd361834b3d8620c9a13ad5399d - - default default] 10.0.0.109 "POST /v2.0/subnets HTTP/1.1" status: 201 len: 801 time: 0.8359892
2026-04-07 01:19:24.987 9 WARNING neutron_lib.context [None req-eb78094d-9e62-4ea4-85c4-bcec39cd6a9b 16243a15600c43a0a5099201fa8dfa81 f2889fd361834b3d8620c9a13ad5399d - - default default] Method 'is_advsvc' is deprecated since 2023.2 release (neutron-lib 3.8.0) and will be removed once support for the old RBAC API policies will be removed from Neutron. Please use method 'is_service_role' instead.
2026-04-07 01:19:25.066 9 INFO neutron.db.segments_db [None req-eb78094d-9e62-4ea4-85c4-bcec39cd6a9b 16243a15600c43a0a5099201fa8dfa81 f2889fd361834b3d8620c9a13ad5399d - - default default] Added segment e90ec590-fd70-498f-9f42-ca01dc7fced9 of type geneve for network b87bfe1c-0c94-4604-82f0-d8f00b7d8b13
2026-04-07 01:19:25.217 9 INFO neutron.db.ovn_revision_numbers_db [None req-eb78094d-9e62-4ea4-85c4-bcec39cd6a9b 16243a15600c43a0a5099201fa8dfa81 f2889fd361834b3d8620c9a13ad5399d - - default default] Successfully bumped revision number for resource b87bfe1c-0c94-4604-82f0-d8f00b7d8b13 (type: networks) to 1
2026-04-07 01:19:25.348 10 WARNING neutron_lib.context [None req-1d464b87-4955-4753-8809-17bd539bde06 8cbaf9c1dd634ace8d189a00b09160ae 7cc3f5b32b11448fa2c8be387490382f - - default default] Method 'is_advsvc' is deprecated since 2023.2 release (neutron-lib 3.8.0) and will be removed once support for the old RBAC API policies will be removed from Neutron. Please use method 'is_service_role' instead.
2026-04-07 01:19:25.388 9 WARNING neutron.scheduler.dhcp_agent_scheduler [None req-eb78094d-9e62-4ea4-85c4-bcec39cd6a9b 16243a15600c43a0a5099201fa8dfa81 f2889fd361834b3d8620c9a13ad5399d - - default default] No more DHCP agents
2026-04-07 01:19:25.391 9 WARNING neutron.api.rpc.agentnotifiers.dhcp_rpc_agent_api [None req-eb78094d-9e62-4ea4-85c4-bcec39cd6a9b 16243a15600c43a0a5099201fa8dfa81 f2889fd361834b3d8620c9a13ad5399d - - default default] Unable to schedule network b87bfe1c-0c94-4604-82f0-d8f00b7d8b13: no agents available; will retry on subsequent port and subnet creation events.
2026-04-07 01:19:25.468 9 INFO neutron.db.ovn_revision_numbers_db [None req-eb78094d-9e62-4ea4-85c4-bcec39cd6a9b 16243a15600c43a0a5099201fa8dfa81 f2889fd361834b3d8620c9a13ad5399d - - default default] Successfully bumped revision number for resource 595e4f0c-619c-4e8a-90dc-17bcf3551de2 (type: ports) to 1
2026-04-07 01:19:25.478 10 INFO neutron.db.ovn_revision_numbers_db [None req-1d464b87-4955-4753-8809-17bd539bde06 8cbaf9c1dd634ace8d189a00b09160ae 7cc3f5b32b11448fa2c8be387490382f - - default default] Successfully bumped revision number for resource eb9c88f5-0f81-4f27-a96f-45a261be9b3a (type: security_groups) to 1
2026-04-07 01:19:25.487 9 INFO neutron.wsgi [None req-eb78094d-9e62-4ea4-85c4-bcec39cd6a9b 16243a15600c43a0a5099201fa8dfa81 f2889fd361834b3d8620c9a13ad5399d - - default default] 10.0.0.109 "POST /v2.0/networks HTTP/1.1" status: 201 len: 830 time: 0.5050216
2026-04-07 01:19:25.489 10 INFO neutron.db.ovn_revision_numbers_db [None req-1d464b87-4955-4753-8809-17bd539bde06 8cbaf9c1dd634ace8d189a00b09160ae 7cc3f5b32b11448fa2c8be387490382f - - default default] Successfully bumped revision number for resource 1bd7db53-d420-4ab9-819c-4c92721a7a41 (type: security_group_rules) to 0
2026-04-07 01:19:25.497 10 WARNING neutron_lib.context [None req-1c4f88df-ca7a-4def-8240-06b754e543aa 16243a15600c43a0a5099201fa8dfa81 f2889fd361834b3d8620c9a13ad5399d - - default default] Method 'is_advsvc' is deprecated since 2023.2 release (neutron-lib 3.8.0) and will be removed once support for the old RBAC API policies will be removed from Neutron. Please use method 'is_service_role' instead.
2026-04-07 01:19:25.523 10 INFO neutron.db.ovn_revision_numbers_db [None req-1d464b87-4955-4753-8809-17bd539bde06 8cbaf9c1dd634ace8d189a00b09160ae 7cc3f5b32b11448fa2c8be387490382f - - default default] Successfully bumped revision number for resource 66cad364-5f3d-4385-918b-3d10489d1ff9 (type: security_group_rules) to 0
2026-04-07 01:19:25.540 10 INFO neutron.db.ovn_revision_numbers_db [None req-1d464b87-4955-4753-8809-17bd539bde06 8cbaf9c1dd634ace8d189a00b09160ae 7cc3f5b32b11448fa2c8be387490382f - - default default] Successfully bumped revision number for resource 9cf53175-e788-4915-802c-abc757941594 (type: security_group_rules) to 0
2026-04-07 01:19:25.560 10 INFO neutron.db.ovn_revision_numbers_db [None req-1d464b87-4955-4753-8809-17bd539bde06 8cbaf9c1dd634ace8d189a00b09160ae 7cc3f5b32b11448fa2c8be387490382f - - default default] Successfully bumped revision number for resource cecfa1a9-d012-44b0-913f-3aa5c07127bb (type: security_group_rules) to 0
2026-04-07 01:19:25.642 10 INFO neutron.db.segments_db [None req-1d464b87-4955-4753-8809-17bd539bde06 8cbaf9c1dd634ace8d189a00b09160ae 7cc3f5b32b11448fa2c8be387490382f - - default default] Added segment 03807a57-ab4d-4cef-8a60-9f135774ff15 of type geneve for network c1eac228-6609-40de-b3de-ec021bd3139d
2026-04-07 01:19:25.812 10 INFO neutron.db.ovn_revision_numbers_db [None req-1d464b87-4955-4753-8809-17bd539bde06 8cbaf9c1dd634ace8d189a00b09160ae 7cc3f5b32b11448fa2c8be387490382f - - default default] Successfully bumped revision number for resource c1eac228-6609-40de-b3de-ec021bd3139d (type: networks) to 1
2026-04-07 01:19:25.829 10 WARNING neutron.scheduler.dhcp_agent_scheduler [None req-1c4f88df-ca7a-4def-8240-06b754e543aa 16243a15600c43a0a5099201fa8dfa81 f2889fd361834b3d8620c9a13ad5399d - - default default] No more DHCP agents
2026-04-07 01:19:25.836 10 WARNING neutron.api.rpc.agentnotifiers.dhcp_rpc_agent_api [None req-1c4f88df-ca7a-4def-8240-06b754e543aa 16243a15600c43a0a5099201fa8dfa81 f2889fd361834b3d8620c9a13ad5399d - - default default] Unable to schedule network b87bfe1c-0c94-4604-82f0-d8f00b7d8b13: no agents available; will retry on subsequent port and subnet creation events.
2026-04-07 01:19:26.045 10 WARNING neutron.scheduler.dhcp_agent_scheduler [None req-1d464b87-4955-4753-8809-17bd539bde06 8cbaf9c1dd634ace8d189a00b09160ae 7cc3f5b32b11448fa2c8be387490382f - - default default] No more DHCP agents
2026-04-07 01:19:26.051 10 WARNING neutron.api.rpc.agentnotifiers.dhcp_rpc_agent_api [None req-1d464b87-4955-4753-8809-17bd539bde06 8cbaf9c1dd634ace8d189a00b09160ae 7cc3f5b32b11448fa2c8be387490382f - - default default] Unable to schedule network c1eac228-6609-40de-b3de-ec021bd3139d: no agents available; will retry on subsequent port and subnet creation events.
2026-04-07 01:19:26.158 10 INFO neutron.db.ovn_revision_numbers_db [None req-1d464b87-4955-4753-8809-17bd539bde06 8cbaf9c1dd634ace8d189a00b09160ae 7cc3f5b32b11448fa2c8be387490382f - - default default] Successfully bumped revision number for resource 1e349b1f-bc01-44c2-add0-287dd6ed9b68 (type: ports) to 1
2026-04-07 01:19:26.184 10 INFO neutron.wsgi [None req-1d464b87-4955-4753-8809-17bd539bde06 8cbaf9c1dd634ace8d189a00b09160ae 7cc3f5b32b11448fa2c8be387490382f - - default default] 10.0.0.109 "POST /v2.0/networks HTTP/1.1" status: 201 len: 830 time: 1.0459723
2026-04-07 01:19:26.202 9 WARNING neutron_lib.context [None req-96424af6-9dd3-43ef-9f58-40e95d2396fb 8cbaf9c1dd634ace8d189a00b09160ae 7cc3f5b32b11448fa2c8be387490382f - - default default] Method 'is_advsvc' is deprecated since 2023.2 release (neutron-lib 3.8.0) and will be removed once support for the old RBAC API policies will be removed from Neutron. Please use method 'is_service_role' instead.
2026-04-07 01:19:26.286 9 INFO neutron.db.segments_db [None req-96424af6-9dd3-43ef-9f58-40e95d2396fb 8cbaf9c1dd634ace8d189a00b09160ae 7cc3f5b32b11448fa2c8be387490382f - - default default] Added segment 9aadd85a-027e-416b-90ef-62cec955329d of type geneve for network fa19f0cd-2a66-4acc-91ae-aca47ac15462
2026-04-07 01:19:26.429 10 INFO neutron.db.ovn_revision_numbers_db [None req-1c4f88df-ca7a-4def-8240-06b754e543aa 16243a15600c43a0a5099201fa8dfa81 f2889fd361834b3d8620c9a13ad5399d - - default default] Successfully bumped revision number for resource 595e4f0c-619c-4e8a-90dc-17bcf3551de2 (type: ports) to 2
2026-04-07 01:19:26.457 10 INFO neutron.db.ovn_revision_numbers_db [None req-1c4f88df-ca7a-4def-8240-06b754e543aa 16243a15600c43a0a5099201fa8dfa81 f2889fd361834b3d8620c9a13ad5399d - - default default] Successfully bumped revision number for resource 0552ef16-1933-4648-9d10-9334cb338f95 (type: subnets) to 0
2026-04-07 01:19:26.465 9 INFO neutron.db.ovn_revision_numbers_db [None req-96424af6-9dd3-43ef-9f58-40e95d2396fb 8cbaf9c1dd634ace8d189a00b09160ae 7cc3f5b32b11448fa2c8be387490382f - - default default] Successfully bumped revision number for resource fa19f0cd-2a66-4acc-91ae-aca47ac15462 (type: networks) to 1
2026-04-07 01:19:26.476 10 INFO neutron.wsgi [None req-1c4f88df-ca7a-4def-8240-06b754e543aa 16243a15600c43a0a5099201fa8dfa81 f2889fd361834b3d8620c9a13ad5399d - - default default] 10.0.0.109 "POST /v2.0/subnets HTTP/1.1" status: 201 len: 804 time: 0.9837070
2026-04-07 01:19:26.486 10 WARNING neutron_lib.context [None req-4d18f1a0-7a67-4fbb-ac86-f4d539459899 16243a15600c43a0a5099201fa8dfa81 f2889fd361834b3d8620c9a13ad5399d - - default default] Method 'is_advsvc' is deprecated since 2023.2 release (neutron-lib 3.8.0) and will be removed once support for the old RBAC API policies will be removed from Neutron. Please use method 'is_service_role' instead.
2026-04-07 01:19:26.591 10 INFO neutron.db.segments_db [None req-4d18f1a0-7a67-4fbb-ac86-f4d539459899 16243a15600c43a0a5099201fa8dfa81 f2889fd361834b3d8620c9a13ad5399d - - default default] Added segment a21846f5-3314-4fda-a8f0-738417be1fe1 of type geneve for network 87553784-8f5e-40d1-a5a2-9bafbc6f1e17
2026-04-07 01:19:26.650 9 WARNING neutron.scheduler.dhcp_agent_scheduler [None req-96424af6-9dd3-43ef-9f58-40e95d2396fb 8cbaf9c1dd634ace8d189a00b09160ae 7cc3f5b32b11448fa2c8be387490382f - - default default] No more DHCP agents
2026-04-07 01:19:26.655 9 WARNING neutron.api.rpc.agentnotifiers.dhcp_rpc_agent_api [None req-96424af6-9dd3-43ef-9f58-40e95d2396fb 8cbaf9c1dd634ace8d189a00b09160ae 7cc3f5b32b11448fa2c8be387490382f - - default default] Unable to schedule network fa19f0cd-2a66-4acc-91ae-aca47ac15462: no agents available; will retry on subsequent port and subnet creation events.
2026-04-07 01:19:26.753 10 INFO neutron.db.ovn_revision_numbers_db [None req-4d18f1a0-7a67-4fbb-ac86-f4d539459899 16243a15600c43a0a5099201fa8dfa81 f2889fd361834b3d8620c9a13ad5399d - - default default] Successfully bumped revision number for resource 87553784-8f5e-40d1-a5a2-9bafbc6f1e17 (type: networks) to 1
2026-04-07 01:19:26.771 9 INFO neutron.db.ovn_revision_numbers_db [None req-96424af6-9dd3-43ef-9f58-40e95d2396fb 8cbaf9c1dd634ace8d189a00b09160ae 7cc3f5b32b11448fa2c8be387490382f - - default default] Successfully bumped revision number for resource 7943cb91-71d0-4b6d-a34d-f2f1edf77875 (type: ports) to 1
2026-04-07 01:19:26.795 9 INFO neutron.wsgi [None req-96424af6-9dd3-43ef-9f58-40e95d2396fb 8cbaf9c1dd634ace8d189a00b09160ae 7cc3f5b32b11448fa2c8be387490382f - - default default] 10.0.0.109 "POST /v2.0/networks HTTP/1.1" status: 201 len: 831 time: 0.6018677
2026-04-07 01:19:26.858 9 INFO neutron.wsgi [None req-d1729514-712c-4e15-9f33-f5121735c2ea 8cbaf9c1dd634ace8d189a00b09160ae 7cc3f5b32b11448fa2c8be387490382f - - default default] 10.0.0.109 "PUT /v2.0/networks/c1eac228-6609-40de-b3de-ec021bd3139d/tags HTTP/1.1" status: 200 len: 218 time: 0.0580916
2026-04-07 01:19:26.922 9 INFO neutron.wsgi [None req-8967f534-dc64-4a55-8eb6-cba93ffe446b 8cbaf9c1dd634ace8d189a00b09160ae 7cc3f5b32b11448fa2c8be387490382f - - default default] 10.0.0.109 "GET /v2.0/networks/c1eac228-6609-40de-b3de-ec021bd3139d/tags HTTP/1.1" status: 200 len: 218 time: 0.0573182
2026-04-07 01:19:26.938 10 WARNING neutron.scheduler.dhcp_agent_scheduler [None req-4d18f1a0-7a67-4fbb-ac86-f4d539459899 16243a15600c43a0a5099201fa8dfa81 f2889fd361834b3d8620c9a13ad5399d - - default default] No more DHCP agents
2026-04-07 01:19:26.938 10 WARNING neutron.api.rpc.agentnotifiers.dhcp_rpc_agent_api [None req-4d18f1a0-7a67-4fbb-ac86-f4d539459899 16243a15600c43a0a5099201fa8dfa81 f2889fd361834b3d8620c9a13ad5399d - - default default] Unable to schedule network 87553784-8f5e-40d1-a5a2-9bafbc6f1e17: no agents available; will retry on subsequent port and subnet creation events.
2026-04-07 01:19:26.989 9 INFO neutron.wsgi [None req-2a0fceea-810d-4557-9bb1-2742d8ee604a 8cbaf9c1dd634ace8d189a00b09160ae 7cc3f5b32b11448fa2c8be387490382f - - default default] 10.0.0.109 "PUT /v2.0/networks/fa19f0cd-2a66-4acc-91ae-aca47ac15462/tags HTTP/1.1" status: 200 len: 210 time: 0.0603023
2026-04-07 01:19:27.035 10 INFO neutron.db.ovn_revision_numbers_db [None req-4d18f1a0-7a67-4fbb-ac86-f4d539459899 16243a15600c43a0a5099201fa8dfa81 f2889fd361834b3d8620c9a13ad5399d - - default default] Successfully bumped revision number for resource 70e97f26-e54d-4b2a-a900-ce70882aac75 (type: ports) to 1
2026-04-07 01:19:27.047 9 INFO neutron.wsgi [None req-a30f629a-b098-461b-a796-dd1356854284 8cbaf9c1dd634ace8d189a00b09160ae 7cc3f5b32b11448fa2c8be387490382f - - default default] 10.0.0.109 "GET /v2.0/networks/fa19f0cd-2a66-4acc-91ae-aca47ac15462/tags HTTP/1.1" status: 200 len: 210 time: 0.0493503
2026-04-07 01:19:27.054 10 INFO neutron.wsgi [None req-4d18f1a0-7a67-4fbb-ac86-f4d539459899 16243a15600c43a0a5099201fa8dfa81 f2889fd361834b3d8620c9a13ad5399d - - default default] 10.0.0.109 "POST /v2.0/networks HTTP/1.1" status: 201 len: 831 time: 0.5752301
2026-04-07 01:19:27.065 10 WARNING neutron_lib.context [None req-34056979-6a42-4f3d-b1d7-c00eb7e713a0 16243a15600c43a0a5099201fa8dfa81 f2889fd361834b3d8620c9a13ad5399d - - default default] Method 'is_advsvc' is deprecated since 2023.2 release (neutron-lib 3.8.0) and will be removed once support for the old RBAC API policies will be removed from Neutron. Please use method 'is_service_role' instead.
