2026-04-07 01:17:01.757 9 WARNING neutron_lib.context [None req-9eef0efc-2b2b-4c1d-b27b-2b5ae875785d 14734e97cdd742a89b2b725f4acb8262 9daf54fc43ea43baabab05387fe5ed48 - - default default] Method 'is_advsvc' is deprecated since 2023.2 release (neutron-lib 3.8.0) and will be removed once support for the old RBAC API policies will be removed from Neutron. Please use method 'is_service_role' instead.
2026-04-07 01:17:01.812 9 INFO neutron.wsgi [None req-3488d02c-a98e-4055-a02a-1a3ae0edf52a b79fd18be6484ab3be3944303af0fddd a38b0b41e32c4c89a7b16e9d70bcfb57 - - default default] 10.0.0.109 "DELETE /v2.0/security-groups/824b3cff-ffff-4605-a168-c0e4bb304aca HTTP/1.1" status: 204 len: 168 time: 0.4371502
2026-04-07 01:17:02.020 10 INFO neutron.wsgi [-] 10.0.0.9 "GET / HTTP/1.1" status: 200 len: 247 time: 0.0017064
2026-04-07 01:17:02.023 9 INFO neutron.wsgi [-] 10.0.0.9 "GET / HTTP/1.1" status: 200 len: 247 time: 0.0012159
2026-04-07 01:17:02.082 9 INFO neutron.wsgi [None req-cccdd1b1-3c8c-4d30-a9b4-5180af4aee57 42b96d8f9d9841ab8871f602b358b72e c6fed3c715054ba482c528ca91453372 - - default default] 10.0.0.109 "PUT /v2.0/routers/c0e17054-a562-4d06-9f96-7f3178e5bc78/remove_router_interface HTTP/1.1" status: 200 len: 503 time: 1.1954818 /var/lib/openstack/lib/python3.10/site-packages/pycadf/identifier.py:71: UserWarning: Invalid uuid: neutron. To ensure interoperability, identifiers should be a valid uuid. warnings.warn(('Invalid uuid: %s. To ensure interoperability, '
2026-04-07 01:17:02.171 9 INFO neutron.api.v2.resource [None req-bf6d9141-276e-433e-a904-004ba51141ac 42b96d8f9d9841ab8871f602b358b72e c6fed3c715054ba482c528ca91453372 - - default default] remove_router_interface failed (client error): The resource could not be found.
2026-04-07 01:17:02.172 9 INFO neutron.wsgi [None req-bf6d9141-276e-433e-a904-004ba51141ac 42b96d8f9d9841ab8871f602b358b72e c6fed3c715054ba482c528ca91453372 - - default default] 10.0.0.109 "PUT /v2.0/routers/c0e17054-a562-4d06-9f96-7f3178e5bc78/remove_router_interface HTTP/1.1" status: 404 len: 398 time: 0.0799718
2026-04-07 01:17:02.180 9 WARNING neutron.scheduler.dhcp_agent_scheduler [None req-9eef0efc-2b2b-4c1d-b27b-2b5ae875785d 14734e97cdd742a89b2b725f4acb8262 9daf54fc43ea43baabab05387fe5ed48 - - default default] No more DHCP agents
2026-04-07 01:17:02.188 9 WARNING neutron.api.rpc.agentnotifiers.dhcp_rpc_agent_api [None req-9eef0efc-2b2b-4c1d-b27b-2b5ae875785d 14734e97cdd742a89b2b725f4acb8262 9daf54fc43ea43baabab05387fe5ed48 - - default default] Unable to schedule network 7f62f00d-fcf3-4222-a501-4a9916312d71: no agents available; will retry on subsequent port and subnet creation events.
2026-04-07 01:17:02.202 10 INFO neutron.wsgi [None req-db70a4a9-1c89-4707-8ef1-7ec0987b3581 c144f5f7b1584027ade50d117b205257 1db701030c484aeb83ccabb1c1d10f5e - - default default] 10.0.0.109 "PUT /v2.0/routers/67378d44-eb8f-4709-8b1e-6dc9c348196b/remove_router_interface HTTP/1.1" status: 200 len: 503 time: 0.6747301
2026-04-07 01:17:02.209 9 INFO neutron.wsgi [None req-98f0a5ce-1f23-4ab1-abbd-02ec97e7edfd 42b96d8f9d9841ab8871f602b358b72e c6fed3c715054ba482c528ca91453372 - - default default] 10.0.0.109 "GET /v2.0/ports?device_id=c0e17054-a562-4d06-9f96-7f3178e5bc78 HTTP/1.1" status: 200 len: 205 time: 0.0288012 /var/lib/openstack/lib/python3.10/site-packages/pycadf/identifier.py:71: UserWarning: Invalid uuid: neutron. To ensure interoperability, identifiers should be a valid uuid. warnings.warn(('Invalid uuid: %s. To ensure interoperability, '
2026-04-07 01:17:02.232 10 INFO neutron.wsgi [None req-57040f9a-a095-47db-ad28-6267954c8d9a c144f5f7b1584027ade50d117b205257 1db701030c484aeb83ccabb1c1d10f5e - - default default] 10.0.0.109 "GET /v2.0/ports?device_id=67378d44-eb8f-4709-8b1e-6dc9c348196b HTTP/1.1" status: 200 len: 205 time: 0.0243218
2026-04-07 01:17:02.486 10 INFO neutron.wsgi [None req-75fe045b-83ad-487d-9ce2-2f63aaafadd7 c144f5f7b1584027ade50d117b205257 1db701030c484aeb83ccabb1c1d10f5e - - default default] 10.0.0.109 "DELETE /v2.0/routers/67378d44-eb8f-4709-8b1e-6dc9c348196b HTTP/1.1" status: 204 len: 168 time: 0.2484722
2026-04-07 01:17:02.672 10 WARNING neutron.plugins.ml2.drivers.ovn.mech_driver.ovsdb.ovn_client [None req-db2c1de9-33b6-4b35-86c8-1a74b03f02eb - - - - - -] No hosting information found for port 1fe6506a-3fd2-4b19-bfbf-313344c1f054: RuntimeError: No hosting information found for port 1fe6506a-3fd2-4b19-bfbf-313344c1f054
2026-04-07 01:17:02.765 9 INFO neutron.wsgi [None req-28f2f419-93ef-40a9-b614-11511f895ec0 42b96d8f9d9841ab8871f602b358b72e c6fed3c715054ba482c528ca91453372 - - default default] 10.0.0.109 "DELETE /v2.0/routers/c0e17054-a562-4d06-9f96-7f3178e5bc78 HTTP/1.1" status: 204 len: 168 time: 0.5507681
2026-04-07 01:17:02.932 9 INFO neutron.wsgi [None req-67274c87-d1bf-42d6-af2e-d292f5e74cae c144f5f7b1584027ade50d117b205257 1db701030c484aeb83ccabb1c1d10f5e - - default default] 10.0.0.109 "DELETE /v2.0/subnets/14333021-2b2f-41f8-b27d-c3041c3f9036 HTTP/1.1" status: 204 len: 168 time: 0.4316757
2026-04-07 01:17:02.979 10 INFO neutron.wsgi [None req-4723b63e-1330-4fd3-bfee-b2560f146ff6 42b96d8f9d9841ab8871f602b358b72e c6fed3c715054ba482c528ca91453372 - - default default] 10.0.0.109 "DELETE /v2.0/subnets/1a184d67-67aa-4045-af7a-14f39682f5c0 HTTP/1.1" status: 204 len: 168 time: 0.2077391
2026-04-07 01:17:03.049 9 INFO neutron.db.l3_db [None req-9eef0efc-2b2b-4c1d-b27b-2b5ae875785d 14734e97cdd742a89b2b725f4acb8262 9daf54fc43ea43baabab05387fe5ed48 - - default default] Floating IP 8e24be8a-6000-4377-9cd3-63616116cf37 associated. External IP: 10.96.250.209, port: 014a2444-3d61-417a-9543-7d88f5951da1.
2026-04-07 01:17:03.192 9 INFO neutron.wsgi [None req-fe070ca9-6ff8-4a0f-92b8-a7525272d3d0 c144f5f7b1584027ade50d117b205257 1db701030c484aeb83ccabb1c1d10f5e - - default default] 10.0.0.109 "DELETE /v2.0/subnets/77807e7d-e925-4b37-8b3e-b8a8c1fc12bb HTTP/1.1" status: 204 len: 168 time: 0.2536399
2026-04-07 01:17:03.281 9 INFO neutron.db.ovn_revision_numbers_db [None req-9eef0efc-2b2b-4c1d-b27b-2b5ae875785d 14734e97cdd742a89b2b725f4acb8262 9daf54fc43ea43baabab05387fe5ed48 - - default default] Successfully bumped revision number for resource 8e24be8a-6000-4377-9cd3-63616116cf37 (type: floatingips) to 0
2026-04-07 01:17:03.385 10 INFO neutron.services.segments.plugin [-] Segment 42ccac13-0c9d-42c9-b0b1-9a2ca94fc5cd resource provider aggregate not found
2026-04-07 01:17:03.386 9 INFO neutron.db.ovn_revision_numbers_db [None req-9eef0efc-2b2b-4c1d-b27b-2b5ae875785d 14734e97cdd742a89b2b725f4acb8262 9daf54fc43ea43baabab05387fe5ed48 - - default default] Successfully bumped revision number for resource 8e24be8a-6000-4377-9cd3-63616116cf37 (type: floatingips) to 1
2026-04-07 01:17:03.392 10 INFO neutron.services.segments.plugin [-] Segment 42ccac13-0c9d-42c9-b0b1-9a2ca94fc5cd resource provider aggregate not found
2026-04-07 01:17:03.403 10 INFO neutron.services.segments.plugin [-] Segment 42ccac13-0c9d-42c9-b0b1-9a2ca94fc5cd resource provider not found; error: Placement Client Error (4xx): {"errors": [{"status": 404, "title": "Not Found", "detail": "The resource could not be found.\n\n No resource provider with uuid 42ccac13-0c9d-42c9-b0b1-9a2ca94fc5cd found for delete ", "request_id": "req-7f5e3738-632d-4b3e-8c4e-a483034346bc"}]}
2026-04-07 01:17:03.410 10 INFO neutron.services.segments.plugin [-] Segment 42ccac13-0c9d-42c9-b0b1-9a2ca94fc5cd resource provider not found; error: Placement Client Error (4xx): {"errors": [{"status": 404, "title": "Not Found", "detail": "The resource could not be found.\n\n No resource provider with uuid 42ccac13-0c9d-42c9-b0b1-9a2ca94fc5cd found for delete ", "request_id": "req-3a692ee1-af7d-4a3a-93e9-9e67b65d901a"}]}
2026-04-07 01:17:03.425 9 INFO neutron.wsgi [None req-9eef0efc-2b2b-4c1d-b27b-2b5ae875785d 14734e97cdd742a89b2b725f4acb8262 9daf54fc43ea43baabab05387fe5ed48 - - default default] 10.0.0.109 "POST /v2.0/floatingips HTTP/1.1" status: 201 len: 1041 time: 1.6729181
2026-04-07 01:17:03.443 10 INFO neutron.wsgi [None req-3047325a-30a2-44e9-9f6b-8aa1bbb23a1d 42b96d8f9d9841ab8871f602b358b72e c6fed3c715054ba482c528ca91453372 - - default default] 10.0.0.109 "DELETE /v2.0/networks/8f21dc9f-6ee0-4e29-9962-c7be7876e0b8 HTTP/1.1" status: 204 len: 168 time: 0.4578874
2026-04-07 01:17:03.456 9 WARNING neutron_lib.context [None req-91054390-c649-4188-9d50-f24caa78bb19 42b96d8f9d9841ab8871f602b358b72e c6fed3c715054ba482c528ca91453372 - - default default] Method 'is_advsvc' is deprecated since 2023.2 release (neutron-lib 3.8.0) and will be removed once support for the old RBAC API policies will be removed from Neutron. Please use method 'is_service_role' instead.
2026-04-07 01:17:03.573 9 INFO neutron.db.segments_db [None req-91054390-c649-4188-9d50-f24caa78bb19 42b96d8f9d9841ab8871f602b358b72e c6fed3c715054ba482c528ca91453372 - - default default] Added segment e6735794-b5c8-4263-b0b4-ccb139acd0bc of type geneve for network b425b7c7-8f8b-4ada-b0aa-a65d59d7ea7a
2026-04-07 01:17:03.580 9 INFO neutron.db.l3_db [None req-d5f72611-b652-4bbe-85dc-2e9b68641110 14734e97cdd742a89b2b725f4acb8262 9daf54fc43ea43baabab05387fe5ed48 - - default default] Floating IP 8e24be8a-6000-4377-9cd3-63616116cf37 disassociated. External IP: 10.96.250.209, port: 014a2444-3d61-417a-9543-7d88f5951da1.
2026-04-07 01:17:03.627 9 INFO neutron.db.ovn_revision_numbers_db [None req-d5f72611-b652-4bbe-85dc-2e9b68641110 14734e97cdd742a89b2b725f4acb8262 9daf54fc43ea43baabab05387fe5ed48 - - default default] Successfully bumped revision number for resource 8e24be8a-6000-4377-9cd3-63616116cf37 (type: floatingips) to 2
2026-04-07 01:17:03.727 9 INFO neutron.wsgi [None req-d5f72611-b652-4bbe-85dc-2e9b68641110 14734e97cdd742a89b2b725f4acb8262 9daf54fc43ea43baabab05387fe5ed48 - - default default] 10.0.0.109 "PUT /v2.0/floatingips/8e24be8a-6000-4377-9cd3-63616116cf37 HTTP/1.1" status: 200 len: 748 time: 0.2973723
2026-04-07 01:17:03.727 10 INFO neutron.wsgi [None req-78289051-193a-47fc-a757-f212872f3523 c144f5f7b1584027ade50d117b205257 1db701030c484aeb83ccabb1c1d10f5e - - default default] 10.0.0.109 "DELETE /v2.0/networks/2fbda93a-6957-401f-b6a5-ccd45a0979eb HTTP/1.1" status: 204 len: 168 time: 0.5280008
2026-04-07 01:17:03.786 9 INFO neutron.db.ovn_revision_numbers_db [None req-91054390-c649-4188-9d50-f24caa78bb19 42b96d8f9d9841ab8871f602b358b72e c6fed3c715054ba482c528ca91453372 - - default default] Successfully bumped revision number for resource b425b7c7-8f8b-4ada-b0aa-a65d59d7ea7a (type: networks) to 1
2026-04-07 01:17:03.806 10 WARNING neutron_lib.context [None req-0ba81075-c796-4fd9-84b3-3f884bf96276 88ec2ff925804b209689dffe23d9e417 c0202fafe5b541d0bc47e19139125f3a - - default default] Method 'is_advsvc' is deprecated since 2023.2 release (neutron-lib 3.8.0) and will be removed once support for the old RBAC API policies will be removed from Neutron. Please use method 'is_service_role' instead.
2026-04-07 01:17:03.979 10 INFO neutron.db.ovn_revision_numbers_db [None req-0ba81075-c796-4fd9-84b3-3f884bf96276 88ec2ff925804b209689dffe23d9e417 c0202fafe5b541d0bc47e19139125f3a - - default default] Successfully bumped revision number for resource 99e29723-955a-455d-a2b1-c024def1677a (type: security_groups) to 1
2026-04-07 01:17:04.008 10 INFO neutron.db.ovn_revision_numbers_db [None req-0ba81075-c796-4fd9-84b3-3f884bf96276 88ec2ff925804b209689dffe23d9e417 c0202fafe5b541d0bc47e19139125f3a - - default default] Successfully bumped revision number for resource 15ac88bd-29c7-4a5d-9f93-1392a19a4475 (type: security_group_rules) to 0
2026-04-07 01:17:04.012 9 WARNING neutron.scheduler.dhcp_agent_scheduler [None req-91054390-c649-4188-9d50-f24caa78bb19 42b96d8f9d9841ab8871f602b358b72e c6fed3c715054ba482c528ca91453372 - - default default] No more DHCP agents
2026-04-07 01:17:04.016 9 WARNING neutron.api.rpc.agentnotifiers.dhcp_rpc_agent_api [None req-91054390-c649-4188-9d50-f24caa78bb19 42b96d8f9d9841ab8871f602b358b72e c6fed3c715054ba482c528ca91453372 - - default default] Unable to schedule network b425b7c7-8f8b-4ada-b0aa-a65d59d7ea7a: no agents available; will retry on subsequent port and subnet creation events.
2026-04-07 01:17:04.038 10 INFO neutron.db.ovn_revision_numbers_db [None req-0ba81075-c796-4fd9-84b3-3f884bf96276 88ec2ff925804b209689dffe23d9e417 c0202fafe5b541d0bc47e19139125f3a - - default default] Successfully bumped revision number for resource 4ef75075-cd6d-4a23-b01d-a08588648ea9 (type: security_group_rules) to 0
2026-04-07 01:17:04.055 10 INFO neutron.db.ovn_revision_numbers_db [None req-0ba81075-c796-4fd9-84b3-3f884bf96276 88ec2ff925804b209689dffe23d9e417 c0202fafe5b541d0bc47e19139125f3a - - default default] Successfully bumped revision number for resource 9eeff78c-04c1-40e7-b211-3b61ac3be2af (type: security_group_rules) to 0
2026-04-07 01:17:04.080 10 INFO neutron.db.ovn_revision_numbers_db [None req-0ba81075-c796-4fd9-84b3-3f884bf96276 88ec2ff925804b209689dffe23d9e417 c0202fafe5b541d0bc47e19139125f3a - - default default] Successfully bumped revision number for resource d182487c-03ac-49b7-9ca1-591291802fed (type: security_group_rules) to 0
2026-04-07 01:17:04.131 9 INFO neutron.db.ovn_revision_numbers_db [None req-91054390-c649-4188-9d50-f24caa78bb19 42b96d8f9d9841ab8871f602b358b72e c6fed3c715054ba482c528ca91453372 - - default default] Successfully bumped revision number for resource 44833a99-d99a-4fe6-915b-db2c3465acc0 (type: ports) to 1
2026-04-07 01:17:04.138 10 INFO neutron.wsgi [None req-9470ab9f-441c-4504-9290-a0a4b72b3291 c144f5f7b1584027ade50d117b205257 1db701030c484aeb83ccabb1c1d10f5e - - default default] 10.0.0.109 "DELETE /v2.0/networks/193cc083-84d5-42e8-9ca0-61b9496f03db HTTP/1.1" status: 204 len: 168 time: 0.4068725
2026-04-07 01:17:04.151 9 WARNING neutron_lib.context [None req-8e5dd3be-5b7e-4290-846b-6f6db5eeb72f c144f5f7b1584027ade50d117b205257 1db701030c484aeb83ccabb1c1d10f5e - - default default] Method 'is_advsvc' is deprecated since 2023.2 release (neutron-lib 3.8.0) and will be removed once support for the old RBAC API policies will be removed from Neutron. Please use method 'is_service_role' instead.
2026-04-07 01:17:04.154 10 INFO neutron.db.segments_db [None req-0ba81075-c796-4fd9-84b3-3f884bf96276 88ec2ff925804b209689dffe23d9e417 c0202fafe5b541d0bc47e19139125f3a - - default default] Added segment 10a70ba2-9262-48e9-88b2-4b1523a01c14 of type geneve for network ed369eee-f89c-48b2-a33b-ca709a668016
2026-04-07 01:17:04.160 9 INFO neutron.wsgi [None req-91054390-c649-4188-9d50-f24caa78bb19 42b96d8f9d9841ab8871f602b358b72e c6fed3c715054ba482c528ca91453372 - - default default] 10.0.0.109 "POST /v2.0/networks HTTP/1.1" status: 201 len: 828 time: 0.7088349
2026-04-07 01:17:04.170 9 WARNING neutron_lib.context [None req-a2a7c01c-76d2-4ad6-bbea-49899043c764 42b96d8f9d9841ab8871f602b358b72e c6fed3c715054ba482c528ca91453372 - - default default] Method 'is_advsvc' is deprecated since 2023.2 release (neutron-lib 3.8.0) and will be removed once support for the old RBAC API policies will be removed from Neutron. Please use method 'is_service_role' instead.
2026-04-07 01:17:04.204 9 INFO neutron.wsgi [None req-a867992e-c185-490f-a072-5cddee1989de 14734e97cdd742a89b2b725f4acb8262 9daf54fc43ea43baabab05387fe5ed48 - - default default] 10.0.0.109 "DELETE /v2.0/floatingips/8e24be8a-6000-4377-9cd3-63616116cf37 HTTP/1.1" status: 204 len: 168 time: 0.4716737
2026-04-07 01:17:04.216 9 WARNING neutron_lib.context [None req-e9ba4919-2846-425c-b549-a8e7d5793f38 14734e97cdd742a89b2b725f4acb8262 9daf54fc43ea43baabab05387fe5ed48 - - default default] Method 'is_advsvc' is deprecated since 2023.2 release (neutron-lib 3.8.0) and will be removed once support for the old RBAC API policies will be removed from Neutron. Please use method 'is_service_role' instead.
2026-04-07 01:17:04.286 9 INFO neutron.db.segments_db [None req-8e5dd3be-5b7e-4290-846b-6f6db5eeb72f c144f5f7b1584027ade50d117b205257 1db701030c484aeb83ccabb1c1d10f5e - - default default] Added segment 407a1329-75da-49e7-a9d3-92254d32b4e6 of type geneve for network efd321d4-a8e3-4664-9a25-e500aea5f415
2026-04-07 01:17:04.307 10 INFO neutron.db.ovn_revision_numbers_db [None req-0ba81075-c796-4fd9-84b3-3f884bf96276 88ec2ff925804b209689dffe23d9e417 c0202fafe5b541d0bc47e19139125f3a - - default default] Successfully bumped revision number for resource ed369eee-f89c-48b2-a33b-ca709a668016 (type: networks) to 1
2026-04-07 01:17:04.476 10 WARNING neutron.scheduler.dhcp_agent_scheduler [None req-0ba81075-c796-4fd9-84b3-3f884bf96276 88ec2ff925804b209689dffe23d9e417 c0202fafe5b541d0bc47e19139125f3a - - default default] No more DHCP agents
2026-04-07 01:17:04.479 10 WARNING neutron.api.rpc.agentnotifiers.dhcp_rpc_agent_api [None req-0ba81075-c796-4fd9-84b3-3f884bf96276 88ec2ff925804b209689dffe23d9e417 c0202fafe5b541d0bc47e19139125f3a - - default default] Unable to schedule network ed369eee-f89c-48b2-a33b-ca709a668016: no agents available; will retry on subsequent port and subnet creation events.
2026-04-07 01:17:04.561 10 INFO neutron.db.ovn_revision_numbers_db [None req-0ba81075-c796-4fd9-84b3-3f884bf96276 88ec2ff925804b209689dffe23d9e417 c0202fafe5b541d0bc47e19139125f3a - - default default] Successfully bumped revision number for resource 1c6df791-5963-4799-a945-a84b1f465090 (type: ports) to 1
2026-04-07 01:17:04.584 10 INFO neutron.wsgi [None req-0ba81075-c796-4fd9-84b3-3f884bf96276 88ec2ff925804b209689dffe23d9e417 c0202fafe5b541d0bc47e19139125f3a - - default default] 10.0.0.109 "POST /v2.0/networks HTTP/1.1" status: 201 len: 847 time: 1.0654459
2026-04-07 01:17:04.595 10 WARNING neutron_lib.context [None req-e2e64633-6938-48c9-8812-ef9fa199bda9 88ec2ff925804b209689dffe23d9e417 c0202fafe5b541d0bc47e19139125f3a - - default default] Method 'is_advsvc' is deprecated since 2023.2 release (neutron-lib 3.8.0) and will be removed once support for the old RBAC API policies will be removed from Neutron. Please use method 'is_service_role' instead.
2026-04-07 01:17:04.736 9 INFO neutron.db.ovn_revision_numbers_db [None req-8e5dd3be-5b7e-4290-846b-6f6db5eeb72f c144f5f7b1584027ade50d117b205257 1db701030c484aeb83ccabb1c1d10f5e - - default default] Successfully bumped revision number for resource efd321d4-a8e3-4664-9a25-e500aea5f415 (type: networks) to 1
2026-04-07 01:17:04.798 10 WARNING neutron.scheduler.dhcp_agent_scheduler [None req-e2e64633-6938-48c9-8812-ef9fa199bda9 88ec2ff925804b209689dffe23d9e417 c0202fafe5b541d0bc47e19139125f3a - - default default] No more DHCP agents
2026-04-07 01:17:04.800 10 WARNING neutron.api.rpc.agentnotifiers.dhcp_rpc_agent_api [None req-e2e64633-6938-48c9-8812-ef9fa199bda9 88ec2ff925804b209689dffe23d9e417 c0202fafe5b541d0bc47e19139125f3a - - default default] Unable to schedule network ed369eee-f89c-48b2-a33b-ca709a668016: no agents available; will retry on subsequent port and subnet creation events.
2026-04-07 01:17:04.818 9 WARNING neutron.scheduler.dhcp_agent_scheduler [None req-a2a7c01c-76d2-4ad6-bbea-49899043c764 42b96d8f9d9841ab8871f602b358b72e c6fed3c715054ba482c528ca91453372 - - default default] No more DHCP agents
2026-04-07 01:17:04.829 9 WARNING neutron.api.rpc.agentnotifiers.dhcp_rpc_agent_api [None req-a2a7c01c-76d2-4ad6-bbea-49899043c764 42b96d8f9d9841ab8871f602b358b72e c6fed3c715054ba482c528ca91453372 - - default default] Unable to schedule network b425b7c7-8f8b-4ada-b0aa-a65d59d7ea7a: no agents available; will retry on subsequent port and subnet creation events.
2026-04-07 01:17:04.890 10 INFO neutron.db.ovn_revision_numbers_db [None req-e2e64633-6938-48c9-8812-ef9fa199bda9 88ec2ff925804b209689dffe23d9e417 c0202fafe5b541d0bc47e19139125f3a - - default default] Successfully bumped revision number for resource 5100ac61-8c25-46b3-95bf-658417574503 (type: ports) to 1
2026-04-07 01:17:04.912 10 INFO neutron.wsgi [None req-e2e64633-6938-48c9-8812-ef9fa199bda9 88ec2ff925804b209689dffe23d9e417 c0202fafe5b541d0bc47e19139125f3a - - default default] 10.0.0.109 "POST /v2.0/ports HTTP/1.1" status: 201 len: 978 time: 0.3224583
2026-04-07 01:17:04.919 9 WARNING neutron.scheduler.dhcp_agent_scheduler [None req-e9ba4919-2846-425c-b549-a8e7d5793f38 14734e97cdd742a89b2b725f4acb8262 9daf54fc43ea43baabab05387fe5ed48 - - default default] No more DHCP agents /var/lib/openstack/lib/python3.10/site-packages/pycadf/identifier.py:71: UserWarning: Invalid uuid: neutron. To ensure interoperability, identifiers should be a valid uuid. warnings.warn(('Invalid uuid: %s. To ensure interoperability, '
2026-04-07 01:17:04.923 10 WARNING neutron_lib.context [None req-52b380cd-9470-400d-9419-9234110cafa5 88ec2ff925804b209689dffe23d9e417 c0202fafe5b541d0bc47e19139125f3a - - default default] Method 'is_advsvc' is deprecated since 2023.2 release (neutron-lib 3.8.0) and will be removed once support for the old RBAC API policies will be removed from Neutron. Please use method 'is_service_role' instead.
2026-04-07 01:17:04.932 9 WARNING neutron.api.rpc.agentnotifiers.dhcp_rpc_agent_api [None req-e9ba4919-2846-425c-b549-a8e7d5793f38 14734e97cdd742a89b2b725f4acb8262 9daf54fc43ea43baabab05387fe5ed48 - - default default] Unable to schedule network 7f62f00d-fcf3-4222-a501-4a9916312d71: no agents available; will retry on subsequent port and subnet creation events.
2026-04-07 01:17:05.001 10 INFO neutron.db.segments_db [None req-52b380cd-9470-400d-9419-9234110cafa5 88ec2ff925804b209689dffe23d9e417 c0202fafe5b541d0bc47e19139125f3a - - default default] Added segment b6859da7-f786-4f4c-83c9-3094cf195119 of type geneve for network bd0fcb6c-fcf6-4d08-a440-76054a744b0d
2026-04-07 01:17:05.009 9 WARNING neutron.scheduler.dhcp_agent_scheduler [None req-8e5dd3be-5b7e-4290-846b-6f6db5eeb72f c144f5f7b1584027ade50d117b205257 1db701030c484aeb83ccabb1c1d10f5e - - default default] No more DHCP agents
2026-04-07 01:17:05.022 9 WARNING neutron.api.rpc.agentnotifiers.dhcp_rpc_agent_api [None req-8e5dd3be-5b7e-4290-846b-6f6db5eeb72f c144f5f7b1584027ade50d117b205257 1db701030c484aeb83ccabb1c1d10f5e - - default default] Unable to schedule network efd321d4-a8e3-4664-9a25-e500aea5f415: no agents available; will retry on subsequent port and subnet creation events.
2026-04-07 01:17:05.142 10 INFO neutron.db.ovn_revision_numbers_db [None req-52b380cd-9470-400d-9419-9234110cafa5 88ec2ff925804b209689dffe23d9e417 c0202fafe5b541d0bc47e19139125f3a - - default default] Successfully bumped revision number for resource bd0fcb6c-fcf6-4d08-a440-76054a744b0d (type: networks) to 1
2026-04-07 01:17:05.197 9 INFO neutron.db.ovn_revision_numbers_db [None req-8e5dd3be-5b7e-4290-846b-6f6db5eeb72f c144f5f7b1584027ade50d117b205257 1db701030c484aeb83ccabb1c1d10f5e - - default default] Successfully bumped revision number for resource edc8fa26-c2dd-4bdf-8236-1cac17c86101 (type: ports) to 1
2026-04-07 01:17:05.235 9 INFO neutron.wsgi [None req-8e5dd3be-5b7e-4290-846b-6f6db5eeb72f c144f5f7b1584027ade50d117b205257 1db701030c484aeb83ccabb1c1d10f5e - - default default] 10.0.0.109 "POST /v2.0/networks HTTP/1.1" status: 201 len: 832 time: 1.0882874
2026-04-07 01:17:05.246 9 WARNING neutron_lib.context [None req-5f36d930-49da-439e-a740-776bf0ba4b26 c144f5f7b1584027ade50d117b205257 1db701030c484aeb83ccabb1c1d10f5e - - default default] Method 'is_advsvc' is deprecated since 2023.2 release (neutron-lib 3.8.0) and will be removed once support for the old RBAC API policies will be removed from Neutron. Please use method 'is_service_role' instead.
2026-04-07 01:17:05.320 10 WARNING neutron.scheduler.dhcp_agent_scheduler [None req-52b380cd-9470-400d-9419-9234110cafa5 88ec2ff925804b209689dffe23d9e417 c0202fafe5b541d0bc47e19139125f3a - - default default] No more DHCP agents
2026-04-07 01:17:05.322 10 WARNING neutron.api.rpc.agentnotifiers.dhcp_rpc_agent_api [None req-52b380cd-9470-400d-9419-9234110cafa5 88ec2ff925804b209689dffe23d9e417 c0202fafe5b541d0bc47e19139125f3a - - default default] Unable to schedule network bd0fcb6c-fcf6-4d08-a440-76054a744b0d: no agents available; will retry on subsequent port and subnet creation events.
2026-04-07 01:17:05.415 10 INFO neutron.db.ovn_revision_numbers_db [None req-52b380cd-9470-400d-9419-9234110cafa5 88ec2ff925804b209689dffe23d9e417 c0202fafe5b541d0bc47e19139125f3a - - default default] Successfully bumped revision number for resource 5e0c9f3b-c058-4f3b-a3eb-a9df4bc63273 (type: ports) to 1
2026-04-07 01:17:05.428 10 INFO neutron.services.segments.plugin [-] Segment 1e65e6d4-fb1c-431a-af6f-f753d4629be2 resource provider aggregate not found
2026-04-07 01:17:05.435 10 INFO neutron.services.segments.plugin [-] Segment 1e65e6d4-fb1c-431a-af6f-f753d4629be2 resource provider aggregate not found
2026-04-07 01:17:05.445 10 INFO neutron.wsgi [None req-52b380cd-9470-400d-9419-9234110cafa5 88ec2ff925804b209689dffe23d9e417 c0202fafe5b541d0bc47e19139125f3a - - default default] 10.0.0.109 "POST /v2.0/networks HTTP/1.1" status: 201 len: 835 time: 0.5260227
2026-04-07 01:17:05.449 10 INFO neutron.services.segments.plugin [-] Segment 1e65e6d4-fb1c-431a-af6f-f753d4629be2 resource provider not found; error: Placement Client Error (4xx): {"errors": [{"status": 404, "title": "Not Found", "detail": "The resource could not be found.\n\n No resource provider with uuid 1e65e6d4-fb1c-431a-af6f-f753d4629be2 found for delete ", "request_id": "req-b7247989-9c52-426c-991b-c9bbcb5b7e86"}]}
2026-04-07 01:17:05.455 10 INFO neutron.services.segments.plugin [-] Segment 1e65e6d4-fb1c-431a-af6f-f753d4629be2 resource provider not found; error: Placement Client Error (4xx): {"errors": [{"status": 404, "title": "Not Found", "detail": "The resource could not be found.\n\n No resource provider with uuid 1e65e6d4-fb1c-431a-af6f-f753d4629be2 found for delete ", "request_id": "req-1840ac6e-32ba-4d2f-87a9-2437b520f3b0"}]}
2026-04-07 01:17:05.466 9 WARNING neutron_lib.context [None req-7765340d-ba8c-4e9c-9fc2-8fac8d12b32b 88ec2ff925804b209689dffe23d9e417 c0202fafe5b541d0bc47e19139125f3a - - default default] Method 'is_advsvc' is deprecated since 2023.2 release (neutron-lib 3.8.0) and will be removed once support for the old RBAC API policies will be removed from Neutron. Please use method 'is_service_role' instead.
2026-04-07 01:17:05.469 10 INFO neutron.services.segments.plugin [-] Segment 46c2179e-5cb4-4666-a908-4ce75261c661 resource provider aggregate not found
2026-04-07 01:17:05.476 10 INFO neutron.services.segments.plugin [-] Segment 46c2179e-5cb4-4666-a908-4ce75261c661 resource provider aggregate not found
2026-04-07 01:17:05.495 10 INFO neutron.services.segments.plugin [-] Segment 46c2179e-5cb4-4666-a908-4ce75261c661 resource provider not found; error: Placement Client Error (4xx): {"errors": [{"status": 404, "title": "Not Found", "detail": "The resource could not be found.\n\n No resource provider with uuid 46c2179e-5cb4-4666-a908-4ce75261c661 found for delete ", "request_id": "req-f55b55da-546e-41aa-afb0-5abdc4ba9a3f"}]}
2026-04-07 01:17:05.497 10 INFO neutron.services.segments.plugin [-] Segment 46c2179e-5cb4-4666-a908-4ce75261c661 resource provider not found; error: Placement Client Error (4xx): {"errors": [{"status": 404, "title": "Not Found", "detail": "The resource could not be found.\n\n No resource provider with uuid 46c2179e-5cb4-4666-a908-4ce75261c661 found for delete ", "request_id": "req-d8177604-f45f-441a-bb9f-fd373baedb88"}]}
2026-04-07 01:17:05.765 9 WARNING neutron.scheduler.dhcp_agent_scheduler [None req-5f36d930-49da-439e-a740-776bf0ba4b26 c144f5f7b1584027ade50d117b205257 1db701030c484aeb83ccabb1c1d10f5e - - default default] No more DHCP agents
2026-04-07 01:17:05.775 9 WARNING neutron.api.rpc.agentnotifiers.dhcp_rpc_agent_api [None req-5f36d930-49da-439e-a740-776bf0ba4b26 c144f5f7b1584027ade50d117b205257 1db701030c484aeb83ccabb1c1d10f5e - - default default] Unable to schedule network efd321d4-a8e3-4664-9a25-e500aea5f415: no agents available; will retry on subsequent port and subnet creation events.
2026-04-07 01:17:05.781 9 INFO neutron.db.l3_db [None req-e9ba4919-2846-425c-b549-a8e7d5793f38 14734e97cdd742a89b2b725f4acb8262 9daf54fc43ea43baabab05387fe5ed48 - - default default] Floating IP 84795ff1-a806-439c-9815-473bbff32848 associated. External IP: 10.96.250.215, port: 0cb9ef89-e17c-418c-9cbb-b1f806aceebf.
2026-04-07 01:17:05.804 9 INFO neutron.db.ovn_revision_numbers_db [None req-a2a7c01c-76d2-4ad6-bbea-49899043c764 42b96d8f9d9841ab8871f602b358b72e c6fed3c715054ba482c528ca91453372 - - default default] Successfully bumped revision number for resource 44833a99-d99a-4fe6-915b-db2c3465acc0 (type: ports) to 2
2026-04-07 01:17:05.830 9 WARNING neutron.plugins.ml2.drivers.ovn.mech_driver.ovsdb.ovn_client [None req-af85d6d0-6fdf-4a18-90c9-61fd697ccba9 - - - - - -] No port found with ID b05b9611-eb68-4a4d-bdd0-05189ffe1808: RuntimeError: No port found with ID b05b9611-eb68-4a4d-bdd0-05189ffe1808
2026-04-07 01:17:05.830 9 INFO neutron.plugins.ml2.drivers.ovn.mech_driver.mech_driver [None req-af85d6d0-6fdf-4a18-90c9-61fd697ccba9 - - - - - -] OVN reports status up for port: e3e3d1be-0522-4c14-aaf9-d5ca164c1b26
2026-04-07 01:17:05.863 9 INFO neutron.plugins.ml2.plugin [None req-af85d6d0-6fdf-4a18-90c9-61fd697ccba9 - - - - - -] Attempt 1 to provision port e3e3d1be-0522-4c14-aaf9-d5ca164c1b26
2026-04-07 01:17:05.894 9 INFO neutron.db.ovn_revision_numbers_db [None req-5f36d930-49da-439e-a740-776bf0ba4b26 c144f5f7b1584027ade50d117b205257 1db701030c484aeb83ccabb1c1d10f5e - - default default] Successfully bumped revision number for resource ce0252f5-c755-45b3-8592-f30f40418c3a (type: subnets) to 0
2026-04-07 01:17:05.924 9 INFO neutron.db.ovn_revision_numbers_db [None req-a2a7c01c-76d2-4ad6-bbea-49899043c764 42b96d8f9d9841ab8871f602b358b72e c6fed3c715054ba482c528ca91453372 - - default default] Successfully bumped revision number for resource 7b75759c-7fc1-418e-a11b-107c5b90e908 (type: subnets) to 0
2026-04-07 01:17:05.930 9 INFO neutron.wsgi [None req-5f36d930-49da-439e-a740-776bf0ba4b26 c144f5f7b1584027ade50d117b205257 1db701030c484aeb83ccabb1c1d10f5e - - default default] 10.0.0.109 "POST /v2.0/subnets HTTP/1.1" status: 201 len: 821 time: 0.6884387
2026-04-07 01:17:05.946 10 WARNING neutron_lib.context [None req-9ca05854-449e-426f-889f-b9be71fa1cec c144f5f7b1584027ade50d117b205257 1db701030c484aeb83ccabb1c1d10f5e - - default default] Method 'is_advsvc' is deprecated since 2023.2 release (neutron-lib 3.8.0) and will be removed once support for the old RBAC API policies will be removed from Neutron. Please use method 'is_service_role' instead.
2026-04-07 01:17:05.960 9 INFO neutron.wsgi [None req-a2a7c01c-76d2-4ad6-bbea-49899043c764 42b96d8f9d9841ab8871f602b358b72e c6fed3c715054ba482c528ca91453372 - - default default] 10.0.0.109 "POST /v2.0/subnets HTTP/1.1" status: 201 len: 801 time: 1.7944157
2026-04-07 01:17:05.973 10 WARNING neutron_lib.context [None req-026bd7c3-fe35-4a99-8b28-6ad19b350406 42b96d8f9d9841ab8871f602b358b72e c6fed3c715054ba482c528ca91453372 - - default default] Method 'is_advsvc' is deprecated since 2023.2 release (neutron-lib 3.8.0) and will be removed once support for the old RBAC API policies will be removed from Neutron. Please use method 'is_service_role' instead.
2026-04-07 01:17:06.210 9 WARNING neutron.scheduler.dhcp_agent_scheduler [None req-7765340d-ba8c-4e9c-9fc2-8fac8d12b32b 88ec2ff925804b209689dffe23d9e417 c0202fafe5b541d0bc47e19139125f3a - - default default] No more DHCP agents
2026-04-07 01:17:06.214 9 WARNING neutron.api.rpc.agentnotifiers.dhcp_rpc_agent_api [None req-7765340d-ba8c-4e9c-9fc2-8fac8d12b32b 88ec2ff925804b209689dffe23d9e417 c0202fafe5b541d0bc47e19139125f3a - - default default] Unable to schedule network bd0fcb6c-fcf6-4d08-a440-76054a744b0d: no agents available; will retry on subsequent port and subnet creation events.
2026-04-07 01:17:06.265 9 INFO neutron.db.ovn_revision_numbers_db [None req-7765340d-ba8c-4e9c-9fc2-8fac8d12b32b 88ec2ff925804b209689dffe23d9e417 c0202fafe5b541d0bc47e19139125f3a - - default default] Successfully bumped revision number for resource aef346a6-6f9a-4504-9631-6357cfa6bb1d (type: subnets) to 0
2026-04-07 01:17:06.296 9 INFO neutron.wsgi [None req-7765340d-ba8c-4e9c-9fc2-8fac8d12b32b 88ec2ff925804b209689dffe23d9e417 c0202fafe5b541d0bc47e19139125f3a - - default default] 10.0.0.109 "POST /v2.0/subnets HTTP/1.1" status: 201 len: 821 time: 0.8435488
2026-04-07 01:17:06.314 10 WARNING neutron_lib.context [None req-06e0dc90-0684-407c-b8be-69bfccbdfa1c 88ec2ff925804b209689dffe23d9e417 c0202fafe5b541d0bc47e19139125f3a - - default default] Method 'is_advsvc' is deprecated since 2023.2 release (neutron-lib 3.8.0) and will be removed once support for the old RBAC API policies will be removed from Neutron. Please use method 'is_service_role' instead.
2026-04-07 01:17:06.331 9 INFO neutron.db.ovn_revision_numbers_db [None req-e9ba4919-2846-425c-b549-a8e7d5793f38 14734e97cdd742a89b2b725f4acb8262 9daf54fc43ea43baabab05387fe5ed48 - - default default] Successfully bumped revision number for resource 84795ff1-a806-439c-9815-473bbff32848 (type: floatingips) to 0
2026-04-07 01:17:06.436 10 INFO neutron.db.ovn_revision_numbers_db [None req-9ca05854-449e-426f-889f-b9be71fa1cec c144f5f7b1584027ade50d117b205257 1db701030c484aeb83ccabb1c1d10f5e - - default default] Successfully bumped revision number for resource da8c03a4-b3ef-4bf3-b09f-ef3ab05a4f95 (type: routers) to 1
2026-04-07 01:17:06.460 10 INFO neutron.wsgi [None req-9ca05854-449e-426f-889f-b9be71fa1cec c144f5f7b1584027ade50d117b205257 1db701030c484aeb83ccabb1c1d10f5e - - default default] 10.0.0.109 "POST /v2.0/routers HTTP/1.1" status: 201 len: 690 time: 0.5231314
2026-04-07 01:17:06.461 10 INFO neutron.db.ovn_revision_numbers_db [None req-026bd7c3-fe35-4a99-8b28-6ad19b350406 42b96d8f9d9841ab8871f602b358b72e c6fed3c715054ba482c528ca91453372 - - default default] Successfully bumped revision number for resource 225503df-373d-478d-ad15-0f40087c035b (type: routers) to 1
2026-04-07 01:17:06.463 9 INFO neutron.db.ovn_revision_numbers_db [None req-e9ba4919-2846-425c-b549-a8e7d5793f38 14734e97cdd742a89b2b725f4acb8262 9daf54fc43ea43baabab05387fe5ed48 - - default default] Successfully bumped revision number for resource 84795ff1-a806-439c-9815-473bbff32848 (type: floatingips) to 1
2026-04-07 01:17:06.472 9 WARNING neutron_lib.context [None req-f8e60be8-0d48-41a7-8f78-698d8b326a05 c144f5f7b1584027ade50d117b205257 1db701030c484aeb83ccabb1c1d10f5e - - default default] Method 'is_advsvc' is deprecated since 2023.2 release (neutron-lib 3.8.0) and will be removed once support for the old RBAC API policies will be removed from Neutron. Please use method 'is_service_role' instead.
2026-04-07 01:17:06.478 10 INFO neutron.wsgi [None req-026bd7c3-fe35-4a99-8b28-6ad19b350406 42b96d8f9d9841ab8871f602b358b72e c6fed3c715054ba482c528ca91453372 - - default default] 10.0.0.109 "POST /v2.0/routers HTTP/1.1" status: 201 len: 687 time: 0.5107670 /var/lib/openstack/lib/python3.10/site-packages/pycadf/identifier.py:71: UserWarning: Invalid uuid: neutron. To ensure interoperability, identifiers should be a valid uuid. warnings.warn(('Invalid uuid: %s. To ensure interoperability, '
2026-04-07 01:17:06.523 9 INFO neutron.wsgi [None req-e9ba4919-2846-425c-b549-a8e7d5793f38 14734e97cdd742a89b2b725f4acb8262 9daf54fc43ea43baabab05387fe5ed48 - - default default] 10.0.0.109 "POST /v2.0/floatingips HTTP/1.1" status: 201 len: 1041 time: 2.3133726
2026-04-07 01:17:06.538 9 INFO neutron.db.ovn_revision_numbers_db [None req-af85d6d0-6fdf-4a18-90c9-61fd697ccba9 - - - - - -] Successfully bumped revision number for resource e3e3d1be-0522-4c14-aaf9-d5ca164c1b26 (type: ports) to 2
2026-04-07 01:17:06.599 9 INFO neutron.wsgi [None req-c3d09832-4a20-4021-8ab0-bb6ab6ae5fd9 14734e97cdd742a89b2b725f4acb8262 9daf54fc43ea43baabab05387fe5ed48 - - default default] 10.0.0.109 "GET /v2.0/floatingips/84795ff1-a806-439c-9815-473bbff32848 HTTP/1.1" status: 200 len: 1038 time: 0.0673921
2026-04-07 01:17:06.657 9 INFO neutron.db.ovn_revision_numbers_db [None req-af85d6d0-6fdf-4a18-90c9-61fd697ccba9 - - - - - -] Successfully bumped revision number for resource e3e3d1be-0522-4c14-aaf9-d5ca164c1b26 (type: router_ports) to 2
2026-04-07 01:17:06.730 10 INFO neutron.wsgi [None req-b88c42af-8ee8-4547-8d9c-c5340b375b84 14734e97cdd742a89b2b725f4acb8262 9daf54fc43ea43baabab05387fe5ed48 - - default default] 10.0.0.109 "GET /v2.0/floatingips HTTP/1.1" status: 200 len: 1041 time: 0.1146927
2026-04-07 01:17:06.860 9 WARNING neutron.scheduler.dhcp_agent_scheduler [None req-f8e60be8-0d48-41a7-8f78-698d8b326a05 c144f5f7b1584027ade50d117b205257 1db701030c484aeb83ccabb1c1d10f5e - - default default] No more DHCP agents
2026-04-07 01:17:06.861 9 WARNING neutron.api.rpc.agentnotifiers.dhcp_rpc_agent_api [None req-f8e60be8-0d48-41a7-8f78-698d8b326a05 c144f5f7b1584027ade50d117b205257 1db701030c484aeb83ccabb1c1d10f5e - - default default] Unable to schedule network efd321d4-a8e3-4664-9a25-e500aea5f415: no agents available; will retry on subsequent port and subnet creation events.
2026-04-07 01:17:06.957 9 INFO neutron.db.ovn_revision_numbers_db [None req-f8e60be8-0d48-41a7-8f78-698d8b326a05 c144f5f7b1584027ade50d117b205257 1db701030c484aeb83ccabb1c1d10f5e - - default default] Successfully bumped revision number for resource 82428eae-1ae8-4654-a0f5-504ea1a109d7 (type: ports) to 1
2026-04-07 01:17:06.990 9 INFO neutron.wsgi [None req-f8e60be8-0d48-41a7-8f78-698d8b326a05 c144f5f7b1584027ade50d117b205257 1db701030c484aeb83ccabb1c1d10f5e - - default default] 10.0.0.109 "POST /v2.0/ports HTTP/1.1" status: 201 len: 1163 time: 0.5241899 /var/lib/openstack/lib/python3.10/site-packages/pycadf/identifier.py:71: UserWarning: Invalid uuid: neutron. To ensure interoperability, identifiers should be a valid uuid. warnings.warn(('Invalid uuid: %s. To ensure interoperability, '
2026-04-07 01:17:07.133 10 WARNING neutron.scheduler.dhcp_agent_scheduler [None req-06e0dc90-0684-407c-b8be-69bfccbdfa1c 88ec2ff925804b209689dffe23d9e417 c0202fafe5b541d0bc47e19139125f3a - - default default] No more DHCP agents
2026-04-07 01:17:07.143 10 WARNING neutron.api.rpc.agentnotifiers.dhcp_rpc_agent_api [None req-06e0dc90-0684-407c-b8be-69bfccbdfa1c 88ec2ff925804b209689dffe23d9e417 c0202fafe5b541d0bc47e19139125f3a - - default default] Unable to schedule network bd0fcb6c-fcf6-4d08-a440-76054a744b0d: no agents available; will retry on subsequent port and subnet creation events.
2026-04-07 01:17:07.288 10 INFO neutron.db.l3_db [None req-4b4b3047-9b1c-470f-8fb8-29ccfb4c2902 14734e97cdd742a89b2b725f4acb8262 9daf54fc43ea43baabab05387fe5ed48 - - default default] Floating IP 84795ff1-a806-439c-9815-473bbff32848 associated. External IP: 10.96.250.215, port: 0cb9ef89-e17c-418c-9cbb-b1f806aceebf.
2026-04-07 01:17:07.322 10 WARNING neutron.scheduler.dhcp_agent_scheduler [None req-93585144-508e-4beb-be74-872edb9a7f57 42b96d8f9d9841ab8871f602b358b72e c6fed3c715054ba482c528ca91453372 - - default default] No more DHCP agents
2026-04-07 01:17:07.334 10 WARNING neutron.api.rpc.agentnotifiers.dhcp_rpc_agent_api [None req-93585144-508e-4beb-be74-872edb9a7f57 42b96d8f9d9841ab8871f602b358b72e c6fed3c715054ba482c528ca91453372 - - default default] Unable to schedule network b425b7c7-8f8b-4ada-b0aa-a65d59d7ea7a: no agents available; will retry on subsequent port and subnet creation events.
2026-04-07 01:17:07.344 10 INFO neutron.plugins.ml2.drivers.ovn.mech_driver.mech_driver [None req-db2c1de9-33b6-4b35-86c8-1a74b03f02eb - - - - - -] OVN reports status up for port: 82428eae-1ae8-4654-a0f5-504ea1a109d7
2026-04-07 01:17:07.368 9 INFO neutron.db.ovn_revision_numbers_db [None req-235cdbe5-80bc-4668-bbfd-7f1c94de1fbd c144f5f7b1584027ade50d117b205257 1db701030c484aeb83ccabb1c1d10f5e - - default default] Successfully bumped revision number for resource 82428eae-1ae8-4654-a0f5-504ea1a109d7 (type: router_ports) to 2
2026-04-07 01:17:07.514 9 INFO neutron.db.ovn_revision_numbers_db [None req-235cdbe5-80bc-4668-bbfd-7f1c94de1fbd c144f5f7b1584027ade50d117b205257 1db701030c484aeb83ccabb1c1d10f5e - - default default] Successfully bumped revision number for resource 82428eae-1ae8-4654-a0f5-504ea1a109d7 (type: ports) to 2
2026-04-07 01:17:07.650 10 INFO neutron.plugins.ml2.plugin [None req-db2c1de9-33b6-4b35-86c8-1a74b03f02eb - - - - - -] Attempt 1 to provision port 82428eae-1ae8-4654-a0f5-504ea1a109d7
2026-04-07 01:17:07.699 10 INFO neutron.db.ovn_revision_numbers_db [None req-06e0dc90-0684-407c-b8be-69bfccbdfa1c 88ec2ff925804b209689dffe23d9e417 c0202fafe5b541d0bc47e19139125f3a - - default default] Successfully bumped revision number for resource e59cd204-b07a-4a93-bd18-648239f05128 (type: ports) to 1
2026-04-07 01:17:07.755 10 INFO neutron.wsgi [None req-06e0dc90-0684-407c-b8be-69bfccbdfa1c 88ec2ff925804b209689dffe23d9e417 c0202fafe5b541d0bc47e19139125f3a - - default default] 10.0.0.109 "POST /v2.0/ports HTTP/1.1" status: 201 len: 1160 time: 1.4487877 /var/lib/openstack/lib/python3.10/site-packages/pycadf/identifier.py:71: UserWarning: Invalid uuid: neutron. To ensure interoperability, identifiers should be a valid uuid. warnings.warn(('Invalid uuid: %s. To ensure interoperability, '
2026-04-07 01:17:07.909 10 INFO neutron.db.ovn_revision_numbers_db [None req-4b4b3047-9b1c-470f-8fb8-29ccfb4c2902 14734e97cdd742a89b2b725f4acb8262 9daf54fc43ea43baabab05387fe5ed48 - - default default] Successfully bumped revision number for resource 84795ff1-a806-439c-9815-473bbff32848 (type: floatingips) to 2
2026-04-07 01:17:07.933 10 INFO neutron.db.ovn_revision_numbers_db [None req-93585144-508e-4beb-be74-872edb9a7f57 42b96d8f9d9841ab8871f602b358b72e c6fed3c715054ba482c528ca91453372 - - default default] Successfully bumped revision number for resource ca4814b9-15b9-45ec-b204-4ead34758ad6 (type: ports) to 1
2026-04-07 01:17:08.002 9 INFO neutron.db.ovn_revision_numbers_db [None req-235cdbe5-80bc-4668-bbfd-7f1c94de1fbd c144f5f7b1584027ade50d117b205257 1db701030c484aeb83ccabb1c1d10f5e - - default default] Successfully bumped revision number for resource 82428eae-1ae8-4654-a0f5-504ea1a109d7 (type: router_ports) to 2
2026-04-07 01:17:08.081 10 INFO neutron.db.ovn_revision_numbers_db [None req-4b4b3047-9b1c-470f-8fb8-29ccfb4c2902 14734e97cdd742a89b2b725f4acb8262 9daf54fc43ea43baabab05387fe5ed48 - - default default] Successfully bumped revision number for resource 84795ff1-a806-439c-9815-473bbff32848 (type: floatingips) to 2
2026-04-07 01:17:08.099 9 INFO neutron.wsgi [None req-61c138eb-a3c9-4c28-98b6-70e389a81179 88ec2ff925804b209689dffe23d9e417 c0202fafe5b541d0bc47e19139125f3a - - default default] 10.0.0.109 "DELETE /v2.0/ports/e59cd204-b07a-4a93-bd18-648239f05128 HTTP/1.1" status: 204 len: 168 time: 0.3385112 /var/lib/openstack/lib/python3.10/site-packages/pycadf/identifier.py:71: UserWarning: Invalid uuid: neutron. To ensure interoperability, identifiers should be a valid uuid. warnings.warn(('Invalid uuid: %s. To ensure interoperability, '
2026-04-07 01:17:08.116 9 INFO neutron.db.ovn_revision_numbers_db [None req-235cdbe5-80bc-4668-bbfd-7f1c94de1fbd c144f5f7b1584027ade50d117b205257 1db701030c484aeb83ccabb1c1d10f5e - - default default] Successfully bumped revision number for resource 82428eae-1ae8-4654-a0f5-504ea1a109d7 (type: ports) to 2
2026-04-07 01:17:08.131 10 INFO neutron.pecan_wsgi.hooks.translation [None req-d6a8bceb-e601-4bb2-afb3-416807cc7ce5 88ec2ff925804b209689dffe23d9e417 c0202fafe5b541d0bc47e19139125f3a - - default default] DELETE failed (client error): The resource could not be found.
2026-04-07 01:17:08.134 10 INFO neutron.wsgi [None req-d6a8bceb-e601-4bb2-afb3-416807cc7ce5 88ec2ff925804b209689dffe23d9e417 c0202fafe5b541d0bc47e19139125f3a - - default default] 10.0.0.109 "DELETE /v2.0/ports/e59cd204-b07a-4a93-bd18-648239f05128 HTTP/1.1" status: 404 len: 333 time: 0.0288906 /var/lib/openstack/lib/python3.10/site-packages/pycadf/identifier.py:71: UserWarning: Invalid uuid: neutron. To ensure interoperability, identifiers should be a valid uuid. warnings.warn(('Invalid uuid: %s. To ensure interoperability, '
2026-04-07 01:17:08.161 9 INFO neutron.pecan_wsgi.hooks.translation [None req-4d5c2d53-da4f-4c9d-844b-14dd288a4032 88ec2ff925804b209689dffe23d9e417 c0202fafe5b541d0bc47e19139125f3a - - default default] GET failed (client error): The resource could not be found.
2026-04-07 01:17:08.162 9 INFO neutron.wsgi [None req-4d5c2d53-da4f-4c9d-844b-14dd288a4032 88ec2ff925804b209689dffe23d9e417 c0202fafe5b541d0bc47e19139125f3a - - default default] 10.0.0.109 "GET /v2.0/ports/e59cd204-b07a-4a93-bd18-648239f05128 HTTP/1.1" status: 404 len: 333 time: 0.0237863
2026-04-07 01:17:08.187 10 INFO neutron.wsgi [None req-4b4b3047-9b1c-470f-8fb8-29ccfb4c2902 14734e97cdd742a89b2b725f4acb8262 9daf54fc43ea43baabab05387fe5ed48 - - default default] 10.0.0.109 "PUT /v2.0/floatingips/84795ff1-a806-439c-9815-473bbff32848 HTTP/1.1" status: 200 len: 1038 time: 1.4513729
2026-04-07 01:17:08.224 9 WARNING neutron.scheduler.dhcp_agent_scheduler [None req-235cdbe5-80bc-4668-bbfd-7f1c94de1fbd c144f5f7b1584027ade50d117b205257 1db701030c484aeb83ccabb1c1d10f5e - - default default] No more DHCP agents
2026-04-07 01:17:08.227 9 WARNING neutron.api.rpc.agentnotifiers.dhcp_rpc_agent_api [None req-235cdbe5-80bc-4668-bbfd-7f1c94de1fbd c144f5f7b1584027ade50d117b205257 1db701030c484aeb83ccabb1c1d10f5e - - default default] Unable to schedule network efd321d4-a8e3-4664-9a25-e500aea5f415: no agents available; will retry on subsequent port and subnet creation events.
2026-04-07 01:17:08.250 10 INFO neutron.db.ovn_revision_numbers_db [None req-db2c1de9-33b6-4b35-86c8-1a74b03f02eb - - - - - -] Successfully bumped revision number for resource 82428eae-1ae8-4654-a0f5-504ea1a109d7 (type: ports) to 3
2026-04-07 01:17:08.343 10 INFO neutron.db.ovn_revision_numbers_db [None req-db2c1de9-33b6-4b35-86c8-1a74b03f02eb - - - - - -] Successfully bumped revision number for resource 82428eae-1ae8-4654-a0f5-504ea1a109d7 (type: router_ports) to 3
2026-04-07 01:17:08.440 10 INFO neutron.db.ovn_revision_numbers_db [None req-93585144-508e-4beb-be74-872edb9a7f57 42b96d8f9d9841ab8871f602b358b72e c6fed3c715054ba482c528ca91453372 - - default default] Successfully bumped revision number for resource ca4814b9-15b9-45ec-b204-4ead34758ad6 (type: router_ports) to 1
2026-04-07 01:17:08.610 10 INFO neutron.db.ovn_revision_numbers_db [None req-93585144-508e-4beb-be74-872edb9a7f57 42b96d8f9d9841ab8871f602b358b72e c6fed3c715054ba482c528ca91453372 - - default default] Successfully bumped revision number for resource ca4814b9-15b9-45ec-b204-4ead34758ad6 (type: ports) to 1
2026-04-07 01:17:08.626 9 INFO neutron.db.l3_db [None req-ce6b3473-b6ba-4230-afaf-70e7b5741bd5 14734e97cdd742a89b2b725f4acb8262 9daf54fc43ea43baabab05387fe5ed48 - - default default] Floating IP 84795ff1-a806-439c-9815-473bbff32848 disassociated. External IP: 10.96.250.215, port: 014a2444-3d61-417a-9543-7d88f5951da1.
2026-04-07 01:17:08.678 9 INFO neutron.db.ovn_revision_numbers_db [None req-ce6b3473-b6ba-4230-afaf-70e7b5741bd5 14734e97cdd742a89b2b725f4acb8262 9daf54fc43ea43baabab05387fe5ed48 - - default default] Successfully bumped revision number for resource 84795ff1-a806-439c-9815-473bbff32848 (type: floatingips) to 3
2026-04-07 01:17:08.685 9 INFO neutron.db.ovn_revision_numbers_db [None req-235cdbe5-80bc-4668-bbfd-7f1c94de1fbd c144f5f7b1584027ade50d117b205257 1db701030c484aeb83ccabb1c1d10f5e - - default default] Successfully bumped revision number for resource 82428eae-1ae8-4654-a0f5-504ea1a109d7 (type: router_ports) to 3
2026-04-07 01:17:08.687 9 INFO neutron.wsgi [None req-235cdbe5-80bc-4668-bbfd-7f1c94de1fbd c144f5f7b1584027ade50d117b205257 1db701030c484aeb83ccabb1c1d10f5e - - default default] 10.0.0.109 "PUT /v2.0/routers/da8c03a4-b3ef-4bf3-b09f-ef3ab05a4f95/add_router_interface HTTP/1.1" status: 200 len: 503 time: 1.6917248
2026-04-07 01:17:08.689 10 WARNING neutron.scheduler.dhcp_agent_scheduler [None req-93585144-508e-4beb-be74-872edb9a7f57 42b96d8f9d9841ab8871f602b358b72e c6fed3c715054ba482c528ca91453372 - - default default] No more DHCP agents
2026-04-07 01:17:08.691 10 WARNING neutron.api.rpc.agentnotifiers.dhcp_rpc_agent_api [None req-93585144-508e-4beb-be74-872edb9a7f57 42b96d8f9d9841ab8871f602b358b72e c6fed3c715054ba482c528ca91453372 - - default default] Unable to schedule network b425b7c7-8f8b-4ada-b0aa-a65d59d7ea7a: no agents available; will retry on subsequent port and subnet creation events.
2026-04-07 01:17:08.691 9 INFO neutron.wsgi [None req-8d425e37-55cd-4ef0-b8bf-96401022666d 88ec2ff925804b209689dffe23d9e417 c0202fafe5b541d0bc47e19139125f3a - - default default] 10.0.0.109 "DELETE /v2.0/subnets/aef346a6-6f9a-4504-9631-6357cfa6bb1d HTTP/1.1" status: 204 len: 168 time: 0.5236411 /var/lib/openstack/lib/python3.10/site-packages/pycadf/identifier.py:71: UserWarning: Invalid uuid: neutron. To ensure interoperability, identifiers should be a valid uuid. warnings.warn(('Invalid uuid: %s. To ensure interoperability, '
2026-04-07 01:17:08.760 9 INFO neutron.wsgi [None req-ce6b3473-b6ba-4230-afaf-70e7b5741bd5 14734e97cdd742a89b2b725f4acb8262 9daf54fc43ea43baabab05387fe5ed48 - - default default] 10.0.0.109 "PUT /v2.0/floatingips/84795ff1-a806-439c-9815-473bbff32848 HTTP/1.1" status: 200 len: 748 time: 0.5638912
2026-04-07 01:17:09.040 10 INFO neutron.wsgi [None req-3ae3f4d1-a7bd-4c8c-92dc-8334bd8cb03f c144f5f7b1584027ade50d117b205257 1db701030c484aeb83ccabb1c1d10f5e - - default default] 10.0.0.109 "GET /v2.0/ports/82428eae-1ae8-4654-a0f5-504ea1a109d7 HTTP/1.1" status: 200 len: 1221 time: 0.3471847
2026-04-07 01:17:09.048 9 INFO neutron.wsgi [None req-254d1cea-ea6c-49b4-bf99-6b90b1b1e77e 14734e97cdd742a89b2b725f4acb8262 9daf54fc43ea43baabab05387fe5ed48 - - default default] 10.0.0.109 "DELETE /v2.0/floatingips/84795ff1-a806-439c-9815-473bbff32848 HTTP/1.1" status: 204 len: 168 time: 0.2824554
2026-04-07 01:17:09.074 9 INFO neutron.api.v2.resource [None req-c472205b-d16a-46fa-9de4-e93075f9954f 14734e97cdd742a89b2b725f4acb8262 9daf54fc43ea43baabab05387fe5ed48 - - default default] delete failed (client error): The resource could not be found.
