2026-04-07 01:20:03.154 10 INFO neutron.wsgi [req-d29b1c05-2046-437a-860d-346be4b72bba req-e5e72a60-ce2e-4995-b519-8c3d1bc28f2a fbd8907a5f9c45149b7c038d0212b587 dba7df4e747c47db98cd6c9869a1d6ea - - 01f9423ebda34104846b5c94b1c9ac6e 01f9423ebda34104846b5c94b1c9ac6e] 199.19.213.84 "GET /v2.0/networks/b7a561d4-4850-42a5-a7bd-6a5439bc0290?fields=segments HTTP/1.1" status: 200 len: 212 time: 0.0539680
2026-04-07 01:20:03.166 9 INFO neutron.wsgi [None req-95eb29e0-8d48-4c89-a3de-879ace8e3885 b79fd18be6484ab3be3944303af0fddd a38b0b41e32c4c89a7b16e9d70bcfb57 - - default default] 199.19.213.84 "GET /v2.0/ports/7413caaa-6dcd-471f-9680-84f0dd19e5e2 HTTP/1.1" status: 200 len: 1340 time: 0.0414300
2026-04-07 01:20:03.210 9 INFO neutron.wsgi [None req-a723bdc4-e65b-4f1c-9c33-dece0aa764df b79fd18be6484ab3be3944303af0fddd a38b0b41e32c4c89a7b16e9d70bcfb57 - - default default] 199.19.213.84 "GET /v2.0/ports/11f9f65b-62b2-4cb5-a9d7-97612ea85bee HTTP/1.1" status: 200 len: 1515 time: 0.0375450
2026-04-07 01:20:03.226 10 INFO neutron.wsgi [req-d29b1c05-2046-437a-860d-346be4b72bba req-a48b91f8-6e16-43bb-b047-7f8c26dd9ab9 fbd8907a5f9c45149b7c038d0212b587 dba7df4e747c47db98cd6c9869a1d6ea - - 01f9423ebda34104846b5c94b1c9ac6e 01f9423ebda34104846b5c94b1c9ac6e] 199.19.213.84 "GET /v2.0/networks/b7a561d4-4850-42a5-a7bd-6a5439bc0290?fields=provider%3Aphysical_network&fields=provider%3Anetwork_type HTTP/1.1" status: 200 len: 277 time: 0.0628161
2026-04-07 01:20:03.252 9 INFO neutron.wsgi [None req-99444f12-e3dd-4263-bdb6-babf3c0348fa b79fd18be6484ab3be3944303af0fddd a38b0b41e32c4c89a7b16e9d70bcfb57 - - default default] 199.19.213.84 "GET /v2.0/subnets/257bd66e-5899-4e1c-a128-4068e718cda4 HTTP/1.1" status: 200 len: 850 time: 0.0335886
2026-04-07 01:20:03.328 9 INFO neutron.wsgi [None req-9bc59ce1-7989-45ff-90ae-52950a5176f9 b79fd18be6484ab3be3944303af0fddd a38b0b41e32c4c89a7b16e9d70bcfb57 - - default default] 199.19.213.84 "GET /v2.0/networks/7136bc72-7d5f-4ae0-a9bc-ddaf76acc8e6 HTTP/1.1" status: 200 len: 1001 time: 0.0686138
2026-04-07 01:20:03.376 9 INFO neutron.wsgi [None req-a165d087-5641-41fb-9ede-e0f3325ac006 b79fd18be6484ab3be3944303af0fddd a38b0b41e32c4c89a7b16e9d70bcfb57 - - default default] 199.19.213.84 "GET /v2.0/ports/7413caaa-6dcd-471f-9680-84f0dd19e5e2 HTTP/1.1" status: 200 len: 1340 time: 0.0401254
2026-04-07 01:20:03.422 9 INFO neutron.wsgi [None req-9adc9bee-892b-4dcd-83fb-9d124a9ab221 b79fd18be6484ab3be3944303af0fddd a38b0b41e32c4c89a7b16e9d70bcfb57 - - default default] 199.19.213.84 "GET /v2.0/subnets/257bd66e-5899-4e1c-a128-4068e718cda4 HTTP/1.1" status: 200 len: 850 time: 0.0390608
2026-04-07 01:20:07.526 9 INFO neutron.wsgi [None req-596f0b36-aaf4-4ccd-beb0-f72d3ae92777 b79fd18be6484ab3be3944303af0fddd a38b0b41e32c4c89a7b16e9d70bcfb57 - - default default] 10.0.0.100 "GET /v2.0/extensions/security-group HTTP/1.1" status: 200 len: 369 time: 0.0138931
2026-04-07 01:20:07.539 9 INFO neutron.wsgi [None req-4fbae367-9e0f-402d-9c5b-1c1f7468805c b79fd18be6484ab3be3944303af0fddd a38b0b41e32c4c89a7b16e9d70bcfb57 - - default default] 10.0.0.100 "GET /v2.0/extensions/dns-integration HTTP/1.1" status: 200 len: 371 time: 0.0066645
2026-04-07 01:20:07.550 9 INFO neutron.wsgi [None req-454a57e0-af99-4208-9314-542ea51cb1d8 b79fd18be6484ab3be3944303af0fddd a38b0b41e32c4c89a7b16e9d70bcfb57 - - default default] 10.0.0.100 "GET /v2.0/extensions/qos HTTP/1.1" status: 200 len: 365 time: 0.0051155
2026-04-07 01:20:07.558 9 INFO neutron.wsgi [None req-9b0838fa-9ccd-487f-86ed-e78dc6e761a8 b79fd18be6484ab3be3944303af0fddd a38b0b41e32c4c89a7b16e9d70bcfb57 - - default default] 10.0.0.100 "GET /v2.0/extensions/allowed-address-pairs HTTP/1.1" status: 200 len: 383 time: 0.0041862
2026-04-07 01:20:07.881 10 INFO neutron.wsgi [-] 10.0.0.100 "GET / HTTP/1.1" status: 200 len: 284 time: 0.0018659
2026-04-07 01:20:07.937 10 INFO neutron.wsgi [None req-d6010e67-5520-40f6-95f0-f932e953909b f80bbaeaf6db404b99f52e15f3a7bb2d 8eefcba74aff47fd91084bb18d9ea0ca - - default default] 10.0.0.100 "GET /v2.0/subnets/685fd5ed-442a-4613-9a85-b70b1d344989 HTTP/1.1" status: 200 len: 831 time: 0.0367599
2026-04-07 01:20:08.681 9 INFO neutron.wsgi [None req-cb1a4da0-6329-44f5-a064-268f22487d6e b79fd18be6484ab3be3944303af0fddd a38b0b41e32c4c89a7b16e9d70bcfb57 - - default default] 199.19.213.84 "GET /v2.0/extensions/security-group HTTP/1.1" status: 200 len: 369 time: 0.0080168
2026-04-07 01:20:08.691 9 INFO neutron.wsgi [None req-9f7c5e3a-b1fe-4e49-844a-5b9388c5bd38 b79fd18be6484ab3be3944303af0fddd a38b0b41e32c4c89a7b16e9d70bcfb57 - - default default] 199.19.213.84 "GET /v2.0/extensions/dns-integration HTTP/1.1" status: 200 len: 371 time: 0.0044742
2026-04-07 01:20:08.699 9 INFO neutron.wsgi [None req-759e8d5d-3f4e-4db4-b961-e28a55d7ca1a b79fd18be6484ab3be3944303af0fddd a38b0b41e32c4c89a7b16e9d70bcfb57 - - default default] 199.19.213.84 "GET /v2.0/extensions/qos HTTP/1.1" status: 200 len: 365 time: 0.0045013
2026-04-07 01:20:08.707 9 INFO neutron.wsgi [None req-740b0bc0-d2d8-41cc-b50c-45315627f6f5 b79fd18be6484ab3be3944303af0fddd a38b0b41e32c4c89a7b16e9d70bcfb57 - - default default] 199.19.213.84 "GET /v2.0/extensions/allowed-address-pairs HTTP/1.1" status: 200 len: 383 time: 0.0043097
2026-04-07 01:20:08.742 9 INFO neutron.wsgi [None req-7df259a5-d85b-4763-a41e-0e3c2a782dbe b79fd18be6484ab3be3944303af0fddd a38b0b41e32c4c89a7b16e9d70bcfb57 - - default default] 199.19.213.84 "GET /v2.0/subnets/816a4c08-5921-4c5b-9714-d5d80d436c03 HTTP/1.1" status: 200 len: 849 time: 0.0298510
2026-04-07 01:20:08.774 9 INFO neutron.wsgi [None req-44cf1552-1d85-426e-bb3d-d523bf94f8c0 b79fd18be6484ab3be3944303af0fddd a38b0b41e32c4c89a7b16e9d70bcfb57 - - default default] 199.19.213.84 "GET /v2.0/subnets/685fd5ed-442a-4613-9a85-b70b1d344989 HTTP/1.1" status: 200 len: 849 time: 0.0280194
2026-04-07 01:20:08.814 9 INFO neutron.wsgi [None req-6b60a0f6-e81c-4e48-9b4a-cc1ca378a7ab b79fd18be6484ab3be3944303af0fddd a38b0b41e32c4c89a7b16e9d70bcfb57 - - default default] 199.19.213.84 "GET /v2.0/ports?device_id=817c4d2f-10de-4d37-823a-0f20cf50aafc HTTP/1.1" status: 200 len: 3918 time: 0.0341420
2026-04-07 01:20:08.963 9 INFO neutron.wsgi [None req-547025a0-982f-4756-902f-3a5efb626949 b79fd18be6484ab3be3944303af0fddd a38b0b41e32c4c89a7b16e9d70bcfb57 - - default default] 199.19.213.84 "GET /v2.0/extensions/security-group HTTP/1.1" status: 200 len: 369 time: 0.0079803
2026-04-07 01:20:08.973 9 INFO neutron.wsgi [None req-46dcc522-5f44-4136-9b96-ad9d1209e4d3 b79fd18be6484ab3be3944303af0fddd a38b0b41e32c4c89a7b16e9d70bcfb57 - - default default] 199.19.213.84 "GET /v2.0/extensions/dns-integration HTTP/1.1" status: 200 len: 371 time: 0.0058031
2026-04-07 01:20:08.987 9 INFO neutron.wsgi [None req-b065f64f-2618-4b39-8a8c-e1a2a73a991f b79fd18be6484ab3be3944303af0fddd a38b0b41e32c4c89a7b16e9d70bcfb57 - - default default] 199.19.213.84 "GET /v2.0/extensions/qos HTTP/1.1" status: 200 len: 365 time: 0.0062852
2026-04-07 01:20:08.997 9 INFO neutron.wsgi [None req-16b87956-67a7-4151-b2d2-b06f1f1eea38 b79fd18be6484ab3be3944303af0fddd a38b0b41e32c4c89a7b16e9d70bcfb57 - - default default] 199.19.213.84 "GET /v2.0/extensions/allowed-address-pairs HTTP/1.1" status: 200 len: 383 time: 0.0058556
2026-04-07 01:20:09.168 10 INFO neutron.wsgi [req-324305d9-84ef-4650-8e70-0b0d57220f4e req-a5f9f2dc-3cab-4704-a08b-522748c6267d fbd8907a5f9c45149b7c038d0212b587 dba7df4e747c47db98cd6c9869a1d6ea - - 01f9423ebda34104846b5c94b1c9ac6e 01f9423ebda34104846b5c94b1c9ac6e] 199.19.213.84 "GET /v2.0/networks/b992790b-5762-4e42-892f-9c4d8ab617ae?fields=segments HTTP/1.1" status: 200 len: 212 time: 0.0636282
2026-04-07 01:20:09.230 10 INFO neutron.wsgi [req-324305d9-84ef-4650-8e70-0b0d57220f4e req-a6853cbc-439b-4c78-af41-6906386995ec fbd8907a5f9c45149b7c038d0212b587 dba7df4e747c47db98cd6c9869a1d6ea - - 01f9423ebda34104846b5c94b1c9ac6e 01f9423ebda34104846b5c94b1c9ac6e] 199.19.213.84 "GET /v2.0/networks/b992790b-5762-4e42-892f-9c4d8ab617ae?fields=provider%3Aphysical_network&fields=provider%3Anetwork_type HTTP/1.1" status: 200 len: 277 time: 0.0555358
2026-04-07 01:20:09.310 10 INFO neutron.wsgi [req-324305d9-84ef-4650-8e70-0b0d57220f4e req-af8b3c27-9905-4c26-81e7-4316f88db1be b79fd18be6484ab3be3944303af0fddd a38b0b41e32c4c89a7b16e9d70bcfb57 - - default default] 199.19.213.84 "GET /v2.0/networks?id=b992790b-5762-4e42-892f-9c4d8ab617ae HTTP/1.1" status: 200 len: 1002 time: 0.0607564
2026-04-07 01:20:09.608 10 WARNING neutron.scheduler.dhcp_agent_scheduler [req-324305d9-84ef-4650-8e70-0b0d57220f4e req-13438eb5-5fdc-42a5-ae14-6cc35eadcc54 b79fd18be6484ab3be3944303af0fddd a38b0b41e32c4c89a7b16e9d70bcfb57 - - default default] No more DHCP agents
2026-04-07 01:20:09.611 10 WARNING neutron.api.rpc.agentnotifiers.dhcp_rpc_agent_api [req-324305d9-84ef-4650-8e70-0b0d57220f4e req-13438eb5-5fdc-42a5-ae14-6cc35eadcc54 b79fd18be6484ab3be3944303af0fddd a38b0b41e32c4c89a7b16e9d70bcfb57 - - default default] Unable to schedule network b992790b-5762-4e42-892f-9c4d8ab617ae: no agents available; will retry on subsequent port and subnet creation events.
2026-04-07 01:20:09.765 10 INFO neutron.db.ovn_revision_numbers_db [req-324305d9-84ef-4650-8e70-0b0d57220f4e req-13438eb5-5fdc-42a5-ae14-6cc35eadcc54 b79fd18be6484ab3be3944303af0fddd a38b0b41e32c4c89a7b16e9d70bcfb57 - - default default] Successfully bumped revision number for resource a7f859f8-5d68-4892-afd8-9b6c184868fc (type: ports) to 1
2026-04-07 01:20:09.784 10 INFO neutron.wsgi [req-324305d9-84ef-4650-8e70-0b0d57220f4e req-13438eb5-5fdc-42a5-ae14-6cc35eadcc54 b79fd18be6484ab3be3944303af0fddd a38b0b41e32c4c89a7b16e9d70bcfb57 - - default default] 199.19.213.84 "POST /v2.0/ports HTTP/1.1" status: 201 len: 1508 time: 0.4682856 /var/lib/openstack/lib/python3.10/site-packages/pycadf/identifier.py:71: UserWarning: Invalid uuid: neutron. To ensure interoperability, identifiers should be a valid uuid. warnings.warn(('Invalid uuid: %s. To ensure interoperability, '
2026-04-07 01:20:10.430 10 INFO neutron.db.ovn_revision_numbers_db [req-324305d9-84ef-4650-8e70-0b0d57220f4e req-312bd200-2291-4128-9179-32a3de243197 fbd8907a5f9c45149b7c038d0212b587 dba7df4e747c47db98cd6c9869a1d6ea - - 01f9423ebda34104846b5c94b1c9ac6e 01f9423ebda34104846b5c94b1c9ac6e] Successfully bumped revision number for resource a7f859f8-5d68-4892-afd8-9b6c184868fc (type: ports) to 2
2026-04-07 01:20:10.628 10 INFO neutron.db.ovn_revision_numbers_db [req-324305d9-84ef-4650-8e70-0b0d57220f4e req-312bd200-2291-4128-9179-32a3de243197 fbd8907a5f9c45149b7c038d0212b587 dba7df4e747c47db98cd6c9869a1d6ea - - 01f9423ebda34104846b5c94b1c9ac6e 01f9423ebda34104846b5c94b1c9ac6e] Successfully bumped revision number for resource a7f859f8-5d68-4892-afd8-9b6c184868fc (type: ports) to 2
2026-04-07 01:20:10.641 10 INFO neutron.wsgi [req-324305d9-84ef-4650-8e70-0b0d57220f4e req-312bd200-2291-4128-9179-32a3de243197 fbd8907a5f9c45149b7c038d0212b587 dba7df4e747c47db98cd6c9869a1d6ea - - 01f9423ebda34104846b5c94b1c9ac6e 01f9423ebda34104846b5c94b1c9ac6e] 199.19.213.84 "PUT /v2.0/ports/a7f859f8-5d68-4892-afd8-9b6c184868fc HTTP/1.1" status: 200 len: 1605 time: 0.8525476 /var/lib/openstack/lib/python3.10/site-packages/pycadf/identifier.py:71: UserWarning: Invalid uuid: neutron. To ensure interoperability, identifiers should be a valid uuid. warnings.warn(('Invalid uuid: %s. To ensure interoperability, '
2026-04-07 01:20:10.683 10 INFO neutron.notifiers.nova [-] Nova event matching ['req-417fb98a-4b1a-48ac-a5b9-b7fccc7a4b90'] response: {'name': 'network-changed', 'server_uuid': '817c4d2f-10de-4d37-823a-0f20cf50aafc', 'tag': 'a7f859f8-5d68-4892-afd8-9b6c184868fc', 'status': 'completed', 'code': 200}
2026-04-07 01:20:10.720 10 INFO neutron.wsgi [req-324305d9-84ef-4650-8e70-0b0d57220f4e req-5e3b1a4e-1e4d-4fb7-9ebb-0e55db4dc992 fbd8907a5f9c45149b7c038d0212b587 dba7df4e747c47db98cd6c9869a1d6ea - - 01f9423ebda34104846b5c94b1c9ac6e 01f9423ebda34104846b5c94b1c9ac6e] 199.19.213.84 "GET /v2.0/ports?tenant_id=a38b0b41e32c4c89a7b16e9d70bcfb57&device_id=817c4d2f-10de-4d37-823a-0f20cf50aafc HTTP/1.1" status: 200 len: 5343 time: 0.0476902
2026-04-07 01:20:10.748 10 INFO neutron.wsgi [req-324305d9-84ef-4650-8e70-0b0d57220f4e req-25b51b80-007c-4582-929a-daabfecf848e fbd8907a5f9c45149b7c038d0212b587 dba7df4e747c47db98cd6c9869a1d6ea - - 01f9423ebda34104846b5c94b1c9ac6e 01f9423ebda34104846b5c94b1c9ac6e] 199.19.213.84 "GET /v2.0/floatingips?fixed_ip_address=172.24.3.175&port_id=64ff747f-29c8-4716-a0b5-d5602a1fccfa HTTP/1.1" status: 200 len: 217 time: 0.0216129
2026-04-07 01:20:10.793 10 INFO neutron.wsgi [req-324305d9-84ef-4650-8e70-0b0d57220f4e req-a95780cd-9b55-43f7-a3a7-30e52a18e828 fbd8907a5f9c45149b7c038d0212b587 dba7df4e747c47db98cd6c9869a1d6ea - - 01f9423ebda34104846b5c94b1c9ac6e 01f9423ebda34104846b5c94b1c9ac6e] 199.19.213.84 "GET /v2.0/subnets?id=800904f6-8089-44dd-834b-e62592b3b627 HTTP/1.1" status: 200 len: 829 time: 0.0376585
2026-04-07 01:20:10.819 10 INFO neutron.wsgi [req-324305d9-84ef-4650-8e70-0b0d57220f4e req-015b4e39-2925-4962-b7f6-3273c2674b0c fbd8907a5f9c45149b7c038d0212b587 dba7df4e747c47db98cd6c9869a1d6ea - - 01f9423ebda34104846b5c94b1c9ac6e 01f9423ebda34104846b5c94b1c9ac6e] 199.19.213.84 "GET /v2.0/ports?network_id=819eb512-3f91-4e9f-8e9e-dc50435bf51a&device_owner=network%3Adhcp HTTP/1.1" status: 200 len: 210 time: 0.0200841
2026-04-07 01:20:10.879 10 INFO neutron.wsgi [req-324305d9-84ef-4650-8e70-0b0d57220f4e req-8dbebfc1-bf4b-4f95-8fcd-9ed2e87ecb11 fbd8907a5f9c45149b7c038d0212b587 dba7df4e747c47db98cd6c9869a1d6ea - - 01f9423ebda34104846b5c94b1c9ac6e 01f9423ebda34104846b5c94b1c9ac6e] 199.19.213.84 "GET /v2.0/networks/819eb512-3f91-4e9f-8e9e-dc50435bf51a?fields=segments HTTP/1.1" status: 200 len: 212 time: 0.0537210
2026-04-07 01:20:10.954 10 INFO neutron.wsgi [req-324305d9-84ef-4650-8e70-0b0d57220f4e req-f9bd87ba-41be-445e-8564-634c59bcea07 fbd8907a5f9c45149b7c038d0212b587 dba7df4e747c47db98cd6c9869a1d6ea - - 01f9423ebda34104846b5c94b1c9ac6e 01f9423ebda34104846b5c94b1c9ac6e] 199.19.213.84 "GET /v2.0/networks/819eb512-3f91-4e9f-8e9e-dc50435bf51a?fields=provider%3Aphysical_network&fields=provider%3Anetwork_type HTTP/1.1" status: 200 len: 277 time: 0.0687139
2026-04-07 01:20:10.984 10 INFO neutron.wsgi [req-324305d9-84ef-4650-8e70-0b0d57220f4e req-7e6c0d2f-6013-4bb0-bf8e-4a2863098553 fbd8907a5f9c45149b7c038d0212b587 dba7df4e747c47db98cd6c9869a1d6ea - - 01f9423ebda34104846b5c94b1c9ac6e 01f9423ebda34104846b5c94b1c9ac6e] 199.19.213.84 "GET /v2.0/floatingips?fixed_ip_address=10.1.1.69&port_id=11f9f65b-62b2-4cb5-a9d7-97612ea85bee HTTP/1.1" status: 200 len: 217 time: 0.0213232
2026-04-07 01:20:11.026 10 INFO neutron.wsgi [req-324305d9-84ef-4650-8e70-0b0d57220f4e req-b190396a-d1a1-4b40-bc6c-11689bfe6f1b fbd8907a5f9c45149b7c038d0212b587 dba7df4e747c47db98cd6c9869a1d6ea - - 01f9423ebda34104846b5c94b1c9ac6e 01f9423ebda34104846b5c94b1c9ac6e] 199.19.213.84 "GET /v2.0/subnets?id=257bd66e-5899-4e1c-a128-4068e718cda4 HTTP/1.1" status: 200 len: 853 time: 0.0347130
2026-04-07 01:20:11.051 10 INFO neutron.wsgi [req-324305d9-84ef-4650-8e70-0b0d57220f4e req-ff9aa381-7499-48b0-8c61-bb342a0900d7 fbd8907a5f9c45149b7c038d0212b587 dba7df4e747c47db98cd6c9869a1d6ea - - 01f9423ebda34104846b5c94b1c9ac6e 01f9423ebda34104846b5c94b1c9ac6e] 199.19.213.84 "GET /v2.0/ports?network_id=7136bc72-7d5f-4ae0-a9bc-ddaf76acc8e6&device_owner=network%3Adhcp HTTP/1.1" status: 200 len: 210 time: 0.0198593
2026-04-07 01:20:11.117 10 INFO neutron.wsgi [req-324305d9-84ef-4650-8e70-0b0d57220f4e req-49b21923-edcf-445a-a0cf-96f5f4a7725b fbd8907a5f9c45149b7c038d0212b587 dba7df4e747c47db98cd6c9869a1d6ea - - 01f9423ebda34104846b5c94b1c9ac6e 01f9423ebda34104846b5c94b1c9ac6e] 199.19.213.84 "GET /v2.0/networks/7136bc72-7d5f-4ae0-a9bc-ddaf76acc8e6?fields=segments HTTP/1.1" status: 200 len: 212 time: 0.0594645
2026-04-07 01:20:11.183 10 INFO neutron.wsgi [req-324305d9-84ef-4650-8e70-0b0d57220f4e req-b63d2f93-9731-4161-ba53-340f74ff60a4 fbd8907a5f9c45149b7c038d0212b587 dba7df4e747c47db98cd6c9869a1d6ea - - 01f9423ebda34104846b5c94b1c9ac6e 01f9423ebda34104846b5c94b1c9ac6e] 199.19.213.84 "GET /v2.0/networks/7136bc72-7d5f-4ae0-a9bc-ddaf76acc8e6?fields=provider%3Aphysical_network&fields=provider%3Anetwork_type HTTP/1.1" status: 200 len: 277 time: 0.0583744
2026-04-07 01:20:11.225 10 INFO neutron.wsgi [req-324305d9-84ef-4650-8e70-0b0d57220f4e req-25f33503-6e28-41bd-ac2b-b3b751ac77f3 fbd8907a5f9c45149b7c038d0212b587 dba7df4e747c47db98cd6c9869a1d6ea - - 01f9423ebda34104846b5c94b1c9ac6e 01f9423ebda34104846b5c94b1c9ac6e] 199.19.213.84 "GET /v2.0/floatingips?fixed_ip_address=10.2.1.82&port_id=b7651572-cc72-483d-9a44-b67ef785fc4a HTTP/1.1" status: 200 len: 217 time: 0.0348904
2026-04-07 01:20:11.273 10 INFO neutron.wsgi [req-324305d9-84ef-4650-8e70-0b0d57220f4e req-c16419e4-2f05-450e-afbe-417e63c93c58 fbd8907a5f9c45149b7c038d0212b587 dba7df4e747c47db98cd6c9869a1d6ea - - 01f9423ebda34104846b5c94b1c9ac6e 01f9423ebda34104846b5c94b1c9ac6e] 199.19.213.84 "GET /v2.0/subnets?id=816a4c08-5921-4c5b-9714-d5d80d436c03 HTTP/1.1" status: 200 len: 852 time: 0.0386457
2026-04-07 01:20:11.301 10 INFO neutron.wsgi [req-324305d9-84ef-4650-8e70-0b0d57220f4e req-42b3a721-3637-4f53-a10f-0503610e36d5 fbd8907a5f9c45149b7c038d0212b587 dba7df4e747c47db98cd6c9869a1d6ea - - 01f9423ebda34104846b5c94b1c9ac6e 01f9423ebda34104846b5c94b1c9ac6e] 199.19.213.84 "GET /v2.0/ports?network_id=b7a561d4-4850-42a5-a7bd-6a5439bc0290&device_owner=network%3Adhcp HTTP/1.1" status: 200 len: 210 time: 0.0213726
2026-04-07 01:20:11.367 10 INFO neutron.wsgi [req-324305d9-84ef-4650-8e70-0b0d57220f4e req-ccee1e83-f0e8-4f76-aa6d-013acc603d03 fbd8907a5f9c45149b7c038d0212b587 dba7df4e747c47db98cd6c9869a1d6ea - - 01f9423ebda34104846b5c94b1c9ac6e 01f9423ebda34104846b5c94b1c9ac6e] 199.19.213.84 "GET /v2.0/networks/b7a561d4-4850-42a5-a7bd-6a5439bc0290?fields=segments HTTP/1.1" status: 200 len: 212 time: 0.0595052
2026-04-07 01:20:11.433 10 INFO neutron.wsgi [req-324305d9-84ef-4650-8e70-0b0d57220f4e req-8d5907bb-acee-4576-a99e-28f71289b67a fbd8907a5f9c45149b7c038d0212b587 dba7df4e747c47db98cd6c9869a1d6ea - - 01f9423ebda34104846b5c94b1c9ac6e 01f9423ebda34104846b5c94b1c9ac6e] 199.19.213.84 "GET /v2.0/networks/b7a561d4-4850-42a5-a7bd-6a5439bc0290?fields=provider%3Aphysical_network&fields=provider%3Anetwork_type HTTP/1.1" status: 200 len: 277 time: 0.0596611
2026-04-07 01:20:11.457 10 INFO neutron.wsgi [req-324305d9-84ef-4650-8e70-0b0d57220f4e req-642e84fc-2ba8-4ac8-9bfd-f380cec3fcec fbd8907a5f9c45149b7c038d0212b587 dba7df4e747c47db98cd6c9869a1d6ea - - 01f9423ebda34104846b5c94b1c9ac6e 01f9423ebda34104846b5c94b1c9ac6e] 199.19.213.84 "GET /v2.0/floatingips?fixed_ip_address=10.2.2.241&port_id=a7f859f8-5d68-4892-afd8-9b6c184868fc HTTP/1.1" status: 200 len: 217 time: 0.0197201
2026-04-07 01:20:11.487 10 INFO neutron.wsgi [req-324305d9-84ef-4650-8e70-0b0d57220f4e req-346ffcf0-44be-4b50-9f39-a74aa3b79329 fbd8907a5f9c45149b7c038d0212b587 dba7df4e747c47db98cd6c9869a1d6ea - - 01f9423ebda34104846b5c94b1c9ac6e 01f9423ebda34104846b5c94b1c9ac6e] 199.19.213.84 "GET /v2.0/floatingips?fixed_ip_address=fd77%3A1457%3A4cf0%3A26a8%3A%3A2e&port_id=a7f859f8-5d68-4892-afd8-9b6c184868fc HTTP/1.1" status: 200 len: 217 time: 0.0233603
2026-04-07 01:20:11.530 10 INFO neutron.wsgi [req-324305d9-84ef-4650-8e70-0b0d57220f4e req-1aef6ccb-a9fd-41de-a1de-a2efcc770faf fbd8907a5f9c45149b7c038d0212b587 dba7df4e747c47db98cd6c9869a1d6ea - - 01f9423ebda34104846b5c94b1c9ac6e 01f9423ebda34104846b5c94b1c9ac6e] 199.19.213.84 "GET /v2.0/subnets?id=4dc1c145-acbb-4735-9686-013b2cb3c5c2&id=685fd5ed-442a-4613-9a85-b70b1d344989 HTTP/1.1" status: 200 len: 1567 time: 0.0379176
2026-04-07 01:20:11.555 10 INFO neutron.wsgi [req-324305d9-84ef-4650-8e70-0b0d57220f4e req-2a7b59fc-4443-474c-a3bc-58403fdf736c fbd8907a5f9c45149b7c038d0212b587 dba7df4e747c47db98cd6c9869a1d6ea - - 01f9423ebda34104846b5c94b1c9ac6e 01f9423ebda34104846b5c94b1c9ac6e] 199.19.213.84 "GET /v2.0/ports?network_id=b992790b-5762-4e42-892f-9c4d8ab617ae&device_owner=network%3Adhcp HTTP/1.1" status: 200 len: 210 time: 0.0188229
2026-04-07 01:20:11.592 10 INFO neutron.wsgi [req-324305d9-84ef-4650-8e70-0b0d57220f4e req-854d8e7d-d630-4e47-b383-971a65d004f9 fbd8907a5f9c45149b7c038d0212b587 dba7df4e747c47db98cd6c9869a1d6ea - - 01f9423ebda34104846b5c94b1c9ac6e 01f9423ebda34104846b5c94b1c9ac6e] 199.19.213.84 "GET /v2.0/ports?network_id=b992790b-5762-4e42-892f-9c4d8ab617ae&device_owner=network%3Adhcp HTTP/1.1" status: 200 len: 210 time: 0.0237947
2026-04-07 01:20:11.663 10 INFO neutron.wsgi [req-324305d9-84ef-4650-8e70-0b0d57220f4e req-e12dc4e8-0f42-41eb-bb92-98dba6bfc831 fbd8907a5f9c45149b7c038d0212b587 dba7df4e747c47db98cd6c9869a1d6ea - - 01f9423ebda34104846b5c94b1c9ac6e 01f9423ebda34104846b5c94b1c9ac6e] 199.19.213.84 "GET /v2.0/networks/b992790b-5762-4e42-892f-9c4d8ab617ae?fields=segments HTTP/1.1" status: 200 len: 212 time: 0.0652587
2026-04-07 01:20:11.729 10 INFO neutron.wsgi [req-324305d9-84ef-4650-8e70-0b0d57220f4e req-3afe2a95-bf88-4905-950a-56f3bae45c65 fbd8907a5f9c45149b7c038d0212b587 dba7df4e747c47db98cd6c9869a1d6ea - - 01f9423ebda34104846b5c94b1c9ac6e 01f9423ebda34104846b5c94b1c9ac6e] 199.19.213.84 "GET /v2.0/networks/b992790b-5762-4e42-892f-9c4d8ab617ae?fields=provider%3Aphysical_network&fields=provider%3Anetwork_type HTTP/1.1" status: 200 len: 277 time: 0.0596514
2026-04-07 01:20:11.831 10 INFO neutron.wsgi [req-48235b44-3193-473a-bc22-6c23008661cf req-c2556b79-5f60-4611-903a-836c1001f109 fbd8907a5f9c45149b7c038d0212b587 dba7df4e747c47db98cd6c9869a1d6ea - - 01f9423ebda34104846b5c94b1c9ac6e 01f9423ebda34104846b5c94b1c9ac6e] 199.19.213.84 "GET /v2.0/ports?tenant_id=a38b0b41e32c4c89a7b16e9d70bcfb57&device_id=817c4d2f-10de-4d37-823a-0f20cf50aafc HTTP/1.1" status: 200 len: 5343 time: 0.0589511
2026-04-07 01:20:11.834 10 INFO neutron.plugins.ml2.drivers.ovn.mech_driver.mech_driver [None req-db2c1de9-33b6-4b35-86c8-1a74b03f02eb - - - - - -] OVN reports status up for port: a7f859f8-5d68-4892-afd8-9b6c184868fc
2026-04-07 01:20:11.845 10 INFO neutron.plugins.ml2.plugin [None req-db2c1de9-33b6-4b35-86c8-1a74b03f02eb - - - - - -] Attempt 1 to provision port a7f859f8-5d68-4892-afd8-9b6c184868fc
2026-04-07 01:20:11.973 10 INFO neutron.wsgi [req-48235b44-3193-473a-bc22-6c23008661cf req-c3c179a4-739d-43b8-9ec1-b282f2780cad fbd8907a5f9c45149b7c038d0212b587 dba7df4e747c47db98cd6c9869a1d6ea - - 01f9423ebda34104846b5c94b1c9ac6e 01f9423ebda34104846b5c94b1c9ac6e] 199.19.213.84 "GET /v2.0/networks?id=b992790b-5762-4e42-892f-9c4d8ab617ae HTTP/1.1" status: 200 len: 1002 time: 0.1264939
2026-04-07 01:20:12.007 10 INFO neutron.wsgi [req-48235b44-3193-473a-bc22-6c23008661cf req-f51170e1-7e2c-4662-86c4-4e1e2c23805c fbd8907a5f9c45149b7c038d0212b587 dba7df4e747c47db98cd6c9869a1d6ea - - 01f9423ebda34104846b5c94b1c9ac6e 01f9423ebda34104846b5c94b1c9ac6e] 199.19.213.84 "GET /v2.0/floatingips?fixed_ip_address=10.2.2.241&port_id=a7f859f8-5d68-4892-afd8-9b6c184868fc HTTP/1.1" status: 200 len: 217 time: 0.0259724
2026-04-07 01:20:12.046 10 INFO neutron.wsgi [req-48235b44-3193-473a-bc22-6c23008661cf req-2c8e3dec-982c-445b-914b-cca07e305b43 fbd8907a5f9c45149b7c038d0212b587 dba7df4e747c47db98cd6c9869a1d6ea - - 01f9423ebda34104846b5c94b1c9ac6e 01f9423ebda34104846b5c94b1c9ac6e] 199.19.213.84 "GET /v2.0/floatingips?fixed_ip_address=fd77%3A1457%3A4cf0%3A26a8%3A%3A2e&port_id=a7f859f8-5d68-4892-afd8-9b6c184868fc HTTP/1.1" status: 200 len: 217 time: 0.0321839
2026-04-07 01:20:12.115 10 INFO neutron.wsgi [req-324305d9-84ef-4650-8e70-0b0d57220f4e req-92330718-b16d-41ea-a525-50e4c8381627 b79fd18be6484ab3be3944303af0fddd a38b0b41e32c4c89a7b16e9d70bcfb57 - - default default] 10.0.0.108 "GET /v2.0/ports/a7f859f8-5d68-4892-afd8-9b6c184868fc HTTP/1.1" status: 200 len: 1635 time: 0.0727017
2026-04-07 01:20:12.121 10 INFO neutron.wsgi [req-48235b44-3193-473a-bc22-6c23008661cf req-4f4c9f42-45a4-47a1-8d1d-dfc7f933d325 fbd8907a5f9c45149b7c038d0212b587 dba7df4e747c47db98cd6c9869a1d6ea - - 01f9423ebda34104846b5c94b1c9ac6e 01f9423ebda34104846b5c94b1c9ac6e] 199.19.213.84 "GET /v2.0/subnets?id=4dc1c145-acbb-4735-9686-013b2cb3c5c2&id=685fd5ed-442a-4613-9a85-b70b1d344989 HTTP/1.1" status: 200 len: 1567 time: 0.0618746
2026-04-07 01:20:12.155 10 INFO neutron.wsgi [req-48235b44-3193-473a-bc22-6c23008661cf req-96ec3a0a-43b7-4874-9d8a-6f988768df38 fbd8907a5f9c45149b7c038d0212b587 dba7df4e747c47db98cd6c9869a1d6ea - - 01f9423ebda34104846b5c94b1c9ac6e 01f9423ebda34104846b5c94b1c9ac6e] 199.19.213.84 "GET /v2.0/ports?network_id=b992790b-5762-4e42-892f-9c4d8ab617ae&device_owner=network%3Adhcp HTTP/1.1" status: 200 len: 210 time: 0.0248852
2026-04-07 01:20:12.160 9 INFO neutron.wsgi [None req-36f8815f-d48d-4d3e-b674-af04a5722ec4 b79fd18be6484ab3be3944303af0fddd a38b0b41e32c4c89a7b16e9d70bcfb57 - - default default] 199.19.213.84 "GET /v2.0/ports/a7f859f8-5d68-4892-afd8-9b6c184868fc HTTP/1.1" status: 200 len: 1635 time: 0.0349157
2026-04-07 01:20:12.193 10 INFO neutron.wsgi [req-48235b44-3193-473a-bc22-6c23008661cf req-2b77cb17-01b2-4c40-aeee-9ad27357ef89 fbd8907a5f9c45149b7c038d0212b587 dba7df4e747c47db98cd6c9869a1d6ea - - 01f9423ebda34104846b5c94b1c9ac6e 01f9423ebda34104846b5c94b1c9ac6e] 199.19.213.84 "GET /v2.0/ports?network_id=b992790b-5762-4e42-892f-9c4d8ab617ae&device_owner=network%3Adhcp HTTP/1.1" status: 200 len: 210 time: 0.0262785
2026-04-07 01:20:12.215 9 INFO neutron.wsgi [None req-a3b949b1-45d0-4384-8d20-b258f3368d2d b79fd18be6484ab3be3944303af0fddd a38b0b41e32c4c89a7b16e9d70bcfb57 - - default default] 199.19.213.84 "GET /v2.0/ports/a7f859f8-5d68-4892-afd8-9b6c184868fc HTTP/1.1" status: 200 len: 1635 time: 0.0451508
2026-04-07 01:20:12.280 10 INFO neutron.wsgi [req-48235b44-3193-473a-bc22-6c23008661cf req-f7147a59-d27a-4b2e-9125-2320fcda9907 fbd8907a5f9c45149b7c038d0212b587 dba7df4e747c47db98cd6c9869a1d6ea - - 01f9423ebda34104846b5c94b1c9ac6e 01f9423ebda34104846b5c94b1c9ac6e] 199.19.213.84 "GET /v2.0/networks/b992790b-5762-4e42-892f-9c4d8ab617ae?fields=segments HTTP/1.1" status: 200 len: 212 time: 0.0811596
2026-04-07 01:20:12.281 10 INFO neutron.db.ovn_revision_numbers_db [None req-db2c1de9-33b6-4b35-86c8-1a74b03f02eb - - - - - -] Successfully bumped revision number for resource a7f859f8-5d68-4892-afd8-9b6c184868fc (type: ports) to 4
2026-04-07 01:20:12.379 10 INFO neutron.wsgi [req-48235b44-3193-473a-bc22-6c23008661cf req-5214b612-8705-4670-a7b1-341cb20ed1bd fbd8907a5f9c45149b7c038d0212b587 dba7df4e747c47db98cd6c9869a1d6ea - - 01f9423ebda34104846b5c94b1c9ac6e 01f9423ebda34104846b5c94b1c9ac6e] 199.19.213.84 "GET /v2.0/networks/b992790b-5762-4e42-892f-9c4d8ab617ae?fields=provider%3Aphysical_network&fields=provider%3Anetwork_type HTTP/1.1" status: 200 len: 277 time: 0.0930357
2026-04-07 01:20:12.628 9 INFO neutron.db.ovn_revision_numbers_db [None req-7e0abe42-c099-478c-a779-72fb6a96d848 b79fd18be6484ab3be3944303af0fddd a38b0b41e32c4c89a7b16e9d70bcfb57 - - default default] Successfully bumped revision number for resource a7f859f8-5d68-4892-afd8-9b6c184868fc (type: ports) to 5
2026-04-07 01:20:12.640 9 INFO neutron.wsgi [None req-7e0abe42-c099-478c-a779-72fb6a96d848 b79fd18be6484ab3be3944303af0fddd a38b0b41e32c4c89a7b16e9d70bcfb57 - - default default] 199.19.213.84 "PUT /v2.0/ports/a7f859f8-5d68-4892-afd8-9b6c184868fc HTTP/1.1" status: 200 len: 1378 time: 0.4157648 /var/lib/openstack/lib/python3.10/site-packages/pycadf/identifier.py:71: UserWarning: Invalid uuid: neutron. To ensure interoperability, identifiers should be a valid uuid. warnings.warn(('Invalid uuid: %s. To ensure interoperability, '
2026-04-07 01:20:12.679 9 INFO neutron.notifiers.nova [-] Nova event matching ['req-a40822c7-12ec-447f-9660-090e0ecec5ea'] response: {'name': 'network-changed', 'server_uuid': '817c4d2f-10de-4d37-823a-0f20cf50aafc', 'tag': 'a7f859f8-5d68-4892-afd8-9b6c184868fc', 'status': 'completed', 'code': 200} /var/lib/openstack/lib/python3.10/site-packages/pycadf/identifier.py:71: UserWarning: Invalid uuid: neutron. To ensure interoperability, identifiers should be a valid uuid. warnings.warn(('Invalid uuid: %s. To ensure interoperability, '
2026-04-07 01:20:12.709 9 INFO neutron.wsgi [None req-9efbf4e4-4e92-43a2-bd61-c33c036ed4ef b79fd18be6484ab3be3944303af0fddd a38b0b41e32c4c89a7b16e9d70bcfb57 - - default default] 199.19.213.84 "GET /v2.0/networks/b992790b-5762-4e42-892f-9c4d8ab617ae HTTP/1.1" status: 200 len: 999 time: 0.0612249
2026-04-07 01:20:12.727 10 INFO neutron.notifiers.nova [-] Nova event matching ['req-f079a4b2-3f68-46fa-b4fa-cb9ff8870f0d'] response: {'server_uuid': '817c4d2f-10de-4d37-823a-0f20cf50aafc', 'name': 'network-vif-plugged', 'status': 'completed', 'tag': 'a7f859f8-5d68-4892-afd8-9b6c184868fc', 'code': 200}
2026-04-07 01:20:12.727 10 INFO neutron.notifiers.nova [-] Nova event matching ['req-f079a4b2-3f68-46fa-b4fa-cb9ff8870f0d'] response: {'server_uuid': '817c4d2f-10de-4d37-823a-0f20cf50aafc', 'name': 'network-vif-plugged', 'status': 'completed', 'tag': 'a7f859f8-5d68-4892-afd8-9b6c184868fc', 'code': 200}
2026-04-07 01:20:12.749 9 INFO neutron.wsgi [None req-8430b08f-c44c-43b8-81b5-70ce2ce5d7c8 b79fd18be6484ab3be3944303af0fddd a38b0b41e32c4c89a7b16e9d70bcfb57 - - default default] 199.19.213.84 "GET /v2.0/subnets/685fd5ed-442a-4613-9a85-b70b1d344989 HTTP/1.1" status: 200 len: 849 time: 0.0334291
2026-04-07 01:20:12.753 10 INFO neutron.wsgi [req-b2b0560f-ce36-47fe-9372-6e8dc3cc600d req-a2cc6605-1d36-4462-b69b-7178f2493d36 fbd8907a5f9c45149b7c038d0212b587 dba7df4e747c47db98cd6c9869a1d6ea - - 01f9423ebda34104846b5c94b1c9ac6e 01f9423ebda34104846b5c94b1c9ac6e] 199.19.213.84 "GET /v2.0/ports?tenant_id=a38b0b41e32c4c89a7b16e9d70bcfb57&device_id=817c4d2f-10de-4d37-823a-0f20cf50aafc HTTP/1.1" status: 200 len: 5116 time: 0.0563977
2026-04-07 01:20:12.823 10 INFO neutron.wsgi [req-b2b0560f-ce36-47fe-9372-6e8dc3cc600d req-775add6e-1e01-4764-a6af-dbb705182903 fbd8907a5f9c45149b7c038d0212b587 dba7df4e747c47db98cd6c9869a1d6ea - - 01f9423ebda34104846b5c94b1c9ac6e 01f9423ebda34104846b5c94b1c9ac6e] 199.19.213.84 "GET /v2.0/networks?id=b992790b-5762-4e42-892f-9c4d8ab617ae HTTP/1.1" status: 200 len: 1002 time: 0.0617387
2026-04-07 01:20:12.853 10 INFO neutron.wsgi [req-b2b0560f-ce36-47fe-9372-6e8dc3cc600d req-d4e11972-ca12-4ff9-bb1a-b02978b91ac6 fbd8907a5f9c45149b7c038d0212b587 dba7df4e747c47db98cd6c9869a1d6ea - - 01f9423ebda34104846b5c94b1c9ac6e 01f9423ebda34104846b5c94b1c9ac6e] 199.19.213.84 "GET /v2.0/floatingips?fixed_ip_address=10.2.2.241&port_id=a7f859f8-5d68-4892-afd8-9b6c184868fc HTTP/1.1" status: 200 len: 217 time: 0.0220487
2026-04-07 01:20:12.859 9 INFO neutron.wsgi [None req-550950b0-aed7-4689-ad7c-499fc8f40a0c b79fd18be6484ab3be3944303af0fddd a38b0b41e32c4c89a7b16e9d70bcfb57 - - default default] 199.19.213.84 "GET /v2.0/extensions/security-group HTTP/1.1" status: 200 len: 369 time: 0.0078328
2026-04-07 01:20:12.866 9 INFO neutron.wsgi [None req-098dd1fa-23c4-45c0-99af-ec4882ad6d71 b79fd18be6484ab3be3944303af0fddd a38b0b41e32c4c89a7b16e9d70bcfb57 - - default default] 199.19.213.84 "GET /v2.0/extensions/dns-integration HTTP/1.1" status: 200 len: 371 time: 0.0030475
2026-04-07 01:20:12.873 9 INFO neutron.wsgi [None req-529a30f7-7aa8-42e6-9789-52e02eb0bf47 b79fd18be6484ab3be3944303af0fddd a38b0b41e32c4c89a7b16e9d70bcfb57 - - default default] 199.19.213.84 "GET /v2.0/extensions/qos HTTP/1.1" status: 200 len: 365 time: 0.0040894
2026-04-07 01:20:12.881 9 INFO neutron.wsgi [None req-d29e7201-12b7-46ea-8e9f-3b549b02e6f0 b79fd18be6484ab3be3944303af0fddd a38b0b41e32c4c89a7b16e9d70bcfb57 - - default default] 199.19.213.84 "GET /v2.0/extensions/allowed-address-pairs HTTP/1.1" status: 200 len: 383 time: 0.0046425
2026-04-07 01:20:12.891 10 INFO neutron.wsgi [req-b2b0560f-ce36-47fe-9372-6e8dc3cc600d req-db410c9f-9ed1-4401-8aec-e8c4f1531c2e fbd8907a5f9c45149b7c038d0212b587 dba7df4e747c47db98cd6c9869a1d6ea - - 01f9423ebda34104846b5c94b1c9ac6e 01f9423ebda34104846b5c94b1c9ac6e] 199.19.213.84 "GET /v2.0/subnets?id=685fd5ed-442a-4613-9a85-b70b1d344989 HTTP/1.1" status: 200 len: 852 time: 0.0307074
2026-04-07 01:20:12.918 10 INFO neutron.wsgi [req-b2b0560f-ce36-47fe-9372-6e8dc3cc600d req-6a5bbecc-d56f-40bf-9664-f4f41202f3ba fbd8907a5f9c45149b7c038d0212b587 dba7df4e747c47db98cd6c9869a1d6ea - - 01f9423ebda34104846b5c94b1c9ac6e 01f9423ebda34104846b5c94b1c9ac6e] 199.19.213.84 "GET /v2.0/ports?network_id=b992790b-5762-4e42-892f-9c4d8ab617ae&device_owner=network%3Adhcp HTTP/1.1" status: 200 len: 210 time: 0.0196483
2026-04-07 01:20:12.920 9 INFO neutron.wsgi [None req-d5248d05-6ac0-4590-a528-95e4d5a03d7a b79fd18be6484ab3be3944303af0fddd a38b0b41e32c4c89a7b16e9d70bcfb57 - - default default] 199.19.213.84 "GET /v2.0/subnets/257bd66e-5899-4e1c-a128-4068e718cda4 HTTP/1.1" status: 200 len: 850 time: 0.0348485
2026-04-07 01:20:12.958 9 INFO neutron.wsgi [None req-847f27a4-f4ad-44b7-bdaf-91bb18664643 b79fd18be6484ab3be3944303af0fddd a38b0b41e32c4c89a7b16e9d70bcfb57 - - default default] 199.19.213.84 "GET /v2.0/ports/7413caaa-6dcd-471f-9680-84f0dd19e5e2 HTTP/1.1" status: 200 len: 1340 time: 0.0310342
2026-04-07 01:20:12.989 10 INFO neutron.wsgi [req-b2b0560f-ce36-47fe-9372-6e8dc3cc600d req-8e287675-982f-4306-807a-3cb439973fd7 fbd8907a5f9c45149b7c038d0212b587 dba7df4e747c47db98cd6c9869a1d6ea - - 01f9423ebda34104846b5c94b1c9ac6e 01f9423ebda34104846b5c94b1c9ac6e] 199.19.213.84 "GET /v2.0/networks/b992790b-5762-4e42-892f-9c4d8ab617ae?fields=segments HTTP/1.1" status: 200 len: 212 time: 0.0648382
2026-04-07 01:20:13.004 9 INFO neutron.wsgi [None req-01a4e5b9-821e-4ec9-b10a-fc4d4631b63b b79fd18be6484ab3be3944303af0fddd a38b0b41e32c4c89a7b16e9d70bcfb57 - - default default] 199.19.213.84 "GET /v2.0/ports/11f9f65b-62b2-4cb5-a9d7-97612ea85bee HTTP/1.1" status: 200 len: 1515 time: 0.0362258
2026-04-07 01:20:13.040 9 INFO neutron.wsgi [None req-a3644f84-c341-4c7f-9d66-53d70d89ed09 b79fd18be6484ab3be3944303af0fddd a38b0b41e32c4c89a7b16e9d70bcfb57 - - default default] 199.19.213.84 "GET /v2.0/subnets/257bd66e-5899-4e1c-a128-4068e718cda4 HTTP/1.1" status: 200 len: 850 time: 0.0311458
2026-04-07 01:20:13.057 10 INFO neutron.wsgi [req-b2b0560f-ce36-47fe-9372-6e8dc3cc600d req-e0799439-7467-4ee1-af38-abdb7ed96a74 fbd8907a5f9c45149b7c038d0212b587 dba7df4e747c47db98cd6c9869a1d6ea - - 01f9423ebda34104846b5c94b1c9ac6e 01f9423ebda34104846b5c94b1c9ac6e] 199.19.213.84 "GET /v2.0/networks/b992790b-5762-4e42-892f-9c4d8ab617ae?fields=provider%3Aphysical_network&fields=provider%3Anetwork_type HTTP/1.1" status: 200 len: 277 time: 0.0609565
2026-04-07 01:20:13.106 9 INFO neutron.wsgi [None req-db09a1ea-af96-4733-9d4e-5b9afc5fd323 b79fd18be6484ab3be3944303af0fddd a38b0b41e32c4c89a7b16e9d70bcfb57 - - default default] 199.19.213.84 "GET /v2.0/networks/7136bc72-7d5f-4ae0-a9bc-ddaf76acc8e6 HTTP/1.1" status: 200 len: 1001 time: 0.0611224
2026-04-07 01:20:13.143 9 INFO neutron.wsgi [None req-9cfb9254-05eb-4af2-aaf7-e127b699b5a6 b79fd18be6484ab3be3944303af0fddd a38b0b41e32c4c89a7b16e9d70bcfb57 - - default default] 199.19.213.84 "GET /v2.0/ports/7413caaa-6dcd-471f-9680-84f0dd19e5e2 HTTP/1.1" status: 200 len: 1340 time: 0.0307970
2026-04-07 01:20:13.182 9 INFO neutron.wsgi [None req-895a5520-f0ef-4809-ae92-b981617fd4fe b79fd18be6484ab3be3944303af0fddd a38b0b41e32c4c89a7b16e9d70bcfb57 - - default default] 199.19.213.84 "GET /v2.0/subnets/257bd66e-5899-4e1c-a128-4068e718cda4 HTTP/1.1" status: 200 len: 850 time: 0.0320020
2026-04-07 01:20:17.021 10 INFO neutron.wsgi [-] 10.0.0.9 "GET / HTTP/1.1" status: 200 len: 247 time: 0.0020275
2026-04-07 01:20:17.023 10 INFO neutron.wsgi [-] 10.0.0.9 "GET / HTTP/1.1" status: 200 len: 247 time: 0.0015795
2026-04-07 01:20:22.514 9 INFO neutron.wsgi [None req-b3953d1e-d86a-48fa-9467-e6ea486dfba7 b79fd18be6484ab3be3944303af0fddd a38b0b41e32c4c89a7b16e9d70bcfb57 - - default default] 199.19.213.84 "GET /v2.0/extensions/security-group HTTP/1.1" status: 200 len: 369 time: 0.0081177
2026-04-07 01:20:22.520 9 INFO neutron.wsgi [None req-fd9bda71-8351-4a81-a495-4f3254114151 b79fd18be6484ab3be3944303af0fddd a38b0b41e32c4c89a7b16e9d70bcfb57 - - default default] 199.19.213.84 "GET /v2.0/extensions/dns-integration HTTP/1.1" status: 200 len: 371 time: 0.0037012
2026-04-07 01:20:22.529 9 INFO neutron.wsgi [None req-2f5c3dad-b771-448a-97c4-5ada1c27f14b b79fd18be6484ab3be3944303af0fddd a38b0b41e32c4c89a7b16e9d70bcfb57 - - default default] 199.19.213.84 "GET /v2.0/extensions/qos HTTP/1.1" status: 200 len: 365 time: 0.0056114
2026-04-07 01:20:22.537 9 INFO neutron.wsgi [None req-ff1cd50d-2e9a-4c46-b0f3-2cecfac2ced7 b79fd18be6484ab3be3944303af0fddd a38b0b41e32c4c89a7b16e9d70bcfb57 - - default default] 199.19.213.84 "GET /v2.0/extensions/allowed-address-pairs HTTP/1.1" status: 200 len: 383 time: 0.0051842
2026-04-07 01:20:22.569 9 INFO neutron.wsgi [None req-e8470437-dc8f-4ab1-9d12-b3980d8f665c b79fd18be6484ab3be3944303af0fddd a38b0b41e32c4c89a7b16e9d70bcfb57 - - default default] 199.19.213.84 "GET /v2.0/subnets/816a4c08-5921-4c5b-9714-d5d80d436c03 HTTP/1.1" status: 200 len: 849 time: 0.0282679
2026-04-07 01:20:22.620 9 INFO neutron.wsgi [None req-27fc744f-f85e-4578-b9b6-874700ccfc52 b79fd18be6484ab3be3944303af0fddd a38b0b41e32c4c89a7b16e9d70bcfb57 - - default default] 199.19.213.84 "GET /v2.0/ports?device_id=817c4d2f-10de-4d37-823a-0f20cf50aafc HTTP/1.1" status: 200 len: 5116 time: 0.0484700
2026-04-07 01:20:22.775 9 INFO neutron.wsgi [None req-9036cde3-dc8a-4966-b4ae-caaf825081bf b79fd18be6484ab3be3944303af0fddd a38b0b41e32c4c89a7b16e9d70bcfb57 - - default default] 199.19.213.84 "GET /v2.0/extensions/security-group HTTP/1.1" status: 200 len: 369 time: 0.0055437
2026-04-07 01:20:22.788 9 INFO neutron.wsgi [None req-7c42c1de-931a-4eb4-8765-d6a83d39873b b79fd18be6484ab3be3944303af0fddd a38b0b41e32c4c89a7b16e9d70bcfb57 - - default default] 199.19.213.84 "GET /v2.0/extensions/dns-integration HTTP/1.1" status: 200 len: 371 time: 0.0089071
2026-04-07 01:20:22.797 9 INFO neutron.wsgi [None req-4aacc253-e445-4a99-a10a-0eff768f2abc b79fd18be6484ab3be3944303af0fddd a38b0b41e32c4c89a7b16e9d70bcfb57 - - default default] 199.19.213.84 "GET /v2.0/extensions/qos HTTP/1.1" status: 200 len: 365 time: 0.0054243
2026-04-07 01:20:22.807 9 INFO neutron.wsgi [None req-1ae407f8-848f-4bc9-9c21-5a069ea81c7d b79fd18be6484ab3be3944303af0fddd a38b0b41e32c4c89a7b16e9d70bcfb57 - - default default] 199.19.213.84 "GET /v2.0/extensions/allowed-address-pairs HTTP/1.1" status: 200 len: 383 time: 0.0051553
2026-04-07 01:20:22.848 9 INFO neutron.wsgi [None req-7813e9d2-b80a-426e-b1e0-78790e3bf06d b79fd18be6484ab3be3944303af0fddd a38b0b41e32c4c89a7b16e9d70bcfb57 - - default default] 199.19.213.84 "GET /v2.0/ports/a7f859f8-5d68-4892-afd8-9b6c184868fc HTTP/1.1" status: 200 len: 1406 time: 0.0361962
2026-04-07 01:20:23.318 9 INFO neutron.db.ovn_revision_numbers_db [None req-1e0729fe-1033-478b-95c4-01299c7e3492 b79fd18be6484ab3be3944303af0fddd a38b0b41e32c4c89a7b16e9d70bcfb57 - - default default] Successfully bumped revision number for resource a7f859f8-5d68-4892-afd8-9b6c184868fc (type: ports) to 6
2026-04-07 01:20:23.331 9 INFO neutron.wsgi [None req-1e0729fe-1033-478b-95c4-01299c7e3492 b79fd18be6484ab3be3944303af0fddd a38b0b41e32c4c89a7b16e9d70bcfb57 - - default default] 199.19.213.84 "PUT /v2.0/ports/a7f859f8-5d68-4892-afd8-9b6c184868fc HTTP/1.1" status: 200 len: 1203 time: 0.4765542 /var/lib/openstack/lib/python3.10/site-packages/pycadf/identifier.py:71: UserWarning: Invalid uuid: neutron. To ensure interoperability, identifiers should be a valid uuid. warnings.warn(('Invalid uuid: %s. To ensure interoperability, '
2026-04-07 01:20:23.371 9 INFO neutron.notifiers.nova [-] Nova event matching ['req-7432702b-d60c-4cf3-9b95-3a3ec73bb05b'] response: {'name': 'network-changed', 'server_uuid': '817c4d2f-10de-4d37-823a-0f20cf50aafc', 'tag': 'a7f859f8-5d68-4892-afd8-9b6c184868fc', 'status': 'completed', 'code': 200}
2026-04-07 01:20:23.401 9 INFO neutron.wsgi [None req-3bf24ca9-3112-444f-a922-e11d298e4297 b79fd18be6484ab3be3944303af0fddd a38b0b41e32c4c89a7b16e9d70bcfb57 - - default default] 199.19.213.84 "GET /v2.0/networks/b992790b-5762-4e42-892f-9c4d8ab617ae HTTP/1.1" status: 200 len: 999 time: 0.0626540
2026-04-07 01:20:23.440 10 INFO neutron.wsgi [req-b3004f4d-eabd-4412-a7dc-caccf086f6f1 req-9ed822e1-e6b0-4fd6-b759-686efde43359 fbd8907a5f9c45149b7c038d0212b587 dba7df4e747c47db98cd6c9869a1d6ea - - 01f9423ebda34104846b5c94b1c9ac6e 01f9423ebda34104846b5c94b1c9ac6e] 199.19.213.84 "GET /v2.0/ports?tenant_id=a38b0b41e32c4c89a7b16e9d70bcfb57&device_id=817c4d2f-10de-4d37-823a-0f20cf50aafc HTTP/1.1" status: 200 len: 4941 time: 0.0503044
2026-04-07 01:20:23.448 9 INFO neutron.wsgi [None req-e002ee13-d447-4f17-81cb-ed9dbbdc1c6d b79fd18be6484ab3be3944303af0fddd a38b0b41e32c4c89a7b16e9d70bcfb57 - - default default] 199.19.213.84 "GET /v2.0/ports?device_id=817c4d2f-10de-4d37-823a-0f20cf50aafc HTTP/1.1" status: 200 len: 4941 time: 0.0417953
2026-04-07 01:20:23.506 10 INFO neutron.wsgi [req-b3004f4d-eabd-4412-a7dc-caccf086f6f1 req-e602095f-ee23-42cc-a4f9-30db77135fc5 fbd8907a5f9c45149b7c038d0212b587 dba7df4e747c47db98cd6c9869a1d6ea - - 01f9423ebda34104846b5c94b1c9ac6e 01f9423ebda34104846b5c94b1c9ac6e] 199.19.213.84 "GET /v2.0/networks?id=b992790b-5762-4e42-892f-9c4d8ab617ae HTTP/1.1" status: 200 len: 1002 time: 0.0597119
2026-04-07 01:20:23.560 10 INFO neutron.wsgi [req-b3004f4d-eabd-4412-a7dc-caccf086f6f1 req-298b72d6-339f-4a1f-bc2e-95780d9c3544 fbd8907a5f9c45149b7c038d0212b587 dba7df4e747c47db98cd6c9869a1d6ea - - 01f9423ebda34104846b5c94b1c9ac6e 01f9423ebda34104846b5c94b1c9ac6e] 199.19.213.84 "GET /v2.0/networks/b992790b-5762-4e42-892f-9c4d8ab617ae?fields=segments HTTP/1.1" status: 200 len: 212 time: 0.0470324
2026-04-07 01:20:23.591 9 INFO neutron.wsgi [None req-5aebe74d-8074-4766-af79-8fd66afc46d7 b79fd18be6484ab3be3944303af0fddd a38b0b41e32c4c89a7b16e9d70bcfb57 - - default default] 199.19.213.84 "GET /v2.0/ports?device_id=817c4d2f-10de-4d37-823a-0f20cf50aafc HTTP/1.1" status: 200 len: 4941 time: 0.0519803
2026-04-07 01:20:23.629 10 INFO neutron.wsgi [req-b3004f4d-eabd-4412-a7dc-caccf086f6f1 req-2f2f230b-6aa6-4971-aa12-e39d7f84b256 fbd8907a5f9c45149b7c038d0212b587 dba7df4e747c47db98cd6c9869a1d6ea - - 01f9423ebda34104846b5c94b1c9ac6e 01f9423ebda34104846b5c94b1c9ac6e] 199.19.213.84 "GET /v2.0/networks/b992790b-5762-4e42-892f-9c4d8ab617ae?fields=provider%3Aphysical_network&fields=provider%3Anetwork_type HTTP/1.1" status: 200 len: 277 time: 0.0631387
2026-04-07 01:20:23.815 10 INFO neutron.plugins.ml2.drivers.ovn.mech_driver.mech_driver [None req-db2c1de9-33b6-4b35-86c8-1a74b03f02eb - - - - - -] OVN reports status down for port: a7f859f8-5d68-4892-afd8-9b6c184868fc
2026-04-07 01:20:23.892 10 INFO neutron.wsgi [req-ecff186d-38ce-4827-aeea-235fe5961999 req-395ea37f-aadb-414d-ba73-d4b05213d718 fbd8907a5f9c45149b7c038d0212b587 dba7df4e747c47db98cd6c9869a1d6ea - - 01f9423ebda34104846b5c94b1c9ac6e 01f9423ebda34104846b5c94b1c9ac6e] 199.19.213.84 "GET /v2.0/ports/a7f859f8-5d68-4892-afd8-9b6c184868fc HTTP/1.1" status: 200 len: 1231 time: 0.0401950
2026-04-07 01:20:23.994 10 INFO neutron.notifiers.nova [-] Nova event matching ['req-eba20eb2-4178-4b07-8c2d-e92c74f7895b'] response: {'server_uuid': '817c4d2f-10de-4d37-823a-0f20cf50aafc', 'name': 'network-vif-unplugged', 'status': 'completed', 'tag': 'a7f859f8-5d68-4892-afd8-9b6c184868fc', 'code': 200}
2026-04-07 01:20:24.176 10 INFO neutron.db.ovn_revision_numbers_db [None req-db2c1de9-33b6-4b35-86c8-1a74b03f02eb - - - - - -] Successfully bumped revision number for resource a7f859f8-5d68-4892-afd8-9b6c184868fc (type: ports) to 7
2026-04-07 01:20:24.181 10 ERROR ovsdbapp.backend.ovs_idl.command [None req-db2c1de9-33b6-4b35-86c8-1a74b03f02eb - - - - - -] Error executing command (LspGetUpCommand): ovsdbapp.backend.ovs_idl.idlutils.RowNotFound: Cannot find Logical_Switch_Port with name=a7f859f8-5d68-4892-afd8-9b6c184868fc
2026-04-07 01:20:24.181 10 ERROR ovsdbapp.backend.ovs_idl.command
Traceback (most recent call last):
2026-04-07 01:20:24.181 10 ERROR ovsdbapp.backend.ovs_idl.command
File "/var/lib/openstack/lib/python3.10/site-packages/ovsdbapp/backend/ovs_idl/command.py", line 47, in execute
2026-04-07 01:20:24.181 10 ERROR ovsdbapp.backend.ovs_idl.command self.run_idl(None)
2026-04-07 01:20:24.181 10 ERROR ovsdbapp.backend.ovs_idl.command
File "/var/lib/openstack/lib/python3.10/site-packages/ovsdbapp/schema/ovn_northbound/commands.py", line 672, in run_idl
2026-04-07 01:20:24.181 10 ERROR ovsdbapp.backend.ovs_idl.command lsp = self.api.lookup('Logical_Switch_Port', self.port)
2026-04-07 01:20:24.181 10 ERROR ovsdbapp.backend.ovs_idl.command
File "/var/lib/openstack/lib/python3.10/site-packages/ovsdbapp/backend/ovs_idl/__init__.py", line 184, in lookup
2026-04-07 01:20:24.181 10 ERROR ovsdbapp.backend.ovs_idl.command return self._lookup(table, record)
2026-04-07 01:20:24.181 10 ERROR ovsdbapp.backend.ovs_idl.command
File "/var/lib/openstack/lib/python3.10/site-packages/ovsdbapp/backend/ovs_idl/__init__.py", line 235, in _lookup
2026-04-07 01:20:24.181 10 ERROR ovsdbapp.backend.ovs_idl.command row = idlutils.row_by_value(self, rl.table, rl.column, record)
2026-04-07 01:20:24.181 10 ERROR ovsdbapp.backend.ovs_idl.command
File "/var/lib/openstack/lib/python3.10/site-packages/ovsdbapp/backend/ovs_idl/idlutils.py", line 114, in row_by_value
2026-04-07 01:20:24.181 10 ERROR ovsdbapp.backend.ovs_idl.command raise RowNotFound(table=table, col=column, match=match)
2026-04-07 01:20:24.181 10 ERROR ovsdbapp.backend.ovs_idl.command ovsdbapp.backend.ovs_idl.idlutils.RowNotFound: Cannot find Logical_Switch_Port with name=a7f859f8-5d68-4892-afd8-9b6c184868fc
2026-04-07 01:20:24.181 10 ERROR ovsdbapp.backend.ovs_idl.command 
2026-04-07 01:20:24.183 10 ERROR ovsdbapp.event [None req-db2c1de9-33b6-4b35-86c8-1a74b03f02eb - - - - - -] Unexpected exception in notify_loop: ovsdbapp.backend.ovs_idl.idlutils.RowNotFound: Cannot find Logical_Switch_Port with name=a7f859f8-5d68-4892-afd8-9b6c184868fc
2026-04-07 01:20:24.183 10 ERROR ovsdbapp.event
Traceback (most recent call last):
2026-04-07 01:20:24.183 10 ERROR ovsdbapp.event
File "/var/lib/openstack/lib/python3.10/site-packages/ovsdbapp/event.py", line 177, in notify_loop
2026-04-07 01:20:24.183 10 ERROR ovsdbapp.event match.run(event, row, updates)
2026-04-07 01:20:24.183 10 ERROR ovsdbapp.event
File "/var/lib/openstack/lib/python3.10/site-packages/neutron/plugins/ml2/drivers/ovn/mech_driver/ovsdb/ovsdb_monitor.py", line 543, in run
2026-04-07 01:20:24.183 10 ERROR ovsdbapp.event self.driver.set_port_status_down(row.name)
2026-04-07 01:20:24.183 10 ERROR ovsdbapp.event
File "/var/lib/openstack/lib/python3.10/site-packages/neutron/plugins/ml2/drivers/ovn/mech_driver/mech_driver.py", line 1241, in set_port_status_down
2026-04-07 01:20:24.183 10 ERROR ovsdbapp.event self._ovn_client.update_lsp_host_info(
2026-04-07 01:20:24.183 10 ERROR ovsdbapp.event
File "/var/lib/openstack/lib/python3.10/site-packages/neutron/plugins/ml2/drivers/ovn/mech_driver/ovsdb/ovn_client.py", line 297, in update_lsp_host_info
2026-04-07 01:20:24.183 10 ERROR ovsdbapp.event port_up = self._nb_idl.lsp_get_up(db_port.id).execute(
2026-04-07 01:20:24.183 10 ERROR ovsdbapp.event
File "/var/lib/openstack/lib/python3.10/site-packages/ovsdbapp/backend/ovs_idl/command.py", line 47, in execute
2026-04-07 01:20:24.183 10 ERROR ovsdbapp.event self.run_idl(None)
2026-04-07 01:20:24.183 10 ERROR ovsdbapp.event
File "/var/lib/openstack/lib/python3.10/site-packages/ovsdbapp/schema/ovn_northbound/commands.py", line 672, in run_idl
2026-04-07 01:20:24.183 10 ERROR ovsdbapp.event lsp = self.api.lookup('Logical_Switch_Port', self.port)
2026-04-07 01:20:24.183 10 ERROR ovsdbapp.event
File "/var/lib/openstack/lib/python3.10/site-packages/ovsdbapp/backend/ovs_idl/__init__.py", line 184, in lookup
2026-04-07 01:20:24.183 10 ERROR ovsdbapp.event return self._lookup(table, record)
2026-04-07 01:20:24.183 10 ERROR ovsdbapp.event
File "/var/lib/openstack/lib/python3.10/site-packages/ovsdbapp/backend/ovs_idl/__init__.py", line 235, in _lookup
2026-04-07 01:20:24.183 10 ERROR ovsdbapp.event row = idlutils.row_by_value(self, rl.table, rl.column, record)
2026-04-07 01:20:24.183 10 ERROR ovsdbapp.event
File "/var/lib/openstack/lib/python3.10/site-packages/ovsdbapp/backend/ovs_idl/idlutils.py", line 114, in row_by_value
2026-04-07 01:20:24.183 10 ERROR ovsdbapp.event raise RowNotFound(table=table, col=column, match=match)
2026-04-07 01:20:24.183 10 ERROR ovsdbapp.event ovsdbapp.backend.ovs_idl.idlutils.RowNotFound: Cannot find Logical_Switch_Port with name=a7f859f8-5d68-4892-afd8-9b6c184868fc
2026-04-07 01:20:24.183 10 ERROR ovsdbapp.event 
2026-04-07 01:20:24.198 10 INFO neutron.wsgi [req-ecff186d-38ce-4827-aeea-235fe5961999 req-3f7748f5-62b8-4063-889e-db4477931d28 b79fd18be6484ab3be3944303af0fddd a38b0b41e32c4c89a7b16e9d70bcfb57 - - default default] 199.19.213.84 "DELETE /v2.0/ports/a7f859f8-5d68-4892-afd8-9b6c184868fc HTTP/1.1" status: 204 len: 173 time: 0.2990370
2026-04-07 01:20:24.306 10 INFO neutron.wsgi [req-ecff186d-38ce-4827-aeea-235fe5961999 req-9a5c7fb2-7afa-4d31-80a0-a95690649802 fbd8907a5f9c45149b7c038d0212b587 dba7df4e747c47db98cd6c9869a1d6ea - - 01f9423ebda34104846b5c94b1c9ac6e 01f9423ebda34104846b5c94b1c9ac6e] 199.19.213.84 "GET /v2.0/ports?tenant_id=a38b0b41e32c4c89a7b16e9d70bcfb57&device_id=817c4d2f-10de-4d37-823a-0f20cf50aafc HTTP/1.1" status: 200 len: 3918 time: 0.0576279
2026-04-07 01:20:24.400 10 INFO neutron.wsgi [req-ecff186d-38ce-4827-aeea-235fe5961999 req-18e59af9-38d3-4cf6-9ff5-3ff2bd100f05 fbd8907a5f9c45149b7c038d0212b587 dba7df4e747c47db98cd6c9869a1d6ea - - 01f9423ebda34104846b5c94b1c9ac6e 01f9423ebda34104846b5c94b1c9ac6e] 199.19.213.84 "GET /v2.0/networks?id=819eb512-3f91-4e9f-8e9e-dc50435bf51a&id=7136bc72-7d5f-4ae0-a9bc-ddaf76acc8e6&id=b7a561d4-4850-42a5-a7bd-6a5439bc0290&id=b992790b-5762-4e42-892f-9c4d8ab617ae HTTP/1.1" status: 200 len: 3308 time: 0.0843971
