2026-04-07 01:18:57.416 9 INFO neutron.db.ovn_revision_numbers_db [None req-2412a482-e265-4917-ab76-7ea6099ca8b8 62b6c60724e748d9b63a5c0233f4f065 1c301d707ff3438d9fdf33413e851d85 - - default default] Successfully bumped revision number for resource 3d934e3c-4b01-46a4-8518-93643dc048f3 (type: security_group_rules) to 0
2026-04-07 01:18:57.425 9 INFO neutron.wsgi [req-003398f3-1420-4adc-bfcd-af250469c9d0 req-82c4736c-797e-4fce-8349-248216669e1d fbd8907a5f9c45149b7c038d0212b587 dba7df4e747c47db98cd6c9869a1d6ea - - 01f9423ebda34104846b5c94b1c9ac6e 01f9423ebda34104846b5c94b1c9ac6e] 199.19.213.84 "GET /v2.0/ports?device_id=817c4d2f-10de-4d37-823a-0f20cf50aafc HTTP/1.1" status: 200 len: 1415 time: 0.0501485
2026-04-07 01:18:57.427 10 INFO neutron.wsgi [req-d4da5d6c-9feb-4c60-b801-8d371d8945ac req-1c784fcb-651d-4ff2-b150-ebb1311d1ea6 fbd8907a5f9c45149b7c038d0212b587 dba7df4e747c47db98cd6c9869a1d6ea - - 01f9423ebda34104846b5c94b1c9ac6e 01f9423ebda34104846b5c94b1c9ac6e] 199.19.213.84 "GET /v2.0/subnets?id=800904f6-8089-44dd-834b-e62592b3b627 HTTP/1.1" status: 200 len: 829 time: 0.0343685
2026-04-07 01:18:57.448 9 INFO neutron.db.ovn_revision_numbers_db [None req-2412a482-e265-4917-ab76-7ea6099ca8b8 62b6c60724e748d9b63a5c0233f4f065 1c301d707ff3438d9fdf33413e851d85 - - default default] Successfully bumped revision number for resource 502f1099-de3c-45a1-a942-5b132e731824 (type: security_group_rules) to 0
2026-04-07 01:18:57.464 10 INFO neutron.wsgi [req-d4da5d6c-9feb-4c60-b801-8d371d8945ac req-47c633ce-4fd0-449e-8315-2dc4e1c40200 fbd8907a5f9c45149b7c038d0212b587 dba7df4e747c47db98cd6c9869a1d6ea - - 01f9423ebda34104846b5c94b1c9ac6e 01f9423ebda34104846b5c94b1c9ac6e] 199.19.213.84 "GET /v2.0/ports?network_id=819eb512-3f91-4e9f-8e9e-dc50435bf51a&device_owner=network%3Adhcp HTTP/1.1" status: 200 len: 210 time: 0.0274789
2026-04-07 01:18:57.470 9 INFO neutron.wsgi [None req-2412a482-e265-4917-ab76-7ea6099ca8b8 62b6c60724e748d9b63a5c0233f4f065 1c301d707ff3438d9fdf33413e851d85 - - default default] 10.0.0.109 "POST /v2.0/security-groups HTTP/1.1" status: 201 len: 1737 time: 1.0138867
2026-04-07 01:18:57.491 9 INFO neutron.wsgi [req-003398f3-1420-4adc-bfcd-af250469c9d0 req-778b5a8a-9e46-42eb-ae22-31c1dacd4321 fbd8907a5f9c45149b7c038d0212b587 dba7df4e747c47db98cd6c9869a1d6ea - - 01f9423ebda34104846b5c94b1c9ac6e 01f9423ebda34104846b5c94b1c9ac6e] 199.19.213.84 "GET /v2.0/security-groups?id=f3c7cb5d-cd4e-485f-a9ed-1fc535adf304&fields=id&fields=name HTTP/1.1" status: 200 len: 294 time: 0.0555158
2026-04-07 01:18:57.512 9 INFO neutron.wsgi [None req-2b19d43b-aa7f-4b1c-826a-605a59a92d3b 62b6c60724e748d9b63a5c0233f4f065 1c301d707ff3438d9fdf33413e851d85 - - default default] 10.0.0.109 "PUT /v2.0/security-groups/f8380d2c-64e6-4d82-b8e7-8dfaf2377e03/tags HTTP/1.1" status: 200 len: 218 time: 0.0358694
2026-04-07 01:18:57.524 10 INFO neutron.wsgi [req-d4da5d6c-9feb-4c60-b801-8d371d8945ac req-f67e65a4-3b57-48c3-b506-9d33605421c7 fbd8907a5f9c45149b7c038d0212b587 dba7df4e747c47db98cd6c9869a1d6ea - - 01f9423ebda34104846b5c94b1c9ac6e 01f9423ebda34104846b5c94b1c9ac6e] 199.19.213.84 "GET /v2.0/networks/819eb512-3f91-4e9f-8e9e-dc50435bf51a?fields=segments HTTP/1.1" status: 200 len: 212 time: 0.0536778
2026-04-07 01:18:57.533 9 INFO neutron.wsgi [None req-6eb80795-4a03-4b5a-83bf-78d76e8f4d38 62b6c60724e748d9b63a5c0233f4f065 1c301d707ff3438d9fdf33413e851d85 - - default default] 10.0.0.109 "GET /v2.0/security-groups/f8380d2c-64e6-4d82-b8e7-8dfaf2377e03/tags HTTP/1.1" status: 200 len: 218 time: 0.0170867
2026-04-07 01:18:57.583 9 INFO neutron.wsgi [None req-d6701a16-73c9-4dd2-9809-b98814e03d33 62b6c60724e748d9b63a5c0233f4f065 1c301d707ff3438d9fdf33413e851d85 - - default default] 10.0.0.109 "PUT /v2.0/security-groups/f8380d2c-64e6-4d82-b8e7-8dfaf2377e03/tags/green HTTP/1.1" status: 201 len: 201 time: 0.0415206
2026-04-07 01:18:57.615 10 INFO neutron.plugins.ml2.drivers.ovn.mech_driver.mech_driver [None req-db2c1de9-33b6-4b35-86c8-1a74b03f02eb - - - - - -] OVN reports status up for port: 64ff747f-29c8-4716-a0b5-d5602a1fccfa
2026-04-07 01:18:57.641 10 INFO neutron.wsgi [req-d4da5d6c-9feb-4c60-b801-8d371d8945ac req-32392e58-32ba-4d09-ae95-b8595ebcb8cf fbd8907a5f9c45149b7c038d0212b587 dba7df4e747c47db98cd6c9869a1d6ea - - 01f9423ebda34104846b5c94b1c9ac6e 01f9423ebda34104846b5c94b1c9ac6e] 199.19.213.84 "GET /v2.0/networks/819eb512-3f91-4e9f-8e9e-dc50435bf51a?fields=provider%3Aphysical_network&fields=provider%3Anetwork_type HTTP/1.1" status: 200 len: 277 time: 0.1045823
2026-04-07 01:18:57.643 10 INFO neutron.plugins.ml2.plugin [None req-db2c1de9-33b6-4b35-86c8-1a74b03f02eb - - - - - -] Attempt 1 to provision port 64ff747f-29c8-4716-a0b5-d5602a1fccfa
2026-04-07 01:18:57.657 10 INFO neutron.wsgi [None req-722bf67e-447d-4324-a520-c65a6eab99e9 62b6c60724e748d9b63a5c0233f4f065 1c301d707ff3438d9fdf33413e851d85 - - default default] 10.0.0.109 "GET /v2.0/security-groups/f8380d2c-64e6-4d82-b8e7-8dfaf2377e03/tags HTTP/1.1" status: 200 len: 227 time: 0.0623496
2026-04-07 01:18:57.689 10 INFO neutron.wsgi [None req-fe0f1abd-aec0-43cb-b5f6-c52939d0b1cb 62b6c60724e748d9b63a5c0233f4f065 1c301d707ff3438d9fdf33413e851d85 - - default default] 10.0.0.109 "PUT /v2.0/security-groups/f8380d2c-64e6-4d82-b8e7-8dfaf2377e03/tags/red HTTP/1.1" status: 201 len: 201 time: 0.0258143
2026-04-07 01:18:57.723 9 INFO neutron.wsgi [None req-d9792bba-7bd5-4381-ba16-02c2ade15a2d 62b6c60724e748d9b63a5c0233f4f065 1c301d707ff3438d9fdf33413e851d85 - - default default] 10.0.0.109 "GET /v2.0/security-groups/f8380d2c-64e6-4d82-b8e7-8dfaf2377e03/tags HTTP/1.1" status: 200 len: 227 time: 0.0273707
2026-04-07 01:18:57.764 9 INFO neutron.wsgi [None req-ca22e093-f76d-4669-90fe-d7f938b3912e 62b6c60724e748d9b63a5c0233f4f065 1c301d707ff3438d9fdf33413e851d85 - - default default] 10.0.0.109 "PUT /v2.0/security-groups/f8380d2c-64e6-4d82-b8e7-8dfaf2377e03/tags/black.or.white HTTP/1.1" status: 201 len: 201 time: 0.0366926
2026-04-07 01:18:57.802 9 INFO neutron.wsgi [None req-9be4e687-c1f4-4699-a4de-351032266dff 62b6c60724e748d9b63a5c0233f4f065 1c301d707ff3438d9fdf33413e851d85 - - default default] 10.0.0.109 "GET /v2.0/security-groups/f8380d2c-64e6-4d82-b8e7-8dfaf2377e03/tags HTTP/1.1" status: 200 len: 245 time: 0.0245721
2026-04-07 01:18:57.867 9 INFO neutron.wsgi [req-edfef5d9-46e3-4642-92a4-8a4c58482862 req-a12feae9-70f1-4d58-a8e5-4bdf11ec8c5e b79fd18be6484ab3be3944303af0fddd a38b0b41e32c4c89a7b16e9d70bcfb57 - - default default] 10.0.0.108 "GET /v2.0/ports?device_id=817c4d2f-10de-4d37-823a-0f20cf50aafc HTTP/1.1" status: 200 len: 1417 time: 0.0382159
2026-04-07 01:18:57.877 9 INFO neutron.wsgi [None req-d0970bff-623e-4f85-9c7d-fafbab2b23f5 62b6c60724e748d9b63a5c0233f4f065 1c301d707ff3438d9fdf33413e851d85 - - default default] 10.0.0.109 "PUT /v2.0/security-groups/f8380d2c-64e6-4d82-b8e7-8dfaf2377e03/tags HTTP/1.1" status: 200 len: 230 time: 0.0584514
2026-04-07 01:18:57.914 9 INFO neutron.wsgi [req-edfef5d9-46e3-4642-92a4-8a4c58482862 req-1eb7687f-c597-4627-8be1-9cd933eee974 b79fd18be6484ab3be3944303af0fddd a38b0b41e32c4c89a7b16e9d70bcfb57 - - default default] 10.0.0.108 "GET /v2.0/security-groups?id=f3c7cb5d-cd4e-485f-a9ed-1fc535adf304&fields=id&fields=name HTTP/1.1" status: 200 len: 294 time: 0.0397775
2026-04-07 01:18:57.917 10 INFO neutron.wsgi [None req-4809d02b-03af-4b36-b57c-1fa044c9e331 62b6c60724e748d9b63a5c0233f4f065 1c301d707ff3438d9fdf33413e851d85 - - default default] 10.0.0.109 "GET /v2.0/security-groups/f8380d2c-64e6-4d82-b8e7-8dfaf2377e03/tags HTTP/1.1" status: 200 len: 230 time: 0.0333917
2026-04-07 01:18:57.935 10 INFO neutron.db.ovn_revision_numbers_db [None req-db2c1de9-33b6-4b35-86c8-1a74b03f02eb - - - - - -] Successfully bumped revision number for resource 64ff747f-29c8-4716-a0b5-d5602a1fccfa (type: ports) to 4
2026-04-07 01:18:57.951 9 INFO neutron.wsgi [None req-5248397a-afef-46ab-9e52-e6d8b1895dee 62b6c60724e748d9b63a5c0233f4f065 1c301d707ff3438d9fdf33413e851d85 - - default default] 10.0.0.109 "GET /v2.0/security-groups/f8380d2c-64e6-4d82-b8e7-8dfaf2377e03/tags/red HTTP/1.1" status: 204 len: 168 time: 0.0273285
2026-04-07 01:18:58.029 10 INFO neutron.api.v2.resource [None req-ecc4b1a5-064b-48cf-a7a9-b712d02bd256 62b6c60724e748d9b63a5c0233f4f065 1c301d707ff3438d9fdf33413e851d85 - - default default] show failed (client error): The resource could not be found.
2026-04-07 01:18:58.030 10 INFO neutron.wsgi [None req-ecc4b1a5-064b-48cf-a7a9-b712d02bd256 62b6c60724e748d9b63a5c0233f4f065 1c301d707ff3438d9fdf33413e851d85 - - default default] 10.0.0.109 "GET /v2.0/security-groups/f8380d2c-64e6-4d82-b8e7-8dfaf2377e03/tags/green HTTP/1.1" status: 404 len: 299 time: 0.0705006
2026-04-07 01:18:58.047 10 INFO neutron.wsgi [req-50113da3-2386-413f-a126-1538e6341fff req-52097a9f-5d7e-4bbf-b748-7dd84eaccfe6 b79fd18be6484ab3be3944303af0fddd a38b0b41e32c4c89a7b16e9d70bcfb57 - - default default] 10.0.0.108 "GET /v2.0/ports?device_id=817c4d2f-10de-4d37-823a-0f20cf50aafc HTTP/1.1" status: 200 len: 1417 time: 0.0534694
2026-04-07 01:18:58.075 9 INFO neutron.wsgi [None req-d37ff545-5642-46b1-8c35-0b061af8cc1f 62b6c60724e748d9b63a5c0233f4f065 1c301d707ff3438d9fdf33413e851d85 - - default default] 10.0.0.109 "DELETE /v2.0/security-groups/f8380d2c-64e6-4d82-b8e7-8dfaf2377e03/tags/red HTTP/1.1" status: 204 len: 168 time: 0.0392451
2026-04-07 01:18:58.119 9 INFO neutron.wsgi [None req-664d665b-b2bc-4ace-bbe8-9cbaf3e0a76c 62b6c60724e748d9b63a5c0233f4f065 1c301d707ff3438d9fdf33413e851d85 - - default default] 10.0.0.109 "GET /v2.0/security-groups/f8380d2c-64e6-4d82-b8e7-8dfaf2377e03/tags HTTP/1.1" status: 200 len: 223 time: 0.0329502
2026-04-07 01:18:58.147 9 INFO neutron.api.v2.resource [None req-998276e2-48ad-491e-9f45-74271123832f 62b6c60724e748d9b63a5c0233f4f065 1c301d707ff3438d9fdf33413e851d85 - - default default] delete failed (client error): The resource could not be found.
2026-04-07 01:18:58.149 9 INFO neutron.wsgi [None req-998276e2-48ad-491e-9f45-74271123832f 62b6c60724e748d9b63a5c0233f4f065 1c301d707ff3438d9fdf33413e851d85 - - default default] 10.0.0.109 "DELETE /v2.0/security-groups/f8380d2c-64e6-4d82-b8e7-8dfaf2377e03/tags/green HTTP/1.1" status: 404 len: 299 time: 0.0253985 /var/lib/openstack/lib/python3.10/site-packages/pycadf/identifier.py:71: UserWarning: Invalid uuid: neutron. To ensure interoperability, identifiers should be a valid uuid. warnings.warn(('Invalid uuid: %s. To ensure interoperability, '
2026-04-07 01:18:58.193 10 INFO neutron.wsgi [None req-464bbf58-d3f1-464a-b81f-e4294a9aad3f 62b6c60724e748d9b63a5c0233f4f065 1c301d707ff3438d9fdf33413e851d85 - - default default] 10.0.0.109 "DELETE /v2.0/security-groups/f8380d2c-64e6-4d82-b8e7-8dfaf2377e03/tags HTTP/1.1" status: 204 len: 168 time: 0.0408044
2026-04-07 01:18:58.224 10 INFO neutron.wsgi [None req-7b23179c-47c0-4e03-b7ba-276555daec4f 62b6c60724e748d9b63a5c0233f4f065 1c301d707ff3438d9fdf33413e851d85 - - default default] 10.0.0.109 "GET /v2.0/security-groups/f8380d2c-64e6-4d82-b8e7-8dfaf2377e03/tags HTTP/1.1" status: 200 len: 205 time: 0.0274243
2026-04-07 01:18:58.347 10 INFO neutron.wsgi [None req-fa8a1c03-9cb9-4b55-83c3-4a188bc71aa7 62b6c60724e748d9b63a5c0233f4f065 1c301d707ff3438d9fdf33413e851d85 - - default default] 10.0.0.109 "DELETE /v2.0/security-groups/f8380d2c-64e6-4d82-b8e7-8dfaf2377e03 HTTP/1.1" status: 204 len: 168 time: 0.1143770
2026-04-07 01:18:58.376 9 WARNING neutron_lib.context [None req-f117a39f-36e6-4ebc-8cdb-10fee45b3f58 084b7314b7bc4b58922c0594e7260eae bd9596faf76e48ea9b5a31475d088179 - - default default] Method 'is_advsvc' is deprecated since 2023.2 release (neutron-lib 3.8.0) and will be removed once support for the old RBAC API policies will be removed from Neutron. Please use method 'is_service_role' instead.
2026-04-07 01:18:58.667 9 WARNING neutron.scheduler.dhcp_agent_scheduler [None req-f117a39f-36e6-4ebc-8cdb-10fee45b3f58 084b7314b7bc4b58922c0594e7260eae bd9596faf76e48ea9b5a31475d088179 - - default default] No more DHCP agents
2026-04-07 01:18:58.671 9 WARNING neutron.api.rpc.agentnotifiers.dhcp_rpc_agent_api [None req-f117a39f-36e6-4ebc-8cdb-10fee45b3f58 084b7314b7bc4b58922c0594e7260eae bd9596faf76e48ea9b5a31475d088179 - - default default] Unable to schedule network 7f62f00d-fcf3-4222-a501-4a9916312d71: no agents available; will retry on subsequent port and subnet creation events.
2026-04-07 01:18:58.899 10 INFO neutron.notifiers.nova [-] Nova event matching ['req-a4e19cab-f1b5-472f-8eb1-76c37fdd09ad'] response: {'server_uuid': '817c4d2f-10de-4d37-823a-0f20cf50aafc', 'name': 'network-vif-plugged', 'status': 'completed', 'tag': '64ff747f-29c8-4716-a0b5-d5602a1fccfa', 'code': 200}
2026-04-07 01:18:58.899 10 INFO neutron.notifiers.nova [-] Nova event matching ['req-a4e19cab-f1b5-472f-8eb1-76c37fdd09ad'] response: {'server_uuid': '817c4d2f-10de-4d37-823a-0f20cf50aafc', 'name': 'network-vif-plugged', 'status': 'completed', 'tag': '64ff747f-29c8-4716-a0b5-d5602a1fccfa', 'code': 200}
2026-04-07 01:18:58.967 15 INFO neutron.plugins.ml2.drivers.ovn.mech_driver.ovsdb.maintenance [None req-f42725d3-97dc-46fe-8acc-427e9095e47c - - - - - -] Maintenance task: Synchronization finished (took 2.16 seconds)
2026-04-07 01:18:59.017 9 INFO neutron.db.ovn_revision_numbers_db [None req-f117a39f-36e6-4ebc-8cdb-10fee45b3f58 084b7314b7bc4b58922c0594e7260eae bd9596faf76e48ea9b5a31475d088179 - - default default] Successfully bumped revision number for resource 9e7b50de-30fc-46f6-a7f2-defbbfbee7e7 (type: floatingips) to 0
2026-04-07 01:18:59.042 9 INFO neutron.wsgi [None req-f117a39f-36e6-4ebc-8cdb-10fee45b3f58 084b7314b7bc4b58922c0594e7260eae bd9596faf76e48ea9b5a31475d088179 - - default default] 10.0.0.109 "POST /v2.0/floatingips HTTP/1.1" status: 201 len: 751 time: 0.8897281
2026-04-07 01:18:59.050 10 WARNING neutron_lib.context [None req-7c00cff6-7415-43a8-8dad-757a4fe7e725 084b7314b7bc4b58922c0594e7260eae bd9596faf76e48ea9b5a31475d088179 - - default default] Method 'is_advsvc' is deprecated since 2023.2 release (neutron-lib 3.8.0) and will be removed once support for the old RBAC API policies will be removed from Neutron. Please use method 'is_service_role' instead.
2026-04-07 01:18:59.390 10 WARNING neutron_lib.context [None req-f21aa866-5f82-4416-8b3b-145a6d1f6044 6b0c83a8babf439fb19d5f720869c6d6 52bb78bfd4cd4202b8df5268a1dfa9a0 - - default default] Method 'is_advsvc' is deprecated since 2023.2 release (neutron-lib 3.8.0) and will be removed once support for the old RBAC API policies will be removed from Neutron. Please use method 'is_service_role' instead.
2026-04-07 01:18:59.436 10 INFO neutron.wsgi [None req-37e9d43c-df37-4fd6-85c2-83ef2c583028 b79fd18be6484ab3be3944303af0fddd a38b0b41e32c4c89a7b16e9d70bcfb57 - - default default] 10.0.0.109 "GET /v2.0/security-groups?tenant_id=1c301d707ff3438d9fdf33413e851d85&name=default HTTP/1.1" status: 200 len: 2996 time: 0.3121917
2026-04-07 01:18:59.588 10 INFO neutron.db.ovn_revision_numbers_db [None req-f21aa866-5f82-4416-8b3b-145a6d1f6044 6b0c83a8babf439fb19d5f720869c6d6 52bb78bfd4cd4202b8df5268a1dfa9a0 - - default default] Successfully bumped revision number for resource 6f5c58f3-34dd-4f4b-ac05-7be2e4408686 (type: routers) to 1
2026-04-07 01:18:59.609 10 INFO neutron.wsgi [None req-f21aa866-5f82-4416-8b3b-145a6d1f6044 6b0c83a8babf439fb19d5f720869c6d6 52bb78bfd4cd4202b8df5268a1dfa9a0 - - default default] 10.0.0.109 "POST /v2.0/routers HTTP/1.1" status: 201 len: 654 time: 0.6182427
2026-04-07 01:18:59.622 9 WARNING neutron_lib.context [None req-a0594005-c92c-4236-986b-5ac0c1842a43 6b0c83a8babf439fb19d5f720869c6d6 52bb78bfd4cd4202b8df5268a1dfa9a0 - - default default] Method 'is_advsvc' is deprecated since 2023.2 release (neutron-lib 3.8.0) and will be removed once support for the old RBAC API policies will be removed from Neutron. Please use method 'is_service_role' instead.
2026-04-07 01:18:59.655 9 INFO neutron.wsgi [None req-219e8062-f06f-4de4-82e2-9f486c46d9db b79fd18be6484ab3be3944303af0fddd a38b0b41e32c4c89a7b16e9d70bcfb57 - - default default] 10.0.0.109 "DELETE /v2.0/security-groups/9e375052-a44d-4290-b718-ff7685bf4d07 HTTP/1.1" status: 204 len: 168 time: 0.2127163
2026-04-07 01:18:59.682 10 WARNING neutron.scheduler.dhcp_agent_scheduler [None req-7c00cff6-7415-43a8-8dad-757a4fe7e725 084b7314b7bc4b58922c0594e7260eae bd9596faf76e48ea9b5a31475d088179 - - default default] No more DHCP agents
2026-04-07 01:18:59.689 10 WARNING neutron.api.rpc.agentnotifiers.dhcp_rpc_agent_api [None req-7c00cff6-7415-43a8-8dad-757a4fe7e725 084b7314b7bc4b58922c0594e7260eae bd9596faf76e48ea9b5a31475d088179 - - default default] Unable to schedule network 7f62f00d-fcf3-4222-a501-4a9916312d71: no agents available; will retry on subsequent port and subnet creation events.
2026-04-07 01:18:59.798 9 INFO neutron.db.ovn_revision_numbers_db [None req-a0594005-c92c-4236-986b-5ac0c1842a43 6b0c83a8babf439fb19d5f720869c6d6 52bb78bfd4cd4202b8df5268a1dfa9a0 - - default default] Successfully bumped revision number for resource 10fa7d3a-e4f4-4d9a-a9d1-4b463f193aa3 (type: routers) to 1
2026-04-07 01:18:59.812 9 INFO neutron.wsgi [None req-a0594005-c92c-4236-986b-5ac0c1842a43 6b0c83a8babf439fb19d5f720869c6d6 52bb78bfd4cd4202b8df5268a1dfa9a0 - - default default] 10.0.0.109 "POST /v2.0/routers HTTP/1.1" status: 201 len: 654 time: 0.1963904
2026-04-07 01:18:59.822 9 WARNING neutron_lib.context [None req-abf281f8-5a98-4dd3-9bc4-f6dbbf96321a 6b0c83a8babf439fb19d5f720869c6d6 52bb78bfd4cd4202b8df5268a1dfa9a0 - - default default] Method 'is_advsvc' is deprecated since 2023.2 release (neutron-lib 3.8.0) and will be removed once support for the old RBAC API policies will be removed from Neutron. Please use method 'is_service_role' instead.
2026-04-07 01:18:59.894 10 INFO neutron.db.ovn_revision_numbers_db [None req-2e4ddd94-f8e6-45cb-82eb-71c0c6913a91 b79fd18be6484ab3be3944303af0fddd a38b0b41e32c4c89a7b16e9d70bcfb57 - - default default] Successfully bumped revision number for resource 532808b2-1f35-40fe-8996-9c5236bd7c80 (type: security_groups) to 1
2026-04-07 01:18:59.913 10 INFO neutron.db.ovn_revision_numbers_db [None req-2e4ddd94-f8e6-45cb-82eb-71c0c6913a91 b79fd18be6484ab3be3944303af0fddd a38b0b41e32c4c89a7b16e9d70bcfb57 - - default default] Successfully bumped revision number for resource 00a6fdeb-245e-4465-97a6-76e29d11dd40 (type: security_group_rules) to 0
2026-04-07 01:18:59.935 10 INFO neutron.db.ovn_revision_numbers_db [None req-2e4ddd94-f8e6-45cb-82eb-71c0c6913a91 b79fd18be6484ab3be3944303af0fddd a38b0b41e32c4c89a7b16e9d70bcfb57 - - default default] Successfully bumped revision number for resource 0517dd36-4ccb-4fa8-a7f3-40c3c5fc2767 (type: security_group_rules) to 0
2026-04-07 01:18:59.948 10 INFO neutron.db.ovn_revision_numbers_db [None req-2e4ddd94-f8e6-45cb-82eb-71c0c6913a91 b79fd18be6484ab3be3944303af0fddd a38b0b41e32c4c89a7b16e9d70bcfb57 - - default default] Successfully bumped revision number for resource a6640275-1d0b-4b6b-9137-5c7229019e03 (type: security_group_rules) to 0
2026-04-07 01:18:59.961 10 INFO neutron.db.ovn_revision_numbers_db [None req-2e4ddd94-f8e6-45cb-82eb-71c0c6913a91 b79fd18be6484ab3be3944303af0fddd a38b0b41e32c4c89a7b16e9d70bcfb57 - - default default] Successfully bumped revision number for resource bb804db4-e83a-4df2-93e2-91125b4b9d89 (type: security_group_rules) to 0
2026-04-07 01:18:59.974 9 INFO neutron.db.ovn_revision_numbers_db [None req-abf281f8-5a98-4dd3-9bc4-f6dbbf96321a 6b0c83a8babf439fb19d5f720869c6d6 52bb78bfd4cd4202b8df5268a1dfa9a0 - - default default] Successfully bumped revision number for resource cb1bd0ca-b1a4-4078-bf19-5bb692f08783 (type: routers) to 1
2026-04-07 01:18:59.987 9 INFO neutron.wsgi [None req-abf281f8-5a98-4dd3-9bc4-f6dbbf96321a 6b0c83a8babf439fb19d5f720869c6d6 52bb78bfd4cd4202b8df5268a1dfa9a0 - - default default] 10.0.0.109 "POST /v2.0/routers HTTP/1.1" status: 201 len: 654 time: 0.1703215
2026-04-07 01:18:59.998 9 WARNING neutron_lib.context [None req-f6395d03-a0de-438f-99ca-08b5bb88e523 6b0c83a8babf439fb19d5f720869c6d6 52bb78bfd4cd4202b8df5268a1dfa9a0 - - default default] Method 'is_advsvc' is deprecated since 2023.2 release (neutron-lib 3.8.0) and will be removed once support for the old RBAC API policies will be removed from Neutron. Please use method 'is_service_role' instead.
2026-04-07 01:19:00.003 10 INFO neutron.wsgi [None req-2e4ddd94-f8e6-45cb-82eb-71c0c6913a91 b79fd18be6484ab3be3944303af0fddd a38b0b41e32c4c89a7b16e9d70bcfb57 - - default default] 10.0.0.109 "GET /v2.0/security-groups?tenant_id=20d98952a460478698ea90f8e15e0d5e&name=default HTTP/1.1" status: 200 len: 2996 time: 0.2606969
2026-04-07 01:19:00.068 10 INFO neutron.db.ovn_revision_numbers_db [None req-7c00cff6-7415-43a8-8dad-757a4fe7e725 084b7314b7bc4b58922c0594e7260eae bd9596faf76e48ea9b5a31475d088179 - - default default] Successfully bumped revision number for resource e1022e21-5d17-433a-ac52-705ae2b56575 (type: floatingips) to 0
2026-04-07 01:19:00.084 10 INFO neutron.wsgi [None req-7c00cff6-7415-43a8-8dad-757a4fe7e725 084b7314b7bc4b58922c0594e7260eae bd9596faf76e48ea9b5a31475d088179 - - default default] 10.0.0.109 "POST /v2.0/floatingips HTTP/1.1" status: 201 len: 751 time: 1.0375001
2026-04-07 01:19:00.098 10 WARNING neutron_lib.context [None req-01b46801-0915-4ab1-8138-c6e8a7ce3d58 084b7314b7bc4b58922c0594e7260eae bd9596faf76e48ea9b5a31475d088179 - - default default] Method 'is_advsvc' is deprecated since 2023.2 release (neutron-lib 3.8.0) and will be removed once support for the old RBAC API policies will be removed from Neutron. Please use method 'is_service_role' instead.
2026-04-07 01:19:00.158 9 INFO neutron.db.ovn_revision_numbers_db [None req-f6395d03-a0de-438f-99ca-08b5bb88e523 6b0c83a8babf439fb19d5f720869c6d6 52bb78bfd4cd4202b8df5268a1dfa9a0 - - default default] Successfully bumped revision number for resource e48a4a45-b042-4c65-9d97-594d55a50e29 (type: routers) to 1
2026-04-07 01:19:00.185 9 INFO neutron.wsgi [None req-f6395d03-a0de-438f-99ca-08b5bb88e523 6b0c83a8babf439fb19d5f720869c6d6 52bb78bfd4cd4202b8df5268a1dfa9a0 - - default default] 10.0.0.109 "POST /v2.0/routers HTTP/1.1" status: 201 len: 654 time: 0.1919804
2026-04-07 01:19:00.196 9 WARNING neutron_lib.context [None req-1b82d329-164a-49ae-be66-2029b24ebca0 6b0c83a8babf439fb19d5f720869c6d6 52bb78bfd4cd4202b8df5268a1dfa9a0 - - default default] Method 'is_advsvc' is deprecated since 2023.2 release (neutron-lib 3.8.0) and will be removed once support for the old RBAC API policies will be removed from Neutron. Please use method 'is_service_role' instead.
2026-04-07 01:19:00.250 10 INFO neutron.wsgi [None req-2e8aa5de-73bd-4102-afee-a2eb77a81a57 b79fd18be6484ab3be3944303af0fddd a38b0b41e32c4c89a7b16e9d70bcfb57 - - default default] 10.0.0.109 "DELETE /v2.0/security-groups/532808b2-1f35-40fe-8996-9c5236bd7c80 HTTP/1.1" status: 204 len: 168 time: 0.2423618
2026-04-07 01:19:00.357 10 WARNING neutron.scheduler.dhcp_agent_scheduler [None req-01b46801-0915-4ab1-8138-c6e8a7ce3d58 084b7314b7bc4b58922c0594e7260eae bd9596faf76e48ea9b5a31475d088179 - - default default] No more DHCP agents
2026-04-07 01:19:00.360 10 WARNING neutron.api.rpc.agentnotifiers.dhcp_rpc_agent_api [None req-01b46801-0915-4ab1-8138-c6e8a7ce3d58 084b7314b7bc4b58922c0594e7260eae bd9596faf76e48ea9b5a31475d088179 - - default default] Unable to schedule network 7f62f00d-fcf3-4222-a501-4a9916312d71: no agents available; will retry on subsequent port and subnet creation events.
2026-04-07 01:19:00.383 9 INFO neutron.db.ovn_revision_numbers_db [None req-1b82d329-164a-49ae-be66-2029b24ebca0 6b0c83a8babf439fb19d5f720869c6d6 52bb78bfd4cd4202b8df5268a1dfa9a0 - - default default] Successfully bumped revision number for resource 29343f74-cb73-4ed8-a056-3697b3dff53d (type: routers) to 1
2026-04-07 01:19:00.397 9 INFO neutron.wsgi [None req-1b82d329-164a-49ae-be66-2029b24ebca0 6b0c83a8babf439fb19d5f720869c6d6 52bb78bfd4cd4202b8df5268a1dfa9a0 - - default default] 10.0.0.109 "POST /v2.0/routers HTTP/1.1" status: 201 len: 654 time: 0.2057884
2026-04-07 01:19:00.456 9 INFO neutron.wsgi [None req-fd257954-9cf1-4b15-b86a-3686d6936431 6b0c83a8babf439fb19d5f720869c6d6 52bb78bfd4cd4202b8df5268a1dfa9a0 - - default default] 10.0.0.109 "PUT /v2.0/routers/6f5c58f3-34dd-4f4b-ac05-7be2e4408686/tags HTTP/1.1" status: 200 len: 210 time: 0.0540371
2026-04-07 01:19:00.528 10 INFO neutron.wsgi [None req-55981ec5-9276-4468-a3b3-7cfa3c53deac 6b0c83a8babf439fb19d5f720869c6d6 52bb78bfd4cd4202b8df5268a1dfa9a0 - - default default] 10.0.0.109 "PUT /v2.0/routers/10fa7d3a-e4f4-4d9a-a9d1-4b463f193aa3/tags HTTP/1.1" status: 200 len: 218 time: 0.0650604
2026-04-07 01:19:00.591 9 INFO neutron.wsgi [None req-291b012e-e237-445d-8f11-8084f6a23994 6b0c83a8babf439fb19d5f720869c6d6 52bb78bfd4cd4202b8df5268a1dfa9a0 - - default default] 10.0.0.109 "PUT /v2.0/routers/cb1bd0ca-b1a4-4078-bf19-5bb692f08783/tags HTTP/1.1" status: 200 len: 227 time: 0.0577323
2026-04-07 01:19:00.665 9 INFO neutron.wsgi [None req-b3ee4978-3df6-4e75-a6ad-58306a1e25db 6b0c83a8babf439fb19d5f720869c6d6 52bb78bfd4cd4202b8df5268a1dfa9a0 - - default default] 10.0.0.109 "PUT /v2.0/routers/e48a4a45-b042-4c65-9d97-594d55a50e29/tags HTTP/1.1" status: 200 len: 212 time: 0.0673161
2026-04-07 01:19:00.685 10 INFO neutron.db.ovn_revision_numbers_db [None req-01b46801-0915-4ab1-8138-c6e8a7ce3d58 084b7314b7bc4b58922c0594e7260eae bd9596faf76e48ea9b5a31475d088179 - - default default] Successfully bumped revision number for resource 10e97b39-5952-4ada-bca6-7171ee3d305a (type: floatingips) to 0
2026-04-07 01:19:00.698 10 INFO neutron.wsgi [None req-01b46801-0915-4ab1-8138-c6e8a7ce3d58 084b7314b7bc4b58922c0594e7260eae bd9596faf76e48ea9b5a31475d088179 - - default default] 10.0.0.109 "POST /v2.0/floatingips HTTP/1.1" status: 201 len: 751 time: 0.6083844
2026-04-07 01:19:00.709 10 WARNING neutron_lib.context [None req-718a91e2-56c3-4df3-9b10-896c12f4b04b 084b7314b7bc4b58922c0594e7260eae bd9596faf76e48ea9b5a31475d088179 - - default default] Method 'is_advsvc' is deprecated since 2023.2 release (neutron-lib 3.8.0) and will be removed once support for the old RBAC API policies will be removed from Neutron. Please use method 'is_service_role' instead.
2026-04-07 01:19:00.740 9 INFO neutron.wsgi [None req-c21fe77d-c026-4674-837c-0fb6ddeaed00 6b0c83a8babf439fb19d5f720869c6d6 52bb78bfd4cd4202b8df5268a1dfa9a0 - - default default] 10.0.0.109 "GET /v2.0/routers?tags=red HTTP/1.1" status: 200 len: 1601 time: 0.0683079
2026-04-07 01:19:00.946 10 WARNING neutron.scheduler.dhcp_agent_scheduler [None req-718a91e2-56c3-4df3-9b10-896c12f4b04b 084b7314b7bc4b58922c0594e7260eae bd9596faf76e48ea9b5a31475d088179 - - default default] No more DHCP agents
2026-04-07 01:19:00.948 10 WARNING neutron.api.rpc.agentnotifiers.dhcp_rpc_agent_api [None req-718a91e2-56c3-4df3-9b10-896c12f4b04b 084b7314b7bc4b58922c0594e7260eae bd9596faf76e48ea9b5a31475d088179 - - default default] Unable to schedule network 7f62f00d-fcf3-4222-a501-4a9916312d71: no agents available; will retry on subsequent port and subnet creation events.
2026-04-07 01:19:01.019 9 INFO neutron.wsgi [None req-f33e6d8d-37de-4336-8d79-644cc06133cd 6b0c83a8babf439fb19d5f720869c6d6 52bb78bfd4cd4202b8df5268a1dfa9a0 - - default default] 10.0.0.109 "GET /v2.0/routers?tags=red%2Cblue HTTP/1.1" status: 200 len: 1144 time: 0.2727203
2026-04-07 01:19:01.043 9 INFO neutron.wsgi [req-81f44fd6-87a0-4fae-b24e-a678946865ee req-2f6b4461-4cef-4d1f-8479-7ac9dfa6cfb8 b79fd18be6484ab3be3944303af0fddd a38b0b41e32c4c89a7b16e9d70bcfb57 - - default default] 10.0.0.108 "GET /v2.0/ports?device_id=817c4d2f-10de-4d37-823a-0f20cf50aafc HTTP/1.1" status: 200 len: 1417 time: 0.0518279
2026-04-07 01:19:01.087 9 INFO neutron.wsgi [req-81f44fd6-87a0-4fae-b24e-a678946865ee req-26b05e5b-b7aa-4e0f-9444-fcffed231408 b79fd18be6484ab3be3944303af0fddd a38b0b41e32c4c89a7b16e9d70bcfb57 - - default default] 10.0.0.108 "GET /v2.0/security-groups?id=f3c7cb5d-cd4e-485f-a9ed-1fc535adf304&fields=id&fields=name HTTP/1.1" status: 200 len: 294 time: 0.0374477
2026-04-07 01:19:01.120 10 INFO neutron.wsgi [None req-09006242-4050-46dc-a664-48c109be5329 6b0c83a8babf439fb19d5f720869c6d6 52bb78bfd4cd4202b8df5268a1dfa9a0 - - default default] 10.0.0.109 "GET /v2.0/routers?tags-any=blue HTTP/1.1" status: 200 len: 1144 time: 0.0927989
2026-04-07 01:19:01.184 10 INFO neutron.wsgi [None req-9497488b-7626-4714-b9e5-cdb78481aa67 6b0c83a8babf439fb19d5f720869c6d6 52bb78bfd4cd4202b8df5268a1dfa9a0 - - default default] 10.0.0.109 "GET /v2.0/routers?tags-any=red%2Cblue HTTP/1.1" status: 200 len: 1601 time: 0.0556269
2026-04-07 01:19:01.202 10 INFO neutron.wsgi [req-ff55f678-9284-4125-bf85-1018b0eb5eff req-b3b868d7-5b21-4c49-9913-0b4f7e8f152f b79fd18be6484ab3be3944303af0fddd a38b0b41e32c4c89a7b16e9d70bcfb57 - - default default] 10.0.0.108 "GET /v2.0/ports?device_id=817c4d2f-10de-4d37-823a-0f20cf50aafc HTTP/1.1" status: 200 len: 1417 time: 0.0561345
2026-04-07 01:19:01.262 9 INFO neutron.wsgi [None req-a1ebfe4a-1681-498e-bab2-1e806c2c857e 6b0c83a8babf439fb19d5f720869c6d6 52bb78bfd4cd4202b8df5268a1dfa9a0 - - default default] 10.0.0.109 "GET /v2.0/routers?not-tags=red HTTP/1.1" status: 200 len: 1116 time: 0.0723276
2026-04-07 01:19:01.352 9 INFO neutron.wsgi [None req-060c6275-a6b0-4446-977f-3ecdadd7b9a4 6b0c83a8babf439fb19d5f720869c6d6 52bb78bfd4cd4202b8df5268a1dfa9a0 - - default default] 10.0.0.109 "GET /v2.0/routers?not-tags=red%2Cblue HTTP/1.1" status: 200 len: 1573 time: 0.0836203
2026-04-07 01:19:01.374 10 INFO neutron.db.ovn_revision_numbers_db [None req-718a91e2-56c3-4df3-9b10-896c12f4b04b 084b7314b7bc4b58922c0594e7260eae bd9596faf76e48ea9b5a31475d088179 - - default default] Successfully bumped revision number for resource b7aaa468-ceab-474b-b27b-498660c4811a (type: floatingips) to 0
2026-04-07 01:19:01.387 10 INFO neutron.wsgi [None req-718a91e2-56c3-4df3-9b10-896c12f4b04b 084b7314b7bc4b58922c0594e7260eae bd9596faf76e48ea9b5a31475d088179 - - default default] 10.0.0.109 "POST /v2.0/floatingips HTTP/1.1" status: 201 len: 751 time: 0.6838686
2026-04-07 01:19:01.397 10 WARNING neutron_lib.context [None req-3e895c7c-4be5-4a08-916b-e57fb111aee6 084b7314b7bc4b58922c0594e7260eae bd9596faf76e48ea9b5a31475d088179 - - default default] Method 'is_advsvc' is deprecated since 2023.2 release (neutron-lib 3.8.0) and will be removed once support for the old RBAC API policies will be removed from Neutron. Please use method 'is_service_role' instead.
2026-04-07 01:19:01.449 9 INFO neutron.wsgi [None req-ade6ab20-0024-4490-8c40-69ad55e582aa 6b0c83a8babf439fb19d5f720869c6d6 52bb78bfd4cd4202b8df5268a1dfa9a0 - - default default] 10.0.0.109 "GET /v2.0/routers?not-tags-any=blue HTTP/1.1" status: 200 len: 1573 time: 0.0907352
2026-04-07 01:19:01.519 10 INFO neutron.wsgi [None req-9ea5173c-45af-4c85-a2a6-4cda3444da49 6b0c83a8babf439fb19d5f720869c6d6 52bb78bfd4cd4202b8df5268a1dfa9a0 - - default default] 10.0.0.109 "GET /v2.0/routers?not-tags-any=red%2Cblue HTTP/1.1" status: 200 len: 1116 time: 0.0663540
2026-04-07 01:19:01.703 10 INFO neutron.wsgi [None req-1cf62581-765d-464b-93a1-e1befb960ff1 6b0c83a8babf439fb19d5f720869c6d6 52bb78bfd4cd4202b8df5268a1dfa9a0 - - default default] 10.0.0.109 "GET /v2.0/routers/6f5c58f3-34dd-4f4b-ac05-7be2e4408686 HTTP/1.1" status: 200 len: 660 time: 0.1715162
2026-04-07 01:19:01.868 10 WARNING neutron.scheduler.dhcp_agent_scheduler [None req-3e895c7c-4be5-4a08-916b-e57fb111aee6 084b7314b7bc4b58922c0594e7260eae bd9596faf76e48ea9b5a31475d088179 - - default default] No more DHCP agents
2026-04-07 01:19:01.870 10 WARNING neutron.api.rpc.agentnotifiers.dhcp_rpc_agent_api [None req-3e895c7c-4be5-4a08-916b-e57fb111aee6 084b7314b7bc4b58922c0594e7260eae bd9596faf76e48ea9b5a31475d088179 - - default default] Unable to schedule network 7f62f00d-fcf3-4222-a501-4a9916312d71: no agents available; will retry on subsequent port and subnet creation events.
2026-04-07 01:19:02.028 10 INFO neutron.wsgi [-] 10.0.0.9 "GET / HTTP/1.1" status: 200 len: 247 time: 0.0018101
2026-04-07 01:19:02.030 10 INFO neutron.wsgi [-] 10.0.0.9 "GET / HTTP/1.1" status: 200 len: 247 time: 0.0012221
2026-04-07 01:19:02.143 9 INFO neutron.db.ovn_revision_numbers_db [None req-401ce1f5-d755-4d76-ab15-88349b80c431 6b0c83a8babf439fb19d5f720869c6d6 52bb78bfd4cd4202b8df5268a1dfa9a0 - - default default] Successfully bumped revision number for resource 6f5c58f3-34dd-4f4b-ac05-7be2e4408686 (type: routers) to 2
2026-04-07 01:19:02.147 9 INFO neutron.wsgi [None req-401ce1f5-d755-4d76-ab15-88349b80c431 6b0c83a8babf439fb19d5f720869c6d6 52bb78bfd4cd4202b8df5268a1dfa9a0 - - default default] 10.0.0.109 "PUT /v2.0/routers/6f5c58f3-34dd-4f4b-ac05-7be2e4408686 HTTP/1.1" status: 200 len: 660 time: 0.4385099
2026-04-07 01:19:02.176 9 INFO neutron.wsgi [None req-a69a94ac-348d-4eeb-a6ee-19ab829f49ca 6b0c83a8babf439fb19d5f720869c6d6 52bb78bfd4cd4202b8df5268a1dfa9a0 - - default default] 10.0.0.109 "GET /v2.0/ports?device_id=6f5c58f3-34dd-4f4b-ac05-7be2e4408686 HTTP/1.1" status: 200 len: 205 time: 0.0233030
2026-04-07 01:19:02.313 10 INFO neutron.db.ovn_revision_numbers_db [None req-3e895c7c-4be5-4a08-916b-e57fb111aee6 084b7314b7bc4b58922c0594e7260eae bd9596faf76e48ea9b5a31475d088179 - - default default] Successfully bumped revision number for resource 8c355244-f2ec-46a0-9751-854664bb2ec9 (type: floatingips) to 0
2026-04-07 01:19:02.333 10 INFO neutron.wsgi [None req-3e895c7c-4be5-4a08-916b-e57fb111aee6 084b7314b7bc4b58922c0594e7260eae bd9596faf76e48ea9b5a31475d088179 - - default default] 10.0.0.109 "POST /v2.0/floatingips HTTP/1.1" status: 201 len: 751 time: 0.9407387
2026-04-07 01:19:02.402 9 INFO neutron.wsgi [None req-1b8cd82e-99f0-4d97-a403-7942f69b7936 084b7314b7bc4b58922c0594e7260eae bd9596faf76e48ea9b5a31475d088179 - - default default] 10.0.0.109 "PUT /v2.0/floatingips/9e7b50de-30fc-46f6-a7f2-defbbfbee7e7/tags HTTP/1.1" status: 200 len: 210 time: 0.0631173
2026-04-07 01:19:02.455 9 INFO neutron.wsgi [None req-2f11a15c-df49-45a0-855d-3fa3a484f33f 084b7314b7bc4b58922c0594e7260eae bd9596faf76e48ea9b5a31475d088179 - - default default] 10.0.0.109 "PUT /v2.0/floatingips/e1022e21-5d17-433a-ac52-705ae2b56575/tags HTTP/1.1" status: 200 len: 218 time: 0.0471387
2026-04-07 01:19:02.507 9 INFO neutron.wsgi [None req-71105965-6385-40c2-bf40-4d185bb68d97 084b7314b7bc4b58922c0594e7260eae bd9596faf76e48ea9b5a31475d088179 - - default default] 10.0.0.109 "PUT /v2.0/floatingips/10e97b39-5952-4ada-bca6-7171ee3d305a/tags HTTP/1.1" status: 200 len: 227 time: 0.0478544
2026-04-07 01:19:02.551 9 INFO neutron.wsgi [None req-4f59a4ad-ab97-40b9-9449-9f8622a15aff 084b7314b7bc4b58922c0594e7260eae bd9596faf76e48ea9b5a31475d088179 - - default default] 10.0.0.109 "PUT /v2.0/floatingips/b7aaa468-ceab-474b-b27b-498660c4811a/tags HTTP/1.1" status: 200 len: 212 time: 0.0380852
2026-04-07 01:19:02.602 9 INFO neutron.wsgi [None req-11c11148-b991-48ff-9906-8fbc312c7e1c 084b7314b7bc4b58922c0594e7260eae bd9596faf76e48ea9b5a31475d088179 - - default default] 10.0.0.109 "GET /v2.0/floatingips?tags=red HTTP/1.1" status: 200 len: 1866 time: 0.0454817
2026-04-07 01:19:02.653 9 INFO neutron.wsgi [None req-06fdf8b0-c5cf-4cb1-a92c-90095941f769 084b7314b7bc4b58922c0594e7260eae bd9596faf76e48ea9b5a31475d088179 - - default default] 10.0.0.109 "GET /v2.0/floatingips?tags=red%2Cblue HTTP/1.1" status: 200 len: 1323 time: 0.0464859
2026-04-07 01:19:02.708 9 INFO neutron.wsgi [None req-bf857980-0026-4b27-b3d0-f1f09fc24d92 084b7314b7bc4b58922c0594e7260eae bd9596faf76e48ea9b5a31475d088179 - - default default] 10.0.0.109 "GET /v2.0/floatingips?tags-any=blue HTTP/1.1" status: 200 len: 1323 time: 0.0496736
2026-04-07 01:19:02.722 10 INFO neutron.wsgi [None req-8535e9ed-528e-4d0e-8b9d-ceffa75a9fb5 6b0c83a8babf439fb19d5f720869c6d6 52bb78bfd4cd4202b8df5268a1dfa9a0 - - default default] 10.0.0.109 "DELETE /v2.0/routers/6f5c58f3-34dd-4f4b-ac05-7be2e4408686 HTTP/1.1" status: 204 len: 168 time: 0.5426960
2026-04-07 01:19:02.750 9 INFO neutron.wsgi [None req-a0c4fb2f-c802-49f6-88d0-83f0201db6e8 084b7314b7bc4b58922c0594e7260eae bd9596faf76e48ea9b5a31475d088179 - - default default] 10.0.0.109 "GET /v2.0/floatingips?tags-any=red%2Cblue HTTP/1.1" status: 200 len: 1866 time: 0.0367551
2026-04-07 01:19:02.769 10 INFO neutron.wsgi [None req-c1e370f7-d83b-4a68-8449-62b4a61d72b9 6b0c83a8babf439fb19d5f720869c6d6 52bb78bfd4cd4202b8df5268a1dfa9a0 - - default default] 10.0.0.109 "GET /v2.0/routers/10fa7d3a-e4f4-4d9a-a9d1-4b463f193aa3 HTTP/1.1" status: 200 len: 668 time: 0.0428278
2026-04-07 01:19:02.796 9 INFO neutron.wsgi [None req-11d21e46-3114-468a-83b3-c90b078a2ac0 084b7314b7bc4b58922c0594e7260eae bd9596faf76e48ea9b5a31475d088179 - - default default] 10.0.0.109 "GET /v2.0/floatingips?not-tags=red HTTP/1.1" status: 200 len: 1295 time: 0.0414948
2026-04-07 01:19:02.841 9 INFO neutron.wsgi [None req-9378ef45-c680-48ae-8221-8e5dc4a6d5dc 084b7314b7bc4b58922c0594e7260eae bd9596faf76e48ea9b5a31475d088179 - - default default] 10.0.0.109 "GET /v2.0/floatingips?not-tags=red%2Cblue HTTP/1.1" status: 200 len: 1838 time: 0.0401330
2026-04-07 01:19:03.080 9 INFO neutron.wsgi [None req-833c8e4b-90f9-4e74-9dd5-1b73dd9dcaf1 084b7314b7bc4b58922c0594e7260eae bd9596faf76e48ea9b5a31475d088179 - - default default] 10.0.0.109 "GET /v2.0/floatingips?not-tags-any=blue HTTP/1.1" status: 200 len: 1838 time: 0.2327099
2026-04-07 01:19:03.117 9 INFO neutron.wsgi [None req-b6b239a0-64ee-45bf-987e-27398fce00e4 084b7314b7bc4b58922c0594e7260eae bd9596faf76e48ea9b5a31475d088179 - - default default] 10.0.0.109 "GET /v2.0/floatingips?not-tags-any=red%2Cblue HTTP/1.1" status: 200 len: 1295 time: 0.0305183
2026-04-07 01:19:03.242 10 INFO neutron.db.ovn_revision_numbers_db [None req-d210228d-2380-4d2e-9535-d58b416bce7d 6b0c83a8babf439fb19d5f720869c6d6 52bb78bfd4cd4202b8df5268a1dfa9a0 - - default default] Successfully bumped revision number for resource 10fa7d3a-e4f4-4d9a-a9d1-4b463f193aa3 (type: routers) to 2
2026-04-07 01:19:03.247 10 INFO neutron.wsgi [None req-d210228d-2380-4d2e-9535-d58b416bce7d 6b0c83a8babf439fb19d5f720869c6d6 52bb78bfd4cd4202b8df5268a1dfa9a0 - - default default] 10.0.0.109 "PUT /v2.0/routers/10fa7d3a-e4f4-4d9a-a9d1-4b463f193aa3 HTTP/1.1" status: 200 len: 668 time: 0.4742274
2026-04-07 01:19:03.279 10 INFO neutron.wsgi [None req-a5d13b5a-5f8b-4edc-8664-97fe1a3fd419 6b0c83a8babf439fb19d5f720869c6d6 52bb78bfd4cd4202b8df5268a1dfa9a0 - - default default] 10.0.0.109 "GET /v2.0/ports?device_id=10fa7d3a-e4f4-4d9a-a9d1-4b463f193aa3 HTTP/1.1" status: 200 len: 205 time: 0.0263309
2026-04-07 01:19:03.454 9 INFO neutron.wsgi [None req-e7160f6a-830e-4ec6-948e-337679dda909 084b7314b7bc4b58922c0594e7260eae bd9596faf76e48ea9b5a31475d088179 - - default default] 10.0.0.109 "DELETE /v2.0/floatingips/9e7b50de-30fc-46f6-a7f2-defbbfbee7e7 HTTP/1.1" status: 204 len: 168 time: 0.3308656
2026-04-07 01:19:03.549 10 INFO neutron.wsgi [None req-dd0115b0-73ac-45ad-a3ae-ac70d44c15e4 6b0c83a8babf439fb19d5f720869c6d6 52bb78bfd4cd4202b8df5268a1dfa9a0 - - default default] 10.0.0.109 "DELETE /v2.0/routers/10fa7d3a-e4f4-4d9a-a9d1-4b463f193aa3 HTTP/1.1" status: 204 len: 168 time: 0.2658808
2026-04-07 01:19:03.601 10 INFO neutron.wsgi [None req-cf415a8b-1ad4-4099-b49e-d9e4f7f2607b 6b0c83a8babf439fb19d5f720869c6d6 52bb78bfd4cd4202b8df5268a1dfa9a0 - - default default] 10.0.0.109 "GET /v2.0/routers/cb1bd0ca-b1a4-4078-bf19-5bb692f08783 HTTP/1.1" status: 200 len: 677 time: 0.0476065
2026-04-07 01:19:03.794 9 INFO neutron.wsgi [None req-b29bc64c-d58c-4fd4-bcb0-97a4a242d99e 084b7314b7bc4b58922c0594e7260eae bd9596faf76e48ea9b5a31475d088179 - - default default] 10.0.0.109 "DELETE /v2.0/floatingips/e1022e21-5d17-433a-ac52-705ae2b56575 HTTP/1.1" status: 204 len: 168 time: 0.3354826
2026-04-07 01:19:03.824 10 WARNING neutron_lib.context [None req-120ed045-910d-4982-a61b-dfd0343d37da 2c34e49b6585414ead54cf4b45314236 40ee8ad671d54ab7ace6cbfe27e228e3 - - default default] Method 'is_advsvc' is deprecated since 2023.2 release (neutron-lib 3.8.0) and will be removed once support for the old RBAC API policies will be removed from Neutron. Please use method 'is_service_role' instead.
2026-04-07 01:19:03.944 10 INFO neutron.wsgi [None req-120ed045-910d-4982-a61b-dfd0343d37da 2c34e49b6585414ead54cf4b45314236 40ee8ad671d54ab7ace6cbfe27e228e3 - - default default] 10.0.0.109 "POST /v2.0/subnetpools HTTP/1.1" status: 201 len: 715 time: 0.3307192
2026-04-07 01:19:04.028 10 INFO neutron.wsgi [None req-3db73040-854b-46b6-b329-b95bd8c5a361 2c34e49b6585414ead54cf4b45314236 40ee8ad671d54ab7ace6cbfe27e228e3 - - default default] 10.0.0.109 "PUT /v2.0/subnetpools/6baeaa9d-5a33-499f-a8a2-3df1f9eb9805/tags HTTP/1.1" status: 200 len: 218 time: 0.0701468
2026-04-07 01:19:04.081 10 INFO neutron.wsgi [None req-e98deecc-fe8a-440d-b08c-a31882cc1a56 2c34e49b6585414ead54cf4b45314236 40ee8ad671d54ab7ace6cbfe27e228e3 - - default default] 10.0.0.109 "GET /v2.0/subnetpools/6baeaa9d-5a33-499f-a8a2-3df1f9eb9805/tags HTTP/1.1" status: 200 len: 218 time: 0.0474339
2026-04-07 01:19:04.107 9 INFO neutron.wsgi [None req-5e755480-3b86-41e6-81cb-3c551f4859ee 084b7314b7bc4b58922c0594e7260eae bd9596faf76e48ea9b5a31475d088179 - - default default] 10.0.0.109 "DELETE /v2.0/floatingips/10e97b39-5952-4ada-bca6-7171ee3d305a HTTP/1.1" status: 204 len: 168 time: 0.3085873
2026-04-07 01:19:04.137 10 INFO neutron.db.ovn_revision_numbers_db [None req-f146953c-0dc1-4797-9ddf-1fdc209701d4 6b0c83a8babf439fb19d5f720869c6d6 52bb78bfd4cd4202b8df5268a1dfa9a0 - - default default] Successfully bumped revision number for resource cb1bd0ca-b1a4-4078-bf19-5bb692f08783 (type: routers) to 2
2026-04-07 01:19:04.140 10 INFO neutron.wsgi [None req-f146953c-0dc1-4797-9ddf-1fdc209701d4 6b0c83a8babf439fb19d5f720869c6d6 52bb78bfd4cd4202b8df5268a1dfa9a0 - - default default] 10.0.0.109 "PUT /v2.0/routers/cb1bd0ca-b1a4-4078-bf19-5bb692f08783 HTTP/1.1" status: 200 len: 677 time: 0.5334494
2026-04-07 01:19:04.155 10 INFO neutron.wsgi [None req-aad3c229-39de-40cd-abd1-8f3fe44d46cf 2c34e49b6585414ead54cf4b45314236 40ee8ad671d54ab7ace6cbfe27e228e3 - - default default] 10.0.0.109 "PUT /v2.0/subnetpools/6baeaa9d-5a33-499f-a8a2-3df1f9eb9805/tags/green HTTP/1.1" status: 201 len: 201 time: 0.0694852
2026-04-07 01:19:04.174 10 INFO neutron.wsgi [None req-2a9298c5-529f-40d7-bf50-3401091ef70c 6b0c83a8babf439fb19d5f720869c6d6 52bb78bfd4cd4202b8df5268a1dfa9a0 - - default default] 10.0.0.109 "GET /v2.0/ports?device_id=cb1bd0ca-b1a4-4078-bf19-5bb692f08783 HTTP/1.1" status: 200 len: 205 time: 0.0286086
2026-04-07 01:19:04.192 10 INFO neutron.wsgi [None req-bec16c2a-7312-4ff7-895b-db0922f8f49d 2c34e49b6585414ead54cf4b45314236 40ee8ad671d54ab7ace6cbfe27e228e3 - - default default] 10.0.0.109 "GET /v2.0/subnetpools/6baeaa9d-5a33-499f-a8a2-3df1f9eb9805/tags HTTP/1.1" status: 200 len: 227 time: 0.0335610
2026-04-07 01:19:04.220 10 INFO neutron.wsgi [None req-e0106732-4546-48a0-b586-b365d87dc88b 2c34e49b6585414ead54cf4b45314236 40ee8ad671d54ab7ace6cbfe27e228e3 - - default default] 10.0.0.109 "PUT /v2.0/subnetpools/6baeaa9d-5a33-499f-a8a2-3df1f9eb9805/tags/red HTTP/1.1" status: 201 len: 201 time: 0.0232458
2026-04-07 01:19:04.246 10 INFO neutron.wsgi [None req-413204bc-b82e-4676-af61-4273b30ebee3 2c34e49b6585414ead54cf4b45314236 40ee8ad671d54ab7ace6cbfe27e228e3 - - default default] 10.0.0.109 "GET /v2.0/subnetpools/6baeaa9d-5a33-499f-a8a2-3df1f9eb9805/tags HTTP/1.1" status: 200 len: 227 time: 0.0194464
2026-04-07 01:19:04.283 10 INFO neutron.wsgi [None req-498ad711-b74c-4cd6-9d5f-95e31a05ac56 2c34e49b6585414ead54cf4b45314236 40ee8ad671d54ab7ace6cbfe27e228e3 - - default default] 10.0.0.109 "PUT /v2.0/subnetpools/6baeaa9d-5a33-499f-a8a2-3df1f9eb9805/tags/black.or.white HTTP/1.1" status: 201 len: 201 time: 0.0327721
2026-04-07 01:19:04.309 10 INFO neutron.wsgi [None req-e14a444c-f956-485b-9f61-62207ba8dd77 2c34e49b6585414ead54cf4b45314236 40ee8ad671d54ab7ace6cbfe27e228e3 - - default default] 10.0.0.109 "GET /v2.0/subnetpools/6baeaa9d-5a33-499f-a8a2-3df1f9eb9805/tags HTTP/1.1" status: 200 len: 245 time: 0.0210736
2026-04-07 01:19:04.348 10 INFO neutron.wsgi [None req-1fce9710-5ff9-4057-bb07-66dc13b0c480 2c34e49b6585414ead54cf4b45314236 40ee8ad671d54ab7ace6cbfe27e228e3 - - default default] 10.0.0.109 "PUT /v2.0/subnetpools/6baeaa9d-5a33-499f-a8a2-3df1f9eb9805/tags HTTP/1.1" status: 200 len: 230 time: 0.0349348
2026-04-07 01:19:04.374 10 INFO neutron.wsgi [None req-8d97f892-10b4-4f8e-b62f-ed3ed8718675 2c34e49b6585414ead54cf4b45314236 40ee8ad671d54ab7ace6cbfe27e228e3 - - default default] 10.0.0.109 "GET /v2.0/subnetpools/6baeaa9d-5a33-499f-a8a2-3df1f9eb9805/tags HTTP/1.1" status: 200 len: 230 time: 0.0216126
2026-04-07 01:19:04.400 10 INFO neutron.wsgi [None req-b3f2041d-16ec-4478-91df-a932cad4ed8b 2c34e49b6585414ead54cf4b45314236 40ee8ad671d54ab7ace6cbfe27e228e3 - - default default] 10.0.0.109 "GET /v2.0/subnetpools/6baeaa9d-5a33-499f-a8a2-3df1f9eb9805/tags/red HTTP/1.1" status: 204 len: 168 time: 0.0213530
2026-04-07 01:19:04.425 10 INFO neutron.api.v2.resource [None req-0ca2b0fd-101e-4d17-b7ad-8f778da9a32e 2c34e49b6585414ead54cf4b45314236 40ee8ad671d54ab7ace6cbfe27e228e3 - - default default] show failed (client error): The resource could not be found.
2026-04-07 01:19:04.426 10 INFO neutron.wsgi [None req-0ca2b0fd-101e-4d17-b7ad-8f778da9a32e 2c34e49b6585414ead54cf4b45314236 40ee8ad671d54ab7ace6cbfe27e228e3 - - default default] 10.0.0.109 "GET /v2.0/subnetpools/6baeaa9d-5a33-499f-a8a2-3df1f9eb9805/tags/green HTTP/1.1" status: 404 len: 299 time: 0.0214272
2026-04-07 01:19:04.461 9 INFO neutron.wsgi [None req-0e240aa3-9726-42a7-a362-93aa512ea3d2 6b0c83a8babf439fb19d5f720869c6d6 52bb78bfd4cd4202b8df5268a1dfa9a0 - - default default] 10.0.0.109 "DELETE /v2.0/routers/cb1bd0ca-b1a4-4078-bf19-5bb692f08783 HTTP/1.1" status: 204 len: 168 time: 0.2816641
2026-04-07 01:19:04.507 10 INFO neutron.wsgi [None req-defdb9bf-4061-450d-ad89-a39196431c38 2c34e49b6585414ead54cf4b45314236 40ee8ad671d54ab7ace6cbfe27e228e3 - - default default] 10.0.0.109 "DELETE /v2.0/subnetpools/6baeaa9d-5a33-499f-a8a2-3df1f9eb9805/tags/red HTTP/1.1" status: 204 len: 168 time: 0.0725901
2026-04-07 01:19:04.512 10 INFO neutron.wsgi [None req-fc900c7e-e255-4b3a-8ad4-a8299a8ac21b 6b0c83a8babf439fb19d5f720869c6d6 52bb78bfd4cd4202b8df5268a1dfa9a0 - - default default] 10.0.0.109 "GET /v2.0/routers/e48a4a45-b042-4c65-9d97-594d55a50e29 HTTP/1.1" status: 200 len: 662 time: 0.0456240
2026-04-07 01:19:04.542 9 INFO neutron.wsgi [None req-8a59ec1d-2def-4619-8f19-462ada6e7545 2c34e49b6585414ead54cf4b45314236 40ee8ad671d54ab7ace6cbfe27e228e3 - - default default] 10.0.0.109 "GET /v2.0/subnetpools/6baeaa9d-5a33-499f-a8a2-3df1f9eb9805/tags HTTP/1.1" status: 200 len: 223 time: 0.0301032
2026-04-07 01:19:04.563 9 INFO neutron.wsgi [None req-20d3beb8-59a8-45f7-9606-d65356b700b3 084b7314b7bc4b58922c0594e7260eae bd9596faf76e48ea9b5a31475d088179 - - default default] 10.0.0.109 "DELETE /v2.0/floatingips/b7aaa468-ceab-474b-b27b-498660c4811a HTTP/1.1" status: 204 len: 168 time: 0.4516177
2026-04-07 01:19:04.596 10 INFO neutron.api.v2.resource [None req-c78ccfac-bb01-4c84-b7dc-748e81a13705 2c34e49b6585414ead54cf4b45314236 40ee8ad671d54ab7ace6cbfe27e228e3 - - default default] delete failed (client error): The resource could not be found.
2026-04-07 01:19:04.598 10 INFO neutron.wsgi [None req-c78ccfac-bb01-4c84-b7dc-748e81a13705 2c34e49b6585414ead54cf4b45314236 40ee8ad671d54ab7ace6cbfe27e228e3 - - default default] 10.0.0.109 "DELETE /v2.0/subnetpools/6baeaa9d-5a33-499f-a8a2-3df1f9eb9805/tags/green HTTP/1.1" status: 404 len: 299 time: 0.0506713
2026-04-07 01:19:04.658 9 INFO neutron.wsgi [None req-a3d796a4-32f8-4c25-bb8e-28d35718e141 2c34e49b6585414ead54cf4b45314236 40ee8ad671d54ab7ace6cbfe27e228e3 - - default default] 10.0.0.109 "DELETE /v2.0/subnetpools/6baeaa9d-5a33-499f-a8a2-3df1f9eb9805/tags HTTP/1.1" status: 204 len: 168 time: 0.0536437
2026-04-07 01:19:04.694 9 INFO neutron.wsgi [None req-e53f25fd-3778-46de-9fcf-a6d6bf06c2fd 2c34e49b6585414ead54cf4b45314236 40ee8ad671d54ab7ace6cbfe27e228e3 - - default default] 10.0.0.109 "GET /v2.0/subnetpools/6baeaa9d-5a33-499f-a8a2-3df1f9eb9805/tags HTTP/1.1" status: 200 len: 205 time: 0.0316033
2026-04-07 01:19:04.778 9 INFO neutron.wsgi [None req-fa987c28-1d1d-461e-ab73-6143d610cf8b 2c34e49b6585414ead54cf4b45314236 40ee8ad671d54ab7ace6cbfe27e228e3 - - default default] 10.0.0.109 "DELETE /v2.0/subnetpools/6baeaa9d-5a33-499f-a8a2-3df1f9eb9805 HTTP/1.1" status: 204 len: 168 time: 0.0766208
2026-04-07 01:19:04.921 9 INFO neutron.wsgi [None req-69bf36fb-d821-438d-a298-003dd3d473aa 084b7314b7bc4b58922c0594e7260eae bd9596faf76e48ea9b5a31475d088179 - - default default] 10.0.0.109 "DELETE /v2.0/floatingips/8c355244-f2ec-46a0-9751-854664bb2ec9 HTTP/1.1" status: 204 len: 168 time: 0.3488526
2026-04-07 01:19:05.186 10 INFO neutron.db.ovn_revision_numbers_db [None req-626bd361-0ec5-4792-ae77-de55153018cc 6b0c83a8babf439fb19d5f720869c6d6 52bb78bfd4cd4202b8df5268a1dfa9a0 - - default default] Successfully bumped revision number for resource e48a4a45-b042-4c65-9d97-594d55a50e29 (type: routers) to 2
2026-04-07 01:19:05.189 10 INFO neutron.wsgi [None req-626bd361-0ec5-4792-ae77-de55153018cc 6b0c83a8babf439fb19d5f720869c6d6 52bb78bfd4cd4202b8df5268a1dfa9a0 - - default default] 10.0.0.109 "PUT /v2.0/routers/e48a4a45-b042-4c65-9d97-594d55a50e29 HTTP/1.1" status: 200 len: 662 time: 0.6720531
2026-04-07 01:19:05.215 10 INFO neutron.wsgi [None req-18542b6e-eb90-4dea-83cb-723e4372e13a 6b0c83a8babf439fb19d5f720869c6d6 52bb78bfd4cd4202b8df5268a1dfa9a0 - - default default] 10.0.0.109 "GET /v2.0/ports?device_id=e48a4a45-b042-4c65-9d97-594d55a50e29 HTTP/1.1" status: 200 len: 205 time: 0.0193293
2026-04-07 01:19:05.510 10 INFO neutron.wsgi [None req-9a98cc82-a53b-476c-9b31-df1b4b80b312 6b0c83a8babf439fb19d5f720869c6d6 52bb78bfd4cd4202b8df5268a1dfa9a0 - - default default] 10.0.0.109 "DELETE /v2.0/routers/e48a4a45-b042-4c65-9d97-594d55a50e29 HTTP/1.1" status: 204 len: 168 time: 0.2898839
