2026-04-07 01:15:56.411 10 INFO neutron.wsgi [req-be01c23b-9a09-40b8-bfb6-33270a0c3aa9 req-4c171488-5c99-4d8b-9c28-66f7a98399a1 faa0a8dd85674cb3a9683e462c6f2352 1f05831b09304e8e957239409e6c47b8 - - default default] 10.0.0.108 "GET /v2.0/ports?device_id=2743fbe3-93ec-4887-8e9c-d7f7df5964f9 HTTP/1.1" status: 200 len: 210 time: 0.0373583
2026-04-07 01:15:57.177 9 INFO neutron.notifiers.nova [-] Nova event matching ['req-77ec399e-c9a7-44c1-87d2-485726e7e54f'] response: {'server_uuid': '2743fbe3-93ec-4887-8e9c-d7f7df5964f9', 'name': 'network-vif-unplugged', 'status': 'completed', 'tag': 'fb004001-12aa-488d-a3ab-ff3a40f5f706', 'code': 200}
2026-04-07 01:15:57.177 9 INFO neutron.notifiers.nova [-] Nova event matching ['req-77ec399e-c9a7-44c1-87d2-485726e7e54f'] response: {'server_uuid': '2743fbe3-93ec-4887-8e9c-d7f7df5964f9', 'name': 'network-vif-plugged', 'status': 'completed', 'tag': 'fb004001-12aa-488d-a3ab-ff3a40f5f706', 'code': 200}
2026-04-07 01:15:57.177 9 INFO neutron.notifiers.nova [-] Nova event matching ['req-77ec399e-c9a7-44c1-87d2-485726e7e54f'] response: {'server_uuid': '2743fbe3-93ec-4887-8e9c-d7f7df5964f9', 'name': 'network-vif-deleted', 'tag': 'fb004001-12aa-488d-a3ab-ff3a40f5f706', 'status': 'completed', 'code': 200} /var/lib/openstack/lib/python3.10/site-packages/pycadf/identifier.py:71: UserWarning: Invalid uuid: neutron. To ensure interoperability, identifiers should be a valid uuid. warnings.warn(('Invalid uuid: %s. To ensure interoperability, '
2026-04-07 01:15:57.638 9 INFO neutron.wsgi [None req-68ac4d95-bf36-4167-8e09-adced9fef2a7 faa0a8dd85674cb3a9683e462c6f2352 1f05831b09304e8e957239409e6c47b8 - - default default] 10.0.0.109 "DELETE /v2.0/security-groups/c69d3b9f-d33b-47d6-af82-33db58f2fb86 HTTP/1.1" status: 204 len: 168 time: 0.1210508
2026-04-07 01:15:57.650 9 INFO neutron.api.v2.resource [None req-50f00223-271e-42ae-9982-d28d47511fb6 faa0a8dd85674cb3a9683e462c6f2352 1f05831b09304e8e957239409e6c47b8 - - default default] show failed (client error): The resource could not be found.
2026-04-07 01:15:57.651 9 INFO neutron.wsgi [None req-50f00223-271e-42ae-9982-d28d47511fb6 faa0a8dd85674cb3a9683e462c6f2352 1f05831b09304e8e957239409e6c47b8 - - default default] 10.0.0.109 "GET /v2.0/security-groups/c69d3b9f-d33b-47d6-af82-33db58f2fb86 HTTP/1.1" status: 404 len: 347 time: 0.0085769
2026-04-07 01:15:57.986 9 INFO neutron.wsgi [None req-1f09b8f7-e77a-417a-8113-25675a1a999a faa0a8dd85674cb3a9683e462c6f2352 1f05831b09304e8e957239409e6c47b8 - - default default] 10.0.0.109 "DELETE /v2.0/floatingips/7bc9d1af-08f5-45e3-9831-dcd2f6e1fa0e HTTP/1.1" status: 204 len: 168 time: 0.3313582
2026-04-07 01:15:58.962 9 INFO neutron.db.ovn_revision_numbers_db [None req-fdd841c0-62d6-489c-acc5-f9a0bb4da9ae b79fd18be6484ab3be3944303af0fddd a38b0b41e32c4c89a7b16e9d70bcfb57 - - default default] Successfully bumped revision number for resource 12dfa94f-33ff-4269-9b00-7b0d0e85fd7f (type: security_groups) to 1
2026-04-07 01:15:58.979 9 INFO neutron.db.ovn_revision_numbers_db [None req-fdd841c0-62d6-489c-acc5-f9a0bb4da9ae b79fd18be6484ab3be3944303af0fddd a38b0b41e32c4c89a7b16e9d70bcfb57 - - default default] Successfully bumped revision number for resource 0c870f4c-2120-4e94-b820-537ff8ba93ae (type: security_group_rules) to 0
2026-04-07 01:15:58.995 9 INFO neutron.db.ovn_revision_numbers_db [None req-fdd841c0-62d6-489c-acc5-f9a0bb4da9ae b79fd18be6484ab3be3944303af0fddd a38b0b41e32c4c89a7b16e9d70bcfb57 - - default default] Successfully bumped revision number for resource 598590a0-487e-4220-8340-c6d66f547925 (type: security_group_rules) to 0
2026-04-07 01:15:59.014 9 INFO neutron.db.ovn_revision_numbers_db [None req-fdd841c0-62d6-489c-acc5-f9a0bb4da9ae b79fd18be6484ab3be3944303af0fddd a38b0b41e32c4c89a7b16e9d70bcfb57 - - default default] Successfully bumped revision number for resource 7ee8dc71-1ff2-473d-99f2-eb73c160a2eb (type: security_group_rules) to 0
2026-04-07 01:15:59.027 9 INFO neutron.db.ovn_revision_numbers_db [None req-fdd841c0-62d6-489c-acc5-f9a0bb4da9ae b79fd18be6484ab3be3944303af0fddd a38b0b41e32c4c89a7b16e9d70bcfb57 - - default default] Successfully bumped revision number for resource 9ba403da-2051-4d4c-91fa-3cdb662dc1bb (type: security_group_rules) to 0
2026-04-07 01:15:59.052 9 INFO neutron.wsgi [None req-fdd841c0-62d6-489c-acc5-f9a0bb4da9ae b79fd18be6484ab3be3944303af0fddd a38b0b41e32c4c89a7b16e9d70bcfb57 - - default default] 10.0.0.109 "GET /v2.0/security-groups?tenant_id=46f8e3b460fd4569a1181047d57ac5a7&name=default HTTP/1.1" status: 200 len: 2996 time: 0.3917882
2026-04-07 01:15:59.184 10 INFO neutron.wsgi [None req-bcf72c88-f97c-4ae9-839a-76da7c7184a4 b79fd18be6484ab3be3944303af0fddd a38b0b41e32c4c89a7b16e9d70bcfb57 - - default default] 10.0.0.109 "PUT /v2.0/routers/aad8412a-4a4e-4870-87dd-85b67aeb2d89/remove_router_interface HTTP/1.1" status: 200 len: 503 time: 1.1934087 /var/lib/openstack/lib/python3.10/site-packages/pycadf/identifier.py:71: UserWarning: Invalid uuid: neutron. To ensure interoperability, identifiers should be a valid uuid. warnings.warn(('Invalid uuid: %s. To ensure interoperability, '
2026-04-07 01:15:59.234 9 INFO neutron.wsgi [req-09bca68c-16a9-4d31-87cc-062300934376 req-50a0af61-9c1a-461f-b7b1-fc96ffa99a2a fbd8907a5f9c45149b7c038d0212b587 dba7df4e747c47db98cd6c9869a1d6ea - - 01f9423ebda34104846b5c94b1c9ac6e 01f9423ebda34104846b5c94b1c9ac6e] 10.0.0.175 "GET /v2.0/ports?device_id=5cef3e24-8ef4-4245-8f0d-49ad912498d0 HTTP/1.1" status: 200 len: 1409 time: 0.0396774
2026-04-07 01:15:59.277 9 INFO neutron.wsgi [req-09bca68c-16a9-4d31-87cc-062300934376 req-26258378-77e0-4fb8-ae23-677c755c7c59 fbd8907a5f9c45149b7c038d0212b587 dba7df4e747c47db98cd6c9869a1d6ea - - 01f9423ebda34104846b5c94b1c9ac6e 01f9423ebda34104846b5c94b1c9ac6e] 10.0.0.175 "GET /v2.0/security-groups?id=0b48c3a4-1c74-4d51-b587-2af9ea45ab36&fields=id&fields=name HTTP/1.1" status: 200 len: 313 time: 0.0381589
2026-04-07 01:15:59.289 9 INFO neutron.wsgi [None req-e703efc9-17f7-42f6-b8de-21bccc8201a1 b79fd18be6484ab3be3944303af0fddd a38b0b41e32c4c89a7b16e9d70bcfb57 - - default default] 10.0.0.109 "DELETE /v2.0/security-groups/12dfa94f-33ff-4269-9b00-7b0d0e85fd7f HTTP/1.1" status: 204 len: 168 time: 0.2328055
2026-04-07 01:15:59.485 9 INFO neutron.db.ovn_revision_numbers_db [None req-e1724772-e244-4c0b-b010-8cc979910ba9 b79fd18be6484ab3be3944303af0fddd a38b0b41e32c4c89a7b16e9d70bcfb57 - - default default] Successfully bumped revision number for resource 7a39b344-823d-4534-9744-785573173f0f (type: security_groups) to 1
2026-04-07 01:15:59.499 9 INFO neutron.db.ovn_revision_numbers_db [None req-e1724772-e244-4c0b-b010-8cc979910ba9 b79fd18be6484ab3be3944303af0fddd a38b0b41e32c4c89a7b16e9d70bcfb57 - - default default] Successfully bumped revision number for resource 18a453e7-b5e6-4f10-8240-fe5b203a1457 (type: security_group_rules) to 0
2026-04-07 01:15:59.512 9 INFO neutron.db.ovn_revision_numbers_db [None req-e1724772-e244-4c0b-b010-8cc979910ba9 b79fd18be6484ab3be3944303af0fddd a38b0b41e32c4c89a7b16e9d70bcfb57 - - default default] Successfully bumped revision number for resource 46edcc23-bd64-4e3b-8de8-05573dd9d9a8 (type: security_group_rules) to 0
2026-04-07 01:15:59.529 9 INFO neutron.db.ovn_revision_numbers_db [None req-e1724772-e244-4c0b-b010-8cc979910ba9 b79fd18be6484ab3be3944303af0fddd a38b0b41e32c4c89a7b16e9d70bcfb57 - - default default] Successfully bumped revision number for resource 63760a03-7ee0-44b8-b245-7bff76df629e (type: security_group_rules) to 0
2026-04-07 01:15:59.544 9 INFO neutron.db.ovn_revision_numbers_db [None req-e1724772-e244-4c0b-b010-8cc979910ba9 b79fd18be6484ab3be3944303af0fddd a38b0b41e32c4c89a7b16e9d70bcfb57 - - default default] Successfully bumped revision number for resource 7c3db862-9cab-45b2-8783-fe153a7287f3 (type: security_group_rules) to 0
2026-04-07 01:15:59.569 9 INFO neutron.wsgi [None req-e1724772-e244-4c0b-b010-8cc979910ba9 b79fd18be6484ab3be3944303af0fddd a38b0b41e32c4c89a7b16e9d70bcfb57 - - default default] 10.0.0.109 "GET /v2.0/security-groups?tenant_id=34b73d50951b4b6390a4a305ee89e067&name=default HTTP/1.1" status: 200 len: 2996 time: 0.1987648
2026-04-07 01:15:59.754 9 INFO neutron.wsgi [None req-e52c4f16-7930-472b-8562-80bb08804ca5 b79fd18be6484ab3be3944303af0fddd a38b0b41e32c4c89a7b16e9d70bcfb57 - - default default] 10.0.0.109 "DELETE /v2.0/security-groups/7a39b344-823d-4534-9744-785573173f0f HTTP/1.1" status: 204 len: 168 time: 0.1803360
2026-04-07 01:16:00.174 10 INFO neutron.wsgi [None req-1e596a1c-a5fe-475a-bbd0-a6f35cf0d087 b79fd18be6484ab3be3944303af0fddd a38b0b41e32c4c89a7b16e9d70bcfb57 - - default default] 10.0.0.109 "DELETE /v2.0/routers/aad8412a-4a4e-4870-87dd-85b67aeb2d89 HTTP/1.1" status: 204 len: 168 time: 0.9833353
2026-04-07 01:16:00.368 9 INFO neutron.wsgi [None req-f32485e1-dccd-4090-ac5b-eddfaf547e2f b79fd18be6484ab3be3944303af0fddd a38b0b41e32c4c89a7b16e9d70bcfb57 - - default default] 10.0.0.109 "DELETE /v2.0/subnets/bca10b97-d81b-487d-8ed5-f982e3c15726 HTTP/1.1" status: 204 len: 168 time: 0.1892712
2026-04-07 01:16:00.678 9 INFO neutron.services.segments.plugin [-] Segment 0b963c10-58c1-4ae3-9ad4-08ae88b7b122 resource provider aggregate not found
2026-04-07 01:16:00.682 9 INFO neutron.services.segments.plugin [-] Segment 0b963c10-58c1-4ae3-9ad4-08ae88b7b122 resource provider aggregate not found
2026-04-07 01:16:00.698 9 INFO neutron.services.segments.plugin [-] Segment 0b963c10-58c1-4ae3-9ad4-08ae88b7b122 resource provider not found; error: Placement Client Error (4xx): {"errors": [{"status": 404, "title": "Not Found", "detail": "The resource could not be found.\n\n No resource provider with uuid 0b963c10-58c1-4ae3-9ad4-08ae88b7b122 found for delete ", "request_id": "req-2946295e-f10e-41a2-94c9-93f5d61665c6"}]}
2026-04-07 01:16:00.701 9 INFO neutron.services.segments.plugin [-] Segment 0b963c10-58c1-4ae3-9ad4-08ae88b7b122 resource provider not found; error: Placement Client Error (4xx): {"errors": [{"status": 404, "title": "Not Found", "detail": "The resource could not be found.\n\n No resource provider with uuid 0b963c10-58c1-4ae3-9ad4-08ae88b7b122 found for delete ", "request_id": "req-74977fe5-caa5-4a42-a6b9-8499fdcb26d1"}]}
2026-04-07 01:16:00.718 9 INFO neutron.wsgi [None req-4562a89c-451e-47d9-b3df-e6527d97f23f b79fd18be6484ab3be3944303af0fddd a38b0b41e32c4c89a7b16e9d70bcfb57 - - default default] 10.0.0.109 "DELETE /v2.0/networks/0c05f981-8cb7-4286-9578-3c77130ec20b HTTP/1.1" status: 204 len: 168 time: 0.3433614
2026-04-07 01:16:00.848 9 INFO neutron.wsgi [None req-74e8ddeb-7073-408b-94c4-e1c500ea21b0 b79fd18be6484ab3be3944303af0fddd a38b0b41e32c4c89a7b16e9d70bcfb57 - - default default] 10.0.0.109 "GET /v2.0/security-groups?tenant_id=1f05831b09304e8e957239409e6c47b8&name=default HTTP/1.1" status: 200 len: 2996 time: 0.0349133
2026-04-07 01:16:01.045 9 INFO neutron.wsgi [None req-a4414f69-2690-4a8a-a469-1d5332bd204d b79fd18be6484ab3be3944303af0fddd a38b0b41e32c4c89a7b16e9d70bcfb57 - - default default] 10.0.0.109 "DELETE /v2.0/security-groups/8a15e51f-8cbf-4ed5-9564-cc274d609f0b HTTP/1.1" status: 204 len: 168 time: 0.1917567
2026-04-07 01:16:01.656 9 INFO neutron.wsgi [None req-c29e6267-fdec-4098-81fe-27cd5f6ac0c1 38118fb5c72b407caf11e17dd5134d34 12c33530e15a4e16aa9c464ec8dd9460 - - default default] 10.0.0.109 "GET /v2.0/extensions HTTP/1.1" status: 200 len: 16975 time: 0.1680901
2026-04-07 01:16:01.664 9 INFO neutron.wsgi [None req-00a354f3-5199-4275-9822-4becc1ebcf83 38118fb5c72b407caf11e17dd5134d34 12c33530e15a4e16aa9c464ec8dd9460 - - default default] 10.0.0.109 "GET /v2.0/extensions/address-group HTTP/1.1" status: 200 len: 353 time: 0.0041790
2026-04-07 01:16:01.671 9 INFO neutron.wsgi [None req-9580ad40-0d6a-4248-b1eb-891d5d3a6ce0 38118fb5c72b407caf11e17dd5134d34 12c33530e15a4e16aa9c464ec8dd9460 - - default default] 10.0.0.109 "GET /v2.0/extensions/address-scope HTTP/1.1" status: 200 len: 357 time: 0.0033724
2026-04-07 01:16:01.679 9 INFO neutron.wsgi [None req-b31e6314-5df5-4bd4-9515-5a7d4bb71480 38118fb5c72b407caf11e17dd5134d34 12c33530e15a4e16aa9c464ec8dd9460 - - default default] 10.0.0.109 "GET /v2.0/extensions/agent HTTP/1.1" status: 200 len: 347 time: 0.0050495
2026-04-07 01:16:01.685 9 INFO neutron.wsgi [None req-a4d1c300-5b3f-4e93-8d61-61c1b1c946d6 38118fb5c72b407caf11e17dd5134d34 12c33530e15a4e16aa9c464ec8dd9460 - - default default] 10.0.0.109 "GET /v2.0/extensions/allowed-address-pairs HTTP/1.1" status: 200 len: 378 time: 0.0030723
2026-04-07 01:16:01.705 9 INFO neutron.wsgi [None req-57d2e514-86c1-4f1f-8ecf-b52aed6db0a8 38118fb5c72b407caf11e17dd5134d34 12c33530e15a4e16aa9c464ec8dd9460 - - default default] 10.0.0.109 "GET /v2.0/extensions/auto-allocated-topology HTTP/1.1" status: 200 len: 394 time: 0.0053043
2026-04-07 01:16:01.714 9 INFO neutron.wsgi [None req-ecfe7e7a-e569-4e10-8066-81467199c177 38118fb5c72b407caf11e17dd5134d34 12c33530e15a4e16aa9c464ec8dd9460 - - default default] 10.0.0.109 "GET /v2.0/extensions/availability_zone HTTP/1.1" status: 200 len: 372 time: 0.0041640
2026-04-07 01:16:01.722 9 INFO neutron.wsgi [None req-d9127c17-3bde-4fef-b6d4-240f6c92e401 38118fb5c72b407caf11e17dd5134d34 12c33530e15a4e16aa9c464ec8dd9460 - - default default] 10.0.0.109 "GET /v2.0/extensions/default-subnetpools HTTP/1.1" status: 200 len: 405 time: 0.0045810
2026-04-07 01:16:01.732 10 INFO neutron.wsgi [None req-081b9742-b35b-48d1-8201-57529d01da07 38118fb5c72b407caf11e17dd5134d34 12c33530e15a4e16aa9c464ec8dd9460 - - default default] 10.0.0.109 "GET /v2.0/extensions/dhcp_agent_scheduler HTTP/1.1" status: 200 len: 381 time: 0.0062332
2026-04-07 01:16:01.740 10 INFO neutron.wsgi [None req-c8720236-5810-4704-ad29-f889c369dabd 38118fb5c72b407caf11e17dd5134d34 12c33530e15a4e16aa9c464ec8dd9460 - - default default] 10.0.0.109 "GET /v2.0/extensions/dns-integration HTTP/1.1" status: 200 len: 366 time: 0.0036600
2026-04-07 01:16:01.752 9 INFO neutron.wsgi [None req-3be1a5a0-e287-4741-9a35-b393b3fa7cb2 38118fb5c72b407caf11e17dd5134d34 12c33530e15a4e16aa9c464ec8dd9460 - - default default] 10.0.0.109 "GET /v2.0/extensions/dns-domain-ports HTTP/1.1" status: 200 len: 399 time: 0.0074213
2026-04-07 01:16:01.766 9 INFO neutron.wsgi [None req-132a5443-c575-4911-96ab-83fd7a467f43 38118fb5c72b407caf11e17dd5134d34 12c33530e15a4e16aa9c464ec8dd9460 - - default default] 10.0.0.109 "GET /v2.0/extensions/dns-integration-domain-keywords HTTP/1.1" status: 200 len: 477 time: 0.0069351
2026-04-07 01:16:01.778 9 INFO neutron.wsgi [None req-1238dad5-6a20-463e-8087-32b987926d39 38118fb5c72b407caf11e17dd5134d34 12c33530e15a4e16aa9c464ec8dd9460 - - default default] 10.0.0.109 "GET /v2.0/extensions/empty-string-filtering HTTP/1.1" status: 200 len: 413 time: 0.0073164
2026-04-07 01:16:01.787 10 INFO neutron.wsgi [None req-bbd956e3-e457-49ad-9823-4d48a9ec95fc 38118fb5c72b407caf11e17dd5134d34 12c33530e15a4e16aa9c464ec8dd9460 - - default default] 10.0.0.109 "GET /v2.0/extensions/external-net HTTP/1.1" status: 200 len: 394 time: 0.0063679
2026-04-07 01:16:01.800 10 INFO neutron.wsgi [None req-f48051e9-db85-413d-97a3-ef217f892142 38118fb5c72b407caf11e17dd5134d34 12c33530e15a4e16aa9c464ec8dd9460 - - default default] 10.0.0.109 "GET /v2.0/extensions/extra_dhcp_opt HTTP/1.1" status: 200 len: 498 time: 0.0078442
2026-04-07 01:16:01.879 9 INFO neutron.wsgi [None req-c98d3eeb-77e0-4ea1-b284-d6cb01ae7eef 38118fb5c72b407caf11e17dd5134d34 12c33530e15a4e16aa9c464ec8dd9460 - - default default] 10.0.0.109 "GET /v2.0/extensions/extraroute HTTP/1.1" status: 200 len: 375 time: 0.0333090
2026-04-07 01:16:01.890 9 INFO neutron.wsgi [None req-398bb728-3e7a-48b7-8c25-316244367062 38118fb5c72b407caf11e17dd5134d34 12c33530e15a4e16aa9c464ec8dd9460 - - default default] 10.0.0.109 "GET /v2.0/extensions/filter-validation HTTP/1.1" status: 200 len: 392 time: 0.0053256
2026-04-07 01:16:01.899 9 INFO neutron.wsgi [None req-0cf3613f-62d6-446a-8430-9a608665b9d8 38118fb5c72b407caf11e17dd5134d34 12c33530e15a4e16aa9c464ec8dd9460 - - default default] 10.0.0.109 "GET /v2.0/extensions/floating-ip-port-forwarding-detail HTTP/1.1" status: 200 len: 465 time: 0.0060203
2026-04-07 01:16:01.908 9 INFO neutron.wsgi [None req-a4dcfabd-77d7-4a53-af39-72baaf0ca31c 38118fb5c72b407caf11e17dd5134d34 12c33530e15a4e16aa9c464ec8dd9460 - - default default] 10.0.0.109 "GET /v2.0/extensions/fip-port-details HTTP/1.1" status: 200 len: 406 time: 0.0040505
2026-04-07 01:16:01.917 9 INFO neutron.wsgi [None req-b8c98dbc-0c9d-4ccd-a828-e6baaac716d7 38118fb5c72b407caf11e17dd5134d34 12c33530e15a4e16aa9c464ec8dd9460 - - default default] 10.0.0.109 "GET /v2.0/extensions/flavors HTTP/1.1" status: 200 len: 387 time: 0.0055594
2026-04-07 01:16:01.927 9 INFO neutron.wsgi [None req-3f0ae49d-23e2-4dab-8603-80fdb8e0d944 38118fb5c72b407caf11e17dd5134d34 12c33530e15a4e16aa9c464ec8dd9460 - - default default] 10.0.0.109 "GET /v2.0/extensions/floatingip-pools HTTP/1.1" status: 200 len: 382 time: 0.0059881
2026-04-07 01:16:01.935 9 INFO neutron.wsgi [None req-4305b8cf-4aa3-4732-865f-d668b58ffea1 38118fb5c72b407caf11e17dd5134d34 12c33530e15a4e16aa9c464ec8dd9460 - - default default] 10.0.0.109 "GET /v2.0/extensions/ip_allocation HTTP/1.1" status: 200 len: 356 time: 0.0047421
2026-04-07 01:16:01.946 9 INFO neutron.wsgi [None req-22a48798-921a-4587-85b7-38a610650979 38118fb5c72b407caf11e17dd5134d34 12c33530e15a4e16aa9c464ec8dd9460 - - default default] 10.0.0.109 "GET /v2.0/extensions/l2_adjacency HTTP/1.1" status: 200 len: 372 time: 0.0058429
2026-04-07 01:16:01.964 9 INFO neutron.wsgi [None req-186ecdf2-ae6f-4618-8342-121994d8d784 38118fb5c72b407caf11e17dd5134d34 12c33530e15a4e16aa9c464ec8dd9460 - - default default] 10.0.0.109 "GET /v2.0/extensions/router HTTP/1.1" status: 200 len: 450 time: 0.0093896
2026-04-07 01:16:01.973 9 INFO neutron.wsgi [None req-5dcd6bcf-4327-487c-baba-56a7e6fe0920 38118fb5c72b407caf11e17dd5134d34 12c33530e15a4e16aa9c464ec8dd9460 - - default default] 10.0.0.109 "GET /v2.0/extensions/ext-gw-mode HTTP/1.1" status: 200 len: 462 time: 0.0037234
2026-04-07 01:16:01.981 9 INFO neutron.wsgi [None req-63638d3f-48f2-468a-9684-d1d5ad7bca6a 38118fb5c72b407caf11e17dd5134d34 12c33530e15a4e16aa9c464ec8dd9460 - - default default] 10.0.0.109 "GET /v2.0/extensions/logging HTTP/1.1" status: 200 len: 407 time: 0.0044575
2026-04-07 01:16:01.989 9 INFO neutron.wsgi [None req-c286dadd-2bab-447e-9534-50d23c633a69 38118fb5c72b407caf11e17dd5134d34 12c33530e15a4e16aa9c464ec8dd9460 - - default default] 10.0.0.109 "GET /v2.0/extensions/multi-provider HTTP/1.1" status: 200 len: 406 time: 0.0045409
2026-04-07 01:16:01.998 9 INFO neutron.wsgi [None req-0429db41-170b-40ea-827c-dd04fb3828bf 38118fb5c72b407caf11e17dd5134d34 12c33530e15a4e16aa9c464ec8dd9460 - - default default] 10.0.0.109 "GET /v2.0/extensions/net-mtu HTTP/1.1" status: 200 len: 370 time: 0.0053611
2026-04-07 01:16:02.005 9 INFO neutron.wsgi [None req-c04d39bb-3dcf-4fdf-9336-5608e3afc043 38118fb5c72b407caf11e17dd5134d34 12c33530e15a4e16aa9c464ec8dd9460 - - default default] 10.0.0.109 "GET /v2.0/extensions/net-mtu-writable HTTP/1.1" status: 200 len: 401 time: 0.0038280
2026-04-07 01:16:02.013 9 INFO neutron.wsgi [None req-21158319-c1dd-4507-adee-1671256a714b 38118fb5c72b407caf11e17dd5134d34 12c33530e15a4e16aa9c464ec8dd9460 - - default default] 10.0.0.109 "GET /v2.0/extensions/network_availability_zone HTTP/1.1" status: 200 len: 394 time: 0.0039101
2026-04-07 01:16:02.019 9 INFO neutron.wsgi [None req-0b5a02d1-b2de-4616-9a15-81b79465f803 38118fb5c72b407caf11e17dd5134d34 12c33530e15a4e16aa9c464ec8dd9460 - - default default] 10.0.0.109 "GET /v2.0/extensions/network-ip-availability HTTP/1.1" status: 200 len: 410 time: 0.0037761
2026-04-07 01:16:02.021 10 INFO neutron.wsgi [-] 10.0.0.9 "GET / HTTP/1.1" status: 200 len: 247 time: 0.0026906
2026-04-07 01:16:02.024 10 INFO neutron.wsgi [-] 10.0.0.9 "GET / HTTP/1.1" status: 200 len: 247 time: 0.0018003
2026-04-07 01:16:02.026 9 INFO neutron.wsgi [None req-848ab451-ea52-43ed-825d-381ab4ec945f 38118fb5c72b407caf11e17dd5134d34 12c33530e15a4e16aa9c464ec8dd9460 - - default default] 10.0.0.109 "GET /v2.0/extensions/pagination HTTP/1.1" status: 200 len: 386 time: 0.0035157
2026-04-07 01:16:02.031 9 INFO neutron.wsgi [None req-149b67d3-8966-4e34-a855-187308da7435 38118fb5c72b407caf11e17dd5134d34 12c33530e15a4e16aa9c464ec8dd9460 - - default default] 10.0.0.109 "GET /v2.0/extensions/port-device-profile HTTP/1.1" status: 200 len: 383 time: 0.0031857
2026-04-07 01:16:02.037 9 INFO neutron.wsgi [None req-f6696573-9acc-4a45-b6c1-5b8a51eac3bd 38118fb5c72b407caf11e17dd5134d34 12c33530e15a4e16aa9c464ec8dd9460 - - default default] 10.0.0.109 "GET /v2.0/extensions/port-mac-address-regenerate HTTP/1.1" status: 200 len: 403 time: 0.0031240
2026-04-07 01:16:02.043 9 INFO neutron.wsgi [None req-97e8f80f-1d66-40c3-b5cb-a6d1bf9dc0c4 38118fb5c72b407caf11e17dd5134d34 12c33530e15a4e16aa9c464ec8dd9460 - - default default] 10.0.0.109 "GET /v2.0/extensions/port-numa-affinity-policy HTTP/1.1" status: 200 len: 392 time: 0.0034804
2026-04-07 01:16:02.050 9 INFO neutron.wsgi [None req-e019349b-f56c-4936-8ef8-72f729b29e4d 38118fb5c72b407caf11e17dd5134d34 12c33530e15a4e16aa9c464ec8dd9460 - - default default] 10.0.0.109 "GET /v2.0/extensions/port-resource-request HTTP/1.1" status: 200 len: 379 time: 0.0043750
2026-04-07 01:16:02.057 9 INFO neutron.wsgi [None req-9b410ae6-449f-4116-a8e8-7f03a7370cbc 38118fb5c72b407caf11e17dd5134d34 12c33530e15a4e16aa9c464ec8dd9460 - - default default] 10.0.0.109 "GET /v2.0/extensions/port-resource-request-groups HTTP/1.1" status: 200 len: 465 time: 0.0041838
2026-04-07 01:16:02.065 9 INFO neutron.wsgi [None req-a124831f-438a-4312-bd7b-35f09b9150aa 38118fb5c72b407caf11e17dd5134d34 12c33530e15a4e16aa9c464ec8dd9460 - - default default] 10.0.0.109 "GET /v2.0/extensions/binding HTTP/1.1" status: 200 len: 387 time: 0.0043976
2026-04-07 01:16:02.073 9 INFO neutron.wsgi [None req-2f900aa8-f8fd-44b0-b38e-af8b19adf1f1 38118fb5c72b407caf11e17dd5134d34 12c33530e15a4e16aa9c464ec8dd9460 - - default default] 10.0.0.109 "GET /v2.0/extensions/binding-extended HTTP/1.1" status: 200 len: 406 time: 0.0042295
2026-04-07 01:16:02.080 9 INFO neutron.wsgi [None req-965a02f8-bc8d-47ad-b8d7-0b27c97d3cf1 38118fb5c72b407caf11e17dd5134d34 12c33530e15a4e16aa9c464ec8dd9460 - - default default] 10.0.0.109 "GET /v2.0/extensions/port-security HTTP/1.1" status: 200 len: 354 time: 0.0044098
2026-04-07 01:16:02.088 9 INFO neutron.wsgi [None req-b51634e0-908f-4002-ab0b-544b8defbc4e 38118fb5c72b407caf11e17dd5134d34 12c33530e15a4e16aa9c464ec8dd9460 - - default default] 10.0.0.109 "GET /v2.0/extensions/project-id HTTP/1.1" status: 200 len: 398 time: 0.0041795
2026-04-07 01:16:02.095 9 INFO neutron.wsgi [None req-5a9f86e9-9d1b-4875-990c-4fac889faf8f 38118fb5c72b407caf11e17dd5134d34 12c33530e15a4e16aa9c464ec8dd9460 - - default default] 10.0.0.109 "GET /v2.0/extensions/provider HTTP/1.1" status: 200 len: 385 time: 0.0042632
2026-04-07 01:16:02.104 9 INFO neutron.wsgi [None req-df3bbef4-9a1b-49a4-8e37-9db82961264f 38118fb5c72b407caf11e17dd5134d34 12c33530e15a4e16aa9c464ec8dd9460 - - default default] 10.0.0.109 "GET /v2.0/extensions/qos HTTP/1.1" status: 200 len: 360 time: 0.0048165
2026-04-07 01:16:02.112 9 INFO neutron.wsgi [None req-874f8912-9220-4126-a975-57f8f49462b1 38118fb5c72b407caf11e17dd5134d34 12c33530e15a4e16aa9c464ec8dd9460 - - default default] 10.0.0.109 "GET /v2.0/extensions/qos-bw-limit-direction HTTP/1.1" status: 200 len: 452 time: 0.0049133
2026-04-07 01:16:02.120 9 INFO neutron.wsgi [None req-bb015677-717e-422f-845f-6170ba910bf4 38118fb5c72b407caf11e17dd5134d34 12c33530e15a4e16aa9c464ec8dd9460 - - default default] 10.0.0.109 "GET /v2.0/extensions/qos-bw-minimum-ingress HTTP/1.1" status: 200 len: 445 time: 0.0043976
2026-04-07 01:16:02.130 10 INFO neutron.wsgi [None req-d31046d1-5535-4a79-8ac5-51cb029ee55f 38118fb5c72b407caf11e17dd5134d34 12c33530e15a4e16aa9c464ec8dd9460 - - default default] 10.0.0.109 "GET /v2.0/extensions/qos-default HTTP/1.1" status: 200 len: 377 time: 0.0069191
2026-04-07 01:16:02.139 10 INFO neutron.wsgi [None req-51a4144d-fec0-43eb-a985-b6bf98301600 38118fb5c72b407caf11e17dd5134d34 12c33530e15a4e16aa9c464ec8dd9460 - - default default] 10.0.0.109 "GET /v2.0/extensions/qos-fip HTTP/1.1" status: 200 len: 372 time: 0.0053148
2026-04-07 01:16:02.145 10 INFO neutron.wsgi [None req-0b4dfa54-19c4-49d6-882a-0e99379d9fc2 38118fb5c72b407caf11e17dd5134d34 12c33530e15a4e16aa9c464ec8dd9460 - - default default] 10.0.0.109 "GET /v2.0/extensions/qos-gateway-ip HTTP/1.1" status: 200 len: 391 time: 0.0033767
2026-04-07 01:16:02.153 9 INFO neutron.wsgi [None req-8dde48c0-3dfc-4d13-8c77-de19cca15cb6 38118fb5c72b407caf11e17dd5134d34 12c33530e15a4e16aa9c464ec8dd9460 - - default default] 10.0.0.109 "GET /v2.0/extensions/qos-port-network-policy HTTP/1.1" status: 200 len: 403 time: 0.0051241
2026-04-07 01:16:02.161 9 INFO neutron.wsgi [None req-feb50fb4-90b2-40b5-a5ee-c2fd99082749 38118fb5c72b407caf11e17dd5134d34 12c33530e15a4e16aa9c464ec8dd9460 - - default default] 10.0.0.109 "GET /v2.0/extensions/qos-pps-minimum HTTP/1.1" status: 200 len: 397 time: 0.0046966
2026-04-07 01:16:02.169 9 INFO neutron.wsgi [None req-ba72e10b-c429-45b7-ad18-6cdd45e35cec 38118fb5c72b407caf11e17dd5134d34 12c33530e15a4e16aa9c464ec8dd9460 - - default default] 10.0.0.109 "GET /v2.0/extensions/qos-pps-minimum-rule-alias HTTP/1.1" status: 200 len: 471 time: 0.0052800
2026-04-07 01:16:02.177 9 INFO neutron.wsgi [None req-9872de58-2cc6-42d6-b511-47a8c36f2b47 38118fb5c72b407caf11e17dd5134d34 12c33530e15a4e16aa9c464ec8dd9460 - - default default] 10.0.0.109 "GET /v2.0/extensions/qos-pps HTTP/1.1" status: 200 len: 389 time: 0.0045161
2026-04-07 01:16:02.184 9 INFO neutron.wsgi [None req-b292ca88-5a2c-43f3-b68c-31ab625792be 38118fb5c72b407caf11e17dd5134d34 12c33530e15a4e16aa9c464ec8dd9460 - - default default] 10.0.0.109 "GET /v2.0/extensions/qos-rule-type-details HTTP/1.1" status: 200 len: 423 time: 0.0045621
2026-04-07 01:16:02.193 9 INFO neutron.wsgi [None req-ff1af084-d9c5-4594-b9ef-be40d5a10756 38118fb5c72b407caf11e17dd5134d34 12c33530e15a4e16aa9c464ec8dd9460 - - default default] 10.0.0.109 "GET /v2.0/extensions/qos-rule-type-filter HTTP/1.1" status: 200 len: 567 time: 0.0061536
2026-04-07 01:16:02.201 9 INFO neutron.wsgi [None req-953b4420-5a6e-4e59-8ff0-a8bfe4a9294e 38118fb5c72b407caf11e17dd5134d34 12c33530e15a4e16aa9c464ec8dd9460 - - default default] 10.0.0.109 "GET /v2.0/extensions/qos-rules-alias HTTP/1.1" status: 200 len: 448 time: 0.0049012
2026-04-07 01:16:02.210 10 INFO neutron.wsgi [None req-3ee3560e-7d86-4e3c-b571-48ea33b2904c 38118fb5c72b407caf11e17dd5134d34 12c33530e15a4e16aa9c464ec8dd9460 - - default default] 10.0.0.109 "GET /v2.0/extensions/quota-check-limit HTTP/1.1" status: 200 len: 420 time: 0.0056453
2026-04-07 01:16:02.217 9 INFO neutron.wsgi [None req-a01e0ee7-33ee-4b8b-8195-f84612ecd883 38118fb5c72b407caf11e17dd5134d34 12c33530e15a4e16aa9c464ec8dd9460 - - default default] 10.0.0.109 "GET /v2.0/extensions/quotas HTTP/1.1" status: 200 len: 386 time: 0.0039694
2026-04-07 01:16:02.224 9 INFO neutron.wsgi [None req-abb79444-0abb-4899-bf7c-6b695ffa8dcb 38118fb5c72b407caf11e17dd5134d34 12c33530e15a4e16aa9c464ec8dd9460 - - default default] 10.0.0.109 "GET /v2.0/extensions/quota_details HTTP/1.1" status: 200 len: 407 time: 0.0044999
2026-04-07 01:16:02.231 9 INFO neutron.wsgi [None req-f26ff063-edde-4ff7-85a8-a68558423442 38118fb5c72b407caf11e17dd5134d34 12c33530e15a4e16aa9c464ec8dd9460 - - default default] 10.0.0.109 "GET /v2.0/extensions/rbac-policies HTTP/1.1" status: 200 len: 417 time: 0.0044286
2026-04-07 01:16:02.239 9 INFO neutron.wsgi [None req-49c031fb-8a86-4198-874d-2c72ff1c1298 38118fb5c72b407caf11e17dd5134d34 12c33530e15a4e16aa9c464ec8dd9460 - - default default] 10.0.0.109 "GET /v2.0/extensions/rbac-address-scope HTTP/1.1" status: 200 len: 384 time: 0.0046606
2026-04-07 01:16:02.246 9 INFO neutron.wsgi [None req-3d3294fb-331b-4a38-98b3-a97941d4ecfe 38118fb5c72b407caf11e17dd5134d34 12c33530e15a4e16aa9c464ec8dd9460 - - default default] 10.0.0.109 "GET /v2.0/extensions/rbac-security-groups HTTP/1.1" status: 200 len: 404 time: 0.0044403
2026-04-07 01:16:02.255 9 INFO neutron.wsgi [None req-2c4e7e0a-a6fe-4e5d-a1ed-6b779528c634 38118fb5c72b407caf11e17dd5134d34 12c33530e15a4e16aa9c464ec8dd9460 - - default default] 10.0.0.109 "GET /v2.0/extensions/revision-if-match HTTP/1.1" status: 200 len: 441 time: 0.0045400
2026-04-07 01:16:02.268 10 INFO neutron.wsgi [None req-1b9dc77b-9208-4d6f-b193-6a9235fa996c 38118fb5c72b407caf11e17dd5134d34 12c33530e15a4e16aa9c464ec8dd9460 - - default default] 10.0.0.109 "GET /v2.0/extensions/standard-attr-revisions HTTP/1.1" status: 200 len: 423 time: 0.0091128
2026-04-07 01:16:02.277 10 INFO neutron.wsgi [None req-756ed9d6-b0a2-4866-827e-e277ad4e2172 38118fb5c72b407caf11e17dd5134d34 12c33530e15a4e16aa9c464ec8dd9460 - - default default] 10.0.0.109 "GET /v2.0/extensions/router_availability_zone HTTP/1.1" status: 200 len: 391 time: 0.0060992
2026-04-07 01:16:02.286 10 INFO neutron.wsgi [None req-bb5a0ad4-7ab0-4d13-ab3d-057f2f4a16d5 38118fb5c72b407caf11e17dd5134d34 12c33530e15a4e16aa9c464ec8dd9460 - - default default] 10.0.0.109 "GET /v2.0/extensions/security-groups-default-rules HTTP/1.1" status: 200 len: 456 time: 0.0055590
2026-04-07 01:16:02.295 9 INFO neutron.wsgi [None req-f3b86d7a-d48d-4157-a423-797ec9a0735e 38118fb5c72b407caf11e17dd5134d34 12c33530e15a4e16aa9c464ec8dd9460 - - default default] 10.0.0.109 "GET /v2.0/extensions/security-groups-normalized-cidr HTTP/1.1" status: 200 len: 445 time: 0.0048079
2026-04-07 01:16:02.311 10 INFO neutron.wsgi [None req-499d4572-7437-4f69-abbc-a7966eb4bbde 38118fb5c72b407caf11e17dd5134d34 12c33530e15a4e16aa9c464ec8dd9460 - - default default] 10.0.0.109 "GET /v2.0/extensions/security-groups-remote-address-group HTTP/1.1" status: 200 len: 448 time: 0.0112412
2026-04-07 01:16:02.320 10 INFO neutron.wsgi [None req-214b508a-52dd-4a25-beca-ddcbf70ee693 38118fb5c72b407caf11e17dd5134d34 12c33530e15a4e16aa9c464ec8dd9460 - - default default] 10.0.0.109 "GET /v2.0/extensions/security-groups-shared-filtering HTTP/1.1" status: 200 len: 435 time: 0.0050752
2026-04-07 01:16:02.328 10 INFO neutron.wsgi [None req-ad2f9ec0-8313-47fc-9db8-b7c0b78fec5d 38118fb5c72b407caf11e17dd5134d34 12c33530e15a4e16aa9c464ec8dd9460 - - default default] 10.0.0.109 "GET /v2.0/extensions/security-group HTTP/1.1" status: 200 len: 364 time: 0.0050907
2026-04-07 01:16:02.336 10 INFO neutron.wsgi [None req-ac2d8018-5065-435f-8443-cdf5466a30e6 38118fb5c72b407caf11e17dd5134d34 12c33530e15a4e16aa9c464ec8dd9460 - - default default] 10.0.0.109 "GET /v2.0/extensions/segment HTTP/1.1" status: 200 len: 339 time: 0.0043533
2026-04-07 01:16:02.346 9 INFO neutron.wsgi [None req-c65c0244-6bcf-45da-a56e-e5757e1aa80a 38118fb5c72b407caf11e17dd5134d34 12c33530e15a4e16aa9c464ec8dd9460 - - default default] 10.0.0.109 "GET /v2.0/extensions/segments-peer-subnet-host-routes HTTP/1.1" status: 200 len: 427 time: 0.0059335
2026-04-07 01:16:02.353 9 INFO neutron.wsgi [None req-026c17be-3fb8-4920-a3af-7e05d5d315d4 38118fb5c72b407caf11e17dd5134d34 12c33530e15a4e16aa9c464ec8dd9460 - - default default] 10.0.0.109 "GET /v2.0/extensions/service-type HTTP/1.1" status: 200 len: 415 time: 0.0032732
2026-04-07 01:16:02.360 9 INFO neutron.wsgi [None req-65f0fd33-b87e-430e-8f98-6bbeb2d80ce7 38118fb5c72b407caf11e17dd5134d34 12c33530e15a4e16aa9c464ec8dd9460 - - default default] 10.0.0.109 "GET /v2.0/extensions/sorting HTTP/1.1" status: 200 len: 377 time: 0.0041420
2026-04-07 01:16:02.368 9 INFO neutron.wsgi [None req-6bac28c9-5764-4d05-84f5-baa00a098441 38118fb5c72b407caf11e17dd5134d34 12c33530e15a4e16aa9c464ec8dd9460 - - default default] 10.0.0.109 "GET /v2.0/extensions/standard-attr-segment HTTP/1.1" status: 200 len: 406 time: 0.0045340
2026-04-07 01:16:02.374 9 INFO neutron.wsgi [None req-96b9e222-83b8-4cb6-8cb4-9dafd9d85342 38118fb5c72b407caf11e17dd5134d34 12c33530e15a4e16aa9c464ec8dd9460 - - default default] 10.0.0.109 "GET /v2.0/extensions/standard-attr-description HTTP/1.1" status: 200 len: 408 time: 0.0032706
2026-04-07 01:16:02.381 9 INFO neutron.wsgi [None req-7096c1d2-9623-49e0-9bb6-becab9aa32dc 38118fb5c72b407caf11e17dd5134d34 12c33530e15a4e16aa9c464ec8dd9460 - - default default] 10.0.0.109 "GET /v2.0/extensions/stateful-security-group HTTP/1.1" status: 200 len: 402 time: 0.0037005
2026-04-07 01:16:02.390 9 INFO neutron.wsgi [None req-1bb8f14d-f780-441b-af9a-163a4f268b63 38118fb5c72b407caf11e17dd5134d34 12c33530e15a4e16aa9c464ec8dd9460 - - default default] 10.0.0.109 "GET /v2.0/extensions/subnet-dns-publish-fixed-ip HTTP/1.1" status: 200 len: 421 time: 0.0041814
2026-04-07 01:16:02.397 9 INFO neutron.wsgi [None req-c885ec78-7007-47c1-9bab-feaa2bcaa91c 38118fb5c72b407caf11e17dd5134d34 12c33530e15a4e16aa9c464ec8dd9460 - - default default] 10.0.0.109 "GET /v2.0/extensions/subnet-segmentid-writable HTTP/1.1" status: 200 len: 421 time: 0.0046036
2026-04-07 01:16:02.405 9 INFO neutron.wsgi [None req-1f00c06d-e90f-48cc-9ea6-b16dda235a5f 38118fb5c72b407caf11e17dd5134d34 12c33530e15a4e16aa9c464ec8dd9460 - - default default] 10.0.0.109 "GET /v2.0/extensions/subnet-service-types HTTP/1.1" status: 200 len: 400 time: 0.0046568
2026-04-07 01:16:02.413 9 INFO neutron.wsgi [None req-87cfa779-f93b-415d-9569-2be6ce6a158e 38118fb5c72b407caf11e17dd5134d34 12c33530e15a4e16aa9c464ec8dd9460 - - default default] 10.0.0.109 "GET /v2.0/extensions/subnet_allocation HTTP/1.1" status: 200 len: 388 time: 0.0053263
2026-04-07 01:16:02.420 9 INFO neutron.wsgi [None req-0912584a-62f4-4a26-81d9-e59e1e31cc8b 38118fb5c72b407caf11e17dd5134d34 12c33530e15a4e16aa9c464ec8dd9460 - - default default] 10.0.0.109 "GET /v2.0/extensions/subnetpool-prefix-ops HTTP/1.1" status: 200 len: 418 time: 0.0044813
2026-04-07 01:16:02.432 10 INFO neutron.wsgi [None req-4fb8aa9f-531e-424a-af4d-27f837576e9a 38118fb5c72b407caf11e17dd5134d34 12c33530e15a4e16aa9c464ec8dd9460 - - default default] 10.0.0.109 "GET /v2.0/extensions/standard-attr-tag HTTP/1.1" status: 200 len: 537 time: 0.0082300
2026-04-07 01:16:02.438 10 INFO neutron.wsgi [None req-830299bb-361f-4f86-8e32-ab86b7dd5302 38118fb5c72b407caf11e17dd5134d34 12c33530e15a4e16aa9c464ec8dd9460 - - default default] 10.0.0.109 "GET /v2.0/extensions/standard-attr-timestamp HTTP/1.1" status: 200 len: 449 time: 0.0032027
2026-04-07 01:16:02.446 10 INFO neutron.wsgi [None req-0f4ae2b9-6adb-404f-955d-d3c265899a6b 38118fb5c72b407caf11e17dd5134d34 12c33530e15a4e16aa9c464ec8dd9460 - - default default] 10.0.0.109 "GET /v2.0/extensions/trunk HTTP/1.1" status: 200 len: 358 time: 0.0044930
2026-04-07 01:16:02.453 10 INFO neutron.wsgi [None req-d80e923e-0247-4afd-b0c3-c035ada38a1e 38118fb5c72b407caf11e17dd5134d34 12c33530e15a4e16aa9c464ec8dd9460 - - default default] 10.0.0.109 "GET /v2.0/extensions/trunk-details HTTP/1.1" status: 200 len: 362 time: 0.0042088
2026-04-07 01:16:03.036 9 INFO neutron.db.ovn_revision_numbers_db [None req-e2cc3175-750f-495b-a35b-4c43626353f7 b79fd18be6484ab3be3944303af0fddd a38b0b41e32c4c89a7b16e9d70bcfb57 - - default default] Successfully bumped revision number for resource acb77666-bc23-48ba-8381-7c8598828126 (type: security_groups) to 1
2026-04-07 01:16:03.038 10 INFO neutron.db.ovn_revision_numbers_db [None req-bc424032-0619-4dfd-8fcd-02893b60bf51 b79fd18be6484ab3be3944303af0fddd a38b0b41e32c4c89a7b16e9d70bcfb57 - - default default] Successfully bumped revision number for resource 3dd5a517-e599-4f69-8e0c-6334b779f8de (type: security_groups) to 1
2026-04-07 01:16:03.051 9 INFO neutron.db.ovn_revision_numbers_db [None req-e2cc3175-750f-495b-a35b-4c43626353f7 b79fd18be6484ab3be3944303af0fddd a38b0b41e32c4c89a7b16e9d70bcfb57 - - default default] Successfully bumped revision number for resource 87c1f495-b152-44d6-ae00-30127d1b5ce1 (type: security_group_rules) to 0
2026-04-07 01:16:03.052 10 INFO neutron.db.ovn_revision_numbers_db [None req-bc424032-0619-4dfd-8fcd-02893b60bf51 b79fd18be6484ab3be3944303af0fddd a38b0b41e32c4c89a7b16e9d70bcfb57 - - default default] Successfully bumped revision number for resource 5614b669-426d-4ac2-8d2e-dc3ad3b722cb (type: security_group_rules) to 0
2026-04-07 01:16:03.062 9 INFO neutron.db.ovn_revision_numbers_db [None req-e2cc3175-750f-495b-a35b-4c43626353f7 b79fd18be6484ab3be3944303af0fddd a38b0b41e32c4c89a7b16e9d70bcfb57 - - default default] Successfully bumped revision number for resource 99796ff5-c98f-43ca-88dd-c06a684e0dba (type: security_group_rules) to 0
2026-04-07 01:16:03.066 10 INFO neutron.db.ovn_revision_numbers_db [None req-bc424032-0619-4dfd-8fcd-02893b60bf51 b79fd18be6484ab3be3944303af0fddd a38b0b41e32c4c89a7b16e9d70bcfb57 - - default default] Successfully bumped revision number for resource 66b0570e-3db4-48e4-8fd0-387f51e5ccee (type: security_group_rules) to 0
2026-04-07 01:16:03.076 9 INFO neutron.db.ovn_revision_numbers_db [None req-e2cc3175-750f-495b-a35b-4c43626353f7 b79fd18be6484ab3be3944303af0fddd a38b0b41e32c4c89a7b16e9d70bcfb57 - - default default] Successfully bumped revision number for resource a5cbe042-8942-4585-b284-1b592aaa7d64 (type: security_group_rules) to 0
2026-04-07 01:16:03.088 10 INFO neutron.db.ovn_revision_numbers_db [None req-bc424032-0619-4dfd-8fcd-02893b60bf51 b79fd18be6484ab3be3944303af0fddd a38b0b41e32c4c89a7b16e9d70bcfb57 - - default default] Successfully bumped revision number for resource ac337e6e-d955-46f0-9e41-d6e4804d833f (type: security_group_rules) to 0
2026-04-07 01:16:03.090 9 INFO neutron.db.ovn_revision_numbers_db [None req-e2cc3175-750f-495b-a35b-4c43626353f7 b79fd18be6484ab3be3944303af0fddd a38b0b41e32c4c89a7b16e9d70bcfb57 - - default default] Successfully bumped revision number for resource ac95f3e6-0655-4f7c-aab3-47ffee289bdd (type: security_group_rules) to 0
2026-04-07 01:16:03.104 10 INFO neutron.db.ovn_revision_numbers_db [None req-bc424032-0619-4dfd-8fcd-02893b60bf51 b79fd18be6484ab3be3944303af0fddd a38b0b41e32c4c89a7b16e9d70bcfb57 - - default default] Successfully bumped revision number for resource e378e411-d136-4c52-8ce7-c1cd71d57976 (type: security_group_rules) to 0
2026-04-07 01:16:03.127 10 INFO neutron.wsgi [None req-bc424032-0619-4dfd-8fcd-02893b60bf51 b79fd18be6484ab3be3944303af0fddd a38b0b41e32c4c89a7b16e9d70bcfb57 - - default default] 10.0.0.109 "GET /v2.0/security-groups?tenant_id=12c33530e15a4e16aa9c464ec8dd9460&name=default HTTP/1.1" status: 200 len: 2996 time: 0.2414536
2026-04-07 01:16:03.143 9 INFO neutron.db.segments_db [None req-e2cc3175-750f-495b-a35b-4c43626353f7 b79fd18be6484ab3be3944303af0fddd a38b0b41e32c4c89a7b16e9d70bcfb57 - - default default] Added segment dc85d48e-64d6-4801-b549-d9077cb79daa of type geneve for network 1e0ad58d-0995-4957-8f9f-2018fa4cbe40
2026-04-07 01:16:03.277 9 INFO neutron.db.ovn_revision_numbers_db [None req-e2cc3175-750f-495b-a35b-4c43626353f7 b79fd18be6484ab3be3944303af0fddd a38b0b41e32c4c89a7b16e9d70bcfb57 - - default default] Successfully bumped revision number for resource 1e0ad58d-0995-4957-8f9f-2018fa4cbe40 (type: networks) to 1
2026-04-07 01:16:03.311 10 INFO neutron.wsgi [None req-583ad9f0-a678-4470-854f-1d7759cfec60 b79fd18be6484ab3be3944303af0fddd a38b0b41e32c4c89a7b16e9d70bcfb57 - - default default] 10.0.0.109 "DELETE /v2.0/security-groups/3dd5a517-e599-4f69-8e0c-6334b779f8de HTTP/1.1" status: 204 len: 168 time: 0.1788120
2026-04-07 01:16:03.420 9 WARNING neutron.scheduler.dhcp_agent_scheduler [None req-e2cc3175-750f-495b-a35b-4c43626353f7 b79fd18be6484ab3be3944303af0fddd a38b0b41e32c4c89a7b16e9d70bcfb57 - - default default] No more DHCP agents
2026-04-07 01:16:03.421 9 WARNING neutron.api.rpc.agentnotifiers.dhcp_rpc_agent_api [None req-e2cc3175-750f-495b-a35b-4c43626353f7 b79fd18be6484ab3be3944303af0fddd a38b0b41e32c4c89a7b16e9d70bcfb57 - - default default] Unable to schedule network 1e0ad58d-0995-4957-8f9f-2018fa4cbe40: no agents available; will retry on subsequent port and subnet creation events.
2026-04-07 01:16:03.711 9 INFO neutron.db.ovn_revision_numbers_db [None req-e2cc3175-750f-495b-a35b-4c43626353f7 b79fd18be6484ab3be3944303af0fddd a38b0b41e32c4c89a7b16e9d70bcfb57 - - default default] Successfully bumped revision number for resource 10b1fdd2-c3de-4543-803c-676989383176 (type: ports) to 1
2026-04-07 01:16:03.733 9 INFO neutron.wsgi [None req-e2cc3175-750f-495b-a35b-4c43626353f7 b79fd18be6484ab3be3944303af0fddd a38b0b41e32c4c89a7b16e9d70bcfb57 - - default default] 10.0.0.109 "POST /v2.0/networks HTTP/1.1" status: 201 len: 940 time: 0.9712532
2026-04-07 01:16:03.893 9 WARNING neutron.scheduler.dhcp_agent_scheduler [None req-a0d38a4b-8915-4fb3-b642-344905e7a554 b79fd18be6484ab3be3944303af0fddd a38b0b41e32c4c89a7b16e9d70bcfb57 - - default default] No more DHCP agents
2026-04-07 01:16:03.895 9 WARNING neutron.api.rpc.agentnotifiers.dhcp_rpc_agent_api [None req-a0d38a4b-8915-4fb3-b642-344905e7a554 b79fd18be6484ab3be3944303af0fddd a38b0b41e32c4c89a7b16e9d70bcfb57 - - default default] Unable to schedule network 1e0ad58d-0995-4957-8f9f-2018fa4cbe40: no agents available; will retry on subsequent port and subnet creation events.
2026-04-07 01:16:04.299 9 INFO neutron.wsgi [req-57cb3924-02bb-4809-95fd-641cea2dcfe2 req-2d181353-cc9f-4251-b011-91a0cefa6a7f fbd8907a5f9c45149b7c038d0212b587 dba7df4e747c47db98cd6c9869a1d6ea - - 01f9423ebda34104846b5c94b1c9ac6e 01f9423ebda34104846b5c94b1c9ac6e] 10.0.0.175 "GET /v2.0/ports?device_id=f671a398-cf7c-4d3d-bb56-d3ab7c31bae3 HTTP/1.1" status: 200 len: 1413 time: 0.0413926
2026-04-07 01:16:04.355 9 INFO neutron.wsgi [req-57cb3924-02bb-4809-95fd-641cea2dcfe2 req-4b4cec69-1e22-4b01-bc90-d0e8b3104c66 fbd8907a5f9c45149b7c038d0212b587 dba7df4e747c47db98cd6c9869a1d6ea - - 01f9423ebda34104846b5c94b1c9ac6e 01f9423ebda34104846b5c94b1c9ac6e] 10.0.0.175 "GET /v2.0/security-groups?id=be188f24-7c03-4e4d-999c-8828572cd562&fields=id&fields=name HTTP/1.1" status: 200 len: 312 time: 0.0488803
2026-04-07 01:16:04.418 9 INFO neutron.db.ovn_revision_numbers_db [None req-a0d38a4b-8915-4fb3-b642-344905e7a554 b79fd18be6484ab3be3944303af0fddd a38b0b41e32c4c89a7b16e9d70bcfb57 - - default default] Successfully bumped revision number for resource 10b1fdd2-c3de-4543-803c-676989383176 (type: ports) to 2
2026-04-07 01:16:04.461 9 INFO neutron.db.ovn_revision_numbers_db [None req-a0d38a4b-8915-4fb3-b642-344905e7a554 b79fd18be6484ab3be3944303af0fddd a38b0b41e32c4c89a7b16e9d70bcfb57 - - default default] Successfully bumped revision number for resource 82c2307e-0595-43f5-9b04-23d9b2117c31 (type: subnets) to 0
2026-04-07 01:16:04.479 9 INFO neutron.wsgi [None req-a0d38a4b-8915-4fb3-b642-344905e7a554 b79fd18be6484ab3be3944303af0fddd a38b0b41e32c4c89a7b16e9d70bcfb57 - - default default] 10.0.0.109 "POST /v2.0/subnets HTTP/1.1" status: 201 len: 860 time: 0.7404506
2026-04-07 01:16:04.954 9 WARNING neutron.scheduler.dhcp_agent_scheduler [None req-e9e0d8f6-8175-41db-a478-4c640b6e3cde b79fd18be6484ab3be3944303af0fddd a38b0b41e32c4c89a7b16e9d70bcfb57 - - default default] No more DHCP agents
2026-04-07 01:16:04.957 9 WARNING neutron.api.rpc.agentnotifiers.dhcp_rpc_agent_api [None req-e9e0d8f6-8175-41db-a478-4c640b6e3cde b79fd18be6484ab3be3944303af0fddd a38b0b41e32c4c89a7b16e9d70bcfb57 - - default default] Unable to schedule network 7f62f00d-fcf3-4222-a501-4a9916312d71: no agents available; will retry on subsequent port and subnet creation events.
2026-04-07 01:16:05.107 9 INFO neutron.db.ovn_revision_numbers_db [None req-e9e0d8f6-8175-41db-a478-4c640b6e3cde b79fd18be6484ab3be3944303af0fddd a38b0b41e32c4c89a7b16e9d70bcfb57 - - default default] Successfully bumped revision number for resource 8dec2511-b1e2-4685-9d9a-a1fe9129e453 (type: ports) to 1
2026-04-07 01:16:05.148 10 WARNING neutron_lib.context [None req-c7ba917d-52f4-4522-9bd8-1360f40f3271 b804bdfe3cf045e486f53afb74603a42 e8db91da1f7a42c5830a2ceb94cd53d0 - - default default] Method 'is_advsvc' is deprecated since 2023.2 release (neutron-lib 3.8.0) and will be removed once support for the old RBAC API policies will be removed from Neutron. Please use method 'is_service_role' instead.
2026-04-07 01:16:05.149 10 WARNING neutron_lib.context [None req-c7ba917d-52f4-4522-9bd8-1360f40f3271 b804bdfe3cf045e486f53afb74603a42 e8db91da1f7a42c5830a2ceb94cd53d0 - - default default] Method 'is_advsvc' is deprecated since 2023.2 release (neutron-lib 3.8.0) and will be removed once support for the old RBAC API policies will be removed from Neutron. Please use method 'is_service_role' instead.
2026-04-07 01:16:05.265 10 INFO neutron.db.ovn_revision_numbers_db [None req-c7ba917d-52f4-4522-9bd8-1360f40f3271 b804bdfe3cf045e486f53afb74603a42 e8db91da1f7a42c5830a2ceb94cd53d0 - - default default] Successfully bumped revision number for resource 157dc9df-76a7-4fae-ba7a-5bdadf20add5 (type: security_groups) to 1
2026-04-07 01:16:05.277 10 INFO neutron.db.ovn_revision_numbers_db [None req-c7ba917d-52f4-4522-9bd8-1360f40f3271 b804bdfe3cf045e486f53afb74603a42 e8db91da1f7a42c5830a2ceb94cd53d0 - - default default] Successfully bumped revision number for resource 0f598e27-815b-41bd-9e3c-6f52aa2b05db (type: security_group_rules) to 0
2026-04-07 01:16:05.290 10 INFO neutron.db.ovn_revision_numbers_db [None req-c7ba917d-52f4-4522-9bd8-1360f40f3271 b804bdfe3cf045e486f53afb74603a42 e8db91da1f7a42c5830a2ceb94cd53d0 - - default default] Successfully bumped revision number for resource 1520c340-50d3-4c0a-9670-23a0fdbcce55 (type: security_group_rules) to 0
2026-04-07 01:16:05.302 10 INFO neutron.db.ovn_revision_numbers_db [None req-c7ba917d-52f4-4522-9bd8-1360f40f3271 b804bdfe3cf045e486f53afb74603a42 e8db91da1f7a42c5830a2ceb94cd53d0 - - default default] Successfully bumped revision number for resource 159ca9f2-075f-4a18-b522-3d088d4d3b40 (type: security_group_rules) to 0
2026-04-07 01:16:05.316 10 INFO neutron.db.ovn_revision_numbers_db [None req-c7ba917d-52f4-4522-9bd8-1360f40f3271 b804bdfe3cf045e486f53afb74603a42 e8db91da1f7a42c5830a2ceb94cd53d0 - - default default] Successfully bumped revision number for resource babb1a71-4d76-47ac-8adc-e4f24b889f65 (type: security_group_rules) to 0
2026-04-07 01:16:05.377 10 INFO neutron.db.segments_db [None req-c7ba917d-52f4-4522-9bd8-1360f40f3271 b804bdfe3cf045e486f53afb74603a42 e8db91da1f7a42c5830a2ceb94cd53d0 - - default default] Added segment 51bff87d-5fe0-4872-be26-d14bd2cd0af6 of type geneve for network 27e4d943-34e9-4fc7-873c-fd7fc6ef0004
2026-04-07 01:16:05.496 10 INFO neutron.db.segments_db [None req-c7ba917d-52f4-4522-9bd8-1360f40f3271 b804bdfe3cf045e486f53afb74603a42 e8db91da1f7a42c5830a2ceb94cd53d0 - - default default] Added segment 0aeebf21-962f-451a-9bf5-43cd8acf3ee1 of type geneve for network a316fe30-8350-4a17-b4c0-77a108bb2bc0
2026-04-07 01:16:05.630 10 INFO neutron.db.ovn_revision_numbers_db [None req-c7ba917d-52f4-4522-9bd8-1360f40f3271 b804bdfe3cf045e486f53afb74603a42 e8db91da1f7a42c5830a2ceb94cd53d0 - - default default] Successfully bumped revision number for resource 27e4d943-34e9-4fc7-873c-fd7fc6ef0004 (type: networks) to 1
2026-04-07 01:16:05.706 9 INFO neutron.plugins.ml2.drivers.ovn.mech_driver.mech_driver [None req-af85d6d0-6fdf-4a18-90c9-61fd697ccba9 - - - - - -] OVN reports status up for port: 8dec2511-b1e2-4685-9d9a-a1fe9129e453
2026-04-07 01:16:05.728 9 INFO neutron.plugins.ml2.drivers.ovn.mech_driver.ovsdb.ovsdb_monitor [None req-7bb8caa9-e1b5-43b0-89a6-98ae37c86696 - - - - - -] Router ef25df0d-be01-49f5-9410-98a00e3fcfe5 is bound to host instance
2026-04-07 01:16:05.734 9 INFO neutron.plugins.ml2.plugin [None req-af85d6d0-6fdf-4a18-90c9-61fd697ccba9 - - - - - -] Attempt 1 to provision port 8dec2511-b1e2-4685-9d9a-a1fe9129e453
2026-04-07 01:16:05.765 9 INFO neutron.db.ovn_revision_numbers_db [None req-e9e0d8f6-8175-41db-a478-4c640b6e3cde b79fd18be6484ab3be3944303af0fddd a38b0b41e32c4c89a7b16e9d70bcfb57 - - default default] Successfully bumped revision number for resource 8dec2511-b1e2-4685-9d9a-a1fe9129e453 (type: router_ports) to 1
2026-04-07 01:16:05.857 10 WARNING neutron.scheduler.dhcp_agent_scheduler [None req-c7ba917d-52f4-4522-9bd8-1360f40f3271 b804bdfe3cf045e486f53afb74603a42 e8db91da1f7a42c5830a2ceb94cd53d0 - - default default] No more DHCP agents
2026-04-07 01:16:05.859 10 WARNING neutron.api.rpc.agentnotifiers.dhcp_rpc_agent_api [None req-c7ba917d-52f4-4522-9bd8-1360f40f3271 b804bdfe3cf045e486f53afb74603a42 e8db91da1f7a42c5830a2ceb94cd53d0 - - default default] Unable to schedule network 27e4d943-34e9-4fc7-873c-fd7fc6ef0004: no agents available; will retry on subsequent port and subnet creation events.
2026-04-07 01:16:05.873 9 INFO neutron.db.ovn_revision_numbers_db [None req-e9e0d8f6-8175-41db-a478-4c640b6e3cde b79fd18be6484ab3be3944303af0fddd a38b0b41e32c4c89a7b16e9d70bcfb57 - - default default] Successfully bumped revision number for resource ef25df0d-be01-49f5-9410-98a00e3fcfe5 (type: routers) to 2
2026-04-07 01:16:05.889 9 INFO neutron.wsgi [None req-e9e0d8f6-8175-41db-a478-4c640b6e3cde b79fd18be6484ab3be3944303af0fddd a38b0b41e32c4c89a7b16e9d70bcfb57 - - default default] 10.0.0.109 "POST /v2.0/routers HTTP/1.1" status: 201 len: 871 time: 1.4050219
2026-04-07 01:16:05.961 10 INFO neutron.db.ovn_revision_numbers_db [None req-c7ba917d-52f4-4522-9bd8-1360f40f3271 b804bdfe3cf045e486f53afb74603a42 e8db91da1f7a42c5830a2ceb94cd53d0 - - default default] Successfully bumped revision number for resource a7a69800-4ced-48c8-97d2-5e6c2e7323f8 (type: ports) to 1
2026-04-07 01:16:06.058 10 INFO neutron.db.ovn_revision_numbers_db [None req-c7ba917d-52f4-4522-9bd8-1360f40f3271 b804bdfe3cf045e486f53afb74603a42 e8db91da1f7a42c5830a2ceb94cd53d0 - - default default] Successfully bumped revision number for resource a316fe30-8350-4a17-b4c0-77a108bb2bc0 (type: networks) to 1
2026-04-07 01:16:06.242 9 INFO neutron.db.ovn_revision_numbers_db [None req-7bb8caa9-e1b5-43b0-89a6-98ae37c86696 - - - - - -] Successfully bumped revision number for resource 8dec2511-b1e2-4685-9d9a-a1fe9129e453 (type: ports) to 1
