2026-04-07 01:16:37.913 9 INFO neutron.pecan_wsgi.hooks.translation [None req-3140c9ff-1745-4854-a359-79214f14f668 9110765e0dbb412fbc5ee44c39f766b6 d4a99d7758ae4177810f4e0139fe2eb2 - - default default] DELETE failed (client error): The resource could not be found.
2026-04-07 01:16:37.916 9 INFO neutron.wsgi [None req-3140c9ff-1745-4854-a359-79214f14f668 9110765e0dbb412fbc5ee44c39f766b6 d4a99d7758ae4177810f4e0139fe2eb2 - - default default] 10.0.0.109 "DELETE /v2.0/subnets/89793f42-1603-458e-8e60-baac4188a6da HTTP/1.1" status: 404 len: 337 time: 0.0206831
2026-04-07 01:16:38.140 9 INFO neutron.wsgi [None req-612e642f-e330-4612-9431-7a24b2a828ab 9110765e0dbb412fbc5ee44c39f766b6 d4a99d7758ae4177810f4e0139fe2eb2 - - default default] 10.0.0.109 "DELETE /v2.0/ports/608137a6-9b3f-4c74-9333-cf4cb705f752 HTTP/1.1" status: 204 len: 168 time: 0.2194731
2026-04-07 01:16:38.513 9 INFO neutron.wsgi [None req-eace64e2-336d-4a40-be07-4a6602687b59 9110765e0dbb412fbc5ee44c39f766b6 d4a99d7758ae4177810f4e0139fe2eb2 - - default default] 10.0.0.109 "DELETE /v2.0/networks/68b287fd-4415-4593-a91b-5f3b7c497a12 HTTP/1.1" status: 204 len: 168 time: 0.3695092
2026-04-07 01:16:38.615 9 INFO neutron.services.segments.plugin [-] Segment 0977260f-13c0-4e50-ad93-dc62e08af3e5 resource provider aggregate not found
2026-04-07 01:16:38.621 9 INFO neutron.services.segments.plugin [-] Segment 0977260f-13c0-4e50-ad93-dc62e08af3e5 resource provider aggregate not found
2026-04-07 01:16:38.632 9 INFO neutron.services.segments.plugin [-] Segment 0977260f-13c0-4e50-ad93-dc62e08af3e5 resource provider not found; error: Placement Client Error (4xx): {"errors": [{"status": 404, "title": "Not Found", "detail": "The resource could not be found.\n\n No resource provider with uuid 0977260f-13c0-4e50-ad93-dc62e08af3e5 found for delete ", "request_id": "req-e8ab5e1e-8172-402a-ada8-462213a73f60"}]}
2026-04-07 01:16:38.641 9 INFO neutron.services.segments.plugin [-] Segment 0977260f-13c0-4e50-ad93-dc62e08af3e5 resource provider not found; error: Placement Client Error (4xx): {"errors": [{"status": 404, "title": "Not Found", "detail": "The resource could not be found.\n\n No resource provider with uuid 0977260f-13c0-4e50-ad93-dc62e08af3e5 found for delete ", "request_id": "req-903bbc5c-65b3-4b9f-9868-7603eb04d320"}]}
2026-04-07 01:16:38.647 10 INFO neutron.db.ovn_revision_numbers_db [None req-4658ab61-23a5-4b19-a5cd-fe47238c32c1 b79fd18be6484ab3be3944303af0fddd a38b0b41e32c4c89a7b16e9d70bcfb57 - - default default] Successfully bumped revision number for resource 5cf85a0c-ef95-4290-bec5-ca75661b5852 (type: security_groups) to 1
2026-04-07 01:16:38.664 10 INFO neutron.db.ovn_revision_numbers_db [None req-4658ab61-23a5-4b19-a5cd-fe47238c32c1 b79fd18be6484ab3be3944303af0fddd a38b0b41e32c4c89a7b16e9d70bcfb57 - - default default] Successfully bumped revision number for resource 1e53b621-2bc1-4b21-9fda-b8c2d727bc08 (type: security_group_rules) to 0
2026-04-07 01:16:38.697 10 INFO neutron.db.ovn_revision_numbers_db [None req-4658ab61-23a5-4b19-a5cd-fe47238c32c1 b79fd18be6484ab3be3944303af0fddd a38b0b41e32c4c89a7b16e9d70bcfb57 - - default default] Successfully bumped revision number for resource 3953ce53-6005-4479-9203-3f7498d41810 (type: security_group_rules) to 0
2026-04-07 01:16:38.715 10 INFO neutron.db.ovn_revision_numbers_db [None req-4658ab61-23a5-4b19-a5cd-fe47238c32c1 b79fd18be6484ab3be3944303af0fddd a38b0b41e32c4c89a7b16e9d70bcfb57 - - default default] Successfully bumped revision number for resource 46124bfb-11d6-447e-bad1-0bb3aeb5fb27 (type: security_group_rules) to 0
2026-04-07 01:16:38.729 10 INFO neutron.db.ovn_revision_numbers_db [None req-4658ab61-23a5-4b19-a5cd-fe47238c32c1 b79fd18be6484ab3be3944303af0fddd a38b0b41e32c4c89a7b16e9d70bcfb57 - - default default] Successfully bumped revision number for resource dbe5a942-a226-4135-bf8e-cfaedda9bd9e (type: security_group_rules) to 0
2026-04-07 01:16:38.756 10 INFO neutron.wsgi [None req-4658ab61-23a5-4b19-a5cd-fe47238c32c1 b79fd18be6484ab3be3944303af0fddd a38b0b41e32c4c89a7b16e9d70bcfb57 - - default default] 10.0.0.109 "GET /v2.0/security-groups?tenant_id=bb7dd1f1260a4b63a786fec2058916de&name=default HTTP/1.1" status: 200 len: 2996 time: 0.3873191
2026-04-07 01:16:38.956 10 INFO neutron.wsgi [None req-d871d7d2-2f66-4e55-8c5d-ccc581218b32 b79fd18be6484ab3be3944303af0fddd a38b0b41e32c4c89a7b16e9d70bcfb57 - - default default] 10.0.0.109 "DELETE /v2.0/security-groups/5cf85a0c-ef95-4290-bec5-ca75661b5852 HTTP/1.1" status: 204 len: 168 time: 0.1941559
2026-04-07 01:16:39.022 10 WARNING neutron_lib.context [None req-e040df8e-6be7-4986-bae5-7e46708aa150 0065a2e328b046d0be7d855fc6d77206 4699074a7a5b4c3593ad17b3a1013924 - - default default] Method 'is_advsvc' is deprecated since 2023.2 release (neutron-lib 3.8.0) and will be removed once support for the old RBAC API policies will be removed from Neutron. Please use method 'is_service_role' instead.
2026-04-07 01:16:39.022 10 WARNING neutron_lib.context [None req-e040df8e-6be7-4986-bae5-7e46708aa150 0065a2e328b046d0be7d855fc6d77206 4699074a7a5b4c3593ad17b3a1013924 - - default default] Method 'is_advsvc' is deprecated since 2023.2 release (neutron-lib 3.8.0) and will be removed once support for the old RBAC API policies will be removed from Neutron. Please use method 'is_service_role' instead.
2026-04-07 01:16:39.156 10 INFO neutron.db.ovn_revision_numbers_db [None req-e040df8e-6be7-4986-bae5-7e46708aa150 0065a2e328b046d0be7d855fc6d77206 4699074a7a5b4c3593ad17b3a1013924 - - default default] Successfully bumped revision number for resource 551d261d-9b83-4ab8-b3d5-8a15237df08c (type: security_groups) to 1
2026-04-07 01:16:39.176 10 INFO neutron.db.ovn_revision_numbers_db [None req-e040df8e-6be7-4986-bae5-7e46708aa150 0065a2e328b046d0be7d855fc6d77206 4699074a7a5b4c3593ad17b3a1013924 - - default default] Successfully bumped revision number for resource 248fdc14-8fb6-4ecb-898f-1eac994b77f9 (type: security_group_rules) to 0
2026-04-07 01:16:39.190 10 INFO neutron.db.ovn_revision_numbers_db [None req-e040df8e-6be7-4986-bae5-7e46708aa150 0065a2e328b046d0be7d855fc6d77206 4699074a7a5b4c3593ad17b3a1013924 - - default default] Successfully bumped revision number for resource 43a49f29-40f4-4e77-8db5-5e213b6d3869 (type: security_group_rules) to 0
2026-04-07 01:16:39.198 9 INFO neutron.wsgi [None req-ce35a41e-f98e-4923-9efa-9581a181bae2 b79fd18be6484ab3be3944303af0fddd a38b0b41e32c4c89a7b16e9d70bcfb57 - - default default] 10.0.0.109 "GET /v2.0/security-groups?tenant_id=d4a99d7758ae4177810f4e0139fe2eb2&name=default HTTP/1.1" status: 200 len: 2996 time: 0.1716537
2026-04-07 01:16:39.198 9 INFO neutron.db.ovn_revision_numbers_db [None req-4a88785d-9d4d-41c9-a20b-eaf1216ad48e b79fd18be6484ab3be3944303af0fddd a38b0b41e32c4c89a7b16e9d70bcfb57 - - default default] Successfully bumped revision number for resource a32ad688-006f-4140-95bb-2b60de3f9475 (type: security_groups) to 1
2026-04-07 01:16:39.204 10 INFO neutron.db.ovn_revision_numbers_db [None req-e040df8e-6be7-4986-bae5-7e46708aa150 0065a2e328b046d0be7d855fc6d77206 4699074a7a5b4c3593ad17b3a1013924 - - default default] Successfully bumped revision number for resource 4c9dd2f2-a2d1-4eca-8a1b-fb5c73d08681 (type: security_group_rules) to 0
2026-04-07 01:16:39.209 9 INFO neutron.db.ovn_revision_numbers_db [None req-4a88785d-9d4d-41c9-a20b-eaf1216ad48e b79fd18be6484ab3be3944303af0fddd a38b0b41e32c4c89a7b16e9d70bcfb57 - - default default] Successfully bumped revision number for resource 33dd8e9a-d535-4d32-b32e-462e20fa1667 (type: security_group_rules) to 0
2026-04-07 01:16:39.222 9 INFO neutron.db.ovn_revision_numbers_db [None req-4a88785d-9d4d-41c9-a20b-eaf1216ad48e b79fd18be6484ab3be3944303af0fddd a38b0b41e32c4c89a7b16e9d70bcfb57 - - default default] Successfully bumped revision number for resource 416456af-4932-4de0-937f-78fdfd2e5f85 (type: security_group_rules) to 0
2026-04-07 01:16:39.225 10 INFO neutron.db.ovn_revision_numbers_db [None req-e040df8e-6be7-4986-bae5-7e46708aa150 0065a2e328b046d0be7d855fc6d77206 4699074a7a5b4c3593ad17b3a1013924 - - default default] Successfully bumped revision number for resource a817c507-f785-43da-b15e-d4a5dd9c6af5 (type: security_group_rules) to 0
2026-04-07 01:16:39.236 9 INFO neutron.db.ovn_revision_numbers_db [None req-4a88785d-9d4d-41c9-a20b-eaf1216ad48e b79fd18be6484ab3be3944303af0fddd a38b0b41e32c4c89a7b16e9d70bcfb57 - - default default] Successfully bumped revision number for resource 92a5d260-e59a-4834-a61e-64990b751b81 (type: security_group_rules) to 0
2026-04-07 01:16:39.249 9 INFO neutron.db.ovn_revision_numbers_db [None req-4a88785d-9d4d-41c9-a20b-eaf1216ad48e b79fd18be6484ab3be3944303af0fddd a38b0b41e32c4c89a7b16e9d70bcfb57 - - default default] Successfully bumped revision number for resource 9ffd1db9-8854-4075-b10c-3ddc6b827e25 (type: security_group_rules) to 0
2026-04-07 01:16:39.272 9 INFO neutron.wsgi [None req-4a88785d-9d4d-41c9-a20b-eaf1216ad48e b79fd18be6484ab3be3944303af0fddd a38b0b41e32c4c89a7b16e9d70bcfb57 - - default default] 10.0.0.109 "GET /v2.0/security-groups?tenant_id=ab47ce0adcf34421a07f78373ffd089d&name=default HTTP/1.1" status: 200 len: 2996 time: 0.2119324
2026-04-07 01:16:39.300 10 INFO neutron.db.segments_db [None req-e040df8e-6be7-4986-bae5-7e46708aa150 0065a2e328b046d0be7d855fc6d77206 4699074a7a5b4c3593ad17b3a1013924 - - default default] Added segment f46d78d3-507a-4cca-a603-c8f931d3dd38 of type geneve for network aa16f62c-06a9-4191-bf10-8185cae60be9
2026-04-07 01:16:39.448 10 INFO neutron.db.segments_db [None req-e040df8e-6be7-4986-bae5-7e46708aa150 0065a2e328b046d0be7d855fc6d77206 4699074a7a5b4c3593ad17b3a1013924 - - default default] Added segment c9b66408-2037-453e-b164-7c684e674efd of type geneve for network 5cda7f01-afc1-469e-bdec-572321544839
2026-04-07 01:16:39.528 10 INFO neutron.wsgi [None req-e6597e0f-f272-48a6-a44f-65a89339fb96 b79fd18be6484ab3be3944303af0fddd a38b0b41e32c4c89a7b16e9d70bcfb57 - - default default] 10.0.0.109 "DELETE /v2.0/security-groups/f1d17169-653e-4d13-b76d-2bb6e78872b5 HTTP/1.1" status: 204 len: 168 time: 0.3246126
2026-04-07 01:16:39.577 10 INFO neutron.wsgi [None req-531e17fa-50b0-4f5f-9460-0d732eb247ef b79fd18be6484ab3be3944303af0fddd a38b0b41e32c4c89a7b16e9d70bcfb57 - - default default] 10.0.0.109 "DELETE /v2.0/security-groups/a32ad688-006f-4140-95bb-2b60de3f9475 HTTP/1.1" status: 204 len: 168 time: 0.2998891
2026-04-07 01:16:39.595 10 INFO neutron.db.ovn_revision_numbers_db [None req-e040df8e-6be7-4986-bae5-7e46708aa150 0065a2e328b046d0be7d855fc6d77206 4699074a7a5b4c3593ad17b3a1013924 - - default default] Successfully bumped revision number for resource aa16f62c-06a9-4191-bf10-8185cae60be9 (type: networks) to 1
2026-04-07 01:16:39.772 10 WARNING neutron.scheduler.dhcp_agent_scheduler [None req-e040df8e-6be7-4986-bae5-7e46708aa150 0065a2e328b046d0be7d855fc6d77206 4699074a7a5b4c3593ad17b3a1013924 - - default default] No more DHCP agents
2026-04-07 01:16:39.774 10 WARNING neutron.api.rpc.agentnotifiers.dhcp_rpc_agent_api [None req-e040df8e-6be7-4986-bae5-7e46708aa150 0065a2e328b046d0be7d855fc6d77206 4699074a7a5b4c3593ad17b3a1013924 - - default default] Unable to schedule network aa16f62c-06a9-4191-bf10-8185cae60be9: no agents available; will retry on subsequent port and subnet creation events.
2026-04-07 01:16:39.861 10 INFO neutron.db.ovn_revision_numbers_db [None req-e040df8e-6be7-4986-bae5-7e46708aa150 0065a2e328b046d0be7d855fc6d77206 4699074a7a5b4c3593ad17b3a1013924 - - default default] Successfully bumped revision number for resource bd000d88-671d-44ad-9b90-c3f431f6384c (type: ports) to 1
2026-04-07 01:16:39.950 10 INFO neutron.db.ovn_revision_numbers_db [None req-e040df8e-6be7-4986-bae5-7e46708aa150 0065a2e328b046d0be7d855fc6d77206 4699074a7a5b4c3593ad17b3a1013924 - - default default] Successfully bumped revision number for resource 5cda7f01-afc1-469e-bdec-572321544839 (type: networks) to 1
2026-04-07 01:16:40.000 10 INFO neutron.db.ovn_revision_numbers_db [None req-45ca9f6d-9551-4dc3-b6d9-3c41c95113bf b79fd18be6484ab3be3944303af0fddd a38b0b41e32c4c89a7b16e9d70bcfb57 - - default default] Successfully bumped revision number for resource 41ab836a-e4b5-4839-bd65-b6ae7b383929 (type: security_groups) to 1
2026-04-07 01:16:40.027 10 INFO neutron.db.ovn_revision_numbers_db [None req-45ca9f6d-9551-4dc3-b6d9-3c41c95113bf b79fd18be6484ab3be3944303af0fddd a38b0b41e32c4c89a7b16e9d70bcfb57 - - default default] Successfully bumped revision number for resource 07c220f4-2ca2-4241-9d78-f3d1c5f86e33 (type: security_group_rules) to 0
2026-04-07 01:16:40.050 10 INFO neutron.db.ovn_revision_numbers_db [None req-45ca9f6d-9551-4dc3-b6d9-3c41c95113bf b79fd18be6484ab3be3944303af0fddd a38b0b41e32c4c89a7b16e9d70bcfb57 - - default default] Successfully bumped revision number for resource a67952ca-eac0-41f4-addb-520894ea95c4 (type: security_group_rules) to 0
2026-04-07 01:16:40.067 10 INFO neutron.db.ovn_revision_numbers_db [None req-45ca9f6d-9551-4dc3-b6d9-3c41c95113bf b79fd18be6484ab3be3944303af0fddd a38b0b41e32c4c89a7b16e9d70bcfb57 - - default default] Successfully bumped revision number for resource b2362d0b-b689-4b54-a6be-faa179d57842 (type: security_group_rules) to 0
2026-04-07 01:16:40.089 10 INFO neutron.db.ovn_revision_numbers_db [None req-45ca9f6d-9551-4dc3-b6d9-3c41c95113bf b79fd18be6484ab3be3944303af0fddd a38b0b41e32c4c89a7b16e9d70bcfb57 - - default default] Successfully bumped revision number for resource b62be785-b687-40ab-bfe2-91d6c9c59cc4 (type: security_group_rules) to 0
2026-04-07 01:16:40.115 10 INFO neutron.wsgi [None req-45ca9f6d-9551-4dc3-b6d9-3c41c95113bf b79fd18be6484ab3be3944303af0fddd a38b0b41e32c4c89a7b16e9d70bcfb57 - - default default] 10.0.0.109 "GET /v2.0/security-groups?tenant_id=df15d131786f4d28a577217b4e7c3832&name=default HTTP/1.1" status: 200 len: 2996 time: 0.5086155
2026-04-07 01:16:40.132 10 WARNING neutron.scheduler.dhcp_agent_scheduler [None req-e040df8e-6be7-4986-bae5-7e46708aa150 0065a2e328b046d0be7d855fc6d77206 4699074a7a5b4c3593ad17b3a1013924 - - default default] No more DHCP agents
2026-04-07 01:16:40.134 10 WARNING neutron.api.rpc.agentnotifiers.dhcp_rpc_agent_api [None req-e040df8e-6be7-4986-bae5-7e46708aa150 0065a2e328b046d0be7d855fc6d77206 4699074a7a5b4c3593ad17b3a1013924 - - default default] Unable to schedule network 5cda7f01-afc1-469e-bdec-572321544839: no agents available; will retry on subsequent port and subnet creation events.
2026-04-07 01:16:40.230 10 INFO neutron.db.ovn_revision_numbers_db [None req-e040df8e-6be7-4986-bae5-7e46708aa150 0065a2e328b046d0be7d855fc6d77206 4699074a7a5b4c3593ad17b3a1013924 - - default default] Successfully bumped revision number for resource 3f12471d-98ef-4c30-a8a5-d8991baebf05 (type: ports) to 1
2026-04-07 01:16:40.252 10 INFO neutron.wsgi [None req-e040df8e-6be7-4986-bae5-7e46708aa150 0065a2e328b046d0be7d855fc6d77206 4699074a7a5b4c3593ad17b3a1013924 - - default default] 10.0.0.109 "POST /v2.0/networks HTTP/1.1" status: 201 len: 1445 time: 1.3477285
2026-04-07 01:16:40.336 10 INFO neutron.wsgi [None req-9f52ae64-2d56-41db-8f54-32f6b5290eae 0065a2e328b046d0be7d855fc6d77206 4699074a7a5b4c3593ad17b3a1013924 - - default default] 10.0.0.109 "GET /v2.0/networks HTTP/1.1" status: 200 len: 2051 time: 0.0788095
2026-04-07 01:16:40.341 9 INFO neutron.wsgi [None req-5bcf3fad-52e7-4425-b446-7499271a0668 b79fd18be6484ab3be3944303af0fddd a38b0b41e32c4c89a7b16e9d70bcfb57 - - default default] 10.0.0.109 "DELETE /v2.0/security-groups/41ab836a-e4b5-4839-bd65-b6ae7b383929 HTTP/1.1" status: 204 len: 168 time: 0.2203898
2026-04-07 01:16:40.573 9 INFO neutron.db.ovn_revision_numbers_db [None req-a451dcf0-d461-4043-b294-b15ca0d8174b b79fd18be6484ab3be3944303af0fddd a38b0b41e32c4c89a7b16e9d70bcfb57 - - default default] Successfully bumped revision number for resource f72615d5-fece-47c3-9a9a-afc576a90444 (type: security_groups) to 1
2026-04-07 01:16:40.588 9 INFO neutron.db.ovn_revision_numbers_db [None req-a451dcf0-d461-4043-b294-b15ca0d8174b b79fd18be6484ab3be3944303af0fddd a38b0b41e32c4c89a7b16e9d70bcfb57 - - default default] Successfully bumped revision number for resource 085031f7-d212-4280-970c-605aa82d044f (type: security_group_rules) to 0
2026-04-07 01:16:40.600 9 INFO neutron.db.ovn_revision_numbers_db [None req-a451dcf0-d461-4043-b294-b15ca0d8174b b79fd18be6484ab3be3944303af0fddd a38b0b41e32c4c89a7b16e9d70bcfb57 - - default default] Successfully bumped revision number for resource 2292be65-458c-459b-a9f1-0882a6b52db2 (type: security_group_rules) to 0
2026-04-07 01:16:40.616 9 INFO neutron.db.ovn_revision_numbers_db [None req-a451dcf0-d461-4043-b294-b15ca0d8174b b79fd18be6484ab3be3944303af0fddd a38b0b41e32c4c89a7b16e9d70bcfb57 - - default default] Successfully bumped revision number for resource 76da917b-bfce-4b42-a664-8b9321be42cf (type: security_group_rules) to 0
2026-04-07 01:16:40.629 9 INFO neutron.db.ovn_revision_numbers_db [None req-a451dcf0-d461-4043-b294-b15ca0d8174b b79fd18be6484ab3be3944303af0fddd a38b0b41e32c4c89a7b16e9d70bcfb57 - - default default] Successfully bumped revision number for resource 8428ad83-9e8f-42a5-9f9f-2db34c87046a (type: security_group_rules) to 0
2026-04-07 01:16:40.658 10 INFO neutron.services.segments.plugin [-] Segment f46d78d3-507a-4cca-a603-c8f931d3dd38 resource provider aggregate not found
2026-04-07 01:16:40.661 9 INFO neutron.wsgi [None req-a451dcf0-d461-4043-b294-b15ca0d8174b b79fd18be6484ab3be3944303af0fddd a38b0b41e32c4c89a7b16e9d70bcfb57 - - default default] 10.0.0.109 "GET /v2.0/security-groups?tenant_id=deafd82b1e804226af9d708712870d57&name=default HTTP/1.1" status: 200 len: 2996 time: 0.1873853
2026-04-07 01:16:40.662 10 INFO neutron.services.segments.plugin [-] Segment f46d78d3-507a-4cca-a603-c8f931d3dd38 resource provider aggregate not found
2026-04-07 01:16:40.674 10 INFO neutron.services.segments.plugin [-] Segment f46d78d3-507a-4cca-a603-c8f931d3dd38 resource provider not found; error: Placement Client Error (4xx): {"errors": [{"status": 404, "title": "Not Found", "detail": "The resource could not be found.\n\n No resource provider with uuid f46d78d3-507a-4cca-a603-c8f931d3dd38 found for delete ", "request_id": "req-3d32eb77-175f-4783-b4a1-cff765007a56"}]}
2026-04-07 01:16:40.674 10 INFO neutron.services.segments.plugin [-] Segment f46d78d3-507a-4cca-a603-c8f931d3dd38 resource provider not found; error: Placement Client Error (4xx): {"errors": [{"status": 404, "title": "Not Found", "detail": "The resource could not be found.\n\n No resource provider with uuid f46d78d3-507a-4cca-a603-c8f931d3dd38 found for delete ", "request_id": "req-70f616c6-af00-4331-83c7-223b207eec44"}]}
2026-04-07 01:16:40.692 10 INFO neutron.wsgi [None req-2f12d461-35ee-401b-a14a-d92f54067e00 0065a2e328b046d0be7d855fc6d77206 4699074a7a5b4c3593ad17b3a1013924 - - default default] 10.0.0.109 "DELETE /v2.0/networks/aa16f62c-06a9-4191-bf10-8185cae60be9 HTTP/1.1" status: 204 len: 168 time: 0.3526649
2026-04-07 01:16:40.948 9 INFO neutron.wsgi [None req-98bce1fd-a6c3-4490-9c12-3c927616f519 b79fd18be6484ab3be3944303af0fddd a38b0b41e32c4c89a7b16e9d70bcfb57 - - default default] 10.0.0.109 "DELETE /v2.0/security-groups/f72615d5-fece-47c3-9a9a-afc576a90444 HTTP/1.1" status: 204 len: 168 time: 0.2833211
2026-04-07 01:16:41.064 9 INFO neutron.services.segments.plugin [-] Segment c9b66408-2037-453e-b164-7c684e674efd resource provider aggregate not found
2026-04-07 01:16:41.071 9 INFO neutron.services.segments.plugin [-] Segment c9b66408-2037-453e-b164-7c684e674efd resource provider aggregate not found
2026-04-07 01:16:41.085 9 INFO neutron.services.segments.plugin [-] Segment c9b66408-2037-453e-b164-7c684e674efd resource provider not found; error: Placement Client Error (4xx): {"errors": [{"status": 404, "title": "Not Found", "detail": "The resource could not be found.\n\n No resource provider with uuid c9b66408-2037-453e-b164-7c684e674efd found for delete ", "request_id": "req-2113277d-b767-4196-a328-c2441f5ebedf"}]}
2026-04-07 01:16:41.090 9 INFO neutron.services.segments.plugin [-] Segment c9b66408-2037-453e-b164-7c684e674efd resource provider not found; error: Placement Client Error (4xx): {"errors": [{"status": 404, "title": "Not Found", "detail": "The resource could not be found.\n\n No resource provider with uuid c9b66408-2037-453e-b164-7c684e674efd found for delete ", "request_id": "req-312f2388-0dc9-435d-a42c-7a9d2bcde8f1"}]}
2026-04-07 01:16:41.111 9 INFO neutron.wsgi [None req-f8efb0b1-6bc2-4468-b22e-ee0a63625cdf 0065a2e328b046d0be7d855fc6d77206 4699074a7a5b4c3593ad17b3a1013924 - - default default] 10.0.0.109 "DELETE /v2.0/networks/5cda7f01-afc1-469e-bdec-572321544839 HTTP/1.1" status: 204 len: 168 time: 0.4133489
2026-04-07 01:16:41.182 9 INFO neutron.wsgi [None req-c5873771-abde-4576-9a69-193cb4cae124 0065a2e328b046d0be7d855fc6d77206 4699074a7a5b4c3593ad17b3a1013924 - - default default] 10.0.0.109 "GET /v2.0/networks HTTP/1.1" status: 200 len: 845 time: 0.0655091
2026-04-07 01:16:41.194 9 WARNING neutron_lib.context [None req-e2d3aadd-45e6-4324-93ce-b113bf920326 0065a2e328b046d0be7d855fc6d77206 4699074a7a5b4c3593ad17b3a1013924 - - default default] Method 'is_advsvc' is deprecated since 2023.2 release (neutron-lib 3.8.0) and will be removed once support for the old RBAC API policies will be removed from Neutron. Please use method 'is_service_role' instead.
2026-04-07 01:16:41.271 9 INFO neutron.db.segments_db [None req-e2d3aadd-45e6-4324-93ce-b113bf920326 0065a2e328b046d0be7d855fc6d77206 4699074a7a5b4c3593ad17b3a1013924 - - default default] Added segment 5fe13050-0cab-4bdb-ad15-99ea388cdcab of type geneve for network be54b1bd-02f1-4cb0-a922-0d2a04db2d40
2026-04-07 01:16:41.283 10 WARNING neutron_lib.context [None req-3065d597-089d-4fc2-8fbe-855f9ef3ca22 42b96d8f9d9841ab8871f602b358b72e c6fed3c715054ba482c528ca91453372 - - default default] Method 'is_advsvc' is deprecated since 2023.2 release (neutron-lib 3.8.0) and will be removed once support for the old RBAC API policies will be removed from Neutron. Please use method 'is_service_role' instead.
2026-04-07 01:16:41.431 10 INFO neutron.db.ovn_revision_numbers_db [None req-3065d597-089d-4fc2-8fbe-855f9ef3ca22 42b96d8f9d9841ab8871f602b358b72e c6fed3c715054ba482c528ca91453372 - - default default] Successfully bumped revision number for resource 10d9e2d2-73c0-4724-b9db-c60c4d348cb2 (type: security_groups) to 1
2026-04-07 01:16:41.434 9 INFO neutron.db.ovn_revision_numbers_db [None req-e2d3aadd-45e6-4324-93ce-b113bf920326 0065a2e328b046d0be7d855fc6d77206 4699074a7a5b4c3593ad17b3a1013924 - - default default] Successfully bumped revision number for resource be54b1bd-02f1-4cb0-a922-0d2a04db2d40 (type: networks) to 1
2026-04-07 01:16:41.447 10 INFO neutron.db.ovn_revision_numbers_db [None req-3065d597-089d-4fc2-8fbe-855f9ef3ca22 42b96d8f9d9841ab8871f602b358b72e c6fed3c715054ba482c528ca91453372 - - default default] Successfully bumped revision number for resource 2c5c9add-4bf8-45a0-8893-3ddad4db52ef (type: security_group_rules) to 0
2026-04-07 01:16:41.460 10 INFO neutron.db.ovn_revision_numbers_db [None req-3065d597-089d-4fc2-8fbe-855f9ef3ca22 42b96d8f9d9841ab8871f602b358b72e c6fed3c715054ba482c528ca91453372 - - default default] Successfully bumped revision number for resource 530bbc7c-6bf9-4685-a1e8-9302e6796c17 (type: security_group_rules) to 0
2026-04-07 01:16:41.474 10 INFO neutron.db.ovn_revision_numbers_db [None req-3065d597-089d-4fc2-8fbe-855f9ef3ca22 42b96d8f9d9841ab8871f602b358b72e c6fed3c715054ba482c528ca91453372 - - default default] Successfully bumped revision number for resource 699f7a3f-6d57-44c1-9177-f3f8bcd73dc6 (type: security_group_rules) to 0
2026-04-07 01:16:41.489 10 INFO neutron.db.ovn_revision_numbers_db [None req-3065d597-089d-4fc2-8fbe-855f9ef3ca22 42b96d8f9d9841ab8871f602b358b72e c6fed3c715054ba482c528ca91453372 - - default default] Successfully bumped revision number for resource c4ddd4c0-70fe-4c0f-a38f-de70c96fa265 (type: security_group_rules) to 0
2026-04-07 01:16:41.565 10 INFO neutron.db.segments_db [None req-3065d597-089d-4fc2-8fbe-855f9ef3ca22 42b96d8f9d9841ab8871f602b358b72e c6fed3c715054ba482c528ca91453372 - - default default] Added segment e5eca233-4f2b-4adf-b797-020e678f6ef2 of type geneve for network 5b417082-1fce-4b08-8987-38a7ee0a2ab4
2026-04-07 01:16:41.620 9 WARNING neutron.scheduler.dhcp_agent_scheduler [None req-e2d3aadd-45e6-4324-93ce-b113bf920326 0065a2e328b046d0be7d855fc6d77206 4699074a7a5b4c3593ad17b3a1013924 - - default default] No more DHCP agents
2026-04-07 01:16:41.622 9 WARNING neutron.api.rpc.agentnotifiers.dhcp_rpc_agent_api [None req-e2d3aadd-45e6-4324-93ce-b113bf920326 0065a2e328b046d0be7d855fc6d77206 4699074a7a5b4c3593ad17b3a1013924 - - default default] Unable to schedule network be54b1bd-02f1-4cb0-a922-0d2a04db2d40: no agents available; will retry on subsequent port and subnet creation events.
2026-04-07 01:16:41.714 9 INFO neutron.db.ovn_revision_numbers_db [None req-e2d3aadd-45e6-4324-93ce-b113bf920326 0065a2e328b046d0be7d855fc6d77206 4699074a7a5b4c3593ad17b3a1013924 - - default default] Successfully bumped revision number for resource 32b9776a-cdd4-46da-9909-a5bd35faf6e6 (type: ports) to 1
2026-04-07 01:16:41.716 10 INFO neutron.db.ovn_revision_numbers_db [None req-3065d597-089d-4fc2-8fbe-855f9ef3ca22 42b96d8f9d9841ab8871f602b358b72e c6fed3c715054ba482c528ca91453372 - - default default] Successfully bumped revision number for resource 5b417082-1fce-4b08-8987-38a7ee0a2ab4 (type: networks) to 1
2026-04-07 01:16:41.735 9 INFO neutron.wsgi [None req-e2d3aadd-45e6-4324-93ce-b113bf920326 0065a2e328b046d0be7d855fc6d77206 4699074a7a5b4c3593ad17b3a1013924 - - default default] 10.0.0.109 "POST /v2.0/networks HTTP/1.1" status: 201 len: 849 time: 0.5462663
2026-04-07 01:16:41.745 9 WARNING neutron_lib.context [None req-07d7647d-9815-4255-8a5d-eacfaef62139 0065a2e328b046d0be7d855fc6d77206 4699074a7a5b4c3593ad17b3a1013924 - - default default] Method 'is_advsvc' is deprecated since 2023.2 release (neutron-lib 3.8.0) and will be removed once support for the old RBAC API policies will be removed from Neutron. Please use method 'is_service_role' instead.
2026-04-07 01:16:41.819 9 INFO neutron.db.segments_db [None req-07d7647d-9815-4255-8a5d-eacfaef62139 0065a2e328b046d0be7d855fc6d77206 4699074a7a5b4c3593ad17b3a1013924 - - default default] Added segment ca1d05b4-1800-4f48-abc6-4bd4eed89c39 of type geneve for network 95afd73e-c046-430f-99aa-65728562dd19
2026-04-07 01:16:41.887 10 WARNING neutron.scheduler.dhcp_agent_scheduler [None req-3065d597-089d-4fc2-8fbe-855f9ef3ca22 42b96d8f9d9841ab8871f602b358b72e c6fed3c715054ba482c528ca91453372 - - default default] No more DHCP agents
2026-04-07 01:16:41.893 10 WARNING neutron.api.rpc.agentnotifiers.dhcp_rpc_agent_api [None req-3065d597-089d-4fc2-8fbe-855f9ef3ca22 42b96d8f9d9841ab8871f602b358b72e c6fed3c715054ba482c528ca91453372 - - default default] Unable to schedule network 5b417082-1fce-4b08-8987-38a7ee0a2ab4: no agents available; will retry on subsequent port and subnet creation events.
2026-04-07 01:16:41.992 9 INFO neutron.db.ovn_revision_numbers_db [None req-07d7647d-9815-4255-8a5d-eacfaef62139 0065a2e328b046d0be7d855fc6d77206 4699074a7a5b4c3593ad17b3a1013924 - - default default] Successfully bumped revision number for resource 95afd73e-c046-430f-99aa-65728562dd19 (type: networks) to 1
2026-04-07 01:16:42.022 10 INFO neutron.db.ovn_revision_numbers_db [None req-3065d597-089d-4fc2-8fbe-855f9ef3ca22 42b96d8f9d9841ab8871f602b358b72e c6fed3c715054ba482c528ca91453372 - - default default] Successfully bumped revision number for resource 5ccea777-1bb2-4836-944f-570045258d7f (type: ports) to 1
2026-04-07 01:16:42.052 10 INFO neutron.wsgi [None req-3065d597-089d-4fc2-8fbe-855f9ef3ca22 42b96d8f9d9841ab8871f602b358b72e c6fed3c715054ba482c528ca91453372 - - default default] 10.0.0.109 "POST /v2.0/networks HTTP/1.1" status: 201 len: 828 time: 0.8960700
2026-04-07 01:16:42.066 9 WARNING neutron_lib.context [None req-6a98a1e0-97fa-403e-b416-78055ab66b27 42b96d8f9d9841ab8871f602b358b72e c6fed3c715054ba482c528ca91453372 - - default default] Method 'is_advsvc' is deprecated since 2023.2 release (neutron-lib 3.8.0) and will be removed once support for the old RBAC API policies will be removed from Neutron. Please use method 'is_service_role' instead.
2026-04-07 01:16:42.161 9 INFO neutron.db.segments_db [None req-6a98a1e0-97fa-403e-b416-78055ab66b27 42b96d8f9d9841ab8871f602b358b72e c6fed3c715054ba482c528ca91453372 - - default default] Added segment 46095ace-2b83-4fc1-8c29-b0bebabaccd8 of type geneve for network 6be78a51-61bb-441d-b643-a435877835c7
2026-04-07 01:16:42.223 9 WARNING neutron.scheduler.dhcp_agent_scheduler [None req-07d7647d-9815-4255-8a5d-eacfaef62139 0065a2e328b046d0be7d855fc6d77206 4699074a7a5b4c3593ad17b3a1013924 - - default default] No more DHCP agents
2026-04-07 01:16:42.234 9 WARNING neutron.api.rpc.agentnotifiers.dhcp_rpc_agent_api [None req-07d7647d-9815-4255-8a5d-eacfaef62139 0065a2e328b046d0be7d855fc6d77206 4699074a7a5b4c3593ad17b3a1013924 - - default default] Unable to schedule network 95afd73e-c046-430f-99aa-65728562dd19: no agents available; will retry on subsequent port and subnet creation events.
2026-04-07 01:16:42.371 9 INFO neutron.db.ovn_revision_numbers_db [None req-07d7647d-9815-4255-8a5d-eacfaef62139 0065a2e328b046d0be7d855fc6d77206 4699074a7a5b4c3593ad17b3a1013924 - - default default] Successfully bumped revision number for resource 644f6724-f7a2-4700-8814-567baee75515 (type: ports) to 1
2026-04-07 01:16:42.405 9 INFO neutron.wsgi [None req-07d7647d-9815-4255-8a5d-eacfaef62139 0065a2e328b046d0be7d855fc6d77206 4699074a7a5b4c3593ad17b3a1013924 - - default default] 10.0.0.109 "POST /v2.0/networks HTTP/1.1" status: 201 len: 849 time: 0.6650851
2026-04-07 01:16:42.406 9 INFO neutron.db.ovn_revision_numbers_db [None req-6a98a1e0-97fa-403e-b416-78055ab66b27 42b96d8f9d9841ab8871f602b358b72e c6fed3c715054ba482c528ca91453372 - - default default] Successfully bumped revision number for resource 6be78a51-61bb-441d-b643-a435877835c7 (type: networks) to 1
2026-04-07 01:16:42.420 10 WARNING neutron_lib.context [None req-2168450c-28f6-4977-87ea-c4e8cd78dfea 0065a2e328b046d0be7d855fc6d77206 4699074a7a5b4c3593ad17b3a1013924 - - default default] Method 'is_advsvc' is deprecated since 2023.2 release (neutron-lib 3.8.0) and will be removed once support for the old RBAC API policies will be removed from Neutron. Please use method 'is_service_role' instead.
2026-04-07 01:16:42.462 10 WARNING neutron_lib.context [None req-2168450c-28f6-4977-87ea-c4e8cd78dfea 0065a2e328b046d0be7d855fc6d77206 4699074a7a5b4c3593ad17b3a1013924 - - default default] Method 'is_advsvc' is deprecated since 2023.2 release (neutron-lib 3.8.0) and will be removed once support for the old RBAC API policies will be removed from Neutron. Please use method 'is_service_role' instead.
2026-04-07 01:16:42.605 9 WARNING neutron.scheduler.dhcp_agent_scheduler [None req-6a98a1e0-97fa-403e-b416-78055ab66b27 42b96d8f9d9841ab8871f602b358b72e c6fed3c715054ba482c528ca91453372 - - default default] No more DHCP agents
2026-04-07 01:16:42.608 9 WARNING neutron.api.rpc.agentnotifiers.dhcp_rpc_agent_api [None req-6a98a1e0-97fa-403e-b416-78055ab66b27 42b96d8f9d9841ab8871f602b358b72e c6fed3c715054ba482c528ca91453372 - - default default] Unable to schedule network 6be78a51-61bb-441d-b643-a435877835c7: no agents available; will retry on subsequent port and subnet creation events.
2026-04-07 01:16:42.702 9 INFO neutron.db.ovn_revision_numbers_db [None req-6a98a1e0-97fa-403e-b416-78055ab66b27 42b96d8f9d9841ab8871f602b358b72e c6fed3c715054ba482c528ca91453372 - - default default] Successfully bumped revision number for resource d5759d59-6249-464f-9c57-79bfa75b32e5 (type: ports) to 1
2026-04-07 01:16:42.723 9 INFO neutron.wsgi [None req-6a98a1e0-97fa-403e-b416-78055ab66b27 42b96d8f9d9841ab8871f602b358b72e c6fed3c715054ba482c528ca91453372 - - default default] 10.0.0.109 "POST /v2.0/networks HTTP/1.1" status: 201 len: 828 time: 0.6671929
2026-04-07 01:16:42.733 9 WARNING neutron_lib.context [None req-b403784d-9ee0-4e24-ad1a-0a4e510d7737 42b96d8f9d9841ab8871f602b358b72e c6fed3c715054ba482c528ca91453372 - - default default] Method 'is_advsvc' is deprecated since 2023.2 release (neutron-lib 3.8.0) and will be removed once support for the old RBAC API policies will be removed from Neutron. Please use method 'is_service_role' instead.
2026-04-07 01:16:42.833 10 WARNING neutron.scheduler.dhcp_agent_scheduler [None req-2168450c-28f6-4977-87ea-c4e8cd78dfea 0065a2e328b046d0be7d855fc6d77206 4699074a7a5b4c3593ad17b3a1013924 - - default default] No more DHCP agents
2026-04-07 01:16:42.839 10 WARNING neutron.api.rpc.agentnotifiers.dhcp_rpc_agent_api [None req-2168450c-28f6-4977-87ea-c4e8cd78dfea 0065a2e328b046d0be7d855fc6d77206 4699074a7a5b4c3593ad17b3a1013924 - - default default] Unable to schedule network be54b1bd-02f1-4cb0-a922-0d2a04db2d40: no agents available; will retry on subsequent port and subnet creation events.
2026-04-07 01:16:42.913 10 INFO neutron.db.ovn_revision_numbers_db [None req-2168450c-28f6-4977-87ea-c4e8cd78dfea 0065a2e328b046d0be7d855fc6d77206 4699074a7a5b4c3593ad17b3a1013924 - - default default] Successfully bumped revision number for resource 636a00ec-de0d-41fe-a200-0917673c2034 (type: ports) to 1
2026-04-07 01:16:42.942 10 WARNING neutron.scheduler.dhcp_agent_scheduler [None req-2168450c-28f6-4977-87ea-c4e8cd78dfea 0065a2e328b046d0be7d855fc6d77206 4699074a7a5b4c3593ad17b3a1013924 - - default default] No more DHCP agents
2026-04-07 01:16:42.944 10 WARNING neutron.api.rpc.agentnotifiers.dhcp_rpc_agent_api [None req-2168450c-28f6-4977-87ea-c4e8cd78dfea 0065a2e328b046d0be7d855fc6d77206 4699074a7a5b4c3593ad17b3a1013924 - - default default] Unable to schedule network 95afd73e-c046-430f-99aa-65728562dd19: no agents available; will retry on subsequent port and subnet creation events.
2026-04-07 01:16:42.959 9 WARNING neutron.scheduler.dhcp_agent_scheduler [None req-b403784d-9ee0-4e24-ad1a-0a4e510d7737 42b96d8f9d9841ab8871f602b358b72e c6fed3c715054ba482c528ca91453372 - - default default] No more DHCP agents
2026-04-07 01:16:42.960 9 WARNING neutron.api.rpc.agentnotifiers.dhcp_rpc_agent_api [None req-b403784d-9ee0-4e24-ad1a-0a4e510d7737 42b96d8f9d9841ab8871f602b358b72e c6fed3c715054ba482c528ca91453372 - - default default] Unable to schedule network 5b417082-1fce-4b08-8987-38a7ee0a2ab4: no agents available; will retry on subsequent port and subnet creation events.
2026-04-07 01:16:43.033 10 INFO neutron.db.ovn_revision_numbers_db [None req-2168450c-28f6-4977-87ea-c4e8cd78dfea 0065a2e328b046d0be7d855fc6d77206 4699074a7a5b4c3593ad17b3a1013924 - - default default] Successfully bumped revision number for resource 07af0e3e-2e7f-4966-9ac1-5a0df044720d (type: ports) to 1
2026-04-07 01:16:43.058 10 INFO neutron.wsgi [None req-2168450c-28f6-4977-87ea-c4e8cd78dfea 0065a2e328b046d0be7d855fc6d77206 4699074a7a5b4c3593ad17b3a1013924 - - default default] 10.0.0.109 "POST /v2.0/ports HTTP/1.1" status: 201 len: 1705 time: 0.6459327 /var/lib/openstack/lib/python3.10/site-packages/pycadf/identifier.py:71: UserWarning: Invalid uuid: neutron. To ensure interoperability, identifiers should be a valid uuid. warnings.warn(('Invalid uuid: %s. To ensure interoperability, '
2026-04-07 01:16:43.175 10 INFO neutron.wsgi [None req-2f65eca5-dcef-49bd-82e7-f78df5924055 0065a2e328b046d0be7d855fc6d77206 4699074a7a5b4c3593ad17b3a1013924 - - default default] 10.0.0.109 "GET /v2.0/ports HTTP/1.1" status: 200 len: 3212 time: 0.1126854
2026-04-07 01:16:43.425 10 INFO neutron.wsgi [None req-965c6107-bb64-4ee0-8e82-8096f8b5d7d1 0065a2e328b046d0be7d855fc6d77206 4699074a7a5b4c3593ad17b3a1013924 - - default default] 10.0.0.109 "DELETE /v2.0/ports/636a00ec-de0d-41fe-a200-0917673c2034 HTTP/1.1" status: 204 len: 168 time: 0.2448235
2026-04-07 01:16:43.469 9 INFO neutron.db.ovn_revision_numbers_db [None req-b403784d-9ee0-4e24-ad1a-0a4e510d7737 42b96d8f9d9841ab8871f602b358b72e c6fed3c715054ba482c528ca91453372 - - default default] Successfully bumped revision number for resource 5ccea777-1bb2-4836-944f-570045258d7f (type: ports) to 2
2026-04-07 01:16:43.502 9 INFO neutron.db.ovn_revision_numbers_db [None req-b403784d-9ee0-4e24-ad1a-0a4e510d7737 42b96d8f9d9841ab8871f602b358b72e c6fed3c715054ba482c528ca91453372 - - default default] Successfully bumped revision number for resource 063030b3-dd2c-4ee3-9b9d-a0fa202583da (type: subnets) to 0
2026-04-07 01:16:43.517 9 INFO neutron.wsgi [None req-b403784d-9ee0-4e24-ad1a-0a4e510d7737 42b96d8f9d9841ab8871f602b358b72e c6fed3c715054ba482c528ca91453372 - - default default] 10.0.0.109 "POST /v2.0/subnets HTTP/1.1" status: 201 len: 801 time: 0.7888186
2026-04-07 01:16:43.530 9 WARNING neutron_lib.context [None req-408a50b4-b31f-46c3-a0ff-5d277bc255dd 42b96d8f9d9841ab8871f602b358b72e c6fed3c715054ba482c528ca91453372 - - default default] Method 'is_advsvc' is deprecated since 2023.2 release (neutron-lib 3.8.0) and will be removed once support for the old RBAC API policies will be removed from Neutron. Please use method 'is_service_role' instead.
2026-04-07 01:16:43.650 10 INFO neutron.wsgi [None req-684d8a24-f018-4cc5-8c2f-4f6f32936f2b 0065a2e328b046d0be7d855fc6d77206 4699074a7a5b4c3593ad17b3a1013924 - - default default] 10.0.0.109 "DELETE /v2.0/ports/07af0e3e-2e7f-4966-9ac1-5a0df044720d HTTP/1.1" status: 204 len: 168 time: 0.2192934
2026-04-07 01:16:43.695 10 INFO neutron.wsgi [None req-0339bdc4-48dd-4a27-8464-988cf77a43ff 0065a2e328b046d0be7d855fc6d77206 4699074a7a5b4c3593ad17b3a1013924 - - default default] 10.0.0.109 "GET /v2.0/ports HTTP/1.1" status: 200 len: 1718 time: 0.0398962
2026-04-07 01:16:43.705 10 WARNING neutron_lib.context [None req-cc36495b-eb48-488f-8148-7d0159eb4530 0065a2e328b046d0be7d855fc6d77206 4699074a7a5b4c3593ad17b3a1013924 - - default default] Method 'is_advsvc' is deprecated since 2023.2 release (neutron-lib 3.8.0) and will be removed once support for the old RBAC API policies will be removed from Neutron. Please use method 'is_service_role' instead.
2026-04-07 01:16:43.768 9 WARNING neutron.scheduler.dhcp_agent_scheduler [None req-408a50b4-b31f-46c3-a0ff-5d277bc255dd 42b96d8f9d9841ab8871f602b358b72e c6fed3c715054ba482c528ca91453372 - - default default] No more DHCP agents
2026-04-07 01:16:43.769 9 WARNING neutron.api.rpc.agentnotifiers.dhcp_rpc_agent_api [None req-408a50b4-b31f-46c3-a0ff-5d277bc255dd 42b96d8f9d9841ab8871f602b358b72e c6fed3c715054ba482c528ca91453372 - - default default] Unable to schedule network 6be78a51-61bb-441d-b643-a435877835c7: no agents available; will retry on subsequent port and subnet creation events.
2026-04-07 01:16:43.783 10 INFO neutron.db.segments_db [None req-cc36495b-eb48-488f-8148-7d0159eb4530 0065a2e328b046d0be7d855fc6d77206 4699074a7a5b4c3593ad17b3a1013924 - - default default] Added segment 4330a034-e59e-4376-af36-ece8743e6d26 of type geneve for network 5d1a155b-427b-4aaf-b418-572fb5bb830e
2026-04-07 01:16:43.932 10 INFO neutron.db.ovn_revision_numbers_db [None req-cc36495b-eb48-488f-8148-7d0159eb4530 0065a2e328b046d0be7d855fc6d77206 4699074a7a5b4c3593ad17b3a1013924 - - default default] Successfully bumped revision number for resource 5d1a155b-427b-4aaf-b418-572fb5bb830e (type: networks) to 1
2026-04-07 01:16:44.098 10 WARNING neutron.scheduler.dhcp_agent_scheduler [None req-cc36495b-eb48-488f-8148-7d0159eb4530 0065a2e328b046d0be7d855fc6d77206 4699074a7a5b4c3593ad17b3a1013924 - - default default] No more DHCP agents
2026-04-07 01:16:44.099 10 WARNING neutron.api.rpc.agentnotifiers.dhcp_rpc_agent_api [None req-cc36495b-eb48-488f-8148-7d0159eb4530 0065a2e328b046d0be7d855fc6d77206 4699074a7a5b4c3593ad17b3a1013924 - - default default] Unable to schedule network 5d1a155b-427b-4aaf-b418-572fb5bb830e: no agents available; will retry on subsequent port and subnet creation events.
2026-04-07 01:16:44.169 10 INFO neutron.db.ovn_revision_numbers_db [None req-cc36495b-eb48-488f-8148-7d0159eb4530 0065a2e328b046d0be7d855fc6d77206 4699074a7a5b4c3593ad17b3a1013924 - - default default] Successfully bumped revision number for resource 8a9e26e8-ecbb-4841-87bd-b84b13b73a93 (type: ports) to 1
2026-04-07 01:16:44.187 10 INFO neutron.wsgi [None req-cc36495b-eb48-488f-8148-7d0159eb4530 0065a2e328b046d0be7d855fc6d77206 4699074a7a5b4c3593ad17b3a1013924 - - default default] 10.0.0.109 "POST /v2.0/networks HTTP/1.1" status: 201 len: 849 time: 0.4855347
2026-04-07 01:16:44.197 10 WARNING neutron_lib.context [None req-eef14264-6af4-47b6-abfb-4167c84437db 0065a2e328b046d0be7d855fc6d77206 4699074a7a5b4c3593ad17b3a1013924 - - default default] Method 'is_advsvc' is deprecated since 2023.2 release (neutron-lib 3.8.0) and will be removed once support for the old RBAC API policies will be removed from Neutron. Please use method 'is_service_role' instead.
2026-04-07 01:16:44.263 9 INFO neutron.db.ovn_revision_numbers_db [None req-408a50b4-b31f-46c3-a0ff-5d277bc255dd 42b96d8f9d9841ab8871f602b358b72e c6fed3c715054ba482c528ca91453372 - - default default] Successfully bumped revision number for resource d5759d59-6249-464f-9c57-79bfa75b32e5 (type: ports) to 2
2026-04-07 01:16:44.292 10 INFO neutron.db.segments_db [None req-eef14264-6af4-47b6-abfb-4167c84437db 0065a2e328b046d0be7d855fc6d77206 4699074a7a5b4c3593ad17b3a1013924 - - default default] Added segment bc048575-7e5a-4067-92b5-e499e60945a8 of type geneve for network bb663bf3-d8ba-4203-908a-0b0b502856a7
2026-04-07 01:16:44.300 9 INFO neutron.db.ovn_revision_numbers_db [None req-408a50b4-b31f-46c3-a0ff-5d277bc255dd 42b96d8f9d9841ab8871f602b358b72e c6fed3c715054ba482c528ca91453372 - - default default] Successfully bumped revision number for resource fd0b17be-3ce5-4213-996e-fbfe958d39b3 (type: subnets) to 0
2026-04-07 01:16:44.315 9 INFO neutron.wsgi [None req-408a50b4-b31f-46c3-a0ff-5d277bc255dd 42b96d8f9d9841ab8871f602b358b72e c6fed3c715054ba482c528ca91453372 - - default default] 10.0.0.109 "POST /v2.0/subnets HTTP/1.1" status: 201 len: 801 time: 0.7936199
2026-04-07 01:16:44.324 9 WARNING neutron_lib.context [None req-7d98a1c7-6867-4fb8-b6ed-7b51e70708d0 42b96d8f9d9841ab8871f602b358b72e c6fed3c715054ba482c528ca91453372 - - default default] Method 'is_advsvc' is deprecated since 2023.2 release (neutron-lib 3.8.0) and will be removed once support for the old RBAC API policies will be removed from Neutron. Please use method 'is_service_role' instead.
2026-04-07 01:16:44.652 10 INFO neutron.db.ovn_revision_numbers_db [None req-eef14264-6af4-47b6-abfb-4167c84437db 0065a2e328b046d0be7d855fc6d77206 4699074a7a5b4c3593ad17b3a1013924 - - default default] Successfully bumped revision number for resource bb663bf3-d8ba-4203-908a-0b0b502856a7 (type: networks) to 1
2026-04-07 01:16:44.730 9 INFO neutron.db.ovn_revision_numbers_db [None req-7d98a1c7-6867-4fb8-b6ed-7b51e70708d0 42b96d8f9d9841ab8871f602b358b72e c6fed3c715054ba482c528ca91453372 - - default default] Successfully bumped revision number for resource c9c19f89-0e1b-4b2d-9389-ebe0ac9e9a72 (type: routers) to 1
2026-04-07 01:16:44.745 9 INFO neutron.wsgi [None req-7d98a1c7-6867-4fb8-b6ed-7b51e70708d0 42b96d8f9d9841ab8871f602b358b72e c6fed3c715054ba482c528ca91453372 - - default default] 10.0.0.109 "POST /v2.0/routers HTTP/1.1" status: 201 len: 686 time: 0.4254782
2026-04-07 01:16:44.827 10 WARNING neutron.scheduler.dhcp_agent_scheduler [None req-eef14264-6af4-47b6-abfb-4167c84437db 0065a2e328b046d0be7d855fc6d77206 4699074a7a5b4c3593ad17b3a1013924 - - default default] No more DHCP agents
2026-04-07 01:16:44.830 10 WARNING neutron.api.rpc.agentnotifiers.dhcp_rpc_agent_api [None req-eef14264-6af4-47b6-abfb-4167c84437db 0065a2e328b046d0be7d855fc6d77206 4699074a7a5b4c3593ad17b3a1013924 - - default default] Unable to schedule network bb663bf3-d8ba-4203-908a-0b0b502856a7: no agents available; will retry on subsequent port and subnet creation events.
2026-04-07 01:16:44.924 10 INFO neutron.db.ovn_revision_numbers_db [None req-eef14264-6af4-47b6-abfb-4167c84437db 0065a2e328b046d0be7d855fc6d77206 4699074a7a5b4c3593ad17b3a1013924 - - default default] Successfully bumped revision number for resource 80df9b0c-ab69-418e-8c7a-5f0bcaf404aa (type: ports) to 1
2026-04-07 01:16:44.954 10 INFO neutron.wsgi [None req-eef14264-6af4-47b6-abfb-4167c84437db 0065a2e328b046d0be7d855fc6d77206 4699074a7a5b4c3593ad17b3a1013924 - - default default] 10.0.0.109 "POST /v2.0/networks HTTP/1.1" status: 201 len: 847 time: 0.7614326
2026-04-07 01:16:44.994 10 WARNING neutron_lib.context [None req-36700972-6f20-46f8-a2ad-2518b4518688 0065a2e328b046d0be7d855fc6d77206 4699074a7a5b4c3593ad17b3a1013924 - - default default] Method 'is_advsvc' is deprecated since 2023.2 release (neutron-lib 3.8.0) and will be removed once support for the old RBAC API policies will be removed from Neutron. Please use method 'is_service_role' instead.
2026-04-07 01:16:45.032 10 WARNING neutron_lib.context [None req-36700972-6f20-46f8-a2ad-2518b4518688 0065a2e328b046d0be7d855fc6d77206 4699074a7a5b4c3593ad17b3a1013924 - - default default] Method 'is_advsvc' is deprecated since 2023.2 release (neutron-lib 3.8.0) and will be removed once support for the old RBAC API policies will be removed from Neutron. Please use method 'is_service_role' instead.
2026-04-07 01:16:45.198 9 WARNING neutron.scheduler.dhcp_agent_scheduler [None req-4169a29a-e4de-4f13-94af-fcc1f05ecba7 42b96d8f9d9841ab8871f602b358b72e c6fed3c715054ba482c528ca91453372 - - default default] No more DHCP agents
2026-04-07 01:16:45.200 9 WARNING neutron.api.rpc.agentnotifiers.dhcp_rpc_agent_api [None req-4169a29a-e4de-4f13-94af-fcc1f05ecba7 42b96d8f9d9841ab8871f602b358b72e c6fed3c715054ba482c528ca91453372 - - default default] Unable to schedule network 5b417082-1fce-4b08-8987-38a7ee0a2ab4: no agents available; will retry on subsequent port and subnet creation events.
2026-04-07 01:16:45.370 9 INFO neutron.db.ovn_revision_numbers_db [None req-4169a29a-e4de-4f13-94af-fcc1f05ecba7 42b96d8f9d9841ab8871f602b358b72e c6fed3c715054ba482c528ca91453372 - - default default] Successfully bumped revision number for resource f9089d34-0b3d-44b7-b32d-db0433de33d5 (type: ports) to 1
2026-04-07 01:16:45.427 10 WARNING neutron.scheduler.dhcp_agent_scheduler [None req-36700972-6f20-46f8-a2ad-2518b4518688 0065a2e328b046d0be7d855fc6d77206 4699074a7a5b4c3593ad17b3a1013924 - - default default] No more DHCP agents
2026-04-07 01:16:45.433 10 WARNING neutron.api.rpc.agentnotifiers.dhcp_rpc_agent_api [None req-36700972-6f20-46f8-a2ad-2518b4518688 0065a2e328b046d0be7d855fc6d77206 4699074a7a5b4c3593ad17b3a1013924 - - default default] Unable to schedule network 5d1a155b-427b-4aaf-b418-572fb5bb830e: no agents available; will retry on subsequent port and subnet creation events.
2026-04-07 01:16:45.640 10 INFO neutron.db.ovn_revision_numbers_db [None req-0fe37b81-17b1-470a-b7f8-5e83eb79a53a b79fd18be6484ab3be3944303af0fddd a38b0b41e32c4c89a7b16e9d70bcfb57 - - default default] Successfully bumped revision number for resource e85ac162-76ae-4091-884b-a9dc1cf02ce0 (type: security_groups) to 1
2026-04-07 01:16:45.654 10 INFO neutron.db.ovn_revision_numbers_db [None req-0fe37b81-17b1-470a-b7f8-5e83eb79a53a b79fd18be6484ab3be3944303af0fddd a38b0b41e32c4c89a7b16e9d70bcfb57 - - default default] Successfully bumped revision number for resource 55fa0905-a5ad-4df9-bd7c-21385ccff5ac (type: security_group_rules) to 0
2026-04-07 01:16:45.671 10 INFO neutron.db.ovn_revision_numbers_db [None req-0fe37b81-17b1-470a-b7f8-5e83eb79a53a b79fd18be6484ab3be3944303af0fddd a38b0b41e32c4c89a7b16e9d70bcfb57 - - default default] Successfully bumped revision number for resource b2cdc7dc-b273-4868-a21a-7db394fb9f2e (type: security_group_rules) to 0
2026-04-07 01:16:45.699 10 INFO neutron.db.ovn_revision_numbers_db [None req-0fe37b81-17b1-470a-b7f8-5e83eb79a53a b79fd18be6484ab3be3944303af0fddd a38b0b41e32c4c89a7b16e9d70bcfb57 - - default default] Successfully bumped revision number for resource ba5a6e70-c883-4b7c-9fe6-ab9832a3b7a3 (type: security_group_rules) to 0
2026-04-07 01:16:45.723 10 INFO neutron.db.ovn_revision_numbers_db [None req-0fe37b81-17b1-470a-b7f8-5e83eb79a53a b79fd18be6484ab3be3944303af0fddd a38b0b41e32c4c89a7b16e9d70bcfb57 - - default default] Successfully bumped revision number for resource d12e80ed-c22b-4227-880a-e86ba9afe049 (type: security_group_rules) to 0
2026-04-07 01:16:45.727 9 INFO neutron.db.ovn_revision_numbers_db [None req-45061ec5-ae38-45c6-98c4-197b75296293 b79fd18be6484ab3be3944303af0fddd a38b0b41e32c4c89a7b16e9d70bcfb57 - - default default] Successfully bumped revision number for resource 032527f1-0979-4b0a-86fe-5c544b321add (type: security_groups) to 1
2026-04-07 01:16:45.740 10 INFO neutron.plugins.ml2.drivers.ovn.mech_driver.mech_driver [None req-db2c1de9-33b6-4b35-86c8-1a74b03f02eb - - - - - -] OVN reports status up for port: f9089d34-0b3d-44b7-b32d-db0433de33d5
2026-04-07 01:16:45.751 9 INFO neutron.db.ovn_revision_numbers_db [None req-45061ec5-ae38-45c6-98c4-197b75296293 b79fd18be6484ab3be3944303af0fddd a38b0b41e32c4c89a7b16e9d70bcfb57 - - default default] Successfully bumped revision number for resource 0e90a19b-9e40-44d7-8353-b0e78db0a55a (type: security_group_rules) to 0
2026-04-07 01:16:45.760 10 INFO neutron.plugins.ml2.plugin [None req-db2c1de9-33b6-4b35-86c8-1a74b03f02eb - - - - - -] Attempt 1 to provision port f9089d34-0b3d-44b7-b32d-db0433de33d5
2026-04-07 01:16:45.765 10 INFO neutron.wsgi [None req-0fe37b81-17b1-470a-b7f8-5e83eb79a53a b79fd18be6484ab3be3944303af0fddd a38b0b41e32c4c89a7b16e9d70bcfb57 - - default default] 10.0.0.109 "GET /v2.0/security-groups?tenant_id=33507851324d4a9187e55f7b457751af&name=default HTTP/1.1" status: 200 len: 2996 time: 0.4837666
2026-04-07 01:16:45.765 9 INFO neutron.db.ovn_revision_numbers_db [None req-45061ec5-ae38-45c6-98c4-197b75296293 b79fd18be6484ab3be3944303af0fddd a38b0b41e32c4c89a7b16e9d70bcfb57 - - default default] Successfully bumped revision number for resource 7f178b60-b073-4756-b173-a9fb4b8ba655 (type: security_group_rules) to 0
