2026-04-07 01:09:46.459 9 INFO neutron.wsgi [None req-488920a8-b24c-477a-946d-668ac71f1be3 b79fd18be6484ab3be3944303af0fddd a38b0b41e32c4c89a7b16e9d70bcfb57 - - default default] 10.0.0.62 "GET /v2.0/networks HTTP/1.1" status: 200 len: 2350 time: 0.0559380
2026-04-07 01:09:47.021 10 INFO neutron.wsgi [-] 10.0.0.9 "GET / HTTP/1.1" status: 200 len: 247 time: 0.0025921
2026-04-07 01:09:47.023 10 INFO neutron.wsgi [-] 10.0.0.9 "GET / HTTP/1.1" status: 200 len: 247 time: 0.0012689
2026-04-07 01:10:02.046 10 INFO neutron.wsgi [-] 10.0.0.9 "GET / HTTP/1.1" status: 200 len: 247 time: 0.0013382
2026-04-07 01:10:02.048 10 INFO neutron.wsgi [-] 10.0.0.9 "GET / HTTP/1.1" status: 200 len: 247 time: 0.0012431
2026-04-07 01:10:17.020 10 INFO neutron.wsgi [-] 10.0.0.9 "GET / HTTP/1.1" status: 200 len: 247 time: 0.0017405
2026-04-07 01:10:17.021 9 INFO neutron.wsgi [-] 10.0.0.9 "GET / HTTP/1.1" status: 200 len: 247 time: 0.0027556
2026-04-07 01:10:32.021 9 INFO neutron.wsgi [-] 10.0.0.9 "GET / HTTP/1.1" status: 200 len: 247 time: 0.0025201
2026-04-07 01:10:32.021 10 INFO neutron.wsgi [-] 10.0.0.9 "GET / HTTP/1.1" status: 200 len: 247 time: 0.0027721
2026-04-07 01:10:46.086 9 INFO neutron.wsgi [None req-27eb81a3-55ca-4842-a978-c6e084a57d0b b79fd18be6484ab3be3944303af0fddd a38b0b41e32c4c89a7b16e9d70bcfb57 - - default default] 10.0.0.62 "GET /v2.0/subnets HTTP/1.1" status: 200 len: 1437 time: 0.0860014
2026-04-07 01:10:46.097 9 INFO neutron.wsgi [None req-68649601-7ed4-4e49-a0e3-f84ee0b03065 b79fd18be6484ab3be3944303af0fddd a38b0b41e32c4c89a7b16e9d70bcfb57 - - default default] 10.0.0.62 "GET /v2.0/subnetpools HTTP/1.1" status: 200 len: 193 time: 0.0089908
2026-04-07 01:10:46.119 9 INFO neutron.wsgi [None req-11a81e52-0088-41ec-8339-3a06b5ffae58 b79fd18be6484ab3be3944303af0fddd a38b0b41e32c4c89a7b16e9d70bcfb57 - - default default] 10.0.0.62 "GET /v2.0/floatingips HTTP/1.1" status: 200 len: 193 time: 0.0215461
2026-04-07 01:10:46.148 9 INFO neutron.wsgi [None req-db915831-d66e-48ec-bd1b-0a4f6d3c16b7 b79fd18be6484ab3be3944303af0fddd a38b0b41e32c4c89a7b16e9d70bcfb57 - - default default] 10.0.0.62 "GET /v2.0/subnets HTTP/1.1" status: 200 len: 1437 time: 0.0282109
2026-04-07 01:10:46.197 9 INFO neutron.wsgi [None req-97e6bfe5-ea6b-4591-b104-5678b1ce6cb9 b79fd18be6484ab3be3944303af0fddd a38b0b41e32c4c89a7b16e9d70bcfb57 - - default default] 10.0.0.62 "GET /v2.0/agents HTTP/1.1" status: 200 len: 997 time: 0.0461206
2026-04-07 01:10:46.285 9 INFO neutron.wsgi [None req-8810996e-f7ab-4ecd-829c-7b59c4c9cf53 b79fd18be6484ab3be3944303af0fddd a38b0b41e32c4c89a7b16e9d70bcfb57 - - default default] 10.0.0.62 "GET /v2.0/networks HTTP/1.1" status: 200 len: 2350 time: 0.0852635
2026-04-07 01:10:46.396 9 INFO neutron.wsgi [None req-ac95a19c-d45e-409e-ac1e-d2df289362aa b79fd18be6484ab3be3944303af0fddd a38b0b41e32c4c89a7b16e9d70bcfb57 - - default default] 10.0.0.62 "GET /v2.0/security-groups HTTP/1.1" status: 200 len: 16799 time: 0.1085696
2026-04-07 01:10:46.440 9 INFO neutron.wsgi [None req-12e06ff9-0fce-49f7-9c12-f264e0ce39bd b79fd18be6484ab3be3944303af0fddd a38b0b41e32c4c89a7b16e9d70bcfb57 - - default default] 10.0.0.62 "GET /v2.0/ports HTTP/1.1" status: 200 len: 5347 time: 0.0395854
2026-04-07 01:10:46.468 9 INFO neutron.wsgi [None req-48903d45-2dcb-4896-9fb7-e628b2a3fb3d b79fd18be6484ab3be3944303af0fddd a38b0b41e32c4c89a7b16e9d70bcfb57 - - default default] 10.0.0.62 "GET /v2.0/routers HTTP/1.1" status: 200 len: 189 time: 0.0228474
2026-04-07 01:10:46.479 9 INFO neutron.wsgi [None req-2ff765a0-5698-44f1-9279-0f1617426a99 b79fd18be6484ab3be3944303af0fddd a38b0b41e32c4c89a7b16e9d70bcfb57 - - default default] 10.0.0.62 "GET /v2.0/agents?binary=ovn-controller HTTP/1.1" status: 200 len: 591 time: 0.0095730
2026-04-07 01:10:46.491 9 INFO neutron.wsgi [None req-3c87c4b7-a47f-4d51-ad21-2932d7642918 b79fd18be6484ab3be3944303af0fddd a38b0b41e32c4c89a7b16e9d70bcfb57 - - default default] 10.0.0.62 "GET /v2.0/network-ip-availabilities HTTP/1.1" status: 200 len: 1280 time: 0.0111611
2026-04-07 01:10:47.020 10 INFO neutron.wsgi [-] 10.0.0.9 "GET / HTTP/1.1" status: 200 len: 247 time: 0.0023453
2026-04-07 01:10:47.021 9 INFO neutron.wsgi [-] 10.0.0.9 "GET / HTTP/1.1" status: 200 len: 247 time: 0.0024252
2026-04-07 01:11:02.021 10 INFO neutron.wsgi [-] 10.0.0.9 "GET / HTTP/1.1" status: 200 len: 247 time: 0.0024295
2026-04-07 01:11:02.021 9 INFO neutron.wsgi [-] 10.0.0.9 "GET / HTTP/1.1" status: 200 len: 247 time: 0.0028915
2026-04-07 01:11:17.021 10 INFO neutron.wsgi [-] 10.0.0.9 "GET / HTTP/1.1" status: 200 len: 247 time: 0.0023882
2026-04-07 01:11:17.021 9 INFO neutron.wsgi [-] 10.0.0.9 "GET / HTTP/1.1" status: 200 len: 247 time: 0.0027237
2026-04-07 01:11:32.022 9 INFO neutron.wsgi [-] 10.0.0.9 "GET / HTTP/1.1" status: 200 len: 247 time: 0.0034189
2026-04-07 01:11:32.022 10 INFO neutron.wsgi [-] 10.0.0.9 "GET / HTTP/1.1" status: 200 len: 247 time: 0.0033479
2026-04-07 01:11:32.295 9 INFO neutron.pecan_wsgi.hooks.translation [None req-c5649441-7104-4d46-b953-dc0fa7e8844f b79fd18be6484ab3be3944303af0fddd a38b0b41e32c4c89a7b16e9d70bcfb57 - - default default] GET failed (client error): The resource could not be found.
2026-04-07 01:11:32.297 9 INFO neutron.wsgi [None req-c5649441-7104-4d46-b953-dc0fa7e8844f b79fd18be6484ab3be3944303af0fddd a38b0b41e32c4c89a7b16e9d70bcfb57 - - default default] 199.19.213.84,10.0.0.9 "GET /v2.0/networks/public HTTP/1.1" status: 404 len: 290 time: 0.0589514
2026-04-07 01:11:32.376 9 INFO neutron.wsgi [None req-3d8cbfe0-87e2-4647-a42d-42a058ff08c1 b79fd18be6484ab3be3944303af0fddd a38b0b41e32c4c89a7b16e9d70bcfb57 - - default default] 199.19.213.84,10.0.0.9 "GET /v2.0/networks?name=public HTTP/1.1" status: 200 len: 928 time: 0.0750604
2026-04-07 01:11:33.505 9 INFO neutron.pecan_wsgi.hooks.translation [None req-a58d533f-9017-4d78-8463-b4fa8b8a75f8 b79fd18be6484ab3be3944303af0fddd a38b0b41e32c4c89a7b16e9d70bcfb57 - - default default] GET failed (client error): The resource could not be found.
2026-04-07 01:11:33.507 9 INFO neutron.wsgi [None req-a58d533f-9017-4d78-8463-b4fa8b8a75f8 b79fd18be6484ab3be3944303af0fddd a38b0b41e32c4c89a7b16e9d70bcfb57 - - default default] 199.19.213.84,10.0.0.9 "GET /v2.0/networks/public HTTP/1.1" status: 404 len: 290 time: 0.0612526
2026-04-07 01:11:33.575 9 INFO neutron.wsgi [None req-70fff419-af16-4fc9-b1a0-78c79f40b851 b79fd18be6484ab3be3944303af0fddd a38b0b41e32c4c89a7b16e9d70bcfb57 - - default default] 199.19.213.84,10.0.0.9 "GET /v2.0/networks?name=public HTTP/1.1" status: 200 len: 928 time: 0.0649917
2026-04-07 01:11:33.598 9 INFO neutron.pecan_wsgi.hooks.translation [None req-98ada636-0df9-4293-9f6d-65c5f0255c1a b79fd18be6484ab3be3944303af0fddd a38b0b41e32c4c89a7b16e9d70bcfb57 - - default default] GET failed (client error): The resource could not be found.
2026-04-07 01:11:33.600 9 INFO neutron.wsgi [None req-98ada636-0df9-4293-9f6d-65c5f0255c1a b79fd18be6484ab3be3944303af0fddd a38b0b41e32c4c89a7b16e9d70bcfb57 - - default default] 199.19.213.84,10.0.0.9 "GET /v2.0/subnets/public-subnet?network_id=7f62f00d-fcf3-4222-a501-4a9916312d71 HTTP/1.1" status: 404 len: 295 time: 0.0182941
2026-04-07 01:11:33.648 9 INFO neutron.wsgi [None req-5d9d7e96-809b-4f83-af2f-f6ab19a4866d b79fd18be6484ab3be3944303af0fddd a38b0b41e32c4c89a7b16e9d70bcfb57 - - default default] 199.19.213.84,10.0.0.9 "GET /v2.0/subnets?name=public-subnet&network_id=7f62f00d-fcf3-4222-a501-4a9916312d71 HTTP/1.1" status: 200 len: 819 time: 0.0444193
2026-04-07 01:11:46.094 9 INFO neutron.wsgi [None req-e4687391-a49e-4cc8-ba92-4fe1424b78d8 b79fd18be6484ab3be3944303af0fddd a38b0b41e32c4c89a7b16e9d70bcfb57 - - default default] 10.0.0.62 "GET /v2.0/floatingips HTTP/1.1" status: 200 len: 193 time: 0.0764732
2026-04-07 01:11:46.169 9 INFO neutron.wsgi [None req-66ee2402-7485-40e6-9895-5e52b67e225a b79fd18be6484ab3be3944303af0fddd a38b0b41e32c4c89a7b16e9d70bcfb57 - - default default] 10.0.0.62 "GET /v2.0/networks HTTP/1.1" status: 200 len: 2350 time: 0.0736735
2026-04-07 01:11:46.225 9 INFO neutron.wsgi [None req-46a2a041-9d6e-402c-8406-e0c907c0dbc8 b79fd18be6484ab3be3944303af0fddd a38b0b41e32c4c89a7b16e9d70bcfb57 - - default default] 10.0.0.62 "GET /v2.0/ports HTTP/1.1" status: 200 len: 5347 time: 0.0544643
2026-04-07 01:11:46.269 9 INFO neutron.wsgi [None req-ed989ec5-0756-45c4-a642-9a462a86a6b7 b79fd18be6484ab3be3944303af0fddd a38b0b41e32c4c89a7b16e9d70bcfb57 - - default default] 10.0.0.62 "GET /v2.0/subnets HTTP/1.1" status: 200 len: 1437 time: 0.0401096
2026-04-07 01:11:46.291 9 INFO neutron.wsgi [None req-36b6efad-6f41-4cd0-b483-c2a1d4b202d5 b79fd18be6484ab3be3944303af0fddd a38b0b41e32c4c89a7b16e9d70bcfb57 - - default default] 10.0.0.62 "GET /v2.0/routers HTTP/1.1" status: 200 len: 189 time: 0.0202498
2026-04-07 01:11:46.330 9 INFO neutron.wsgi [None req-2ebe487e-8ddb-4707-9ebe-b1ba43b171de b79fd18be6484ab3be3944303af0fddd a38b0b41e32c4c89a7b16e9d70bcfb57 - - default default] 10.0.0.62 "GET /v2.0/agents?binary=ovn-controller HTTP/1.1" status: 200 len: 591 time: 0.0372682
2026-04-07 01:11:46.343 9 INFO neutron.wsgi [None req-c42c131e-9de2-42cb-ad8b-fdaaa328cd49 b79fd18be6484ab3be3944303af0fddd a38b0b41e32c4c89a7b16e9d70bcfb57 - - default default] 10.0.0.62 "GET /v2.0/network-ip-availabilities HTTP/1.1" status: 200 len: 1280 time: 0.0118697
2026-04-07 01:11:46.400 9 INFO neutron.wsgi [None req-4d931008-c995-4b86-8cea-8c1fe54fe08f b79fd18be6484ab3be3944303af0fddd a38b0b41e32c4c89a7b16e9d70bcfb57 - - default default] 10.0.0.62 "GET /v2.0/security-groups HTTP/1.1" status: 200 len: 16799 time: 0.0564811
2026-04-07 01:11:46.431 9 INFO neutron.wsgi [None req-b882a1b5-a845-46f9-a834-c21703fcfbed b79fd18be6484ab3be3944303af0fddd a38b0b41e32c4c89a7b16e9d70bcfb57 - - default default] 10.0.0.62 "GET /v2.0/subnets HTTP/1.1" status: 200 len: 1437 time: 0.0287640
2026-04-07 01:11:46.441 9 INFO neutron.wsgi [None req-507c6ea4-24a3-4307-bf70-c0319249d8b7 b79fd18be6484ab3be3944303af0fddd a38b0b41e32c4c89a7b16e9d70bcfb57 - - default default] 10.0.0.62 "GET /v2.0/subnetpools HTTP/1.1" status: 200 len: 193 time: 0.0092466
2026-04-07 01:11:46.452 9 INFO neutron.wsgi [None req-3608a9bb-1222-4212-ae10-919476f1c765 b79fd18be6484ab3be3944303af0fddd a38b0b41e32c4c89a7b16e9d70bcfb57 - - default default] 10.0.0.62 "GET /v2.0/agents HTTP/1.1" status: 200 len: 997 time: 0.0098882
2026-04-07 01:11:47.020 10 INFO neutron.wsgi [-] 10.0.0.9 "GET / HTTP/1.1" status: 200 len: 247 time: 0.0023746
2026-04-07 01:11:47.021 9 INFO neutron.wsgi [-] 10.0.0.9 "GET / HTTP/1.1" status: 200 len: 247 time: 0.0025220
2026-04-07 01:12:02.020 9 INFO neutron.wsgi [-] 10.0.0.9 "GET / HTTP/1.1" status: 200 len: 247 time: 0.0024080
2026-04-07 01:12:02.020 10 INFO neutron.wsgi [-] 10.0.0.9 "GET / HTTP/1.1" status: 200 len: 247 time: 0.0024414
2026-04-07 01:12:04.900 10 INFO neutron.pecan_wsgi.hooks.translation [None req-bd168f75-ac82-498b-bf48-9777f5d81fcd b79fd18be6484ab3be3944303af0fddd a38b0b41e32c4c89a7b16e9d70bcfb57 - - default default] GET failed (client error): The resource could not be found.
2026-04-07 01:12:04.901 10 INFO neutron.wsgi [None req-bd168f75-ac82-498b-bf48-9777f5d81fcd b79fd18be6484ab3be3944303af0fddd a38b0b41e32c4c89a7b16e9d70bcfb57 - - default default] 199.19.213.84,10.0.0.9 "GET /v2.0/networks/lb-mgmt-net HTTP/1.1" status: 404 len: 295 time: 0.0710924
2026-04-07 01:12:05.022 10 INFO neutron.wsgi [None req-7d36d0e1-5f1e-4cd1-93eb-6a8a9a73fe62 b79fd18be6484ab3be3944303af0fddd a38b0b41e32c4c89a7b16e9d70bcfb57 - - default default] 199.19.213.84,10.0.0.9 "GET /v2.0/networks?name=lb-mgmt-net HTTP/1.1" status: 200 len: 913 time: 0.1166210
2026-04-07 01:12:05.932 10 INFO neutron.pecan_wsgi.hooks.translation [None req-99e7b510-3b8c-493d-82ee-8e816bb4c8e4 b79fd18be6484ab3be3944303af0fddd a38b0b41e32c4c89a7b16e9d70bcfb57 - - default default] GET failed (client error): The resource could not be found.
2026-04-07 01:12:05.934 10 INFO neutron.wsgi [None req-99e7b510-3b8c-493d-82ee-8e816bb4c8e4 b79fd18be6484ab3be3944303af0fddd a38b0b41e32c4c89a7b16e9d70bcfb57 - - default default] 199.19.213.84,10.0.0.9 "GET /v2.0/networks/lb-mgmt-net HTTP/1.1" status: 404 len: 295 time: 0.0592046
2026-04-07 01:12:05.995 10 INFO neutron.wsgi [None req-6309b183-8c87-48b8-ba7c-84b233d0b251 b79fd18be6484ab3be3944303af0fddd a38b0b41e32c4c89a7b16e9d70bcfb57 - - default default] 199.19.213.84,10.0.0.9 "GET /v2.0/networks?name=lb-mgmt-net HTTP/1.1" status: 200 len: 913 time: 0.0576324
2026-04-07 01:12:06.017 10 INFO neutron.pecan_wsgi.hooks.translation [None req-5f55d507-d083-4591-b96d-12c59b94aa67 b79fd18be6484ab3be3944303af0fddd a38b0b41e32c4c89a7b16e9d70bcfb57 - - default default] GET failed (client error): The resource could not be found.
2026-04-07 01:12:06.019 10 INFO neutron.wsgi [None req-5f55d507-d083-4591-b96d-12c59b94aa67 b79fd18be6484ab3be3944303af0fddd a38b0b41e32c4c89a7b16e9d70bcfb57 - - default default] 199.19.213.84,10.0.0.9 "GET /v2.0/subnets/lb-mgmt-subnet?network_id=819eb512-3f91-4e9f-8e9e-dc50435bf51a HTTP/1.1" status: 404 len: 296 time: 0.0157115
2026-04-07 01:12:06.062 10 INFO neutron.wsgi [None req-3399da71-f911-43d0-b119-66bab8a42f27 b79fd18be6484ab3be3944303af0fddd a38b0b41e32c4c89a7b16e9d70bcfb57 - - default default] 199.19.213.84,10.0.0.9 "GET /v2.0/subnets?name=lb-mgmt-subnet&network_id=819eb512-3f91-4e9f-8e9e-dc50435bf51a HTTP/1.1" status: 200 len: 805 time: 0.0406547
2026-04-07 01:12:07.229 9 INFO neutron.api.v2.resource [None req-22546864-d869-483a-b150-6dba94cec7f7 b79fd18be6484ab3be3944303af0fddd a38b0b41e32c4c89a7b16e9d70bcfb57 - - default default] show failed (client error): The resource could not be found.
2026-04-07 01:12:07.230 9 INFO neutron.wsgi [None req-22546864-d869-483a-b150-6dba94cec7f7 b79fd18be6484ab3be3944303af0fddd a38b0b41e32c4c89a7b16e9d70bcfb57 - - default default] 199.19.213.84,10.0.0.9 "GET /v2.0/security-groups/lb-health-mgr-sec-grp HTTP/1.1" status: 404 len: 313 time: 0.0818532
2026-04-07 01:12:07.271 9 INFO neutron.wsgi [None req-101f7e30-f132-44a9-abeb-208e30be208f b79fd18be6484ab3be3944303af0fddd a38b0b41e32c4c89a7b16e9d70bcfb57 - - default default] 199.19.213.84,10.0.0.9 "GET /v2.0/security-groups?name=lb-health-mgr-sec-grp HTTP/1.1" status: 200 len: 4649 time: 0.0382016
2026-04-07 01:12:08.384 9 INFO neutron.wsgi [None req-832f8f76-7f9d-49cb-8bcc-dc0844c33f1d b79fd18be6484ab3be3944303af0fddd a38b0b41e32c4c89a7b16e9d70bcfb57 - - default default] 199.19.213.84,10.0.0.9 "GET /v2.0/security-groups/3aaddd93-1ada-4859-9b8c-0cd2bd79bf37 HTTP/1.1" status: 200 len: 4646 time: 0.0731230
2026-04-07 01:12:08.430 9 INFO neutron.wsgi [None req-7f721960-70e0-4137-b7d7-0868bbc3c01a b79fd18be6484ab3be3944303af0fddd a38b0b41e32c4c89a7b16e9d70bcfb57 - - default default] 199.19.213.84,10.0.0.9 "GET /v2.0/security-groups/3aaddd93-1ada-4859-9b8c-0cd2bd79bf37 HTTP/1.1" status: 200 len: 4646 time: 0.0381174
2026-04-07 01:12:08.446 9 INFO neutron.wsgi [None req-a2ae1ff2-a610-4dfd-ba27-41a7651ef92e b79fd18be6484ab3be3944303af0fddd a38b0b41e32c4c89a7b16e9d70bcfb57 - - default default] 199.19.213.84,10.0.0.9 "GET /v2.0/security-group-rules/58d564a9-5916-40fa-91b2-2e7d788167e2 HTTP/1.1" status: 200 len: 744 time: 0.0122383
2026-04-07 01:12:09.287 10 INFO neutron.wsgi [None req-9a39f55e-a0be-4b27-ad8d-72f9b7459173 b79fd18be6484ab3be3944303af0fddd a38b0b41e32c4c89a7b16e9d70bcfb57 - - default default] 199.19.213.84,10.0.0.9 "GET /v2.0/security-groups/3aaddd93-1ada-4859-9b8c-0cd2bd79bf37 HTTP/1.1" status: 200 len: 4646 time: 0.0704570
2026-04-07 01:12:09.325 10 INFO neutron.wsgi [None req-b5841c7b-daf5-47a8-8411-f640b2065e49 b79fd18be6484ab3be3944303af0fddd a38b0b41e32c4c89a7b16e9d70bcfb57 - - default default] 199.19.213.84,10.0.0.9 "GET /v2.0/security-groups/3aaddd93-1ada-4859-9b8c-0cd2bd79bf37 HTTP/1.1" status: 200 len: 4646 time: 0.0323460
2026-04-07 01:12:09.345 10 INFO neutron.wsgi [None req-34c22e83-e5a2-4158-8ff5-33fc38e40a6f b79fd18be6484ab3be3944303af0fddd a38b0b41e32c4c89a7b16e9d70bcfb57 - - default default] 199.19.213.84,10.0.0.9 "GET /v2.0/security-group-rules/6d5b8319-ba3c-4144-8383-1892ad0b4cc7 HTTP/1.1" status: 200 len: 746 time: 0.0132666
2026-04-07 01:12:10.189 10 INFO neutron.wsgi [None req-f92964a4-4351-4699-96ff-fa0c43174096 b79fd18be6484ab3be3944303af0fddd a38b0b41e32c4c89a7b16e9d70bcfb57 - - default default] 199.19.213.84,10.0.0.9 "GET /v2.0/security-groups/3aaddd93-1ada-4859-9b8c-0cd2bd79bf37 HTTP/1.1" status: 200 len: 4646 time: 0.0697792
2026-04-07 01:12:10.232 10 INFO neutron.wsgi [None req-ab4c7edb-d366-4a4b-865f-91278c564e68 b79fd18be6484ab3be3944303af0fddd a38b0b41e32c4c89a7b16e9d70bcfb57 - - default default] 199.19.213.84,10.0.0.9 "GET /v2.0/security-groups/3aaddd93-1ada-4859-9b8c-0cd2bd79bf37 HTTP/1.1" status: 200 len: 4646 time: 0.0359182
2026-04-07 01:12:10.254 10 INFO neutron.wsgi [None req-d2e3d129-f4ba-4897-9cef-2dcb7c54d760 b79fd18be6484ab3be3944303af0fddd a38b0b41e32c4c89a7b16e9d70bcfb57 - - default default] 199.19.213.84,10.0.0.9 "GET /v2.0/security-group-rules/e3f0643b-d4fb-418b-a728-f11a30fcd0bc HTTP/1.1" status: 200 len: 746 time: 0.0151393
2026-04-07 01:12:11.091 10 INFO neutron.wsgi [None req-09adbc16-ef0e-4dfd-8a69-dce692ecce37 b79fd18be6484ab3be3944303af0fddd a38b0b41e32c4c89a7b16e9d70bcfb57 - - default default] 199.19.213.84,10.0.0.9 "GET /v2.0/security-groups/3aaddd93-1ada-4859-9b8c-0cd2bd79bf37 HTTP/1.1" status: 200 len: 4646 time: 0.0718217
2026-04-07 01:12:11.133 10 INFO neutron.wsgi [None req-4102c53c-3a34-4c2b-9bc7-deabfeab44fe b79fd18be6484ab3be3944303af0fddd a38b0b41e32c4c89a7b16e9d70bcfb57 - - default default] 199.19.213.84,10.0.0.9 "GET /v2.0/security-groups/3aaddd93-1ada-4859-9b8c-0cd2bd79bf37 HTTP/1.1" status: 200 len: 4646 time: 0.0351689
2026-04-07 01:12:11.154 10 INFO neutron.wsgi [None req-471a80cb-be2f-48c1-9eb5-f0e63f69daed b79fd18be6484ab3be3944303af0fddd a38b0b41e32c4c89a7b16e9d70bcfb57 - - default default] 199.19.213.84,10.0.0.9 "GET /v2.0/security-group-rules/fac0dcaf-dbb5-41ab-a59d-16f25b166752 HTTP/1.1" status: 200 len: 746 time: 0.0144455
2026-04-07 01:12:12.004 10 INFO neutron.wsgi [None req-3f3b52a1-9e93-408b-a270-6c40a1951844 b79fd18be6484ab3be3944303af0fddd a38b0b41e32c4c89a7b16e9d70bcfb57 - - default default] 199.19.213.84,10.0.0.9 "GET /v2.0/security-groups/3aaddd93-1ada-4859-9b8c-0cd2bd79bf37 HTTP/1.1" status: 200 len: 4646 time: 0.0720952
2026-04-07 01:12:12.061 10 INFO neutron.wsgi [None req-0c90136c-6168-452a-a882-ee0d943949d4 b79fd18be6484ab3be3944303af0fddd a38b0b41e32c4c89a7b16e9d70bcfb57 - - default default] 199.19.213.84,10.0.0.9 "GET /v2.0/security-groups/3aaddd93-1ada-4859-9b8c-0cd2bd79bf37 HTTP/1.1" status: 200 len: 4646 time: 0.0476003
2026-04-07 01:12:12.084 10 INFO neutron.wsgi [None req-828e284f-db4e-414b-8837-eac0ccc68582 b79fd18be6484ab3be3944303af0fddd a38b0b41e32c4c89a7b16e9d70bcfb57 - - default default] 199.19.213.84,10.0.0.9 "GET /v2.0/security-group-rules/0f65c6bf-508b-45f1-9c6a-a7049b93722b HTTP/1.1" status: 200 len: 746 time: 0.0157490
2026-04-07 01:12:13.289 10 INFO neutron.wsgi [None req-1c47c398-744c-4b2d-99a3-761bfd8d3989 b79fd18be6484ab3be3944303af0fddd a38b0b41e32c4c89a7b16e9d70bcfb57 - - default default] 199.19.213.84,10.0.0.9 "GET /v2.0/networks/819eb512-3f91-4e9f-8e9e-dc50435bf51a HTTP/1.1" status: 200 len: 910 time: 0.0841217
2026-04-07 01:12:13.313 10 INFO neutron.pecan_wsgi.hooks.translation [None req-0c02255d-de72-4cbb-b6af-ac0810c95ce7 b79fd18be6484ab3be3944303af0fddd a38b0b41e32c4c89a7b16e9d70bcfb57 - - default default] GET failed (client error): The resource could not be found.
2026-04-07 01:12:13.314 10 INFO neutron.wsgi [None req-0c02255d-de72-4cbb-b6af-ac0810c95ce7 b79fd18be6484ab3be3944303af0fddd a38b0b41e32c4c89a7b16e9d70bcfb57 - - default default] 199.19.213.84,10.0.0.9 "GET /v2.0/ports/octavia-health-manager-port-instance?network_id=819eb512-3f91-4e9f-8e9e-dc50435bf51a HTTP/1.1" status: 404 len: 314 time: 0.0159605
2026-04-07 01:12:13.366 10 INFO neutron.wsgi [None req-ac66549c-ed51-4aa2-b286-d46f5a69aaaf b79fd18be6484ab3be3944303af0fddd a38b0b41e32c4c89a7b16e9d70bcfb57 - - default default] 199.19.213.84,10.0.0.9 "GET /v2.0/ports?name=octavia-health-manager-port-instance&network_id=819eb512-3f91-4e9f-8e9e-dc50435bf51a HTTP/1.1" status: 200 len: 1395 time: 0.0485561
2026-04-07 01:12:13.398 10 INFO neutron.wsgi [None req-a2e5bdf6-ccaf-455b-9b78-a4ff967305ec b79fd18be6484ab3be3944303af0fddd a38b0b41e32c4c89a7b16e9d70bcfb57 - - default default] 199.19.213.84,10.0.0.9 "GET /v2.0/security-groups/3aaddd93-1ada-4859-9b8c-0cd2bd79bf37 HTTP/1.1" status: 200 len: 4646 time: 0.0235140
2026-04-07 01:12:17.021 10 INFO neutron.wsgi [-] 10.0.0.9 "GET / HTTP/1.1" status: 200 len: 247 time: 0.0015073
2026-04-07 01:12:17.024 10 INFO neutron.wsgi [-] 10.0.0.9 "GET / HTTP/1.1" status: 200 len: 247 time: 0.0017226
2026-04-07 01:12:19.542 9 INFO neutron.pecan_wsgi.hooks.translation [None req-e34992d2-78fa-4582-8ba1-9fb5216ef847 b79fd18be6484ab3be3944303af0fddd a38b0b41e32c4c89a7b16e9d70bcfb57 - - default default] GET failed (client error): The resource could not be found.
2026-04-07 01:12:19.544 9 INFO neutron.wsgi [None req-e34992d2-78fa-4582-8ba1-9fb5216ef847 b79fd18be6484ab3be3944303af0fddd a38b0b41e32c4c89a7b16e9d70bcfb57 - - default default] 199.19.213.84,10.0.0.9 "GET /v2.0/ports/octavia-health-manager-port-instance HTTP/1.1" status: 404 len: 314 time: 0.0609543
2026-04-07 01:12:19.582 9 INFO neutron.wsgi [None req-8c397e89-72cb-4438-83d3-6126ec22883b b79fd18be6484ab3be3944303af0fddd a38b0b41e32c4c89a7b16e9d70bcfb57 - - default default] 199.19.213.84,10.0.0.9 "GET /v2.0/ports?name=octavia-health-manager-port-instance HTTP/1.1" status: 200 len: 1395 time: 0.0333786
2026-04-07 01:12:20.935 9 INFO neutron.wsgi [None req-dbe1e49c-68ba-4b1a-9208-e67a92f1db1b b79fd18be6484ab3be3944303af0fddd a38b0b41e32c4c89a7b16e9d70bcfb57 - - default default] 199.19.213.84,10.0.0.9 "GET /v2.0/ports HTTP/1.1" status: 200 len: 5347 time: 0.0948367
2026-04-07 01:12:21.950 9 INFO neutron.api.v2.resource [None req-e99a6326-38f3-46b0-8dc0-61847265fe5e b79fd18be6484ab3be3944303af0fddd a38b0b41e32c4c89a7b16e9d70bcfb57 - - default default] show failed (client error): The resource could not be found.
2026-04-07 01:12:21.952 9 INFO neutron.wsgi [None req-e99a6326-38f3-46b0-8dc0-61847265fe5e b79fd18be6484ab3be3944303af0fddd a38b0b41e32c4c89a7b16e9d70bcfb57 - - default default] 199.19.213.84,10.0.0.9 "GET /v2.0/security-groups/lb-mgmt-sec-grp HTTP/1.1" status: 404 len: 307 time: 0.0582428
2026-04-07 01:12:22.001 9 INFO neutron.wsgi [None req-99aa4e00-3b85-45af-bf15-b111211e8e30 b79fd18be6484ab3be3944303af0fddd a38b0b41e32c4c89a7b16e9d70bcfb57 - - default default] 199.19.213.84,10.0.0.9 "GET /v2.0/security-groups?name=lb-mgmt-sec-grp HTTP/1.1" status: 200 len: 2933 time: 0.0446622
2026-04-07 01:12:22.994 9 INFO neutron.wsgi [None req-1b211f81-eb2f-4d67-aca0-70bbd8d2f0fc b79fd18be6484ab3be3944303af0fddd a38b0b41e32c4c89a7b16e9d70bcfb57 - - default default] 199.19.213.84,10.0.0.9 "GET /v2.0/security-groups/f3c7cb5d-cd4e-485f-a9ed-1fc535adf304 HTTP/1.1" status: 200 len: 2930 time: 0.0678399
2026-04-07 01:12:23.032 9 INFO neutron.wsgi [None req-0f1ba392-06ee-4ccc-b00e-1935b4193416 b79fd18be6484ab3be3944303af0fddd a38b0b41e32c4c89a7b16e9d70bcfb57 - - default default] 199.19.213.84,10.0.0.9 "GET /v2.0/security-groups/f3c7cb5d-cd4e-485f-a9ed-1fc535adf304 HTTP/1.1" status: 200 len: 2930 time: 0.0292573
2026-04-07 01:12:23.054 9 INFO neutron.wsgi [None req-9e542d00-db7f-4b3b-89b2-e071ea84d234 b79fd18be6484ab3be3944303af0fddd a38b0b41e32c4c89a7b16e9d70bcfb57 - - default default] 199.19.213.84,10.0.0.9 "GET /v2.0/security-group-rules/cedb579a-c6b8-468f-98c2-09ba469e8a0f HTTP/1.1" status: 200 len: 764 time: 0.0155449
2026-04-07 01:12:23.926 9 INFO neutron.wsgi [None req-19e4ecd3-716e-4afd-b549-7d3a5750e884 b79fd18be6484ab3be3944303af0fddd a38b0b41e32c4c89a7b16e9d70bcfb57 - - default default] 199.19.213.84,10.0.0.9 "GET /v2.0/security-groups/f3c7cb5d-cd4e-485f-a9ed-1fc535adf304 HTTP/1.1" status: 200 len: 2930 time: 0.0743563
2026-04-07 01:12:23.967 9 INFO neutron.wsgi [None req-4a652916-6f3a-4e48-972c-0618a5be33e5 b79fd18be6484ab3be3944303af0fddd a38b0b41e32c4c89a7b16e9d70bcfb57 - - default default] 199.19.213.84,10.0.0.9 "GET /v2.0/security-groups/f3c7cb5d-cd4e-485f-a9ed-1fc535adf304 HTTP/1.1" status: 200 len: 2930 time: 0.0338714
2026-04-07 01:12:23.987 9 INFO neutron.wsgi [None req-5962823f-a0b2-464d-b195-f250f74a3f67 b79fd18be6484ab3be3944303af0fddd a38b0b41e32c4c89a7b16e9d70bcfb57 - - default default] 199.19.213.84,10.0.0.9 "GET /v2.0/security-group-rules/c304d48a-ac39-4aab-8e3d-00d50194bda6 HTTP/1.1" status: 200 len: 768 time: 0.0133195
2026-04-07 01:12:32.020 9 INFO neutron.wsgi [-] 10.0.0.9 "GET / HTTP/1.1" status: 200 len: 247 time: 0.0024486
2026-04-07 01:12:32.021 10 INFO neutron.wsgi [-] 10.0.0.9 "GET / HTTP/1.1" status: 200 len: 247 time: 0.0028527
2026-04-07 01:12:34.992 10 INFO neutron.wsgi [None req-84b3e06b-8a28-4527-85cd-a4997e916c5d b79fd18be6484ab3be3944303af0fddd a38b0b41e32c4c89a7b16e9d70bcfb57 - - default default] 199.19.213.84,10.0.0.9 "GET /v2.0/quotas/a38b0b41e32c4c89a7b16e9d70bcfb57 HTTP/1.1" status: 200 len: 361 time: 0.0107844
2026-04-07 01:12:46.120 9 INFO neutron.wsgi [None req-140ed6be-6b06-464c-807e-d0d42b1ac593 b79fd18be6484ab3be3944303af0fddd a38b0b41e32c4c89a7b16e9d70bcfb57 - - default default] 10.0.0.62 "GET /v2.0/agents HTTP/1.1" status: 200 len: 997 time: 0.1055260
2026-04-07 01:12:46.132 9 INFO neutron.wsgi [None req-0accb74f-23ee-4d9f-b828-2d80bbd967bb b79fd18be6484ab3be3944303af0fddd a38b0b41e32c4c89a7b16e9d70bcfb57 - - default default] 10.0.0.62 "GET /v2.0/network-ip-availabilities HTTP/1.1" status: 200 len: 1280 time: 0.0111976
2026-04-07 01:12:46.196 9 INFO neutron.wsgi [None req-d6c412c0-29d7-4509-9f8d-e5465ecea454 b79fd18be6484ab3be3944303af0fddd a38b0b41e32c4c89a7b16e9d70bcfb57 - - default default] 10.0.0.62 "GET /v2.0/networks HTTP/1.1" status: 200 len: 2350 time: 0.0636826
2026-04-07 01:12:46.230 9 INFO neutron.wsgi [None req-460d427a-6e0c-41e5-8f01-d61a553f2724 b79fd18be6484ab3be3944303af0fddd a38b0b41e32c4c89a7b16e9d70bcfb57 - - default default] 10.0.0.62 "GET /v2.0/subnets HTTP/1.1" status: 200 len: 1437 time: 0.0308728
2026-04-07 01:12:46.248 9 INFO neutron.wsgi [None req-8ff79db6-5255-4e31-89a8-7330b087c143 b79fd18be6484ab3be3944303af0fddd a38b0b41e32c4c89a7b16e9d70bcfb57 - - default default] 10.0.0.62 "GET /v2.0/routers HTTP/1.1" status: 200 len: 189 time: 0.0168192
2026-04-07 01:12:46.257 9 INFO neutron.wsgi [None req-8da195ba-ab2d-40ef-8494-3af692228a1a b79fd18be6484ab3be3944303af0fddd a38b0b41e32c4c89a7b16e9d70bcfb57 - - default default] 10.0.0.62 "GET /v2.0/agents?binary=ovn-controller HTTP/1.1" status: 200 len: 591 time: 0.0081482
2026-04-07 01:12:46.278 9 INFO neutron.wsgi [None req-172855ea-d304-461a-bdf0-fb12bc13d819 b79fd18be6484ab3be3944303af0fddd a38b0b41e32c4c89a7b16e9d70bcfb57 - - default default] 10.0.0.62 "GET /v2.0/floatingips HTTP/1.1" status: 200 len: 193 time: 0.0195687
2026-04-07 01:12:46.317 9 INFO neutron.wsgi [None req-5ba59999-5ab7-4764-8e4d-ba908178f9d0 b79fd18be6484ab3be3944303af0fddd a38b0b41e32c4c89a7b16e9d70bcfb57 - - default default] 10.0.0.62 "GET /v2.0/security-groups HTTP/1.1" status: 200 len: 16799 time: 0.0390737
2026-04-07 01:12:46.357 9 INFO neutron.wsgi [None req-507258e7-4172-4cc9-9bf6-7ca4be1adf26 b79fd18be6484ab3be3944303af0fddd a38b0b41e32c4c89a7b16e9d70bcfb57 - - default default] 10.0.0.62 "GET /v2.0/subnets HTTP/1.1" status: 200 len: 1437 time: 0.0337875
2026-04-07 01:12:46.376 9 INFO neutron.wsgi [None req-4bf92061-c679-4ed1-821b-eb7a48cb106c b79fd18be6484ab3be3944303af0fddd a38b0b41e32c4c89a7b16e9d70bcfb57 - - default default] 10.0.0.62 "GET /v2.0/subnetpools HTTP/1.1" status: 200 len: 193 time: 0.0171311
2026-04-07 01:12:46.427 9 INFO neutron.wsgi [None req-b27b2bdd-2a7b-4130-aa22-55a7cd8bb09f b79fd18be6484ab3be3944303af0fddd a38b0b41e32c4c89a7b16e9d70bcfb57 - - default default] 10.0.0.62 "GET /v2.0/ports HTTP/1.1" status: 200 len: 5347 time: 0.0505724
2026-04-07 01:12:47.021 10 INFO neutron.wsgi [-] 10.0.0.9 "GET / HTTP/1.1" status: 200 len: 247 time: 0.0024533
2026-04-07 01:12:47.021 9 INFO neutron.wsgi [-] 10.0.0.9 "GET / HTTP/1.1" status: 200 len: 247 time: 0.0026462
2026-04-07 01:13:02.021 10 INFO neutron.wsgi [-] 10.0.0.9 "GET / HTTP/1.1" status: 200 len: 247 time: 0.0023022
2026-04-07 01:13:02.021 9 INFO neutron.wsgi [-] 10.0.0.9 "GET / HTTP/1.1" status: 200 len: 247 time: 0.0026741
2026-04-07 01:13:17.020 10 INFO neutron.wsgi [-] 10.0.0.9 "GET / HTTP/1.1" status: 200 len: 247 time: 0.0016949
2026-04-07 01:13:17.021 9 INFO neutron.wsgi [-] 10.0.0.9 "GET / HTTP/1.1" status: 200 len: 247 time: 0.0023363
2026-04-07 01:13:21.720 10 INFO neutron.api.v2.resource [None req-2778186e-0fd7-41ed-8ef0-f638b6f00848 b79fd18be6484ab3be3944303af0fddd a38b0b41e32c4c89a7b16e9d70bcfb57 - - default default] show failed (client error): The resource could not be found.
2026-04-07 01:13:21.721 10 INFO neutron.wsgi [None req-2778186e-0fd7-41ed-8ef0-f638b6f00848 b79fd18be6484ab3be3944303af0fddd a38b0b41e32c4c89a7b16e9d70bcfb57 - - default default] 199.19.213.84,10.0.0.9 "GET /v2.0/security-groups/manila-service-security-group?project_id=dba7df4e747c47db98cd6c9869a1d6ea HTTP/1.1" status: 404 len: 321 time: 0.0512583
2026-04-07 01:13:21.767 10 INFO neutron.wsgi [None req-954757b1-a807-488c-b486-3ed4c54cb214 b79fd18be6484ab3be3944303af0fddd a38b0b41e32c4c89a7b16e9d70bcfb57 - - default default] 199.19.213.84,10.0.0.9 "GET /v2.0/security-groups?name=manila-service-security-group&project_id=dba7df4e747c47db98cd6c9869a1d6ea HTTP/1.1" status: 200 len: 4062 time: 0.0427425
2026-04-07 01:13:22.755 9 INFO neutron.wsgi [None req-bba406fd-3b1b-4c63-a06b-8c4c4c38665c b79fd18be6484ab3be3944303af0fddd a38b0b41e32c4c89a7b16e9d70bcfb57 - - default default] 199.19.213.84,10.0.0.9 "GET /v2.0/security-groups/eab20209-328e-401f-958a-44fea5c4fe22?project_id=dba7df4e747c47db98cd6c9869a1d6ea HTTP/1.1" status: 200 len: 4059 time: 0.0736864
2026-04-07 01:13:22.791 9 INFO neutron.wsgi [None req-b148940a-1cca-4b74-9bbe-d200ad676a35 b79fd18be6484ab3be3944303af0fddd a38b0b41e32c4c89a7b16e9d70bcfb57 - - default default] 199.19.213.84,10.0.0.9 "GET /v2.0/security-groups/eab20209-328e-401f-958a-44fea5c4fe22 HTTP/1.1" status: 200 len: 4059 time: 0.0286517
2026-04-07 01:13:22.809 9 INFO neutron.wsgi [None req-9726a719-ce78-4452-9a98-c6352c0fdf55 b79fd18be6484ab3be3944303af0fddd a38b0b41e32c4c89a7b16e9d70bcfb57 - - default default] 199.19.213.84,10.0.0.9 "GET /v2.0/security-group-rules/11e22383-9cef-470f-9033-d4ab6a4351c7 HTTP/1.1" status: 200 len: 740 time: 0.0136859
2026-04-07 01:13:23.773 10 INFO neutron.wsgi [None req-620fd2f0-50a0-4d4f-a52f-92d250c04857 b79fd18be6484ab3be3944303af0fddd a38b0b41e32c4c89a7b16e9d70bcfb57 - - default default] 199.19.213.84,10.0.0.9 "GET /v2.0/security-groups/eab20209-328e-401f-958a-44fea5c4fe22?project_id=dba7df4e747c47db98cd6c9869a1d6ea HTTP/1.1" status: 200 len: 4059 time: 0.0775886
2026-04-07 01:13:23.813 10 INFO neutron.wsgi [None req-e57adee6-3f7e-400f-8395-57961e92c606 b79fd18be6484ab3be3944303af0fddd a38b0b41e32c4c89a7b16e9d70bcfb57 - - default default] 199.19.213.84,10.0.0.9 "GET /v2.0/security-groups/eab20209-328e-401f-958a-44fea5c4fe22 HTTP/1.1" status: 200 len: 4059 time: 0.0312486
2026-04-07 01:13:23.833 10 INFO neutron.wsgi [None req-b5d6eafd-7ccb-478d-baba-b05f925a1483 b79fd18be6484ab3be3944303af0fddd a38b0b41e32c4c89a7b16e9d70bcfb57 - - default default] 199.19.213.84,10.0.0.9 "GET /v2.0/security-group-rules/dcbd6bbb-bfcb-42e1-9f02-e39f027ebced HTTP/1.1" status: 200 len: 742 time: 0.0162489
2026-04-07 01:13:24.768 10 INFO neutron.wsgi [None req-a47a04c6-30ff-47e6-a5fd-fdb6f58fb79f b79fd18be6484ab3be3944303af0fddd a38b0b41e32c4c89a7b16e9d70bcfb57 - - default default] 199.19.213.84,10.0.0.9 "GET /v2.0/security-groups/eab20209-328e-401f-958a-44fea5c4fe22?project_id=dba7df4e747c47db98cd6c9869a1d6ea HTTP/1.1" status: 200 len: 4059 time: 0.0665386
2026-04-07 01:13:24.802 10 INFO neutron.wsgi [None req-5d81ea08-de30-4a6c-8fea-a82481104146 b79fd18be6484ab3be3944303af0fddd a38b0b41e32c4c89a7b16e9d70bcfb57 - - default default] 199.19.213.84,10.0.0.9 "GET /v2.0/security-groups/eab20209-328e-401f-958a-44fea5c4fe22 HTTP/1.1" status: 200 len: 4059 time: 0.0266602
2026-04-07 01:13:24.821 10 INFO neutron.wsgi [None req-08149643-8d44-42a7-a8d8-abd6bcf2fccb b79fd18be6484ab3be3944303af0fddd a38b0b41e32c4c89a7b16e9d70bcfb57 - - default default] 199.19.213.84,10.0.0.9 "GET /v2.0/security-group-rules/0deb9dfe-c419-4229-af1d-1bb36c04252f HTTP/1.1" status: 200 len: 744 time: 0.0127962
2026-04-07 01:13:25.810 10 INFO neutron.wsgi [None req-ed5967ef-5816-4127-b9a4-14d83e7dd6f3 b79fd18be6484ab3be3944303af0fddd a38b0b41e32c4c89a7b16e9d70bcfb57 - - default default] 199.19.213.84,10.0.0.9 "GET /v2.0/security-groups/eab20209-328e-401f-958a-44fea5c4fe22?project_id=dba7df4e747c47db98cd6c9869a1d6ea HTTP/1.1" status: 200 len: 4059 time: 0.0717249
2026-04-07 01:13:25.848 10 INFO neutron.wsgi [None req-a99ff7c0-fd7f-440f-90cd-222baf3cda2e b79fd18be6484ab3be3944303af0fddd a38b0b41e32c4c89a7b16e9d70bcfb57 - - default default] 199.19.213.84,10.0.0.9 "GET /v2.0/security-groups/eab20209-328e-401f-958a-44fea5c4fe22 HTTP/1.1" status: 200 len: 4059 time: 0.0307534
2026-04-07 01:13:25.866 10 INFO neutron.wsgi [None req-10f9c584-4c89-48ba-8adf-cc2e59c262c5 b79fd18be6484ab3be3944303af0fddd a38b0b41e32c4c89a7b16e9d70bcfb57 - - default default] 199.19.213.84,10.0.0.9 "GET /v2.0/security-group-rules/e0638576-e02a-4c1a-9fc9-3323a80dc662 HTTP/1.1" status: 200 len: 745 time: 0.0116706
2026-04-07 01:13:32.021 10 INFO neutron.wsgi [-] 10.0.0.9 "GET / HTTP/1.1" status: 200 len: 247 time: 0.0024595
2026-04-07 01:13:32.021 9 INFO neutron.wsgi [-] 10.0.0.9 "GET / HTTP/1.1" status: 200 len: 247 time: 0.0025859
2026-04-07 01:13:33.029 10 INFO neutron.wsgi [None req-09299f82-f845-44a0-b57a-a92136655f10 b79fd18be6484ab3be3944303af0fddd a38b0b41e32c4c89a7b16e9d70bcfb57 - - default default] 199.19.213.84,10.0.0.9 "GET /v2.0/quotas/dba7df4e747c47db98cd6c9869a1d6ea HTTP/1.1" status: 200 len: 361 time: 0.0136039
2026-04-07 01:13:46.045 9 INFO neutron.wsgi [None req-53e3e7f2-8117-453d-b71d-665b4af34d55 b79fd18be6484ab3be3944303af0fddd a38b0b41e32c4c89a7b16e9d70bcfb57 - - default default] 10.0.0.62 "GET /v2.0/network-ip-availabilities HTTP/1.1" status: 200 len: 1280 time: 0.0648792
2026-04-07 01:13:46.093 9 INFO neutron.wsgi [None req-17378b89-a435-4c77-a293-24ae8e706a81 b79fd18be6484ab3be3944303af0fddd a38b0b41e32c4c89a7b16e9d70bcfb57 - - default default] 10.0.0.62 "GET /v2.0/subnets HTTP/1.1" status: 200 len: 1437 time: 0.0474091
2026-04-07 01:13:46.106 9 INFO neutron.wsgi [None req-b3ae7e6b-8eb5-41e6-9409-faa597254f8d b79fd18be6484ab3be3944303af0fddd a38b0b41e32c4c89a7b16e9d70bcfb57 - - default default] 10.0.0.62 "GET /v2.0/subnetpools HTTP/1.1" status: 200 len: 193 time: 0.0091026
2026-04-07 01:13:46.127 9 INFO neutron.wsgi [None req-c83fc183-afdb-4042-ae81-9b71f67292ec b79fd18be6484ab3be3944303af0fddd a38b0b41e32c4c89a7b16e9d70bcfb57 - - default default] 10.0.0.62 "GET /v2.0/floatingips HTTP/1.1" status: 200 len: 193 time: 0.0200191
2026-04-07 01:13:46.151 9 INFO neutron.wsgi [None req-1fea5492-5b7c-48d8-8950-f85f7ce7a509 b79fd18be6484ab3be3944303af0fddd a38b0b41e32c4c89a7b16e9d70bcfb57 - - default default] 10.0.0.62 "GET /v2.0/routers HTTP/1.1" status: 200 len: 189 time: 0.0236413
2026-04-07 01:13:46.201 9 INFO neutron.wsgi [None req-c402509e-c2e9-4cdd-b1bb-80ac7db6201f b79fd18be6484ab3be3944303af0fddd a38b0b41e32c4c89a7b16e9d70bcfb57 - - default default] 10.0.0.62 "GET /v2.0/agents?binary=ovn-controller HTTP/1.1" status: 200 len: 591 time: 0.0492871
2026-04-07 01:13:46.276 9 INFO neutron.wsgi [None req-acc67384-51d1-4f2c-b75a-7a2d12fab2b6 b79fd18be6484ab3be3944303af0fddd a38b0b41e32c4c89a7b16e9d70bcfb57 - - default default] 10.0.0.62 "GET /v2.0/networks HTTP/1.1" status: 200 len: 2350 time: 0.0724933
2026-04-07 01:13:46.325 9 INFO neutron.wsgi [None req-97297e1e-334b-4834-a895-5d9d8e06d35c b79fd18be6484ab3be3944303af0fddd a38b0b41e32c4c89a7b16e9d70bcfb57 - - default default] 10.0.0.62 "GET /v2.0/security-groups HTTP/1.1" status: 200 len: 16799 time: 0.0455282
2026-04-07 01:13:46.359 9 INFO neutron.wsgi [None req-81e386d6-a09d-4628-ac3c-d051ba32e435 b79fd18be6484ab3be3944303af0fddd a38b0b41e32c4c89a7b16e9d70bcfb57 - - default default] 10.0.0.62 "GET /v2.0/subnets HTTP/1.1" status: 200 len: 1437 time: 0.0291076
2026-04-07 01:13:46.400 9 INFO neutron.wsgi [None req-384b6faf-40b1-44be-adec-60344e9e113d b79fd18be6484ab3be3944303af0fddd a38b0b41e32c4c89a7b16e9d70bcfb57 - - default default] 10.0.0.62 "GET /v2.0/ports HTTP/1.1" status: 200 len: 5347 time: 0.0397854
2026-04-07 01:13:46.413 9 INFO neutron.wsgi [None req-e4b8755d-3590-48d7-a60f-14d969f2be4c b79fd18be6484ab3be3944303af0fddd a38b0b41e32c4c89a7b16e9d70bcfb57 - - default default] 10.0.0.62 "GET /v2.0/agents HTTP/1.1" status: 200 len: 997 time: 0.0104792
2026-04-07 01:13:47.020 10 INFO neutron.wsgi [-] 10.0.0.9 "GET / HTTP/1.1" status: 200 len: 247 time: 0.0025418
2026-04-07 01:13:47.020 9 INFO neutron.wsgi [-] 10.0.0.9 "GET / HTTP/1.1" status: 200 len: 247 time: 0.0023215
2026-04-07 01:14:02.021 9 INFO neutron.wsgi [-] 10.0.0.9 "GET / HTTP/1.1" status: 200 len: 247 time: 0.0024219
2026-04-07 01:14:02.022 10 INFO neutron.wsgi [-] 10.0.0.9 "GET / HTTP/1.1" status: 200 len: 247 time: 0.0026338
2026-04-07 01:14:17.021 10 INFO neutron.wsgi [-] 10.0.0.9 "GET / HTTP/1.1" status: 200 len: 247 time: 0.0024157
2026-04-07 01:14:17.022 9 INFO neutron.wsgi [-] 10.0.0.9 "GET / HTTP/1.1" status: 200 len: 247 time: 0.0033126
2026-04-07 01:14:20.397 10 INFO neutron.wsgi [None req-f7ade547-c224-40bd-98fb-a0d2da15df2c b79fd18be6484ab3be3944303af0fddd a38b0b41e32c4c89a7b16e9d70bcfb57 - - default default] 199.19.213.84,10.0.0.9 "GET /v2.0/networks?name=public HTTP/1.1" status: 200 len: 928 time: 0.1030750
2026-04-07 01:14:32.021 9 INFO neutron.wsgi [-] 10.0.0.9 "GET / HTTP/1.1" status: 200 len: 247 time: 0.0026083
2026-04-07 01:14:32.022 10 INFO neutron.wsgi [-] 10.0.0.9 "GET / HTTP/1.1" status: 200 len: 247 time: 0.0040410
2026-04-07 01:14:46.178 9 INFO neutron.wsgi [None req-928a0f70-71b5-4691-aaa7-386d59ff5235 b79fd18be6484ab3be3944303af0fddd a38b0b41e32c4c89a7b16e9d70bcfb57 - - default default] 10.0.0.62 "GET /v2.0/floatingips HTTP/1.1" status: 200 len: 193 time: 0.1540492
2026-04-07 01:14:46.195 9 INFO neutron.wsgi [None req-56a11a04-fbf0-4581-895c-3b9990fcc3d4 b79fd18be6484ab3be3944303af0fddd a38b0b41e32c4c89a7b16e9d70bcfb57 - - default default] 10.0.0.62 "GET /v2.0/network-ip-availabilities HTTP/1.1" status: 200 len: 1280 time: 0.0161610
2026-04-07 01:14:46.263 9 INFO neutron.wsgi [None req-bfeeeb91-ff01-41b4-8f09-113a53c7c18e b79fd18be6484ab3be3944303af0fddd a38b0b41e32c4c89a7b16e9d70bcfb57 - - default default] 10.0.0.62 "GET /v2.0/networks HTTP/1.1" status: 200 len: 2350 time: 0.0636966
2026-04-07 01:14:46.315 9 INFO neutron.wsgi [None req-9137416a-94f7-4e64-b636-708ec8236b8a b79fd18be6484ab3be3944303af0fddd a38b0b41e32c4c89a7b16e9d70bcfb57 - - default default] 10.0.0.62 "GET /v2.0/security-groups HTTP/1.1" status: 200 len: 16799 time: 0.0495143
2026-04-07 01:14:46.353 9 INFO neutron.wsgi [None req-a33c522a-0f34-4b9e-a8c7-395024afc385 b79fd18be6484ab3be3944303af0fddd a38b0b41e32c4c89a7b16e9d70bcfb57 - - default default] 10.0.0.62 "GET /v2.0/subnets HTTP/1.1" status: 200 len: 1437 time: 0.0354004
2026-04-07 01:14:46.362 9 INFO neutron.wsgi [None req-526d2c3b-4147-4c18-b6c2-a0282cb099d9 b79fd18be6484ab3be3944303af0fddd a38b0b41e32c4c89a7b16e9d70bcfb57 - - default default] 10.0.0.62 "GET /v2.0/subnetpools HTTP/1.1" status: 200 len: 193 time: 0.0080271
2026-04-07 01:14:46.404 9 INFO neutron.wsgi [None req-ef9ad021-acca-4288-8f47-908269e78592 b79fd18be6484ab3be3944303af0fddd a38b0b41e32c4c89a7b16e9d70bcfb57 - - default default] 10.0.0.62 "GET /v2.0/ports HTTP/1.1" status: 200 len: 5347 time: 0.0412743
2026-04-07 01:14:46.445 9 INFO neutron.wsgi [None req-c0f5efaa-c8ba-4fcb-bb07-7f2b5ffbc537 b79fd18be6484ab3be3944303af0fddd a38b0b41e32c4c89a7b16e9d70bcfb57 - - default default] 10.0.0.62 "GET /v2.0/agents HTTP/1.1" status: 200 len: 997 time: 0.0352919
2026-04-07 01:14:46.478 9 INFO neutron.wsgi [None req-b737e3be-7e1d-4ef1-90b8-46f2627b9b24 b79fd18be6484ab3be3944303af0fddd a38b0b41e32c4c89a7b16e9d70bcfb57 - - default default] 10.0.0.62 "GET /v2.0/subnets HTTP/1.1" status: 200 len: 1437 time: 0.0327342
2026-04-07 01:14:46.500 9 INFO neutron.wsgi [None req-6596bea4-63e4-4db9-8402-9a0f755e46bc b79fd18be6484ab3be3944303af0fddd a38b0b41e32c4c89a7b16e9d70bcfb57 - - default default] 10.0.0.62 "GET /v2.0/routers HTTP/1.1" status: 200 len: 189 time: 0.0207486
2026-04-07 01:14:46.511 9 INFO neutron.wsgi [None req-5bc1acf6-a454-4ddd-9b35-ca1b54dc4092 b79fd18be6484ab3be3944303af0fddd a38b0b41e32c4c89a7b16e9d70bcfb57 - - default default] 10.0.0.62 "GET /v2.0/agents?binary=ovn-controller HTTP/1.1" status: 200 len: 591 time: 0.0097518
2026-04-07 01:14:47.020 10 INFO neutron.wsgi [-] 10.0.0.9 "GET / HTTP/1.1" status: 200 len: 247 time: 0.0019286
2026-04-07 01:14:47.020 9 INFO neutron.wsgi [-] 10.0.0.9 "GET / HTTP/1.1" status: 200 len: 247 time: 0.0020728
2026-04-07 01:14:58.122 10 INFO neutron.wsgi [None req-6ded9cb6-0ae5-4c8a-89b3-3089e08bd775 b79fd18be6484ab3be3944303af0fddd a38b0b41e32c4c89a7b16e9d70bcfb57 - - default default] 10.0.0.109 "GET /v2.0/networks HTTP/1.1" status: 200 len: 2369 time: 0.1524377
2026-04-07 01:14:59.271 10 INFO neutron.wsgi [None req-ad3716b8-a8d6-4176-a35c-fe211382063a b79fd18be6484ab3be3944303af0fddd a38b0b41e32c4c89a7b16e9d70bcfb57 - - default default] 10.0.0.109 "GET /v2.0/floatingips HTTP/1.1" status: 200 len: 212 time: 0.0320785
2026-04-07 01:14:59.312 10 INFO neutron.wsgi [None req-ff791d84-0511-4b9a-9148-b75348e5c99b b79fd18be6484ab3be3944303af0fddd a38b0b41e32c4c89a7b16e9d70bcfb57 - - default default] 10.0.0.109 "GET /v2.0/routers HTTP/1.1" status: 200 len: 208 time: 0.0360570
2026-04-07 01:14:59.374 10 INFO neutron.wsgi [None req-aecec276-f975-4003-a0ea-fdfccdf618f0 b79fd18be6484ab3be3944303af0fddd a38b0b41e32c4c89a7b16e9d70bcfb57 - - default default] 10.0.0.109 "GET /v2.0/ports HTTP/1.1" status: 200 len: 5366 time: 0.0576122
2026-04-07 01:14:59.416 10 INFO neutron.wsgi [None req-2af221fd-0bb3-441e-9c9d-2c2b693f0316 b79fd18be6484ab3be3944303af0fddd a38b0b41e32c4c89a7b16e9d70bcfb57 - - default default] 10.0.0.109 "GET /v2.0/subnets HTTP/1.1" status: 200 len: 1456 time: 0.0385613
2026-04-07 01:14:59.490 10 INFO neutron.wsgi [None req-bd4af5e4-b0c9-4f30-a7a5-9e35d91a14c4 b79fd18be6484ab3be3944303af0fddd a38b0b41e32c4c89a7b16e9d70bcfb57 - - default default] 10.0.0.109 "GET /v2.0/networks HTTP/1.1" status: 200 len: 2369 time: 0.0679278
2026-04-07 01:14:59.546 10 INFO neutron.wsgi [None req-d862afa9-b717-4eba-b45d-156642e2b165 b79fd18be6484ab3be3944303af0fddd a38b0b41e32c4c89a7b16e9d70bcfb57 - - default default] 10.0.0.109 "GET /v2.0/security-groups HTTP/1.1" status: 200 len: 16818 time: 0.0516722
2026-04-07 01:14:59.563 10 INFO neutron.wsgi [None req-88a5c637-fb17-4689-ac6e-04a0335080a3 b79fd18be6484ab3be3944303af0fddd a38b0b41e32c4c89a7b16e9d70bcfb57 - - default default] 10.0.0.109 "GET /v2.0/subnetpools HTTP/1.1" status: 200 len: 212 time: 0.0117643
2026-04-07 01:15:02.019 9 INFO neutron.wsgi [-] 10.0.0.9 "GET / HTTP/1.1" status: 200 len: 247 time: 0.0013025
2026-04-07 01:15:02.021 10 INFO neutron.wsgi [-] 10.0.0.9 "GET / HTTP/1.1" status: 200 len: 247 time: 0.0029771
2026-04-07 01:15:10.239 9 INFO neutron.db.ovn_revision_numbers_db [None req-1be98f70-448f-40c8-8efb-a6661f17325d b79fd18be6484ab3be3944303af0fddd a38b0b41e32c4c89a7b16e9d70bcfb57 - - default default] Successfully bumped revision number for resource 6d8846b8-8bd3-425c-b85a-4d5654c46805 (type: security_groups) to 1
2026-04-07 01:15:10.260 9 INFO neutron.db.ovn_revision_numbers_db [None req-1be98f70-448f-40c8-8efb-a6661f17325d b79fd18be6484ab3be3944303af0fddd a38b0b41e32c4c89a7b16e9d70bcfb57 - - default default] Successfully bumped revision number for resource 0a768603-5d45-41b1-9059-d8e85e6d9c98 (type: security_group_rules) to 0
2026-04-07 01:15:10.275 9 INFO neutron.db.ovn_revision_numbers_db [None req-1be98f70-448f-40c8-8efb-a6661f17325d b79fd18be6484ab3be3944303af0fddd a38b0b41e32c4c89a7b16e9d70bcfb57 - - default default] Successfully bumped revision number for resource 23b1fc9b-5186-4b91-a506-e6853f9c6e06 (type: security_group_rules) to 0
2026-04-07 01:15:10.293 9 INFO neutron.db.ovn_revision_numbers_db [None req-1be98f70-448f-40c8-8efb-a6661f17325d b79fd18be6484ab3be3944303af0fddd a38b0b41e32c4c89a7b16e9d70bcfb57 - - default default] Successfully bumped revision number for resource 257804b1-d822-4c62-97d7-459df7dea03f (type: security_group_rules) to 0
2026-04-07 01:15:10.313 9 INFO neutron.db.ovn_revision_numbers_db [None req-1be98f70-448f-40c8-8efb-a6661f17325d b79fd18be6484ab3be3944303af0fddd a38b0b41e32c4c89a7b16e9d70bcfb57 - - default default] Successfully bumped revision number for resource a14753a8-c3b7-4971-82b0-a5b75bca2988 (type: security_group_rules) to 0
2026-04-07 01:15:10.368 9 INFO neutron.db.segments_db [None req-1be98f70-448f-40c8-8efb-a6661f17325d b79fd18be6484ab3be3944303af0fddd a38b0b41e32c4c89a7b16e9d70bcfb57 - - default default] Added segment 90cc4bb3-34e8-4f7e-a1fe-99788a9870f8 of type geneve for network 72e9bac8-f722-48be-b217-980651c02185
2026-04-07 01:15:10.412 10 INFO neutron.db.ovn_revision_numbers_db [None req-91e995ff-d29b-4a44-96e5-dc856feb9134 b79fd18be6484ab3be3944303af0fddd a38b0b41e32c4c89a7b16e9d70bcfb57 - - default default] Successfully bumped revision number for resource 42892bdc-a234-4c74-add5-0a9f3192e169 (type: security_groups) to 1
2026-04-07 01:15:10.426 10 INFO neutron.db.ovn_revision_numbers_db [None req-91e995ff-d29b-4a44-96e5-dc856feb9134 b79fd18be6484ab3be3944303af0fddd a38b0b41e32c4c89a7b16e9d70bcfb57 - - default default] Successfully bumped revision number for resource 34ccb243-6a54-472f-89ff-e4c777d7e724 (type: security_group_rules) to 0
2026-04-07 01:15:10.441 10 INFO neutron.db.ovn_revision_numbers_db [None req-91e995ff-d29b-4a44-96e5-dc856feb9134 b79fd18be6484ab3be3944303af0fddd a38b0b41e32c4c89a7b16e9d70bcfb57 - - default default] Successfully bumped revision number for resource 529f1950-413c-41cb-a9fe-1f9f6c68a297 (type: security_group_rules) to 0
2026-04-07 01:15:10.458 10 INFO neutron.db.ovn_revision_numbers_db [None req-91e995ff-d29b-4a44-96e5-dc856feb9134 b79fd18be6484ab3be3944303af0fddd a38b0b41e32c4c89a7b16e9d70bcfb57 - - default default] Successfully bumped revision number for resource 9f0acbf4-a5f2-4a1e-bbe0-3b54c9828152 (type: security_group_rules) to 0
2026-04-07 01:15:10.474 10 INFO neutron.db.ovn_revision_numbers_db [None req-59892668-21b4-49d4-82a1-c0e2f6c65aac b79fd18be6484ab3be3944303af0fddd a38b0b41e32c4c89a7b16e9d70bcfb57 - - default default] Successfully bumped revision number for resource 19002724-fee9-4998-bb56-92ebe6759706 (type: security_groups) to 1
2026-04-07 01:15:10.476 10 INFO neutron.db.ovn_revision_numbers_db [None req-91e995ff-d29b-4a44-96e5-dc856feb9134 b79fd18be6484ab3be3944303af0fddd a38b0b41e32c4c89a7b16e9d70bcfb57 - - default default] Successfully bumped revision number for resource eb3ba505-cf7e-4880-80d4-e4c93198870a (type: security_group_rules) to 0
2026-04-07 01:15:10.495 10 INFO neutron.db.ovn_revision_numbers_db [None req-59892668-21b4-49d4-82a1-c0e2f6c65aac b79fd18be6484ab3be3944303af0fddd a38b0b41e32c4c89a7b16e9d70bcfb57 - - default default] Successfully bumped revision number for resource 0720d48d-b70e-4002-8662-06ff2c577108 (type: security_group_rules) to 0
2026-04-07 01:15:10.498 9 INFO neutron.db.ovn_revision_numbers_db [None req-1be98f70-448f-40c8-8efb-a6661f17325d b79fd18be6484ab3be3944303af0fddd a38b0b41e32c4c89a7b16e9d70bcfb57 - - default default] Successfully bumped revision number for resource 72e9bac8-f722-48be-b217-980651c02185 (type: networks) to 1
2026-04-07 01:15:10.507 10 INFO neutron.db.ovn_revision_numbers_db [None req-59892668-21b4-49d4-82a1-c0e2f6c65aac b79fd18be6484ab3be3944303af0fddd a38b0b41e32c4c89a7b16e9d70bcfb57 - - default default] Successfully bumped revision number for resource 2e0b9ab7-c40c-4d9b-a28c-40cdb471fdb8 (type: security_group_rules) to 0
2026-04-07 01:15:10.519 10 INFO neutron.db.ovn_revision_numbers_db [None req-59892668-21b4-49d4-82a1-c0e2f6c65aac b79fd18be6484ab3be3944303af0fddd a38b0b41e32c4c89a7b16e9d70bcfb57 - - default default] Successfully bumped revision number for resource 7dbb57e6-0769-4d4f-8633-9e87ded800c0 (type: security_group_rules) to 0
2026-04-07 01:15:10.527 10 INFO neutron.db.segments_db [None req-91e995ff-d29b-4a44-96e5-dc856feb9134 b79fd18be6484ab3be3944303af0fddd a38b0b41e32c4c89a7b16e9d70bcfb57 - - default default] Added segment 26fad051-8467-4a5d-9677-fa8a2bc6a505 of type geneve for network c3e6d1ac-8170-4e9f-ba4f-1b2e8cd0a920
2026-04-07 01:15:10.538 10 INFO neutron.db.ovn_revision_numbers_db [None req-59892668-21b4-49d4-82a1-c0e2f6c65aac b79fd18be6484ab3be3944303af0fddd a38b0b41e32c4c89a7b16e9d70bcfb57 - - default default] Successfully bumped revision number for resource a680a49c-9ad3-4a2b-a740-d0e9f70dcc17 (type: security_group_rules) to 0
2026-04-07 01:15:10.593 10 INFO neutron.db.segments_db [None req-59892668-21b4-49d4-82a1-c0e2f6c65aac b79fd18be6484ab3be3944303af0fddd a38b0b41e32c4c89a7b16e9d70bcfb57 - - default default] Added segment bff7ea9d-05fc-4f05-9f26-a2c1ef7d1752 of type geneve for network bcf0e6c3-a1b1-4bf8-96e6-3f3523bc74fa
2026-04-07 01:15:10.676 10 INFO neutron.db.ovn_revision_numbers_db [None req-91e995ff-d29b-4a44-96e5-dc856feb9134 b79fd18be6484ab3be3944303af0fddd a38b0b41e32c4c89a7b16e9d70bcfb57 - - default default] Successfully bumped revision number for resource c3e6d1ac-8170-4e9f-ba4f-1b2e8cd0a920 (type: networks) to 1
