2026-04-07 01:15:10.758 9 WARNING neutron.scheduler.dhcp_agent_scheduler [None req-1be98f70-448f-40c8-8efb-a6661f17325d b79fd18be6484ab3be3944303af0fddd a38b0b41e32c4c89a7b16e9d70bcfb57 - - default default] No more DHCP agents
2026-04-07 01:15:10.760 9 WARNING neutron.api.rpc.agentnotifiers.dhcp_rpc_agent_api [None req-1be98f70-448f-40c8-8efb-a6661f17325d b79fd18be6484ab3be3944303af0fddd a38b0b41e32c4c89a7b16e9d70bcfb57 - - default default] Unable to schedule network 72e9bac8-f722-48be-b217-980651c02185: no agents available; will retry on subsequent port and subnet creation events.
2026-04-07 01:15:10.765 10 INFO neutron.db.ovn_revision_numbers_db [None req-59892668-21b4-49d4-82a1-c0e2f6c65aac b79fd18be6484ab3be3944303af0fddd a38b0b41e32c4c89a7b16e9d70bcfb57 - - default default] Successfully bumped revision number for resource bcf0e6c3-a1b1-4bf8-96e6-3f3523bc74fa (type: networks) to 1
2026-04-07 01:15:10.849 9 INFO neutron.db.ovn_revision_numbers_db [None req-1be98f70-448f-40c8-8efb-a6661f17325d b79fd18be6484ab3be3944303af0fddd a38b0b41e32c4c89a7b16e9d70bcfb57 - - default default] Successfully bumped revision number for resource 4d7a9111-bad6-4392-815d-6e80f41b4e17 (type: ports) to 1
2026-04-07 01:15:10.868 9 INFO neutron.wsgi [None req-1be98f70-448f-40c8-8efb-a6661f17325d b79fd18be6484ab3be3944303af0fddd a38b0b41e32c4c89a7b16e9d70bcfb57 - - default default] 10.0.0.109 "POST /v2.0/networks HTTP/1.1" status: 201 len: 951 time: 0.8815522
2026-04-07 01:15:10.906 10 WARNING neutron.scheduler.dhcp_agent_scheduler [None req-91e995ff-d29b-4a44-96e5-dc856feb9134 b79fd18be6484ab3be3944303af0fddd a38b0b41e32c4c89a7b16e9d70bcfb57 - - default default] No more DHCP agents
2026-04-07 01:15:10.910 10 WARNING neutron.api.rpc.agentnotifiers.dhcp_rpc_agent_api [None req-91e995ff-d29b-4a44-96e5-dc856feb9134 b79fd18be6484ab3be3944303af0fddd a38b0b41e32c4c89a7b16e9d70bcfb57 - - default default] Unable to schedule network c3e6d1ac-8170-4e9f-ba4f-1b2e8cd0a920: no agents available; will retry on subsequent port and subnet creation events.
2026-04-07 01:15:10.961 10 WARNING neutron.scheduler.dhcp_agent_scheduler [None req-59892668-21b4-49d4-82a1-c0e2f6c65aac b79fd18be6484ab3be3944303af0fddd a38b0b41e32c4c89a7b16e9d70bcfb57 - - default default] No more DHCP agents
2026-04-07 01:15:10.964 10 WARNING neutron.api.rpc.agentnotifiers.dhcp_rpc_agent_api [None req-59892668-21b4-49d4-82a1-c0e2f6c65aac b79fd18be6484ab3be3944303af0fddd a38b0b41e32c4c89a7b16e9d70bcfb57 - - default default] Unable to schedule network bcf0e6c3-a1b1-4bf8-96e6-3f3523bc74fa: no agents available; will retry on subsequent port and subnet creation events.
2026-04-07 01:15:11.035 9 WARNING neutron.scheduler.dhcp_agent_scheduler [None req-bc6cf587-7758-464d-9103-63e9c3f02074 b79fd18be6484ab3be3944303af0fddd a38b0b41e32c4c89a7b16e9d70bcfb57 - - default default] No more DHCP agents
2026-04-07 01:15:11.037 9 INFO neutron.db.ovn_revision_numbers_db [None req-d4ae9d44-f206-4342-b9e8-c8c1578f0d60 b79fd18be6484ab3be3944303af0fddd a38b0b41e32c4c89a7b16e9d70bcfb57 - - default default] Successfully bumped revision number for resource 272b4b55-928c-4bc2-aab3-48c36e8864a6 (type: security_groups) to 1
2026-04-07 01:15:11.038 10 INFO neutron.db.ovn_revision_numbers_db [None req-91e995ff-d29b-4a44-96e5-dc856feb9134 b79fd18be6484ab3be3944303af0fddd a38b0b41e32c4c89a7b16e9d70bcfb57 - - default default] Successfully bumped revision number for resource 09b7c036-900a-4558-9504-24998b294655 (type: ports) to 1
2026-04-07 01:15:11.038 9 WARNING neutron.api.rpc.agentnotifiers.dhcp_rpc_agent_api [None req-bc6cf587-7758-464d-9103-63e9c3f02074 b79fd18be6484ab3be3944303af0fddd a38b0b41e32c4c89a7b16e9d70bcfb57 - - default default] Unable to schedule network 72e9bac8-f722-48be-b217-980651c02185: no agents available; will retry on subsequent port and subnet creation events.
2026-04-07 01:15:11.058 10 INFO neutron.wsgi [None req-91e995ff-d29b-4a44-96e5-dc856feb9134 b79fd18be6484ab3be3944303af0fddd a38b0b41e32c4c89a7b16e9d70bcfb57 - - default default] 10.0.0.109 "POST /v2.0/networks HTTP/1.1" status: 201 len: 945 time: 1.0190246
2026-04-07 01:15:11.058 10 INFO neutron.db.ovn_revision_numbers_db [None req-59892668-21b4-49d4-82a1-c0e2f6c65aac b79fd18be6484ab3be3944303af0fddd a38b0b41e32c4c89a7b16e9d70bcfb57 - - default default] Successfully bumped revision number for resource 68a37f59-01f0-46ec-9619-50587d2b2f0a (type: ports) to 1
2026-04-07 01:15:11.060 9 INFO neutron.db.ovn_revision_numbers_db [None req-d4ae9d44-f206-4342-b9e8-c8c1578f0d60 b79fd18be6484ab3be3944303af0fddd a38b0b41e32c4c89a7b16e9d70bcfb57 - - default default] Successfully bumped revision number for resource 1737df6a-3ac0-4ef4-918c-6cc83908d26c (type: security_group_rules) to 0
2026-04-07 01:15:11.084 10 INFO neutron.wsgi [None req-59892668-21b4-49d4-82a1-c0e2f6c65aac b79fd18be6484ab3be3944303af0fddd a38b0b41e32c4c89a7b16e9d70bcfb57 - - default default] 10.0.0.109 "POST /v2.0/networks HTTP/1.1" status: 201 len: 946 time: 0.8936586
2026-04-07 01:15:11.085 9 INFO neutron.db.ovn_revision_numbers_db [None req-d4ae9d44-f206-4342-b9e8-c8c1578f0d60 b79fd18be6484ab3be3944303af0fddd a38b0b41e32c4c89a7b16e9d70bcfb57 - - default default] Successfully bumped revision number for resource 6afb5430-fd7c-41c5-8f1d-cdbf9e488311 (type: security_group_rules) to 0
2026-04-07 01:15:11.115 9 INFO neutron.db.ovn_revision_numbers_db [None req-d4ae9d44-f206-4342-b9e8-c8c1578f0d60 b79fd18be6484ab3be3944303af0fddd a38b0b41e32c4c89a7b16e9d70bcfb57 - - default default] Successfully bumped revision number for resource 7d0eb98f-6935-4c2e-8f5f-12ec8fc4a085 (type: security_group_rules) to 0
2026-04-07 01:15:11.135 9 INFO neutron.db.ovn_revision_numbers_db [None req-d4ae9d44-f206-4342-b9e8-c8c1578f0d60 b79fd18be6484ab3be3944303af0fddd a38b0b41e32c4c89a7b16e9d70bcfb57 - - default default] Successfully bumped revision number for resource ce80a6e5-95fd-403d-9246-edfa6ed019c0 (type: security_group_rules) to 0
2026-04-07 01:15:11.177 9 INFO neutron.wsgi [None req-d4ae9d44-f206-4342-b9e8-c8c1578f0d60 b79fd18be6484ab3be3944303af0fddd a38b0b41e32c4c89a7b16e9d70bcfb57 - - default default] 10.0.0.109 "GET /v2.0/security-groups?tenant_id=a906e212275349bd977c2c6bb5d1ff01&name=default HTTP/1.1" status: 200 len: 2992 time: 0.4001644
2026-04-07 01:15:11.220 10 WARNING neutron.scheduler.dhcp_agent_scheduler [None req-5c57bcf6-5fb1-4740-8b0e-d821db373cfd b79fd18be6484ab3be3944303af0fddd a38b0b41e32c4c89a7b16e9d70bcfb57 - - default default] No more DHCP agents
2026-04-07 01:15:11.223 10 WARNING neutron.api.rpc.agentnotifiers.dhcp_rpc_agent_api [None req-5c57bcf6-5fb1-4740-8b0e-d821db373cfd b79fd18be6484ab3be3944303af0fddd a38b0b41e32c4c89a7b16e9d70bcfb57 - - default default] Unable to schedule network c3e6d1ac-8170-4e9f-ba4f-1b2e8cd0a920: no agents available; will retry on subsequent port and subnet creation events.
2026-04-07 01:15:11.300 9 WARNING neutron.scheduler.dhcp_agent_scheduler [None req-007be309-4e46-43bf-9535-66b7c83f4449 b79fd18be6484ab3be3944303af0fddd a38b0b41e32c4c89a7b16e9d70bcfb57 - - default default] No more DHCP agents
2026-04-07 01:15:11.304 9 WARNING neutron.api.rpc.agentnotifiers.dhcp_rpc_agent_api [None req-007be309-4e46-43bf-9535-66b7c83f4449 b79fd18be6484ab3be3944303af0fddd a38b0b41e32c4c89a7b16e9d70bcfb57 - - default default] Unable to schedule network bcf0e6c3-a1b1-4bf8-96e6-3f3523bc74fa: no agents available; will retry on subsequent port and subnet creation events.
2026-04-07 01:15:11.503 10 INFO neutron.wsgi [None req-7f32ce53-5192-4a44-94b6-c6796368be6b b79fd18be6484ab3be3944303af0fddd a38b0b41e32c4c89a7b16e9d70bcfb57 - - default default] 10.0.0.109 "DELETE /v2.0/security-groups/272b4b55-928c-4bc2-aab3-48c36e8864a6 HTTP/1.1" status: 204 len: 168 time: 0.3213494
2026-04-07 01:15:11.662 9 INFO neutron.db.ovn_revision_numbers_db [None req-bc6cf587-7758-464d-9103-63e9c3f02074 b79fd18be6484ab3be3944303af0fddd a38b0b41e32c4c89a7b16e9d70bcfb57 - - default default] Successfully bumped revision number for resource 4d7a9111-bad6-4392-815d-6e80f41b4e17 (type: ports) to 2
2026-04-07 01:15:11.706 9 INFO neutron.db.ovn_revision_numbers_db [None req-bc6cf587-7758-464d-9103-63e9c3f02074 b79fd18be6484ab3be3944303af0fddd a38b0b41e32c4c89a7b16e9d70bcfb57 - - default default] Successfully bumped revision number for resource 19d224bc-55b2-4f7f-98dd-2d117adf3749 (type: subnets) to 0
2026-04-07 01:15:11.721 9 INFO neutron.wsgi [None req-bc6cf587-7758-464d-9103-63e9c3f02074 b79fd18be6484ab3be3944303af0fddd a38b0b41e32c4c89a7b16e9d70bcfb57 - - default default] 10.0.0.109 "POST /v2.0/subnets HTTP/1.1" status: 201 len: 871 time: 0.8462517
2026-04-07 01:15:11.792 10 INFO neutron.db.ovn_revision_numbers_db [None req-5c57bcf6-5fb1-4740-8b0e-d821db373cfd b79fd18be6484ab3be3944303af0fddd a38b0b41e32c4c89a7b16e9d70bcfb57 - - default default] Successfully bumped revision number for resource 09b7c036-900a-4558-9504-24998b294655 (type: ports) to 2
2026-04-07 01:15:11.865 10 INFO neutron.db.ovn_revision_numbers_db [None req-5c57bcf6-5fb1-4740-8b0e-d821db373cfd b79fd18be6484ab3be3944303af0fddd a38b0b41e32c4c89a7b16e9d70bcfb57 - - default default] Successfully bumped revision number for resource 57b354e9-e57a-4934-ac68-2465ae83e280 (type: subnets) to 0
2026-04-07 01:15:11.900 10 INFO neutron.wsgi [None req-5c57bcf6-5fb1-4740-8b0e-d821db373cfd b79fd18be6484ab3be3944303af0fddd a38b0b41e32c4c89a7b16e9d70bcfb57 - - default default] 10.0.0.109 "POST /v2.0/subnets HTTP/1.1" status: 201 len: 865 time: 0.8376377
2026-04-07 01:15:12.044 9 INFO neutron.db.ovn_revision_numbers_db [None req-007be309-4e46-43bf-9535-66b7c83f4449 b79fd18be6484ab3be3944303af0fddd a38b0b41e32c4c89a7b16e9d70bcfb57 - - default default] Successfully bumped revision number for resource 68a37f59-01f0-46ec-9619-50587d2b2f0a (type: ports) to 2
2026-04-07 01:15:12.108 9 INFO neutron.db.ovn_revision_numbers_db [None req-007be309-4e46-43bf-9535-66b7c83f4449 b79fd18be6484ab3be3944303af0fddd a38b0b41e32c4c89a7b16e9d70bcfb57 - - default default] Successfully bumped revision number for resource e8be6e4e-0a0d-4390-b5d6-00a2037c858a (type: subnets) to 0
2026-04-07 01:15:12.129 9 INFO neutron.wsgi [None req-007be309-4e46-43bf-9535-66b7c83f4449 b79fd18be6484ab3be3944303af0fddd a38b0b41e32c4c89a7b16e9d70bcfb57 - - default default] 10.0.0.109 "POST /v2.0/subnets HTTP/1.1" status: 201 len: 866 time: 1.0380042
2026-04-07 01:15:12.457 9 WARNING neutron.scheduler.dhcp_agent_scheduler [None req-cb41a51d-68ad-487c-86a8-3294f3fead4c b79fd18be6484ab3be3944303af0fddd a38b0b41e32c4c89a7b16e9d70bcfb57 - - default default] No more DHCP agents
2026-04-07 01:15:12.461 9 WARNING neutron.api.rpc.agentnotifiers.dhcp_rpc_agent_api [None req-cb41a51d-68ad-487c-86a8-3294f3fead4c b79fd18be6484ab3be3944303af0fddd a38b0b41e32c4c89a7b16e9d70bcfb57 - - default default] Unable to schedule network 7f62f00d-fcf3-4222-a501-4a9916312d71: no agents available; will retry on subsequent port and subnet creation events.
2026-04-07 01:15:12.546 10 WARNING neutron.scheduler.dhcp_agent_scheduler [None req-ca6f7aaa-b860-46a9-917f-2f75fee37a1a b79fd18be6484ab3be3944303af0fddd a38b0b41e32c4c89a7b16e9d70bcfb57 - - default default] No more DHCP agents
2026-04-07 01:15:12.547 10 WARNING neutron.api.rpc.agentnotifiers.dhcp_rpc_agent_api [None req-ca6f7aaa-b860-46a9-917f-2f75fee37a1a b79fd18be6484ab3be3944303af0fddd a38b0b41e32c4c89a7b16e9d70bcfb57 - - default default] Unable to schedule network 7f62f00d-fcf3-4222-a501-4a9916312d71: no agents available; will retry on subsequent port and subnet creation events.
2026-04-07 01:15:12.687 10 INFO neutron.db.ovn_revision_numbers_db [None req-ca6f7aaa-b860-46a9-917f-2f75fee37a1a b79fd18be6484ab3be3944303af0fddd a38b0b41e32c4c89a7b16e9d70bcfb57 - - default default] Successfully bumped revision number for resource 7fd4aec8-a42c-4291-9bd0-04aaaee04828 (type: ports) to 1
2026-04-07 01:15:12.704 9 INFO neutron.db.ovn_revision_numbers_db [None req-cb41a51d-68ad-487c-86a8-3294f3fead4c b79fd18be6484ab3be3944303af0fddd a38b0b41e32c4c89a7b16e9d70bcfb57 - - default default] Successfully bumped revision number for resource 118202ed-02f8-42e1-ae24-c255c6b7d4a0 (type: ports) to 1
2026-04-07 01:15:12.716 9 WARNING neutron.scheduler.dhcp_agent_scheduler [None req-74e58d12-382f-4495-bd5e-393270f2ab2c b79fd18be6484ab3be3944303af0fddd a38b0b41e32c4c89a7b16e9d70bcfb57 - - default default] No more DHCP agents
2026-04-07 01:15:12.729 9 WARNING neutron.api.rpc.agentnotifiers.dhcp_rpc_agent_api [None req-74e58d12-382f-4495-bd5e-393270f2ab2c b79fd18be6484ab3be3944303af0fddd a38b0b41e32c4c89a7b16e9d70bcfb57 - - default default] Unable to schedule network 7f62f00d-fcf3-4222-a501-4a9916312d71: no agents available; will retry on subsequent port and subnet creation events.
2026-04-07 01:15:12.931 9 INFO neutron.db.ovn_revision_numbers_db [None req-74e58d12-382f-4495-bd5e-393270f2ab2c b79fd18be6484ab3be3944303af0fddd a38b0b41e32c4c89a7b16e9d70bcfb57 - - default default] Successfully bumped revision number for resource 9e8c2b0a-8cb6-42ec-8bfd-c96d85eff324 (type: ports) to 1
2026-04-07 01:15:13.074 10 INFO neutron.plugins.ml2.drivers.ovn.mech_driver.ovsdb.extensions.qos [None req-ca6f7aaa-b860-46a9-917f-2f75fee37a1a b79fd18be6484ab3be3944303af0fddd a38b0b41e32c4c89a7b16e9d70bcfb57 - - default default] Starting OVNClientQosExtension
2026-04-07 01:15:13.078 9 INFO neutron.plugins.ml2.drivers.ovn.mech_driver.ovsdb.extensions.qos [None req-cb41a51d-68ad-487c-86a8-3294f3fead4c b79fd18be6484ab3be3944303af0fddd a38b0b41e32c4c89a7b16e9d70bcfb57 - - default default] Starting OVNClientQosExtension
2026-04-07 01:15:13.494 10 INFO neutron.plugins.ml2.drivers.ovn.mech_driver.mech_driver [-] OVN reports status up for port: 7fd4aec8-a42c-4291-9bd0-04aaaee04828
2026-04-07 01:15:13.515 10 INFO neutron.plugins.ml2.drivers.ovn.mech_driver.ovsdb.ovsdb_monitor [-] Router 9757b9a2-d381-4881-be12-d5147968b9a6 is bound to host instance
2026-04-07 01:15:13.516 10 INFO neutron.plugins.ml2.plugin [None req-db2c1de9-33b6-4b35-86c8-1a74b03f02eb - - - - - -] Attempt 1 to provision port 7fd4aec8-a42c-4291-9bd0-04aaaee04828
2026-04-07 01:15:13.547 9 INFO neutron.plugins.ml2.drivers.ovn.mech_driver.ovsdb.ovsdb_monitor [-] Router 7fb66f4f-21ce-4183-9ee7-0b0d8cccb512 is bound to host instance
2026-04-07 01:15:13.591 10 INFO neutron.db.ovn_revision_numbers_db [None req-ca6f7aaa-b860-46a9-917f-2f75fee37a1a b79fd18be6484ab3be3944303af0fddd a38b0b41e32c4c89a7b16e9d70bcfb57 - - default default] Successfully bumped revision number for resource 7fd4aec8-a42c-4291-9bd0-04aaaee04828 (type: router_ports) to 1
2026-04-07 01:15:13.607 9 INFO neutron.db.ovn_revision_numbers_db [None req-cb41a51d-68ad-487c-86a8-3294f3fead4c b79fd18be6484ab3be3944303af0fddd a38b0b41e32c4c89a7b16e9d70bcfb57 - - default default] Successfully bumped revision number for resource 118202ed-02f8-42e1-ae24-c255c6b7d4a0 (type: router_ports) to 1
2026-04-07 01:15:13.726 10 INFO neutron.db.ovn_revision_numbers_db [None req-ca6f7aaa-b860-46a9-917f-2f75fee37a1a b79fd18be6484ab3be3944303af0fddd a38b0b41e32c4c89a7b16e9d70bcfb57 - - default default] Successfully bumped revision number for resource 9757b9a2-d381-4881-be12-d5147968b9a6 (type: routers) to 2
2026-04-07 01:15:13.729 9 INFO neutron.db.ovn_revision_numbers_db [None req-cb41a51d-68ad-487c-86a8-3294f3fead4c b79fd18be6484ab3be3944303af0fddd a38b0b41e32c4c89a7b16e9d70bcfb57 - - default default] Successfully bumped revision number for resource 7fb66f4f-21ce-4183-9ee7-0b0d8cccb512 (type: routers) to 2
2026-04-07 01:15:13.750 10 INFO neutron.wsgi [None req-ca6f7aaa-b860-46a9-917f-2f75fee37a1a b79fd18be6484ab3be3944303af0fddd a38b0b41e32c4c89a7b16e9d70bcfb57 - - default default] 10.0.0.109 "POST /v2.0/routers HTTP/1.1" status: 201 len: 876 time: 1.8445637
2026-04-07 01:15:13.753 9 INFO neutron.wsgi [None req-cb41a51d-68ad-487c-86a8-3294f3fead4c b79fd18be6484ab3be3944303af0fddd a38b0b41e32c4c89a7b16e9d70bcfb57 - - default default] 10.0.0.109 "POST /v2.0/routers HTTP/1.1" status: 201 len: 882 time: 2.0245204
2026-04-07 01:15:13.776 10 INFO neutron.db.ovn_revision_numbers_db [None req-dc80620d-298d-48e8-9c6a-9b6ea00a01f9 b79fd18be6484ab3be3944303af0fddd a38b0b41e32c4c89a7b16e9d70bcfb57 - - default default] Successfully bumped revision number for resource 42abbc7f-b740-4dc7-ae8e-0fff2aebe58d (type: security_groups) to 1
2026-04-07 01:15:13.793 10 INFO neutron.db.ovn_revision_numbers_db [None req-dc80620d-298d-48e8-9c6a-9b6ea00a01f9 b79fd18be6484ab3be3944303af0fddd a38b0b41e32c4c89a7b16e9d70bcfb57 - - default default] Successfully bumped revision number for resource 78ae2fa9-fb11-4748-8a31-34794ea7daf9 (type: security_group_rules) to 0
2026-04-07 01:15:13.810 10 INFO neutron.db.ovn_revision_numbers_db [None req-dc80620d-298d-48e8-9c6a-9b6ea00a01f9 b79fd18be6484ab3be3944303af0fddd a38b0b41e32c4c89a7b16e9d70bcfb57 - - default default] Successfully bumped revision number for resource 854174bd-51b0-48ed-b7dc-e8f803b1a162 (type: security_group_rules) to 0
2026-04-07 01:15:13.826 10 INFO neutron.db.ovn_revision_numbers_db [None req-dc80620d-298d-48e8-9c6a-9b6ea00a01f9 b79fd18be6484ab3be3944303af0fddd a38b0b41e32c4c89a7b16e9d70bcfb57 - - default default] Successfully bumped revision number for resource bff91e15-b288-4ee7-bffe-e88a1b0f7b40 (type: security_group_rules) to 0
2026-04-07 01:15:13.848 10 INFO neutron.db.ovn_revision_numbers_db [None req-dc80620d-298d-48e8-9c6a-9b6ea00a01f9 b79fd18be6484ab3be3944303af0fddd a38b0b41e32c4c89a7b16e9d70bcfb57 - - default default] Successfully bumped revision number for resource e1361dcc-0a7d-41a2-91f2-cbb6b2a9d184 (type: security_group_rules) to 0
2026-04-07 01:15:13.906 10 INFO neutron.db.segments_db [None req-dc80620d-298d-48e8-9c6a-9b6ea00a01f9 b79fd18be6484ab3be3944303af0fddd a38b0b41e32c4c89a7b16e9d70bcfb57 - - default default] Added segment c37f8a65-5459-445b-a6f6-6e205377e0dc of type geneve for network 54c22a08-8c48-406a-93a9-6a0c64f1d31e
2026-04-07 01:15:13.915 9 INFO neutron.plugins.ml2.drivers.ovn.mech_driver.mech_driver [None req-af85d6d0-6fdf-4a18-90c9-61fd697ccba9 - - - - - -] OVN reports status up for port: 9e8c2b0a-8cb6-42ec-8bfd-c96d85eff324
2026-04-07 01:15:14.099 9 INFO neutron.plugins.ml2.plugin [None req-af85d6d0-6fdf-4a18-90c9-61fd697ccba9 - - - - - -] Attempt 1 to provision port 9e8c2b0a-8cb6-42ec-8bfd-c96d85eff324
2026-04-07 01:15:14.110 10 INFO neutron.db.ovn_revision_numbers_db [None req-dc80620d-298d-48e8-9c6a-9b6ea00a01f9 b79fd18be6484ab3be3944303af0fddd a38b0b41e32c4c89a7b16e9d70bcfb57 - - default default] Successfully bumped revision number for resource 54c22a08-8c48-406a-93a9-6a0c64f1d31e (type: networks) to 1
2026-04-07 01:15:14.126 9 INFO neutron.db.ovn_revision_numbers_db [None req-74e58d12-382f-4495-bd5e-393270f2ab2c b79fd18be6484ab3be3944303af0fddd a38b0b41e32c4c89a7b16e9d70bcfb57 - - default default] Successfully bumped revision number for resource 9e8c2b0a-8cb6-42ec-8bfd-c96d85eff324 (type: router_ports) to 1
2026-04-07 01:15:14.205 10 INFO neutron.db.ovn_revision_numbers_db [None req-8f9ee1ac-2745-4a1d-883b-cdfbf46b2bc2 - - - - - -] Successfully bumped revision number for resource 7fd4aec8-a42c-4291-9bd0-04aaaee04828 (type: ports) to 1
2026-04-07 01:15:14.295 9 INFO neutron.db.ovn_revision_numbers_db [None req-74e58d12-382f-4495-bd5e-393270f2ab2c b79fd18be6484ab3be3944303af0fddd a38b0b41e32c4c89a7b16e9d70bcfb57 - - default default] Successfully bumped revision number for resource 2fba4d81-9931-49ba-89b0-1f405390f008 (type: routers) to 2
2026-04-07 01:15:14.333 9 INFO neutron.wsgi [None req-74e58d12-382f-4495-bd5e-393270f2ab2c b79fd18be6484ab3be3944303af0fddd a38b0b41e32c4c89a7b16e9d70bcfb57 - - default default] 10.0.0.109 "POST /v2.0/routers HTTP/1.1" status: 201 len: 877 time: 2.1998253
2026-04-07 01:15:14.372 10 WARNING neutron.scheduler.dhcp_agent_scheduler [None req-dc80620d-298d-48e8-9c6a-9b6ea00a01f9 b79fd18be6484ab3be3944303af0fddd a38b0b41e32c4c89a7b16e9d70bcfb57 - - default default] No more DHCP agents
2026-04-07 01:15:14.375 10 WARNING neutron.api.rpc.agentnotifiers.dhcp_rpc_agent_api [None req-dc80620d-298d-48e8-9c6a-9b6ea00a01f9 b79fd18be6484ab3be3944303af0fddd a38b0b41e32c4c89a7b16e9d70bcfb57 - - default default] Unable to schedule network 54c22a08-8c48-406a-93a9-6a0c64f1d31e: no agents available; will retry on subsequent port and subnet creation events.
2026-04-07 01:15:14.495 10 INFO neutron.db.ovn_revision_numbers_db [None req-dc80620d-298d-48e8-9c6a-9b6ea00a01f9 b79fd18be6484ab3be3944303af0fddd a38b0b41e32c4c89a7b16e9d70bcfb57 - - default default] Successfully bumped revision number for resource fe37c6d3-3436-4d70-921e-16a5567b1496 (type: ports) to 1
2026-04-07 01:15:14.515 10 INFO neutron.wsgi [None req-dc80620d-298d-48e8-9c6a-9b6ea00a01f9 b79fd18be6484ab3be3944303af0fddd a38b0b41e32c4c89a7b16e9d70bcfb57 - - default default] 10.0.0.109 "POST /v2.0/networks HTTP/1.1" status: 201 len: 947 time: 1.2179718
2026-04-07 01:15:14.563 10 INFO neutron.db.ovn_revision_numbers_db [None req-8f9ee1ac-2745-4a1d-883b-cdfbf46b2bc2 - - - - - -] Successfully bumped revision number for resource 7fd4aec8-a42c-4291-9bd0-04aaaee04828 (type: router_ports) to 3
2026-04-07 01:15:14.719 10 WARNING neutron.scheduler.dhcp_agent_scheduler [None req-ba799ade-7e36-460f-bab4-5eeddf2eb21d b79fd18be6484ab3be3944303af0fddd a38b0b41e32c4c89a7b16e9d70bcfb57 - - default default] No more DHCP agents
2026-04-07 01:15:14.722 10 WARNING neutron.api.rpc.agentnotifiers.dhcp_rpc_agent_api [None req-ba799ade-7e36-460f-bab4-5eeddf2eb21d b79fd18be6484ab3be3944303af0fddd a38b0b41e32c4c89a7b16e9d70bcfb57 - - default default] Unable to schedule network 54c22a08-8c48-406a-93a9-6a0c64f1d31e: no agents available; will retry on subsequent port and subnet creation events.
2026-04-07 01:15:14.724 10 INFO neutron.db.ovn_revision_numbers_db [None req-8f9ee1ac-2745-4a1d-883b-cdfbf46b2bc2 - - - - - -] Successfully bumped revision number for resource 7fd4aec8-a42c-4291-9bd0-04aaaee04828 (type: ports) to 2
2026-04-07 01:15:14.756 9 INFO neutron.db.ovn_revision_numbers_db [None req-7bb8caa9-e1b5-43b0-89a6-98ae37c86696 - - - - - -] Successfully bumped revision number for resource 118202ed-02f8-42e1-ae24-c255c6b7d4a0 (type: ports) to 1
2026-04-07 01:15:14.901 9 WARNING neutron.scheduler.dhcp_agent_scheduler [None req-22ae8609-d117-4944-a324-663ea9806b86 b79fd18be6484ab3be3944303af0fddd a38b0b41e32c4c89a7b16e9d70bcfb57 - - default default] No more DHCP agents
2026-04-07 01:15:14.912 9 WARNING neutron.api.rpc.agentnotifiers.dhcp_rpc_agent_api [None req-22ae8609-d117-4944-a324-663ea9806b86 b79fd18be6484ab3be3944303af0fddd a38b0b41e32c4c89a7b16e9d70bcfb57 - - default default] Unable to schedule network 72e9bac8-f722-48be-b217-980651c02185: no agents available; will retry on subsequent port and subnet creation events.
2026-04-07 01:15:15.027 10 INFO neutron.db.ovn_revision_numbers_db [None req-8f9ee1ac-2745-4a1d-883b-cdfbf46b2bc2 - - - - - -] Successfully bumped revision number for resource 7fd4aec8-a42c-4291-9bd0-04aaaee04828 (type: ports) to 4
2026-04-07 01:15:15.073 9 WARNING neutron.scheduler.dhcp_agent_scheduler [None req-de921f14-c917-4031-9385-7a1934ad8ffa b79fd18be6484ab3be3944303af0fddd a38b0b41e32c4c89a7b16e9d70bcfb57 - - default default] No more DHCP agents
2026-04-07 01:15:15.081 9 WARNING neutron.api.rpc.agentnotifiers.dhcp_rpc_agent_api [None req-de921f14-c917-4031-9385-7a1934ad8ffa b79fd18be6484ab3be3944303af0fddd a38b0b41e32c4c89a7b16e9d70bcfb57 - - default default] Unable to schedule network c3e6d1ac-8170-4e9f-ba4f-1b2e8cd0a920: no agents available; will retry on subsequent port and subnet creation events.
2026-04-07 01:15:15.230 10 INFO neutron.db.ovn_revision_numbers_db [None req-8f9ee1ac-2745-4a1d-883b-cdfbf46b2bc2 - - - - - -] Successfully bumped revision number for resource 7fd4aec8-a42c-4291-9bd0-04aaaee04828 (type: router_ports) to 4
2026-04-07 01:15:15.258 10 INFO neutron.plugins.ml2.drivers.ovn.mech_driver.ovsdb.ovsdb_monitor [None req-8f9ee1ac-2745-4a1d-883b-cdfbf46b2bc2 - - - - - -] Router 2fba4d81-9931-49ba-89b0-1f405390f008 is bound to host instance
2026-04-07 01:15:15.307 10 INFO neutron.db.ovn_revision_numbers_db [None req-ba799ade-7e36-460f-bab4-5eeddf2eb21d b79fd18be6484ab3be3944303af0fddd a38b0b41e32c4c89a7b16e9d70bcfb57 - - default default] Successfully bumped revision number for resource fe37c6d3-3436-4d70-921e-16a5567b1496 (type: ports) to 2
2026-04-07 01:15:15.364 10 INFO neutron.db.ovn_revision_numbers_db [None req-ba799ade-7e36-460f-bab4-5eeddf2eb21d b79fd18be6484ab3be3944303af0fddd a38b0b41e32c4c89a7b16e9d70bcfb57 - - default default] Successfully bumped revision number for resource 8c661eb1-6f75-491b-82de-c263eb141d33 (type: subnets) to 0
2026-04-07 01:15:15.387 10 INFO neutron.wsgi [None req-ba799ade-7e36-460f-bab4-5eeddf2eb21d b79fd18be6484ab3be3944303af0fddd a38b0b41e32c4c89a7b16e9d70bcfb57 - - default default] 10.0.0.109 "POST /v2.0/subnets HTTP/1.1" status: 201 len: 867 time: 0.8657811
2026-04-07 01:15:15.432 9 INFO neutron.db.ovn_revision_numbers_db [None req-22ae8609-d117-4944-a324-663ea9806b86 b79fd18be6484ab3be3944303af0fddd a38b0b41e32c4c89a7b16e9d70bcfb57 - - default default] Successfully bumped revision number for resource 4ce57abf-3241-46a7-a4a9-9ac99496772d (type: ports) to 1
2026-04-07 01:15:15.436 9 WARNING neutron.scheduler.dhcp_agent_scheduler [None req-8b40c208-66ed-44e3-ace3-8484e0a00317 b79fd18be6484ab3be3944303af0fddd a38b0b41e32c4c89a7b16e9d70bcfb57 - - default default] No more DHCP agents
2026-04-07 01:15:15.442 9 WARNING neutron.api.rpc.agentnotifiers.dhcp_rpc_agent_api [None req-8b40c208-66ed-44e3-ace3-8484e0a00317 b79fd18be6484ab3be3944303af0fddd a38b0b41e32c4c89a7b16e9d70bcfb57 - - default default] Unable to schedule network bcf0e6c3-a1b1-4bf8-96e6-3f3523bc74fa: no agents available; will retry on subsequent port and subnet creation events.
2026-04-07 01:15:15.445 9 INFO neutron.db.ovn_revision_numbers_db [None req-7bb8caa9-e1b5-43b0-89a6-98ae37c86696 - - - - - -] Successfully bumped revision number for resource 118202ed-02f8-42e1-ae24-c255c6b7d4a0 (type: router_ports) to 3
2026-04-07 01:15:15.472 9 INFO neutron.db.ovn_revision_numbers_db [None req-de921f14-c917-4031-9385-7a1934ad8ffa b79fd18be6484ab3be3944303af0fddd a38b0b41e32c4c89a7b16e9d70bcfb57 - - default default] Successfully bumped revision number for resource 39df242e-79cc-4033-90c0-962ed4bf32d1 (type: ports) to 1
2026-04-07 01:15:15.762 10 INFO neutron.db.ovn_revision_numbers_db [None req-8f9ee1ac-2745-4a1d-883b-cdfbf46b2bc2 - - - - - -] Successfully bumped revision number for resource 9e8c2b0a-8cb6-42ec-8bfd-c96d85eff324 (type: ports) to 1
2026-04-07 01:15:15.809 10 INFO neutron.plugins.ml2.drivers.ovn.mech_driver.mech_driver [None req-db2c1de9-33b6-4b35-86c8-1a74b03f02eb - - - - - -] OVN reports status up for port: 118202ed-02f8-42e1-ae24-c255c6b7d4a0
2026-04-07 01:15:15.826 10 INFO neutron.plugins.ml2.plugin [None req-db2c1de9-33b6-4b35-86c8-1a74b03f02eb - - - - - -] Attempt 1 to provision port 118202ed-02f8-42e1-ae24-c255c6b7d4a0
2026-04-07 01:15:16.028 10 INFO neutron.db.ovn_revision_numbers_db [None req-8f9ee1ac-2745-4a1d-883b-cdfbf46b2bc2 - - - - - -] Successfully bumped revision number for resource 9e8c2b0a-8cb6-42ec-8bfd-c96d85eff324 (type: router_ports) to 3
2026-04-07 01:15:16.037 9 INFO neutron.db.ovn_revision_numbers_db [None req-8b40c208-66ed-44e3-ace3-8484e0a00317 b79fd18be6484ab3be3944303af0fddd a38b0b41e32c4c89a7b16e9d70bcfb57 - - default default] Successfully bumped revision number for resource 156f5a20-7d79-420d-a88f-badf896cdc4d (type: ports) to 1
2026-04-07 01:15:16.089 9 INFO neutron.db.ovn_revision_numbers_db [None req-7bb8caa9-e1b5-43b0-89a6-98ae37c86696 - - - - - -] Successfully bumped revision number for resource 118202ed-02f8-42e1-ae24-c255c6b7d4a0 (type: ports) to 2
2026-04-07 01:15:16.155 10 INFO neutron.db.ovn_revision_numbers_db [None req-db2c1de9-33b6-4b35-86c8-1a74b03f02eb - - - - - -] Successfully bumped revision number for resource 118202ed-02f8-42e1-ae24-c255c6b7d4a0 (type: ports) to 4
2026-04-07 01:15:16.228 10 INFO neutron.db.ovn_revision_numbers_db [None req-8f9ee1ac-2745-4a1d-883b-cdfbf46b2bc2 - - - - - -] Successfully bumped revision number for resource 9e8c2b0a-8cb6-42ec-8bfd-c96d85eff324 (type: ports) to 2
2026-04-07 01:15:16.443 10 INFO neutron.db.ovn_revision_numbers_db [None req-db2c1de9-33b6-4b35-86c8-1a74b03f02eb - - - - - -] Successfully bumped revision number for resource 118202ed-02f8-42e1-ae24-c255c6b7d4a0 (type: router_ports) to 4
2026-04-07 01:15:16.533 10 INFO neutron.db.ovn_revision_numbers_db [None req-8f9ee1ac-2745-4a1d-883b-cdfbf46b2bc2 - - - - - -] Successfully bumped revision number for resource 9e8c2b0a-8cb6-42ec-8bfd-c96d85eff324 (type: ports) to 4
2026-04-07 01:15:16.678 9 INFO neutron.plugins.ml2.drivers.ovn.mech_driver.mech_driver [None req-af85d6d0-6fdf-4a18-90c9-61fd697ccba9 - - - - - -] OVN reports status up for port: 4ce57abf-3241-46a7-a4a9-9ac99496772d
2026-04-07 01:15:16.809 10 INFO neutron.db.ovn_revision_numbers_db [None req-8f9ee1ac-2745-4a1d-883b-cdfbf46b2bc2 - - - - - -] Successfully bumped revision number for resource 9e8c2b0a-8cb6-42ec-8bfd-c96d85eff324 (type: router_ports) to 4
2026-04-07 01:15:16.860 9 INFO neutron.plugins.ml2.plugin [None req-af85d6d0-6fdf-4a18-90c9-61fd697ccba9 - - - - - -] Attempt 1 to provision port 4ce57abf-3241-46a7-a4a9-9ac99496772d
2026-04-07 01:15:16.872 10 INFO neutron.plugins.ml2.drivers.ovn.mech_driver.mech_driver [None req-db2c1de9-33b6-4b35-86c8-1a74b03f02eb - - - - - -] OVN reports status up for port: 39df242e-79cc-4033-90c0-962ed4bf32d1
2026-04-07 01:15:16.880 10 INFO neutron.plugins.ml2.plugin [None req-db2c1de9-33b6-4b35-86c8-1a74b03f02eb - - - - - -] Attempt 1 to provision port 39df242e-79cc-4033-90c0-962ed4bf32d1
2026-04-07 01:15:16.896 9 WARNING neutron.scheduler.dhcp_agent_scheduler [None req-164bb256-1d7e-45ab-9cce-0e8b12211001 b79fd18be6484ab3be3944303af0fddd a38b0b41e32c4c89a7b16e9d70bcfb57 - - default default] No more DHCP agents
2026-04-07 01:15:16.902 9 INFO neutron.db.ovn_revision_numbers_db [None req-22ae8609-d117-4944-a324-663ea9806b86 b79fd18be6484ab3be3944303af0fddd a38b0b41e32c4c89a7b16e9d70bcfb57 - - default default] Successfully bumped revision number for resource 4ce57abf-3241-46a7-a4a9-9ac99496772d (type: router_ports) to 1
2026-04-07 01:15:16.903 9 WARNING neutron.api.rpc.agentnotifiers.dhcp_rpc_agent_api [None req-164bb256-1d7e-45ab-9cce-0e8b12211001 b79fd18be6484ab3be3944303af0fddd a38b0b41e32c4c89a7b16e9d70bcfb57 - - default default] Unable to schedule network 7f62f00d-fcf3-4222-a501-4a9916312d71: no agents available; will retry on subsequent port and subnet creation events.
2026-04-07 01:15:16.992 9 INFO neutron.db.ovn_revision_numbers_db [None req-de921f14-c917-4031-9385-7a1934ad8ffa b79fd18be6484ab3be3944303af0fddd a38b0b41e32c4c89a7b16e9d70bcfb57 - - default default] Successfully bumped revision number for resource 39df242e-79cc-4033-90c0-962ed4bf32d1 (type: router_ports) to 1
2026-04-07 01:15:17.021 10 INFO neutron.wsgi [-] 10.0.0.9 "GET / HTTP/1.1" status: 200 len: 247 time: 0.0015934
2026-04-07 01:15:17.022 10 INFO neutron.wsgi [-] 10.0.0.9 "GET / HTTP/1.1" status: 200 len: 247 time: 0.0011251
2026-04-07 01:15:17.120 10 INFO neutron.db.ovn_revision_numbers_db [None req-db2c1de9-33b6-4b35-86c8-1a74b03f02eb - - - - - -] Successfully bumped revision number for resource 39df242e-79cc-4033-90c0-962ed4bf32d1 (type: ports) to 2
2026-04-07 01:15:17.189 10 INFO neutron.db.ovn_revision_numbers_db [None req-db2c1de9-33b6-4b35-86c8-1a74b03f02eb - - - - - -] Successfully bumped revision number for resource 39df242e-79cc-4033-90c0-962ed4bf32d1 (type: router_ports) to 2
2026-04-07 01:15:17.215 9 INFO neutron.db.ovn_revision_numbers_db [None req-8b40c208-66ed-44e3-ace3-8484e0a00317 b79fd18be6484ab3be3944303af0fddd a38b0b41e32c4c89a7b16e9d70bcfb57 - - default default] Successfully bumped revision number for resource 156f5a20-7d79-420d-a88f-badf896cdc4d (type: router_ports) to 1
2026-04-07 01:15:17.283 9 ERROR ovsdbapp.backend.ovs_idl.transaction [None req-de921f14-c917-4031-9385-7a1934ad8ffa b79fd18be6484ab3be3944303af0fddd a38b0b41e32c4c89a7b16e9d70bcfb57 - - default default]
Traceback (most recent call last): File "/var/lib/openstack/lib/python3.10/site-packages/ovsdbapp/backend/ovs_idl/connection.py", line 118, in run txn.results.put(txn.do_commit())
File "/var/lib/openstack/lib/python3.10/site-packages/ovsdbapp/backend/ovs_idl/transaction.py", line 92, in do_commit command.run_idl(txn)
File "/var/lib/openstack/lib/python3.10/site-packages/neutron/plugins/ml2/drivers/ovn/mech_driver/ovsdb/commands.py", line 823, in run_idl raise ovn_exc.RevisionConflict( neutron.common.ovn.exceptions.RevisionConflict: OVN revision number for 39df242e-79cc-4033-90c0-962ed4bf32d1 (type: ports) is higher than the given resource. Skipping update 
2026-04-07 01:15:17.284 9 INFO neutron.plugins.ml2.drivers.ovn.mech_driver.ovsdb.impl_idl_ovn [None req-de921f14-c917-4031-9385-7a1934ad8ffa b79fd18be6484ab3be3944303af0fddd a38b0b41e32c4c89a7b16e9d70bcfb57 - - default default] Transaction aborted. Reason: OVN revision number for 39df242e-79cc-4033-90c0-962ed4bf32d1 (type: ports) is higher than the given resource. Skipping update
2026-04-07 01:15:17.287 9 INFO neutron.db.ovn_revision_numbers_db [None req-164bb256-1d7e-45ab-9cce-0e8b12211001 b79fd18be6484ab3be3944303af0fddd a38b0b41e32c4c89a7b16e9d70bcfb57 - - default default] Successfully bumped revision number for resource c4806f72-c3d1-4aa1-a1a9-e7aeebbf2f08 (type: ports) to 1
2026-04-07 01:15:17.299 9 INFO neutron.db.ovn_revision_numbers_db [None req-22ae8609-d117-4944-a324-663ea9806b86 b79fd18be6484ab3be3944303af0fddd a38b0b41e32c4c89a7b16e9d70bcfb57 - - default default] Successfully bumped revision number for resource 4ce57abf-3241-46a7-a4a9-9ac99496772d (type: ports) to 1
2026-04-07 01:15:17.531 9 WARNING neutron.scheduler.dhcp_agent_scheduler [None req-22ae8609-d117-4944-a324-663ea9806b86 b79fd18be6484ab3be3944303af0fddd a38b0b41e32c4c89a7b16e9d70bcfb57 - - default default] No more DHCP agents
2026-04-07 01:15:17.532 9 WARNING neutron.scheduler.dhcp_agent_scheduler [None req-de921f14-c917-4031-9385-7a1934ad8ffa b79fd18be6484ab3be3944303af0fddd a38b0b41e32c4c89a7b16e9d70bcfb57 - - default default] No more DHCP agents
2026-04-07 01:15:17.538 9 WARNING neutron.api.rpc.agentnotifiers.dhcp_rpc_agent_api [None req-de921f14-c917-4031-9385-7a1934ad8ffa b79fd18be6484ab3be3944303af0fddd a38b0b41e32c4c89a7b16e9d70bcfb57 - - default default] Unable to schedule network c3e6d1ac-8170-4e9f-ba4f-1b2e8cd0a920: no agents available; will retry on subsequent port and subnet creation events.
2026-04-07 01:15:17.541 9 WARNING neutron.api.rpc.agentnotifiers.dhcp_rpc_agent_api [None req-22ae8609-d117-4944-a324-663ea9806b86 b79fd18be6484ab3be3944303af0fddd a38b0b41e32c4c89a7b16e9d70bcfb57 - - default default] Unable to schedule network 72e9bac8-f722-48be-b217-980651c02185: no agents available; will retry on subsequent port and subnet creation events.
2026-04-07 01:15:17.609 9 INFO neutron.db.ovn_revision_numbers_db [None req-8b40c208-66ed-44e3-ace3-8484e0a00317 b79fd18be6484ab3be3944303af0fddd a38b0b41e32c4c89a7b16e9d70bcfb57 - - default default] Successfully bumped revision number for resource 156f5a20-7d79-420d-a88f-badf896cdc4d (type: ports) to 1
2026-04-07 01:15:17.843 9 INFO neutron.db.ovn_revision_numbers_db [None req-af85d6d0-6fdf-4a18-90c9-61fd697ccba9 - - - - - -] Successfully bumped revision number for resource 4ce57abf-3241-46a7-a4a9-9ac99496772d (type: ports) to 2
2026-04-07 01:15:17.968 9 WARNING neutron.scheduler.dhcp_agent_scheduler [None req-8b40c208-66ed-44e3-ace3-8484e0a00317 b79fd18be6484ab3be3944303af0fddd a38b0b41e32c4c89a7b16e9d70bcfb57 - - default default] No more DHCP agents
2026-04-07 01:15:17.976 9 WARNING neutron.api.rpc.agentnotifiers.dhcp_rpc_agent_api [None req-8b40c208-66ed-44e3-ace3-8484e0a00317 b79fd18be6484ab3be3944303af0fddd a38b0b41e32c4c89a7b16e9d70bcfb57 - - default default] Unable to schedule network bcf0e6c3-a1b1-4bf8-96e6-3f3523bc74fa: no agents available; will retry on subsequent port and subnet creation events.
2026-04-07 01:15:18.039 9 INFO neutron.db.ovn_revision_numbers_db [None req-af85d6d0-6fdf-4a18-90c9-61fd697ccba9 - - - - - -] Successfully bumped revision number for resource 4ce57abf-3241-46a7-a4a9-9ac99496772d (type: router_ports) to 2
2026-04-07 01:15:19.046 9 INFO neutron.plugins.ml2.drivers.ovn.mech_driver.ovsdb.ovsdb_monitor [None req-7bb8caa9-e1b5-43b0-89a6-98ae37c86696 - - - - - -] Router f72b37eb-7534-450f-b32e-49bb47d9848f is bound to host instance
2026-04-07 01:15:19.273 9 INFO neutron.db.ovn_revision_numbers_db [None req-164bb256-1d7e-45ab-9cce-0e8b12211001 b79fd18be6484ab3be3944303af0fddd a38b0b41e32c4c89a7b16e9d70bcfb57 - - default default] Successfully bumped revision number for resource c4806f72-c3d1-4aa1-a1a9-e7aeebbf2f08 (type: router_ports) to 1
2026-04-07 01:15:19.491 9 INFO neutron.db.ovn_revision_numbers_db [None req-164bb256-1d7e-45ab-9cce-0e8b12211001 b79fd18be6484ab3be3944303af0fddd a38b0b41e32c4c89a7b16e9d70bcfb57 - - default default] Successfully bumped revision number for resource f72b37eb-7534-450f-b32e-49bb47d9848f (type: routers) to 2
2026-04-07 01:15:19.541 9 INFO neutron.wsgi [None req-164bb256-1d7e-45ab-9cce-0e8b12211001 b79fd18be6484ab3be3944303af0fddd a38b0b41e32c4c89a7b16e9d70bcfb57 - - default default] 10.0.0.109 "POST /v2.0/routers HTTP/1.1" status: 201 len: 878 time: 4.1426835
2026-04-07 01:15:19.724 9 INFO neutron.db.ovn_revision_numbers_db [None req-de921f14-c917-4031-9385-7a1934ad8ffa b79fd18be6484ab3be3944303af0fddd a38b0b41e32c4c89a7b16e9d70bcfb57 - - default default] Successfully bumped revision number for resource 39df242e-79cc-4033-90c0-962ed4bf32d1 (type: router_ports) to 2
2026-04-07 01:15:19.726 9 INFO neutron.wsgi [None req-de921f14-c917-4031-9385-7a1934ad8ffa b79fd18be6484ab3be3944303af0fddd a38b0b41e32c4c89a7b16e9d70bcfb57 - - default default] 10.0.0.109 "PUT /v2.0/routers/9757b9a2-d381-4881-be12-d5147968b9a6/add_router_interface HTTP/1.1" status: 200 len: 503 time: 5.9642191
2026-04-07 01:15:19.781 9 INFO neutron.db.ovn_revision_numbers_db [None req-22ae8609-d117-4944-a324-663ea9806b86 b79fd18be6484ab3be3944303af0fddd a38b0b41e32c4c89a7b16e9d70bcfb57 - - default default] Successfully bumped revision number for resource 4ce57abf-3241-46a7-a4a9-9ac99496772d (type: router_ports) to 2
2026-04-07 01:15:19.783 9 INFO neutron.wsgi [None req-22ae8609-d117-4944-a324-663ea9806b86 b79fd18be6484ab3be3944303af0fddd a38b0b41e32c4c89a7b16e9d70bcfb57 - - default default] 10.0.0.109 "PUT /v2.0/routers/7fb66f4f-21ce-4183-9ee7-0b0d8cccb512/add_router_interface HTTP/1.1" status: 200 len: 503 time: 6.0226605
2026-04-07 01:15:19.880 9 INFO neutron.db.ovn_revision_numbers_db [None req-8b40c208-66ed-44e3-ace3-8484e0a00317 b79fd18be6484ab3be3944303af0fddd a38b0b41e32c4c89a7b16e9d70bcfb57 - - default default] Successfully bumped revision number for resource 156f5a20-7d79-420d-a88f-badf896cdc4d (type: router_ports) to 1
2026-04-07 01:15:19.882 9 INFO neutron.wsgi [None req-8b40c208-66ed-44e3-ace3-8484e0a00317 b79fd18be6484ab3be3944303af0fddd a38b0b41e32c4c89a7b16e9d70bcfb57 - - default default] 10.0.0.109 "PUT /v2.0/routers/2fba4d81-9931-49ba-89b0-1f405390f008/add_router_interface HTTP/1.1" status: 200 len: 503 time: 5.5425444
2026-04-07 01:15:20.050 10 WARNING neutron.scheduler.dhcp_agent_scheduler [None req-ef9d3098-32e3-4fa1-99a9-bdf3fae2dc57 b79fd18be6484ab3be3944303af0fddd a38b0b41e32c4c89a7b16e9d70bcfb57 - - default default] No more DHCP agents
2026-04-07 01:15:20.056 10 WARNING neutron.api.rpc.agentnotifiers.dhcp_rpc_agent_api [None req-ef9d3098-32e3-4fa1-99a9-bdf3fae2dc57 b79fd18be6484ab3be3944303af0fddd a38b0b41e32c4c89a7b16e9d70bcfb57 - - default default] Unable to schedule network 54c22a08-8c48-406a-93a9-6a0c64f1d31e: no agents available; will retry on subsequent port and subnet creation events.
2026-04-07 01:15:20.094 9 INFO neutron.db.ovn_revision_numbers_db [None req-7bb8caa9-e1b5-43b0-89a6-98ae37c86696 - - - - - -] Successfully bumped revision number for resource c4806f72-c3d1-4aa1-a1a9-e7aeebbf2f08 (type: ports) to 1
2026-04-07 01:15:20.210 10 INFO neutron.db.ovn_revision_numbers_db [None req-ef9d3098-32e3-4fa1-99a9-bdf3fae2dc57 b79fd18be6484ab3be3944303af0fddd a38b0b41e32c4c89a7b16e9d70bcfb57 - - default default] Successfully bumped revision number for resource 67a568cb-3391-4b6c-989c-8de7c3538184 (type: ports) to 1
2026-04-07 01:15:20.270 9 WARNING neutron_lib.context [None req-ff00e833-7c0f-41f7-82d9-cfd8033ce490 81ab229b9e6d4148a560e8e5eef7dabb 55d264d005214c1a9d63aaed06bf7b9a - - default default] Method 'is_advsvc' is deprecated since 2023.2 release (neutron-lib 3.8.0) and will be removed once support for the old RBAC API policies will be removed from Neutron. Please use method 'is_service_role' instead.
2026-04-07 01:15:20.349 10 WARNING neutron_lib.context [None req-0d0259dc-0146-41aa-b10f-95307dc1c461 3be665c061e44501a117d395a6714144 69a5fe0db24e48f1a88d8647bad5ca29 - - default default] Method 'is_advsvc' is deprecated since 2023.2 release (neutron-lib 3.8.0) and will be removed once support for the old RBAC API policies will be removed from Neutron. Please use method 'is_service_role' instead.
2026-04-07 01:15:20.434 9 INFO neutron.db.ovn_revision_numbers_db [None req-ff00e833-7c0f-41f7-82d9-cfd8033ce490 81ab229b9e6d4148a560e8e5eef7dabb 55d264d005214c1a9d63aaed06bf7b9a - - default default] Successfully bumped revision number for resource 5891e275-176b-4b8f-ad97-5225c95af4c0 (type: security_groups) to 1
2026-04-07 01:15:20.454 9 INFO neutron.db.ovn_revision_numbers_db [None req-ff00e833-7c0f-41f7-82d9-cfd8033ce490 81ab229b9e6d4148a560e8e5eef7dabb 55d264d005214c1a9d63aaed06bf7b9a - - default default] Successfully bumped revision number for resource 29ae1d19-b211-4e5e-9717-929f2c6328eb (type: security_group_rules) to 0
2026-04-07 01:15:20.485 9 INFO neutron.db.ovn_revision_numbers_db [None req-ff00e833-7c0f-41f7-82d9-cfd8033ce490 81ab229b9e6d4148a560e8e5eef7dabb 55d264d005214c1a9d63aaed06bf7b9a - - default default] Successfully bumped revision number for resource 76d2c492-7a9d-4a87-b74a-002b1d8fe914 (type: security_group_rules) to 0
2026-04-07 01:15:20.517 9 INFO neutron.wsgi [None req-ff00e833-7c0f-41f7-82d9-cfd8033ce490 81ab229b9e6d4148a560e8e5eef7dabb 55d264d005214c1a9d63aaed06bf7b9a - - default default] 10.0.0.109 "POST /v2.0/security-groups HTTP/1.1" status: 201 len: 1796 time: 0.2542312
2026-04-07 01:15:20.517 10 INFO neutron.db.ovn_revision_numbers_db [None req-0d0259dc-0146-41aa-b10f-95307dc1c461 3be665c061e44501a117d395a6714144 69a5fe0db24e48f1a88d8647bad5ca29 - - default default] Successfully bumped revision number for resource be188f24-7c03-4e4d-999c-8828572cd562 (type: security_groups) to 1
2026-04-07 01:15:20.530 9 WARNING neutron_lib.context [None req-a7a0ca47-1b01-46be-afdb-1248feffef9c 81ab229b9e6d4148a560e8e5eef7dabb 55d264d005214c1a9d63aaed06bf7b9a - - default default] Method 'is_advsvc' is deprecated since 2023.2 release (neutron-lib 3.8.0) and will be removed once support for the old RBAC API policies will be removed from Neutron. Please use method 'is_service_role' instead.
2026-04-07 01:15:20.533 9 INFO neutron.db.ovn_revision_numbers_db [None req-7bb8caa9-e1b5-43b0-89a6-98ae37c86696 - - - - - -] Successfully bumped revision number for resource c4806f72-c3d1-4aa1-a1a9-e7aeebbf2f08 (type: router_ports) to 3
2026-04-07 01:15:20.539 10 INFO neutron.db.ovn_revision_numbers_db [None req-0d0259dc-0146-41aa-b10f-95307dc1c461 3be665c061e44501a117d395a6714144 69a5fe0db24e48f1a88d8647bad5ca29 - - default default] Successfully bumped revision number for resource 499c4eba-8693-4419-996d-e1a0fe98cd6c (type: security_group_rules) to 0
2026-04-07 01:15:20.560 10 INFO neutron.db.ovn_revision_numbers_db [None req-0d0259dc-0146-41aa-b10f-95307dc1c461 3be665c061e44501a117d395a6714144 69a5fe0db24e48f1a88d8647bad5ca29 - - default default] Successfully bumped revision number for resource 66cb15d6-a91b-47aa-a3fc-e5015ac8e89c (type: security_group_rules) to 0
2026-04-07 01:15:20.581 10 INFO neutron.wsgi [None req-0d0259dc-0146-41aa-b10f-95307dc1c461 3be665c061e44501a117d395a6714144 69a5fe0db24e48f1a88d8647bad5ca29 - - default default] 10.0.0.109 "POST /v2.0/security-groups HTTP/1.1" status: 201 len: 1795 time: 0.2379544
2026-04-07 01:15:20.593 9 WARNING neutron_lib.context [None req-12c0118f-827b-48e5-9e29-ab76e7b0b890 3be665c061e44501a117d395a6714144 69a5fe0db24e48f1a88d8647bad5ca29 - - default default] Method 'is_advsvc' is deprecated since 2023.2 release (neutron-lib 3.8.0) and will be removed once support for the old RBAC API policies will be removed from Neutron. Please use method 'is_service_role' instead.
2026-04-07 01:15:20.666 10 WARNING neutron_lib.context [req-27a6678d-ea3c-40c3-a12c-0bbd2f478444 req-981bf89c-7b84-4ede-9588-62b6b5e19c67 7f41f9a3ac25402c8975547438ebdaf4 1fbe1140cd844c459827faf67f1502e6 - - default default] Method 'is_advsvc' is deprecated since 2023.2 release (neutron-lib 3.8.0) and will be removed once support for the old RBAC API policies will be removed from Neutron. Please use method 'is_service_role' instead.
2026-04-07 01:15:20.714 10 INFO neutron.db.ovn_revision_numbers_db [None req-ef9d3098-32e3-4fa1-99a9-bdf3fae2dc57 b79fd18be6484ab3be3944303af0fddd a38b0b41e32c4c89a7b16e9d70bcfb57 - - default default] Successfully bumped revision number for resource 67a568cb-3391-4b6c-989c-8de7c3538184 (type: router_ports) to 1
2026-04-07 01:15:20.749 9 INFO neutron.db.ovn_revision_numbers_db [None req-7bb8caa9-e1b5-43b0-89a6-98ae37c86696 - - - - - -] Successfully bumped revision number for resource c4806f72-c3d1-4aa1-a1a9-e7aeebbf2f08 (type: ports) to 2
2026-04-07 01:15:20.778 9 INFO neutron.db.ovn_revision_numbers_db [None req-a7a0ca47-1b01-46be-afdb-1248feffef9c 81ab229b9e6d4148a560e8e5eef7dabb 55d264d005214c1a9d63aaed06bf7b9a - - default default] Successfully bumped revision number for resource 31369eff-b90c-48e8-8cb0-197b3da3fbe2 (type: security_group_rules) to 0
2026-04-07 01:15:20.816 10 INFO neutron.db.ovn_revision_numbers_db [req-27a6678d-ea3c-40c3-a12c-0bbd2f478444 req-981bf89c-7b84-4ede-9588-62b6b5e19c67 7f41f9a3ac25402c8975547438ebdaf4 1fbe1140cd844c459827faf67f1502e6 - - default default] Successfully bumped revision number for resource 3ebfd25e-a771-4608-81c0-3a058d816bfd (type: security_groups) to 1
2026-04-07 01:15:20.821 9 INFO neutron.wsgi [None req-a7a0ca47-1b01-46be-afdb-1248feffef9c 81ab229b9e6d4148a560e8e5eef7dabb 55d264d005214c1a9d63aaed06bf7b9a - - default default] 10.0.0.109 "POST /v2.0/security-group-rules HTTP/1.1" status: 201 len: 764 time: 0.2972240
2026-04-07 01:15:20.834 10 WARNING neutron_lib.context [None req-e0967840-5a06-4313-b058-bed8cb2d4c8e 81ab229b9e6d4148a560e8e5eef7dabb 55d264d005214c1a9d63aaed06bf7b9a - - default default] Method 'is_advsvc' is deprecated since 2023.2 release (neutron-lib 3.8.0) and will be removed once support for the old RBAC API policies will be removed from Neutron. Please use method 'is_service_role' instead.
2026-04-07 01:15:20.841 9 INFO neutron.db.ovn_revision_numbers_db [None req-12c0118f-827b-48e5-9e29-ab76e7b0b890 3be665c061e44501a117d395a6714144 69a5fe0db24e48f1a88d8647bad5ca29 - - default default] Successfully bumped revision number for resource 8b1d9f19-6b6a-42a5-b0ec-7027449038aa (type: security_group_rules) to 0
2026-04-07 01:15:20.842 10 INFO neutron.db.ovn_revision_numbers_db [req-27a6678d-ea3c-40c3-a12c-0bbd2f478444 req-981bf89c-7b84-4ede-9588-62b6b5e19c67 7f41f9a3ac25402c8975547438ebdaf4 1fbe1140cd844c459827faf67f1502e6 - - default default] Successfully bumped revision number for resource 90f8d5fb-811c-4887-8835-b32b1a7a4dc6 (type: security_group_rules) to 0
2026-04-07 01:15:20.856 10 INFO neutron.db.ovn_revision_numbers_db [None req-ef9d3098-32e3-4fa1-99a9-bdf3fae2dc57 b79fd18be6484ab3be3944303af0fddd a38b0b41e32c4c89a7b16e9d70bcfb57 - - default default] Successfully bumped revision number for resource 67a568cb-3391-4b6c-989c-8de7c3538184 (type: ports) to 1
2026-04-07 01:15:20.866 10 INFO neutron.db.ovn_revision_numbers_db [req-27a6678d-ea3c-40c3-a12c-0bbd2f478444 req-981bf89c-7b84-4ede-9588-62b6b5e19c67 7f41f9a3ac25402c8975547438ebdaf4 1fbe1140cd844c459827faf67f1502e6 - - default default] Successfully bumped revision number for resource 92ee459e-5999-46f0-b6fd-d60f3f4935ca (type: security_group_rules) to 0
2026-04-07 01:15:20.888 9 INFO neutron.wsgi [None req-12c0118f-827b-48e5-9e29-ab76e7b0b890 3be665c061e44501a117d395a6714144 69a5fe0db24e48f1a88d8647bad5ca29 - - default default] 10.0.0.109 "POST /v2.0/security-group-rules HTTP/1.1" status: 201 len: 764 time: 0.3015640
2026-04-07 01:15:20.900 9 WARNING neutron_lib.context [None req-8c80da26-3e5f-4936-bb3b-bdf3213a92cc 3be665c061e44501a117d395a6714144 69a5fe0db24e48f1a88d8647bad5ca29 - - default default] Method 'is_advsvc' is deprecated since 2023.2 release (neutron-lib 3.8.0) and will be removed once support for the old RBAC API policies will be removed from Neutron. Please use method 'is_service_role' instead.
2026-04-07 01:15:20.991 10 INFO neutron.wsgi [req-27a6678d-ea3c-40c3-a12c-0bbd2f478444 req-981bf89c-7b84-4ede-9588-62b6b5e19c67 7f41f9a3ac25402c8975547438ebdaf4 1fbe1140cd844c459827faf67f1502e6 - - default default] 10.0.0.108 "POST /v2.0/security-groups HTTP/1.1" status: 201 len: 1827 time: 0.3673635
2026-04-07 01:15:21.048 10 WARNING neutron.scheduler.dhcp_agent_scheduler [None req-ef9d3098-32e3-4fa1-99a9-bdf3fae2dc57 b79fd18be6484ab3be3944303af0fddd a38b0b41e32c4c89a7b16e9d70bcfb57 - - default default] No more DHCP agents
2026-04-07 01:15:21.049 10 WARNING neutron.api.rpc.agentnotifiers.dhcp_rpc_agent_api [None req-ef9d3098-32e3-4fa1-99a9-bdf3fae2dc57 b79fd18be6484ab3be3944303af0fddd a38b0b41e32c4c89a7b16e9d70bcfb57 - - default default] Unable to schedule network 54c22a08-8c48-406a-93a9-6a0c64f1d31e: no agents available; will retry on subsequent port and subnet creation events.
