2026-04-07 01:15:28.196 9 INFO neutron.wsgi [req-c764c9b7-a244-4f11-9303-d37fe117d16a req-90e96466-c81b-4e11-b89d-b6fbe7f671c6 fbd8907a5f9c45149b7c038d0212b587 dba7df4e747c47db98cd6c9869a1d6ea - - 01f9423ebda34104846b5c94b1c9ac6e 01f9423ebda34104846b5c94b1c9ac6e] 199.19.213.84 "GET /v2.0/ports?tenant_id=55d264d005214c1a9d63aaed06bf7b9a&device_id=5bef0dcc-e0a3-4bf3-9edc-a1848a342a52 HTTP/1.1" status: 200 len: 1411 time: 0.0612977
2026-04-07 01:15:28.199 9 INFO neutron.wsgi [req-0083587f-8f3e-46af-9f6f-4798bf923e84 req-dd55f622-b78f-4a83-b685-ef523b16ffc5 fbd8907a5f9c45149b7c038d0212b587 dba7df4e747c47db98cd6c9869a1d6ea - - 01f9423ebda34104846b5c94b1c9ac6e 01f9423ebda34104846b5c94b1c9ac6e] 199.19.213.84 "GET /v2.0/ports?tenant_id=69a5fe0db24e48f1a88d8647bad5ca29&device_id=f671a398-cf7c-4d3d-bb56-d3ab7c31bae3 HTTP/1.1" status: 200 len: 1411 time: 0.0570734
2026-04-07 01:15:28.247 9 INFO neutron.wsgi [req-0083587f-8f3e-46af-9f6f-4798bf923e84 req-82c09ba3-48bd-486b-ab6d-3a32e22680f1 fbd8907a5f9c45149b7c038d0212b587 dba7df4e747c47db98cd6c9869a1d6ea - - 01f9423ebda34104846b5c94b1c9ac6e 01f9423ebda34104846b5c94b1c9ac6e] 199.19.213.84 "GET /v2.0/floatingips?fixed_ip_address=10.100.0.12&port_id=bc724b02-e35f-4aa6-9b99-59309f5213b7 HTTP/1.1" status: 200 len: 217 time: 0.0401785
2026-04-07 01:15:28.249 9 INFO neutron.wsgi [req-c764c9b7-a244-4f11-9303-d37fe117d16a req-309ea6d3-7c94-47dd-926d-f8f9bd5f3b92 fbd8907a5f9c45149b7c038d0212b587 dba7df4e747c47db98cd6c9869a1d6ea - - 01f9423ebda34104846b5c94b1c9ac6e 01f9423ebda34104846b5c94b1c9ac6e] 199.19.213.84 "GET /v2.0/floatingips?fixed_ip_address=10.100.0.11&port_id=60f7748c-12ee-4783-b4bc-a5569787c416 HTTP/1.1" status: 200 len: 217 time: 0.0425293
2026-04-07 01:15:28.300 9 INFO neutron.wsgi [req-0083587f-8f3e-46af-9f6f-4798bf923e84 req-e5baabd3-9e15-4777-bbb8-289b280824bb fbd8907a5f9c45149b7c038d0212b587 dba7df4e747c47db98cd6c9869a1d6ea - - 01f9423ebda34104846b5c94b1c9ac6e 01f9423ebda34104846b5c94b1c9ac6e] 199.19.213.84 "GET /v2.0/subnets?id=e8be6e4e-0a0d-4390-b5d6-00a2037c858a HTTP/1.1" status: 200 len: 869 time: 0.0429642
2026-04-07 01:15:28.303 9 INFO neutron.wsgi [req-c764c9b7-a244-4f11-9303-d37fe117d16a req-e7ee16ce-65cc-41e9-81e7-b53952404605 fbd8907a5f9c45149b7c038d0212b587 dba7df4e747c47db98cd6c9869a1d6ea - - 01f9423ebda34104846b5c94b1c9ac6e 01f9423ebda34104846b5c94b1c9ac6e] 199.19.213.84 "GET /v2.0/subnets?id=57b354e9-e57a-4934-ac68-2465ae83e280 HTTP/1.1" status: 200 len: 868 time: 0.0448167
2026-04-07 01:15:28.342 9 INFO neutron.wsgi [req-0083587f-8f3e-46af-9f6f-4798bf923e84 req-d1f0ece5-d6da-4cc2-ac69-cd235e187396 fbd8907a5f9c45149b7c038d0212b587 dba7df4e747c47db98cd6c9869a1d6ea - - 01f9423ebda34104846b5c94b1c9ac6e 01f9423ebda34104846b5c94b1c9ac6e] 199.19.213.84 "GET /v2.0/ports?network_id=bcf0e6c3-a1b1-4bf8-96e6-3f3523bc74fa&device_owner=network%3Adhcp HTTP/1.1" status: 200 len: 210 time: 0.0316613
2026-04-07 01:15:28.343 9 INFO neutron.wsgi [req-c764c9b7-a244-4f11-9303-d37fe117d16a req-5dccb4fc-d688-4e75-9fd1-2a18f9f34235 fbd8907a5f9c45149b7c038d0212b587 dba7df4e747c47db98cd6c9869a1d6ea - - 01f9423ebda34104846b5c94b1c9ac6e 01f9423ebda34104846b5c94b1c9ac6e] 199.19.213.84 "GET /v2.0/ports?network_id=c3e6d1ac-8170-4e9f-ba4f-1b2e8cd0a920&device_owner=network%3Adhcp HTTP/1.1" status: 200 len: 210 time: 0.0324459
2026-04-07 01:15:28.387 10 INFO neutron.wsgi [None req-dab53bcc-ad0a-4f4e-8543-4e4d332a4170 b79fd18be6484ab3be3944303af0fddd a38b0b41e32c4c89a7b16e9d70bcfb57 - - default default] 10.0.0.109 "DELETE /v2.0/networks/72e9bac8-f722-48be-b217-980651c02185 HTTP/1.1" status: 204 len: 168 time: 0.5854287
2026-04-07 01:15:28.426 9 INFO neutron.wsgi [req-c764c9b7-a244-4f11-9303-d37fe117d16a req-d777ff93-15fb-4a97-9e57-56058fedfc9a fbd8907a5f9c45149b7c038d0212b587 dba7df4e747c47db98cd6c9869a1d6ea - - 01f9423ebda34104846b5c94b1c9ac6e 01f9423ebda34104846b5c94b1c9ac6e] 199.19.213.84 "GET /v2.0/networks/c3e6d1ac-8170-4e9f-ba4f-1b2e8cd0a920?fields=segments HTTP/1.1" status: 200 len: 212 time: 0.0724523
2026-04-07 01:15:28.428 9 INFO neutron.wsgi [req-0083587f-8f3e-46af-9f6f-4798bf923e84 req-2b03dd2c-48d7-4398-b563-d9c74ee46e13 fbd8907a5f9c45149b7c038d0212b587 dba7df4e747c47db98cd6c9869a1d6ea - - 01f9423ebda34104846b5c94b1c9ac6e 01f9423ebda34104846b5c94b1c9ac6e] 199.19.213.84 "GET /v2.0/networks/bcf0e6c3-a1b1-4bf8-96e6-3f3523bc74fa?fields=segments HTTP/1.1" status: 200 len: 212 time: 0.0750821
2026-04-07 01:15:28.504 9 INFO neutron.notifiers.nova [-] Nova event matching ['req-674c0980-376f-4ef6-b4bf-dc1ab027585a'] response: {'name': 'network-changed', 'server_uuid': '5bef0dcc-e0a3-4bf3-9edc-a1848a342a52', 'tag': '60f7748c-12ee-4783-b4bc-a5569787c416', 'status': 'completed', 'code': 200}
2026-04-07 01:15:28.552 9 INFO neutron.wsgi [req-0083587f-8f3e-46af-9f6f-4798bf923e84 req-9ffa2501-4509-411f-81b5-8d5c7827c160 fbd8907a5f9c45149b7c038d0212b587 dba7df4e747c47db98cd6c9869a1d6ea - - 01f9423ebda34104846b5c94b1c9ac6e 01f9423ebda34104846b5c94b1c9ac6e] 199.19.213.84 "GET /v2.0/networks/bcf0e6c3-a1b1-4bf8-96e6-3f3523bc74fa?fields=provider%3Aphysical_network&fields=provider%3Anetwork_type HTTP/1.1" status: 200 len: 277 time: 0.0749648
2026-04-07 01:15:28.558 10 INFO neutron.wsgi [None req-2d5a09fd-8c2d-4efc-aa47-69c6dcc7cf73 b79fd18be6484ab3be3944303af0fddd a38b0b41e32c4c89a7b16e9d70bcfb57 - - default default] 10.0.0.109 "PUT /v2.0/routers/f72b37eb-7534-450f-b32e-49bb47d9848f/remove_router_interface HTTP/1.1" status: 200 len: 503 time: 1.7295973
2026-04-07 01:15:28.560 9 INFO neutron.wsgi [req-c764c9b7-a244-4f11-9303-d37fe117d16a req-5d51adae-e944-476f-9e48-c8648f82b1ec fbd8907a5f9c45149b7c038d0212b587 dba7df4e747c47db98cd6c9869a1d6ea - - 01f9423ebda34104846b5c94b1c9ac6e 01f9423ebda34104846b5c94b1c9ac6e] 199.19.213.84 "GET /v2.0/networks/c3e6d1ac-8170-4e9f-ba4f-1b2e8cd0a920?fields=provider%3Aphysical_network&fields=provider%3Anetwork_type HTTP/1.1" status: 200 len: 277 time: 0.0821955 /var/lib/openstack/lib/python3.10/site-packages/pycadf/identifier.py:71: UserWarning: Invalid uuid: neutron. To ensure interoperability, identifiers should be a valid uuid. warnings.warn(('Invalid uuid: %s. To ensure interoperability, '
2026-04-07 01:15:28.625 10 INFO neutron.wsgi [None req-b5faa611-52fc-4a6c-b5f6-ecbfb7094a76 b79fd18be6484ab3be3944303af0fddd a38b0b41e32c4c89a7b16e9d70bcfb57 - - default default] 10.0.0.109 "GET /v2.0/security-groups?tenant_id=1fbe1140cd844c459827faf67f1502e6&name=default HTTP/1.1" status: 200 len: 2992 time: 0.0341825
2026-04-07 01:15:28.681 9 INFO neutron.wsgi [req-02f55311-6342-4fcd-b2ec-794663457346 req-0599c542-8efd-4fd2-93fa-8545f8a8f567 fbd8907a5f9c45149b7c038d0212b587 dba7df4e747c47db98cd6c9869a1d6ea - - 01f9423ebda34104846b5c94b1c9ac6e 01f9423ebda34104846b5c94b1c9ac6e] 199.19.213.84 "GET /v2.0/ports?tenant_id=55d264d005214c1a9d63aaed06bf7b9a&device_id=5bef0dcc-e0a3-4bf3-9edc-a1848a342a52 HTTP/1.1" status: 200 len: 1411 time: 0.0420518
2026-04-07 01:15:28.764 9 INFO neutron.wsgi [req-02f55311-6342-4fcd-b2ec-794663457346 req-33b58822-d466-4b67-84ab-33388ad32531 fbd8907a5f9c45149b7c038d0212b587 dba7df4e747c47db98cd6c9869a1d6ea - - 01f9423ebda34104846b5c94b1c9ac6e 01f9423ebda34104846b5c94b1c9ac6e] 199.19.213.84 "GET /v2.0/networks?id=c3e6d1ac-8170-4e9f-ba4f-1b2e8cd0a920 HTTP/1.1" status: 200 len: 973 time: 0.0762737
2026-04-07 01:15:28.855 9 INFO neutron.wsgi [req-02f55311-6342-4fcd-b2ec-794663457346 req-d7eb184c-c963-4988-8443-c527bd67fa81 fbd8907a5f9c45149b7c038d0212b587 dba7df4e747c47db98cd6c9869a1d6ea - - 01f9423ebda34104846b5c94b1c9ac6e 01f9423ebda34104846b5c94b1c9ac6e] 199.19.213.84 "GET /v2.0/floatingips?fixed_ip_address=10.100.0.11&port_id=60f7748c-12ee-4783-b4bc-a5569787c416 HTTP/1.1" status: 200 len: 217 time: 0.0226591
2026-04-07 01:15:28.873 10 INFO neutron.services.segments.plugin [-] Segment 90cc4bb3-34e8-4f7e-a1fe-99788a9870f8 resource provider aggregate not found
2026-04-07 01:15:28.888 10 INFO neutron.services.segments.plugin [-] Segment 90cc4bb3-34e8-4f7e-a1fe-99788a9870f8 resource provider not found; error: Placement Client Error (4xx): {"errors": [{"status": 404, "title": "Not Found", "detail": "The resource could not be found.\n\n No resource provider with uuid 90cc4bb3-34e8-4f7e-a1fe-99788a9870f8 found for delete ", "request_id": "req-0e36a756-4fbe-4c2d-84bc-d1e98f924bf6"}]}
2026-04-07 01:15:28.912 10 INFO neutron.services.segments.plugin [-] Segment 90cc4bb3-34e8-4f7e-a1fe-99788a9870f8 resource provider aggregate not found
2026-04-07 01:15:28.931 9 INFO neutron.wsgi [req-02f55311-6342-4fcd-b2ec-794663457346 req-aa99bea1-85a9-4035-a693-87b12dd76818 fbd8907a5f9c45149b7c038d0212b587 dba7df4e747c47db98cd6c9869a1d6ea - - 01f9423ebda34104846b5c94b1c9ac6e 01f9423ebda34104846b5c94b1c9ac6e] 199.19.213.84 "GET /v2.0/subnets?id=57b354e9-e57a-4934-ac68-2465ae83e280 HTTP/1.1" status: 200 len: 868 time: 0.0335069
2026-04-07 01:15:28.931 10 INFO neutron.services.segments.plugin [-] Segment 90cc4bb3-34e8-4f7e-a1fe-99788a9870f8 resource provider not found; error: Placement Client Error (4xx): {"errors": [{"status": 404, "title": "Not Found", "detail": "The resource could not be found.\n\n No resource provider with uuid 90cc4bb3-34e8-4f7e-a1fe-99788a9870f8 found for delete ", "request_id": "req-e0a078f6-3053-400d-9ac7-222acd46895a"}]}
2026-04-07 01:15:28.964 10 INFO neutron.wsgi [None req-957ea301-5e17-4e53-b708-afe9f1b95d96 b79fd18be6484ab3be3944303af0fddd a38b0b41e32c4c89a7b16e9d70bcfb57 - - default default] 10.0.0.109 "DELETE /v2.0/security-groups/6d8846b8-8bd3-425c-b85a-4d5654c46805 HTTP/1.1" status: 204 len: 168 time: 0.3347063
2026-04-07 01:15:29.110 9 INFO neutron.wsgi [req-02f55311-6342-4fcd-b2ec-794663457346 req-c95b5aae-35bf-40b4-8b54-bc005b5b3915 fbd8907a5f9c45149b7c038d0212b587 dba7df4e747c47db98cd6c9869a1d6ea - - 01f9423ebda34104846b5c94b1c9ac6e 01f9423ebda34104846b5c94b1c9ac6e] 199.19.213.84 "GET /v2.0/ports?network_id=c3e6d1ac-8170-4e9f-ba4f-1b2e8cd0a920&device_owner=network%3Adhcp HTTP/1.1" status: 200 len: 210 time: 0.0313110
2026-04-07 01:15:29.121 9 WARNING neutron.plugins.ml2.drivers.ovn.mech_driver.ovsdb.ovn_client [None req-af85d6d0-6fdf-4a18-90c9-61fd697ccba9 - - - - - -] No hosting information found for port 156f5a20-7d79-420d-a88f-badf896cdc4d: RuntimeError: No hosting information found for port 156f5a20-7d79-420d-a88f-badf896cdc4d
2026-04-07 01:15:29.225 10 INFO neutron.wsgi [req-af8d8323-08e9-4036-8c27-84784ff02338 req-e9025315-4f74-425f-90d4-269258011174 3be665c061e44501a117d395a6714144 69a5fe0db24e48f1a88d8647bad5ca29 - - default default] 10.0.0.108 "GET /v2.0/ports?device_id=f671a398-cf7c-4d3d-bb56-d3ab7c31bae3 HTTP/1.1" status: 200 len: 1172 time: 0.1018808
2026-04-07 01:15:29.239 9 INFO neutron.wsgi [req-02f55311-6342-4fcd-b2ec-794663457346 req-1b472a2b-ff85-456a-93fe-e35c92805580 fbd8907a5f9c45149b7c038d0212b587 dba7df4e747c47db98cd6c9869a1d6ea - - 01f9423ebda34104846b5c94b1c9ac6e 01f9423ebda34104846b5c94b1c9ac6e] 199.19.213.84 "GET /v2.0/networks/c3e6d1ac-8170-4e9f-ba4f-1b2e8cd0a920?fields=segments HTTP/1.1" status: 200 len: 212 time: 0.1212673
2026-04-07 01:15:29.282 10 INFO neutron.wsgi [req-af8d8323-08e9-4036-8c27-84784ff02338 req-b363a3d1-4bc7-4d3c-ac56-0d6ca9f2c79f 3be665c061e44501a117d395a6714144 69a5fe0db24e48f1a88d8647bad5ca29 - - default default] 10.0.0.108 "GET /v2.0/security-groups?id=be188f24-7c03-4e4d-999c-8828572cd562&fields=id&fields=name HTTP/1.1" status: 200 len: 312 time: 0.0467572
2026-04-07 01:15:29.324 9 INFO neutron.wsgi [req-f9e138d7-6929-4777-a63e-aadc0f736d98 req-75008b64-f31a-4281-8665-6d900420a35b 81ab229b9e6d4148a560e8e5eef7dabb 55d264d005214c1a9d63aaed06bf7b9a - - default default] 10.0.0.108 "GET /v2.0/ports?device_id=5bef0dcc-e0a3-4bf3-9edc-a1848a342a52 HTTP/1.1" status: 200 len: 1172 time: 0.1946967
2026-04-07 01:15:29.355 9 INFO neutron.wsgi [req-02f55311-6342-4fcd-b2ec-794663457346 req-d73d653b-3f2b-4c8b-91ce-8ad1fa252cca fbd8907a5f9c45149b7c038d0212b587 dba7df4e747c47db98cd6c9869a1d6ea - - 01f9423ebda34104846b5c94b1c9ac6e 01f9423ebda34104846b5c94b1c9ac6e] 199.19.213.84 "GET /v2.0/networks/c3e6d1ac-8170-4e9f-ba4f-1b2e8cd0a920?fields=provider%3Aphysical_network&fields=provider%3Anetwork_type HTTP/1.1" status: 200 len: 277 time: 0.1022744
2026-04-07 01:15:29.377 9 INFO neutron.wsgi [req-f9e138d7-6929-4777-a63e-aadc0f736d98 req-013b5258-1a4f-4008-aaec-4cfece3cefdd 81ab229b9e6d4148a560e8e5eef7dabb 55d264d005214c1a9d63aaed06bf7b9a - - default default] 10.0.0.108 "GET /v2.0/security-groups?id=5891e275-176b-4b8f-ad97-5225c95af4c0&fields=id&fields=name HTTP/1.1" status: 200 len: 313 time: 0.0438316
2026-04-07 01:15:29.648 9 INFO neutron.wsgi [None req-af2a885b-bcb2-4571-a2b6-f45cd8a242a4 b79fd18be6484ab3be3944303af0fddd a38b0b41e32c4c89a7b16e9d70bcfb57 - - default default] 10.0.0.109 "DELETE /v2.0/routers/f72b37eb-7534-450f-b32e-49bb47d9848f HTTP/1.1" status: 204 len: 168 time: 1.0797765
2026-04-07 01:15:29.837 9 INFO neutron.wsgi [None req-78aad735-a75f-4002-9ffc-2a3676262f73 b79fd18be6484ab3be3944303af0fddd a38b0b41e32c4c89a7b16e9d70bcfb57 - - default default] 10.0.0.109 "DELETE /v2.0/subnets/8c661eb1-6f75-491b-82de-c263eb141d33 HTTP/1.1" status: 204 len: 168 time: 0.1812646
2026-04-07 01:15:30.220 9 INFO neutron.wsgi [None req-db733f72-bd57-4598-a4c9-3534b1604c06 b79fd18be6484ab3be3944303af0fddd a38b0b41e32c4c89a7b16e9d70bcfb57 - - default default] 10.0.0.109 "DELETE /v2.0/networks/54c22a08-8c48-406a-93a9-6a0c64f1d31e HTTP/1.1" status: 204 len: 168 time: 0.3769348
2026-04-07 01:15:30.391 9 INFO neutron.wsgi [None req-d8674d59-a35a-4afa-ab61-a943e0ef5168 b79fd18be6484ab3be3944303af0fddd a38b0b41e32c4c89a7b16e9d70bcfb57 - - default default] 10.0.0.109 "GET /v2.0/security-groups?tenant_id=d7a3872e10ba4daab4c54f22540a06d4&name=default HTTP/1.1" status: 200 len: 2992 time: 0.0332813
2026-04-07 01:15:30.404 10 INFO neutron.wsgi [req-ab162d26-d0bf-41f4-af5d-abe76fd478f1 req-a6b193b1-6fc6-41c3-b86e-c574d48e0827 3be665c061e44501a117d395a6714144 69a5fe0db24e48f1a88d8647bad5ca29 - - default default] 10.0.0.108 "GET /v2.0/ports?device_id=f671a398-cf7c-4d3d-bb56-d3ab7c31bae3 HTTP/1.1" status: 200 len: 1172 time: 0.0380046
2026-04-07 01:15:30.453 10 INFO neutron.wsgi [req-ab162d26-d0bf-41f4-af5d-abe76fd478f1 req-a91d9c55-2ad3-4cab-9356-1f12906a5a83 3be665c061e44501a117d395a6714144 69a5fe0db24e48f1a88d8647bad5ca29 - - default default] 10.0.0.108 "GET /v2.0/security-groups?id=be188f24-7c03-4e4d-999c-8828572cd562&fields=id&fields=name HTTP/1.1" status: 200 len: 312 time: 0.0436242
2026-04-07 01:15:30.489 9 INFO neutron.wsgi [req-982c0996-dcc0-4e24-9872-650b7681cdef req-e88cb46b-caf8-45fa-bd0a-8fc586349f0c 81ab229b9e6d4148a560e8e5eef7dabb 55d264d005214c1a9d63aaed06bf7b9a - - default default] 10.0.0.108 "GET /v2.0/ports?device_id=5bef0dcc-e0a3-4bf3-9edc-a1848a342a52 HTTP/1.1" status: 200 len: 1172 time: 0.0434251
2026-04-07 01:15:30.554 9 INFO neutron.wsgi [req-982c0996-dcc0-4e24-9872-650b7681cdef req-836743a1-17b3-410c-bc7f-e274917c8ef1 81ab229b9e6d4148a560e8e5eef7dabb 55d264d005214c1a9d63aaed06bf7b9a - - default default] 10.0.0.108 "GET /v2.0/security-groups?id=5891e275-176b-4b8f-ad97-5225c95af4c0&fields=id&fields=name HTTP/1.1" status: 200 len: 313 time: 0.0562160
2026-04-07 01:15:30.580 9 INFO neutron.notifiers.nova [-] Nova event matching ['req-1dc63b02-3ce0-4b06-a1f6-a919e706ac81'] response: {'name': 'network-changed', 'server_uuid': 'f671a398-cf7c-4d3d-bb56-d3ab7c31bae3', 'tag': 'bc724b02-e35f-4aa6-9b99-59309f5213b7', 'status': 'completed', 'code': 200}
2026-04-07 01:15:30.641 9 INFO neutron.wsgi [req-d56039cc-9af2-42ee-809c-49554adda94e req-c4a6cbac-5326-4009-b8d0-9ca21c031b15 fbd8907a5f9c45149b7c038d0212b587 dba7df4e747c47db98cd6c9869a1d6ea - - 01f9423ebda34104846b5c94b1c9ac6e 01f9423ebda34104846b5c94b1c9ac6e] 199.19.213.84 "GET /v2.0/ports?tenant_id=69a5fe0db24e48f1a88d8647bad5ca29&device_id=f671a398-cf7c-4d3d-bb56-d3ab7c31bae3 HTTP/1.1" status: 200 len: 1411 time: 0.0385308
2026-04-07 01:15:30.687 9 INFO neutron.wsgi [None req-9a21dba4-732e-49df-9206-e2a50b431111 b79fd18be6484ab3be3944303af0fddd a38b0b41e32c4c89a7b16e9d70bcfb57 - - default default] 10.0.0.109 "DELETE /v2.0/security-groups/42abbc7f-b740-4dc7-ae8e-0fff2aebe58d HTTP/1.1" status: 204 len: 168 time: 0.2886479
2026-04-07 01:15:30.688 9 INFO neutron.services.segments.plugin [-] Segment c37f8a65-5459-445b-a6f6-6e205377e0dc resource provider aggregate not found
2026-04-07 01:15:30.706 9 INFO neutron.services.segments.plugin [-] Segment c37f8a65-5459-445b-a6f6-6e205377e0dc resource provider not found; error: Placement Client Error (4xx): {"errors": [{"status": 404, "title": "Not Found", "detail": "The resource could not be found.\n\n No resource provider with uuid c37f8a65-5459-445b-a6f6-6e205377e0dc found for delete ", "request_id": "req-b0e6b816-8467-4508-a93f-e0d99d035a45"}]}
2026-04-07 01:15:30.713 9 INFO neutron.wsgi [req-d56039cc-9af2-42ee-809c-49554adda94e req-84e87062-7843-4b2a-9b20-cd0208d45b24 fbd8907a5f9c45149b7c038d0212b587 dba7df4e747c47db98cd6c9869a1d6ea - - 01f9423ebda34104846b5c94b1c9ac6e 01f9423ebda34104846b5c94b1c9ac6e] 199.19.213.84 "GET /v2.0/networks?id=bcf0e6c3-a1b1-4bf8-96e6-3f3523bc74fa HTTP/1.1" status: 200 len: 974 time: 0.0652506
2026-04-07 01:15:30.733 9 INFO neutron.services.segments.plugin [-] Segment c37f8a65-5459-445b-a6f6-6e205377e0dc resource provider aggregate not found
2026-04-07 01:15:30.752 9 INFO neutron.wsgi [req-d56039cc-9af2-42ee-809c-49554adda94e req-79daa8a2-db71-43ac-b5ba-6a0f5aa88953 fbd8907a5f9c45149b7c038d0212b587 dba7df4e747c47db98cd6c9869a1d6ea - - 01f9423ebda34104846b5c94b1c9ac6e 01f9423ebda34104846b5c94b1c9ac6e] 199.19.213.84 "GET /v2.0/floatingips?fixed_ip_address=10.100.0.12&port_id=bc724b02-e35f-4aa6-9b99-59309f5213b7 HTTP/1.1" status: 200 len: 217 time: 0.0296860
2026-04-07 01:15:30.753 9 INFO neutron.services.segments.plugin [-] Segment c37f8a65-5459-445b-a6f6-6e205377e0dc resource provider not found; error: Placement Client Error (4xx): {"errors": [{"status": 404, "title": "Not Found", "detail": "The resource could not be found.\n\n No resource provider with uuid c37f8a65-5459-445b-a6f6-6e205377e0dc found for delete ", "request_id": "req-ca2077c1-92c3-402f-9d84-8b5b5d1c1bb3"}]}
2026-04-07 01:15:30.783 9 INFO neutron.wsgi [req-d56039cc-9af2-42ee-809c-49554adda94e req-167d037d-4737-4992-83c3-b980a6414fd2 fbd8907a5f9c45149b7c038d0212b587 dba7df4e747c47db98cd6c9869a1d6ea - - 01f9423ebda34104846b5c94b1c9ac6e 01f9423ebda34104846b5c94b1c9ac6e] 199.19.213.84 "GET /v2.0/subnets?id=e8be6e4e-0a0d-4390-b5d6-00a2037c858a HTTP/1.1" status: 200 len: 869 time: 0.0256667
2026-04-07 01:15:30.820 9 INFO neutron.wsgi [req-d56039cc-9af2-42ee-809c-49554adda94e req-f60baa7d-c9c5-4fa3-a53a-f650be7518c4 fbd8907a5f9c45149b7c038d0212b587 dba7df4e747c47db98cd6c9869a1d6ea - - 01f9423ebda34104846b5c94b1c9ac6e 01f9423ebda34104846b5c94b1c9ac6e] 199.19.213.84 "GET /v2.0/ports?network_id=bcf0e6c3-a1b1-4bf8-96e6-3f3523bc74fa&device_owner=network%3Adhcp HTTP/1.1" status: 200 len: 210 time: 0.0311596
2026-04-07 01:15:30.897 9 INFO neutron.wsgi [req-d56039cc-9af2-42ee-809c-49554adda94e req-91748812-f778-472c-85b4-147a286a9b0f fbd8907a5f9c45149b7c038d0212b587 dba7df4e747c47db98cd6c9869a1d6ea - - 01f9423ebda34104846b5c94b1c9ac6e 01f9423ebda34104846b5c94b1c9ac6e] 199.19.213.84 "GET /v2.0/networks/bcf0e6c3-a1b1-4bf8-96e6-3f3523bc74fa?fields=segments HTTP/1.1" status: 200 len: 212 time: 0.0718699
2026-04-07 01:15:31.133 9 INFO neutron.wsgi [req-d56039cc-9af2-42ee-809c-49554adda94e req-06d256cd-6e1c-40d2-935a-49fe9788b3ab fbd8907a5f9c45149b7c038d0212b587 dba7df4e747c47db98cd6c9869a1d6ea - - 01f9423ebda34104846b5c94b1c9ac6e 01f9423ebda34104846b5c94b1c9ac6e] 199.19.213.84 "GET /v2.0/networks/bcf0e6c3-a1b1-4bf8-96e6-3f3523bc74fa?fields=provider%3Aphysical_network&fields=provider%3Anetwork_type HTTP/1.1" status: 200 len: 277 time: 0.2302492
2026-04-07 01:15:31.159 10 INFO neutron.db.ovn_revision_numbers_db [None req-215785b3-422a-45da-9be6-338c39e0b6e3 b79fd18be6484ab3be3944303af0fddd a38b0b41e32c4c89a7b16e9d70bcfb57 - - default default] Successfully bumped revision number for resource 8a15e51f-8cbf-4ed5-9564-cc274d609f0b (type: security_groups) to 1
2026-04-07 01:15:31.177 10 INFO neutron.db.ovn_revision_numbers_db [None req-215785b3-422a-45da-9be6-338c39e0b6e3 b79fd18be6484ab3be3944303af0fddd a38b0b41e32c4c89a7b16e9d70bcfb57 - - default default] Successfully bumped revision number for resource 3c789245-99cf-469e-b113-93c174d9de9e (type: security_group_rules) to 0
2026-04-07 01:15:31.195 10 INFO neutron.db.ovn_revision_numbers_db [None req-215785b3-422a-45da-9be6-338c39e0b6e3 b79fd18be6484ab3be3944303af0fddd a38b0b41e32c4c89a7b16e9d70bcfb57 - - default default] Successfully bumped revision number for resource 6367c74c-4759-440d-9e06-c332fa5f4f99 (type: security_group_rules) to 0
2026-04-07 01:15:31.211 10 INFO neutron.db.ovn_revision_numbers_db [None req-215785b3-422a-45da-9be6-338c39e0b6e3 b79fd18be6484ab3be3944303af0fddd a38b0b41e32c4c89a7b16e9d70bcfb57 - - default default] Successfully bumped revision number for resource a9f91cc4-2777-431f-96c5-5cfaad138859 (type: security_group_rules) to 0
2026-04-07 01:15:31.228 10 INFO neutron.db.ovn_revision_numbers_db [None req-215785b3-422a-45da-9be6-338c39e0b6e3 b79fd18be6484ab3be3944303af0fddd a38b0b41e32c4c89a7b16e9d70bcfb57 - - default default] Successfully bumped revision number for resource e2fca2bb-8b9a-45a7-aee9-c37c472ef099 (type: security_group_rules) to 0
2026-04-07 01:15:31.296 10 INFO neutron.db.segments_db [None req-215785b3-422a-45da-9be6-338c39e0b6e3 b79fd18be6484ab3be3944303af0fddd a38b0b41e32c4c89a7b16e9d70bcfb57 - - default default] Added segment 0b963c10-58c1-4ae3-9ad4-08ae88b7b122 of type geneve for network 0c05f981-8cb7-4286-9578-3c77130ec20b
2026-04-07 01:15:31.304 9 INFO neutron.plugins.ml2.drivers.ovn.mech_driver.mech_driver [None req-af85d6d0-6fdf-4a18-90c9-61fd697ccba9 - - - - - -] OVN reports status up for port: 60f7748c-12ee-4783-b4bc-a5569787c416
2026-04-07 01:15:31.307 10 INFO neutron.plugins.ml2.drivers.ovn.mech_driver.mech_driver [None req-db2c1de9-33b6-4b35-86c8-1a74b03f02eb - - - - - -] OVN reports status up for port: bc724b02-e35f-4aa6-9b99-59309f5213b7
2026-04-07 01:15:31.326 9 INFO neutron.plugins.ml2.plugin [None req-af85d6d0-6fdf-4a18-90c9-61fd697ccba9 - - - - - -] Attempt 1 to provision port 60f7748c-12ee-4783-b4bc-a5569787c416
2026-04-07 01:15:31.335 10 INFO neutron.plugins.ml2.plugin [None req-db2c1de9-33b6-4b35-86c8-1a74b03f02eb - - - - - -] Attempt 1 to provision port bc724b02-e35f-4aa6-9b99-59309f5213b7
2026-04-07 01:15:31.466 10 INFO neutron.db.ovn_revision_numbers_db [None req-215785b3-422a-45da-9be6-338c39e0b6e3 b79fd18be6484ab3be3944303af0fddd a38b0b41e32c4c89a7b16e9d70bcfb57 - - default default] Successfully bumped revision number for resource 0c05f981-8cb7-4286-9578-3c77130ec20b (type: networks) to 1
2026-04-07 01:15:31.581 9 INFO neutron.wsgi [req-d1bddf8a-ffc1-485b-90b6-f75fe5960613 req-a6075994-17df-42d1-a11e-fdb5665fe595 3be665c061e44501a117d395a6714144 69a5fe0db24e48f1a88d8647bad5ca29 - - default default] 10.0.0.108 "GET /v2.0/ports?device_id=f671a398-cf7c-4d3d-bb56-d3ab7c31bae3 HTTP/1.1" status: 200 len: 1172 time: 0.0635662
2026-04-07 01:15:31.679 9 INFO neutron.wsgi [req-d1bddf8a-ffc1-485b-90b6-f75fe5960613 req-4bc66778-81c3-4fca-82f4-4ccddaf22675 3be665c061e44501a117d395a6714144 69a5fe0db24e48f1a88d8647bad5ca29 - - default default] 10.0.0.108 "GET /v2.0/security-groups?id=be188f24-7c03-4e4d-999c-8828572cd562&fields=id&fields=name HTTP/1.1" status: 200 len: 312 time: 0.0819509
2026-04-07 01:15:31.699 10 INFO neutron.wsgi [req-600d0c2e-5941-4679-9a4a-4e0e8c6c9a0b req-54e09040-3cee-4537-93ed-5793d716c182 81ab229b9e6d4148a560e8e5eef7dabb 55d264d005214c1a9d63aaed06bf7b9a - - default default] 10.0.0.108 "GET /v2.0/ports?device_id=5bef0dcc-e0a3-4bf3-9edc-a1848a342a52 HTTP/1.1" status: 200 len: 1174 time: 0.0645752
2026-04-07 01:15:31.715 9 INFO neutron.db.ovn_revision_numbers_db [None req-af85d6d0-6fdf-4a18-90c9-61fd697ccba9 - - - - - -] Successfully bumped revision number for resource 60f7748c-12ee-4783-b4bc-a5569787c416 (type: ports) to 4
2026-04-07 01:15:31.757 10 WARNING neutron.scheduler.dhcp_agent_scheduler [None req-215785b3-422a-45da-9be6-338c39e0b6e3 b79fd18be6484ab3be3944303af0fddd a38b0b41e32c4c89a7b16e9d70bcfb57 - - default default] No more DHCP agents
2026-04-07 01:15:31.769 10 WARNING neutron.api.rpc.agentnotifiers.dhcp_rpc_agent_api [None req-215785b3-422a-45da-9be6-338c39e0b6e3 b79fd18be6484ab3be3944303af0fddd a38b0b41e32c4c89a7b16e9d70bcfb57 - - default default] Unable to schedule network 0c05f981-8cb7-4286-9578-3c77130ec20b: no agents available; will retry on subsequent port and subnet creation events.
2026-04-07 01:15:31.787 10 INFO neutron.wsgi [req-600d0c2e-5941-4679-9a4a-4e0e8c6c9a0b req-64bb33ca-fa19-4070-b969-5d7b88645d4d 81ab229b9e6d4148a560e8e5eef7dabb 55d264d005214c1a9d63aaed06bf7b9a - - default default] 10.0.0.108 "GET /v2.0/security-groups?id=5891e275-176b-4b8f-ad97-5225c95af4c0&fields=id&fields=name HTTP/1.1" status: 200 len: 313 time: 0.0811515
2026-04-07 01:15:31.865 10 INFO neutron.db.ovn_revision_numbers_db [None req-db2c1de9-33b6-4b35-86c8-1a74b03f02eb - - - - - -] Successfully bumped revision number for resource bc724b02-e35f-4aa6-9b99-59309f5213b7 (type: ports) to 4
2026-04-07 01:15:31.868 10 INFO neutron.db.ovn_revision_numbers_db [None req-215785b3-422a-45da-9be6-338c39e0b6e3 b79fd18be6484ab3be3944303af0fddd a38b0b41e32c4c89a7b16e9d70bcfb57 - - default default] Successfully bumped revision number for resource 23c337e5-6d7c-423c-b8c2-f19d968cd8af (type: ports) to 1
2026-04-07 01:15:31.912 10 INFO neutron.wsgi [None req-215785b3-422a-45da-9be6-338c39e0b6e3 b79fd18be6484ab3be3944303af0fddd a38b0b41e32c4c89a7b16e9d70bcfb57 - - default default] 10.0.0.109 "POST /v2.0/networks HTTP/1.1" status: 201 len: 949 time: 0.9527838 /var/lib/openstack/lib/python3.10/site-packages/pycadf/identifier.py:71: UserWarning: Invalid uuid: neutron. To ensure interoperability, identifiers should be a valid uuid. warnings.warn(('Invalid uuid: %s. To ensure interoperability, '
2026-04-07 01:15:32.021 10 INFO neutron.wsgi [-] 10.0.0.9 "GET / HTTP/1.1" status: 200 len: 247 time: 0.0028479
2026-04-07 01:15:32.024 10 INFO neutron.wsgi [-] 10.0.0.9 "GET / HTTP/1.1" status: 200 len: 247 time: 0.0018876
2026-04-07 01:15:32.070 9 WARNING neutron.scheduler.dhcp_agent_scheduler [None req-03b396b5-cfac-4b78-8ae8-34191299d502 b79fd18be6484ab3be3944303af0fddd a38b0b41e32c4c89a7b16e9d70bcfb57 - - default default] No more DHCP agents
2026-04-07 01:15:32.072 9 WARNING neutron.api.rpc.agentnotifiers.dhcp_rpc_agent_api [None req-03b396b5-cfac-4b78-8ae8-34191299d502 b79fd18be6484ab3be3944303af0fddd a38b0b41e32c4c89a7b16e9d70bcfb57 - - default default] Unable to schedule network 0c05f981-8cb7-4286-9578-3c77130ec20b: no agents available; will retry on subsequent port and subnet creation events.
2026-04-07 01:15:32.127 10 INFO neutron.notifiers.nova [-] Nova event matching ['req-23a51915-e572-4914-b13d-270a945295b0'] response: {'server_uuid': 'f671a398-cf7c-4d3d-bb56-d3ab7c31bae3', 'name': 'network-vif-plugged', 'status': 'completed', 'tag': 'bc724b02-e35f-4aa6-9b99-59309f5213b7', 'code': 200}
2026-04-07 01:15:32.628 9 INFO neutron.notifiers.nova [-] Nova event matching ['req-c98ff31e-ac9c-45e4-a2e1-180e8539b71f'] response: {'server_uuid': '5bef0dcc-e0a3-4bf3-9edc-a1848a342a52', 'name': 'network-vif-plugged', 'status': 'completed', 'tag': '60f7748c-12ee-4783-b4bc-a5569787c416', 'code': 200}
2026-04-07 01:15:32.628 9 INFO neutron.notifiers.nova [-] Nova event matching ['req-c98ff31e-ac9c-45e4-a2e1-180e8539b71f'] response: {'server_uuid': '5bef0dcc-e0a3-4bf3-9edc-a1848a342a52', 'name': 'network-vif-plugged', 'status': 'completed', 'tag': '60f7748c-12ee-4783-b4bc-a5569787c416', 'code': 200}
2026-04-07 01:15:32.695 9 INFO neutron.db.ovn_revision_numbers_db [None req-03b396b5-cfac-4b78-8ae8-34191299d502 b79fd18be6484ab3be3944303af0fddd a38b0b41e32c4c89a7b16e9d70bcfb57 - - default default] Successfully bumped revision number for resource 23c337e5-6d7c-423c-b8c2-f19d968cd8af (type: ports) to 2 /var/lib/openstack/lib/python3.10/site-packages/pycadf/identifier.py:71: UserWarning: Invalid uuid: neutron. To ensure interoperability, identifiers should be a valid uuid. warnings.warn(('Invalid uuid: %s. To ensure interoperability, '
2026-04-07 01:15:32.743 9 INFO neutron.db.ovn_revision_numbers_db [None req-03b396b5-cfac-4b78-8ae8-34191299d502 b79fd18be6484ab3be3944303af0fddd a38b0b41e32c4c89a7b16e9d70bcfb57 - - default default] Successfully bumped revision number for resource bca10b97-d81b-487d-8ed5-f982e3c15726 (type: subnets) to 0
2026-04-07 01:15:32.781 9 INFO neutron.wsgi [None req-03b396b5-cfac-4b78-8ae8-34191299d502 b79fd18be6484ab3be3944303af0fddd a38b0b41e32c4c89a7b16e9d70bcfb57 - - default default] 10.0.0.109 "POST /v2.0/subnets HTTP/1.1" status: 201 len: 869 time: 0.8611839
2026-04-07 01:15:32.801 9 INFO neutron.wsgi [req-a1be4b12-3abc-485d-9090-6ec0be7f7106 req-554d803b-24a3-4999-80ab-49384349a973 3be665c061e44501a117d395a6714144 69a5fe0db24e48f1a88d8647bad5ca29 - - default default] 10.0.0.108 "GET /v2.0/ports?device_id=f671a398-cf7c-4d3d-bb56-d3ab7c31bae3 HTTP/1.1" status: 200 len: 1174 time: 0.0446496
2026-04-07 01:15:32.859 9 INFO neutron.wsgi [req-a1be4b12-3abc-485d-9090-6ec0be7f7106 req-188ea212-1a4a-47a3-aeef-2405e229b1ea 3be665c061e44501a117d395a6714144 69a5fe0db24e48f1a88d8647bad5ca29 - - default default] 10.0.0.108 "GET /v2.0/security-groups?id=be188f24-7c03-4e4d-999c-8828572cd562&fields=id&fields=name HTTP/1.1" status: 200 len: 312 time: 0.0496676
2026-04-07 01:15:32.888 10 INFO neutron.db.ovn_revision_numbers_db [None req-209023ad-efab-46fa-a7ed-479efb34408f b79fd18be6484ab3be3944303af0fddd a38b0b41e32c4c89a7b16e9d70bcfb57 - - default default] Successfully bumped revision number for resource db283249-d946-4524-b2e9-5f38a20d44a7 (type: security_groups) to 1
2026-04-07 01:15:32.917 10 INFO neutron.db.ovn_revision_numbers_db [None req-209023ad-efab-46fa-a7ed-479efb34408f b79fd18be6484ab3be3944303af0fddd a38b0b41e32c4c89a7b16e9d70bcfb57 - - default default] Successfully bumped revision number for resource 5160f22c-6d60-497a-8489-ee6948c8fe74 (type: security_group_rules) to 0
2026-04-07 01:15:32.922 10 INFO neutron.wsgi [req-1ab3ef80-445c-492d-937b-cf3f8bfe3939 req-d54efc21-9466-4d84-ac73-f19fefe051f6 81ab229b9e6d4148a560e8e5eef7dabb 55d264d005214c1a9d63aaed06bf7b9a - - default default] 10.0.0.108 "GET /v2.0/ports?device_id=5bef0dcc-e0a3-4bf3-9edc-a1848a342a52 HTTP/1.1" status: 200 len: 1174 time: 0.0498028
2026-04-07 01:15:32.943 10 INFO neutron.db.ovn_revision_numbers_db [None req-209023ad-efab-46fa-a7ed-479efb34408f b79fd18be6484ab3be3944303af0fddd a38b0b41e32c4c89a7b16e9d70bcfb57 - - default default] Successfully bumped revision number for resource 58ec1f5c-59dc-4d1f-b0d3-042af275fb6c (type: security_group_rules) to 0
2026-04-07 01:15:32.977 10 INFO neutron.db.ovn_revision_numbers_db [None req-209023ad-efab-46fa-a7ed-479efb34408f b79fd18be6484ab3be3944303af0fddd a38b0b41e32c4c89a7b16e9d70bcfb57 - - default default] Successfully bumped revision number for resource e7b1c38f-1316-45ec-bb55-f388daae2c0a (type: security_group_rules) to 0
2026-04-07 01:15:33.012 10 INFO neutron.wsgi [req-1ab3ef80-445c-492d-937b-cf3f8bfe3939 req-86613fa2-b9d7-46c7-9f76-a6487a4f00d6 81ab229b9e6d4148a560e8e5eef7dabb 55d264d005214c1a9d63aaed06bf7b9a - - default default] 10.0.0.108 "GET /v2.0/security-groups?id=5891e275-176b-4b8f-ad97-5225c95af4c0&fields=id&fields=name HTTP/1.1" status: 200 len: 313 time: 0.0696769
2026-04-07 01:15:33.014 10 INFO neutron.db.ovn_revision_numbers_db [None req-209023ad-efab-46fa-a7ed-479efb34408f b79fd18be6484ab3be3944303af0fddd a38b0b41e32c4c89a7b16e9d70bcfb57 - - default default] Successfully bumped revision number for resource f6aad5dc-4efa-4765-a208-5cf3f4662f31 (type: security_group_rules) to 0
2026-04-07 01:15:33.031 9 INFO neutron.wsgi [req-cb177b41-9a2b-4f6e-b993-df2c95afa76b req-ca6d7cec-b12a-4352-944f-8d4504a97ab5 3be665c061e44501a117d395a6714144 69a5fe0db24e48f1a88d8647bad5ca29 - - default default] 10.0.0.108 "GET /v2.0/ports?device_id=f671a398-cf7c-4d3d-bb56-d3ab7c31bae3 HTTP/1.1" status: 200 len: 1174 time: 0.0902984
2026-04-07 01:15:33.083 10 INFO neutron.db.segments_db [None req-209023ad-efab-46fa-a7ed-479efb34408f b79fd18be6484ab3be3944303af0fddd a38b0b41e32c4c89a7b16e9d70bcfb57 - - default default] Added segment 7e02c36a-707e-4c35-b3a1-6cb91bb75b50 of type geneve for network af9149db-8732-496d-bad6-f04303ab7e56
2026-04-07 01:15:33.277 10 INFO neutron.wsgi [req-b8d8b5ae-eb8d-4a81-a920-3ebe89cea9bb req-2ce01e3e-1e01-4d32-9f23-5b96a825afd6 81ab229b9e6d4148a560e8e5eef7dabb 55d264d005214c1a9d63aaed06bf7b9a - - default default] 10.0.0.108 "GET /v2.0/ports?device_id=5bef0dcc-e0a3-4bf3-9edc-a1848a342a52 HTTP/1.1" status: 200 len: 1174 time: 0.1723228
2026-04-07 01:15:33.305 10 INFO neutron.db.ovn_revision_numbers_db [None req-209023ad-efab-46fa-a7ed-479efb34408f b79fd18be6484ab3be3944303af0fddd a38b0b41e32c4c89a7b16e9d70bcfb57 - - default default] Successfully bumped revision number for resource af9149db-8732-496d-bad6-f04303ab7e56 (type: networks) to 1
2026-04-07 01:15:33.332 9 INFO neutron.db.l3_db [None req-7728d587-1083-4ef9-aae3-f8f43cb6adc5 3be665c061e44501a117d395a6714144 69a5fe0db24e48f1a88d8647bad5ca29 - - default default] Floating IP 97b7bd78-edf8-4c11-aa81-a2a6b115e298 associated. External IP: 10.96.250.205, port: bc724b02-e35f-4aa6-9b99-59309f5213b7.
2026-04-07 01:15:33.560 9 INFO neutron.db.ovn_revision_numbers_db [None req-7728d587-1083-4ef9-aae3-f8f43cb6adc5 3be665c061e44501a117d395a6714144 69a5fe0db24e48f1a88d8647bad5ca29 - - default default] Successfully bumped revision number for resource 97b7bd78-edf8-4c11-aa81-a2a6b115e298 (type: floatingips) to 1
2026-04-07 01:15:33.760 10 WARNING neutron.scheduler.dhcp_agent_scheduler [None req-11a77d8f-6dc1-4ac3-93d6-300f8d4bd225 b79fd18be6484ab3be3944303af0fddd a38b0b41e32c4c89a7b16e9d70bcfb57 - - default default] No more DHCP agents
2026-04-07 01:15:33.790 10 WARNING neutron.api.rpc.agentnotifiers.dhcp_rpc_agent_api [None req-11a77d8f-6dc1-4ac3-93d6-300f8d4bd225 b79fd18be6484ab3be3944303af0fddd a38b0b41e32c4c89a7b16e9d70bcfb57 - - default default] Unable to schedule network 7f62f00d-fcf3-4222-a501-4a9916312d71: no agents available; will retry on subsequent port and subnet creation events.
2026-04-07 01:15:33.837 9 INFO neutron.db.ovn_revision_numbers_db [None req-7728d587-1083-4ef9-aae3-f8f43cb6adc5 3be665c061e44501a117d395a6714144 69a5fe0db24e48f1a88d8647bad5ca29 - - default default] Successfully bumped revision number for resource 97b7bd78-edf8-4c11-aa81-a2a6b115e298 (type: floatingips) to 2
2026-04-07 01:15:33.870 9 INFO neutron.wsgi [None req-7728d587-1083-4ef9-aae3-f8f43cb6adc5 3be665c061e44501a117d395a6714144 69a5fe0db24e48f1a88d8647bad5ca29 - - default default] 10.0.0.109 "PUT /v2.0/floatingips/97b7bd78-edf8-4c11-aa81-a2a6b115e298 HTTP/1.1" status: 200 len: 1050 time: 0.8295605
2026-04-07 01:15:33.941 10 WARNING neutron.scheduler.dhcp_agent_scheduler [None req-209023ad-efab-46fa-a7ed-479efb34408f b79fd18be6484ab3be3944303af0fddd a38b0b41e32c4c89a7b16e9d70bcfb57 - - default default] No more DHCP agents
2026-04-07 01:15:33.963 10 WARNING neutron.api.rpc.agentnotifiers.dhcp_rpc_agent_api [None req-209023ad-efab-46fa-a7ed-479efb34408f b79fd18be6484ab3be3944303af0fddd a38b0b41e32c4c89a7b16e9d70bcfb57 - - default default] Unable to schedule network af9149db-8732-496d-bad6-f04303ab7e56: no agents available; will retry on subsequent port and subnet creation events.
2026-04-07 01:15:34.002 10 INFO neutron.db.l3_db [None req-87c10a03-92b9-40eb-a1c6-3ad425534cc2 81ab229b9e6d4148a560e8e5eef7dabb 55d264d005214c1a9d63aaed06bf7b9a - - default default] Floating IP 5543bea0-07b3-46ab-9903-ab387dd2bc92 associated. External IP: 10.96.250.220, port: 60f7748c-12ee-4783-b4bc-a5569787c416.
2026-04-07 01:15:34.139 10 INFO neutron.db.ovn_revision_numbers_db [None req-11a77d8f-6dc1-4ac3-93d6-300f8d4bd225 b79fd18be6484ab3be3944303af0fddd a38b0b41e32c4c89a7b16e9d70bcfb57 - - default default] Successfully bumped revision number for resource 6d07d5b2-f40e-4d8b-8345-96f24dc9958a (type: ports) to 1
2026-04-07 01:15:34.156 10 INFO neutron.db.ovn_revision_numbers_db [None req-209023ad-efab-46fa-a7ed-479efb34408f b79fd18be6484ab3be3944303af0fddd a38b0b41e32c4c89a7b16e9d70bcfb57 - - default default] Successfully bumped revision number for resource 49f9fccd-e750-42f1-bf06-0a3d095359d0 (type: ports) to 1
2026-04-07 01:15:34.158 10 INFO neutron.notifiers.nova [-] Nova event matching ['req-ba897f22-28b0-49f8-872e-8d9acdfe75da'] response: {'server_uuid': 'f671a398-cf7c-4d3d-bb56-d3ab7c31bae3', 'name': 'network-vif-plugged', 'status': 'completed', 'tag': 'bc724b02-e35f-4aa6-9b99-59309f5213b7', 'code': 200}
2026-04-07 01:15:34.218 10 INFO neutron.wsgi [None req-209023ad-efab-46fa-a7ed-479efb34408f b79fd18be6484ab3be3944303af0fddd a38b0b41e32c4c89a7b16e9d70bcfb57 - - default default] 10.0.0.109 "POST /v2.0/networks HTTP/1.1" status: 201 len: 952 time: 1.6857619
2026-04-07 01:15:34.322 10 INFO neutron.db.ovn_revision_numbers_db [None req-87c10a03-92b9-40eb-a1c6-3ad425534cc2 81ab229b9e6d4148a560e8e5eef7dabb 55d264d005214c1a9d63aaed06bf7b9a - - default default] Successfully bumped revision number for resource 5543bea0-07b3-46ab-9903-ab387dd2bc92 (type: floatingips) to 1
2026-04-07 01:15:34.537 9 WARNING neutron.scheduler.dhcp_agent_scheduler [None req-ad125384-d119-42bc-be85-e5f10e07ec16 b79fd18be6484ab3be3944303af0fddd a38b0b41e32c4c89a7b16e9d70bcfb57 - - default default] No more DHCP agents
2026-04-07 01:15:34.539 9 WARNING neutron.api.rpc.agentnotifiers.dhcp_rpc_agent_api [None req-ad125384-d119-42bc-be85-e5f10e07ec16 b79fd18be6484ab3be3944303af0fddd a38b0b41e32c4c89a7b16e9d70bcfb57 - - default default] Unable to schedule network af9149db-8732-496d-bad6-f04303ab7e56: no agents available; will retry on subsequent port and subnet creation events.
2026-04-07 01:15:34.664 10 INFO neutron.db.ovn_revision_numbers_db [None req-87c10a03-92b9-40eb-a1c6-3ad425534cc2 81ab229b9e6d4148a560e8e5eef7dabb 55d264d005214c1a9d63aaed06bf7b9a - - default default] Successfully bumped revision number for resource 5543bea0-07b3-46ab-9903-ab387dd2bc92 (type: floatingips) to 2
2026-04-07 01:15:34.673 9 INFO neutron.notifiers.nova [-] Nova event matching ['req-a2d2cea7-5a9f-48cc-a546-8146e9ea9824'] response: {'name': 'network-changed', 'server_uuid': 'f671a398-cf7c-4d3d-bb56-d3ab7c31bae3', 'tag': 'bc724b02-e35f-4aa6-9b99-59309f5213b7', 'status': 'completed', 'code': 200} /var/lib/openstack/lib/python3.10/site-packages/pycadf/identifier.py:71: UserWarning: Invalid uuid: neutron. To ensure interoperability, identifiers should be a valid uuid. warnings.warn(('Invalid uuid: %s. To ensure interoperability, '
2026-04-07 01:15:34.704 10 INFO neutron.wsgi [None req-87c10a03-92b9-40eb-a1c6-3ad425534cc2 81ab229b9e6d4148a560e8e5eef7dabb 55d264d005214c1a9d63aaed06bf7b9a - - default default] 10.0.0.109 "PUT /v2.0/floatingips/5543bea0-07b3-46ab-9903-ab387dd2bc92 HTTP/1.1" status: 200 len: 1050 time: 1.4142632
2026-04-07 01:15:34.732 9 INFO neutron.wsgi [req-162c4368-d479-4235-9c3d-03db0da7b370 req-17e290b1-5748-4193-bf28-641525624316 fbd8907a5f9c45149b7c038d0212b587 dba7df4e747c47db98cd6c9869a1d6ea - - 01f9423ebda34104846b5c94b1c9ac6e 01f9423ebda34104846b5c94b1c9ac6e] 199.19.213.84 "GET /v2.0/ports?tenant_id=69a5fe0db24e48f1a88d8647bad5ca29&device_id=f671a398-cf7c-4d3d-bb56-d3ab7c31bae3 HTTP/1.1" status: 200 len: 1413 time: 0.0391929
2026-04-07 01:15:34.846 9 INFO neutron.wsgi [req-162c4368-d479-4235-9c3d-03db0da7b370 req-78733cde-e27c-433c-85f8-365fbd337aba fbd8907a5f9c45149b7c038d0212b587 dba7df4e747c47db98cd6c9869a1d6ea - - 01f9423ebda34104846b5c94b1c9ac6e 01f9423ebda34104846b5c94b1c9ac6e] 199.19.213.84 "GET /v2.0/networks?id=bcf0e6c3-a1b1-4bf8-96e6-3f3523bc74fa HTTP/1.1" status: 200 len: 974 time: 0.1065621
2026-04-07 01:15:34.938 9 INFO neutron.wsgi [req-73856c54-ef60-4982-ade8-ca861743c742 req-3c60f582-d040-4beb-95ba-062e7d8e404f 81ab229b9e6d4148a560e8e5eef7dabb 55d264d005214c1a9d63aaed06bf7b9a - - default default] 10.0.0.108 "GET /v2.0/ports?device_id=5bef0dcc-e0a3-4bf3-9edc-a1848a342a52 HTTP/1.1" status: 200 len: 1174 time: 0.1874375
2026-04-07 01:15:34.964 9 INFO neutron.plugins.ml2.drivers.ovn.mech_driver.mech_driver [None req-af85d6d0-6fdf-4a18-90c9-61fd697ccba9 - - - - - -] OVN reports status up for port: 6d07d5b2-f40e-4d8b-8345-96f24dc9958a
2026-04-07 01:15:34.967 10 INFO neutron.db.ovn_revision_numbers_db [None req-11a77d8f-6dc1-4ac3-93d6-300f8d4bd225 b79fd18be6484ab3be3944303af0fddd a38b0b41e32c4c89a7b16e9d70bcfb57 - - default default] Successfully bumped revision number for resource 6d07d5b2-f40e-4d8b-8345-96f24dc9958a (type: router_ports) to 1
2026-04-07 01:15:34.972 9 INFO neutron.plugins.ml2.drivers.ovn.mech_driver.ovsdb.ovsdb_monitor [None req-7bb8caa9-e1b5-43b0-89a6-98ae37c86696 - - - - - -] Router aad8412a-4a4e-4870-87dd-85b67aeb2d89 is bound to host instance
2026-04-07 01:15:34.977 9 INFO neutron.wsgi [req-162c4368-d479-4235-9c3d-03db0da7b370 req-2ca1e047-e066-4a5d-845c-e54c5ee3bcfa fbd8907a5f9c45149b7c038d0212b587 dba7df4e747c47db98cd6c9869a1d6ea - - 01f9423ebda34104846b5c94b1c9ac6e 01f9423ebda34104846b5c94b1c9ac6e] 199.19.213.84 "GET /v2.0/floatingips?fixed_ip_address=10.100.0.12&port_id=bc724b02-e35f-4aa6-9b99-59309f5213b7 HTTP/1.1" status: 200 len: 1060 time: 0.1180139
2026-04-07 01:15:35.007 9 INFO neutron.plugins.ml2.plugin [None req-af85d6d0-6fdf-4a18-90c9-61fd697ccba9 - - - - - -] Attempt 1 to provision port 6d07d5b2-f40e-4d8b-8345-96f24dc9958a
2026-04-07 01:15:35.039 10 INFO neutron.db.ovn_revision_numbers_db [None req-11a77d8f-6dc1-4ac3-93d6-300f8d4bd225 b79fd18be6484ab3be3944303af0fddd a38b0b41e32c4c89a7b16e9d70bcfb57 - - default default] Successfully bumped revision number for resource aad8412a-4a4e-4870-87dd-85b67aeb2d89 (type: routers) to 2
2026-04-07 01:15:35.052 10 INFO neutron.wsgi [None req-11a77d8f-6dc1-4ac3-93d6-300f8d4bd225 b79fd18be6484ab3be3944303af0fddd a38b0b41e32c4c89a7b16e9d70bcfb57 - - default default] 10.0.0.109 "POST /v2.0/routers HTTP/1.1" status: 201 len: 880 time: 2.2669032 /var/lib/openstack/lib/python3.10/site-packages/pycadf/identifier.py:71: UserWarning: Invalid uuid: neutron. To ensure interoperability, identifiers should be a valid uuid. warnings.warn(('Invalid uuid: %s. To ensure interoperability, '
2026-04-07 01:15:35.070 9 INFO neutron.wsgi [req-73856c54-ef60-4982-ade8-ca861743c742 req-477d82cf-0f5a-4c80-b1cb-d58a0e023ff6 81ab229b9e6d4148a560e8e5eef7dabb 55d264d005214c1a9d63aaed06bf7b9a - - default default] 10.0.0.108 "GET /v2.0/security-groups?id=5891e275-176b-4b8f-ad97-5225c95af4c0&fields=id&fields=name HTTP/1.1" status: 200 len: 313 time: 0.1153932
2026-04-07 01:15:35.094 9 INFO neutron.wsgi [req-162c4368-d479-4235-9c3d-03db0da7b370 req-33bea91c-c6bb-4ce8-8510-cd034ea2ae6b fbd8907a5f9c45149b7c038d0212b587 dba7df4e747c47db98cd6c9869a1d6ea - - 01f9423ebda34104846b5c94b1c9ac6e 01f9423ebda34104846b5c94b1c9ac6e] 199.19.213.84 "GET /v2.0/subnets?id=e8be6e4e-0a0d-4390-b5d6-00a2037c858a HTTP/1.1" status: 200 len: 869 time: 0.1047826
2026-04-07 01:15:35.128 9 INFO neutron.wsgi [req-162c4368-d479-4235-9c3d-03db0da7b370 req-a67f4840-a0c2-47cb-9441-57bdb347fcfc fbd8907a5f9c45149b7c038d0212b587 dba7df4e747c47db98cd6c9869a1d6ea - - 01f9423ebda34104846b5c94b1c9ac6e 01f9423ebda34104846b5c94b1c9ac6e] 199.19.213.84 "GET /v2.0/ports?network_id=bcf0e6c3-a1b1-4bf8-96e6-3f3523bc74fa&device_owner=network%3Adhcp HTTP/1.1" status: 200 len: 210 time: 0.0273874
2026-04-07 01:15:35.247 9 INFO neutron.wsgi [req-162c4368-d479-4235-9c3d-03db0da7b370 req-9f407536-9bec-472c-89a5-56cf4e9cfe7d fbd8907a5f9c45149b7c038d0212b587 dba7df4e747c47db98cd6c9869a1d6ea - - 01f9423ebda34104846b5c94b1c9ac6e 01f9423ebda34104846b5c94b1c9ac6e] 199.19.213.84 "GET /v2.0/networks/bcf0e6c3-a1b1-4bf8-96e6-3f3523bc74fa?fields=segments HTTP/1.1" status: 200 len: 212 time: 0.1106141
2026-04-07 01:15:35.389 9 INFO neutron.wsgi [req-162c4368-d479-4235-9c3d-03db0da7b370 req-852db0f9-0e43-4499-ab48-75010cfee3e1 fbd8907a5f9c45149b7c038d0212b587 dba7df4e747c47db98cd6c9869a1d6ea - - 01f9423ebda34104846b5c94b1c9ac6e 01f9423ebda34104846b5c94b1c9ac6e] 199.19.213.84 "GET /v2.0/networks/bcf0e6c3-a1b1-4bf8-96e6-3f3523bc74fa?fields=provider%3Aphysical_network&fields=provider%3Anetwork_type HTTP/1.1" status: 200 len: 277 time: 0.1325188
2026-04-07 01:15:35.446 9 INFO neutron.db.ovn_revision_numbers_db [None req-ad125384-d119-42bc-be85-e5f10e07ec16 b79fd18be6484ab3be3944303af0fddd a38b0b41e32c4c89a7b16e9d70bcfb57 - - default default] Successfully bumped revision number for resource 49f9fccd-e750-42f1-bf06-0a3d095359d0 (type: ports) to 2
2026-04-07 01:15:35.462 10 INFO neutron.wsgi [req-795e5e2b-9027-4662-b5fc-1926debde35b req-13ba1319-23ee-443d-a761-48b80582409d 81ab229b9e6d4148a560e8e5eef7dabb 55d264d005214c1a9d63aaed06bf7b9a - - default default] 10.0.0.108 "GET /v2.0/ports?device_id=5bef0dcc-e0a3-4bf3-9edc-a1848a342a52 HTTP/1.1" status: 200 len: 1174 time: 0.0487571
2026-04-07 01:15:35.515 10 INFO neutron.wsgi [req-795e5e2b-9027-4662-b5fc-1926debde35b req-8b006c86-b502-4376-a334-2c56549b1417 81ab229b9e6d4148a560e8e5eef7dabb 55d264d005214c1a9d63aaed06bf7b9a - - default default] 10.0.0.108 "GET /v2.0/security-groups?id=5891e275-176b-4b8f-ad97-5225c95af4c0&fields=id&fields=name HTTP/1.1" status: 200 len: 313 time: 0.0471251
2026-04-07 01:15:35.522 9 INFO neutron.db.ovn_revision_numbers_db [None req-ad125384-d119-42bc-be85-e5f10e07ec16 b79fd18be6484ab3be3944303af0fddd a38b0b41e32c4c89a7b16e9d70bcfb57 - - default default] Successfully bumped revision number for resource c44c08c0-502e-4f3b-9942-fb12b625e03a (type: subnets) to 0
2026-04-07 01:15:35.543 9 INFO neutron.wsgi [None req-ad125384-d119-42bc-be85-e5f10e07ec16 b79fd18be6484ab3be3944303af0fddd a38b0b41e32c4c89a7b16e9d70bcfb57 - - default default] 10.0.0.109 "POST /v2.0/subnets HTTP/1.1" status: 201 len: 872 time: 1.3187106
2026-04-07 01:15:35.613 10 WARNING neutron.scheduler.dhcp_agent_scheduler [None req-992590c3-16e9-4a2d-8f39-76c1d7f674b3 b79fd18be6484ab3be3944303af0fddd a38b0b41e32c4c89a7b16e9d70bcfb57 - - default default] No more DHCP agents
2026-04-07 01:15:35.618 10 WARNING neutron.api.rpc.agentnotifiers.dhcp_rpc_agent_api [None req-992590c3-16e9-4a2d-8f39-76c1d7f674b3 b79fd18be6484ab3be3944303af0fddd a38b0b41e32c4c89a7b16e9d70bcfb57 - - default default] Unable to schedule network 0c05f981-8cb7-4286-9578-3c77130ec20b: no agents available; will retry on subsequent port and subnet creation events.
2026-04-07 01:15:35.750 9 INFO neutron.db.ovn_revision_numbers_db [None req-7bb8caa9-e1b5-43b0-89a6-98ae37c86696 - - - - - -] Successfully bumped revision number for resource 6d07d5b2-f40e-4d8b-8345-96f24dc9958a (type: ports) to 1
2026-04-07 01:15:35.829 9 INFO neutron.wsgi [req-fab575c4-92fc-4ef7-8b3b-f3f4b1f58bf9 req-77103a79-2ab1-4872-a7dc-fcc04e636a55 81ab229b9e6d4148a560e8e5eef7dabb 55d264d005214c1a9d63aaed06bf7b9a - - default default] 199.19.213.84 "GET /v2.0/ports?device_id=5bef0dcc-e0a3-4bf3-9edc-a1848a342a52 HTTP/1.1" status: 200 len: 1174 time: 0.0489233
2026-04-07 01:15:35.851 10 INFO neutron.db.ovn_revision_numbers_db [None req-992590c3-16e9-4a2d-8f39-76c1d7f674b3 b79fd18be6484ab3be3944303af0fddd a38b0b41e32c4c89a7b16e9d70bcfb57 - - default default] Successfully bumped revision number for resource 93686aff-8e6c-49e4-a353-c0d7e6ed215e (type: ports) to 1
2026-04-07 01:15:36.109 10 WARNING neutron.scheduler.dhcp_agent_scheduler [None req-85ccee91-151c-4b89-9730-d035b491e360 b79fd18be6484ab3be3944303af0fddd a38b0b41e32c4c89a7b16e9d70bcfb57 - - default default] No more DHCP agents
2026-04-07 01:15:36.113 10 WARNING neutron.api.rpc.agentnotifiers.dhcp_rpc_agent_api [None req-85ccee91-151c-4b89-9730-d035b491e360 b79fd18be6484ab3be3944303af0fddd a38b0b41e32c4c89a7b16e9d70bcfb57 - - default default] Unable to schedule network 7f62f00d-fcf3-4222-a501-4a9916312d71: no agents available; will retry on subsequent port and subnet creation events.
2026-04-07 01:15:36.205 10 INFO neutron.notifiers.nova [-] Nova event matching ['req-3e890e25-8655-40f9-9384-9a9637becb15'] response: {'name': 'network-changed', 'server_uuid': '5bef0dcc-e0a3-4bf3-9edc-a1848a342a52', 'tag': '60f7748c-12ee-4783-b4bc-a5569787c416', 'status': 'completed', 'code': 200}
2026-04-07 01:15:36.213 9 INFO neutron.db.ovn_revision_numbers_db [None req-7bb8caa9-e1b5-43b0-89a6-98ae37c86696 - - - - - -] Successfully bumped revision number for resource 6d07d5b2-f40e-4d8b-8345-96f24dc9958a (type: router_ports) to 3
2026-04-07 01:15:36.298 9 INFO neutron.wsgi [req-76d21be5-f081-4101-8899-97e15130f15f req-0f0f9c8e-e0ef-43d3-82ea-bee9072fc36c fbd8907a5f9c45149b7c038d0212b587 dba7df4e747c47db98cd6c9869a1d6ea - - 01f9423ebda34104846b5c94b1c9ac6e 01f9423ebda34104846b5c94b1c9ac6e] 199.19.213.84 "GET /v2.0/ports?tenant_id=55d264d005214c1a9d63aaed06bf7b9a&device_id=5bef0dcc-e0a3-4bf3-9edc-a1848a342a52 HTTP/1.1" status: 200 len: 1413 time: 0.0665796
2026-04-07 01:15:36.347 10 INFO neutron.db.ovn_revision_numbers_db [None req-85ccee91-151c-4b89-9730-d035b491e360 b79fd18be6484ab3be3944303af0fddd a38b0b41e32c4c89a7b16e9d70bcfb57 - - default default] Successfully bumped revision number for resource 8375d93d-6806-4174-9167-d2187ffe3264 (type: ports) to 1
2026-04-07 01:15:36.422 9 INFO neutron.wsgi [req-76d21be5-f081-4101-8899-97e15130f15f req-1443e91f-9f52-4707-9f47-56eeb8efb403 fbd8907a5f9c45149b7c038d0212b587 dba7df4e747c47db98cd6c9869a1d6ea - - 01f9423ebda34104846b5c94b1c9ac6e 01f9423ebda34104846b5c94b1c9ac6e] 199.19.213.84 "GET /v2.0/networks?id=c3e6d1ac-8170-4e9f-ba4f-1b2e8cd0a920 HTTP/1.1" status: 200 len: 973 time: 0.1113820
