2026-04-07 01:18:46.381 9 INFO neutron.wsgi [None req-04723104-ae0c-41fd-b057-8f651b7b1e1c b79fd18be6484ab3be3944303af0fddd a38b0b41e32c4c89a7b16e9d70bcfb57 - - default default] 10.0.0.62 "GET /v2.0/agents HTTP/1.1" status: 200 len: 997 time: 0.2760584
2026-04-07 01:18:46.529 9 INFO neutron.wsgi [None req-51963566-4558-4231-afac-c92bcaa742f3 b79fd18be6484ab3be3944303af0fddd a38b0b41e32c4c89a7b16e9d70bcfb57 - - default default] 10.0.0.62 "GET /v2.0/ports HTTP/1.1" status: 200 len: 26139 time: 0.1469886
2026-04-07 01:18:46.607 9 INFO neutron.wsgi [None req-6a60cb26-6291-4cf1-a871-2703c1254dfc 70863f738cd74aa99cd722a43a4553df f022b1b2867c48febfafc7716354cb11 - - default default] 10.0.0.109 "DELETE /v2.0/security-groups/39cd3e73-65b4-48d8-a12f-07078f800078 HTTP/1.1" status: 204 len: 168 time: 0.3342049
2026-04-07 01:18:46.623 10 INFO neutron.api.v2.resource [None req-2e873611-1801-4998-ac61-45b3e28ad1fe 70863f738cd74aa99cd722a43a4553df f022b1b2867c48febfafc7716354cb11 - - default default] show failed (client error): The resource could not be found.
2026-04-07 01:18:46.624 10 INFO neutron.wsgi [None req-2e873611-1801-4998-ac61-45b3e28ad1fe 70863f738cd74aa99cd722a43a4553df f022b1b2867c48febfafc7716354cb11 - - default default] 10.0.0.109 "GET /v2.0/security-groups/39cd3e73-65b4-48d8-a12f-07078f800078 HTTP/1.1" status: 404 len: 347 time: 0.0129504
2026-04-07 01:18:46.929 9 INFO neutron.wsgi [None req-7042ba83-31a6-4b7e-a91f-df557b5c9088 b79fd18be6484ab3be3944303af0fddd a38b0b41e32c4c89a7b16e9d70bcfb57 - - default default] 10.0.0.62 "GET /v2.0/routers HTTP/1.1" status: 200 len: 2191 time: 0.3802390
2026-04-07 01:18:46.941 9 INFO neutron.wsgi [None req-05be0705-c6e5-4e22-b8ab-0712cda55612 b79fd18be6484ab3be3944303af0fddd a38b0b41e32c4c89a7b16e9d70bcfb57 - - default default] 10.0.0.62 "GET /v2.0/agents?binary=ovn-controller HTTP/1.1" status: 200 len: 591 time: 0.0107560
2026-04-07 01:18:46.970 9 INFO neutron.wsgi [None req-c4fcd116-47f1-4cbf-ae44-303738755be6 b79fd18be6484ab3be3944303af0fddd a38b0b41e32c4c89a7b16e9d70bcfb57 - - default default] 10.0.0.62 "GET /v2.0/network-ip-availabilities HTTP/1.1" status: 200 len: 4304 time: 0.0282130
2026-04-07 01:18:47.016 10 INFO neutron.wsgi [None req-eadedb20-22ac-49a6-b5a5-63a82cac5f1b 70863f738cd74aa99cd722a43a4553df f022b1b2867c48febfafc7716354cb11 - - default default] 10.0.0.109 "DELETE /v2.0/floatingips/635c7c16-16cf-432d-9e79-61d2700530fb HTTP/1.1" status: 204 len: 168 time: 0.3879163
2026-04-07 01:18:47.019 10 INFO neutron.wsgi [-] 10.0.0.9 "GET / HTTP/1.1" status: 200 len: 247 time: 0.0018482
2026-04-07 01:18:47.021 10 INFO neutron.wsgi [-] 10.0.0.9 "GET / HTTP/1.1" status: 200 len: 247 time: 0.0013855
2026-04-07 01:18:47.041 9 INFO neutron.wsgi [None req-00f84206-30d5-47ad-b58b-5249470a80b7 b79fd18be6484ab3be3944303af0fddd a38b0b41e32c4c89a7b16e9d70bcfb57 - - default default] 10.0.0.62 "GET /v2.0/subnets HTTP/1.1" status: 200 len: 6803 time: 0.0690262
2026-04-07 01:18:47.058 9 INFO neutron.wsgi [None req-1bcc29e9-a306-4ab4-8c7f-6d6f310ae339 b79fd18be6484ab3be3944303af0fddd a38b0b41e32c4c89a7b16e9d70bcfb57 - - default default] 10.0.0.62 "GET /v2.0/subnetpools HTTP/1.1" status: 200 len: 193 time: 0.0143316
2026-04-07 01:18:47.130 9 INFO neutron.wsgi [None req-6c03fcf8-79a8-4631-88df-456d9afce518 b79fd18be6484ab3be3944303af0fddd a38b0b41e32c4c89a7b16e9d70bcfb57 - - default default] 10.0.0.62 "GET /v2.0/floatingips HTTP/1.1" status: 200 len: 1877 time: 0.0716102
2026-04-07 01:18:47.246 9 INFO neutron.wsgi [None req-92f09f8e-4291-4ad9-8037-0cf07e044cc2 b79fd18be6484ab3be3944303af0fddd a38b0b41e32c4c89a7b16e9d70bcfb57 - - default default] 10.0.0.62 "GET /v2.0/networks HTTP/1.1" status: 200 len: 6235 time: 0.1146870
2026-04-07 01:18:47.332 9 INFO neutron.wsgi [None req-e519f4ea-e253-46ab-8171-ffff495341cc b79fd18be6484ab3be3944303af0fddd a38b0b41e32c4c89a7b16e9d70bcfb57 - - default default] 10.0.0.62 "GET /v2.0/security-groups HTTP/1.1" status: 200 len: 39719 time: 0.0809534
2026-04-07 01:18:47.399 9 INFO neutron.wsgi [None req-88529f39-f58f-41af-bf90-2258c1f351b5 b79fd18be6484ab3be3944303af0fddd a38b0b41e32c4c89a7b16e9d70bcfb57 - - default default] 10.0.0.62 "GET /v2.0/subnets HTTP/1.1" status: 200 len: 6803 time: 0.0561004
2026-04-07 01:18:47.426 9 INFO neutron.wsgi [None req-56b93982-6420-4167-9499-ce0b481dbb4c 70863f738cd74aa99cd722a43a4553df f022b1b2867c48febfafc7716354cb11 - - default default] 10.0.0.109 "DELETE /v2.0/security-groups/e90212ad-a6ce-48de-b846-1d4e681234e0 HTTP/1.1" status: 204 len: 168 time: 0.2849133
2026-04-07 01:18:48.576 9 INFO neutron.wsgi [None req-1fec55af-afa3-419b-a6f8-55284daefd28 b79fd18be6484ab3be3944303af0fddd a38b0b41e32c4c89a7b16e9d70bcfb57 - - default default] 10.0.0.109 "PUT /v2.0/routers/4b5995e9-e79f-48ea-b73a-e141c878f0dd/remove_router_interface HTTP/1.1" status: 200 len: 503 time: 1.1090670 /var/lib/openstack/lib/python3.10/site-packages/pycadf/identifier.py:71: UserWarning: Invalid uuid: neutron. To ensure interoperability, identifiers should be a valid uuid. warnings.warn(('Invalid uuid: %s. To ensure interoperability, '
2026-04-07 01:18:48.945 10 WARNING neutron_lib.context [None req-4535ef61-284b-4ab9-889e-f0baf068bd6f 39f89f83bcd84e1cada6781be9251dc8 a79dfb3b4d574ac88fc0f426f6a3eee9 - - default default] Method 'is_advsvc' is deprecated since 2023.2 release (neutron-lib 3.8.0) and will be removed once support for the old RBAC API policies will be removed from Neutron. Please use method 'is_service_role' instead.
2026-04-07 01:18:49.101 10 INFO neutron.db.ovn_revision_numbers_db [None req-4535ef61-284b-4ab9-889e-f0baf068bd6f 39f89f83bcd84e1cada6781be9251dc8 a79dfb3b4d574ac88fc0f426f6a3eee9 - - default default] Successfully bumped revision number for resource 2d1d176e-a16f-41da-8057-45a4cde156c7 (type: routers) to 1
2026-04-07 01:18:49.115 10 INFO neutron.wsgi [None req-4535ef61-284b-4ab9-889e-f0baf068bd6f 39f89f83bcd84e1cada6781be9251dc8 a79dfb3b4d574ac88fc0f426f6a3eee9 - - default default] 10.0.0.109 "POST /v2.0/routers HTTP/1.1" status: 201 len: 654 time: 0.3293602
2026-04-07 01:18:49.178 10 INFO neutron.wsgi [None req-38de7c4b-78ab-4afc-ab4c-98771868a134 39f89f83bcd84e1cada6781be9251dc8 a79dfb3b4d574ac88fc0f426f6a3eee9 - - default default] 10.0.0.109 "PUT /v2.0/routers/2d1d176e-a16f-41da-8057-45a4cde156c7/tags HTTP/1.1" status: 200 len: 218 time: 0.0563555
2026-04-07 01:18:49.228 10 INFO neutron.wsgi [None req-02208700-2589-48a1-8efb-6f6e0bb98189 39f89f83bcd84e1cada6781be9251dc8 a79dfb3b4d574ac88fc0f426f6a3eee9 - - default default] 10.0.0.109 "GET /v2.0/routers/2d1d176e-a16f-41da-8057-45a4cde156c7/tags HTTP/1.1" status: 200 len: 218 time: 0.0449030
2026-04-07 01:18:49.305 10 INFO neutron.wsgi [None req-9cab96c7-d70e-42d9-ac8b-02b355900208 39f89f83bcd84e1cada6781be9251dc8 a79dfb3b4d574ac88fc0f426f6a3eee9 - - default default] 10.0.0.109 "PUT /v2.0/routers/2d1d176e-a16f-41da-8057-45a4cde156c7/tags/green HTTP/1.1" status: 201 len: 201 time: 0.0715971
2026-04-07 01:18:49.358 9 INFO neutron.wsgi [None req-437bf120-3fd3-4d41-ae11-22a5fbb54bf0 b79fd18be6484ab3be3944303af0fddd a38b0b41e32c4c89a7b16e9d70bcfb57 - - default default] 10.0.0.109 "DELETE /v2.0/routers/4b5995e9-e79f-48ea-b73a-e141c878f0dd HTTP/1.1" status: 204 len: 168 time: 0.7780323
2026-04-07 01:18:49.359 10 INFO neutron.wsgi [None req-607aa523-a67d-435f-8700-dabedf9931a7 39f89f83bcd84e1cada6781be9251dc8 a79dfb3b4d574ac88fc0f426f6a3eee9 - - default default] 10.0.0.109 "GET /v2.0/routers/2d1d176e-a16f-41da-8057-45a4cde156c7/tags HTTP/1.1" status: 200 len: 227 time: 0.0502043
2026-04-07 01:18:49.576 10 INFO neutron.wsgi [None req-a8a259d3-00ac-4195-a72e-c6711952b6a6 b79fd18be6484ab3be3944303af0fddd a38b0b41e32c4c89a7b16e9d70bcfb57 - - default default] 10.0.0.109 "DELETE /v2.0/subnets/c51878f2-f2e8-4c92-bcff-fe8f0946ab4a HTTP/1.1" status: 204 len: 168 time: 0.2120016
2026-04-07 01:18:49.643 9 INFO neutron.wsgi [None req-49d6b1c4-86c1-4988-a749-16b86b0dd660 39f89f83bcd84e1cada6781be9251dc8 a79dfb3b4d574ac88fc0f426f6a3eee9 - - default default] 10.0.0.109 "PUT /v2.0/routers/2d1d176e-a16f-41da-8057-45a4cde156c7/tags/red HTTP/1.1" status: 201 len: 201 time: 0.2785282
2026-04-07 01:18:49.708 10 INFO neutron.wsgi [None req-aff31d68-86ea-44c7-b9bf-98cc80fa35fc 39f89f83bcd84e1cada6781be9251dc8 a79dfb3b4d574ac88fc0f426f6a3eee9 - - default default] 10.0.0.109 "GET /v2.0/routers/2d1d176e-a16f-41da-8057-45a4cde156c7/tags HTTP/1.1" status: 200 len: 227 time: 0.0598402
2026-04-07 01:18:49.724 9 INFO neutron.wsgi [None req-b716b7a5-b234-4122-b48c-5d9e487ec417 db2fc8a2d4924a9bb549779f40d381ae 04e01978576449aea80d75a8be50c6f3 - - default default] 10.0.0.109 "POST /v2.0/qos/policies HTTP/1.1" status: 201 len: 558 time: 0.3492262
2026-04-07 01:18:49.781 9 INFO neutron.wsgi [None req-6b8cf2d4-6986-4888-9d5b-6a874ed3f99e 39f89f83bcd84e1cada6781be9251dc8 a79dfb3b4d574ac88fc0f426f6a3eee9 - - default default] 10.0.0.109 "PUT /v2.0/routers/2d1d176e-a16f-41da-8057-45a4cde156c7/tags/black.or.white HTTP/1.1" status: 201 len: 201 time: 0.0653665
2026-04-07 01:18:49.787 9 INFO neutron.wsgi [None req-152a5479-ee51-43b3-b94c-fae9e94e52c9 db2fc8a2d4924a9bb549779f40d381ae 04e01978576449aea80d75a8be50c6f3 - - default default] 10.0.0.109 "POST /v2.0/qos/policies HTTP/1.1" status: 201 len: 558 time: 0.0582438
2026-04-07 01:18:49.826 9 INFO neutron.wsgi [None req-4b84cf8b-2f50-42c3-8f03-d339561646fb db2fc8a2d4924a9bb549779f40d381ae 04e01978576449aea80d75a8be50c6f3 - - default default] 10.0.0.109 "POST /v2.0/qos/policies HTTP/1.1" status: 201 len: 558 time: 0.0344901
2026-04-07 01:18:49.840 10 INFO neutron.wsgi [None req-f97b2041-445e-4b91-be85-a06c3ec1008f 39f89f83bcd84e1cada6781be9251dc8 a79dfb3b4d574ac88fc0f426f6a3eee9 - - default default] 10.0.0.109 "GET /v2.0/routers/2d1d176e-a16f-41da-8057-45a4cde156c7/tags HTTP/1.1" status: 200 len: 245 time: 0.0529158
2026-04-07 01:18:49.904 9 INFO neutron.wsgi [None req-daff2387-80c0-47ba-b24e-6082103aac04 db2fc8a2d4924a9bb549779f40d381ae 04e01978576449aea80d75a8be50c6f3 - - default default] 10.0.0.109 "POST /v2.0/qos/policies HTTP/1.1" status: 201 len: 558 time: 0.0729933
2026-04-07 01:18:49.926 9 INFO neutron.wsgi [None req-eabd333a-b070-4aae-99fb-3b7c1e647c0f 39f89f83bcd84e1cada6781be9251dc8 a79dfb3b4d574ac88fc0f426f6a3eee9 - - default default] 10.0.0.109 "PUT /v2.0/routers/2d1d176e-a16f-41da-8057-45a4cde156c7/tags HTTP/1.1" status: 200 len: 230 time: 0.0819759
2026-04-07 01:18:49.952 10 INFO neutron.services.segments.plugin [-] Segment 046926af-464d-412d-87c1-ae288fcfb879 resource provider aggregate not found
2026-04-07 01:18:49.956 10 INFO neutron.services.segments.plugin [-] Segment 046926af-464d-412d-87c1-ae288fcfb879 resource provider aggregate not found
2026-04-07 01:18:49.967 10 INFO neutron.services.segments.plugin [-] Segment 046926af-464d-412d-87c1-ae288fcfb879 resource provider not found; error: Placement Client Error (4xx): {"errors": [{"status": 404, "title": "Not Found", "detail": "The resource could not be found.\n\n No resource provider with uuid 046926af-464d-412d-87c1-ae288fcfb879 found for delete ", "request_id": "req-c4b95138-6088-4d36-8b98-904cd082c42a"}]}
2026-04-07 01:18:49.972 10 INFO neutron.services.segments.plugin [-] Segment 046926af-464d-412d-87c1-ae288fcfb879 resource provider not found; error: Placement Client Error (4xx): {"errors": [{"status": 404, "title": "Not Found", "detail": "The resource could not be found.\n\n No resource provider with uuid 046926af-464d-412d-87c1-ae288fcfb879 found for delete ", "request_id": "req-3642c86b-d68d-4934-bd57-152ab030d76d"}]}
2026-04-07 01:18:49.978 9 INFO neutron.wsgi [None req-d58a80dc-95d8-478c-9f09-8624eab915fb db2fc8a2d4924a9bb549779f40d381ae 04e01978576449aea80d75a8be50c6f3 - - default default] 10.0.0.109 "POST /v2.0/qos/policies HTTP/1.1" status: 201 len: 558 time: 0.0677471
2026-04-07 01:18:49.993 10 INFO neutron.wsgi [None req-2092799c-636b-4562-87f4-c7a32999b913 b79fd18be6484ab3be3944303af0fddd a38b0b41e32c4c89a7b16e9d70bcfb57 - - default default] 10.0.0.109 "DELETE /v2.0/networks/297450af-05ec-49ba-aa53-d2dc2a6ce136 HTTP/1.1" status: 204 len: 168 time: 0.4120233
2026-04-07 01:18:50.001 9 INFO neutron.wsgi [None req-e0e12447-781e-40d1-87c1-20f4f20ffd83 39f89f83bcd84e1cada6781be9251dc8 a79dfb3b4d574ac88fc0f426f6a3eee9 - - default default] 10.0.0.109 "GET /v2.0/routers/2d1d176e-a16f-41da-8057-45a4cde156c7/tags HTTP/1.1" status: 200 len: 230 time: 0.0706491
2026-04-07 01:18:50.049 9 INFO neutron.wsgi [None req-3c41d311-e329-44ab-bb81-2d4cde665d02 39f89f83bcd84e1cada6781be9251dc8 a79dfb3b4d574ac88fc0f426f6a3eee9 - - default default] 10.0.0.109 "GET /v2.0/routers/2d1d176e-a16f-41da-8057-45a4cde156c7/tags/red HTTP/1.1" status: 204 len: 168 time: 0.0439730
2026-04-07 01:18:50.051 10 INFO neutron.wsgi [None req-5a4af123-166a-4496-9632-37853a2ee795 db2fc8a2d4924a9bb549779f40d381ae 04e01978576449aea80d75a8be50c6f3 - - default default] 10.0.0.109 "PUT /v2.0/policies/70bd93e5-db28-44e3-91bf-91bfad6d7a2c/tags HTTP/1.1" status: 200 len: 210 time: 0.0669124
2026-04-07 01:18:50.088 10 INFO neutron.wsgi [None req-0f01805e-40a2-4526-a225-30d48ec84a9e db2fc8a2d4924a9bb549779f40d381ae 04e01978576449aea80d75a8be50c6f3 - - default default] 10.0.0.109 "PUT /v2.0/policies/0a40b29b-828f-4abd-b6ec-ba7f0a33803a/tags HTTP/1.1" status: 200 len: 218 time: 0.0321450
2026-04-07 01:18:50.102 9 INFO neutron.api.v2.resource [None req-0726508c-a1d7-442e-9eaf-5af955e2bbd7 39f89f83bcd84e1cada6781be9251dc8 a79dfb3b4d574ac88fc0f426f6a3eee9 - - default default] show failed (client error): The resource could not be found.
2026-04-07 01:18:50.103 9 INFO neutron.wsgi [None req-0726508c-a1d7-442e-9eaf-5af955e2bbd7 39f89f83bcd84e1cada6781be9251dc8 a79dfb3b4d574ac88fc0f426f6a3eee9 - - default default] 10.0.0.109 "GET /v2.0/routers/2d1d176e-a16f-41da-8057-45a4cde156c7/tags/green HTTP/1.1" status: 404 len: 299 time: 0.0496428
2026-04-07 01:18:50.133 10 INFO neutron.wsgi [None req-346ddc5b-ee9b-4d8d-b993-11f8d8781235 db2fc8a2d4924a9bb549779f40d381ae 04e01978576449aea80d75a8be50c6f3 - - default default] 10.0.0.109 "PUT /v2.0/policies/f1e7a5c6-66f1-4e09-a3c4-1a0cfb9fb4a5/tags HTTP/1.1" status: 200 len: 227 time: 0.0383296
2026-04-07 01:18:50.179 9 INFO neutron.wsgi [None req-68e5e41e-98a7-4e5a-bbbd-d10d9664e8df db2fc8a2d4924a9bb549779f40d381ae 04e01978576449aea80d75a8be50c6f3 - - default default] 10.0.0.109 "PUT /v2.0/policies/24c4c383-1872-4d7b-9859-c6e94ef31cc9/tags HTTP/1.1" status: 200 len: 212 time: 0.0410662
2026-04-07 01:18:50.185 9 INFO neutron.wsgi [None req-8fef381a-c512-4b98-bad6-9672c21e5552 39f89f83bcd84e1cada6781be9251dc8 a79dfb3b4d574ac88fc0f426f6a3eee9 - - default default] 10.0.0.109 "DELETE /v2.0/routers/2d1d176e-a16f-41da-8057-45a4cde156c7/tags/red HTTP/1.1" status: 204 len: 168 time: 0.0767908
2026-04-07 01:18:50.236 10 INFO neutron.wsgi [None req-f2a40af7-e2d2-4336-ae34-b673ff413d14 39f89f83bcd84e1cada6781be9251dc8 a79dfb3b4d574ac88fc0f426f6a3eee9 - - default default] 10.0.0.109 "GET /v2.0/routers/2d1d176e-a16f-41da-8057-45a4cde156c7/tags HTTP/1.1" status: 200 len: 223 time: 0.0471516
2026-04-07 01:18:50.296 9 INFO neutron.api.v2.resource [None req-91e83d52-520d-4068-9ac2-a736b03ab32d 39f89f83bcd84e1cada6781be9251dc8 a79dfb3b4d574ac88fc0f426f6a3eee9 - - default default] delete failed (client error): The resource could not be found.
2026-04-07 01:18:50.297 9 INFO neutron.wsgi [None req-91e83d52-520d-4068-9ac2-a736b03ab32d 39f89f83bcd84e1cada6781be9251dc8 a79dfb3b4d574ac88fc0f426f6a3eee9 - - default default] 10.0.0.109 "DELETE /v2.0/routers/2d1d176e-a16f-41da-8057-45a4cde156c7/tags/green HTTP/1.1" status: 404 len: 299 time: 0.0551333
2026-04-07 01:18:50.382 9 INFO neutron.wsgi [None req-1e8e1a03-063e-4436-9c73-180bf3501a07 39f89f83bcd84e1cada6781be9251dc8 a79dfb3b4d574ac88fc0f426f6a3eee9 - - default default] 10.0.0.109 "DELETE /v2.0/routers/2d1d176e-a16f-41da-8057-45a4cde156c7/tags HTTP/1.1" status: 204 len: 168 time: 0.0815969
2026-04-07 01:18:50.442 9 INFO neutron.wsgi [None req-7fba1b59-6ab8-4294-87ae-26adb673175a 39f89f83bcd84e1cada6781be9251dc8 a79dfb3b4d574ac88fc0f426f6a3eee9 - - default default] 10.0.0.109 "GET /v2.0/routers/2d1d176e-a16f-41da-8057-45a4cde156c7/tags HTTP/1.1" status: 200 len: 205 time: 0.0545995
2026-04-07 01:18:50.498 9 INFO neutron.wsgi [None req-0ca489d1-a828-4f15-bd38-b72a4b01584a 39f89f83bcd84e1cada6781be9251dc8 a79dfb3b4d574ac88fc0f426f6a3eee9 - - default default] 10.0.0.109 "GET /v2.0/routers/2d1d176e-a16f-41da-8057-45a4cde156c7 HTTP/1.1" status: 200 len: 655 time: 0.0500708
2026-04-07 01:18:50.698 10 INFO neutron.wsgi [None req-e7b5d20f-1dfb-4ecc-8fa5-a8f30c23b543 0c823ce683db4816b04969473ad9149f 4b086952c675437a8665199ebd4a5746 - - default default] 10.0.0.109 "GET /v2.0/qos/policies?tags=red HTTP/1.1" status: 200 len: 1296 time: 0.1753626
2026-04-07 01:18:50.777 10 INFO neutron.wsgi [None req-d6e521c5-d7c3-4296-a4c3-83f04a218a8d 0c823ce683db4816b04969473ad9149f 4b086952c675437a8665199ebd4a5746 - - default default] 10.0.0.109 "GET /v2.0/qos/policies?tags=red%2Cblue HTTP/1.1" status: 200 len: 941 time: 0.0746555
2026-04-07 01:18:50.898 9 INFO neutron.wsgi [None req-165c3fc2-892a-4e3c-99c0-feee1b2f15b6 0c823ce683db4816b04969473ad9149f 4b086952c675437a8665199ebd4a5746 - - default default] 10.0.0.109 "GET /v2.0/qos/policies?tags-any=blue HTTP/1.1" status: 200 len: 941 time: 0.1073012
2026-04-07 01:18:50.969 9 INFO neutron.db.ovn_revision_numbers_db [None req-0f387acf-536b-4f86-a9e8-4668e7747b84 39f89f83bcd84e1cada6781be9251dc8 a79dfb3b4d574ac88fc0f426f6a3eee9 - - default default] Successfully bumped revision number for resource 2d1d176e-a16f-41da-8057-45a4cde156c7 (type: routers) to 7
2026-04-07 01:18:50.973 9 INFO neutron.wsgi [None req-0f387acf-536b-4f86-a9e8-4668e7747b84 39f89f83bcd84e1cada6781be9251dc8 a79dfb3b4d574ac88fc0f426f6a3eee9 - - default default] 10.0.0.109 "PUT /v2.0/routers/2d1d176e-a16f-41da-8057-45a4cde156c7 HTTP/1.1" status: 200 len: 655 time: 0.4700189
2026-04-07 01:18:51.010 9 INFO neutron.wsgi [None req-99ef6abb-7b4c-4bee-8a52-75c8ab475530 39f89f83bcd84e1cada6781be9251dc8 a79dfb3b4d574ac88fc0f426f6a3eee9 - - default default] 10.0.0.109 "GET /v2.0/ports?device_id=2d1d176e-a16f-41da-8057-45a4cde156c7 HTTP/1.1" status: 200 len: 205 time: 0.0299637
2026-04-07 01:18:51.254 10 INFO neutron.wsgi [None req-f5831117-72bb-46ca-ae09-2a16d3876c36 0c823ce683db4816b04969473ad9149f 4b086952c675437a8665199ebd4a5746 - - default default] 10.0.0.109 "GET /v2.0/qos/policies?tags-any=red%2Cblue HTTP/1.1" status: 200 len: 1296 time: 0.3481596
2026-04-07 01:18:51.284 9 INFO neutron.wsgi [None req-c6b45e8f-9350-4d1b-9f10-55120d8ce689 39f89f83bcd84e1cada6781be9251dc8 a79dfb3b4d574ac88fc0f426f6a3eee9 - - default default] 10.0.0.109 "DELETE /v2.0/routers/2d1d176e-a16f-41da-8057-45a4cde156c7 HTTP/1.1" status: 204 len: 168 time: 0.2684977
2026-04-07 01:18:51.314 10 INFO neutron.wsgi [None req-d1d006c0-c7ca-4474-93a5-f67fe6dce718 b79fd18be6484ab3be3944303af0fddd a38b0b41e32c4c89a7b16e9d70bcfb57 - - default default] 10.0.0.109 "PUT /v2.0/routers/2415efc8-b9fc-4dc9-b66d-a6a063ad9ef0/remove_router_interface HTTP/1.1" status: 200 len: 503 time: 1.3154187 /var/lib/openstack/lib/python3.10/site-packages/pycadf/identifier.py:71: UserWarning: Invalid uuid: neutron. To ensure interoperability, identifiers should be a valid uuid. warnings.warn(('Invalid uuid: %s. To ensure interoperability, '
2026-04-07 01:18:51.323 9 INFO neutron.wsgi [None req-c335fd86-f674-4fe7-861b-746728f3c263 0c823ce683db4816b04969473ad9149f 4b086952c675437a8665199ebd4a5746 - - default default] 10.0.0.109 "GET /v2.0/qos/policies?not-tags=red HTTP/1.1" status: 200 len: 913 time: 0.0626771
2026-04-07 01:18:51.392 9 INFO neutron.wsgi [None req-35e4785a-0cdd-4534-9aaf-bbad4708b254 0c823ce683db4816b04969473ad9149f 4b086952c675437a8665199ebd4a5746 - - default default] 10.0.0.109 "GET /v2.0/qos/policies?not-tags=red%2Cblue HTTP/1.1" status: 200 len: 1268 time: 0.0639231
2026-04-07 01:18:51.476 9 INFO neutron.wsgi [None req-8ea3cd15-8422-4a32-be9b-ad042a105ffe 0c823ce683db4816b04969473ad9149f 4b086952c675437a8665199ebd4a5746 - - default default] 10.0.0.109 "GET /v2.0/qos/policies?not-tags-any=blue HTTP/1.1" status: 200 len: 1268 time: 0.0790997
2026-04-07 01:18:51.527 9 INFO neutron.wsgi [None req-9d3d0114-db94-43cf-96d8-f70b97d04348 0c823ce683db4816b04969473ad9149f 4b086952c675437a8665199ebd4a5746 - - default default] 10.0.0.109 "GET /v2.0/qos/policies?not-tags-any=red%2Cblue HTTP/1.1" status: 200 len: 913 time: 0.0461552
2026-04-07 01:18:51.608 9 INFO neutron.wsgi [None req-7b0ab4cc-4ddb-4152-b00a-602c4ce61f72 db2fc8a2d4924a9bb549779f40d381ae 04e01978576449aea80d75a8be50c6f3 - - default default] 10.0.0.109 "DELETE /v2.0/qos/policies/70bd93e5-db28-44e3-91bf-91bfad6d7a2c HTTP/1.1" status: 204 len: 168 time: 0.0743988
2026-04-07 01:18:51.679 9 INFO neutron.wsgi [None req-748eadf1-f4c4-41dc-9683-a49b293073d1 db2fc8a2d4924a9bb549779f40d381ae 04e01978576449aea80d75a8be50c6f3 - - default default] 10.0.0.109 "DELETE /v2.0/qos/policies/0a40b29b-828f-4abd-b6ec-ba7f0a33803a HTTP/1.1" status: 204 len: 168 time: 0.0668061
2026-04-07 01:18:51.776 10 INFO neutron.wsgi [None req-c011d851-40e1-49ab-ae71-dd0b239bb50d db2fc8a2d4924a9bb549779f40d381ae 04e01978576449aea80d75a8be50c6f3 - - default default] 10.0.0.109 "DELETE /v2.0/qos/policies/f1e7a5c6-66f1-4e09-a3c4-1a0cfb9fb4a5 HTTP/1.1" status: 204 len: 168 time: 0.0901031
2026-04-07 01:18:51.846 9 INFO neutron.wsgi [None req-a0b73f75-d4ce-4d72-8f36-800f36bb0aff db2fc8a2d4924a9bb549779f40d381ae 04e01978576449aea80d75a8be50c6f3 - - default default] 10.0.0.109 "DELETE /v2.0/qos/policies/24c4c383-1872-4d7b-9859-c6e94ef31cc9 HTTP/1.1" status: 204 len: 168 time: 0.0650008
2026-04-07 01:18:51.936 10 INFO neutron.wsgi [None req-da9c1d5c-3cf1-40ca-8940-3f8cc5f596ee db2fc8a2d4924a9bb549779f40d381ae 04e01978576449aea80d75a8be50c6f3 - - default default] 10.0.0.109 "DELETE /v2.0/qos/policies/2dde7b32-a347-4dab-a9a4-fa36f0d02491 HTTP/1.1" status: 204 len: 168 time: 0.0846684
2026-04-07 01:18:52.273 9 INFO neutron.db.ovn_revision_numbers_db [None req-9810a113-0f9c-41e1-8049-972005190e17 b79fd18be6484ab3be3944303af0fddd a38b0b41e32c4c89a7b16e9d70bcfb57 - - default default] Successfully bumped revision number for resource 879a5562-5b20-4c37-be17-0573c0b95c05 (type: security_groups) to 1
2026-04-07 01:18:52.274 10 INFO neutron.wsgi [None req-83ce3505-62a0-45a3-8ca0-25415adac3a4 b79fd18be6484ab3be3944303af0fddd a38b0b41e32c4c89a7b16e9d70bcfb57 - - default default] 10.0.0.109 "DELETE /v2.0/routers/2415efc8-b9fc-4dc9-b66d-a6a063ad9ef0 HTTP/1.1" status: 204 len: 168 time: 0.9551492
2026-04-07 01:18:52.304 9 INFO neutron.db.ovn_revision_numbers_db [None req-9810a113-0f9c-41e1-8049-972005190e17 b79fd18be6484ab3be3944303af0fddd a38b0b41e32c4c89a7b16e9d70bcfb57 - - default default] Successfully bumped revision number for resource 281f5ccd-759d-40f1-97d5-e32bf0583d86 (type: security_group_rules) to 0
2026-04-07 01:18:52.320 9 INFO neutron.db.ovn_revision_numbers_db [None req-9810a113-0f9c-41e1-8049-972005190e17 b79fd18be6484ab3be3944303af0fddd a38b0b41e32c4c89a7b16e9d70bcfb57 - - default default] Successfully bumped revision number for resource 34ad95c8-23f5-4b1f-8ceb-b7d93bdf6404 (type: security_group_rules) to 0
2026-04-07 01:18:52.348 9 INFO neutron.db.ovn_revision_numbers_db [None req-9810a113-0f9c-41e1-8049-972005190e17 b79fd18be6484ab3be3944303af0fddd a38b0b41e32c4c89a7b16e9d70bcfb57 - - default default] Successfully bumped revision number for resource c18a82e5-c0d3-47fc-a727-e7b8905e4ae3 (type: security_group_rules) to 0
2026-04-07 01:18:52.369 9 INFO neutron.db.ovn_revision_numbers_db [None req-9810a113-0f9c-41e1-8049-972005190e17 b79fd18be6484ab3be3944303af0fddd a38b0b41e32c4c89a7b16e9d70bcfb57 - - default default] Successfully bumped revision number for resource e71c7210-33ec-4c58-9ac3-0444a1746d78 (type: security_group_rules) to 0
2026-04-07 01:18:52.399 9 INFO neutron.wsgi [None req-9810a113-0f9c-41e1-8049-972005190e17 b79fd18be6484ab3be3944303af0fddd a38b0b41e32c4c89a7b16e9d70bcfb57 - - default default] 10.0.0.109 "GET /v2.0/security-groups?tenant_id=3cfbde6baccf40faa0fdec270b55a6e6&name=default HTTP/1.1" status: 200 len: 2996 time: 0.4259953
2026-04-07 01:18:52.477 9 INFO neutron.wsgi [None req-5c70250a-9d75-4c81-af6d-a2b22ea78b93 b79fd18be6484ab3be3944303af0fddd a38b0b41e32c4c89a7b16e9d70bcfb57 - - default default] 10.0.0.109 "DELETE /v2.0/subnets/f831a658-c5ce-4d05-bdf4-cc5d96a1b5d3 HTTP/1.1" status: 204 len: 168 time: 0.1989141
2026-04-07 01:18:52.599 10 INFO neutron.wsgi [None req-11d0543e-e63a-4fcb-b072-d499735e1ef9 b79fd18be6484ab3be3944303af0fddd a38b0b41e32c4c89a7b16e9d70bcfb57 - - default default] 10.0.0.109 "DELETE /v2.0/security-groups/879a5562-5b20-4c37-be17-0573c0b95c05 HTTP/1.1" status: 204 len: 168 time: 0.1939344
2026-04-07 01:18:52.810 9 INFO neutron.services.segments.plugin [-] Segment aa441371-41f2-42b2-a2ec-d5ceb84597d8 resource provider aggregate not found
2026-04-07 01:18:52.815 9 INFO neutron.services.segments.plugin [-] Segment aa441371-41f2-42b2-a2ec-d5ceb84597d8 resource provider aggregate not found
2026-04-07 01:18:52.834 9 INFO neutron.services.segments.plugin [-] Segment aa441371-41f2-42b2-a2ec-d5ceb84597d8 resource provider not found; error: Placement Client Error (4xx): {"errors": [{"status": 404, "title": "Not Found", "detail": "The resource could not be found.\n\n No resource provider with uuid aa441371-41f2-42b2-a2ec-d5ceb84597d8 found for delete ", "request_id": "req-6bbd5142-5b1a-4297-afeb-6d178246169a"}]}
2026-04-07 01:18:52.835 9 INFO neutron.services.segments.plugin [-] Segment aa441371-41f2-42b2-a2ec-d5ceb84597d8 resource provider not found; error: Placement Client Error (4xx): {"errors": [{"status": 404, "title": "Not Found", "detail": "The resource could not be found.\n\n No resource provider with uuid aa441371-41f2-42b2-a2ec-d5ceb84597d8 found for delete ", "request_id": "req-313b8fa9-a256-4f3d-af74-573cce88546e"}]}
2026-04-07 01:18:52.859 9 INFO neutron.wsgi [None req-276f63da-8dd8-4880-bf3c-1cf7ea7d0b96 b79fd18be6484ab3be3944303af0fddd a38b0b41e32c4c89a7b16e9d70bcfb57 - - default default] 10.0.0.109 "DELETE /v2.0/networks/760ddcaa-e8f4-4678-a9d6-39e895dcb30f HTTP/1.1" status: 204 len: 168 time: 0.3720498
2026-04-07 01:18:52.860 10 INFO neutron.db.ovn_revision_numbers_db [None req-196ba23e-b98a-415d-a7ba-ed51171b8ddf b79fd18be6484ab3be3944303af0fddd a38b0b41e32c4c89a7b16e9d70bcfb57 - - default default] Successfully bumped revision number for resource 8d12923d-1018-4db9-828b-a267738e887b (type: security_groups) to 1
2026-04-07 01:18:52.874 10 INFO neutron.db.ovn_revision_numbers_db [None req-196ba23e-b98a-415d-a7ba-ed51171b8ddf b79fd18be6484ab3be3944303af0fddd a38b0b41e32c4c89a7b16e9d70bcfb57 - - default default] Successfully bumped revision number for resource 2524c96f-0281-4433-9ea0-327503f82bab (type: security_group_rules) to 0
2026-04-07 01:18:52.888 10 INFO neutron.db.ovn_revision_numbers_db [None req-196ba23e-b98a-415d-a7ba-ed51171b8ddf b79fd18be6484ab3be3944303af0fddd a38b0b41e32c4c89a7b16e9d70bcfb57 - - default default] Successfully bumped revision number for resource cea1d31b-fafa-4d83-9c85-8c397dbf782f (type: security_group_rules) to 0
2026-04-07 01:18:52.909 10 INFO neutron.db.ovn_revision_numbers_db [None req-196ba23e-b98a-415d-a7ba-ed51171b8ddf b79fd18be6484ab3be3944303af0fddd a38b0b41e32c4c89a7b16e9d70bcfb57 - - default default] Successfully bumped revision number for resource cfc1d4a0-5dad-4942-83a5-ea350422eeaa (type: security_group_rules) to 0
2026-04-07 01:18:52.924 10 INFO neutron.db.ovn_revision_numbers_db [None req-196ba23e-b98a-415d-a7ba-ed51171b8ddf b79fd18be6484ab3be3944303af0fddd a38b0b41e32c4c89a7b16e9d70bcfb57 - - default default] Successfully bumped revision number for resource ffbf56bc-9cd4-4e8a-80bc-8ad8a48261a5 (type: security_group_rules) to 0
2026-04-07 01:18:52.951 10 INFO neutron.wsgi [None req-196ba23e-b98a-415d-a7ba-ed51171b8ddf b79fd18be6484ab3be3944303af0fddd a38b0b41e32c4c89a7b16e9d70bcfb57 - - default default] 10.0.0.109 "GET /v2.0/security-groups?tenant_id=a79dfb3b4d574ac88fc0f426f6a3eee9&name=default HTTP/1.1" status: 200 len: 2996 time: 0.2056422
2026-04-07 01:18:53.018 10 INFO neutron.db.ovn_revision_numbers_db [None req-9656363a-885b-4f68-8106-6b2f360b343d b79fd18be6484ab3be3944303af0fddd a38b0b41e32c4c89a7b16e9d70bcfb57 - - default default] Successfully bumped revision number for resource 9beeb262-08cf-4a30-a9e9-2d0892d0b5e3 (type: security_groups) to 1
2026-04-07 01:18:53.034 10 INFO neutron.db.ovn_revision_numbers_db [None req-9656363a-885b-4f68-8106-6b2f360b343d b79fd18be6484ab3be3944303af0fddd a38b0b41e32c4c89a7b16e9d70bcfb57 - - default default] Successfully bumped revision number for resource 026f1e56-8315-42e4-8763-3446cae5934b (type: security_group_rules) to 0
2026-04-07 01:18:53.048 10 INFO neutron.db.ovn_revision_numbers_db [None req-9656363a-885b-4f68-8106-6b2f360b343d b79fd18be6484ab3be3944303af0fddd a38b0b41e32c4c89a7b16e9d70bcfb57 - - default default] Successfully bumped revision number for resource 217e753d-4c57-4753-b57a-5d6a1fbd1f6d (type: security_group_rules) to 0
2026-04-07 01:18:53.065 10 INFO neutron.db.ovn_revision_numbers_db [None req-9656363a-885b-4f68-8106-6b2f360b343d b79fd18be6484ab3be3944303af0fddd a38b0b41e32c4c89a7b16e9d70bcfb57 - - default default] Successfully bumped revision number for resource 99070fc2-3bd7-40d7-9b93-282f8c8d3f32 (type: security_group_rules) to 0
2026-04-07 01:18:53.083 10 INFO neutron.db.ovn_revision_numbers_db [None req-9656363a-885b-4f68-8106-6b2f360b343d b79fd18be6484ab3be3944303af0fddd a38b0b41e32c4c89a7b16e9d70bcfb57 - - default default] Successfully bumped revision number for resource cf4dbbcd-a640-4ed1-b2e4-ba581157b819 (type: security_group_rules) to 0
2026-04-07 01:18:53.110 10 INFO neutron.wsgi [None req-9656363a-885b-4f68-8106-6b2f360b343d b79fd18be6484ab3be3944303af0fddd a38b0b41e32c4c89a7b16e9d70bcfb57 - - default default] 10.0.0.109 "GET /v2.0/security-groups?tenant_id=04e01978576449aea80d75a8be50c6f3&name=default HTTP/1.1" status: 200 len: 2996 time: 0.4271176
2026-04-07 01:18:53.139 9 INFO neutron.wsgi [None req-1501075e-5e66-4218-9c74-0720e79b7b72 b79fd18be6484ab3be3944303af0fddd a38b0b41e32c4c89a7b16e9d70bcfb57 - - default default] 10.0.0.109 "GET /v2.0/security-groups?tenant_id=71da5aa3f4934998bb798d3ca38b8b60&name=default HTTP/1.1" status: 200 len: 2996 time: 0.0379972
2026-04-07 01:18:53.194 9 INFO neutron.wsgi [None req-98e97299-acf1-4b10-b0fd-566622dacab1 b79fd18be6484ab3be3944303af0fddd a38b0b41e32c4c89a7b16e9d70bcfb57 - - default default] 10.0.0.109 "DELETE /v2.0/security-groups/8d12923d-1018-4db9-828b-a267738e887b HTTP/1.1" status: 204 len: 168 time: 0.2379305
2026-04-07 01:18:53.305 10 INFO neutron.wsgi [None req-d4c61acf-564e-49d9-a275-c5b03208cc3e b79fd18be6484ab3be3944303af0fddd a38b0b41e32c4c89a7b16e9d70bcfb57 - - default default] 10.0.0.109 "DELETE /v2.0/security-groups/9beeb262-08cf-4a30-a9e9-2d0892d0b5e3 HTTP/1.1" status: 204 len: 168 time: 0.1906431
2026-04-07 01:18:53.342 9 INFO neutron.wsgi [None req-9df37eab-2199-4d7f-b810-3bb8e0e6a821 b79fd18be6484ab3be3944303af0fddd a38b0b41e32c4c89a7b16e9d70bcfb57 - - default default] 10.0.0.109 "DELETE /v2.0/security-groups/ae53ae54-4d7c-4fd4-9743-b3d7ad01f4ec HTTP/1.1" status: 204 len: 168 time: 0.1970801
2026-04-07 01:18:53.517 9 INFO neutron.wsgi [None req-3622c5b5-9a5f-4c2a-9627-eede2d54e289 b79fd18be6484ab3be3944303af0fddd a38b0b41e32c4c89a7b16e9d70bcfb57 - - default default] 10.0.0.109 "GET /v2.0/security-groups?tenant_id=f022b1b2867c48febfafc7716354cb11&name=default HTTP/1.1" status: 200 len: 2996 time: 0.0413857
2026-04-07 01:18:53.554 10 INFO neutron.db.ovn_revision_numbers_db [None req-7884b520-f5d6-41a5-a8d5-a5f3a888bc29 b79fd18be6484ab3be3944303af0fddd a38b0b41e32c4c89a7b16e9d70bcfb57 - - default default] Successfully bumped revision number for resource d72e589b-c9e9-4c92-a7fe-3948ef17998d (type: security_groups) to 1
2026-04-07 01:18:53.568 10 INFO neutron.db.ovn_revision_numbers_db [None req-7884b520-f5d6-41a5-a8d5-a5f3a888bc29 b79fd18be6484ab3be3944303af0fddd a38b0b41e32c4c89a7b16e9d70bcfb57 - - default default] Successfully bumped revision number for resource 717ec3fd-0b82-47a6-af85-18b8c07e2d35 (type: security_group_rules) to 0
2026-04-07 01:18:53.583 10 INFO neutron.db.ovn_revision_numbers_db [None req-7884b520-f5d6-41a5-a8d5-a5f3a888bc29 b79fd18be6484ab3be3944303af0fddd a38b0b41e32c4c89a7b16e9d70bcfb57 - - default default] Successfully bumped revision number for resource 89f016e1-9b5a-4d75-b858-b56eb06b337a (type: security_group_rules) to 0
2026-04-07 01:18:53.604 10 INFO neutron.db.ovn_revision_numbers_db [None req-7884b520-f5d6-41a5-a8d5-a5f3a888bc29 b79fd18be6484ab3be3944303af0fddd a38b0b41e32c4c89a7b16e9d70bcfb57 - - default default] Successfully bumped revision number for resource 9b8d71c2-0584-43f4-9429-93ce737cae66 (type: security_group_rules) to 0
2026-04-07 01:18:53.618 10 INFO neutron.db.ovn_revision_numbers_db [None req-7884b520-f5d6-41a5-a8d5-a5f3a888bc29 b79fd18be6484ab3be3944303af0fddd a38b0b41e32c4c89a7b16e9d70bcfb57 - - default default] Successfully bumped revision number for resource c6612f4d-1920-4847-8645-e9b781a13370 (type: security_group_rules) to 0
2026-04-07 01:18:53.643 10 INFO neutron.wsgi [None req-7884b520-f5d6-41a5-a8d5-a5f3a888bc29 b79fd18be6484ab3be3944303af0fddd a38b0b41e32c4c89a7b16e9d70bcfb57 - - default default] 10.0.0.109 "GET /v2.0/security-groups?tenant_id=4b086952c675437a8665199ebd4a5746&name=default HTTP/1.1" status: 200 len: 2996 time: 0.2026448
2026-04-07 01:18:53.739 9 INFO neutron.wsgi [None req-55f3b73c-1c95-4e91-b4b9-741f55a0954d b79fd18be6484ab3be3944303af0fddd a38b0b41e32c4c89a7b16e9d70bcfb57 - - default default] 10.0.0.109 "DELETE /v2.0/security-groups/4f1c546e-4481-49a4-8e84-d98c2d570f33 HTTP/1.1" status: 204 len: 168 time: 0.2150178
2026-04-07 01:18:53.839 10 INFO neutron.wsgi [None req-447e38df-c15d-46ae-acd0-439f41455235 b79fd18be6484ab3be3944303af0fddd a38b0b41e32c4c89a7b16e9d70bcfb57 - - default default] 10.0.0.109 "DELETE /v2.0/security-groups/d72e589b-c9e9-4c92-a7fe-3948ef17998d HTTP/1.1" status: 204 len: 168 time: 0.1894598
2026-04-07 01:18:54.087 10 INFO neutron.wsgi [req-319555fd-72bd-4776-bbec-cb5cb464c77f req-c013c645-12b2-4320-ace1-546475631596 b79fd18be6484ab3be3944303af0fddd a38b0b41e32c4c89a7b16e9d70bcfb57 - - default default] 10.0.0.108 "GET /v2.0/security-groups?id=f3c7cb5d-cd4e-485f-a9ed-1fc535adf304&fields=id HTTP/1.1" status: 200 len: 267 time: 0.0516233
2026-04-07 01:18:54.117 10 INFO neutron.db.ovn_revision_numbers_db [None req-59a9253e-2b83-4311-9cd6-3e8412a411fa b79fd18be6484ab3be3944303af0fddd a38b0b41e32c4c89a7b16e9d70bcfb57 - - default default] Successfully bumped revision number for resource 4080df16-7bf3-4ddd-afb6-c438bb05935e (type: security_groups) to 1
2026-04-07 01:18:54.145 10 INFO neutron.db.ovn_revision_numbers_db [None req-59a9253e-2b83-4311-9cd6-3e8412a411fa b79fd18be6484ab3be3944303af0fddd a38b0b41e32c4c89a7b16e9d70bcfb57 - - default default] Successfully bumped revision number for resource 0461c01b-fd17-4f6a-87ab-c4e07d5cc5d1 (type: security_group_rules) to 0
2026-04-07 01:18:54.163 10 INFO neutron.wsgi [req-319555fd-72bd-4776-bbec-cb5cb464c77f req-f5ab2b8c-5193-407e-b92e-57b6d3e69ae8 b79fd18be6484ab3be3944303af0fddd a38b0b41e32c4c89a7b16e9d70bcfb57 - - default default] 10.0.0.108 "GET /v2.0/networks?id=819eb512-3f91-4e9f-8e9e-dc50435bf51a HTTP/1.1" status: 200 len: 937 time: 0.0669811
2026-04-07 01:18:54.164 10 INFO neutron.db.ovn_revision_numbers_db [None req-59a9253e-2b83-4311-9cd6-3e8412a411fa b79fd18be6484ab3be3944303af0fddd a38b0b41e32c4c89a7b16e9d70bcfb57 - - default default] Successfully bumped revision number for resource 2658c030-7856-4286-b8d9-44ba0253b701 (type: security_group_rules) to 0
2026-04-07 01:18:54.182 10 INFO neutron.wsgi [req-319555fd-72bd-4776-bbec-cb5cb464c77f req-258c538a-6a35-4cc2-9f56-e70fc1af786e b79fd18be6484ab3be3944303af0fddd a38b0b41e32c4c89a7b16e9d70bcfb57 - - default default] 10.0.0.108 "GET /v2.0/quotas/a38b0b41e32c4c89a7b16e9d70bcfb57 HTTP/1.1" status: 200 len: 385 time: 0.0119708
2026-04-07 01:18:54.183 10 INFO neutron.db.ovn_revision_numbers_db [None req-59a9253e-2b83-4311-9cd6-3e8412a411fa b79fd18be6484ab3be3944303af0fddd a38b0b41e32c4c89a7b16e9d70bcfb57 - - default default] Successfully bumped revision number for resource a69db597-6deb-4aaa-9785-22f27b5a103c (type: security_group_rules) to 0
2026-04-07 01:18:54.204 10 INFO neutron.db.ovn_revision_numbers_db [None req-59a9253e-2b83-4311-9cd6-3e8412a411fa b79fd18be6484ab3be3944303af0fddd a38b0b41e32c4c89a7b16e9d70bcfb57 - - default default] Successfully bumped revision number for resource fbe5aece-5524-4a9c-a10f-29c6391c8861 (type: security_group_rules) to 0
2026-04-07 01:18:54.241 10 INFO neutron.wsgi [None req-59a9253e-2b83-4311-9cd6-3e8412a411fa b79fd18be6484ab3be3944303af0fddd a38b0b41e32c4c89a7b16e9d70bcfb57 - - default default] 10.0.0.109 "GET /v2.0/security-groups?tenant_id=ed40e09d7b8f42c787068f32a9230a73&name=default HTTP/1.1" status: 200 len: 2996 time: 0.2654419
2026-04-07 01:18:54.250 10 INFO neutron.wsgi [req-319555fd-72bd-4776-bbec-cb5cb464c77f req-719d4d32-b439-4789-add2-4cfd526db496 b79fd18be6484ab3be3944303af0fddd a38b0b41e32c4c89a7b16e9d70bcfb57 - - default default] 10.0.0.108 "GET /v2.0/ports?tenant_id=a38b0b41e32c4c89a7b16e9d70bcfb57&fields=id HTTP/1.1" status: 200 len: 348 time: 0.0612209
2026-04-07 01:18:54.318 10 INFO neutron.wsgi [req-319555fd-72bd-4776-bbec-cb5cb464c77f req-7277752b-d51e-47a2-ae2f-10bda086e386 fbd8907a5f9c45149b7c038d0212b587 dba7df4e747c47db98cd6c9869a1d6ea - - 01f9423ebda34104846b5c94b1c9ac6e 01f9423ebda34104846b5c94b1c9ac6e] 10.0.0.108 "GET /v2.0/networks/819eb512-3f91-4e9f-8e9e-dc50435bf51a?fields=segments HTTP/1.1" status: 200 len: 212 time: 0.0576341
2026-04-07 01:18:54.389 10 INFO neutron.wsgi [req-319555fd-72bd-4776-bbec-cb5cb464c77f req-a429da0e-a685-4223-bdc3-490a94592b39 fbd8907a5f9c45149b7c038d0212b587 dba7df4e747c47db98cd6c9869a1d6ea - - 01f9423ebda34104846b5c94b1c9ac6e 01f9423ebda34104846b5c94b1c9ac6e] 10.0.0.108 "GET /v2.0/networks/819eb512-3f91-4e9f-8e9e-dc50435bf51a?fields=provider%3Aphysical_network&fields=provider%3Anetwork_type HTTP/1.1" status: 200 len: 277 time: 0.0640736
2026-04-07 01:18:54.420 9 INFO neutron.wsgi [None req-534e1473-b0cd-41c5-a238-6ac24bc96384 b79fd18be6484ab3be3944303af0fddd a38b0b41e32c4c89a7b16e9d70bcfb57 - - default default] 10.0.0.109 "DELETE /v2.0/security-groups/4080df16-7bf3-4ddd-afb6-c438bb05935e HTTP/1.1" status: 204 len: 168 time: 0.1708517
2026-04-07 01:18:54.865 9 INFO neutron.wsgi [req-c1ffc025-495b-4976-8df8-e89d9a358228 req-6734758d-4c02-46d2-98cb-62cefced8348 b79fd18be6484ab3be3944303af0fddd a38b0b41e32c4c89a7b16e9d70bcfb57 - - default default] 10.0.0.108 "GET /v2.0/ports?device_id=817c4d2f-10de-4d37-823a-0f20cf50aafc HTTP/1.1" status: 200 len: 210 time: 0.0226390
2026-04-07 01:18:54.934 10 INFO neutron.wsgi [req-6036ca36-b7e0-408c-bcd0-f5e8c06bd122 req-0222f1ac-ab3a-407a-b13f-b5cd766900c5 b79fd18be6484ab3be3944303af0fddd a38b0b41e32c4c89a7b16e9d70bcfb57 - - default default] 10.0.0.108 "GET /v2.0/ports?device_id=817c4d2f-10de-4d37-823a-0f20cf50aafc HTTP/1.1" status: 200 len: 210 time: 0.0214171
2026-04-07 01:18:55.454 10 INFO neutron.wsgi [req-319555fd-72bd-4776-bbec-cb5cb464c77f req-99f4f184-67ec-44bc-8a66-76771f846cf7 b79fd18be6484ab3be3944303af0fddd a38b0b41e32c4c89a7b16e9d70bcfb57 - - default default] 199.19.213.84 "GET /v2.0/networks?id=819eb512-3f91-4e9f-8e9e-dc50435bf51a HTTP/1.1" status: 200 len: 937 time: 0.0658495
2026-04-07 01:18:55.511 10 INFO neutron.wsgi [req-319555fd-72bd-4776-bbec-cb5cb464c77f req-ce08d498-7656-49d0-9d80-e8b2cee81506 b79fd18be6484ab3be3944303af0fddd a38b0b41e32c4c89a7b16e9d70bcfb57 - - default default] 199.19.213.84 "GET /v2.0/security-groups?fields=id&fields=name&tenant_id=a38b0b41e32c4c89a7b16e9d70bcfb57 HTTP/1.1" status: 200 len: 542 time: 0.0511291
2026-04-07 01:18:55.761 10 WARNING neutron.scheduler.dhcp_agent_scheduler [req-319555fd-72bd-4776-bbec-cb5cb464c77f req-d7ca3f49-4725-4f30-85a0-f6eee332243f b79fd18be6484ab3be3944303af0fddd a38b0b41e32c4c89a7b16e9d70bcfb57 - - default default] No more DHCP agents
2026-04-07 01:18:55.763 10 WARNING neutron.api.rpc.agentnotifiers.dhcp_rpc_agent_api [req-319555fd-72bd-4776-bbec-cb5cb464c77f req-d7ca3f49-4725-4f30-85a0-f6eee332243f b79fd18be6484ab3be3944303af0fddd a38b0b41e32c4c89a7b16e9d70bcfb57 - - default default] Unable to schedule network 819eb512-3f91-4e9f-8e9e-dc50435bf51a: no agents available; will retry on subsequent port and subnet creation events.
2026-04-07 01:18:55.988 10 INFO neutron.db.ovn_revision_numbers_db [req-319555fd-72bd-4776-bbec-cb5cb464c77f req-d7ca3f49-4725-4f30-85a0-f6eee332243f b79fd18be6484ab3be3944303af0fddd a38b0b41e32c4c89a7b16e9d70bcfb57 - - default default] Successfully bumped revision number for resource 64ff747f-29c8-4716-a0b5-d5602a1fccfa (type: ports) to 1
2026-04-07 01:18:56.016 10 INFO neutron.wsgi [req-319555fd-72bd-4776-bbec-cb5cb464c77f req-d7ca3f49-4725-4f30-85a0-f6eee332243f b79fd18be6484ab3be3944303af0fddd a38b0b41e32c4c89a7b16e9d70bcfb57 - - default default] 199.19.213.84 "POST /v2.0/ports HTTP/1.1" status: 201 len: 1287 time: 0.4990790 /var/lib/openstack/lib/python3.10/site-packages/pycadf/identifier.py:71: UserWarning: Invalid uuid: neutron. To ensure interoperability, identifiers should be a valid uuid. warnings.warn(('Invalid uuid: %s. To ensure interoperability, '
2026-04-07 01:18:56.529 10 INFO neutron.db.ovn_revision_numbers_db [req-319555fd-72bd-4776-bbec-cb5cb464c77f req-bdc50687-f4e6-4516-b1a4-ba8779573d7e fbd8907a5f9c45149b7c038d0212b587 dba7df4e747c47db98cd6c9869a1d6ea - - 01f9423ebda34104846b5c94b1c9ac6e 01f9423ebda34104846b5c94b1c9ac6e] Successfully bumped revision number for resource 64ff747f-29c8-4716-a0b5-d5602a1fccfa (type: ports) to 2
2026-04-07 01:18:56.693 9 WARNING neutron_lib.context [None req-2412a482-e265-4917-ab76-7ea6099ca8b8 62b6c60724e748d9b63a5c0233f4f065 1c301d707ff3438d9fdf33413e851d85 - - default default] Method 'is_advsvc' is deprecated since 2023.2 release (neutron-lib 3.8.0) and will be removed once support for the old RBAC API policies will be removed from Neutron. Please use method 'is_service_role' instead.
2026-04-07 01:18:56.787 10 INFO neutron.db.ovn_revision_numbers_db [req-319555fd-72bd-4776-bbec-cb5cb464c77f req-bdc50687-f4e6-4516-b1a4-ba8779573d7e fbd8907a5f9c45149b7c038d0212b587 dba7df4e747c47db98cd6c9869a1d6ea - - 01f9423ebda34104846b5c94b1c9ac6e 01f9423ebda34104846b5c94b1c9ac6e] Successfully bumped revision number for resource 64ff747f-29c8-4716-a0b5-d5602a1fccfa (type: ports) to 2
2026-04-07 01:18:56.805 10 INFO neutron.wsgi [req-319555fd-72bd-4776-bbec-cb5cb464c77f req-bdc50687-f4e6-4516-b1a4-ba8779573d7e fbd8907a5f9c45149b7c038d0212b587 dba7df4e747c47db98cd6c9869a1d6ea - - 01f9423ebda34104846b5c94b1c9ac6e 01f9423ebda34104846b5c94b1c9ac6e] 199.19.213.84 "PUT /v2.0/ports/64ff747f-29c8-4716-a0b5-d5602a1fccfa HTTP/1.1" status: 200 len: 1384 time: 0.7809529
2026-04-07 01:18:56.858 10 INFO neutron.notifiers.nova [-] Nova event matching ['req-7ac16514-99dd-4255-814f-d64f8c35418c'] response: {'name': 'network-changed', 'server_uuid': '817c4d2f-10de-4d37-823a-0f20cf50aafc', 'tag': '64ff747f-29c8-4716-a0b5-d5602a1fccfa', 'status': 'completed', 'code': 200}
2026-04-07 01:18:56.874 9 INFO neutron.db.ovn_revision_numbers_db [None req-2412a482-e265-4917-ab76-7ea6099ca8b8 62b6c60724e748d9b63a5c0233f4f065 1c301d707ff3438d9fdf33413e851d85 - - default default] Successfully bumped revision number for resource 9e375052-a44d-4290-b718-ff7685bf4d07 (type: security_groups) to 1 /var/lib/openstack/lib/python3.10/site-packages/pycadf/identifier.py:71: UserWarning: Invalid uuid: neutron. To ensure interoperability, identifiers should be a valid uuid. warnings.warn(('Invalid uuid: %s. To ensure interoperability, '
2026-04-07 01:18:56.897 9 INFO neutron.db.ovn_revision_numbers_db [None req-2412a482-e265-4917-ab76-7ea6099ca8b8 62b6c60724e748d9b63a5c0233f4f065 1c301d707ff3438d9fdf33413e851d85 - - default default] Successfully bumped revision number for resource 4e0c6a9e-04ed-44f5-82da-68b025e38c11 (type: security_group_rules) to 0
2026-04-07 01:18:56.914 9 INFO neutron.db.ovn_revision_numbers_db [None req-2412a482-e265-4917-ab76-7ea6099ca8b8 62b6c60724e748d9b63a5c0233f4f065 1c301d707ff3438d9fdf33413e851d85 - - default default] Successfully bumped revision number for resource 5da19d81-fffe-4423-916a-f92d6eb29dfe (type: security_group_rules) to 0
2026-04-07 01:18:56.938 9 INFO neutron.db.ovn_revision_numbers_db [None req-2412a482-e265-4917-ab76-7ea6099ca8b8 62b6c60724e748d9b63a5c0233f4f065 1c301d707ff3438d9fdf33413e851d85 - - default default] Successfully bumped revision number for resource 8071fd3d-e6eb-4c92-92e6-115033264dda (type: security_group_rules) to 0
2026-04-07 01:18:56.941 10 INFO neutron.wsgi [req-319555fd-72bd-4776-bbec-cb5cb464c77f req-464b9e76-53d8-4081-be2f-018d8aa6562b fbd8907a5f9c45149b7c038d0212b587 dba7df4e747c47db98cd6c9869a1d6ea - - 01f9423ebda34104846b5c94b1c9ac6e 01f9423ebda34104846b5c94b1c9ac6e] 199.19.213.84 "GET /v2.0/ports?tenant_id=a38b0b41e32c4c89a7b16e9d70bcfb57&device_id=817c4d2f-10de-4d37-823a-0f20cf50aafc HTTP/1.1" status: 200 len: 1415 time: 0.0597444
2026-04-07 01:18:56.962 9 INFO neutron.db.ovn_revision_numbers_db [None req-2412a482-e265-4917-ab76-7ea6099ca8b8 62b6c60724e748d9b63a5c0233f4f065 1c301d707ff3438d9fdf33413e851d85 - - default default] Successfully bumped revision number for resource 81bbc6fd-98c5-4cd7-afd8-7d587c485405 (type: security_group_rules) to 0
2026-04-07 01:18:56.967 15 INFO neutron.db.ovn_revision_numbers_db [None req-f42725d3-97dc-46fe-8acc-427e9095e47c - - - - - -] Successfully bumped revision number for resource 7136bc72-7d5f-4ae0-a9bc-ddaf76acc8e6 (type: networks) to 3
2026-04-07 01:18:56.979 10 INFO neutron.wsgi [req-319555fd-72bd-4776-bbec-cb5cb464c77f req-285cfbae-e31a-4ff9-8506-29b0867fe26a fbd8907a5f9c45149b7c038d0212b587 dba7df4e747c47db98cd6c9869a1d6ea - - 01f9423ebda34104846b5c94b1c9ac6e 01f9423ebda34104846b5c94b1c9ac6e] 199.19.213.84 "GET /v2.0/floatingips?fixed_ip_address=172.24.3.175&port_id=64ff747f-29c8-4716-a0b5-d5602a1fccfa HTTP/1.1" status: 200 len: 217 time: 0.0269938
2026-04-07 01:18:57.022 10 INFO neutron.wsgi [req-319555fd-72bd-4776-bbec-cb5cb464c77f req-f2c8ff71-ca5f-40b9-b08a-4b9c27133c3a fbd8907a5f9c45149b7c038d0212b587 dba7df4e747c47db98cd6c9869a1d6ea - - 01f9423ebda34104846b5c94b1c9ac6e 01f9423ebda34104846b5c94b1c9ac6e] 199.19.213.84 "GET /v2.0/subnets?id=800904f6-8089-44dd-834b-e62592b3b627 HTTP/1.1" status: 200 len: 829 time: 0.0360732
2026-04-07 01:18:57.053 10 INFO neutron.wsgi [req-319555fd-72bd-4776-bbec-cb5cb464c77f req-82dd1f2c-1a5d-466d-98d3-e6ff11ce3411 fbd8907a5f9c45149b7c038d0212b587 dba7df4e747c47db98cd6c9869a1d6ea - - 01f9423ebda34104846b5c94b1c9ac6e 01f9423ebda34104846b5c94b1c9ac6e] 199.19.213.84 "GET /v2.0/ports?network_id=819eb512-3f91-4e9f-8e9e-dc50435bf51a&device_owner=network%3Adhcp HTTP/1.1" status: 200 len: 210 time: 0.0239749
2026-04-07 01:18:57.094 15 INFO neutron.db.ovn_revision_numbers_db [None req-f42725d3-97dc-46fe-8acc-427e9095e47c - - - - - -] Successfully bumped revision number for resource b7a561d4-4850-42a5-a7bd-6a5439bc0290 (type: networks) to 3
2026-04-07 01:18:57.116 10 INFO neutron.wsgi [req-319555fd-72bd-4776-bbec-cb5cb464c77f req-6f6b9af8-8fab-49aa-ab86-9a2a573ebef4 fbd8907a5f9c45149b7c038d0212b587 dba7df4e747c47db98cd6c9869a1d6ea - - 01f9423ebda34104846b5c94b1c9ac6e 01f9423ebda34104846b5c94b1c9ac6e] 199.19.213.84 "GET /v2.0/networks/819eb512-3f91-4e9f-8e9e-dc50435bf51a?fields=segments HTTP/1.1" status: 200 len: 212 time: 0.0585535
2026-04-07 01:18:57.180 15 INFO neutron.db.ovn_revision_numbers_db [None req-f42725d3-97dc-46fe-8acc-427e9095e47c - - - - - -] Successfully bumped revision number for resource b992790b-5762-4e42-892f-9c4d8ab617ae (type: networks) to 3
2026-04-07 01:18:57.182 10 INFO neutron.wsgi [req-319555fd-72bd-4776-bbec-cb5cb464c77f req-6bcf86f1-f767-4dce-a9c4-e855d98cb75c fbd8907a5f9c45149b7c038d0212b587 dba7df4e747c47db98cd6c9869a1d6ea - - 01f9423ebda34104846b5c94b1c9ac6e 01f9423ebda34104846b5c94b1c9ac6e] 199.19.213.84 "GET /v2.0/networks/819eb512-3f91-4e9f-8e9e-dc50435bf51a?fields=provider%3Aphysical_network&fields=provider%3Anetwork_type HTTP/1.1" status: 200 len: 277 time: 0.0621533
2026-04-07 01:18:57.272 10 INFO neutron.wsgi [req-d4da5d6c-9feb-4c60-b801-8d371d8945ac req-6432e52f-eaf2-47fd-8566-0324b2f09d20 fbd8907a5f9c45149b7c038d0212b587 dba7df4e747c47db98cd6c9869a1d6ea - - 01f9423ebda34104846b5c94b1c9ac6e 01f9423ebda34104846b5c94b1c9ac6e] 199.19.213.84 "GET /v2.0/ports?tenant_id=a38b0b41e32c4c89a7b16e9d70bcfb57&device_id=817c4d2f-10de-4d37-823a-0f20cf50aafc HTTP/1.1" status: 200 len: 1415 time: 0.0484927
2026-04-07 01:18:57.352 10 INFO neutron.wsgi [req-d4da5d6c-9feb-4c60-b801-8d371d8945ac req-2ede31c7-0fad-4f07-8a81-4b65419c93f4 fbd8907a5f9c45149b7c038d0212b587 dba7df4e747c47db98cd6c9869a1d6ea - - 01f9423ebda34104846b5c94b1c9ac6e 01f9423ebda34104846b5c94b1c9ac6e] 199.19.213.84 "GET /v2.0/networks?id=819eb512-3f91-4e9f-8e9e-dc50435bf51a HTTP/1.1" status: 200 len: 937 time: 0.0749600
2026-04-07 01:18:57.384 9 INFO neutron.db.ovn_revision_numbers_db [None req-2412a482-e265-4917-ab76-7ea6099ca8b8 62b6c60724e748d9b63a5c0233f4f065 1c301d707ff3438d9fdf33413e851d85 - - default default] Successfully bumped revision number for resource f8380d2c-64e6-4d82-b8e7-8dfaf2377e03 (type: security_groups) to 1
2026-04-07 01:18:57.385 10 INFO neutron.wsgi [req-d4da5d6c-9feb-4c60-b801-8d371d8945ac req-28d8889c-fe5d-4452-8577-e70118cfd4fa fbd8907a5f9c45149b7c038d0212b587 dba7df4e747c47db98cd6c9869a1d6ea - - 01f9423ebda34104846b5c94b1c9ac6e 01f9423ebda34104846b5c94b1c9ac6e] 199.19.213.84 "GET /v2.0/floatingips?fixed_ip_address=172.24.3.175&port_id=64ff747f-29c8-4716-a0b5-d5602a1fccfa HTTP/1.1" status: 200 len: 217 time: 0.0219059
