2026-02-25 20:37:48.216 8 INFO placement.requestlog [None req-dd1cce5d-8b52-4fca-b520-69db92b5aba4 709c399d191e46e0816651119cfdb52f bb1f5842a8214640ad4f8c8595425864 - - 71f984fa33844ef493cc49ac6ef015f4 71f984fa33844ef493cc49ac6ef015f4] 10.0.0.91 "GET /resource_providers/94e04b9a-919d-45ea-8d8f-716786fea582/aggregates" status: 404 len: 235 microversion: 1.1 [pid: 8|app: 0|req: 415/830] 10.0.0.91 () {32 vars in 824 bytes} [Wed Feb 25 20:37:48 2026] GET /resource_providers/94e04b9a-919d-45ea-8d8f-716786fea582/aggregates => generated 235 bytes in 14 msecs (HTTP/1.1 404) 5 headers in 202 bytes (1 switches on core 0)
2026-02-25 20:37:48.218 7 INFO placement.requestlog [None req-df5e4dc9-280d-432b-b8a5-2444821cfd08 709c399d191e46e0816651119cfdb52f bb1f5842a8214640ad4f8c8595425864 - - 71f984fa33844ef493cc49ac6ef015f4 71f984fa33844ef493cc49ac6ef015f4] 10.0.0.91 "GET /resource_providers/94e04b9a-919d-45ea-8d8f-716786fea582/aggregates" status: 404 len: 235 microversion: 1.1 [pid: 7|app: 0|req: 416/831] 10.0.0.91 () {32 vars in 824 bytes} [Wed Feb 25 20:37:48 2026] GET /resource_providers/94e04b9a-919d-45ea-8d8f-716786fea582/aggregates => generated 235 bytes in 12 msecs (HTTP/1.1 404) 5 headers in 202 bytes (1 switches on core 0)
2026-02-25 20:37:48.240 7 INFO placement.requestlog [None req-76c49c58-4470-438a-b08d-d34067bf5048 709c399d191e46e0816651119cfdb52f bb1f5842a8214640ad4f8c8595425864 - - 71f984fa33844ef493cc49ac6ef015f4 71f984fa33844ef493cc49ac6ef015f4] 10.0.0.91 "DELETE /resource_providers/94e04b9a-919d-45ea-8d8f-716786fea582" status: 404 len: 246 microversion: 1.1 [pid: 7|app: 0|req: 417/832] 10.0.0.91 () {34 vars in 824 bytes} [Wed Feb 25 20:37:48 2026] DELETE /resource_providers/94e04b9a-919d-45ea-8d8f-716786fea582 => generated 246 bytes in 6 msecs (HTTP/1.1 404) 6 headers in 231 bytes (1 switches on core 0)
2026-02-25 20:37:48.245 8 INFO placement.requestlog [None req-4b565688-38f8-47a3-b2bf-481963f66209 709c399d191e46e0816651119cfdb52f bb1f5842a8214640ad4f8c8595425864 - - 71f984fa33844ef493cc49ac6ef015f4 71f984fa33844ef493cc49ac6ef015f4] 10.0.0.91 "DELETE /resource_providers/94e04b9a-919d-45ea-8d8f-716786fea582" status: 404 len: 246 microversion: 1.1 [pid: 8|app: 0|req: 416/833] 10.0.0.91 () {34 vars in 824 bytes} [Wed Feb 25 20:37:48 2026] DELETE /resource_providers/94e04b9a-919d-45ea-8d8f-716786fea582 => generated 246 bytes in 11 msecs (HTTP/1.1 404) 6 headers in 231 bytes (1 switches on core 0)
2026-02-25 20:37:50.265 7 INFO placement.requestlog [None req-4a6b2c20-53b6-43b1-920f-3fc745bbca92 709c399d191e46e0816651119cfdb52f bb1f5842a8214640ad4f8c8595425864 - - 71f984fa33844ef493cc49ac6ef015f4 71f984fa33844ef493cc49ac6ef015f4] 10.0.0.91 "GET /resource_providers/11d01e8b-1e57-4847-b75e-160d5a0c3954/aggregates" status: 404 len: 235 microversion: 1.1 [pid: 7|app: 0|req: 418/834] 10.0.0.91 () {32 vars in 824 bytes} [Wed Feb 25 20:37:50 2026] GET /resource_providers/11d01e8b-1e57-4847-b75e-160d5a0c3954/aggregates => generated 235 bytes in 11 msecs (HTTP/1.1 404) 5 headers in 202 bytes (1 switches on core 0)
2026-02-25 20:37:50.273 8 INFO placement.requestlog [None req-d24cd6c3-1068-46c2-b4a4-33d05e60afa1 709c399d191e46e0816651119cfdb52f bb1f5842a8214640ad4f8c8595425864 - - 71f984fa33844ef493cc49ac6ef015f4 71f984fa33844ef493cc49ac6ef015f4] 10.0.0.91 "GET /resource_providers/11d01e8b-1e57-4847-b75e-160d5a0c3954/aggregates" status: 404 len: 235 microversion: 1.1 [pid: 8|app: 0|req: 417/835] 10.0.0.91 () {32 vars in 824 bytes} [Wed Feb 25 20:37:50 2026] GET /resource_providers/11d01e8b-1e57-4847-b75e-160d5a0c3954/aggregates => generated 235 bytes in 15 msecs (HTTP/1.1 404) 5 headers in 202 bytes (1 switches on core 0)
2026-02-25 20:37:50.281 7 INFO placement.requestlog [None req-a35132ed-15a6-42cc-8ccc-f6885c8a9e77 709c399d191e46e0816651119cfdb52f bb1f5842a8214640ad4f8c8595425864 - - 71f984fa33844ef493cc49ac6ef015f4 71f984fa33844ef493cc49ac6ef015f4] 10.0.0.91 "DELETE /resource_providers/11d01e8b-1e57-4847-b75e-160d5a0c3954" status: 404 len: 246 microversion: 1.1 [pid: 7|app: 0|req: 419/836] 10.0.0.91 () {34 vars in 824 bytes} [Wed Feb 25 20:37:50 2026] DELETE /resource_providers/11d01e8b-1e57-4847-b75e-160d5a0c3954 => generated 246 bytes in 9 msecs (HTTP/1.1 404) 6 headers in 231 bytes (1 switches on core 0)
2026-02-25 20:37:50.293 8 INFO placement.requestlog [None req-f8e42d83-19d9-45e0-a387-0224b008a9d3 709c399d191e46e0816651119cfdb52f bb1f5842a8214640ad4f8c8595425864 - - 71f984fa33844ef493cc49ac6ef015f4 71f984fa33844ef493cc49ac6ef015f4] 10.0.0.91 "DELETE /resource_providers/11d01e8b-1e57-4847-b75e-160d5a0c3954" status: 404 len: 246 microversion: 1.1 [pid: 8|app: 0|req: 418/837] 10.0.0.91 () {34 vars in 824 bytes} [Wed Feb 25 20:37:50 2026] DELETE /resource_providers/11d01e8b-1e57-4847-b75e-160d5a0c3954 => generated 246 bytes in 14 msecs (HTTP/1.1 404) 6 headers in 231 bytes (1 switches on core 0)
2026-02-25 20:37:51.584 7 INFO placement.requestlog [req-1851526d-3c8c-4598-b80f-410e15bd5483 req-5bc506a4-edc4-42a9-8f96-7579f65ad279 693b464118ec4a8db77da7be7926b132 bb1f5842a8214640ad4f8c8595425864 - - 71f984fa33844ef493cc49ac6ef015f4 71f984fa33844ef493cc49ac6ef015f4] 10.0.0.142 "GET /allocation_candidates?limit=1000&resources=DISK_GB%3A1%2CMEMORY_MB%3A512%2CVCPU%3A1&root_required=%21COMPUTE_STATUS_DISABLED" status: 200 len: 2188 microversion: 1.36 [pid: 7|app: 0|req: 420/838] 10.0.0.142 () {34 vars in 1012 bytes} [Wed Feb 25 20:37:51 2026] GET /allocation_candidates?limit=1000&resources=DISK_GB%3A1%2CMEMORY_MB%3A512%2CVCPU%3A1&root_required=%21COMPUTE_STATUS_DISABLED => generated 2188 bytes in 58 msecs (HTTP/1.1 200) 8 headers in 297 bytes (1 switches on core 0)
2026-02-25 20:37:51.617 8 INFO placement.requestlog [req-1851526d-3c8c-4598-b80f-410e15bd5483 req-09fccd99-d428-4486-b1e5-531329902313 693b464118ec4a8db77da7be7926b132 bb1f5842a8214640ad4f8c8595425864 - - 71f984fa33844ef493cc49ac6ef015f4 71f984fa33844ef493cc49ac6ef015f4] 10.0.0.142 "GET /allocations/4444423e-3ace-4999-b6ae-8aa3c43a0033" status: 200 len: 19 microversion: 1.28 [pid: 8|app: 0|req: 419/839] 10.0.0.142 () {34 vars in 861 bytes} [Wed Feb 25 20:37:51 2026] GET /allocations/4444423e-3ace-4999-b6ae-8aa3c43a0033 => generated 19 bytes in 9 msecs (HTTP/1.1 200) 8 headers in 295 bytes (1 switches on core 0)
2026-02-25 20:37:51.696 7 INFO placement.requestlog [req-1851526d-3c8c-4598-b80f-410e15bd5483 req-e398f386-4caa-468b-a415-45e8cae5b214 693b464118ec4a8db77da7be7926b132 bb1f5842a8214640ad4f8c8595425864 - - 71f984fa33844ef493cc49ac6ef015f4 71f984fa33844ef493cc49ac6ef015f4] 10.0.0.142 "PUT /allocations/4444423e-3ace-4999-b6ae-8aa3c43a0033" status: 204 len: 0 microversion: 1.36 [pid: 7|app: 0|req: 421/840] 10.0.0.142 () {38 vars in 914 bytes} [Wed Feb 25 20:37:51 2026] PUT /allocations/4444423e-3ace-4999-b6ae-8aa3c43a0033 => generated 0 bytes in 72 msecs (HTTP/1.1 204) 5 headers in 199 bytes (1 switches on core 0)
2026-02-25 20:37:52.015 8 INFO placement.requestlog [req-1851526d-3c8c-4598-b80f-410e15bd5483 req-4e063184-4e2d-4695-925e-358ec7fed464 693b464118ec4a8db77da7be7926b132 bb1f5842a8214640ad4f8c8595425864 - - 71f984fa33844ef493cc49ac6ef015f4 71f984fa33844ef493cc49ac6ef015f4] 199.19.213.169 "GET /allocations/4444423e-3ace-4999-b6ae-8aa3c43a0033" status: 200 len: 258 microversion: 1.28 [pid: 8|app: 0|req: 420/841] 199.19.213.169 () {34 vars in 863 bytes} [Wed Feb 25 20:37:51 2026] GET /allocations/4444423e-3ace-4999-b6ae-8aa3c43a0033 => generated 258 bytes in 16 msecs (HTTP/1.1 200) 8 headers in 296 bytes (1 switches on core 0)
2026-02-25 20:37:52.104 7 INFO placement.requestlog [req-1851526d-3c8c-4598-b80f-410e15bd5483 req-1a712a00-4959-427a-a494-a296c6050d08 693b464118ec4a8db77da7be7926b132 bb1f5842a8214640ad4f8c8595425864 - - 71f984fa33844ef493cc49ac6ef015f4 71f984fa33844ef493cc49ac6ef015f4] 199.19.213.169 "GET /resource_providers/3fb15440-c3c8-4645-b29e-a5a33e32f880/allocations" status: 200 len: 153 microversion: 1.0 [pid: 7|app: 0|req: 422/842] 199.19.213.169 () {32 vars in 857 bytes} [Wed Feb 25 20:37:52 2026] GET /resource_providers/3fb15440-c3c8-4645-b29e-a5a33e32f880/allocations => generated 153 bytes in 18 msecs (HTTP/1.1 200) 6 headers in 224 bytes (1 switches on core 0)
2026-02-25 20:37:52.126 8 INFO placement.requestlog [req-1851526d-3c8c-4598-b80f-410e15bd5483 req-76f3d57a-2ff0-47fc-af44-ae61c93145bf 693b464118ec4a8db77da7be7926b132 bb1f5842a8214640ad4f8c8595425864 - - 71f984fa33844ef493cc49ac6ef015f4 71f984fa33844ef493cc49ac6ef015f4] 199.19.213.169 "GET /allocations/4444423e-3ace-4999-b6ae-8aa3c43a0033" status: 200 len: 258 microversion: 1.28 [pid: 8|app: 0|req: 421/843] 199.19.213.169 () {34 vars in 863 bytes} [Wed Feb 25 20:37:52 2026] GET /allocations/4444423e-3ace-4999-b6ae-8aa3c43a0033 => generated 258 bytes in 15 msecs (HTTP/1.1 200) 8 headers in 296 bytes (1 switches on core 0)
2026-02-25 20:37:52.653 8 INFO placement.requestlog [None req-d690076f-0b16-4a05-9317-4e75a3133147 709c399d191e46e0816651119cfdb52f bb1f5842a8214640ad4f8c8595425864 - - 71f984fa33844ef493cc49ac6ef015f4 71f984fa33844ef493cc49ac6ef015f4] 10.0.0.91 "GET /resource_providers/89ef70f6-608e-4e66-8ddf-91df9ba18694/aggregates" status: 404 len: 235 microversion: 1.1 [pid: 8|app: 0|req: 422/844] 10.0.0.91 () {32 vars in 824 bytes} [Wed Feb 25 20:37:52 2026] GET /resource_providers/89ef70f6-608e-4e66-8ddf-91df9ba18694/aggregates => generated 235 bytes in 23 msecs (HTTP/1.1 404) 5 headers in 202 bytes (1 switches on core 0)
2026-02-25 20:37:52.663 8 INFO placement.requestlog [None req-df096f60-779f-43e3-9a49-7aacec8b5c19 709c399d191e46e0816651119cfdb52f bb1f5842a8214640ad4f8c8595425864 - - 71f984fa33844ef493cc49ac6ef015f4 71f984fa33844ef493cc49ac6ef015f4] 10.0.0.91 "GET /resource_providers/89ef70f6-608e-4e66-8ddf-91df9ba18694/aggregates" status: 404 len: 235 microversion: 1.1 [pid: 8|app: 0|req: 423/845] 10.0.0.91 () {32 vars in 824 bytes} [Wed Feb 25 20:37:52 2026] GET /resource_providers/89ef70f6-608e-4e66-8ddf-91df9ba18694/aggregates => generated 235 bytes in 9 msecs (HTTP/1.1 404) 5 headers in 202 bytes (1 switches on core 0)
2026-02-25 20:37:52.670 8 INFO placement.requestlog [None req-41f5f5b3-e474-4f7b-b2f7-5dc3a8109349 709c399d191e46e0816651119cfdb52f bb1f5842a8214640ad4f8c8595425864 - - 71f984fa33844ef493cc49ac6ef015f4 71f984fa33844ef493cc49ac6ef015f4] 10.0.0.91 "DELETE /resource_providers/89ef70f6-608e-4e66-8ddf-91df9ba18694" status: 404 len: 246 microversion: 1.1 [pid: 8|app: 0|req: 424/846] 10.0.0.91 () {34 vars in 824 bytes} [Wed Feb 25 20:37:52 2026] DELETE /resource_providers/89ef70f6-608e-4e66-8ddf-91df9ba18694 => generated 246 bytes in 6 msecs (HTTP/1.1 404) 6 headers in 231 bytes (1 switches on core 0)
2026-02-25 20:37:52.702 8 INFO placement.requestlog [None req-4f9cefba-42d2-4309-9d0d-fc5a5ffe0d3e 709c399d191e46e0816651119cfdb52f bb1f5842a8214640ad4f8c8595425864 - - 71f984fa33844ef493cc49ac6ef015f4 71f984fa33844ef493cc49ac6ef015f4] 10.0.0.91 "DELETE /resource_providers/89ef70f6-608e-4e66-8ddf-91df9ba18694" status: 404 len: 246 microversion: 1.1 [pid: 8|app: 0|req: 425/847] 10.0.0.91 () {34 vars in 824 bytes} [Wed Feb 25 20:37:52 2026] DELETE /resource_providers/89ef70f6-608e-4e66-8ddf-91df9ba18694 => generated 246 bytes in 9 msecs (HTTP/1.1 404) 6 headers in 231 bytes (1 switches on core 0)
2026-02-25 20:37:52.739 7 INFO placement.requestlog [None req-4026ddfb-1dfe-4cab-8025-bf22f543ab4a a7403bfa94a0415492633a7e484d2c3c 27c676a40c654053a504661d6302f55d - - default default] 10.0.0.34 "GET /resource_providers" status: 200 len: 406 microversion: 1.0 [pid: 7|app: 0|req: 423/848] 10.0.0.34 () {28 vars in 592 bytes} [Wed Feb 25 20:37:52 2026] GET /resource_providers => generated 406 bytes in 176 msecs (HTTP/1.1 200) 6 headers in 224 bytes (1 switches on core 0)
2026-02-25 20:37:52.768 8 INFO placement.requestlog [None req-4630fa7b-dcad-48e4-a664-f0174a2534f6 a7403bfa94a0415492633a7e484d2c3c 27c676a40c654053a504661d6302f55d - - default default] 10.0.0.34 "GET /resource_providers/3fb15440-c3c8-4645-b29e-a5a33e32f880/inventories" status: 200 len: 401 microversion: 1.0 [pid: 8|app: 0|req: 426/849] 10.0.0.34 () {28 vars in 690 bytes} [Wed Feb 25 20:37:52 2026] GET /resource_providers/3fb15440-c3c8-4645-b29e-a5a33e32f880/inventories => generated 401 bytes in 24 msecs (HTTP/1.1 200) 6 headers in 224 bytes (1 switches on core 0)
2026-02-25 20:37:52.799 7 INFO placement.requestlog [None req-df0f1651-8d06-4f34-9639-262ea6f08e19 a7403bfa94a0415492633a7e484d2c3c 27c676a40c654053a504661d6302f55d - - default default] 10.0.0.34 "GET /resource_providers/3fb15440-c3c8-4645-b29e-a5a33e32f880/usages" status: 200 len: 91 microversion: 1.0 [pid: 7|app: 0|req: 424/850] 10.0.0.34 () {28 vars in 680 bytes} [Wed Feb 25 20:37:52 2026] GET /resource_providers/3fb15440-c3c8-4645-b29e-a5a33e32f880/usages => generated 91 bytes in 27 msecs (HTTP/1.1 200) 6 headers in 223 bytes (1 switches on core 0)
2026-02-25 20:37:54.457 8 INFO placement.requestlog [None req-de03f936-ef00-4567-8c9f-829c013f83ad 709c399d191e46e0816651119cfdb52f bb1f5842a8214640ad4f8c8595425864 - - 71f984fa33844ef493cc49ac6ef015f4 71f984fa33844ef493cc49ac6ef015f4] 10.0.0.91 "GET /resource_providers/88924a99-45a1-4520-9e75-3372ce3fbd33/aggregates" status: 404 len: 235 microversion: 1.1 [pid: 8|app: 0|req: 427/851] 10.0.0.91 () {32 vars in 824 bytes} [Wed Feb 25 20:37:54 2026] GET /resource_providers/88924a99-45a1-4520-9e75-3372ce3fbd33/aggregates => generated 235 bytes in 12 msecs (HTTP/1.1 404) 5 headers in 202 bytes (1 switches on core 0)
2026-02-25 20:37:54.460 7 INFO placement.requestlog [None req-f56a3447-a852-4d4b-b375-bd55c25011db 709c399d191e46e0816651119cfdb52f bb1f5842a8214640ad4f8c8595425864 - - 71f984fa33844ef493cc49ac6ef015f4 71f984fa33844ef493cc49ac6ef015f4] 10.0.0.91 "GET /resource_providers/88924a99-45a1-4520-9e75-3372ce3fbd33/aggregates" status: 404 len: 235 microversion: 1.1 [pid: 7|app: 0|req: 425/852] 10.0.0.91 () {32 vars in 824 bytes} [Wed Feb 25 20:37:54 2026] GET /resource_providers/88924a99-45a1-4520-9e75-3372ce3fbd33/aggregates => generated 235 bytes in 11 msecs (HTTP/1.1 404) 5 headers in 202 bytes (1 switches on core 0)
2026-02-25 20:37:54.490 7 INFO placement.requestlog [None req-1f0f4e3b-7fb0-41e1-ae4c-2cc0437c5e52 709c399d191e46e0816651119cfdb52f bb1f5842a8214640ad4f8c8595425864 - - 71f984fa33844ef493cc49ac6ef015f4 71f984fa33844ef493cc49ac6ef015f4] 10.0.0.91 "DELETE /resource_providers/88924a99-45a1-4520-9e75-3372ce3fbd33" status: 404 len: 246 microversion: 1.1 [pid: 7|app: 0|req: 426/853] 10.0.0.91 () {34 vars in 824 bytes} [Wed Feb 25 20:37:54 2026] DELETE /resource_providers/88924a99-45a1-4520-9e75-3372ce3fbd33 => generated 246 bytes in 11 msecs (HTTP/1.1 404) 6 headers in 231 bytes (1 switches on core 0)
2026-02-25 20:37:54.498 8 INFO placement.requestlog [None req-8cfba06a-4470-4b8f-9a49-165d19ebde79 709c399d191e46e0816651119cfdb52f bb1f5842a8214640ad4f8c8595425864 - - 71f984fa33844ef493cc49ac6ef015f4 71f984fa33844ef493cc49ac6ef015f4] 10.0.0.91 "DELETE /resource_providers/88924a99-45a1-4520-9e75-3372ce3fbd33" status: 404 len: 246 microversion: 1.1 [pid: 8|app: 0|req: 428/854] 10.0.0.91 () {34 vars in 824 bytes} [Wed Feb 25 20:37:54 2026] DELETE /resource_providers/88924a99-45a1-4520-9e75-3372ce3fbd33 => generated 246 bytes in 19 msecs (HTTP/1.1 404) 6 headers in 231 bytes (1 switches on core 0)
2026-02-25 20:37:54.706 7 INFO placement.requestlog [None req-238927c0-3a3c-449f-9b8b-f4fd109f6ebb 709c399d191e46e0816651119cfdb52f bb1f5842a8214640ad4f8c8595425864 - - 71f984fa33844ef493cc49ac6ef015f4 71f984fa33844ef493cc49ac6ef015f4] 10.0.0.91 "GET /resource_providers/eb500a9b-2bc4-4652-8ac3-049f936f7aba/aggregates" status: 404 len: 235 microversion: 1.1 [pid: 7|app: 0|req: 427/855] 10.0.0.91 () {32 vars in 824 bytes} [Wed Feb 25 20:37:54 2026] GET /resource_providers/eb500a9b-2bc4-4652-8ac3-049f936f7aba/aggregates => generated 235 bytes in 11 msecs (HTTP/1.1 404) 5 headers in 202 bytes (1 switches on core 0)
2026-02-25 20:37:54.727 8 INFO placement.requestlog [None req-4b5d78d5-a0c0-45c4-843b-c4ff2b6383f1 709c399d191e46e0816651119cfdb52f bb1f5842a8214640ad4f8c8595425864 - - 71f984fa33844ef493cc49ac6ef015f4 71f984fa33844ef493cc49ac6ef015f4] 10.0.0.91 "GET /resource_providers/eb500a9b-2bc4-4652-8ac3-049f936f7aba/aggregates" status: 404 len: 235 microversion: 1.1 [pid: 8|app: 0|req: 429/856] 10.0.0.91 () {32 vars in 824 bytes} [Wed Feb 25 20:37:54 2026] GET /resource_providers/eb500a9b-2bc4-4652-8ac3-049f936f7aba/aggregates => generated 235 bytes in 13 msecs (HTTP/1.1 404) 5 headers in 202 bytes (1 switches on core 0)
2026-02-25 20:37:54.732 7 INFO placement.requestlog [None req-855f5ffd-fcde-4073-953e-ef687c248a17 709c399d191e46e0816651119cfdb52f bb1f5842a8214640ad4f8c8595425864 - - 71f984fa33844ef493cc49ac6ef015f4 71f984fa33844ef493cc49ac6ef015f4] 10.0.0.91 "DELETE /resource_providers/eb500a9b-2bc4-4652-8ac3-049f936f7aba" status: 404 len: 246 microversion: 1.1 [pid: 7|app: 0|req: 428/857] 10.0.0.91 () {34 vars in 824 bytes} [Wed Feb 25 20:37:54 2026] DELETE /resource_providers/eb500a9b-2bc4-4652-8ac3-049f936f7aba => generated 246 bytes in 12 msecs (HTTP/1.1 404) 6 headers in 231 bytes (1 switches on core 0)
2026-02-25 20:37:54.745 8 INFO placement.requestlog [None req-b6ba8a0e-bbef-4fda-b190-1a5426f68c80 709c399d191e46e0816651119cfdb52f bb1f5842a8214640ad4f8c8595425864 - - 71f984fa33844ef493cc49ac6ef015f4 71f984fa33844ef493cc49ac6ef015f4] 10.0.0.91 "DELETE /resource_providers/eb500a9b-2bc4-4652-8ac3-049f936f7aba" status: 404 len: 246 microversion: 1.1 [pid: 8|app: 0|req: 430/858] 10.0.0.91 () {34 vars in 824 bytes} [Wed Feb 25 20:37:54 2026] DELETE /resource_providers/eb500a9b-2bc4-4652-8ac3-049f936f7aba => generated 246 bytes in 11 msecs (HTTP/1.1 404) 6 headers in 231 bytes (1 switches on core 0)
2026-02-25 20:37:56.515 7 INFO placement.requestlog [None req-91856bed-243a-48dc-a885-fd9e4b7aecb8 709c399d191e46e0816651119cfdb52f bb1f5842a8214640ad4f8c8595425864 - - 71f984fa33844ef493cc49ac6ef015f4 71f984fa33844ef493cc49ac6ef015f4] 10.0.0.91 "GET /resource_providers/43b274db-fe36-4b89-ad98-e8f2efec8170/aggregates" status: 404 len: 235 microversion: 1.1 [pid: 7|app: 0|req: 429/859] 10.0.0.91 () {32 vars in 824 bytes} [Wed Feb 25 20:37:56 2026] GET /resource_providers/43b274db-fe36-4b89-ad98-e8f2efec8170/aggregates => generated 235 bytes in 16 msecs (HTTP/1.1 404) 5 headers in 202 bytes (1 switches on core 0)
2026-02-25 20:37:56.518 8 INFO placement.requestlog [None req-c593e4ac-bdef-430f-9bc2-f96069cb9a7b 709c399d191e46e0816651119cfdb52f bb1f5842a8214640ad4f8c8595425864 - - 71f984fa33844ef493cc49ac6ef015f4 71f984fa33844ef493cc49ac6ef015f4] 10.0.0.91 "GET /resource_providers/43b274db-fe36-4b89-ad98-e8f2efec8170/aggregates" status: 404 len: 235 microversion: 1.1 [pid: 8|app: 0|req: 431/860] 10.0.0.91 () {32 vars in 824 bytes} [Wed Feb 25 20:37:56 2026] GET /resource_providers/43b274db-fe36-4b89-ad98-e8f2efec8170/aggregates => generated 235 bytes in 13 msecs (HTTP/1.1 404) 5 headers in 202 bytes (1 switches on core 0)
2026-02-25 20:37:56.539 8 INFO placement.requestlog [None req-7c232843-6806-45f5-ae11-a9f947b245f4 709c399d191e46e0816651119cfdb52f bb1f5842a8214640ad4f8c8595425864 - - 71f984fa33844ef493cc49ac6ef015f4 71f984fa33844ef493cc49ac6ef015f4] 10.0.0.91 "DELETE /resource_providers/43b274db-fe36-4b89-ad98-e8f2efec8170" status: 404 len: 246 microversion: 1.1 [pid: 8|app: 0|req: 432/861] 10.0.0.91 () {34 vars in 824 bytes} [Wed Feb 25 20:37:56 2026] DELETE /resource_providers/43b274db-fe36-4b89-ad98-e8f2efec8170 => generated 246 bytes in 10 msecs (HTTP/1.1 404) 6 headers in 231 bytes (1 switches on core 0)
2026-02-25 20:37:56.541 7 INFO placement.requestlog [None req-72ab4997-2f8e-46b7-aca9-2823bf21a280 709c399d191e46e0816651119cfdb52f bb1f5842a8214640ad4f8c8595425864 - - 71f984fa33844ef493cc49ac6ef015f4 71f984fa33844ef493cc49ac6ef015f4] 10.0.0.91 "DELETE /resource_providers/43b274db-fe36-4b89-ad98-e8f2efec8170" status: 404 len: 246 microversion: 1.1 [pid: 7|app: 0|req: 430/862] 10.0.0.91 () {34 vars in 824 bytes} [Wed Feb 25 20:37:56 2026] DELETE /resource_providers/43b274db-fe36-4b89-ad98-e8f2efec8170 => generated 246 bytes in 13 msecs (HTTP/1.1 404) 6 headers in 231 bytes (1 switches on core 0)
2026-02-25 20:37:56.557 8 INFO placement.requestlog [None req-f5175e1c-200a-4860-bf92-032e8ab5b997 709c399d191e46e0816651119cfdb52f bb1f5842a8214640ad4f8c8595425864 - - 71f984fa33844ef493cc49ac6ef015f4 71f984fa33844ef493cc49ac6ef015f4] 10.0.0.91 "GET /resource_providers/bae1e898-92dc-481f-a451-52c2170592ca/aggregates" status: 404 len: 235 microversion: 1.1 [pid: 8|app: 0|req: 433/863] 10.0.0.91 () {32 vars in 824 bytes} [Wed Feb 25 20:37:56 2026] GET /resource_providers/bae1e898-92dc-481f-a451-52c2170592ca/aggregates => generated 235 bytes in 11 msecs (HTTP/1.1 404) 5 headers in 202 bytes (1 switches on core 0)
2026-02-25 20:37:56.561 7 INFO placement.requestlog [None req-f6edd5b3-f69b-4c29-8303-720def35998a 709c399d191e46e0816651119cfdb52f bb1f5842a8214640ad4f8c8595425864 - - 71f984fa33844ef493cc49ac6ef015f4 71f984fa33844ef493cc49ac6ef015f4] 10.0.0.91 "GET /resource_providers/bae1e898-92dc-481f-a451-52c2170592ca/aggregates" status: 404 len: 235 microversion: 1.1 [pid: 7|app: 0|req: 431/864] 10.0.0.91 () {32 vars in 824 bytes} [Wed Feb 25 20:37:56 2026] GET /resource_providers/bae1e898-92dc-481f-a451-52c2170592ca/aggregates => generated 235 bytes in 10 msecs (HTTP/1.1 404) 5 headers in 202 bytes (1 switches on core 0)
2026-02-25 20:37:56.576 7 INFO placement.requestlog [None req-2b0f79a2-fb79-4f07-9931-978f45effbde 709c399d191e46e0816651119cfdb52f bb1f5842a8214640ad4f8c8595425864 - - 71f984fa33844ef493cc49ac6ef015f4 71f984fa33844ef493cc49ac6ef015f4] 10.0.0.91 "DELETE /resource_providers/bae1e898-92dc-481f-a451-52c2170592ca" status: 404 len: 246 microversion: 1.1 [pid: 7|app: 0|req: 432/865] 10.0.0.91 () {34 vars in 824 bytes} [Wed Feb 25 20:37:56 2026] DELETE /resource_providers/bae1e898-92dc-481f-a451-52c2170592ca => generated 246 bytes in 7 msecs (HTTP/1.1 404) 6 headers in 231 bytes (1 switches on core 0)
2026-02-25 20:37:56.584 8 INFO placement.requestlog [None req-b6c3274a-ace2-4a4b-a3b6-5b93a7fc8983 709c399d191e46e0816651119cfdb52f bb1f5842a8214640ad4f8c8595425864 - - 71f984fa33844ef493cc49ac6ef015f4 71f984fa33844ef493cc49ac6ef015f4] 10.0.0.91 "DELETE /resource_providers/bae1e898-92dc-481f-a451-52c2170592ca" status: 404 len: 246 microversion: 1.1 [pid: 8|app: 0|req: 434/866] 10.0.0.91 () {34 vars in 824 bytes} [Wed Feb 25 20:37:56 2026] DELETE /resource_providers/bae1e898-92dc-481f-a451-52c2170592ca => generated 246 bytes in 15 msecs (HTTP/1.1 404) 6 headers in 231 bytes (1 switches on core 0)
2026-02-25 20:37:57.374 8 INFO placement.requestlog [None req-628b4cf6-0bc7-4007-affe-ebae8c0c436f - - - - - -] 10.0.0.166 "GET /" status: 200 len: 136 microversion: 1.0
2026-02-25 20:37:57.374 7 INFO placement.requestlog [None req-f4210d87-e421-46b3-8f66-cd30d95712a7 - - - - - -] 10.0.0.166 "GET /" status: 200 len: 136 microversion: 1.0
2026-02-25 20:38:02.664 8 INFO placement.requestlog [None req-06ed5fb5-bc7d-4ed6-93a0-03d6eb0a103d 709c399d191e46e0816651119cfdb52f bb1f5842a8214640ad4f8c8595425864 - - 71f984fa33844ef493cc49ac6ef015f4 71f984fa33844ef493cc49ac6ef015f4] 10.0.0.91 "GET /resource_providers/42606cca-d679-4c88-bafd-d4c660dd5a3f/aggregates" status: 404 len: 235 microversion: 1.1 [pid: 8|app: 0|req: 436/869] 10.0.0.91 () {32 vars in 824 bytes} [Wed Feb 25 20:38:02 2026] GET /resource_providers/42606cca-d679-4c88-bafd-d4c660dd5a3f/aggregates => generated 235 bytes in 13 msecs (HTTP/1.1 404) 5 headers in 202 bytes (1 switches on core 0)
2026-02-25 20:38:02.666 7 INFO placement.requestlog [None req-f744745f-6d66-4617-8472-32712cff53d4 709c399d191e46e0816651119cfdb52f bb1f5842a8214640ad4f8c8595425864 - - 71f984fa33844ef493cc49ac6ef015f4 71f984fa33844ef493cc49ac6ef015f4] 10.0.0.91 "GET /resource_providers/42606cca-d679-4c88-bafd-d4c660dd5a3f/aggregates" status: 404 len: 235 microversion: 1.1 [pid: 7|app: 0|req: 434/870] 10.0.0.91 () {32 vars in 824 bytes} [Wed Feb 25 20:38:02 2026] GET /resource_providers/42606cca-d679-4c88-bafd-d4c660dd5a3f/aggregates => generated 235 bytes in 12 msecs (HTTP/1.1 404) 5 headers in 202 bytes (1 switches on core 0)
2026-02-25 20:38:02.689 8 INFO placement.requestlog [None req-de2d1e35-9548-4282-b0b7-f9cf828fcf23 709c399d191e46e0816651119cfdb52f bb1f5842a8214640ad4f8c8595425864 - - 71f984fa33844ef493cc49ac6ef015f4 71f984fa33844ef493cc49ac6ef015f4] 10.0.0.91 "DELETE /resource_providers/42606cca-d679-4c88-bafd-d4c660dd5a3f" status: 404 len: 246 microversion: 1.1 [pid: 8|app: 0|req: 437/871] 10.0.0.91 () {34 vars in 824 bytes} [Wed Feb 25 20:38:02 2026] DELETE /resource_providers/42606cca-d679-4c88-bafd-d4c660dd5a3f => generated 246 bytes in 9 msecs (HTTP/1.1 404) 6 headers in 231 bytes (1 switches on core 0)
2026-02-25 20:38:02.696 7 INFO placement.requestlog [None req-d709cad5-ac0c-478a-9346-41849b6f16e0 709c399d191e46e0816651119cfdb52f bb1f5842a8214640ad4f8c8595425864 - - 71f984fa33844ef493cc49ac6ef015f4 71f984fa33844ef493cc49ac6ef015f4] 10.0.0.91 "DELETE /resource_providers/42606cca-d679-4c88-bafd-d4c660dd5a3f" status: 404 len: 246 microversion: 1.1 [pid: 7|app: 0|req: 435/872] 10.0.0.91 () {34 vars in 824 bytes} [Wed Feb 25 20:38:02 2026] DELETE /resource_providers/42606cca-d679-4c88-bafd-d4c660dd5a3f => generated 246 bytes in 12 msecs (HTTP/1.1 404) 6 headers in 231 bytes (1 switches on core 0)
2026-02-25 20:38:04.715 8 INFO placement.requestlog [None req-ecc4366a-a609-40c6-858a-132b7b48a335 709c399d191e46e0816651119cfdb52f bb1f5842a8214640ad4f8c8595425864 - - 71f984fa33844ef493cc49ac6ef015f4 71f984fa33844ef493cc49ac6ef015f4] 10.0.0.91 "GET /resource_providers/ed608dc7-0fdf-4c0a-aee9-8370f247ce70/aggregates" status: 404 len: 235 microversion: 1.1 [pid: 8|app: 0|req: 438/873] 10.0.0.91 () {32 vars in 824 bytes} [Wed Feb 25 20:38:04 2026] GET /resource_providers/ed608dc7-0fdf-4c0a-aee9-8370f247ce70/aggregates => generated 235 bytes in 10 msecs (HTTP/1.1 404) 5 headers in 202 bytes (1 switches on core 0)
2026-02-25 20:38:04.721 7 INFO placement.requestlog [None req-f03d31ea-da78-4583-a73e-dcfa2eee09a2 709c399d191e46e0816651119cfdb52f bb1f5842a8214640ad4f8c8595425864 - - 71f984fa33844ef493cc49ac6ef015f4 71f984fa33844ef493cc49ac6ef015f4] 10.0.0.91 "GET /resource_providers/ed608dc7-0fdf-4c0a-aee9-8370f247ce70/aggregates" status: 404 len: 235 microversion: 1.1 [pid: 7|app: 0|req: 436/874] 10.0.0.91 () {32 vars in 824 bytes} [Wed Feb 25 20:38:04 2026] GET /resource_providers/ed608dc7-0fdf-4c0a-aee9-8370f247ce70/aggregates => generated 235 bytes in 13 msecs (HTTP/1.1 404) 5 headers in 202 bytes (1 switches on core 0)
2026-02-25 20:38:04.742 8 INFO placement.requestlog [None req-833b3e3e-66c6-4c9b-917c-73c3d50fbf98 709c399d191e46e0816651119cfdb52f bb1f5842a8214640ad4f8c8595425864 - - 71f984fa33844ef493cc49ac6ef015f4 71f984fa33844ef493cc49ac6ef015f4] 10.0.0.91 "DELETE /resource_providers/ed608dc7-0fdf-4c0a-aee9-8370f247ce70" status: 404 len: 246 microversion: 1.1 [pid: 8|app: 0|req: 439/875] 10.0.0.91 () {34 vars in 824 bytes} [Wed Feb 25 20:38:04 2026] DELETE /resource_providers/ed608dc7-0fdf-4c0a-aee9-8370f247ce70 => generated 246 bytes in 19 msecs (HTTP/1.1 404) 6 headers in 231 bytes (1 switches on core 0)
2026-02-25 20:38:04.749 7 INFO placement.requestlog [None req-f6f95262-d433-447a-9c7c-f61c82133471 709c399d191e46e0816651119cfdb52f bb1f5842a8214640ad4f8c8595425864 - - 71f984fa33844ef493cc49ac6ef015f4 71f984fa33844ef493cc49ac6ef015f4] 10.0.0.91 "DELETE /resource_providers/ed608dc7-0fdf-4c0a-aee9-8370f247ce70" status: 404 len: 246 microversion: 1.1 [pid: 7|app: 0|req: 437/876] 10.0.0.91 () {34 vars in 824 bytes} [Wed Feb 25 20:38:04 2026] DELETE /resource_providers/ed608dc7-0fdf-4c0a-aee9-8370f247ce70 => generated 246 bytes in 8 msecs (HTTP/1.1 404) 6 headers in 231 bytes (1 switches on core 0)
2026-02-25 20:38:05.341 8 INFO placement.requestlog [None req-da50cde6-dd1a-4941-862f-ec0dae671b03 709c399d191e46e0816651119cfdb52f bb1f5842a8214640ad4f8c8595425864 - - 71f984fa33844ef493cc49ac6ef015f4 71f984fa33844ef493cc49ac6ef015f4] 10.0.0.91 "GET /resource_providers/efe3da76-6721-45c0-bcc4-d2d8ea6d0fe7/aggregates" status: 404 len: 235 microversion: 1.1 [pid: 8|app: 0|req: 440/877] 10.0.0.91 () {32 vars in 824 bytes} [Wed Feb 25 20:38:05 2026] GET /resource_providers/efe3da76-6721-45c0-bcc4-d2d8ea6d0fe7/aggregates => generated 235 bytes in 11 msecs (HTTP/1.1 404) 5 headers in 202 bytes (1 switches on core 0)
2026-02-25 20:38:05.342 7 INFO placement.requestlog [None req-be373446-3cc8-4fb3-a319-4461aef55d94 709c399d191e46e0816651119cfdb52f bb1f5842a8214640ad4f8c8595425864 - - 71f984fa33844ef493cc49ac6ef015f4 71f984fa33844ef493cc49ac6ef015f4] 10.0.0.91 "GET /resource_providers/efe3da76-6721-45c0-bcc4-d2d8ea6d0fe7/aggregates" status: 404 len: 235 microversion: 1.1 [pid: 7|app: 0|req: 438/878] 10.0.0.91 () {32 vars in 824 bytes} [Wed Feb 25 20:38:05 2026] GET /resource_providers/efe3da76-6721-45c0-bcc4-d2d8ea6d0fe7/aggregates => generated 235 bytes in 11 msecs (HTTP/1.1 404) 5 headers in 202 bytes (1 switches on core 0)
2026-02-25 20:38:05.356 8 INFO placement.requestlog [None req-4e952fd8-3395-47ec-aa5d-d426b35107de 709c399d191e46e0816651119cfdb52f bb1f5842a8214640ad4f8c8595425864 - - 71f984fa33844ef493cc49ac6ef015f4 71f984fa33844ef493cc49ac6ef015f4] 10.0.0.91 "DELETE /resource_providers/efe3da76-6721-45c0-bcc4-d2d8ea6d0fe7" status: 404 len: 246 microversion: 1.1 [pid: 8|app: 0|req: 441/879] 10.0.0.91 () {34 vars in 824 bytes} [Wed Feb 25 20:38:05 2026] DELETE /resource_providers/efe3da76-6721-45c0-bcc4-d2d8ea6d0fe7 => generated 246 bytes in 7 msecs (HTTP/1.1 404) 6 headers in 231 bytes (1 switches on core 0)
2026-02-25 20:38:05.374 7 INFO placement.requestlog [None req-a32ed614-b74c-4fd6-9cdf-35be414e1bca 709c399d191e46e0816651119cfdb52f bb1f5842a8214640ad4f8c8595425864 - - 71f984fa33844ef493cc49ac6ef015f4 71f984fa33844ef493cc49ac6ef015f4] 10.0.0.91 "DELETE /resource_providers/efe3da76-6721-45c0-bcc4-d2d8ea6d0fe7" status: 404 len: 246 microversion: 1.1 [pid: 7|app: 0|req: 439/880] 10.0.0.91 () {34 vars in 824 bytes} [Wed Feb 25 20:38:05 2026] DELETE /resource_providers/efe3da76-6721-45c0-bcc4-d2d8ea6d0fe7 => generated 246 bytes in 10 msecs (HTTP/1.1 404) 6 headers in 231 bytes (1 switches on core 0)
2026-02-25 20:38:07.373 8 INFO placement.requestlog [None req-37ecf8a2-558b-4e14-8096-1bceccf45a26 - - - - - -] 10.0.0.166 "GET /" status: 200 len: 136 microversion: 1.0
2026-02-25 20:38:07.374 7 INFO placement.requestlog [None req-60beef7b-6e6d-4025-9f02-27e10e565af4 - - - - - -] 10.0.0.166 "GET /" status: 200 len: 136 microversion: 1.0
2026-02-25 20:38:13.436 8 INFO placement.requestlog [None req-a0a0ffa8-f019-45cf-9ec0-016eef3129ce 709c399d191e46e0816651119cfdb52f bb1f5842a8214640ad4f8c8595425864 - - 71f984fa33844ef493cc49ac6ef015f4 71f984fa33844ef493cc49ac6ef015f4] 10.0.0.91 "GET /resource_providers/d13ef0d2-7a8b-416e-a281-2696564ddbb1/aggregates" status: 404 len: 235 microversion: 1.1 [pid: 8|app: 0|req: 443/883] 10.0.0.91 () {32 vars in 824 bytes} [Wed Feb 25 20:38:13 2026] GET /resource_providers/d13ef0d2-7a8b-416e-a281-2696564ddbb1/aggregates => generated 235 bytes in 12 msecs (HTTP/1.1 404) 5 headers in 202 bytes (1 switches on core 0)
2026-02-25 20:38:13.442 7 INFO placement.requestlog [None req-f89802ae-45c3-4e28-859e-b75616f919ba 709c399d191e46e0816651119cfdb52f bb1f5842a8214640ad4f8c8595425864 - - 71f984fa33844ef493cc49ac6ef015f4 71f984fa33844ef493cc49ac6ef015f4] 10.0.0.91 "GET /resource_providers/d13ef0d2-7a8b-416e-a281-2696564ddbb1/aggregates" status: 404 len: 235 microversion: 1.1 [pid: 7|app: 0|req: 441/884] 10.0.0.91 () {32 vars in 824 bytes} [Wed Feb 25 20:38:13 2026] GET /resource_providers/d13ef0d2-7a8b-416e-a281-2696564ddbb1/aggregates => generated 235 bytes in 19 msecs (HTTP/1.1 404) 5 headers in 202 bytes (1 switches on core 0)
2026-02-25 20:38:13.454 8 INFO placement.requestlog [None req-c232137f-b2f9-4aea-aa67-74ab7eb59114 709c399d191e46e0816651119cfdb52f bb1f5842a8214640ad4f8c8595425864 - - 71f984fa33844ef493cc49ac6ef015f4 71f984fa33844ef493cc49ac6ef015f4] 10.0.0.91 "DELETE /resource_providers/d13ef0d2-7a8b-416e-a281-2696564ddbb1" status: 404 len: 246 microversion: 1.1 [pid: 8|app: 0|req: 444/885] 10.0.0.91 () {34 vars in 824 bytes} [Wed Feb 25 20:38:13 2026] DELETE /resource_providers/d13ef0d2-7a8b-416e-a281-2696564ddbb1 => generated 246 bytes in 10 msecs (HTTP/1.1 404) 6 headers in 231 bytes (1 switches on core 0)
2026-02-25 20:38:13.455 7 INFO placement.requestlog [None req-87e5c4c0-b467-488e-a82b-8a06dc026ab0 709c399d191e46e0816651119cfdb52f bb1f5842a8214640ad4f8c8595425864 - - 71f984fa33844ef493cc49ac6ef015f4 71f984fa33844ef493cc49ac6ef015f4] 10.0.0.91 "DELETE /resource_providers/d13ef0d2-7a8b-416e-a281-2696564ddbb1" status: 404 len: 246 microversion: 1.1 [pid: 7|app: 0|req: 442/886] 10.0.0.91 () {34 vars in 824 bytes} [Wed Feb 25 20:38:13 2026] DELETE /resource_providers/d13ef0d2-7a8b-416e-a281-2696564ddbb1 => generated 246 bytes in 7 msecs (HTTP/1.1 404) 6 headers in 231 bytes (1 switches on core 0)
2026-02-25 20:38:13.995 7 INFO placement.requestlog [None req-432f5611-c60e-4c2f-a94d-79ec649de4a7 709c399d191e46e0816651119cfdb52f bb1f5842a8214640ad4f8c8595425864 - - 71f984fa33844ef493cc49ac6ef015f4 71f984fa33844ef493cc49ac6ef015f4] 10.0.0.91 "GET /resource_providers/6d421666-9e34-49b0-bb38-c34299a7e64c/aggregates" status: 404 len: 235 microversion: 1.1 [pid: 7|app: 0|req: 443/887] 10.0.0.91 () {32 vars in 824 bytes} [Wed Feb 25 20:38:13 2026] GET /resource_providers/6d421666-9e34-49b0-bb38-c34299a7e64c/aggregates => generated 235 bytes in 12 msecs (HTTP/1.1 404) 5 headers in 202 bytes (1 switches on core 0)
2026-02-25 20:38:14.001 8 INFO placement.requestlog [None req-341c48f3-cf80-408b-9ad7-aabc5ccbced2 709c399d191e46e0816651119cfdb52f bb1f5842a8214640ad4f8c8595425864 - - 71f984fa33844ef493cc49ac6ef015f4 71f984fa33844ef493cc49ac6ef015f4] 10.0.0.91 "GET /resource_providers/6d421666-9e34-49b0-bb38-c34299a7e64c/aggregates" status: 404 len: 235 microversion: 1.1 [pid: 8|app: 0|req: 445/888] 10.0.0.91 () {32 vars in 824 bytes} [Wed Feb 25 20:38:13 2026] GET /resource_providers/6d421666-9e34-49b0-bb38-c34299a7e64c/aggregates => generated 235 bytes in 18 msecs (HTTP/1.1 404) 5 headers in 202 bytes (1 switches on core 0)
2026-02-25 20:38:14.014 7 INFO placement.requestlog [None req-700719ac-00d0-48f6-b8b2-f1cfe3e6540d 709c399d191e46e0816651119cfdb52f bb1f5842a8214640ad4f8c8595425864 - - 71f984fa33844ef493cc49ac6ef015f4 71f984fa33844ef493cc49ac6ef015f4] 10.0.0.91 "DELETE /resource_providers/6d421666-9e34-49b0-bb38-c34299a7e64c" status: 404 len: 246 microversion: 1.1 [pid: 7|app: 0|req: 444/889] 10.0.0.91 () {34 vars in 824 bytes} [Wed Feb 25 20:38:14 2026] DELETE /resource_providers/6d421666-9e34-49b0-bb38-c34299a7e64c => generated 246 bytes in 9 msecs (HTTP/1.1 404) 6 headers in 231 bytes (1 switches on core 0)
2026-02-25 20:38:14.027 8 INFO placement.requestlog [None req-dec851ae-64ac-4d98-960c-bd06f3fb92d5 709c399d191e46e0816651119cfdb52f bb1f5842a8214640ad4f8c8595425864 - - 71f984fa33844ef493cc49ac6ef015f4 71f984fa33844ef493cc49ac6ef015f4] 10.0.0.91 "DELETE /resource_providers/6d421666-9e34-49b0-bb38-c34299a7e64c" status: 404 len: 246 microversion: 1.1 [pid: 8|app: 0|req: 446/890] 10.0.0.91 () {34 vars in 824 bytes} [Wed Feb 25 20:38:14 2026] DELETE /resource_providers/6d421666-9e34-49b0-bb38-c34299a7e64c => generated 246 bytes in 11 msecs (HTTP/1.1 404) 6 headers in 231 bytes (1 switches on core 0)
2026-02-25 20:38:14.558 7 INFO placement.requestlog [req-528e4be4-781e-4c5b-a301-83dce3fead86 req-9c61aa72-8ffa-4ba7-8b9e-487b6440b6c2 693b464118ec4a8db77da7be7926b132 bb1f5842a8214640ad4f8c8595425864 - - 71f984fa33844ef493cc49ac6ef015f4 71f984fa33844ef493cc49ac6ef015f4] 10.0.0.142 "GET /allocation_candidates?limit=1000&resources=DISK_GB%3A1%2CMEMORY_MB%3A512%2CVCPU%3A1&root_required=%21COMPUTE_STATUS_DISABLED" status: 200 len: 2190 microversion: 1.36 [pid: 7|app: 0|req: 445/891] 10.0.0.142 () {34 vars in 1012 bytes} [Wed Feb 25 20:38:14 2026] GET /allocation_candidates?limit=1000&resources=DISK_GB%3A1%2CMEMORY_MB%3A512%2CVCPU%3A1&root_required=%21COMPUTE_STATUS_DISABLED => generated 2190 bytes in 70 msecs (HTTP/1.1 200) 8 headers in 297 bytes (1 switches on core 0)
2026-02-25 20:38:14.589 8 INFO placement.requestlog [req-528e4be4-781e-4c5b-a301-83dce3fead86 req-32e08685-f68b-4842-b370-9a441b350da1 693b464118ec4a8db77da7be7926b132 bb1f5842a8214640ad4f8c8595425864 - - 71f984fa33844ef493cc49ac6ef015f4 71f984fa33844ef493cc49ac6ef015f4] 10.0.0.142 "GET /allocations/488bf085-4f0f-45a2-bbfb-d5d6f5c63e68" status: 200 len: 19 microversion: 1.28 [pid: 8|app: 0|req: 447/892] 10.0.0.142 () {34 vars in 861 bytes} [Wed Feb 25 20:38:14 2026] GET /allocations/488bf085-4f0f-45a2-bbfb-d5d6f5c63e68 => generated 19 bytes in 12 msecs (HTTP/1.1 200) 8 headers in 295 bytes (1 switches on core 0)
2026-02-25 20:38:14.668 7 INFO placement.requestlog [req-528e4be4-781e-4c5b-a301-83dce3fead86 req-fbb2227e-6cf4-47f1-80b5-8192f4a4a3f9 693b464118ec4a8db77da7be7926b132 bb1f5842a8214640ad4f8c8595425864 - - 71f984fa33844ef493cc49ac6ef015f4 71f984fa33844ef493cc49ac6ef015f4] 10.0.0.142 "PUT /allocations/488bf085-4f0f-45a2-bbfb-d5d6f5c63e68" status: 204 len: 0 microversion: 1.36 [pid: 7|app: 0|req: 446/893] 10.0.0.142 () {38 vars in 914 bytes} [Wed Feb 25 20:38:14 2026] PUT /allocations/488bf085-4f0f-45a2-bbfb-d5d6f5c63e68 => generated 0 bytes in 69 msecs (HTTP/1.1 204) 5 headers in 199 bytes (1 switches on core 0)
2026-02-25 20:38:14.905 8 INFO placement.requestlog [req-528e4be4-781e-4c5b-a301-83dce3fead86 req-b83373bc-fc6e-438c-a3aa-a07ae3760276 693b464118ec4a8db77da7be7926b132 bb1f5842a8214640ad4f8c8595425864 - - 71f984fa33844ef493cc49ac6ef015f4 71f984fa33844ef493cc49ac6ef015f4] 199.19.213.169 "GET /allocations/488bf085-4f0f-45a2-bbfb-d5d6f5c63e68" status: 200 len: 258 microversion: 1.28 [pid: 8|app: 0|req: 448/894] 199.19.213.169 () {34 vars in 863 bytes} [Wed Feb 25 20:38:14 2026] GET /allocations/488bf085-4f0f-45a2-bbfb-d5d6f5c63e68 => generated 258 bytes in 14 msecs (HTTP/1.1 200) 8 headers in 296 bytes (1 switches on core 0)
2026-02-25 20:38:15.034 7 INFO placement.requestlog [req-528e4be4-781e-4c5b-a301-83dce3fead86 req-e2108f46-7031-4aad-8232-750d7a347e27 693b464118ec4a8db77da7be7926b132 bb1f5842a8214640ad4f8c8595425864 - - 71f984fa33844ef493cc49ac6ef015f4 71f984fa33844ef493cc49ac6ef015f4] 199.19.213.169 "GET /resource_providers/3fb15440-c3c8-4645-b29e-a5a33e32f880/allocations" status: 200 len: 253 microversion: 1.0 [pid: 7|app: 0|req: 447/895] 199.19.213.169 () {32 vars in 857 bytes} [Wed Feb 25 20:38:15 2026] GET /resource_providers/3fb15440-c3c8-4645-b29e-a5a33e32f880/allocations => generated 253 bytes in 21 msecs (HTTP/1.1 200) 6 headers in 224 bytes (1 switches on core 0)
2026-02-25 20:38:15.054 8 INFO placement.requestlog [req-528e4be4-781e-4c5b-a301-83dce3fead86 req-6c778300-59be-4181-8bc0-958a6bc0de64 693b464118ec4a8db77da7be7926b132 bb1f5842a8214640ad4f8c8595425864 - - 71f984fa33844ef493cc49ac6ef015f4 71f984fa33844ef493cc49ac6ef015f4] 199.19.213.169 "GET /allocations/488bf085-4f0f-45a2-bbfb-d5d6f5c63e68" status: 200 len: 258 microversion: 1.28 [pid: 8|app: 0|req: 449/896] 199.19.213.169 () {34 vars in 863 bytes} [Wed Feb 25 20:38:15 2026] GET /allocations/488bf085-4f0f-45a2-bbfb-d5d6f5c63e68 => generated 258 bytes in 15 msecs (HTTP/1.1 200) 8 headers in 296 bytes (1 switches on core 0)
2026-02-25 20:38:15.072 7 INFO placement.requestlog [req-528e4be4-781e-4c5b-a301-83dce3fead86 req-d5f7569f-f3cc-4620-998e-25004861e66e 693b464118ec4a8db77da7be7926b132 bb1f5842a8214640ad4f8c8595425864 - - 71f984fa33844ef493cc49ac6ef015f4 71f984fa33844ef493cc49ac6ef015f4] 199.19.213.169 "GET /allocations/4444423e-3ace-4999-b6ae-8aa3c43a0033" status: 200 len: 258 microversion: 1.28 [pid: 7|app: 0|req: 448/897] 199.19.213.169 () {34 vars in 863 bytes} [Wed Feb 25 20:38:15 2026] GET /allocations/4444423e-3ace-4999-b6ae-8aa3c43a0033 => generated 258 bytes in 13 msecs (HTTP/1.1 200) 8 headers in 296 bytes (1 switches on core 0)
2026-02-25 20:38:15.479 8 INFO placement.requestlog [None req-f9d5ab37-f595-4d8e-861d-9587de014179 709c399d191e46e0816651119cfdb52f bb1f5842a8214640ad4f8c8595425864 - - 71f984fa33844ef493cc49ac6ef015f4 71f984fa33844ef493cc49ac6ef015f4] 10.0.0.91 "GET /resource_providers/e8c2ec93-2ae2-4cf4-b882-597d3e7eb3e5/aggregates" status: 404 len: 235 microversion: 1.1 [pid: 8|app: 0|req: 450/898] 10.0.0.91 () {32 vars in 824 bytes} [Wed Feb 25 20:38:15 2026] GET /resource_providers/e8c2ec93-2ae2-4cf4-b882-597d3e7eb3e5/aggregates => generated 235 bytes in 18 msecs (HTTP/1.1 404) 5 headers in 202 bytes (1 switches on core 0)
2026-02-25 20:38:15.483 7 INFO placement.requestlog [None req-70e6dcc8-c625-4091-9412-ab0c6c890d69 709c399d191e46e0816651119cfdb52f bb1f5842a8214640ad4f8c8595425864 - - 71f984fa33844ef493cc49ac6ef015f4 71f984fa33844ef493cc49ac6ef015f4] 10.0.0.91 "GET /resource_providers/e8c2ec93-2ae2-4cf4-b882-597d3e7eb3e5/aggregates" status: 404 len: 235 microversion: 1.1 [pid: 7|app: 0|req: 449/899] 10.0.0.91 () {32 vars in 824 bytes} [Wed Feb 25 20:38:15 2026] GET /resource_providers/e8c2ec93-2ae2-4cf4-b882-597d3e7eb3e5/aggregates => generated 235 bytes in 15 msecs (HTTP/1.1 404) 5 headers in 202 bytes (1 switches on core 0)
2026-02-25 20:38:15.503 8 INFO placement.requestlog [None req-d910e85b-9a78-4f38-ae95-992d876efca8 709c399d191e46e0816651119cfdb52f bb1f5842a8214640ad4f8c8595425864 - - 71f984fa33844ef493cc49ac6ef015f4 71f984fa33844ef493cc49ac6ef015f4] 10.0.0.91 "DELETE /resource_providers/e8c2ec93-2ae2-4cf4-b882-597d3e7eb3e5" status: 404 len: 246 microversion: 1.1 [pid: 8|app: 0|req: 451/900] 10.0.0.91 () {34 vars in 824 bytes} [Wed Feb 25 20:38:15 2026] DELETE /resource_providers/e8c2ec93-2ae2-4cf4-b882-597d3e7eb3e5 => generated 246 bytes in 13 msecs (HTTP/1.1 404) 6 headers in 231 bytes (1 switches on core 0)
2026-02-25 20:38:15.509 7 INFO placement.requestlog [None req-c7990721-3a41-445d-86d6-4baeb1073c43 709c399d191e46e0816651119cfdb52f bb1f5842a8214640ad4f8c8595425864 - - 71f984fa33844ef493cc49ac6ef015f4 71f984fa33844ef493cc49ac6ef015f4] 10.0.0.91 "DELETE /resource_providers/e8c2ec93-2ae2-4cf4-b882-597d3e7eb3e5" status: 404 len: 246 microversion: 1.1 [pid: 7|app: 0|req: 450/901] 10.0.0.91 () {34 vars in 824 bytes} [Wed Feb 25 20:38:15 2026] DELETE /resource_providers/e8c2ec93-2ae2-4cf4-b882-597d3e7eb3e5 => generated 246 bytes in 12 msecs (HTTP/1.1 404) 6 headers in 231 bytes (1 switches on core 0)
2026-02-25 20:38:15.520 8 INFO placement.requestlog [None req-61905d0d-2fdf-4cbc-93a5-a3a46536592c 709c399d191e46e0816651119cfdb52f bb1f5842a8214640ad4f8c8595425864 - - 71f984fa33844ef493cc49ac6ef015f4 71f984fa33844ef493cc49ac6ef015f4] 10.0.0.91 "GET /resource_providers/6c9f655c-4156-43d9-beb2-f4352c34663a/aggregates" status: 404 len: 235 microversion: 1.1 [pid: 8|app: 0|req: 452/902] 10.0.0.91 () {32 vars in 824 bytes} [Wed Feb 25 20:38:15 2026] GET /resource_providers/6c9f655c-4156-43d9-beb2-f4352c34663a/aggregates => generated 235 bytes in 12 msecs (HTTP/1.1 404) 5 headers in 202 bytes (1 switches on core 0)
2026-02-25 20:38:15.523 7 INFO placement.requestlog [None req-cbed5eac-3215-4167-b063-7c3e3b62535f 709c399d191e46e0816651119cfdb52f bb1f5842a8214640ad4f8c8595425864 - - 71f984fa33844ef493cc49ac6ef015f4 71f984fa33844ef493cc49ac6ef015f4] 10.0.0.91 "GET /resource_providers/6c9f655c-4156-43d9-beb2-f4352c34663a/aggregates" status: 404 len: 235 microversion: 1.1 [pid: 7|app: 0|req: 451/903] 10.0.0.91 () {32 vars in 824 bytes} [Wed Feb 25 20:38:15 2026] GET /resource_providers/6c9f655c-4156-43d9-beb2-f4352c34663a/aggregates => generated 235 bytes in 8 msecs (HTTP/1.1 404) 5 headers in 202 bytes (1 switches on core 0)
2026-02-25 20:38:15.537 7 INFO placement.requestlog [None req-ef8c2aab-60fe-4f87-b383-6b4c4da40726 709c399d191e46e0816651119cfdb52f bb1f5842a8214640ad4f8c8595425864 - - 71f984fa33844ef493cc49ac6ef015f4 71f984fa33844ef493cc49ac6ef015f4] 10.0.0.91 "DELETE /resource_providers/6c9f655c-4156-43d9-beb2-f4352c34663a" status: 404 len: 246 microversion: 1.1 [pid: 7|app: 0|req: 452/904] 10.0.0.91 () {34 vars in 824 bytes} [Wed Feb 25 20:38:15 2026] DELETE /resource_providers/6c9f655c-4156-43d9-beb2-f4352c34663a => generated 246 bytes in 7 msecs (HTTP/1.1 404) 6 headers in 231 bytes (1 switches on core 0)
2026-02-25 20:38:15.540 8 INFO placement.requestlog [None req-a98eeddc-79d9-4f0c-a2e2-e0e9507f994a 709c399d191e46e0816651119cfdb52f bb1f5842a8214640ad4f8c8595425864 - - 71f984fa33844ef493cc49ac6ef015f4 71f984fa33844ef493cc49ac6ef015f4] 10.0.0.91 "DELETE /resource_providers/6c9f655c-4156-43d9-beb2-f4352c34663a" status: 404 len: 246 microversion: 1.1 [pid: 8|app: 0|req: 453/905] 10.0.0.91 () {34 vars in 824 bytes} [Wed Feb 25 20:38:15 2026] DELETE /resource_providers/6c9f655c-4156-43d9-beb2-f4352c34663a => generated 246 bytes in 14 msecs (HTTP/1.1 404) 6 headers in 231 bytes (1 switches on core 0)
2026-02-25 20:38:16.051 7 INFO placement.requestlog [None req-2fa18533-adb3-44f0-9a65-c30249b978e4 709c399d191e46e0816651119cfdb52f bb1f5842a8214640ad4f8c8595425864 - - 71f984fa33844ef493cc49ac6ef015f4 71f984fa33844ef493cc49ac6ef015f4] 10.0.0.91 "GET /resource_providers/b25a85b5-a311-4546-b412-5b61b3e8a3ba/aggregates" status: 404 len: 235 microversion: 1.1 [pid: 7|app: 0|req: 453/906] 10.0.0.91 () {32 vars in 824 bytes} [Wed Feb 25 20:38:16 2026] GET /resource_providers/b25a85b5-a311-4546-b412-5b61b3e8a3ba/aggregates => generated 235 bytes in 29 msecs (HTTP/1.1 404) 5 headers in 202 bytes (1 switches on core 0)
2026-02-25 20:38:16.060 8 INFO placement.requestlog [None req-0ef0852d-6acc-4887-8770-537f370c4e57 709c399d191e46e0816651119cfdb52f bb1f5842a8214640ad4f8c8595425864 - - 71f984fa33844ef493cc49ac6ef015f4 71f984fa33844ef493cc49ac6ef015f4] 10.0.0.91 "GET /resource_providers/b25a85b5-a311-4546-b412-5b61b3e8a3ba/aggregates" status: 404 len: 235 microversion: 1.1 [pid: 8|app: 0|req: 454/907] 10.0.0.91 () {32 vars in 824 bytes} [Wed Feb 25 20:38:16 2026] GET /resource_providers/b25a85b5-a311-4546-b412-5b61b3e8a3ba/aggregates => generated 235 bytes in 11 msecs (HTTP/1.1 404) 5 headers in 202 bytes (1 switches on core 0)
2026-02-25 20:38:16.064 7 INFO placement.requestlog [None req-bc0f1228-5bb7-492f-9928-df10292941ef 709c399d191e46e0816651119cfdb52f bb1f5842a8214640ad4f8c8595425864 - - 71f984fa33844ef493cc49ac6ef015f4 71f984fa33844ef493cc49ac6ef015f4] 10.0.0.91 "DELETE /resource_providers/b25a85b5-a311-4546-b412-5b61b3e8a3ba" status: 404 len: 246 microversion: 1.1 [pid: 7|app: 0|req: 454/908] 10.0.0.91 () {34 vars in 824 bytes} [Wed Feb 25 20:38:16 2026] DELETE /resource_providers/b25a85b5-a311-4546-b412-5b61b3e8a3ba => generated 246 bytes in 7 msecs (HTTP/1.1 404) 6 headers in 231 bytes (1 switches on core 0)
2026-02-25 20:38:16.076 8 INFO placement.requestlog [None req-3f8286d2-ec3c-43a4-b360-921d2d4569b9 709c399d191e46e0816651119cfdb52f bb1f5842a8214640ad4f8c8595425864 - - 71f984fa33844ef493cc49ac6ef015f4 71f984fa33844ef493cc49ac6ef015f4] 10.0.0.91 "DELETE /resource_providers/b25a85b5-a311-4546-b412-5b61b3e8a3ba" status: 404 len: 246 microversion: 1.1 [pid: 8|app: 0|req: 455/909] 10.0.0.91 () {34 vars in 824 bytes} [Wed Feb 25 20:38:16 2026] DELETE /resource_providers/b25a85b5-a311-4546-b412-5b61b3e8a3ba => generated 246 bytes in 9 msecs (HTTP/1.1 404) 6 headers in 231 bytes (1 switches on core 0)
2026-02-25 20:38:17.373 7 INFO placement.requestlog [None req-715a1236-cbca-4828-997b-eaef49529b2d - - - - - -] 10.0.0.166 "GET /" status: 200 len: 136 microversion: 1.0
2026-02-25 20:38:17.374 8 INFO placement.requestlog [None req-a6ddd4e7-473e-486e-af52-275d0e0f8f1f - - - - - -] 10.0.0.166 "GET /" status: 200 len: 136 microversion: 1.0
2026-02-25 20:38:27.373 7 INFO placement.requestlog [None req-b6308738-ddee-4210-a250-daa956a8d07a - - - - - -] 10.0.0.166 "GET /" status: 200 len: 136 microversion: 1.0
2026-02-25 20:38:27.374 8 INFO placement.requestlog [None req-3ba3fc5d-81cd-4a8a-b9ce-9093bbfa38b6 - - - - - -] 10.0.0.166 "GET /" status: 200 len: 136 microversion: 1.0
2026-02-25 20:38:29.989 8 INFO placement.requestlog [None req-14e1c805-c9ec-4c29-bbd3-f5a90f238eba 709c399d191e46e0816651119cfdb52f bb1f5842a8214640ad4f8c8595425864 - - 71f984fa33844ef493cc49ac6ef015f4 71f984fa33844ef493cc49ac6ef015f4] 10.0.0.91 "GET /resource_providers/3d0bc870-4202-4a6f-a82a-b3cd2899ee20/aggregates" status: 404 len: 235 microversion: 1.1 [pid: 8|app: 0|req: 458/914] 10.0.0.91 () {32 vars in 824 bytes} [Wed Feb 25 20:38:29 2026] GET /resource_providers/3d0bc870-4202-4a6f-a82a-b3cd2899ee20/aggregates => generated 235 bytes in 14 msecs (HTTP/1.1 404) 5 headers in 202 bytes (1 switches on core 0)
2026-02-25 20:38:29.992 7 INFO placement.requestlog [None req-6a9d8561-533c-41c5-ada2-a10b08e6249d 709c399d191e46e0816651119cfdb52f bb1f5842a8214640ad4f8c8595425864 - - 71f984fa33844ef493cc49ac6ef015f4 71f984fa33844ef493cc49ac6ef015f4] 10.0.0.91 "GET /resource_providers/3d0bc870-4202-4a6f-a82a-b3cd2899ee20/aggregates" status: 404 len: 235 microversion: 1.1 [pid: 7|app: 0|req: 457/915] 10.0.0.91 () {32 vars in 824 bytes} [Wed Feb 25 20:38:29 2026] GET /resource_providers/3d0bc870-4202-4a6f-a82a-b3cd2899ee20/aggregates => generated 235 bytes in 16 msecs (HTTP/1.1 404) 5 headers in 202 bytes (1 switches on core 0)
2026-02-25 20:38:30.018 8 INFO placement.requestlog [None req-82d1f1d4-1497-4701-bbbd-ce430e40c575 709c399d191e46e0816651119cfdb52f bb1f5842a8214640ad4f8c8595425864 - - 71f984fa33844ef493cc49ac6ef015f4 71f984fa33844ef493cc49ac6ef015f4] 10.0.0.91 "DELETE /resource_providers/3d0bc870-4202-4a6f-a82a-b3cd2899ee20" status: 404 len: 246 microversion: 1.1 [pid: 8|app: 0|req: 459/916] 10.0.0.91 () {34 vars in 824 bytes} [Wed Feb 25 20:38:30 2026] DELETE /resource_providers/3d0bc870-4202-4a6f-a82a-b3cd2899ee20 => generated 246 bytes in 12 msecs (HTTP/1.1 404) 6 headers in 231 bytes (1 switches on core 0)
