2026-02-25 20:36:40.770 9 INFO neutron.db.ovn_revision_numbers_db [None req-67b502a8-91c0-4df6-ad81-11dbcd0b1268 - - - - - -] Successfully bumped revision number for resource 547dff7b-9fc9-4703-a9f7-c08313e112b7 (type: router_ports) to 2
2026-02-25 20:36:40.783 10 WARNING neutron.scheduler.dhcp_agent_scheduler [None req-9518b6b3-8758-45da-a5a3-99f44f4f9817 f9387d2a65bb4a86aebf99ca30c3ad09 299a92c78591499583e0a0476f11c651 - - default default] No more DHCP agents
2026-02-25 20:36:40.787 10 WARNING neutron.api.rpc.agentnotifiers.dhcp_rpc_agent_api [None req-9518b6b3-8758-45da-a5a3-99f44f4f9817 f9387d2a65bb4a86aebf99ca30c3ad09 299a92c78591499583e0a0476f11c651 - - default default] Unable to schedule network 8ea9fd56-6e7a-48ce-b4eb-3fb756988ebc: no agents available; will retry on subsequent port and subnet creation events.
2026-02-25 20:36:40.944 10 INFO neutron.db.ovn_revision_numbers_db [None req-9518b6b3-8758-45da-a5a3-99f44f4f9817 f9387d2a65bb4a86aebf99ca30c3ad09 299a92c78591499583e0a0476f11c651 - - default default] Successfully bumped revision number for resource 753e0205-cd76-40e6-92fb-21aac9f5eb53 (type: ports) to 1
2026-02-25 20:36:40.986 10 INFO neutron.wsgi [None req-8656c908-7181-49ee-9864-907abc8ca5fc a7403bfa94a0415492633a7e484d2c3c 27c676a40c654053a504661d6302f55d - - default default] 10.0.0.239 "DELETE /v2.0/security-groups/cf847867-2092-4fdd-9ce3-a7ace7ad0026 HTTP/1.1" status: 204 len: 168 time: 0.2464590
2026-02-25 20:36:41.142 10 INFO neutron.wsgi [None req-5f80e8b7-0aa7-42f5-8a41-8a4b7f369547 c0eb7a5bed2f42c8a31a0945a82f442d 0dc4c7210e4146ceab926d487ebf98d5 - - default default] 10.0.0.239 "GET /v2.0/ports/547dff7b-9fc9-4703-a9f7-c08313e112b7 HTTP/1.1" status: 200 len: 1149 time: 0.0522501
2026-02-25 20:36:41.243 9 INFO neutron.db.ovn_revision_numbers_db [None req-8705896d-78b7-4d54-92df-0d405ca4257b a7403bfa94a0415492633a7e484d2c3c 27c676a40c654053a504661d6302f55d - - default default] Successfully bumped revision number for resource cade2724-f39c-4598-a03c-b88a391a050c (type: security_groups) to 1
2026-02-25 20:36:41.256 9 INFO neutron.db.ovn_revision_numbers_db [None req-8705896d-78b7-4d54-92df-0d405ca4257b a7403bfa94a0415492633a7e484d2c3c 27c676a40c654053a504661d6302f55d - - default default] Successfully bumped revision number for resource 4b14a836-0053-432a-9e63-8830d9cbf988 (type: security_group_rules) to 0
2026-02-25 20:36:41.289 9 INFO neutron.db.ovn_revision_numbers_db [None req-8705896d-78b7-4d54-92df-0d405ca4257b a7403bfa94a0415492633a7e484d2c3c 27c676a40c654053a504661d6302f55d - - default default] Successfully bumped revision number for resource 63b85226-9e6e-4d77-9334-89638e05569a (type: security_group_rules) to 0
2026-02-25 20:36:41.308 9 INFO neutron.db.ovn_revision_numbers_db [None req-8705896d-78b7-4d54-92df-0d405ca4257b a7403bfa94a0415492633a7e484d2c3c 27c676a40c654053a504661d6302f55d - - default default] Successfully bumped revision number for resource c8f6c7b6-2670-40b6-b0d9-354f26b21ed3 (type: security_group_rules) to 0
2026-02-25 20:36:41.329 9 INFO neutron.db.ovn_revision_numbers_db [None req-8705896d-78b7-4d54-92df-0d405ca4257b a7403bfa94a0415492633a7e484d2c3c 27c676a40c654053a504661d6302f55d - - default default] Successfully bumped revision number for resource cc6d1c46-32f5-41b7-b58c-905fd2ec0421 (type: security_group_rules) to 0
2026-02-25 20:36:41.361 9 INFO neutron.wsgi [None req-8705896d-78b7-4d54-92df-0d405ca4257b a7403bfa94a0415492633a7e484d2c3c 27c676a40c654053a504661d6302f55d - - default default] 10.0.0.239 "GET /v2.0/security-groups?tenant_id=0fe796062420485e8d6be14d5b89dfd2&name=default HTTP/1.1" status: 200 len: 2996 time: 0.2629783
2026-02-25 20:36:41.579 9 INFO neutron.wsgi [None req-63c90c17-6b78-47b0-afad-326e6bdb0fb2 a7403bfa94a0415492633a7e484d2c3c 27c676a40c654053a504661d6302f55d - - default default] 10.0.0.239 "DELETE /v2.0/security-groups/cade2724-f39c-4598-a03c-b88a391a050c HTTP/1.1" status: 204 len: 168 time: 0.2111690
2026-02-25 20:36:41.688 10 INFO neutron.plugins.ml2.drivers.ovn.mech_driver.mech_driver [None req-d30f8d2e-f636-4c78-9826-d47f0238f5d0 - - - - - -] OVN reports status up for port: 753e0205-cd76-40e6-92fb-21aac9f5eb53
2026-02-25 20:36:41.699 10 INFO neutron.plugins.ml2.plugin [None req-d30f8d2e-f636-4c78-9826-d47f0238f5d0 - - - - - -] Attempt 1 to provision port 753e0205-cd76-40e6-92fb-21aac9f5eb53
2026-02-25 20:36:41.724 10 INFO neutron.db.ovn_revision_numbers_db [None req-9518b6b3-8758-45da-a5a3-99f44f4f9817 f9387d2a65bb4a86aebf99ca30c3ad09 299a92c78591499583e0a0476f11c651 - - default default] Successfully bumped revision number for resource 753e0205-cd76-40e6-92fb-21aac9f5eb53 (type: router_ports) to 1
2026-02-25 20:36:41.867 9 INFO neutron.wsgi [req-de284953-f52c-438c-8926-f642538e901a req-6e42c77e-5786-4418-aef7-6fe83d481361 a913f93fff0444b3965d03b233e4457a 01a4f53bf7264ce98ee108dcf9b65927 - - default default] 10.0.0.78 "GET /v2.0/ports?device_id=6da6a1ba-0249-4d57-bad8-6da3179495be HTTP/1.1" status: 200 len: 1168 time: 0.0735886
2026-02-25 20:36:41.910 9 INFO neutron.wsgi [req-de284953-f52c-438c-8926-f642538e901a req-b72ee744-af91-42b3-92da-515d8c3d0ac8 a913f93fff0444b3965d03b233e4457a 01a4f53bf7264ce98ee108dcf9b65927 - - default default] 10.0.0.78 "GET /v2.0/security-groups?id=3d1ff6fe-323a-48e8-8cb9-0225b363d202&fields=id&fields=name HTTP/1.1" status: 200 len: 312 time: 0.0351198
2026-02-25 20:36:42.017 10 INFO neutron.db.ovn_revision_numbers_db [None req-9518b6b3-8758-45da-a5a3-99f44f4f9817 f9387d2a65bb4a86aebf99ca30c3ad09 299a92c78591499583e0a0476f11c651 - - default default] Successfully bumped revision number for resource 753e0205-cd76-40e6-92fb-21aac9f5eb53 (type: ports) to 1
2026-02-25 20:36:42.184 10 WARNING neutron.scheduler.dhcp_agent_scheduler [None req-9518b6b3-8758-45da-a5a3-99f44f4f9817 f9387d2a65bb4a86aebf99ca30c3ad09 299a92c78591499583e0a0476f11c651 - - default default] No more DHCP agents
2026-02-25 20:36:42.192 10 WARNING neutron.api.rpc.agentnotifiers.dhcp_rpc_agent_api [None req-9518b6b3-8758-45da-a5a3-99f44f4f9817 f9387d2a65bb4a86aebf99ca30c3ad09 299a92c78591499583e0a0476f11c651 - - default default] Unable to schedule network 8ea9fd56-6e7a-48ce-b4eb-3fb756988ebc: no agents available; will retry on subsequent port and subnet creation events.
2026-02-25 20:36:42.226 10 INFO neutron.db.ovn_revision_numbers_db [None req-d30f8d2e-f636-4c78-9826-d47f0238f5d0 - - - - - -] Successfully bumped revision number for resource 753e0205-cd76-40e6-92fb-21aac9f5eb53 (type: ports) to 2
2026-02-25 20:36:42.313 10 INFO neutron.wsgi [None req-9aa55ac4-4c1a-4870-a26e-2e3dc9d49282 c0eb7a5bed2f42c8a31a0945a82f442d 0dc4c7210e4146ceab926d487ebf98d5 - - default default] 10.0.0.239 "PUT /v2.0/routers/9c602273-5925-4fb1-9b01-6d9a4356e95f/remove_router_interface HTTP/1.1" status: 200 len: 503 time: 1.1661136
2026-02-25 20:36:42.387 10 INFO neutron.db.ovn_revision_numbers_db [None req-d30f8d2e-f636-4c78-9826-d47f0238f5d0 - - - - - -] Successfully bumped revision number for resource 753e0205-cd76-40e6-92fb-21aac9f5eb53 (type: router_ports) to 2
2026-02-25 20:36:42.396 9 INFO neutron.wsgi [None req-43145043-9209-40c0-b4cc-453cb6c4b02a c0eb7a5bed2f42c8a31a0945a82f442d 0dc4c7210e4146ceab926d487ebf98d5 - - default default] 10.0.0.239 "GET /v2.0/ports/b2fd246f-9261-4d9d-936e-e08aecc80368 HTTP/1.1" status: 200 len: 1141 time: 0.0774691
2026-02-25 20:36:42.555 10 INFO neutron.db.ovn_revision_numbers_db [None req-9518b6b3-8758-45da-a5a3-99f44f4f9817 f9387d2a65bb4a86aebf99ca30c3ad09 299a92c78591499583e0a0476f11c651 - - default default] Successfully bumped revision number for resource 753e0205-cd76-40e6-92fb-21aac9f5eb53 (type: router_ports) to 2
2026-02-25 20:36:42.558 10 INFO neutron.wsgi [None req-9518b6b3-8758-45da-a5a3-99f44f4f9817 f9387d2a65bb4a86aebf99ca30c3ad09 299a92c78591499583e0a0476f11c651 - - default default] 10.0.0.239 "PUT /v2.0/routers/e6e5208a-c48f-4753-8506-f64fde49007e/add_router_interface HTTP/1.1" status: 200 len: 503 time: 2.3009200
2026-02-25 20:36:42.580 9 WARNING neutron_lib.context [None req-1d64f356-6f4e-4f98-9f4c-1309f0e8b26c f9387d2a65bb4a86aebf99ca30c3ad09 299a92c78591499583e0a0476f11c651 - - default default] Method 'is_advsvc' is deprecated since 2023.2 release (neutron-lib 3.8.0) and will be removed once support for the old RBAC API policies will be removed from Neutron. Please use method 'is_service_role' instead.
2026-02-25 20:36:42.890 9 INFO neutron.wsgi [-] 10.0.0.166 "GET / HTTP/1.1" status: 200 len: 246 time: 0.0012856
2026-02-25 20:36:42.892 10 INFO neutron.wsgi [-] 10.0.0.166 "GET / HTTP/1.1" status: 200 len: 246 time: 0.0032427 /var/lib/openstack/lib/python3.10/site-packages/pycadf/identifier.py:71: UserWarning: Invalid uuid: neutron. To ensure interoperability, identifiers should be a valid uuid. warnings.warn(('Invalid uuid: %s. To ensure interoperability, '
2026-02-25 20:36:43.001 9 WARNING neutron.scheduler.dhcp_agent_scheduler [None req-1d64f356-6f4e-4f98-9f4c-1309f0e8b26c f9387d2a65bb4a86aebf99ca30c3ad09 299a92c78591499583e0a0476f11c651 - - default default] No more DHCP agents
2026-02-25 20:36:43.014 9 WARNING neutron.api.rpc.agentnotifiers.dhcp_rpc_agent_api [None req-1d64f356-6f4e-4f98-9f4c-1309f0e8b26c f9387d2a65bb4a86aebf99ca30c3ad09 299a92c78591499583e0a0476f11c651 - - default default] Unable to schedule network 8ea9fd56-6e7a-48ce-b4eb-3fb756988ebc: no agents available; will retry on subsequent port and subnet creation events.
2026-02-25 20:36:43.156 9 INFO neutron.wsgi [None req-64f4b36b-362e-4ff6-8a2e-daa3f8fdb3b7 c0eb7a5bed2f42c8a31a0945a82f442d 0dc4c7210e4146ceab926d487ebf98d5 - - default default] 10.0.0.239 "PUT /v2.0/routers/9c602273-5925-4fb1-9b01-6d9a4356e95f/remove_router_interface HTTP/1.1" status: 200 len: 503 time: 0.7539208 /var/lib/openstack/lib/python3.10/site-packages/pycadf/identifier.py:71: UserWarning: Invalid uuid: neutron. To ensure interoperability, identifiers should be a valid uuid. warnings.warn(('Invalid uuid: %s. To ensure interoperability, '
2026-02-25 20:36:43.200 9 INFO neutron.wsgi [None req-b33c71aa-6579-4120-86fc-12cacd8bf7df c0eb7a5bed2f42c8a31a0945a82f442d 0dc4c7210e4146ceab926d487ebf98d5 - - default default] 10.0.0.239 "GET /v2.0/ports?device_id=9c602273-5925-4fb1-9b01-6d9a4356e95f HTTP/1.1" status: 200 len: 205 time: 0.0378387 /var/lib/openstack/lib/python3.10/site-packages/pycadf/identifier.py:71: UserWarning: Invalid uuid: neutron. To ensure interoperability, identifiers should be a valid uuid. warnings.warn(('Invalid uuid: %s. To ensure interoperability, '
2026-02-25 20:36:43.221 9 INFO neutron.wsgi [req-06efe5c9-95a4-4a63-84a8-08d9d7167140 req-85b80c43-e7e6-43a8-9da4-15380aef13e3 a913f93fff0444b3965d03b233e4457a 01a4f53bf7264ce98ee108dcf9b65927 - - default default] 10.0.0.78 "GET /v2.0/ports?device_id=6da6a1ba-0249-4d57-bad8-6da3179495be HTTP/1.1" status: 200 len: 1168 time: 0.2516136
2026-02-25 20:36:43.286 9 INFO neutron.wsgi [req-06efe5c9-95a4-4a63-84a8-08d9d7167140 req-42856cc6-a02e-41d9-a32a-ad9ab57a65c1 a913f93fff0444b3965d03b233e4457a 01a4f53bf7264ce98ee108dcf9b65927 - - default default] 10.0.0.78 "GET /v2.0/security-groups?id=3d1ff6fe-323a-48e8-8cb9-0225b363d202&fields=id&fields=name HTTP/1.1" status: 200 len: 312 time: 0.0529556
2026-02-25 20:36:43.327 9 INFO neutron.db.ovn_revision_numbers_db [None req-1d64f356-6f4e-4f98-9f4c-1309f0e8b26c f9387d2a65bb4a86aebf99ca30c3ad09 299a92c78591499583e0a0476f11c651 - - default default] Successfully bumped revision number for resource d2ec9288-ddb8-466e-b610-4e5a15c3b855 (type: ports) to 1
2026-02-25 20:36:43.352 9 INFO neutron.wsgi [None req-1d64f356-6f4e-4f98-9f4c-1309f0e8b26c f9387d2a65bb4a86aebf99ca30c3ad09 299a92c78591499583e0a0476f11c651 - - default default] 10.0.0.239 "POST /v2.0/ports HTTP/1.1" status: 201 len: 1158 time: 0.7764359
2026-02-25 20:36:43.363 9 WARNING neutron_lib.context [None req-3acbe89e-318c-4f81-b05c-290d75798777 f9387d2a65bb4a86aebf99ca30c3ad09 299a92c78591499583e0a0476f11c651 - - default default] Method 'is_advsvc' is deprecated since 2023.2 release (neutron-lib 3.8.0) and will be removed once support for the old RBAC API policies will be removed from Neutron. Please use method 'is_service_role' instead.
2026-02-25 20:36:43.506 10 INFO neutron.wsgi [None req-02b3b789-add1-4b54-82a9-fcc413577975 c0eb7a5bed2f42c8a31a0945a82f442d 0dc4c7210e4146ceab926d487ebf98d5 - - default default] 10.0.0.239 "DELETE /v2.0/routers/9c602273-5925-4fb1-9b01-6d9a4356e95f HTTP/1.1" status: 204 len: 168 time: 0.3010049
2026-02-25 20:36:43.695 10 INFO neutron.wsgi [None req-00dfe1ba-fc96-4f74-a117-c48d9e151ea2 c0eb7a5bed2f42c8a31a0945a82f442d 0dc4c7210e4146ceab926d487ebf98d5 - - default default] 10.0.0.239 "DELETE /v2.0/subnets/9d55f586-c76d-4332-afc7-edd9df890dd9 HTTP/1.1" status: 204 len: 168 time: 0.1817787
2026-02-25 20:36:43.739 9 WARNING neutron.scheduler.dhcp_agent_scheduler [None req-3acbe89e-318c-4f81-b05c-290d75798777 f9387d2a65bb4a86aebf99ca30c3ad09 299a92c78591499583e0a0476f11c651 - - default default] No more DHCP agents
2026-02-25 20:36:43.741 9 WARNING neutron.api.rpc.agentnotifiers.dhcp_rpc_agent_api [None req-3acbe89e-318c-4f81-b05c-290d75798777 f9387d2a65bb4a86aebf99ca30c3ad09 299a92c78591499583e0a0476f11c651 - - default default] Unable to schedule network 8ea9fd56-6e7a-48ce-b4eb-3fb756988ebc: no agents available; will retry on subsequent port and subnet creation events.
2026-02-25 20:36:43.878 10 INFO neutron.wsgi [None req-5bcd99aa-d9a3-4120-8a98-224281b5dd2f c0eb7a5bed2f42c8a31a0945a82f442d 0dc4c7210e4146ceab926d487ebf98d5 - - default default] 10.0.0.239 "DELETE /v2.0/subnets/ae98a009-fcd3-48fc-a896-22fc02e0fa65 HTTP/1.1" status: 204 len: 168 time: 0.1756678
2026-02-25 20:36:43.929 9 INFO neutron.db.ovn_revision_numbers_db [None req-3acbe89e-318c-4f81-b05c-290d75798777 f9387d2a65bb4a86aebf99ca30c3ad09 299a92c78591499583e0a0476f11c651 - - default default] Successfully bumped revision number for resource f5e19c07-b068-423b-814c-0e4a390c64df (type: ports) to 1
2026-02-25 20:36:43.951 9 INFO neutron.wsgi [None req-3acbe89e-318c-4f81-b05c-290d75798777 f9387d2a65bb4a86aebf99ca30c3ad09 299a92c78591499583e0a0476f11c651 - - default default] 10.0.0.239 "POST /v2.0/ports HTTP/1.1" status: 201 len: 1152 time: 0.5934267 /var/lib/openstack/lib/python3.10/site-packages/pycadf/identifier.py:71: UserWarning: Invalid uuid: neutron. To ensure interoperability, identifiers should be a valid uuid. warnings.warn(('Invalid uuid: %s. To ensure interoperability, '
2026-02-25 20:36:43.967 9 WARNING neutron_lib.context [None req-df996c48-d6c3-43b2-9e3e-6dd6917c0bde f9387d2a65bb4a86aebf99ca30c3ad09 299a92c78591499583e0a0476f11c651 - - default default] Method 'is_advsvc' is deprecated since 2023.2 release (neutron-lib 3.8.0) and will be removed once support for the old RBAC API policies will be removed from Neutron. Please use method 'is_service_role' instead.
2026-02-25 20:36:44.246 9 WARNING neutron.scheduler.dhcp_agent_scheduler [None req-df996c48-d6c3-43b2-9e3e-6dd6917c0bde f9387d2a65bb4a86aebf99ca30c3ad09 299a92c78591499583e0a0476f11c651 - - default default] No more DHCP agents
2026-02-25 20:36:44.248 9 WARNING neutron.api.rpc.agentnotifiers.dhcp_rpc_agent_api [None req-df996c48-d6c3-43b2-9e3e-6dd6917c0bde f9387d2a65bb4a86aebf99ca30c3ad09 299a92c78591499583e0a0476f11c651 - - default default] Unable to schedule network aa707c75-8052-4baa-a575-b0f4251b61fd: no agents available; will retry on subsequent port and subnet creation events.
2026-02-25 20:36:44.268 10 INFO neutron.services.segments.plugin [-] Segment e734fcc7-4675-4395-995d-69ad0fe7b28e resource provider aggregate not found
2026-02-25 20:36:44.275 10 INFO neutron.services.segments.plugin [-] Segment e734fcc7-4675-4395-995d-69ad0fe7b28e resource provider aggregate not found
2026-02-25 20:36:44.285 10 INFO neutron.services.segments.plugin [-] Segment e734fcc7-4675-4395-995d-69ad0fe7b28e resource provider not found; error: Placement Client Error (4xx): {"errors": [{"status": 404, "title": "Not Found", "detail": "The resource could not be found.\n\n No resource provider with uuid e734fcc7-4675-4395-995d-69ad0fe7b28e found for delete ", "request_id": "req-f2865666-88a1-4bc5-a3a5-262ec5813005"}]}
2026-02-25 20:36:44.299 10 INFO neutron.services.segments.plugin [-] Segment e734fcc7-4675-4395-995d-69ad0fe7b28e resource provider not found; error: Placement Client Error (4xx): {"errors": [{"status": 404, "title": "Not Found", "detail": "The resource could not be found.\n\n No resource provider with uuid e734fcc7-4675-4395-995d-69ad0fe7b28e found for delete ", "request_id": "req-059be657-6227-454a-8631-5185878f87c0"}]}
2026-02-25 20:36:44.316 10 INFO neutron.wsgi [None req-d07157c7-0fe8-49db-9b9a-0031c0fec4bf c0eb7a5bed2f42c8a31a0945a82f442d 0dc4c7210e4146ceab926d487ebf98d5 - - default default] 10.0.0.239 "DELETE /v2.0/networks/1a45e227-6d6b-4ef8-b2fb-8fb2106c2aed HTTP/1.1" status: 204 len: 168 time: 0.4316723
2026-02-25 20:36:44.414 9 INFO neutron.wsgi [req-d1ebec67-cf80-42cd-afeb-45acc39e8153 req-691723fa-911b-4a52-b7ba-5c0a6ea5119d a913f93fff0444b3965d03b233e4457a 01a4f53bf7264ce98ee108dcf9b65927 - - default default] 10.0.0.78 "GET /v2.0/ports?device_id=6da6a1ba-0249-4d57-bad8-6da3179495be HTTP/1.1" status: 200 len: 1168 time: 0.0511508
2026-02-25 20:36:44.482 9 INFO neutron.wsgi [req-d1ebec67-cf80-42cd-afeb-45acc39e8153 req-18bd80d3-5f36-488b-9196-04e91070a0c9 a913f93fff0444b3965d03b233e4457a 01a4f53bf7264ce98ee108dcf9b65927 - - default default] 10.0.0.78 "GET /v2.0/security-groups?id=3d1ff6fe-323a-48e8-8cb9-0225b363d202&fields=id&fields=name HTTP/1.1" status: 200 len: 312 time: 0.0509028
2026-02-25 20:36:44.719 9 INFO neutron.db.l3_db [None req-df996c48-d6c3-43b2-9e3e-6dd6917c0bde f9387d2a65bb4a86aebf99ca30c3ad09 299a92c78591499583e0a0476f11c651 - - default default] Floating IP c0daa0f0-67e5-4c78-9d94-e584a474ab7c associated. External IP: 10.96.250.217, port: f5e19c07-b068-423b-814c-0e4a390c64df.
2026-02-25 20:36:44.733 10 INFO neutron.wsgi [None req-c19311f6-b25a-449f-8177-aa554311389e c0eb7a5bed2f42c8a31a0945a82f442d 0dc4c7210e4146ceab926d487ebf98d5 - - default default] 10.0.0.239 "DELETE /v2.0/networks/4c7c66c3-8fc9-483f-aa3a-1246d4f9b61b HTTP/1.1" status: 204 len: 168 time: 0.4108627
2026-02-25 20:36:44.742 10 WARNING neutron_lib.context [None req-1e74972c-68dd-4d02-822d-64c54594b93d c0eb7a5bed2f42c8a31a0945a82f442d 0dc4c7210e4146ceab926d487ebf98d5 - - default default] Method 'is_advsvc' is deprecated since 2023.2 release (neutron-lib 3.8.0) and will be removed once support for the old RBAC API policies will be removed from Neutron. Please use method 'is_service_role' instead.
2026-02-25 20:36:44.818 10 INFO neutron.db.segments_db [None req-1e74972c-68dd-4d02-822d-64c54594b93d c0eb7a5bed2f42c8a31a0945a82f442d 0dc4c7210e4146ceab926d487ebf98d5 - - default default] Added segment 6ee8b765-2363-4d9c-bdab-1bc5caa48949 of type geneve for network 57cccd61-8dd1-44dd-8753-80849f738e5d
2026-02-25 20:36:44.922 9 INFO neutron.db.ovn_revision_numbers_db [None req-df996c48-d6c3-43b2-9e3e-6dd6917c0bde f9387d2a65bb4a86aebf99ca30c3ad09 299a92c78591499583e0a0476f11c651 - - default default] Successfully bumped revision number for resource c0daa0f0-67e5-4c78-9d94-e584a474ab7c (type: floatingips) to 0
2026-02-25 20:36:44.951 10 INFO neutron.db.ovn_revision_numbers_db [None req-1e74972c-68dd-4d02-822d-64c54594b93d c0eb7a5bed2f42c8a31a0945a82f442d 0dc4c7210e4146ceab926d487ebf98d5 - - default default] Successfully bumped revision number for resource 57cccd61-8dd1-44dd-8753-80849f738e5d (type: networks) to 1
2026-02-25 20:36:45.038 9 INFO neutron.db.ovn_revision_numbers_db [None req-df996c48-d6c3-43b2-9e3e-6dd6917c0bde f9387d2a65bb4a86aebf99ca30c3ad09 299a92c78591499583e0a0476f11c651 - - default default] Successfully bumped revision number for resource c0daa0f0-67e5-4c78-9d94-e584a474ab7c (type: floatingips) to 1
2026-02-25 20:36:45.080 9 INFO neutron.wsgi [None req-df996c48-d6c3-43b2-9e3e-6dd6917c0bde f9387d2a65bb4a86aebf99ca30c3ad09 299a92c78591499583e0a0476f11c651 - - default default] 10.0.0.239 "POST /v2.0/floatingips HTTP/1.1" status: 201 len: 1039 time: 1.1209359
2026-02-25 20:36:45.210 9 INFO neutron.db.l3_db [None req-54a97d37-5897-429b-8dd5-4c9b9e0c9755 f9387d2a65bb4a86aebf99ca30c3ad09 299a92c78591499583e0a0476f11c651 - - default default] Floating IP c0daa0f0-67e5-4c78-9d94-e584a474ab7c disassociated. External IP: 10.96.250.217, port: f5e19c07-b068-423b-814c-0e4a390c64df.
2026-02-25 20:36:45.249 9 INFO neutron.db.ovn_revision_numbers_db [None req-54a97d37-5897-429b-8dd5-4c9b9e0c9755 f9387d2a65bb4a86aebf99ca30c3ad09 299a92c78591499583e0a0476f11c651 - - default default] Successfully bumped revision number for resource c0daa0f0-67e5-4c78-9d94-e584a474ab7c (type: floatingips) to 2
2026-02-25 20:36:45.316 9 INFO neutron.wsgi [None req-54a97d37-5897-429b-8dd5-4c9b9e0c9755 f9387d2a65bb4a86aebf99ca30c3ad09 299a92c78591499583e0a0476f11c651 - - default default] 10.0.0.239 "PUT /v2.0/floatingips/c0daa0f0-67e5-4c78-9d94-e584a474ab7c HTTP/1.1" status: 200 len: 748 time: 0.2299776
2026-02-25 20:36:45.576 10 WARNING neutron.scheduler.dhcp_agent_scheduler [None req-1e74972c-68dd-4d02-822d-64c54594b93d c0eb7a5bed2f42c8a31a0945a82f442d 0dc4c7210e4146ceab926d487ebf98d5 - - default default] No more DHCP agents
2026-02-25 20:36:45.578 10 WARNING neutron.api.rpc.agentnotifiers.dhcp_rpc_agent_api [None req-1e74972c-68dd-4d02-822d-64c54594b93d c0eb7a5bed2f42c8a31a0945a82f442d 0dc4c7210e4146ceab926d487ebf98d5 - - default default] Unable to schedule network 57cccd61-8dd1-44dd-8753-80849f738e5d: no agents available; will retry on subsequent port and subnet creation events.
2026-02-25 20:36:45.636 9 INFO neutron.wsgi [req-c52cb539-6577-46dc-ad2b-a76cce131e78 req-4542d8ba-2159-4b04-a303-10c8e4b4436e a913f93fff0444b3965d03b233e4457a 01a4f53bf7264ce98ee108dcf9b65927 - - default default] 10.0.0.78 "GET /v2.0/ports?device_id=6da6a1ba-0249-4d57-bad8-6da3179495be HTTP/1.1" status: 200 len: 1168 time: 0.0617480
2026-02-25 20:36:45.670 10 INFO neutron.db.ovn_revision_numbers_db [None req-1e74972c-68dd-4d02-822d-64c54594b93d c0eb7a5bed2f42c8a31a0945a82f442d 0dc4c7210e4146ceab926d487ebf98d5 - - default default] Successfully bumped revision number for resource 60ae98ad-a08c-4928-b7ad-a61529686557 (type: ports) to 1
2026-02-25 20:36:45.696 9 INFO neutron.wsgi [req-c52cb539-6577-46dc-ad2b-a76cce131e78 req-109dd65c-fb72-4a63-9f55-556b90fafbc8 a913f93fff0444b3965d03b233e4457a 01a4f53bf7264ce98ee108dcf9b65927 - - default default] 10.0.0.78 "GET /v2.0/security-groups?id=3d1ff6fe-323a-48e8-8cb9-0225b363d202&fields=id&fields=name HTTP/1.1" status: 200 len: 312 time: 0.0493188
2026-02-25 20:36:45.707 10 INFO neutron.wsgi [None req-1e74972c-68dd-4d02-822d-64c54594b93d c0eb7a5bed2f42c8a31a0945a82f442d 0dc4c7210e4146ceab926d487ebf98d5 - - default default] 10.0.0.239 "POST /v2.0/networks HTTP/1.1" status: 201 len: 832 time: 0.9686363
2026-02-25 20:36:45.718 9 WARNING neutron_lib.context [None req-d00a5a49-89ca-40bc-a9f8-54fbb5b09bd1 c0eb7a5bed2f42c8a31a0945a82f442d 0dc4c7210e4146ceab926d487ebf98d5 - - default default] Method 'is_advsvc' is deprecated since 2023.2 release (neutron-lib 3.8.0) and will be removed once support for the old RBAC API policies will be removed from Neutron. Please use method 'is_service_role' instead.
2026-02-25 20:36:45.734 9 INFO neutron.wsgi [None req-6b1759ca-033d-4881-a809-8e202fa59ecf f9387d2a65bb4a86aebf99ca30c3ad09 299a92c78591499583e0a0476f11c651 - - default default] 10.0.0.239 "DELETE /v2.0/floatingips/c0daa0f0-67e5-4c78-9d94-e584a474ab7c HTTP/1.1" status: 204 len: 168 time: 0.4121635
2026-02-25 20:36:45.749 10 WARNING neutron_lib.context [None req-bad793a1-83a0-4b9d-8e81-99ecd57b8b60 f9387d2a65bb4a86aebf99ca30c3ad09 299a92c78591499583e0a0476f11c651 - - default default] Method 'is_advsvc' is deprecated since 2023.2 release (neutron-lib 3.8.0) and will be removed once support for the old RBAC API policies will be removed from Neutron. Please use method 'is_service_role' instead.
2026-02-25 20:36:45.853 9 INFO neutron.db.ovn_revision_numbers_db [None req-ffa04a7e-1319-4aed-b3c4-bff7a0d3b221 a7403bfa94a0415492633a7e484d2c3c 27c676a40c654053a504661d6302f55d - - default default] Successfully bumped revision number for resource 279bb833-9d76-4a77-9e4d-75977e263dc0 (type: security_groups) to 1
2026-02-25 20:36:45.877 9 INFO neutron.db.ovn_revision_numbers_db [None req-ffa04a7e-1319-4aed-b3c4-bff7a0d3b221 a7403bfa94a0415492633a7e484d2c3c 27c676a40c654053a504661d6302f55d - - default default] Successfully bumped revision number for resource 2aa7b9a0-a366-4df1-bce5-988de0682cee (type: security_group_rules) to 0
2026-02-25 20:36:45.893 9 INFO neutron.db.ovn_revision_numbers_db [None req-ffa04a7e-1319-4aed-b3c4-bff7a0d3b221 a7403bfa94a0415492633a7e484d2c3c 27c676a40c654053a504661d6302f55d - - default default] Successfully bumped revision number for resource 52d3b078-9516-484a-978c-c1964a703014 (type: security_group_rules) to 0
2026-02-25 20:36:45.912 9 INFO neutron.db.ovn_revision_numbers_db [None req-ffa04a7e-1319-4aed-b3c4-bff7a0d3b221 a7403bfa94a0415492633a7e484d2c3c 27c676a40c654053a504661d6302f55d - - default default] Successfully bumped revision number for resource 6dbc8154-c536-469b-b1dd-3bd06d38c7aa (type: security_group_rules) to 0
2026-02-25 20:36:45.990 10 WARNING neutron.scheduler.dhcp_agent_scheduler [None req-bad793a1-83a0-4b9d-8e81-99ecd57b8b60 f9387d2a65bb4a86aebf99ca30c3ad09 299a92c78591499583e0a0476f11c651 - - default default] No more DHCP agents
2026-02-25 20:36:45.993 10 WARNING neutron.api.rpc.agentnotifiers.dhcp_rpc_agent_api [None req-bad793a1-83a0-4b9d-8e81-99ecd57b8b60 f9387d2a65bb4a86aebf99ca30c3ad09 299a92c78591499583e0a0476f11c651 - - default default] Unable to schedule network aa707c75-8052-4baa-a575-b0f4251b61fd: no agents available; will retry on subsequent port and subnet creation events.
2026-02-25 20:36:46.156 9 INFO neutron.db.ovn_revision_numbers_db [None req-ffa04a7e-1319-4aed-b3c4-bff7a0d3b221 a7403bfa94a0415492633a7e484d2c3c 27c676a40c654053a504661d6302f55d - - default default] Successfully bumped revision number for resource ee38e806-9f7a-459d-8508-936e7860eb5c (type: security_group_rules) to 0
2026-02-25 20:36:46.169 9 WARNING neutron.plugins.ml2.drivers.ovn.mech_driver.ovsdb.ovn_client [None req-67b502a8-91c0-4df6-ad81-11dbcd0b1268 - - - - - -] No port found with ID 547dff7b-9fc9-4703-a9f7-c08313e112b7: RuntimeError: No port found with ID 547dff7b-9fc9-4703-a9f7-c08313e112b7
2026-02-25 20:36:46.170 9 INFO neutron.plugins.ml2.drivers.ovn.mech_driver.mech_driver [None req-67b502a8-91c0-4df6-ad81-11dbcd0b1268 - - - - - -] OVN reports status up for port: 7088e054-6d44-48c7-91cb-1efec5a08f8b
2026-02-25 20:36:46.195 9 INFO neutron.wsgi [None req-ffa04a7e-1319-4aed-b3c4-bff7a0d3b221 a7403bfa94a0415492633a7e484d2c3c 27c676a40c654053a504661d6302f55d - - default default] 10.0.0.239 "GET /v2.0/security-groups?tenant_id=08de2fb9ecb244e0887368e6793d5f89&name=default HTTP/1.1" status: 200 len: 2996 time: 0.7208076
2026-02-25 20:36:46.203 9 INFO neutron.plugins.ml2.plugin [None req-67b502a8-91c0-4df6-ad81-11dbcd0b1268 - - - - - -] Attempt 1 to provision port 7088e054-6d44-48c7-91cb-1efec5a08f8b
2026-02-25 20:36:46.221 9 WARNING neutron.scheduler.dhcp_agent_scheduler [None req-d00a5a49-89ca-40bc-a9f8-54fbb5b09bd1 c0eb7a5bed2f42c8a31a0945a82f442d 0dc4c7210e4146ceab926d487ebf98d5 - - default default] No more DHCP agents
2026-02-25 20:36:46.226 9 WARNING neutron.api.rpc.agentnotifiers.dhcp_rpc_agent_api [None req-d00a5a49-89ca-40bc-a9f8-54fbb5b09bd1 c0eb7a5bed2f42c8a31a0945a82f442d 0dc4c7210e4146ceab926d487ebf98d5 - - default default] Unable to schedule network 57cccd61-8dd1-44dd-8753-80849f738e5d: no agents available; will retry on subsequent port and subnet creation events.
2026-02-25 20:36:46.263 9 INFO neutron.db.ovn_revision_numbers_db [None req-d00a5a49-89ca-40bc-a9f8-54fbb5b09bd1 c0eb7a5bed2f42c8a31a0945a82f442d 0dc4c7210e4146ceab926d487ebf98d5 - - default default] Successfully bumped revision number for resource 61478c36-fdce-414b-9ab5-26da0229a8c4 (type: subnets) to 0
2026-02-25 20:36:46.276 9 INFO neutron.wsgi [None req-d00a5a49-89ca-40bc-a9f8-54fbb5b09bd1 c0eb7a5bed2f42c8a31a0945a82f442d 0dc4c7210e4146ceab926d487ebf98d5 - - default default] 10.0.0.239 "POST /v2.0/subnets HTTP/1.1" status: 201 len: 821 time: 0.5627670
2026-02-25 20:36:46.287 9 WARNING neutron_lib.context [None req-532029b0-7ff9-41a4-93a1-4b340268e98b c0eb7a5bed2f42c8a31a0945a82f442d 0dc4c7210e4146ceab926d487ebf98d5 - - default default] Method 'is_advsvc' is deprecated since 2023.2 release (neutron-lib 3.8.0) and will be removed once support for the old RBAC API policies will be removed from Neutron. Please use method 'is_service_role' instead.
2026-02-25 20:36:46.309 10 INFO neutron.services.segments.plugin [-] Segment 36e39c35-3f52-43c6-9242-2180575cbec0 resource provider aggregate not found
2026-02-25 20:36:46.325 10 INFO neutron.services.segments.plugin [-] Segment 36e39c35-3f52-43c6-9242-2180575cbec0 resource provider aggregate not found
2026-02-25 20:36:46.344 10 INFO neutron.services.segments.plugin [-] Segment 36e39c35-3f52-43c6-9242-2180575cbec0 resource provider not found; error: Placement Client Error (4xx): {"errors": [{"status": 404, "title": "Not Found", "detail": "The resource could not be found.\n\n No resource provider with uuid 36e39c35-3f52-43c6-9242-2180575cbec0 found for delete ", "request_id": "req-526cb458-1ba2-4b0c-9a9f-bccd3314147f"}]}
2026-02-25 20:36:46.345 10 INFO neutron.services.segments.plugin [-] Segment 36e39c35-3f52-43c6-9242-2180575cbec0 resource provider not found; error: Placement Client Error (4xx): {"errors": [{"status": 404, "title": "Not Found", "detail": "The resource could not be found.\n\n No resource provider with uuid 36e39c35-3f52-43c6-9242-2180575cbec0 found for delete ", "request_id": "req-c46d87da-0694-479a-b786-3b07a8c234fb"}]}
2026-02-25 20:36:46.366 9 INFO neutron.notifiers.nova [-] Nova event matching ['req-7e465f75-5a51-4831-bc76-71eab86b750f'] response: {'server_uuid': '6da6a1ba-0249-4d57-bad8-6da3179495be', 'name': 'network-vif-plugged', 'status': 'completed', 'tag': '7088e054-6d44-48c7-91cb-1efec5a08f8b', 'code': 200}
2026-02-25 20:36:46.539 10 INFO neutron.db.l3_db [None req-bad793a1-83a0-4b9d-8e81-99ecd57b8b60 f9387d2a65bb4a86aebf99ca30c3ad09 299a92c78591499583e0a0476f11c651 - - default default] Floating IP f8340b9d-d1c2-43fe-9679-c6ad9db096d6 associated. External IP: 10.96.250.215, port: d2ec9288-ddb8-466e-b610-4e5a15c3b855.
2026-02-25 20:36:46.540 9 INFO neutron.db.ovn_revision_numbers_db [None req-532029b0-7ff9-41a4-93a1-4b340268e98b c0eb7a5bed2f42c8a31a0945a82f442d 0dc4c7210e4146ceab926d487ebf98d5 - - default default] Successfully bumped revision number for resource d3484cf1-0821-4f37-921b-34cd189bdd1b (type: routers) to 1
2026-02-25 20:36:46.568 9 INFO neutron.wsgi [None req-532029b0-7ff9-41a4-93a1-4b340268e98b c0eb7a5bed2f42c8a31a0945a82f442d 0dc4c7210e4146ceab926d487ebf98d5 - - default default] 10.0.0.239 "POST /v2.0/routers HTTP/1.1" status: 201 len: 691 time: 0.2855129
2026-02-25 20:36:46.584 9 WARNING neutron_lib.context [None req-176e907e-b825-42dc-a4df-76d2c243b83f c0eb7a5bed2f42c8a31a0945a82f442d 0dc4c7210e4146ceab926d487ebf98d5 - - default default] Method 'is_advsvc' is deprecated since 2023.2 release (neutron-lib 3.8.0) and will be removed once support for the old RBAC API policies will be removed from Neutron. Please use method 'is_service_role' instead.
2026-02-25 20:36:46.594 10 INFO neutron.wsgi [None req-d93b76f7-ab15-4339-a505-0ece91aacc1c a7403bfa94a0415492633a7e484d2c3c 27c676a40c654053a504661d6302f55d - - default default] 10.0.0.239 "DELETE /v2.0/security-groups/279bb833-9d76-4a77-9e4d-75977e263dc0 HTTP/1.1" status: 204 len: 168 time: 0.3930724
2026-02-25 20:36:46.644 9 INFO neutron.db.ovn_revision_numbers_db [None req-67b502a8-91c0-4df6-ad81-11dbcd0b1268 - - - - - -] Successfully bumped revision number for resource 7088e054-6d44-48c7-91cb-1efec5a08f8b (type: ports) to 4
2026-02-25 20:36:46.709 9 INFO neutron.plugins.ml2.drivers.ovn.mech_driver.mech_driver [None req-67b502a8-91c0-4df6-ad81-11dbcd0b1268 - - - - - -] OVN reports status up for port: 3a265e22-d4b7-4024-80c5-8105176951cf
2026-02-25 20:36:46.719 9 INFO neutron.plugins.ml2.plugin [None req-67b502a8-91c0-4df6-ad81-11dbcd0b1268 - - - - - -] Attempt 1 to provision port 3a265e22-d4b7-4024-80c5-8105176951cf /var/lib/openstack/lib/python3.10/site-packages/pycadf/identifier.py:71: UserWarning: Invalid uuid: neutron. To ensure interoperability, identifiers should be a valid uuid. warnings.warn(('Invalid uuid: %s. To ensure interoperability, '
2026-02-25 20:36:46.820 9 INFO neutron.wsgi [req-5eb1d3a1-93b3-4f07-ad7a-6e16526ca12e req-c3869227-bb8c-48fc-83b7-51b525957476 a913f93fff0444b3965d03b233e4457a 01a4f53bf7264ce98ee108dcf9b65927 - - default default] 10.0.0.78 "GET /v2.0/ports?device_id=6da6a1ba-0249-4d57-bad8-6da3179495be HTTP/1.1" status: 200 len: 1170 time: 0.0526698
2026-02-25 20:36:46.843 10 INFO neutron.db.ovn_revision_numbers_db [None req-bad793a1-83a0-4b9d-8e81-99ecd57b8b60 f9387d2a65bb4a86aebf99ca30c3ad09 299a92c78591499583e0a0476f11c651 - - default default] Successfully bumped revision number for resource f8340b9d-d1c2-43fe-9679-c6ad9db096d6 (type: floatingips) to 0
2026-02-25 20:36:46.874 10 INFO neutron.db.ovn_revision_numbers_db [None req-d95f3db1-5601-4097-816e-d8df686f73ff a7403bfa94a0415492633a7e484d2c3c 27c676a40c654053a504661d6302f55d - - default default] Successfully bumped revision number for resource 6af9d478-e31e-4968-a83e-bbf4be639fb3 (type: security_groups) to 1
2026-02-25 20:36:46.881 9 INFO neutron.wsgi [req-5eb1d3a1-93b3-4f07-ad7a-6e16526ca12e req-769838ad-443e-4063-a7d8-e017c59ef35e a913f93fff0444b3965d03b233e4457a 01a4f53bf7264ce98ee108dcf9b65927 - - default default] 10.0.0.78 "GET /v2.0/security-groups?id=3d1ff6fe-323a-48e8-8cb9-0225b363d202&fields=id&fields=name HTTP/1.1" status: 200 len: 312 time: 0.0495174
2026-02-25 20:36:46.913 10 INFO neutron.db.ovn_revision_numbers_db [None req-d95f3db1-5601-4097-816e-d8df686f73ff a7403bfa94a0415492633a7e484d2c3c 27c676a40c654053a504661d6302f55d - - default default] Successfully bumped revision number for resource 18f4a600-ee88-4e1c-a40a-7bcd25ed2cd6 (type: security_group_rules) to 0
2026-02-25 20:36:47.017 10 INFO neutron.db.ovn_revision_numbers_db [None req-d95f3db1-5601-4097-816e-d8df686f73ff a7403bfa94a0415492633a7e484d2c3c 27c676a40c654053a504661d6302f55d - - default default] Successfully bumped revision number for resource 3f7dc076-823f-40c0-acc2-5e3f1891f37d (type: security_group_rules) to 0
2026-02-25 20:36:47.060 10 INFO neutron.db.ovn_revision_numbers_db [None req-d95f3db1-5601-4097-816e-d8df686f73ff a7403bfa94a0415492633a7e484d2c3c 27c676a40c654053a504661d6302f55d - - default default] Successfully bumped revision number for resource 510b0b73-6675-43ae-acb9-ea2d8700573f (type: security_group_rules) to 0
2026-02-25 20:36:47.074 10 INFO neutron.db.ovn_revision_numbers_db [None req-bad793a1-83a0-4b9d-8e81-99ecd57b8b60 f9387d2a65bb4a86aebf99ca30c3ad09 299a92c78591499583e0a0476f11c651 - - default default] Successfully bumped revision number for resource f8340b9d-d1c2-43fe-9679-c6ad9db096d6 (type: floatingips) to 1
2026-02-25 20:36:47.084 9 INFO neutron.wsgi [req-44eec8d2-7a18-4949-8c77-6cd0d59e9a59 req-828626c0-1119-4ba0-b5c6-82ec0626ad5e a913f93fff0444b3965d03b233e4457a 01a4f53bf7264ce98ee108dcf9b65927 - - default default] 10.0.0.78 "GET /v2.0/ports?device_id=6da6a1ba-0249-4d57-bad8-6da3179495be HTTP/1.1" status: 200 len: 1170 time: 0.0440505
2026-02-25 20:36:47.087 10 INFO neutron.db.ovn_revision_numbers_db [None req-d95f3db1-5601-4097-816e-d8df686f73ff a7403bfa94a0415492633a7e484d2c3c 27c676a40c654053a504661d6302f55d - - default default] Successfully bumped revision number for resource 9c1ec7f7-251c-467b-9ede-b711afd18673 (type: security_group_rules) to 0
2026-02-25 20:36:47.128 10 INFO neutron.wsgi [None req-d95f3db1-5601-4097-816e-d8df686f73ff a7403bfa94a0415492633a7e484d2c3c 27c676a40c654053a504661d6302f55d - - default default] 10.0.0.239 "GET /v2.0/security-groups?tenant_id=f9e7db716bde45d589919cfe60ace8a1&name=default HTTP/1.1" status: 200 len: 2996 time: 0.4323308
2026-02-25 20:36:47.145 10 INFO neutron.wsgi [None req-bad793a1-83a0-4b9d-8e81-99ecd57b8b60 f9387d2a65bb4a86aebf99ca30c3ad09 299a92c78591499583e0a0476f11c651 - - default default] 10.0.0.239 "POST /v2.0/floatingips HTTP/1.1" status: 201 len: 1042 time: 1.4031432
2026-02-25 20:36:47.201 9 WARNING neutron.scheduler.dhcp_agent_scheduler [None req-176e907e-b825-42dc-a4df-76d2c243b83f c0eb7a5bed2f42c8a31a0945a82f442d 0dc4c7210e4146ceab926d487ebf98d5 - - default default] No more DHCP agents
2026-02-25 20:36:47.203 10 INFO neutron.wsgi [None req-41073808-dce3-413c-bc9f-80e14b5463c7 f9387d2a65bb4a86aebf99ca30c3ad09 299a92c78591499583e0a0476f11c651 - - default default] 10.0.0.239 "GET /v2.0/floatingips/f8340b9d-d1c2-43fe-9679-c6ad9db096d6 HTTP/1.1" status: 200 len: 1039 time: 0.0539510
2026-02-25 20:36:47.204 9 WARNING neutron.api.rpc.agentnotifiers.dhcp_rpc_agent_api [None req-176e907e-b825-42dc-a4df-76d2c243b83f c0eb7a5bed2f42c8a31a0945a82f442d 0dc4c7210e4146ceab926d487ebf98d5 - - default default] Unable to schedule network 57cccd61-8dd1-44dd-8753-80849f738e5d: no agents available; will retry on subsequent port and subnet creation events.
2026-02-25 20:36:47.296 10 INFO neutron.wsgi [None req-3b93559d-9968-4a3a-a605-ff210c4fc53f f9387d2a65bb4a86aebf99ca30c3ad09 299a92c78591499583e0a0476f11c651 - - default default] 10.0.0.239 "GET /v2.0/floatingips HTTP/1.1" status: 200 len: 1042 time: 0.0863330
2026-02-25 20:36:47.375 9 INFO neutron.db.ovn_revision_numbers_db [None req-176e907e-b825-42dc-a4df-76d2c243b83f c0eb7a5bed2f42c8a31a0945a82f442d 0dc4c7210e4146ceab926d487ebf98d5 - - default default] Successfully bumped revision number for resource d64a6006-83c5-4d7b-9b9d-3aaa6c87f1e0 (type: ports) to 1
2026-02-25 20:36:47.389 9 INFO neutron.db.l3_db [None req-86e30529-66c2-4f2d-afd8-db11c5af97c7 a913f93fff0444b3965d03b233e4457a 01a4f53bf7264ce98ee108dcf9b65927 - - default default] Floating IP 70818b25-f6a6-4b10-9060-b9484576c5c5 associated. External IP: 10.96.250.209, port: 7088e054-6d44-48c7-91cb-1efec5a08f8b.
2026-02-25 20:36:47.408 9 INFO neutron.wsgi [None req-176e907e-b825-42dc-a4df-76d2c243b83f c0eb7a5bed2f42c8a31a0945a82f442d 0dc4c7210e4146ceab926d487ebf98d5 - - default default] 10.0.0.239 "POST /v2.0/ports HTTP/1.1" status: 201 len: 1163 time: 0.8331268 /var/lib/openstack/lib/python3.10/site-packages/pycadf/identifier.py:71: UserWarning: Invalid uuid: neutron. To ensure interoperability, identifiers should be a valid uuid. warnings.warn(('Invalid uuid: %s. To ensure interoperability, '
2026-02-25 20:36:47.479 10 INFO neutron.wsgi [None req-8efef72d-8f27-4d99-901c-cecfdb81b2da a7403bfa94a0415492633a7e484d2c3c 27c676a40c654053a504661d6302f55d - - default default] 10.0.0.239 "DELETE /v2.0/security-groups/6af9d478-e31e-4968-a83e-bbf4be639fb3 HTTP/1.1" status: 204 len: 168 time: 0.3449502
2026-02-25 20:36:47.486 10 WARNING neutron.plugins.ml2.drivers.ovn.mech_driver.ovsdb.ovn_client [None req-d30f8d2e-f636-4c78-9826-d47f0238f5d0 - - - - - -] No hosting information found for port 753e0205-cd76-40e6-92fb-21aac9f5eb53: RuntimeError: No hosting information found for port 753e0205-cd76-40e6-92fb-21aac9f5eb53
2026-02-25 20:36:47.653 10 INFO neutron.db.l3_db [None req-0228edf9-5b76-41a7-8199-7e416f667cf7 f9387d2a65bb4a86aebf99ca30c3ad09 299a92c78591499583e0a0476f11c651 - - default default] Floating IP f8340b9d-d1c2-43fe-9679-c6ad9db096d6 associated. External IP: 10.96.250.215, port: d2ec9288-ddb8-466e-b610-4e5a15c3b855.
2026-02-25 20:36:47.700 9 INFO neutron.db.ovn_revision_numbers_db [None req-86e30529-66c2-4f2d-afd8-db11c5af97c7 a913f93fff0444b3965d03b233e4457a 01a4f53bf7264ce98ee108dcf9b65927 - - default default] Successfully bumped revision number for resource 70818b25-f6a6-4b10-9060-b9484576c5c5 (type: floatingips) to 1
2026-02-25 20:36:47.862 10 INFO neutron.db.ovn_revision_numbers_db [None req-0228edf9-5b76-41a7-8199-7e416f667cf7 f9387d2a65bb4a86aebf99ca30c3ad09 299a92c78591499583e0a0476f11c651 - - default default] Successfully bumped revision number for resource f8340b9d-d1c2-43fe-9679-c6ad9db096d6 (type: floatingips) to 2
2026-02-25 20:36:47.881 9 INFO neutron.db.ovn_revision_numbers_db [None req-86e30529-66c2-4f2d-afd8-db11c5af97c7 a913f93fff0444b3965d03b233e4457a 01a4f53bf7264ce98ee108dcf9b65927 - - default default] Successfully bumped revision number for resource 70818b25-f6a6-4b10-9060-b9484576c5c5 (type: floatingips) to 2
2026-02-25 20:36:47.895 10 INFO neutron.plugins.ml2.drivers.ovn.mech_driver.mech_driver [None req-d30f8d2e-f636-4c78-9826-d47f0238f5d0 - - - - - -] OVN reports status up for port: d64a6006-83c5-4d7b-9b9d-3aaa6c87f1e0
2026-02-25 20:36:47.915 10 INFO neutron.plugins.ml2.plugin [None req-d30f8d2e-f636-4c78-9826-d47f0238f5d0 - - - - - -] Attempt 1 to provision port d64a6006-83c5-4d7b-9b9d-3aaa6c87f1e0
2026-02-25 20:36:47.920 9 INFO neutron.wsgi [None req-86e30529-66c2-4f2d-afd8-db11c5af97c7 a913f93fff0444b3965d03b233e4457a 01a4f53bf7264ce98ee108dcf9b65927 - - default default] 10.0.0.239 "PUT /v2.0/floatingips/70818b25-f6a6-4b10-9060-b9484576c5c5 HTTP/1.1" status: 200 len: 1049 time: 0.8217852
2026-02-25 20:36:47.931 9 INFO neutron.db.ovn_revision_numbers_db [None req-682e005c-bd62-4399-a01c-615f4a484188 c0eb7a5bed2f42c8a31a0945a82f442d 0dc4c7210e4146ceab926d487ebf98d5 - - default default] Successfully bumped revision number for resource d64a6006-83c5-4d7b-9b9d-3aaa6c87f1e0 (type: router_ports) to 2 /var/lib/openstack/lib/python3.10/site-packages/pycadf/identifier.py:71: UserWarning: Invalid uuid: neutron. To ensure interoperability, identifiers should be a valid uuid. warnings.warn(('Invalid uuid: %s. To ensure interoperability, '
2026-02-25 20:36:48.010 10 INFO neutron.db.ovn_revision_numbers_db [None req-0228edf9-5b76-41a7-8199-7e416f667cf7 f9387d2a65bb4a86aebf99ca30c3ad09 299a92c78591499583e0a0476f11c651 - - default default] Successfully bumped revision number for resource f8340b9d-d1c2-43fe-9679-c6ad9db096d6 (type: floatingips) to 2
2026-02-25 20:36:48.016 9 INFO neutron.wsgi [req-5a96e0f3-0d1c-43f3-be40-0c5195b7d89f req-82e33fe3-98e7-4478-b5c3-cbff37fcfd15 a913f93fff0444b3965d03b233e4457a 01a4f53bf7264ce98ee108dcf9b65927 - - default default] 10.0.0.78 "GET /v2.0/ports?device_id=6da6a1ba-0249-4d57-bad8-6da3179495be HTTP/1.1" status: 200 len: 1170 time: 0.0384552
2026-02-25 20:36:48.299 10 INFO neutron.wsgi [None req-0228edf9-5b76-41a7-8199-7e416f667cf7 f9387d2a65bb4a86aebf99ca30c3ad09 299a92c78591499583e0a0476f11c651 - - default default] 10.0.0.239 "PUT /v2.0/floatingips/f8340b9d-d1c2-43fe-9679-c6ad9db096d6 HTTP/1.1" status: 200 len: 1036 time: 0.9944003
2026-02-25 20:36:48.306 9 INFO neutron.wsgi [req-5a96e0f3-0d1c-43f3-be40-0c5195b7d89f req-b26a7af0-2157-4ee1-b2ae-fdcb34b8c782 a913f93fff0444b3965d03b233e4457a 01a4f53bf7264ce98ee108dcf9b65927 - - default default] 10.0.0.78 "GET /v2.0/security-groups?id=3d1ff6fe-323a-48e8-8cb9-0225b363d202&fields=id&fields=name HTTP/1.1" status: 200 len: 312 time: 0.2789869 /var/lib/openstack/lib/python3.10/site-packages/pycadf/identifier.py:71: UserWarning: Invalid uuid: neutron. To ensure interoperability, identifiers should be a valid uuid. warnings.warn(('Invalid uuid: %s. To ensure interoperability, '
2026-02-25 20:36:48.334 9 INFO neutron.db.ovn_revision_numbers_db [None req-682e005c-bd62-4399-a01c-615f4a484188 c0eb7a5bed2f42c8a31a0945a82f442d 0dc4c7210e4146ceab926d487ebf98d5 - - default default] Successfully bumped revision number for resource d64a6006-83c5-4d7b-9b9d-3aaa6c87f1e0 (type: ports) to 2
2026-02-25 20:36:48.410 9 INFO neutron.notifiers.nova [-] Nova event matching ['req-81932611-ce43-4ea8-8c22-b9c7392b5b0f'] response: {'server_uuid': '6da6a1ba-0249-4d57-bad8-6da3179495be', 'name': 'network-vif-plugged', 'status': 'completed', 'tag': '7088e054-6d44-48c7-91cb-1efec5a08f8b', 'code': 200}
2026-02-25 20:36:48.410 9 INFO neutron.notifiers.nova [-] Nova event matching ['req-81932611-ce43-4ea8-8c22-b9c7392b5b0f'] response: {'name': 'network-changed', 'server_uuid': '6da6a1ba-0249-4d57-bad8-6da3179495be', 'tag': '7088e054-6d44-48c7-91cb-1efec5a08f8b', 'status': 'completed', 'code': 200}
2026-02-25 20:36:48.492 10 INFO neutron.db.l3_db [None req-a96a4902-2b24-4c5f-95db-210161f757ee f9387d2a65bb4a86aebf99ca30c3ad09 299a92c78591499583e0a0476f11c651 - - default default] Floating IP f8340b9d-d1c2-43fe-9679-c6ad9db096d6 disassociated. External IP: 10.96.250.215, port: f5e19c07-b068-423b-814c-0e4a390c64df.
2026-02-25 20:36:48.532 10 INFO neutron.wsgi [req-57b05627-2db9-4d60-b9a5-d95bfb3edec0 req-f0e530b1-9d52-43b3-b22c-975910594644 709c399d191e46e0816651119cfdb52f bb1f5842a8214640ad4f8c8595425864 - - 71f984fa33844ef493cc49ac6ef015f4 71f984fa33844ef493cc49ac6ef015f4] 199.19.213.169 "GET /v2.0/ports?tenant_id=01a4f53bf7264ce98ee108dcf9b65927&device_id=6da6a1ba-0249-4d57-bad8-6da3179495be HTTP/1.1" status: 200 len: 1409 time: 0.0841017
2026-02-25 20:36:48.561 10 INFO neutron.db.ovn_revision_numbers_db [None req-a96a4902-2b24-4c5f-95db-210161f757ee f9387d2a65bb4a86aebf99ca30c3ad09 299a92c78591499583e0a0476f11c651 - - default default] Successfully bumped revision number for resource f8340b9d-d1c2-43fe-9679-c6ad9db096d6 (type: floatingips) to 3
2026-02-25 20:36:48.620 10 INFO neutron.db.ovn_revision_numbers_db [None req-d30f8d2e-f636-4c78-9826-d47f0238f5d0 - - - - - -] Successfully bumped revision number for resource d64a6006-83c5-4d7b-9b9d-3aaa6c87f1e0 (type: ports) to 3
2026-02-25 20:36:48.704 10 INFO neutron.wsgi [req-57b05627-2db9-4d60-b9a5-d95bfb3edec0 req-0578e8ff-01d2-43b7-854c-1d932cbffcc1 709c399d191e46e0816651119cfdb52f bb1f5842a8214640ad4f8c8595425864 - - 71f984fa33844ef493cc49ac6ef015f4 71f984fa33844ef493cc49ac6ef015f4] 199.19.213.169 "GET /v2.0/networks?id=0bc05a7a-6f47-41b7-a995-d9f4aaeb990d HTTP/1.1" status: 200 len: 973 time: 0.1546435 /var/lib/openstack/lib/python3.10/site-packages/pycadf/identifier.py:71: UserWarning: Invalid uuid: neutron. To ensure interoperability, identifiers should be a valid uuid. warnings.warn(('Invalid uuid: %s. To ensure interoperability, '
2026-02-25 20:36:48.745 10 INFO neutron.wsgi [None req-a96a4902-2b24-4c5f-95db-210161f757ee f9387d2a65bb4a86aebf99ca30c3ad09 299a92c78591499583e0a0476f11c651 - - default default] 10.0.0.239 "PUT /v2.0/floatingips/f8340b9d-d1c2-43fe-9679-c6ad9db096d6 HTTP/1.1" status: 200 len: 748 time: 0.4393144
2026-02-25 20:36:48.746 9 INFO neutron.wsgi [req-89a25ad4-f6b0-4fa9-94f7-924664e26362 req-a93decab-a990-4cf8-9a2b-17bdc2d82b2b a913f93fff0444b3965d03b233e4457a 01a4f53bf7264ce98ee108dcf9b65927 - - default default] 10.0.0.78 "GET /v2.0/ports?device_id=6da6a1ba-0249-4d57-bad8-6da3179495be HTTP/1.1" status: 200 len: 1170 time: 0.1421807
2026-02-25 20:36:48.773 10 INFO neutron.wsgi [req-57b05627-2db9-4d60-b9a5-d95bfb3edec0 req-048f9deb-e795-4d16-81c9-063449779030 709c399d191e46e0816651119cfdb52f bb1f5842a8214640ad4f8c8595425864 - - 71f984fa33844ef493cc49ac6ef015f4 71f984fa33844ef493cc49ac6ef015f4] 199.19.213.169 "GET /v2.0/floatingips?fixed_ip_address=10.100.0.5&port_id=7088e054-6d44-48c7-91cb-1efec5a08f8b HTTP/1.1" status: 200 len: 1059 time: 0.0612917
2026-02-25 20:36:48.774 10 INFO neutron.db.ovn_revision_numbers_db [None req-d30f8d2e-f636-4c78-9826-d47f0238f5d0 - - - - - -] Successfully bumped revision number for resource d64a6006-83c5-4d7b-9b9d-3aaa6c87f1e0 (type: router_ports) to 3
2026-02-25 20:36:48.832 10 INFO neutron.wsgi [req-57b05627-2db9-4d60-b9a5-d95bfb3edec0 req-9595ec9b-122a-44c4-84bd-9df6b1db8867 709c399d191e46e0816651119cfdb52f bb1f5842a8214640ad4f8c8595425864 - - 71f984fa33844ef493cc49ac6ef015f4 71f984fa33844ef493cc49ac6ef015f4] 199.19.213.169 "GET /v2.0/subnets?id=dc264f46-51c8-474d-a463-914938d0b920 HTTP/1.1" status: 200 len: 868 time: 0.0460846
2026-02-25 20:36:48.847 9 INFO neutron.wsgi [req-89a25ad4-f6b0-4fa9-94f7-924664e26362 req-1e2ed620-4b00-4798-add9-237205da2579 a913f93fff0444b3965d03b233e4457a 01a4f53bf7264ce98ee108dcf9b65927 - - default default] 10.0.0.78 "GET /v2.0/security-groups?id=3d1ff6fe-323a-48e8-8cb9-0225b363d202&fields=id&fields=name HTTP/1.1" status: 200 len: 312 time: 0.0933542
2026-02-25 20:36:48.869 10 INFO neutron.wsgi [req-57b05627-2db9-4d60-b9a5-d95bfb3edec0 req-f8d49923-058d-4738-bd51-18b59bc13a99 709c399d191e46e0816651119cfdb52f bb1f5842a8214640ad4f8c8595425864 - - 71f984fa33844ef493cc49ac6ef015f4 71f984fa33844ef493cc49ac6ef015f4] 199.19.213.169 "GET /v2.0/ports?network_id=0bc05a7a-6f47-41b7-a995-d9f4aaeb990d&device_owner=network%3Adhcp HTTP/1.1" status: 200 len: 210 time: 0.0291178
2026-02-25 20:36:48.949 10 INFO neutron.wsgi [req-57b05627-2db9-4d60-b9a5-d95bfb3edec0 req-dedaa611-e98b-4020-8162-a73277229005 709c399d191e46e0816651119cfdb52f bb1f5842a8214640ad4f8c8595425864 - - 71f984fa33844ef493cc49ac6ef015f4 71f984fa33844ef493cc49ac6ef015f4] 199.19.213.169 "GET /v2.0/networks/0bc05a7a-6f47-41b7-a995-d9f4aaeb990d?fields=segments HTTP/1.1" status: 200 len: 212 time: 0.0716934 /var/lib/openstack/lib/python3.10/site-packages/pycadf/identifier.py:71: UserWarning: Invalid uuid: neutron. To ensure interoperability, identifiers should be a valid uuid. warnings.warn(('Invalid uuid: %s. To ensure interoperability, '
2026-02-25 20:36:49.001 9 INFO neutron.db.ovn_revision_numbers_db [None req-682e005c-bd62-4399-a01c-615f4a484188 c0eb7a5bed2f42c8a31a0945a82f442d 0dc4c7210e4146ceab926d487ebf98d5 - - default default] Successfully bumped revision number for resource d64a6006-83c5-4d7b-9b9d-3aaa6c87f1e0 (type: ports) to 3
