2026-02-25 20:36:19.972 10 INFO neutron.wsgi [None req-06c2d6d9-90f1-460e-9bc7-e7cd08b4b02e a7403bfa94a0415492633a7e484d2c3c 27c676a40c654053a504661d6302f55d - - default default] 10.0.0.239 "DELETE /v2.0/routers/16b3cc26-c159-45af-af23-fb1a0cb609a1 HTTP/1.1" status: 204 len: 168 time: 1.2768295 /var/lib/openstack/lib/python3.10/site-packages/pycadf/identifier.py:71: UserWarning: Invalid uuid: neutron. To ensure interoperability, identifiers should be a valid uuid. warnings.warn(('Invalid uuid: %s. To ensure interoperability, '
2026-02-25 20:36:20.126 10 INFO neutron.db.ovn_revision_numbers_db [None req-a1c5ebc9-d394-4e41-8fe3-2f996199623a 25eedea75fb146de828bc252d9238ad7 92a18e1cba3a42dfa0b2e7e4d5cc10c5 - - default default] Successfully bumped revision number for resource 0c3c1d8c-3fb5-48da-84dc-7dafcec4d6d9 (type: ports) to 2
2026-02-25 20:36:20.162 10 INFO neutron.db.ovn_revision_numbers_db [None req-a1c5ebc9-d394-4e41-8fe3-2f996199623a 25eedea75fb146de828bc252d9238ad7 92a18e1cba3a42dfa0b2e7e4d5cc10c5 - - default default] Successfully bumped revision number for resource 3e7f2c25-8f8f-45e0-9eee-64132b78f89f (type: subnets) to 0
2026-02-25 20:36:20.187 10 WARNING neutron.scheduler.dhcp_agent_scheduler [None req-a1c5ebc9-d394-4e41-8fe3-2f996199623a 25eedea75fb146de828bc252d9238ad7 92a18e1cba3a42dfa0b2e7e4d5cc10c5 - - default default] No more DHCP agents
2026-02-25 20:36:20.196 10 WARNING neutron.api.rpc.agentnotifiers.dhcp_rpc_agent_api [None req-a1c5ebc9-d394-4e41-8fe3-2f996199623a 25eedea75fb146de828bc252d9238ad7 92a18e1cba3a42dfa0b2e7e4d5cc10c5 - - default default] Unable to schedule network bf5efd88-ad3b-4db9-8c58-1824e726f207: no agents available; will retry on subsequent port and subnet creation events.
2026-02-25 20:36:20.223 9 INFO neutron.wsgi [None req-55bcab35-9361-48d7-b65f-105e6075d969 a7403bfa94a0415492633a7e484d2c3c 27c676a40c654053a504661d6302f55d - - default default] 10.0.0.239 "DELETE /v2.0/subnets/dc626cfa-b131-4248-98eb-43988e522666 HTTP/1.1" status: 204 len: 168 time: 0.2444503
2026-02-25 20:36:20.233 10 INFO neutron.wsgi [req-19c3cebc-2087-49c4-b3d2-759d09060a6f req-bb62abcd-2220-48fe-a225-0c2642fc5596 709c399d191e46e0816651119cfdb52f bb1f5842a8214640ad4f8c8595425864 - - 71f984fa33844ef493cc49ac6ef015f4 71f984fa33844ef493cc49ac6ef015f4] 10.0.0.45 "GET /v2.0/ports?device_id=3e1d7c59-9621-4d71-ad10-1fe3e7317a4a HTTP/1.1" status: 200 len: 1413 time: 0.0485377
2026-02-25 20:36:20.287 10 INFO neutron.wsgi [req-19c3cebc-2087-49c4-b3d2-759d09060a6f req-feaddf57-793d-41de-be99-4814679b4333 709c399d191e46e0816651119cfdb52f bb1f5842a8214640ad4f8c8595425864 - - 71f984fa33844ef493cc49ac6ef015f4 71f984fa33844ef493cc49ac6ef015f4] 10.0.0.45 "GET /v2.0/security-groups?id=e074191c-0f61-46fe-9afb-f3be28b4b356&fields=id&fields=name HTTP/1.1" status: 200 len: 313 time: 0.0447721
2026-02-25 20:36:20.614 9 INFO neutron.services.segments.plugin [-] Segment aef46e57-447a-473d-b820-a55f1e183365 resource provider aggregate not found
2026-02-25 20:36:20.620 9 INFO neutron.services.segments.plugin [-] Segment aef46e57-447a-473d-b820-a55f1e183365 resource provider aggregate not found
2026-02-25 20:36:20.636 9 INFO neutron.services.segments.plugin [-] Segment aef46e57-447a-473d-b820-a55f1e183365 resource provider not found; error: Placement Client Error (4xx): {"errors": [{"status": 404, "title": "Not Found", "detail": "The resource could not be found.\n\n No resource provider with uuid aef46e57-447a-473d-b820-a55f1e183365 found for delete ", "request_id": "req-caa6e28f-26b8-4cc6-ab9b-7a618807a459"}]}
2026-02-25 20:36:20.637 9 INFO neutron.services.segments.plugin [-] Segment aef46e57-447a-473d-b820-a55f1e183365 resource provider not found; error: Placement Client Error (4xx): {"errors": [{"status": 404, "title": "Not Found", "detail": "The resource could not be found.\n\n No resource provider with uuid aef46e57-447a-473d-b820-a55f1e183365 found for delete ", "request_id": "req-3e95405d-d1ae-46e4-bb1e-f812cb85647b"}]}
2026-02-25 20:36:20.669 9 INFO neutron.wsgi [None req-e4f64337-2c34-4919-8875-c07d85e6dd83 a7403bfa94a0415492633a7e484d2c3c 27c676a40c654053a504661d6302f55d - - default default] 10.0.0.239 "DELETE /v2.0/networks/42e6dfa4-4d20-4a6e-a263-c940ebb906f3 HTTP/1.1" status: 204 len: 168 time: 0.4412520
2026-02-25 20:36:20.685 10 INFO neutron.db.ovn_revision_numbers_db [None req-a1c5ebc9-d394-4e41-8fe3-2f996199623a 25eedea75fb146de828bc252d9238ad7 92a18e1cba3a42dfa0b2e7e4d5cc10c5 - - default default] Successfully bumped revision number for resource ee35b193-7de8-400f-be3c-f00a0700b692 (type: ports) to 2
2026-02-25 20:36:20.717 10 INFO neutron.db.ovn_revision_numbers_db [None req-a1c5ebc9-d394-4e41-8fe3-2f996199623a 25eedea75fb146de828bc252d9238ad7 92a18e1cba3a42dfa0b2e7e4d5cc10c5 - - default default] Successfully bumped revision number for resource 59b0ae4f-83d8-404b-b6e4-1c01ccf64116 (type: subnets) to 0
2026-02-25 20:36:20.732 10 INFO neutron.wsgi [None req-a1c5ebc9-d394-4e41-8fe3-2f996199623a 25eedea75fb146de828bc252d9238ad7 92a18e1cba3a42dfa0b2e7e4d5cc10c5 - - default default] 10.0.0.239 "POST /v2.0/subnets HTTP/1.1" status: 201 len: 1426 time: 2.0075314
2026-02-25 20:36:20.791 10 INFO neutron.wsgi [None req-330f581b-febc-48e4-97a8-eae2b9bfe6d0 25eedea75fb146de828bc252d9238ad7 92a18e1cba3a42dfa0b2e7e4d5cc10c5 - - default default] 10.0.0.239 "GET /v2.0/subnets HTTP/1.1" status: 200 len: 2034 time: 0.0514143
2026-02-25 20:36:20.870 9 INFO neutron.wsgi [None req-3dda2a96-2b58-492f-b809-a98d6190dd2c a7403bfa94a0415492633a7e484d2c3c 27c676a40c654053a504661d6302f55d - - default default] 10.0.0.239 "GET /v2.0/security-groups?tenant_id=e4028b1ff98a4826860571249acfcc36&name=default HTTP/1.1" status: 200 len: 2996 time: 0.0442152
2026-02-25 20:36:20.984 10 INFO neutron.wsgi [None req-d34e60ef-92a9-441f-bc47-dce14b385923 25eedea75fb146de828bc252d9238ad7 92a18e1cba3a42dfa0b2e7e4d5cc10c5 - - default default] 10.0.0.239 "DELETE /v2.0/subnets/3e7f2c25-8f8f-45e0-9eee-64132b78f89f HTTP/1.1" status: 204 len: 168 time: 0.1888368
2026-02-25 20:36:21.067 9 INFO neutron.wsgi [None req-8deb0604-f0dc-4426-b1ac-298531de9b6a a7403bfa94a0415492633a7e484d2c3c 27c676a40c654053a504661d6302f55d - - default default] 10.0.0.239 "DELETE /v2.0/security-groups/f829011b-62e1-4e77-a248-aabe19f029df HTTP/1.1" status: 204 len: 168 time: 0.1894021
2026-02-25 20:36:21.207 10 INFO neutron.wsgi [None req-10a76747-6f19-4ec1-8c07-319474cb6ee4 25eedea75fb146de828bc252d9238ad7 92a18e1cba3a42dfa0b2e7e4d5cc10c5 - - default default] 10.0.0.239 "DELETE /v2.0/subnets/59b0ae4f-83d8-404b-b6e4-1c01ccf64116 HTTP/1.1" status: 204 len: 168 time: 0.2153461
2026-02-25 20:36:21.252 10 INFO neutron.wsgi [None req-9a7c2857-890b-4a5d-8bb7-ecd95c173483 25eedea75fb146de828bc252d9238ad7 92a18e1cba3a42dfa0b2e7e4d5cc10c5 - - default default] 10.0.0.239 "GET /v2.0/subnets HTTP/1.1" status: 200 len: 820 time: 0.0366259
2026-02-25 20:36:21.591 10 INFO neutron.services.segments.plugin [-] Segment 349d766e-712b-4575-9892-9b1169522f2a resource provider aggregate not found
2026-02-25 20:36:21.609 10 INFO neutron.services.segments.plugin [-] Segment 349d766e-712b-4575-9892-9b1169522f2a resource provider aggregate not found
2026-02-25 20:36:21.616 10 INFO neutron.services.segments.plugin [-] Segment 349d766e-712b-4575-9892-9b1169522f2a resource provider not found; error: Placement Client Error (4xx): {"errors": [{"status": 404, "title": "Not Found", "detail": "The resource could not be found.\n\n No resource provider with uuid 349d766e-712b-4575-9892-9b1169522f2a found for delete ", "request_id": "req-cf3baea4-7572-41d4-8670-c00a711e82c0"}]}
2026-02-25 20:36:21.627 10 INFO neutron.services.segments.plugin [-] Segment 349d766e-712b-4575-9892-9b1169522f2a resource provider not found; error: Placement Client Error (4xx): {"errors": [{"status": 404, "title": "Not Found", "detail": "The resource could not be found.\n\n No resource provider with uuid 349d766e-712b-4575-9892-9b1169522f2a found for delete ", "request_id": "req-6fd8453b-00d2-4bb8-8291-4ffe2e1dba33"}]}
2026-02-25 20:36:21.645 10 INFO neutron.wsgi [None req-3d935e5d-5e15-45d2-a715-a0ff263a6bb3 25eedea75fb146de828bc252d9238ad7 92a18e1cba3a42dfa0b2e7e4d5cc10c5 - - default default] 10.0.0.239 "DELETE /v2.0/networks/bf5efd88-ad3b-4db9-8c58-1824e726f207 HTTP/1.1" status: 204 len: 168 time: 0.3857477
2026-02-25 20:36:22.102 9 INFO neutron.wsgi [None req-f6fa7951-fad4-4510-9012-2de7a6cf1178 25eedea75fb146de828bc252d9238ad7 92a18e1cba3a42dfa0b2e7e4d5cc10c5 - - default default] 10.0.0.239 "DELETE /v2.0/networks/80425f7e-8ef1-4988-af00-b168b8236313 HTTP/1.1" status: 204 len: 168 time: 0.4517469
2026-02-25 20:36:22.468 10 INFO neutron.wsgi [None req-0c3944bb-acff-43c4-a9e1-e41f30ca55f8 25eedea75fb146de828bc252d9238ad7 92a18e1cba3a42dfa0b2e7e4d5cc10c5 - - default default] 10.0.0.239 "DELETE /v2.0/networks/b83d4f31-0a8d-4b73-90b8-43037e711e18 HTTP/1.1" status: 204 len: 168 time: 0.3533885
2026-02-25 20:36:22.616 9 INFO neutron.db.ovn_revision_numbers_db [None req-7535b895-8d04-43e1-9749-4ae018069b9c a7403bfa94a0415492633a7e484d2c3c 27c676a40c654053a504661d6302f55d - - default default] Successfully bumped revision number for resource 14179043-8b23-401a-b51b-11ca9574b3f5 (type: security_groups) to 1
2026-02-25 20:36:22.654 9 INFO neutron.db.ovn_revision_numbers_db [None req-7535b895-8d04-43e1-9749-4ae018069b9c a7403bfa94a0415492633a7e484d2c3c 27c676a40c654053a504661d6302f55d - - default default] Successfully bumped revision number for resource 09db6bc1-22f3-460d-8048-af11d8dd77f0 (type: security_group_rules) to 0
2026-02-25 20:36:22.666 9 INFO neutron.services.segments.plugin [-] Segment 3b65d393-ad03-47a2-8440-c473e427b7da resource provider aggregate not found
2026-02-25 20:36:22.671 9 INFO neutron.services.segments.plugin [-] Segment 3b65d393-ad03-47a2-8440-c473e427b7da resource provider aggregate not found
2026-02-25 20:36:22.675 9 INFO neutron.db.ovn_revision_numbers_db [None req-7535b895-8d04-43e1-9749-4ae018069b9c a7403bfa94a0415492633a7e484d2c3c 27c676a40c654053a504661d6302f55d - - default default] Successfully bumped revision number for resource 5eeda90a-3f14-4bc2-9052-077635aa5612 (type: security_group_rules) to 0
2026-02-25 20:36:22.679 9 INFO neutron.services.segments.plugin [-] Segment 3b65d393-ad03-47a2-8440-c473e427b7da resource provider not found; error: Placement Client Error (4xx): {"errors": [{"status": 404, "title": "Not Found", "detail": "The resource could not be found.\n\n No resource provider with uuid 3b65d393-ad03-47a2-8440-c473e427b7da found for delete ", "request_id": "req-130fd78c-1e3a-4bfa-a836-44b3417d3590"}]}
2026-02-25 20:36:22.687 9 INFO neutron.services.segments.plugin [-] Segment 3b65d393-ad03-47a2-8440-c473e427b7da resource provider not found; error: Placement Client Error (4xx): {"errors": [{"status": 404, "title": "Not Found", "detail": "The resource could not be found.\n\n No resource provider with uuid 3b65d393-ad03-47a2-8440-c473e427b7da found for delete ", "request_id": "req-815ded0a-057b-4fab-b56a-594689df9083"}]}
2026-02-25 20:36:22.693 9 INFO neutron.db.ovn_revision_numbers_db [None req-7535b895-8d04-43e1-9749-4ae018069b9c a7403bfa94a0415492633a7e484d2c3c 27c676a40c654053a504661d6302f55d - - default default] Successfully bumped revision number for resource 9c23089a-a990-44d2-8d1a-2d082473b1dc (type: security_group_rules) to 0
2026-02-25 20:36:22.711 9 INFO neutron.db.ovn_revision_numbers_db [None req-7535b895-8d04-43e1-9749-4ae018069b9c a7403bfa94a0415492633a7e484d2c3c 27c676a40c654053a504661d6302f55d - - default default] Successfully bumped revision number for resource e9764b08-588e-4282-addb-696638274e84 (type: security_group_rules) to 0
2026-02-25 20:36:22.733 9 INFO neutron.wsgi [None req-7535b895-8d04-43e1-9749-4ae018069b9c a7403bfa94a0415492633a7e484d2c3c 27c676a40c654053a504661d6302f55d - - default default] 10.0.0.239 "GET /v2.0/security-groups?tenant_id=c194969134ef4169b2255670f111c056&name=default HTTP/1.1" status: 200 len: 2996 time: 0.4894390
2026-02-25 20:36:22.913 9 INFO neutron.wsgi [None req-7e6954d9-bf64-4288-9672-55099991f324 25eedea75fb146de828bc252d9238ad7 92a18e1cba3a42dfa0b2e7e4d5cc10c5 - - default default] 10.0.0.239 "DELETE /v2.0/networks/a80cdc1f-ef48-4ba7-a1bc-e0aac0806d01 HTTP/1.1" status: 204 len: 168 time: 0.4396658
2026-02-25 20:36:23.019 9 INFO neutron.wsgi [None req-ffc99dd8-af55-4383-8c3f-d857dc4a4add a7403bfa94a0415492633a7e484d2c3c 27c676a40c654053a504661d6302f55d - - default default] 10.0.0.239 "DELETE /v2.0/security-groups/14179043-8b23-401a-b51b-11ca9574b3f5 HTTP/1.1" status: 204 len: 168 time: 0.2796650
2026-02-25 20:36:23.201 10 INFO neutron.db.ovn_revision_numbers_db [None req-86981287-a75d-486f-9636-611d51afc576 a7403bfa94a0415492633a7e484d2c3c 27c676a40c654053a504661d6302f55d - - default default] Successfully bumped revision number for resource f89048e9-808f-4174-92dc-4224a37ea4ec (type: security_groups) to 1
2026-02-25 20:36:23.219 10 INFO neutron.db.ovn_revision_numbers_db [None req-48504aba-04d0-4a64-93b3-f6683e6fd8c1 a7403bfa94a0415492633a7e484d2c3c 27c676a40c654053a504661d6302f55d - - default default] Successfully bumped revision number for resource 6939ef31-3dc9-40be-9ec7-4fb5b0302a20 (type: security_groups) to 1
2026-02-25 20:36:23.221 10 INFO neutron.db.ovn_revision_numbers_db [None req-86981287-a75d-486f-9636-611d51afc576 a7403bfa94a0415492633a7e484d2c3c 27c676a40c654053a504661d6302f55d - - default default] Successfully bumped revision number for resource 01070b41-5b93-41e1-b039-9e7c12c8d34a (type: security_group_rules) to 0
2026-02-25 20:36:23.233 10 INFO neutron.db.ovn_revision_numbers_db [None req-48504aba-04d0-4a64-93b3-f6683e6fd8c1 a7403bfa94a0415492633a7e484d2c3c 27c676a40c654053a504661d6302f55d - - default default] Successfully bumped revision number for resource 0b473ec2-d24f-4abe-8d38-8f201526eae6 (type: security_group_rules) to 0
2026-02-25 20:36:23.235 10 INFO neutron.db.ovn_revision_numbers_db [None req-86981287-a75d-486f-9636-611d51afc576 a7403bfa94a0415492633a7e484d2c3c 27c676a40c654053a504661d6302f55d - - default default] Successfully bumped revision number for resource 27b4f608-186c-413b-835c-651799385d11 (type: security_group_rules) to 0
2026-02-25 20:36:23.246 10 INFO neutron.db.ovn_revision_numbers_db [None req-48504aba-04d0-4a64-93b3-f6683e6fd8c1 a7403bfa94a0415492633a7e484d2c3c 27c676a40c654053a504661d6302f55d - - default default] Successfully bumped revision number for resource 15f34796-18c0-4573-9553-3748e35bee0d (type: security_group_rules) to 0
2026-02-25 20:36:23.248 10 INFO neutron.db.ovn_revision_numbers_db [None req-86981287-a75d-486f-9636-611d51afc576 a7403bfa94a0415492633a7e484d2c3c 27c676a40c654053a504661d6302f55d - - default default] Successfully bumped revision number for resource cdc04bbe-deb5-4fd3-a27a-7078c1cea9c6 (type: security_group_rules) to 0
2026-02-25 20:36:23.262 10 INFO neutron.db.ovn_revision_numbers_db [None req-48504aba-04d0-4a64-93b3-f6683e6fd8c1 a7403bfa94a0415492633a7e484d2c3c 27c676a40c654053a504661d6302f55d - - default default] Successfully bumped revision number for resource 3238fac8-8d89-4772-add3-0e6ea132d087 (type: security_group_rules) to 0
2026-02-25 20:36:23.264 10 INFO neutron.db.ovn_revision_numbers_db [None req-86981287-a75d-486f-9636-611d51afc576 a7403bfa94a0415492633a7e484d2c3c 27c676a40c654053a504661d6302f55d - - default default] Successfully bumped revision number for resource dc4d0f47-99e5-4da6-b6eb-195d47127348 (type: security_group_rules) to 0
2026-02-25 20:36:23.280 10 INFO neutron.db.ovn_revision_numbers_db [None req-48504aba-04d0-4a64-93b3-f6683e6fd8c1 a7403bfa94a0415492633a7e484d2c3c 27c676a40c654053a504661d6302f55d - - default default] Successfully bumped revision number for resource c8ef51e0-9830-49ad-986e-85057475f65c (type: security_group_rules) to 0
2026-02-25 20:36:23.296 10 INFO neutron.wsgi [None req-48504aba-04d0-4a64-93b3-f6683e6fd8c1 a7403bfa94a0415492633a7e484d2c3c 27c676a40c654053a504661d6302f55d - - default default] 10.0.0.239 "GET /v2.0/security-groups?tenant_id=03e42fdebaf743f78c975e23aedda212&name=default HTTP/1.1" status: 200 len: 2996 time: 0.1906691
2026-02-25 20:36:23.310 10 INFO neutron.db.segments_db [None req-86981287-a75d-486f-9636-611d51afc576 a7403bfa94a0415492633a7e484d2c3c 27c676a40c654053a504661d6302f55d - - default default] Added segment b5232593-438c-41f4-b486-ca758de376e7 of type geneve for network 0bc05a7a-6f47-41b7-a995-d9f4aaeb990d
2026-02-25 20:36:23.423 10 INFO neutron.db.ovn_revision_numbers_db [None req-86981287-a75d-486f-9636-611d51afc576 a7403bfa94a0415492633a7e484d2c3c 27c676a40c654053a504661d6302f55d - - default default] Successfully bumped revision number for resource 0bc05a7a-6f47-41b7-a995-d9f4aaeb990d (type: networks) to 1
2026-02-25 20:36:23.513 9 INFO neutron.wsgi [None req-4ef83727-d300-4270-b0f1-7330a56cc008 a7403bfa94a0415492633a7e484d2c3c 27c676a40c654053a504661d6302f55d - - default default] 10.0.0.239 "DELETE /v2.0/security-groups/6939ef31-3dc9-40be-9ec7-4fb5b0302a20 HTTP/1.1" status: 204 len: 168 time: 0.2105055
2026-02-25 20:36:23.584 10 WARNING neutron.scheduler.dhcp_agent_scheduler [None req-86981287-a75d-486f-9636-611d51afc576 a7403bfa94a0415492633a7e484d2c3c 27c676a40c654053a504661d6302f55d - - default default] No more DHCP agents
2026-02-25 20:36:23.589 10 WARNING neutron.api.rpc.agentnotifiers.dhcp_rpc_agent_api [None req-86981287-a75d-486f-9636-611d51afc576 a7403bfa94a0415492633a7e484d2c3c 27c676a40c654053a504661d6302f55d - - default default] Unable to schedule network 0bc05a7a-6f47-41b7-a995-d9f4aaeb990d: no agents available; will retry on subsequent port and subnet creation events.
2026-02-25 20:36:23.637 10 INFO neutron.wsgi [None req-820f5f45-3a59-40b3-86a5-73cf52a5e61c a7403bfa94a0415492633a7e484d2c3c 27c676a40c654053a504661d6302f55d - - default default] 10.0.0.239 "GET /v2.0/security-groups?tenant_id=92a18e1cba3a42dfa0b2e7e4d5cc10c5&name=default HTTP/1.1" status: 200 len: 2996 time: 0.1794410
2026-02-25 20:36:23.642 10 INFO neutron.services.segments.plugin [-] Segment b03a0a37-83fb-46f6-8c40-ee4e18b4d156 resource provider aggregate not found
2026-02-25 20:36:23.662 10 INFO neutron.services.segments.plugin [-] Segment b03a0a37-83fb-46f6-8c40-ee4e18b4d156 resource provider aggregate not found
2026-02-25 20:36:23.675 10 INFO neutron.services.segments.plugin [-] Segment b03a0a37-83fb-46f6-8c40-ee4e18b4d156 resource provider not found; error: Placement Client Error (4xx): {"errors": [{"status": 404, "title": "Not Found", "detail": "The resource could not be found.\n\n No resource provider with uuid b03a0a37-83fb-46f6-8c40-ee4e18b4d156 found for delete ", "request_id": "req-252f1f8d-f864-4e2b-8ff9-648b30cc0ab9"}]}
2026-02-25 20:36:23.693 10 INFO neutron.services.segments.plugin [-] Segment b03a0a37-83fb-46f6-8c40-ee4e18b4d156 resource provider not found; error: Placement Client Error (4xx): {"errors": [{"status": 404, "title": "Not Found", "detail": "The resource could not be found.\n\n No resource provider with uuid b03a0a37-83fb-46f6-8c40-ee4e18b4d156 found for delete ", "request_id": "req-edfaba70-95fc-4e44-9d22-479b0af1dbaa"}]}
2026-02-25 20:36:23.746 9 INFO neutron.wsgi [req-ae170613-985c-4608-a13d-6b8c2b965d4f req-70f325d3-998a-4e48-94f0-a51fe40c9eaa b15e4a015e494685bfce2b7212176c8d 218f06e08afe499d8e173ef0a4dac43a - - default default] 10.0.0.78 "GET /v2.0/ports?device_id=3e1d7c59-9621-4d71-ad10-1fe3e7317a4a HTTP/1.1" status: 200 len: 1174 time: 0.1219370
2026-02-25 20:36:23.760 10 INFO neutron.db.ovn_revision_numbers_db [None req-86981287-a75d-486f-9636-611d51afc576 a7403bfa94a0415492633a7e484d2c3c 27c676a40c654053a504661d6302f55d - - default default] Successfully bumped revision number for resource 0d499763-64a2-4929-85b6-57990da1c2b7 (type: ports) to 1
2026-02-25 20:36:23.786 10 INFO neutron.wsgi [None req-86981287-a75d-486f-9636-611d51afc576 a7403bfa94a0415492633a7e484d2c3c 27c676a40c654053a504661d6302f55d - - default default] 10.0.0.239 "POST /v2.0/networks HTTP/1.1" status: 201 len: 945 time: 0.8234675
2026-02-25 20:36:23.816 9 INFO neutron.wsgi [req-ae170613-985c-4608-a13d-6b8c2b965d4f req-94b77cd5-f6cc-476c-a286-56e45fcd4ea8 b15e4a015e494685bfce2b7212176c8d 218f06e08afe499d8e173ef0a4dac43a - - default default] 10.0.0.78 "GET /v2.0/security-groups?id=e074191c-0f61-46fe-9afb-f3be28b4b356&fields=id&fields=name HTTP/1.1" status: 200 len: 313 time: 0.0618560
2026-02-25 20:36:23.926 10 INFO neutron.wsgi [None req-84a42164-2bb4-4204-858f-ae0b963faf7b a7403bfa94a0415492633a7e484d2c3c 27c676a40c654053a504661d6302f55d - - default default] 10.0.0.239 "DELETE /v2.0/security-groups/50f464c4-3fd3-4386-aa52-0d0a3dbb7eb6 HTTP/1.1" status: 204 len: 168 time: 0.2786279
2026-02-25 20:36:23.993 9 WARNING neutron.scheduler.dhcp_agent_scheduler [None req-3c7e460c-e281-4b17-a0d3-acc2cb2ee238 a7403bfa94a0415492633a7e484d2c3c 27c676a40c654053a504661d6302f55d - - default default] No more DHCP agents
2026-02-25 20:36:23.996 9 WARNING neutron.api.rpc.agentnotifiers.dhcp_rpc_agent_api [None req-3c7e460c-e281-4b17-a0d3-acc2cb2ee238 a7403bfa94a0415492633a7e484d2c3c 27c676a40c654053a504661d6302f55d - - default default] Unable to schedule network 0bc05a7a-6f47-41b7-a995-d9f4aaeb990d: no agents available; will retry on subsequent port and subnet creation events.
2026-02-25 20:36:24.052 9 INFO neutron.wsgi [req-2bb71cc0-450f-4fd2-b247-9ae334f82066 req-ad8ffca7-cabe-414c-8f0d-aa540192d91b b15e4a015e494685bfce2b7212176c8d 218f06e08afe499d8e173ef0a4dac43a - - default default] 10.0.0.78 "GET /v2.0/ports?device_id=3e1d7c59-9621-4d71-ad10-1fe3e7317a4a HTTP/1.1" status: 200 len: 1174 time: 0.0445001
2026-02-25 20:36:24.079 9 INFO neutron.plugins.ml2.drivers.ovn.mech_driver.mech_driver [None req-67b502a8-91c0-4df6-ad81-11dbcd0b1268 - - - - - -] OVN reports status down for port: 83d143ed-af02-4aac-9a9b-633ae625d182
2026-02-25 20:36:24.129 9 INFO neutron.wsgi [req-2bb71cc0-450f-4fd2-b247-9ae334f82066 req-8292c367-5562-4945-b7ac-d721044d7915 b15e4a015e494685bfce2b7212176c8d 218f06e08afe499d8e173ef0a4dac43a - - default default] 10.0.0.78 "GET /v2.0/security-groups?id=e074191c-0f61-46fe-9afb-f3be28b4b356&fields=id&fields=name HTTP/1.1" status: 200 len: 313 time: 0.0722487
2026-02-25 20:36:24.294 9 INFO neutron.notifiers.nova [-] Nova event matching ['req-e3833776-6e96-4529-a397-2aec69fc5321'] response: {'server_uuid': '3e1d7c59-9621-4d71-ad10-1fe3e7317a4a', 'name': 'network-vif-unplugged', 'status': 'completed', 'tag': '83d143ed-af02-4aac-9a9b-633ae625d182', 'code': 200}
2026-02-25 20:36:24.443 10 INFO neutron.wsgi [req-622ed834-42c5-4a84-a9a5-d7f25c9f9d42 req-8a873319-dfa6-4400-b12d-1c4a055596a1 b15e4a015e494685bfce2b7212176c8d 218f06e08afe499d8e173ef0a4dac43a - - default default] 199.19.213.169 "GET /v2.0/ports?device_id=3e1d7c59-9621-4d71-ad10-1fe3e7317a4a HTTP/1.1" status: 200 len: 1172 time: 0.1267645
2026-02-25 20:36:24.503 9 INFO neutron.db.ovn_revision_numbers_db [None req-67b502a8-91c0-4df6-ad81-11dbcd0b1268 - - - - - -] Successfully bumped revision number for resource 83d143ed-af02-4aac-9a9b-633ae625d182 (type: ports) to 7
2026-02-25 20:36:24.707 9 INFO neutron.services.segments.plugin [-] Segment 5010b103-e36a-4c82-afe3-9fe445ce5d43 resource provider aggregate not found
2026-02-25 20:36:24.717 9 INFO neutron.services.segments.plugin [-] Segment 5010b103-e36a-4c82-afe3-9fe445ce5d43 resource provider aggregate not found
2026-02-25 20:36:24.722 9 INFO neutron.services.segments.plugin [-] Segment 5010b103-e36a-4c82-afe3-9fe445ce5d43 resource provider not found; error: Placement Client Error (4xx): {"errors": [{"status": 404, "title": "Not Found", "detail": "The resource could not be found.\n\n No resource provider with uuid 5010b103-e36a-4c82-afe3-9fe445ce5d43 found for delete ", "request_id": "req-60c3dfee-3c90-4a27-a79c-8bf449d8dd66"}]}
2026-02-25 20:36:24.731 9 INFO neutron.services.segments.plugin [-] Segment 5010b103-e36a-4c82-afe3-9fe445ce5d43 resource provider not found; error: Placement Client Error (4xx): {"errors": [{"status": 404, "title": "Not Found", "detail": "The resource could not be found.\n\n No resource provider with uuid 5010b103-e36a-4c82-afe3-9fe445ce5d43 found for delete ", "request_id": "req-a8cc3ec5-23ae-427a-9817-40151d4d5722"}]}
2026-02-25 20:36:24.734 9 INFO neutron.db.ovn_revision_numbers_db [None req-3c7e460c-e281-4b17-a0d3-acc2cb2ee238 a7403bfa94a0415492633a7e484d2c3c 27c676a40c654053a504661d6302f55d - - default default] Successfully bumped revision number for resource 0d499763-64a2-4929-85b6-57990da1c2b7 (type: ports) to 2
2026-02-25 20:36:24.780 9 INFO neutron.db.ovn_revision_numbers_db [None req-3c7e460c-e281-4b17-a0d3-acc2cb2ee238 a7403bfa94a0415492633a7e484d2c3c 27c676a40c654053a504661d6302f55d - - default default] Successfully bumped revision number for resource dc264f46-51c8-474d-a463-914938d0b920 (type: subnets) to 0
2026-02-25 20:36:24.796 9 INFO neutron.wsgi [None req-3c7e460c-e281-4b17-a0d3-acc2cb2ee238 a7403bfa94a0415492633a7e484d2c3c 27c676a40c654053a504661d6302f55d - - default default] 10.0.0.239 "POST /v2.0/subnets HTTP/1.1" status: 201 len: 865 time: 1.0020576 /var/lib/openstack/lib/python3.10/site-packages/pycadf/identifier.py:71: UserWarning: Invalid uuid: neutron. To ensure interoperability, identifiers should be a valid uuid. warnings.warn(('Invalid uuid: %s. To ensure interoperability, '
2026-02-25 20:36:25.027 10 INFO neutron.db.l3_db [req-622ed834-42c5-4a84-a9a5-d7f25c9f9d42 req-81e66a27-9487-4d03-8eec-752c741b4a18 b15e4a015e494685bfce2b7212176c8d 218f06e08afe499d8e173ef0a4dac43a - - default default] Floating IP b41f41ca-56aa-4086-a302-0a36bc8a933b disassociated. External IP: 10.96.250.219, port: 83d143ed-af02-4aac-9a9b-633ae625d182. /var/lib/openstack/lib/python3.10/site-packages/pycadf/identifier.py:71: UserWarning: Invalid uuid: neutron. To ensure interoperability, identifiers should be a valid uuid. warnings.warn(('Invalid uuid: %s. To ensure interoperability, '
2026-02-25 20:36:25.245 10 INFO neutron.wsgi [req-622ed834-42c5-4a84-a9a5-d7f25c9f9d42 req-81e66a27-9487-4d03-8eec-752c741b4a18 b15e4a015e494685bfce2b7212176c8d 218f06e08afe499d8e173ef0a4dac43a - - default default] 199.19.213.169 "DELETE /v2.0/ports/83d143ed-af02-4aac-9a9b-633ae625d182 HTTP/1.1" status: 204 len: 173 time: 0.7959580
2026-02-25 20:36:25.249 9 INFO neutron.wsgi [req-788ce151-0d60-4f2e-98aa-167d8ec53ae0 req-a19fc7cb-0034-46da-b868-e45ea998c69f b15e4a015e494685bfce2b7212176c8d 218f06e08afe499d8e173ef0a4dac43a - - default default] 10.0.0.78 "GET /v2.0/ports?device_id=3e1d7c59-9621-4d71-ad10-1fe3e7317a4a HTTP/1.1" status: 200 len: 210 time: 0.0237501
2026-02-25 20:36:25.279 10 INFO neutron.notifiers.nova [-] Nova event matching ['req-f2c43056-b9ad-4b8d-a652-f8803286e067'] response: {'server_uuid': '3e1d7c59-9621-4d71-ad10-1fe3e7317a4a', 'name': 'network-vif-deleted', 'tag': '83d143ed-af02-4aac-9a9b-633ae625d182', 'status': 'completed', 'code': 200}
2026-02-25 20:36:25.318 9 WARNING neutron.scheduler.dhcp_agent_scheduler [None req-aab74798-cc9a-4d0d-8501-cae4276200b6 a7403bfa94a0415492633a7e484d2c3c 27c676a40c654053a504661d6302f55d - - default default] No more DHCP agents
2026-02-25 20:36:25.320 9 WARNING neutron.api.rpc.agentnotifiers.dhcp_rpc_agent_api [None req-aab74798-cc9a-4d0d-8501-cae4276200b6 a7403bfa94a0415492633a7e484d2c3c 27c676a40c654053a504661d6302f55d - - default default] Unable to schedule network aa707c75-8052-4baa-a575-b0f4251b61fd: no agents available; will retry on subsequent port and subnet creation events.
2026-02-25 20:36:25.483 9 INFO neutron.db.ovn_revision_numbers_db [None req-aab74798-cc9a-4d0d-8501-cae4276200b6 a7403bfa94a0415492633a7e484d2c3c 27c676a40c654053a504661d6302f55d - - default default] Successfully bumped revision number for resource 198f5e4d-b488-48ca-9255-79b5a91a122a (type: ports) to 1
2026-02-25 20:36:25.878 9 WARNING neutron_lib.context [None req-d7374bf4-7818-4570-a86b-21e5034800a9 c0eb7a5bed2f42c8a31a0945a82f442d 0dc4c7210e4146ceab926d487ebf98d5 - - default default] Method 'is_advsvc' is deprecated since 2023.2 release (neutron-lib 3.8.0) and will be removed once support for the old RBAC API policies will be removed from Neutron. Please use method 'is_service_role' instead.
2026-02-25 20:36:26.040 9 INFO neutron.db.ovn_revision_numbers_db [None req-d7374bf4-7818-4570-a86b-21e5034800a9 c0eb7a5bed2f42c8a31a0945a82f442d 0dc4c7210e4146ceab926d487ebf98d5 - - default default] Successfully bumped revision number for resource cc163667-c35b-4749-8359-b297ffc7f1f7 (type: security_groups) to 1
2026-02-25 20:36:26.056 9 INFO neutron.db.ovn_revision_numbers_db [None req-d7374bf4-7818-4570-a86b-21e5034800a9 c0eb7a5bed2f42c8a31a0945a82f442d 0dc4c7210e4146ceab926d487ebf98d5 - - default default] Successfully bumped revision number for resource 2f2f0ef2-1781-47f3-88dd-23c415fb9aa4 (type: security_group_rules) to 0
2026-02-25 20:36:26.078 9 INFO neutron.db.ovn_revision_numbers_db [None req-d7374bf4-7818-4570-a86b-21e5034800a9 c0eb7a5bed2f42c8a31a0945a82f442d 0dc4c7210e4146ceab926d487ebf98d5 - - default default] Successfully bumped revision number for resource 5711b723-1b55-44e8-b985-8177a9fe73ee (type: security_group_rules) to 0
2026-02-25 20:36:26.121 9 INFO neutron.db.ovn_revision_numbers_db [None req-d7374bf4-7818-4570-a86b-21e5034800a9 c0eb7a5bed2f42c8a31a0945a82f442d 0dc4c7210e4146ceab926d487ebf98d5 - - default default] Successfully bumped revision number for resource 83152dcc-a108-451a-9f1d-f0e306ac6a99 (type: security_group_rules) to 0
2026-02-25 20:36:26.138 9 INFO neutron.db.ovn_revision_numbers_db [None req-d7374bf4-7818-4570-a86b-21e5034800a9 c0eb7a5bed2f42c8a31a0945a82f442d 0dc4c7210e4146ceab926d487ebf98d5 - - default default] Successfully bumped revision number for resource 916bc120-5847-426c-b80c-401017e5e247 (type: security_group_rules) to 0
2026-02-25 20:36:26.147 10 INFO neutron.plugins.ml2.drivers.ovn.mech_driver.mech_driver [None req-d30f8d2e-f636-4c78-9826-d47f0238f5d0 - - - - - -] OVN reports status up for port: 198f5e4d-b488-48ca-9255-79b5a91a122a
2026-02-25 20:36:26.164 9 INFO neutron.plugins.ml2.drivers.ovn.mech_driver.ovsdb.ovsdb_monitor [None req-ff76b02e-9f6d-47d7-8f17-0bf7bc6b6b3c - - - - - -] Router 58111695-6fa6-40ed-ace6-44cfd39fcf52 is bound to host instance
2026-02-25 20:36:26.170 10 INFO neutron.plugins.ml2.plugin [None req-d30f8d2e-f636-4c78-9826-d47f0238f5d0 - - - - - -] Attempt 1 to provision port 198f5e4d-b488-48ca-9255-79b5a91a122a
2026-02-25 20:36:26.180 9 INFO neutron.db.ovn_revision_numbers_db [None req-aab74798-cc9a-4d0d-8501-cae4276200b6 a7403bfa94a0415492633a7e484d2c3c 27c676a40c654053a504661d6302f55d - - default default] Successfully bumped revision number for resource 198f5e4d-b488-48ca-9255-79b5a91a122a (type: router_ports) to 1
2026-02-25 20:36:26.221 9 INFO neutron.db.segments_db [None req-d7374bf4-7818-4570-a86b-21e5034800a9 c0eb7a5bed2f42c8a31a0945a82f442d 0dc4c7210e4146ceab926d487ebf98d5 - - default default] Added segment 36e39c35-3f52-43c6-9242-2180575cbec0 of type geneve for network 4c7c66c3-8fc9-483f-aa3a-1246d4f9b61b
2026-02-25 20:36:26.455 10 INFO neutron.wsgi [None req-8e3e2760-f7de-4ad4-9bc6-c0ba111c3bc6 b15e4a015e494685bfce2b7212176c8d 218f06e08afe499d8e173ef0a4dac43a - - default default] 10.0.0.239 "DELETE /v2.0/security-groups/e074191c-0f61-46fe-9afb-f3be28b4b356 HTTP/1.1" status: 204 len: 168 time: 0.1292455
2026-02-25 20:36:26.471 10 INFO neutron.api.v2.resource [None req-69d1846f-1c28-4c16-8ef8-4ba2a21198e8 b15e4a015e494685bfce2b7212176c8d 218f06e08afe499d8e173ef0a4dac43a - - default default] show failed (client error): The resource could not be found.
2026-02-25 20:36:26.472 10 INFO neutron.wsgi [None req-69d1846f-1c28-4c16-8ef8-4ba2a21198e8 b15e4a015e494685bfce2b7212176c8d 218f06e08afe499d8e173ef0a4dac43a - - default default] 10.0.0.239 "GET /v2.0/security-groups/e074191c-0f61-46fe-9afb-f3be28b4b356 HTTP/1.1" status: 404 len: 347 time: 0.0114510
2026-02-25 20:36:26.509 9 INFO neutron.notifiers.nova [-] Nova event matching ['req-04571e9a-59d0-4838-877f-c240977b9c16'] response: {'server_uuid': '3e1d7c59-9621-4d71-ad10-1fe3e7317a4a', 'name': 'network-vif-plugged', 'status': 'completed', 'tag': '83d143ed-af02-4aac-9a9b-633ae625d182', 'code': 200}
2026-02-25 20:36:26.545 9 INFO neutron.db.ovn_revision_numbers_db [None req-aab74798-cc9a-4d0d-8501-cae4276200b6 a7403bfa94a0415492633a7e484d2c3c 27c676a40c654053a504661d6302f55d - - default default] Successfully bumped revision number for resource 58111695-6fa6-40ed-ace6-44cfd39fcf52 (type: routers) to 2
2026-02-25 20:36:26.567 9 INFO neutron.wsgi [None req-aab74798-cc9a-4d0d-8501-cae4276200b6 a7403bfa94a0415492633a7e484d2c3c 27c676a40c654053a504661d6302f55d - - default default] 10.0.0.239 "POST /v2.0/routers HTTP/1.1" status: 201 len: 876 time: 1.7641001
2026-02-25 20:36:26.667 9 INFO neutron.db.ovn_revision_numbers_db [None req-d7374bf4-7818-4570-a86b-21e5034800a9 c0eb7a5bed2f42c8a31a0945a82f442d 0dc4c7210e4146ceab926d487ebf98d5 - - default default] Successfully bumped revision number for resource 4c7c66c3-8fc9-483f-aa3a-1246d4f9b61b (type: networks) to 1
2026-02-25 20:36:26.905 9 WARNING neutron.scheduler.dhcp_agent_scheduler [None req-d7374bf4-7818-4570-a86b-21e5034800a9 c0eb7a5bed2f42c8a31a0945a82f442d 0dc4c7210e4146ceab926d487ebf98d5 - - default default] No more DHCP agents
2026-02-25 20:36:26.905 10 INFO neutron.wsgi [None req-abde7b63-ab5f-42b2-968b-a878c0e05fed b15e4a015e494685bfce2b7212176c8d 218f06e08afe499d8e173ef0a4dac43a - - default default] 10.0.0.239 "DELETE /v2.0/floatingips/b41f41ca-56aa-4086-a302-0a36bc8a933b HTTP/1.1" status: 204 len: 168 time: 0.4286788
2026-02-25 20:36:26.917 9 WARNING neutron.api.rpc.agentnotifiers.dhcp_rpc_agent_api [None req-d7374bf4-7818-4570-a86b-21e5034800a9 c0eb7a5bed2f42c8a31a0945a82f442d 0dc4c7210e4146ceab926d487ebf98d5 - - default default] Unable to schedule network 4c7c66c3-8fc9-483f-aa3a-1246d4f9b61b: no agents available; will retry on subsequent port and subnet creation events.
2026-02-25 20:36:27.013 9 INFO neutron.db.ovn_revision_numbers_db [None req-d7374bf4-7818-4570-a86b-21e5034800a9 c0eb7a5bed2f42c8a31a0945a82f442d 0dc4c7210e4146ceab926d487ebf98d5 - - default default] Successfully bumped revision number for resource 52895710-e0f1-4c3b-ba2c-67a227de1ac9 (type: ports) to 1
2026-02-25 20:36:27.073 9 INFO neutron.wsgi [None req-d7374bf4-7818-4570-a86b-21e5034800a9 c0eb7a5bed2f42c8a31a0945a82f442d 0dc4c7210e4146ceab926d487ebf98d5 - - default default] 10.0.0.239 "POST /v2.0/networks HTTP/1.1" status: 201 len: 832 time: 1.3259010
2026-02-25 20:36:27.097 9 WARNING neutron_lib.context [None req-3bfeebc1-1d53-42f4-ad53-967bf9265192 c0eb7a5bed2f42c8a31a0945a82f442d 0dc4c7210e4146ceab926d487ebf98d5 - - default default] Method 'is_advsvc' is deprecated since 2023.2 release (neutron-lib 3.8.0) and will be removed once support for the old RBAC API policies will be removed from Neutron. Please use method 'is_service_role' instead.
2026-02-25 20:36:27.104 9 INFO neutron.db.ovn_revision_numbers_db [None req-ff76b02e-9f6d-47d7-8f17-0bf7bc6b6b3c - - - - - -] Successfully bumped revision number for resource 198f5e4d-b488-48ca-9255-79b5a91a122a (type: ports) to 1
2026-02-25 20:36:27.166 10 WARNING neutron.scheduler.dhcp_agent_scheduler [None req-5fef7aa8-1a5c-40a7-a8e3-c2d8b95c9826 a7403bfa94a0415492633a7e484d2c3c 27c676a40c654053a504661d6302f55d - - default default] No more DHCP agents
2026-02-25 20:36:27.168 10 WARNING neutron.api.rpc.agentnotifiers.dhcp_rpc_agent_api [None req-5fef7aa8-1a5c-40a7-a8e3-c2d8b95c9826 a7403bfa94a0415492633a7e484d2c3c 27c676a40c654053a504661d6302f55d - - default default] Unable to schedule network 0bc05a7a-6f47-41b7-a995-d9f4aaeb990d: no agents available; will retry on subsequent port and subnet creation events.
2026-02-25 20:36:27.181 9 INFO neutron.db.segments_db [None req-3bfeebc1-1d53-42f4-ad53-967bf9265192 c0eb7a5bed2f42c8a31a0945a82f442d 0dc4c7210e4146ceab926d487ebf98d5 - - default default] Added segment e734fcc7-4675-4395-995d-69ad0fe7b28e of type geneve for network 1a45e227-6d6b-4ef8-b2fb-8fb2106c2aed
2026-02-25 20:36:27.409 9 INFO neutron.db.ovn_revision_numbers_db [None req-3bfeebc1-1d53-42f4-ad53-967bf9265192 c0eb7a5bed2f42c8a31a0945a82f442d 0dc4c7210e4146ceab926d487ebf98d5 - - default default] Successfully bumped revision number for resource 1a45e227-6d6b-4ef8-b2fb-8fb2106c2aed (type: networks) to 1
2026-02-25 20:36:27.417 10 INFO neutron.db.ovn_revision_numbers_db [None req-5fef7aa8-1a5c-40a7-a8e3-c2d8b95c9826 a7403bfa94a0415492633a7e484d2c3c 27c676a40c654053a504661d6302f55d - - default default] Successfully bumped revision number for resource 1ed79427-63ed-4855-a5a5-973cd7a4c57e (type: ports) to 1
2026-02-25 20:36:27.420 9 INFO neutron.db.ovn_revision_numbers_db [None req-ff76b02e-9f6d-47d7-8f17-0bf7bc6b6b3c - - - - - -] Successfully bumped revision number for resource 198f5e4d-b488-48ca-9255-79b5a91a122a (type: router_ports) to 3
2026-02-25 20:36:27.674 9 WARNING neutron.scheduler.dhcp_agent_scheduler [None req-3bfeebc1-1d53-42f4-ad53-967bf9265192 c0eb7a5bed2f42c8a31a0945a82f442d 0dc4c7210e4146ceab926d487ebf98d5 - - default default] No more DHCP agents
2026-02-25 20:36:27.678 9 WARNING neutron.api.rpc.agentnotifiers.dhcp_rpc_agent_api [None req-3bfeebc1-1d53-42f4-ad53-967bf9265192 c0eb7a5bed2f42c8a31a0945a82f442d 0dc4c7210e4146ceab926d487ebf98d5 - - default default] Unable to schedule network 1a45e227-6d6b-4ef8-b2fb-8fb2106c2aed: no agents available; will retry on subsequent port and subnet creation events.
2026-02-25 20:36:27.687 9 INFO neutron.db.ovn_revision_numbers_db [None req-ff76b02e-9f6d-47d7-8f17-0bf7bc6b6b3c - - - - - -] Successfully bumped revision number for resource 198f5e4d-b488-48ca-9255-79b5a91a122a (type: ports) to 2
2026-02-25 20:36:27.782 9 INFO neutron.db.ovn_revision_numbers_db [None req-3bfeebc1-1d53-42f4-ad53-967bf9265192 c0eb7a5bed2f42c8a31a0945a82f442d 0dc4c7210e4146ceab926d487ebf98d5 - - default default] Successfully bumped revision number for resource e7af6ad2-1381-483c-8436-485d3f222de1 (type: ports) to 1
2026-02-25 20:36:27.814 9 INFO neutron.wsgi [None req-3bfeebc1-1d53-42f4-ad53-967bf9265192 c0eb7a5bed2f42c8a31a0945a82f442d 0dc4c7210e4146ceab926d487ebf98d5 - - default default] 10.0.0.239 "POST /v2.0/networks HTTP/1.1" status: 201 len: 831 time: 0.7217379
2026-02-25 20:36:27.833 9 WARNING neutron_lib.context [None req-e4cde358-71d1-4d1b-b7ca-e4bbf4bef007 c0eb7a5bed2f42c8a31a0945a82f442d 0dc4c7210e4146ceab926d487ebf98d5 - - default default] Method 'is_advsvc' is deprecated since 2023.2 release (neutron-lib 3.8.0) and will be removed once support for the old RBAC API policies will be removed from Neutron. Please use method 'is_service_role' instead.
2026-02-25 20:36:27.892 10 INFO neutron.wsgi [-] 10.0.0.166 "GET / HTTP/1.1" status: 200 len: 246 time: 0.0013707
2026-02-25 20:36:27.894 10 INFO neutron.wsgi [-] 10.0.0.166 "GET / HTTP/1.1" status: 200 len: 246 time: 0.0011919
2026-02-25 20:36:27.914 9 INFO neutron.plugins.ml2.drivers.ovn.mech_driver.mech_driver [None req-67b502a8-91c0-4df6-ad81-11dbcd0b1268 - - - - - -] OVN reports status up for port: 1ed79427-63ed-4855-a5a5-973cd7a4c57e
2026-02-25 20:36:27.934 9 INFO neutron.plugins.ml2.plugin [None req-67b502a8-91c0-4df6-ad81-11dbcd0b1268 - - - - - -] Attempt 1 to provision port 1ed79427-63ed-4855-a5a5-973cd7a4c57e
2026-02-25 20:36:27.956 10 INFO neutron.db.ovn_revision_numbers_db [None req-5fef7aa8-1a5c-40a7-a8e3-c2d8b95c9826 a7403bfa94a0415492633a7e484d2c3c 27c676a40c654053a504661d6302f55d - - default default] Successfully bumped revision number for resource 1ed79427-63ed-4855-a5a5-973cd7a4c57e (type: router_ports) to 1
2026-02-25 20:36:28.085 9 INFO neutron.db.ovn_revision_numbers_db [None req-ff76b02e-9f6d-47d7-8f17-0bf7bc6b6b3c - - - - - -] Successfully bumped revision number for resource 198f5e4d-b488-48ca-9255-79b5a91a122a (type: ports) to 4
2026-02-25 20:36:28.158 10 INFO neutron.db.ovn_revision_numbers_db [None req-5fef7aa8-1a5c-40a7-a8e3-c2d8b95c9826 a7403bfa94a0415492633a7e484d2c3c 27c676a40c654053a504661d6302f55d - - default default] Successfully bumped revision number for resource 1ed79427-63ed-4855-a5a5-973cd7a4c57e (type: ports) to 1
2026-02-25 20:36:28.290 9 WARNING neutron.scheduler.dhcp_agent_scheduler [None req-e4cde358-71d1-4d1b-b7ca-e4bbf4bef007 c0eb7a5bed2f42c8a31a0945a82f442d 0dc4c7210e4146ceab926d487ebf98d5 - - default default] No more DHCP agents
2026-02-25 20:36:28.296 9 WARNING neutron.api.rpc.agentnotifiers.dhcp_rpc_agent_api [None req-e4cde358-71d1-4d1b-b7ca-e4bbf4bef007 c0eb7a5bed2f42c8a31a0945a82f442d 0dc4c7210e4146ceab926d487ebf98d5 - - default default] Unable to schedule network 4c7c66c3-8fc9-483f-aa3a-1246d4f9b61b: no agents available; will retry on subsequent port and subnet creation events.
2026-02-25 20:36:28.381 9 INFO neutron.db.ovn_revision_numbers_db [None req-e4cde358-71d1-4d1b-b7ca-e4bbf4bef007 c0eb7a5bed2f42c8a31a0945a82f442d 0dc4c7210e4146ceab926d487ebf98d5 - - default default] Successfully bumped revision number for resource ae98a009-fcd3-48fc-a896-22fc02e0fa65 (type: subnets) to 0
2026-02-25 20:36:28.407 9 INFO neutron.wsgi [None req-e4cde358-71d1-4d1b-b7ca-e4bbf4bef007 c0eb7a5bed2f42c8a31a0945a82f442d 0dc4c7210e4146ceab926d487ebf98d5 - - default default] 10.0.0.239 "POST /v2.0/subnets HTTP/1.1" status: 201 len: 821 time: 0.5825939
2026-02-25 20:36:28.430 9 WARNING neutron_lib.context [None req-c679b3c4-fed3-4848-b224-6428a22ffadb c0eb7a5bed2f42c8a31a0945a82f442d 0dc4c7210e4146ceab926d487ebf98d5 - - default default] Method 'is_advsvc' is deprecated since 2023.2 release (neutron-lib 3.8.0) and will be removed once support for the old RBAC API policies will be removed from Neutron. Please use method 'is_service_role' instead.
2026-02-25 20:36:28.475 10 WARNING neutron.scheduler.dhcp_agent_scheduler [None req-5fef7aa8-1a5c-40a7-a8e3-c2d8b95c9826 a7403bfa94a0415492633a7e484d2c3c 27c676a40c654053a504661d6302f55d - - default default] No more DHCP agents
2026-02-25 20:36:28.476 10 WARNING neutron.api.rpc.agentnotifiers.dhcp_rpc_agent_api [None req-5fef7aa8-1a5c-40a7-a8e3-c2d8b95c9826 a7403bfa94a0415492633a7e484d2c3c 27c676a40c654053a504661d6302f55d - - default default] Unable to schedule network 0bc05a7a-6f47-41b7-a995-d9f4aaeb990d: no agents available; will retry on subsequent port and subnet creation events.
2026-02-25 20:36:28.502 9 INFO neutron.db.ovn_revision_numbers_db [None req-ff76b02e-9f6d-47d7-8f17-0bf7bc6b6b3c - - - - - -] Successfully bumped revision number for resource 198f5e4d-b488-48ca-9255-79b5a91a122a (type: router_ports) to 4
2026-02-25 20:36:28.519 10 INFO neutron.wsgi [None req-8fc3e519-5e12-41ed-ab28-07a58b6dd889 a7403bfa94a0415492633a7e484d2c3c 27c676a40c654053a504661d6302f55d - - default default] 10.0.0.239 "PUT /v2.0/routers/48dc35bb-d9d2-47de-985b-c8dc12a75f53/remove_router_interface HTTP/1.1" status: 200 len: 503 time: 1.5974543 /var/lib/openstack/lib/python3.10/site-packages/pycadf/identifier.py:71: UserWarning: Invalid uuid: neutron. To ensure interoperability, identifiers should be a valid uuid. warnings.warn(('Invalid uuid: %s. To ensure interoperability, '
2026-02-25 20:36:28.575 9 INFO neutron.db.ovn_revision_numbers_db [None req-67b502a8-91c0-4df6-ad81-11dbcd0b1268 - - - - - -] Successfully bumped revision number for resource 1ed79427-63ed-4855-a5a5-973cd7a4c57e (type: ports) to 2
2026-02-25 20:36:28.695 9 INFO neutron.db.ovn_revision_numbers_db [None req-67b502a8-91c0-4df6-ad81-11dbcd0b1268 - - - - - -] Successfully bumped revision number for resource 1ed79427-63ed-4855-a5a5-973cd7a4c57e (type: router_ports) to 2
2026-02-25 20:36:28.827 9 WARNING neutron.scheduler.dhcp_agent_scheduler [None req-c679b3c4-fed3-4848-b224-6428a22ffadb c0eb7a5bed2f42c8a31a0945a82f442d 0dc4c7210e4146ceab926d487ebf98d5 - - default default] No more DHCP agents
2026-02-25 20:36:28.836 9 WARNING neutron.api.rpc.agentnotifiers.dhcp_rpc_agent_api [None req-c679b3c4-fed3-4848-b224-6428a22ffadb c0eb7a5bed2f42c8a31a0945a82f442d 0dc4c7210e4146ceab926d487ebf98d5 - - default default] Unable to schedule network 1a45e227-6d6b-4ef8-b2fb-8fb2106c2aed: no agents available; will retry on subsequent port and subnet creation events.
2026-02-25 20:36:28.864 9 INFO neutron.db.ovn_revision_numbers_db [None req-2b98664d-2e76-4e5c-82b0-a0e5ce770dfc a7403bfa94a0415492633a7e484d2c3c 27c676a40c654053a504661d6302f55d - - default default] Successfully bumped revision number for resource 2e8fb300-3e63-49d4-bec9-3ef871752bfe (type: security_groups) to 1
2026-02-25 20:36:28.872 9 INFO neutron.db.ovn_revision_numbers_db [None req-c679b3c4-fed3-4848-b224-6428a22ffadb c0eb7a5bed2f42c8a31a0945a82f442d 0dc4c7210e4146ceab926d487ebf98d5 - - default default] Successfully bumped revision number for resource 9d55f586-c76d-4332-afc7-edd9df890dd9 (type: subnets) to 0
2026-02-25 20:36:28.879 9 INFO neutron.db.ovn_revision_numbers_db [None req-2b98664d-2e76-4e5c-82b0-a0e5ce770dfc a7403bfa94a0415492633a7e484d2c3c 27c676a40c654053a504661d6302f55d - - default default] Successfully bumped revision number for resource 0d8af387-740d-4c10-9af6-00fbae422b57 (type: security_group_rules) to 0
2026-02-25 20:36:28.895 9 INFO neutron.wsgi [None req-c679b3c4-fed3-4848-b224-6428a22ffadb c0eb7a5bed2f42c8a31a0945a82f442d 0dc4c7210e4146ceab926d487ebf98d5 - - default default] 10.0.0.239 "POST /v2.0/subnets HTTP/1.1" status: 201 len: 830 time: 0.4776514
2026-02-25 20:36:28.901 9 INFO neutron.db.ovn_revision_numbers_db [None req-2b98664d-2e76-4e5c-82b0-a0e5ce770dfc a7403bfa94a0415492633a7e484d2c3c 27c676a40c654053a504661d6302f55d - - default default] Successfully bumped revision number for resource 19688f98-6782-4ac7-b5d2-c8e26d7f11f8 (type: security_group_rules) to 0
2026-02-25 20:36:28.905 9 WARNING neutron_lib.context [None req-afad31b6-2335-4eea-a824-690170c831ce c0eb7a5bed2f42c8a31a0945a82f442d 0dc4c7210e4146ceab926d487ebf98d5 - - default default] Method 'is_advsvc' is deprecated since 2023.2 release (neutron-lib 3.8.0) and will be removed once support for the old RBAC API policies will be removed from Neutron. Please use method 'is_service_role' instead.
2026-02-25 20:36:28.924 9 INFO neutron.db.ovn_revision_numbers_db [None req-2b98664d-2e76-4e5c-82b0-a0e5ce770dfc a7403bfa94a0415492633a7e484d2c3c 27c676a40c654053a504661d6302f55d - - default default] Successfully bumped revision number for resource 6ac49c5e-e408-4fc6-acd9-6dfed7fd0725 (type: security_group_rules) to 0
2026-02-25 20:36:28.939 9 INFO neutron.db.ovn_revision_numbers_db [None req-2b98664d-2e76-4e5c-82b0-a0e5ce770dfc a7403bfa94a0415492633a7e484d2c3c 27c676a40c654053a504661d6302f55d - - default default] Successfully bumped revision number for resource da18b995-b3cc-452c-940a-7e3410a23504 (type: security_group_rules) to 0
2026-02-25 20:36:29.063 10 INFO neutron.db.ovn_revision_numbers_db [None req-5fef7aa8-1a5c-40a7-a8e3-c2d8b95c9826 a7403bfa94a0415492633a7e484d2c3c 27c676a40c654053a504661d6302f55d - - default default] Successfully bumped revision number for resource 1ed79427-63ed-4855-a5a5-973cd7a4c57e (type: router_ports) to 2
2026-02-25 20:36:29.065 10 INFO neutron.wsgi [None req-5fef7aa8-1a5c-40a7-a8e3-c2d8b95c9826 a7403bfa94a0415492633a7e484d2c3c 27c676a40c654053a504661d6302f55d - - default default] 10.0.0.239 "PUT /v2.0/routers/58111695-6fa6-40ed-ace6-44cfd39fcf52/add_router_interface HTTP/1.1" status: 200 len: 503 time: 2.4893694
2026-02-25 20:36:29.362 9 INFO neutron.wsgi [None req-2b98664d-2e76-4e5c-82b0-a0e5ce770dfc a7403bfa94a0415492633a7e484d2c3c 27c676a40c654053a504661d6302f55d - - default default] 10.0.0.239 "GET /v2.0/security-groups?tenant_id=b21acbb3696a45ca9212f6ce43a26f39&name=default HTTP/1.1" status: 200 len: 2996 time: 0.8751643
2026-02-25 20:36:29.433 10 INFO neutron.wsgi [None req-1108c18e-4c4f-499c-bc5f-c2dcbcf46e59 a7403bfa94a0415492633a7e484d2c3c 27c676a40c654053a504661d6302f55d - - default default] 10.0.0.239 "DELETE /v2.0/routers/48dc35bb-d9d2-47de-985b-c8dc12a75f53 HTTP/1.1" status: 204 len: 168 time: 0.9094257
2026-02-25 20:36:29.482 9 INFO neutron.db.ovn_revision_numbers_db [None req-afad31b6-2335-4eea-a824-690170c831ce c0eb7a5bed2f42c8a31a0945a82f442d 0dc4c7210e4146ceab926d487ebf98d5 - - default default] Successfully bumped revision number for resource 9c602273-5925-4fb1-9b01-6d9a4356e95f (type: routers) to 1
2026-02-25 20:36:29.504 9 INFO neutron.wsgi [None req-afad31b6-2335-4eea-a824-690170c831ce c0eb7a5bed2f42c8a31a0945a82f442d 0dc4c7210e4146ceab926d487ebf98d5 - - default default] 10.0.0.239 "POST /v2.0/routers HTTP/1.1" status: 201 len: 689 time: 0.6041911
2026-02-25 20:36:29.636 9 WARNING neutron_lib.context [None req-921a80d2-8e12-4665-a44a-603ce2739a2b a913f93fff0444b3965d03b233e4457a 01a4f53bf7264ce98ee108dcf9b65927 - - default default] Method 'is_advsvc' is deprecated since 2023.2 release (neutron-lib 3.8.0) and will be removed once support for the old RBAC API policies will be removed from Neutron. Please use method 'is_service_role' instead.
2026-02-25 20:36:29.648 10 INFO neutron.wsgi [None req-17d54b18-2685-406a-8450-58effdfd4e7f a7403bfa94a0415492633a7e484d2c3c 27c676a40c654053a504661d6302f55d - - default default] 10.0.0.239 "DELETE /v2.0/security-groups/2e8fb300-3e63-49d4-bec9-3ef871752bfe HTTP/1.1" status: 204 len: 168 time: 0.2810657
2026-02-25 20:36:29.671 9 INFO neutron.wsgi [None req-841b9537-693b-4762-8102-6755fdcadb65 a7403bfa94a0415492633a7e484d2c3c 27c676a40c654053a504661d6302f55d - - default default] 10.0.0.239 "DELETE /v2.0/subnets/639f25c8-41d4-48a0-8f91-bf931480fde8 HTTP/1.1" status: 204 len: 168 time: 0.2305777
2026-02-25 20:36:29.803 9 INFO neutron.db.ovn_revision_numbers_db [None req-921a80d2-8e12-4665-a44a-603ce2739a2b a913f93fff0444b3965d03b233e4457a 01a4f53bf7264ce98ee108dcf9b65927 - - default default] Successfully bumped revision number for resource 3d1ff6fe-323a-48e8-8cb9-0225b363d202 (type: security_groups) to 1
