2026-02-25 20:37:25.308 10 INFO neutron.db.segments_db [None req-ab73888b-7802-4bfe-86d2-b5aa6a7361c3 e43f026a72b94a3988efeff3ca378f9c 07cb72bad893445693a1825c4d1d504f - - default default] Added segment c4d785ea-4e4c-4361-a115-3187982a7449 of type geneve for network 7c0ed02c-c333-4167-8c59-62804d16d281
2026-02-25 20:37:25.497 10 INFO neutron.db.ovn_revision_numbers_db [None req-ab73888b-7802-4bfe-86d2-b5aa6a7361c3 e43f026a72b94a3988efeff3ca378f9c 07cb72bad893445693a1825c4d1d504f - - default default] Successfully bumped revision number for resource 7c0ed02c-c333-4167-8c59-62804d16d281 (type: networks) to 1
2026-02-25 20:37:25.682 10 WARNING neutron.scheduler.dhcp_agent_scheduler [None req-ab73888b-7802-4bfe-86d2-b5aa6a7361c3 e43f026a72b94a3988efeff3ca378f9c 07cb72bad893445693a1825c4d1d504f - - default default] No more DHCP agents
2026-02-25 20:37:25.688 10 WARNING neutron.api.rpc.agentnotifiers.dhcp_rpc_agent_api [None req-ab73888b-7802-4bfe-86d2-b5aa6a7361c3 e43f026a72b94a3988efeff3ca378f9c 07cb72bad893445693a1825c4d1d504f - - default default] Unable to schedule network 7c0ed02c-c333-4167-8c59-62804d16d281: no agents available; will retry on subsequent port and subnet creation events.
2026-02-25 20:37:25.740 10 INFO neutron.db.ovn_revision_numbers_db [None req-04dc0e5d-73d7-4b42-8f18-09f707316860 a7403bfa94a0415492633a7e484d2c3c 27c676a40c654053a504661d6302f55d - - default default] Successfully bumped revision number for resource a1c008c8-d465-429d-9194-90cfcb647bc4 (type: security_groups) to 1
2026-02-25 20:37:25.766 10 INFO neutron.db.ovn_revision_numbers_db [None req-04dc0e5d-73d7-4b42-8f18-09f707316860 a7403bfa94a0415492633a7e484d2c3c 27c676a40c654053a504661d6302f55d - - default default] Successfully bumped revision number for resource 6b334c42-9ad0-4332-9687-e95ccc1dac47 (type: security_group_rules) to 0
2026-02-25 20:37:25.782 10 INFO neutron.db.ovn_revision_numbers_db [None req-04dc0e5d-73d7-4b42-8f18-09f707316860 a7403bfa94a0415492633a7e484d2c3c 27c676a40c654053a504661d6302f55d - - default default] Successfully bumped revision number for resource 6e6b8d6e-d0ff-4e5a-844c-dd2c5e3bebc0 (type: security_group_rules) to 0
2026-02-25 20:37:25.788 10 INFO neutron.db.ovn_revision_numbers_db [None req-ab73888b-7802-4bfe-86d2-b5aa6a7361c3 e43f026a72b94a3988efeff3ca378f9c 07cb72bad893445693a1825c4d1d504f - - default default] Successfully bumped revision number for resource abcd402a-299b-4ccc-8af9-8cc05a04d635 (type: ports) to 1
2026-02-25 20:37:25.810 10 INFO neutron.wsgi [None req-ab73888b-7802-4bfe-86d2-b5aa6a7361c3 e43f026a72b94a3988efeff3ca378f9c 07cb72bad893445693a1825c4d1d504f - - default default] 10.0.0.239 "POST /v2.0/networks HTTP/1.1" status: 201 len: 830 time: 0.5704377
2026-02-25 20:37:25.820 10 WARNING neutron_lib.context [None req-eb587c29-a07f-4d32-9396-b10fa89c6b22 e43f026a72b94a3988efeff3ca378f9c 07cb72bad893445693a1825c4d1d504f - - default default] Method 'is_advsvc' is deprecated since 2023.2 release (neutron-lib 3.8.0) and will be removed once support for the old RBAC API policies will be removed from Neutron. Please use method 'is_service_role' instead.
2026-02-25 20:37:25.838 10 INFO neutron.db.ovn_revision_numbers_db [None req-04dc0e5d-73d7-4b42-8f18-09f707316860 a7403bfa94a0415492633a7e484d2c3c 27c676a40c654053a504661d6302f55d - - default default] Successfully bumped revision number for resource c2c323f1-4b9d-494f-bf6b-959ceb978f85 (type: security_group_rules) to 0
2026-02-25 20:37:25.870 10 INFO neutron.db.ovn_revision_numbers_db [None req-04dc0e5d-73d7-4b42-8f18-09f707316860 a7403bfa94a0415492633a7e484d2c3c 27c676a40c654053a504661d6302f55d - - default default] Successfully bumped revision number for resource eecc32d9-aab2-4268-9825-e45a5a249b8e (type: security_group_rules) to 0
2026-02-25 20:37:25.922 10 INFO neutron.wsgi [None req-04dc0e5d-73d7-4b42-8f18-09f707316860 a7403bfa94a0415492633a7e484d2c3c 27c676a40c654053a504661d6302f55d - - default default] 10.0.0.239 "GET /v2.0/security-groups?tenant_id=5d2d454a3ab84b5b8aec543868227658&name=default HTTP/1.1" status: 200 len: 2996 time: 0.5268686
2026-02-25 20:37:25.958 9 INFO neutron.wsgi [req-9d831c7e-9f61-484d-8a12-1f4b34c4a04e req-e82e89d5-adc0-455c-af1c-1a9940bf38eb ecdd4ffcc5b546f7a1b425ec8aa7a71c b1f9a96579ca4486a0fc15bfc6be85cc - - default default] 10.0.0.78 "GET /v2.0/networks?id=90489580-884c-4e4a-bd65-57c39167771e HTTP/1.1" status: 200 len: 872 time: 0.1088355
2026-02-25 20:37:25.989 9 INFO neutron.wsgi [req-9d831c7e-9f61-484d-8a12-1f4b34c4a04e req-64f59c15-3064-486d-b823-ab5f436d3fdc ecdd4ffcc5b546f7a1b425ec8aa7a71c b1f9a96579ca4486a0fc15bfc6be85cc - - default default] 10.0.0.78 "GET /v2.0/quotas/b1f9a96579ca4486a0fc15bfc6be85cc HTTP/1.1" status: 200 len: 386 time: 0.0230751
2026-02-25 20:37:26.101 10 WARNING neutron.scheduler.dhcp_agent_scheduler [None req-eb587c29-a07f-4d32-9396-b10fa89c6b22 e43f026a72b94a3988efeff3ca378f9c 07cb72bad893445693a1825c4d1d504f - - default default] No more DHCP agents
2026-02-25 20:37:26.103 10 WARNING neutron.api.rpc.agentnotifiers.dhcp_rpc_agent_api [None req-eb587c29-a07f-4d32-9396-b10fa89c6b22 e43f026a72b94a3988efeff3ca378f9c 07cb72bad893445693a1825c4d1d504f - - default default] Unable to schedule network 7c0ed02c-c333-4167-8c59-62804d16d281: no agents available; will retry on subsequent port and subnet creation events.
2026-02-25 20:37:26.121 9 INFO neutron.wsgi [req-9d831c7e-9f61-484d-8a12-1f4b34c4a04e req-04a7123f-bf53-4117-8e99-f94471fbde29 ecdd4ffcc5b546f7a1b425ec8aa7a71c b1f9a96579ca4486a0fc15bfc6be85cc - - default default] 10.0.0.78 "GET /v2.0/ports?tenant_id=b1f9a96579ca4486a0fc15bfc6be85cc&fields=id HTTP/1.1" status: 200 len: 302 time: 0.1194005
2026-02-25 20:37:26.186 9 INFO neutron.wsgi [req-9d831c7e-9f61-484d-8a12-1f4b34c4a04e req-6cce53ee-0a41-45c8-9257-ccda601bbd66 709c399d191e46e0816651119cfdb52f bb1f5842a8214640ad4f8c8595425864 - - 71f984fa33844ef493cc49ac6ef015f4 71f984fa33844ef493cc49ac6ef015f4] 10.0.0.78 "GET /v2.0/networks/90489580-884c-4e4a-bd65-57c39167771e?fields=segments HTTP/1.1" status: 200 len: 212 time: 0.0591686
2026-02-25 20:37:26.229 10 INFO neutron.wsgi [None req-d8d23d9d-8b2e-4544-98e0-624a3fdf9865 a7403bfa94a0415492633a7e484d2c3c 27c676a40c654053a504661d6302f55d - - default default] 10.0.0.239 "DELETE /v2.0/security-groups/a1c008c8-d465-429d-9194-90cfcb647bc4 HTTP/1.1" status: 204 len: 168 time: 0.3011465
2026-02-25 20:37:26.267 9 INFO neutron.wsgi [req-9d831c7e-9f61-484d-8a12-1f4b34c4a04e req-bbc9ddce-5369-4dd8-9d09-0d0569ac84cd 709c399d191e46e0816651119cfdb52f bb1f5842a8214640ad4f8c8595425864 - - 71f984fa33844ef493cc49ac6ef015f4 71f984fa33844ef493cc49ac6ef015f4] 10.0.0.78 "GET /v2.0/networks/90489580-884c-4e4a-bd65-57c39167771e?fields=provider%3Aphysical_network&fields=provider%3Anetwork_type HTTP/1.1" status: 200 len: 277 time: 0.0770245
2026-02-25 20:37:26.442 9 INFO neutron.wsgi [req-1fd63e4e-581c-4558-b9dc-386d5dc320f6 req-977b3471-e9af-4b52-a414-ccd3bdb6c376 ecdd4ffcc5b546f7a1b425ec8aa7a71c b1f9a96579ca4486a0fc15bfc6be85cc - - default default] 10.0.0.78 "GET /v2.0/ports?device_id=bec3d1d6-750b-47dc-9131-fb426f73dd69 HTTP/1.1" status: 200 len: 210 time: 0.0348527
2026-02-25 20:37:26.509 9 INFO neutron.db.ovn_revision_numbers_db [None req-171b35b7-c6bf-43ad-a923-b9ae7a0e14f1 a7403bfa94a0415492633a7e484d2c3c 27c676a40c654053a504661d6302f55d - - default default] Successfully bumped revision number for resource 26d3e119-f8cd-46c4-ab1b-126cf37b5c8c (type: security_groups) to 1
2026-02-25 20:37:26.530 9 INFO neutron.db.ovn_revision_numbers_db [None req-171b35b7-c6bf-43ad-a923-b9ae7a0e14f1 a7403bfa94a0415492633a7e484d2c3c 27c676a40c654053a504661d6302f55d - - default default] Successfully bumped revision number for resource 53c3e025-9309-454a-b604-9c9aadb06a9b (type: security_group_rules) to 0
2026-02-25 20:37:26.556 9 INFO neutron.db.ovn_revision_numbers_db [None req-171b35b7-c6bf-43ad-a923-b9ae7a0e14f1 a7403bfa94a0415492633a7e484d2c3c 27c676a40c654053a504661d6302f55d - - default default] Successfully bumped revision number for resource a06404b3-266f-4f9b-9c52-36d9d574c190 (type: security_group_rules) to 0
2026-02-25 20:37:26.571 10 INFO neutron.db.ovn_revision_numbers_db [None req-eb587c29-a07f-4d32-9396-b10fa89c6b22 e43f026a72b94a3988efeff3ca378f9c 07cb72bad893445693a1825c4d1d504f - - default default] Successfully bumped revision number for resource abcd402a-299b-4ccc-8af9-8cc05a04d635 (type: ports) to 2
2026-02-25 20:37:26.576 9 INFO neutron.db.ovn_revision_numbers_db [None req-171b35b7-c6bf-43ad-a923-b9ae7a0e14f1 a7403bfa94a0415492633a7e484d2c3c 27c676a40c654053a504661d6302f55d - - default default] Successfully bumped revision number for resource d2e8ce2e-b7e9-4a4f-896e-5887e77096c3 (type: security_group_rules) to 0
2026-02-25 20:37:26.605 10 INFO neutron.db.ovn_revision_numbers_db [None req-eb587c29-a07f-4d32-9396-b10fa89c6b22 e43f026a72b94a3988efeff3ca378f9c 07cb72bad893445693a1825c4d1d504f - - default default] Successfully bumped revision number for resource 4c089aa0-6e83-4292-b491-9e59b8290239 (type: subnets) to 0
2026-02-25 20:37:26.605 9 INFO neutron.db.ovn_revision_numbers_db [None req-171b35b7-c6bf-43ad-a923-b9ae7a0e14f1 a7403bfa94a0415492633a7e484d2c3c 27c676a40c654053a504661d6302f55d - - default default] Successfully bumped revision number for resource de141e30-52fe-4023-9780-e99e93e648c2 (type: security_group_rules) to 0
2026-02-25 20:37:26.612 9 INFO neutron.db.ovn_revision_numbers_db [None req-ed35bba1-a187-49ed-a210-f3402ab5e6ff a7403bfa94a0415492633a7e484d2c3c 27c676a40c654053a504661d6302f55d - - default default] Successfully bumped revision number for resource 10100007-09b1-4550-8267-c7457f73d055 (type: security_groups) to 1
2026-02-25 20:37:26.621 10 INFO neutron.wsgi [None req-eb587c29-a07f-4d32-9396-b10fa89c6b22 e43f026a72b94a3988efeff3ca378f9c 07cb72bad893445693a1825c4d1d504f - - default default] 10.0.0.239 "POST /v2.0/subnets HTTP/1.1" status: 201 len: 801 time: 0.8057640
2026-02-25 20:37:26.631 10 WARNING neutron_lib.context [None req-5b54e091-6a65-4972-9b88-abc14d70e645 e43f026a72b94a3988efeff3ca378f9c 07cb72bad893445693a1825c4d1d504f - - default default] Method 'is_advsvc' is deprecated since 2023.2 release (neutron-lib 3.8.0) and will be removed once support for the old RBAC API policies will be removed from Neutron. Please use method 'is_service_role' instead.
2026-02-25 20:37:26.640 9 INFO neutron.wsgi [None req-171b35b7-c6bf-43ad-a923-b9ae7a0e14f1 a7403bfa94a0415492633a7e484d2c3c 27c676a40c654053a504661d6302f55d - - default default] 10.0.0.239 "GET /v2.0/security-groups?tenant_id=4106cf11f8df4f8eaba85bb46f79541e&name=default HTTP/1.1" status: 200 len: 2996 time: 0.2891686
2026-02-25 20:37:26.647 9 INFO neutron.db.ovn_revision_numbers_db [None req-ed35bba1-a187-49ed-a210-f3402ab5e6ff a7403bfa94a0415492633a7e484d2c3c 27c676a40c654053a504661d6302f55d - - default default] Successfully bumped revision number for resource 0bcd5479-889d-4412-acd1-fe9f5ceecbb1 (type: security_group_rules) to 0
2026-02-25 20:37:26.659 9 INFO neutron.db.ovn_revision_numbers_db [None req-ed35bba1-a187-49ed-a210-f3402ab5e6ff a7403bfa94a0415492633a7e484d2c3c 27c676a40c654053a504661d6302f55d - - default default] Successfully bumped revision number for resource 1abfbd84-bbcc-4425-a7e0-32bf54b82db8 (type: security_group_rules) to 0
2026-02-25 20:37:26.668 9 INFO neutron.db.ovn_revision_numbers_db [None req-ed35bba1-a187-49ed-a210-f3402ab5e6ff a7403bfa94a0415492633a7e484d2c3c 27c676a40c654053a504661d6302f55d - - default default] Successfully bumped revision number for resource 6334a2e0-68cc-405d-9bde-f3a806c74777 (type: security_group_rules) to 0
2026-02-25 20:37:26.680 9 INFO neutron.db.ovn_revision_numbers_db [None req-ed35bba1-a187-49ed-a210-f3402ab5e6ff a7403bfa94a0415492633a7e484d2c3c 27c676a40c654053a504661d6302f55d - - default default] Successfully bumped revision number for resource bb518968-1c54-4181-9bd8-7ffb68c2d3a8 (type: security_group_rules) to 0
2026-02-25 20:37:26.698 9 INFO neutron.wsgi [None req-ed35bba1-a187-49ed-a210-f3402ab5e6ff a7403bfa94a0415492633a7e484d2c3c 27c676a40c654053a504661d6302f55d - - default default] 10.0.0.239 "GET /v2.0/security-groups?tenant_id=e41143b4ac7f40ea999f05cb25475177&name=default HTTP/1.1" status: 200 len: 2996 time: 0.4003379
2026-02-25 20:37:26.888 10 INFO neutron.wsgi [None req-ea748751-8e6b-48e9-b841-d6a1adb570e1 a7403bfa94a0415492633a7e484d2c3c 27c676a40c654053a504661d6302f55d - - default default] 10.0.0.239 "DELETE /v2.0/security-groups/26d3e119-f8cd-46c4-ab1b-126cf37b5c8c HTTP/1.1" status: 204 len: 168 time: 0.2435939
2026-02-25 20:37:26.896 9 INFO neutron.wsgi [None req-4b534a23-4e68-4af6-bcab-a48975960217 a7403bfa94a0415492633a7e484d2c3c 27c676a40c654053a504661d6302f55d - - default default] 10.0.0.239 "DELETE /v2.0/security-groups/10100007-09b1-4550-8267-c7457f73d055 HTTP/1.1" status: 204 len: 168 time: 0.1903358
2026-02-25 20:37:26.938 10 WARNING neutron.scheduler.dhcp_agent_scheduler [None req-5b54e091-6a65-4972-9b88-abc14d70e645 e43f026a72b94a3988efeff3ca378f9c 07cb72bad893445693a1825c4d1d504f - - default default] No more DHCP agents
2026-02-25 20:37:26.941 10 WARNING neutron.api.rpc.agentnotifiers.dhcp_rpc_agent_api [None req-5b54e091-6a65-4972-9b88-abc14d70e645 e43f026a72b94a3988efeff3ca378f9c 07cb72bad893445693a1825c4d1d504f - - default default] Unable to schedule network 7c0ed02c-c333-4167-8c59-62804d16d281: no agents available; will retry on subsequent port and subnet creation events.
2026-02-25 20:37:27.096 10 INFO neutron.db.ovn_revision_numbers_db [None req-5b54e091-6a65-4972-9b88-abc14d70e645 e43f026a72b94a3988efeff3ca378f9c 07cb72bad893445693a1825c4d1d504f - - default default] Successfully bumped revision number for resource 67bf72fb-2609-4abf-b052-ed7be2dbb509 (type: ports) to 1
2026-02-25 20:37:27.111 9 INFO neutron.wsgi [req-9d831c7e-9f61-484d-8a12-1f4b34c4a04e req-41c64a12-1dae-4043-af81-6e4c3c5932fa ecdd4ffcc5b546f7a1b425ec8aa7a71c b1f9a96579ca4486a0fc15bfc6be85cc - - default default] 199.19.213.169 "GET /v2.0/networks?id=90489580-884c-4e4a-bd65-57c39167771e HTTP/1.1" status: 200 len: 872 time: 0.0769889
2026-02-25 20:37:27.122 9 WARNING neutron_lib.context [req-9d831c7e-9f61-484d-8a12-1f4b34c4a04e req-52bf544c-5300-4222-b3bb-0750a2481ec6 ecdd4ffcc5b546f7a1b425ec8aa7a71c b1f9a96579ca4486a0fc15bfc6be85cc - - default default] Method 'is_advsvc' is deprecated since 2023.2 release (neutron-lib 3.8.0) and will be removed once support for the old RBAC API policies will be removed from Neutron. Please use method 'is_service_role' instead.
2026-02-25 20:37:27.122 10 INFO neutron.wsgi [None req-5b54e091-6a65-4972-9b88-abc14d70e645 e43f026a72b94a3988efeff3ca378f9c 07cb72bad893445693a1825c4d1d504f - - default default] 10.0.0.239 "POST /v2.0/ports HTTP/1.1" status: 201 len: 1153 time: 0.4957759
2026-02-25 20:37:27.724 9 INFO neutron.wsgi [req-f4d86312-da9b-4253-8e23-0d1533d48697 req-3e5a2a7a-f58f-467c-af4b-cf9ff3cf0bb7 ecdd4ffcc5b546f7a1b425ec8aa7a71c b1f9a96579ca4486a0fc15bfc6be85cc - - default default] 10.0.0.78 "GET /v2.0/ports?device_id=bec3d1d6-750b-47dc-9131-fb426f73dd69 HTTP/1.1" status: 200 len: 210 time: 0.0400751
2026-02-25 20:37:27.890 9 INFO neutron.wsgi [-] 10.0.0.166 "GET / HTTP/1.1" status: 200 len: 246 time: 0.0015967
2026-02-25 20:37:27.892 9 INFO neutron.wsgi [-] 10.0.0.166 "GET / HTTP/1.1" status: 200 len: 246 time: 0.0009041
2026-02-25 20:37:28.007 9 WARNING neutron.scheduler.dhcp_agent_scheduler [req-9d831c7e-9f61-484d-8a12-1f4b34c4a04e req-52bf544c-5300-4222-b3bb-0750a2481ec6 ecdd4ffcc5b546f7a1b425ec8aa7a71c b1f9a96579ca4486a0fc15bfc6be85cc - - default default] No more DHCP agents
2026-02-25 20:37:28.011 9 WARNING neutron.api.rpc.agentnotifiers.dhcp_rpc_agent_api [req-9d831c7e-9f61-484d-8a12-1f4b34c4a04e req-52bf544c-5300-4222-b3bb-0750a2481ec6 ecdd4ffcc5b546f7a1b425ec8aa7a71c b1f9a96579ca4486a0fc15bfc6be85cc - - default default] Unable to schedule network 90489580-884c-4e4a-bd65-57c39167771e: no agents available; will retry on subsequent port and subnet creation events.
2026-02-25 20:37:28.025 9 INFO neutron.wsgi [None req-387fbaba-9d5a-4b9e-9d60-d37c9567cf06 e43f026a72b94a3988efeff3ca378f9c 07cb72bad893445693a1825c4d1d504f - - default default] 10.0.0.239 "DELETE /v2.0/ports/67bf72fb-2609-4abf-b052-ed7be2dbb509 HTTP/1.1" status: 204 len: 168 time: 0.8988531 /var/lib/openstack/lib/python3.10/site-packages/pycadf/identifier.py:71: UserWarning: Invalid uuid: neutron. To ensure interoperability, identifiers should be a valid uuid. warnings.warn(('Invalid uuid: %s. To ensure interoperability, '
2026-02-25 20:37:28.044 10 INFO neutron.pecan_wsgi.hooks.translation [None req-76e33581-89df-4294-a469-ce8b6fc2a6b1 e43f026a72b94a3988efeff3ca378f9c 07cb72bad893445693a1825c4d1d504f - - default default] DELETE failed (client error): The resource could not be found.
2026-02-25 20:37:28.046 10 INFO neutron.wsgi [None req-76e33581-89df-4294-a469-ce8b6fc2a6b1 e43f026a72b94a3988efeff3ca378f9c 07cb72bad893445693a1825c4d1d504f - - default default] 10.0.0.239 "DELETE /v2.0/ports/67bf72fb-2609-4abf-b052-ed7be2dbb509 HTTP/1.1" status: 404 len: 333 time: 0.0152912
2026-02-25 20:37:28.063 10 INFO neutron.pecan_wsgi.hooks.translation [None req-082338c0-03cb-4446-a49c-efd4108ab4bd e43f026a72b94a3988efeff3ca378f9c 07cb72bad893445693a1825c4d1d504f - - default default] GET failed (client error): The resource could not be found.
2026-02-25 20:37:28.065 10 INFO neutron.wsgi [None req-082338c0-03cb-4446-a49c-efd4108ab4bd e43f026a72b94a3988efeff3ca378f9c 07cb72bad893445693a1825c4d1d504f - - default default] 10.0.0.239 "GET /v2.0/ports/67bf72fb-2609-4abf-b052-ed7be2dbb509 HTTP/1.1" status: 404 len: 333 time: 0.0143542
2026-02-25 20:37:28.180 9 INFO neutron.db.ovn_revision_numbers_db [req-9d831c7e-9f61-484d-8a12-1f4b34c4a04e req-52bf544c-5300-4222-b3bb-0750a2481ec6 ecdd4ffcc5b546f7a1b425ec8aa7a71c b1f9a96579ca4486a0fc15bfc6be85cc - - default default] Successfully bumped revision number for resource f17599e8-f0ee-4c6c-9bd9-93e237208051 (type: ports) to 1
2026-02-25 20:37:28.203 9 INFO neutron.wsgi [req-9d831c7e-9f61-484d-8a12-1f4b34c4a04e req-52bf544c-5300-4222-b3bb-0750a2481ec6 ecdd4ffcc5b546f7a1b425ec8aa7a71c b1f9a96579ca4486a0fc15bfc6be85cc - - default default] 199.19.213.169 "POST /v2.0/ports HTTP/1.1" status: 201 len: 1162 time: 1.0858827 /var/lib/openstack/lib/python3.10/site-packages/pycadf/identifier.py:71: UserWarning: Invalid uuid: neutron. To ensure interoperability, identifiers should be a valid uuid. warnings.warn(('Invalid uuid: %s. To ensure interoperability, '
2026-02-25 20:37:28.268 10 INFO neutron.wsgi [None req-c77f7d8a-832e-4d41-bcfd-b92d4eba51fc e43f026a72b94a3988efeff3ca378f9c 07cb72bad893445693a1825c4d1d504f - - default default] 10.0.0.239 "DELETE /v2.0/subnets/4c089aa0-6e83-4292-b491-9e59b8290239 HTTP/1.1" status: 204 len: 168 time: 0.1982605
2026-02-25 20:37:28.620 9 WARNING neutron.plugins.ml2.drivers.ovn.mech_driver.ovsdb.ovn_client [None req-67b502a8-91c0-4df6-ad81-11dbcd0b1268 - - - - - -] No hosting information found for port 87664b7b-6765-4949-b17f-0dde36ca0738: RuntimeError: No hosting information found for port 87664b7b-6765-4949-b17f-0dde36ca0738
2026-02-25 20:37:28.635 9 INFO neutron.db.ovn_revision_numbers_db [req-9d831c7e-9f61-484d-8a12-1f4b34c4a04e req-7c60ff64-4e43-4410-9b22-44fe9898f19e 709c399d191e46e0816651119cfdb52f bb1f5842a8214640ad4f8c8595425864 - - 71f984fa33844ef493cc49ac6ef015f4 71f984fa33844ef493cc49ac6ef015f4] Successfully bumped revision number for resource f17599e8-f0ee-4c6c-9bd9-93e237208051 (type: ports) to 2 /var/lib/openstack/lib/python3.10/site-packages/pycadf/identifier.py:71: UserWarning: Invalid uuid: neutron. To ensure interoperability, identifiers should be a valid uuid. warnings.warn(('Invalid uuid: %s. To ensure interoperability, '
2026-02-25 20:37:28.831 9 INFO neutron.wsgi [req-b9ec8d60-85c3-4bbe-b48e-7eb7600f6b2a req-34ab7c21-aca9-4289-b274-e5b65ef9fe47 ecdd4ffcc5b546f7a1b425ec8aa7a71c b1f9a96579ca4486a0fc15bfc6be85cc - - default default] 10.0.0.78 "GET /v2.0/ports?device_id=bec3d1d6-750b-47dc-9131-fb426f73dd69 HTTP/1.1" status: 200 len: 1172 time: 0.0428591
2026-02-25 20:37:28.847 9 INFO neutron.db.ovn_revision_numbers_db [req-9d831c7e-9f61-484d-8a12-1f4b34c4a04e req-7c60ff64-4e43-4410-9b22-44fe9898f19e 709c399d191e46e0816651119cfdb52f bb1f5842a8214640ad4f8c8595425864 - - 71f984fa33844ef493cc49ac6ef015f4 71f984fa33844ef493cc49ac6ef015f4] Successfully bumped revision number for resource f17599e8-f0ee-4c6c-9bd9-93e237208051 (type: ports) to 2
2026-02-25 20:37:28.869 9 INFO neutron.wsgi [req-9d831c7e-9f61-484d-8a12-1f4b34c4a04e req-7c60ff64-4e43-4410-9b22-44fe9898f19e 709c399d191e46e0816651119cfdb52f bb1f5842a8214640ad4f8c8595425864 - - 71f984fa33844ef493cc49ac6ef015f4 71f984fa33844ef493cc49ac6ef015f4] 199.19.213.169 "PUT /v2.0/ports/f17599e8-f0ee-4c6c-9bd9-93e237208051 HTTP/1.1" status: 200 len: 1380 time: 0.6594429
2026-02-25 20:37:28.887 9 INFO neutron.wsgi [req-b9ec8d60-85c3-4bbe-b48e-7eb7600f6b2a req-15ef8b74-420f-4a49-911a-532bead3ff63 ecdd4ffcc5b546f7a1b425ec8aa7a71c b1f9a96579ca4486a0fc15bfc6be85cc - - default default] 10.0.0.78 "GET /v2.0/security-groups?id=54d4f936-af44-47fd-8799-f1d7e200e60e&fields=id&fields=name HTTP/1.1" status: 200 len: 286 time: 0.0497527
2026-02-25 20:37:28.902 10 INFO neutron.services.segments.plugin [-] Segment c4d785ea-4e4c-4361-a115-3187982a7449 resource provider aggregate not found
2026-02-25 20:37:28.903 9 INFO neutron.notifiers.nova [-] Nova event matching ['req-0bf83a37-c02d-4e5e-97e2-b6ffddc6dfef'] response: {'name': 'network-changed', 'server_uuid': 'bec3d1d6-750b-47dc-9131-fb426f73dd69', 'tag': 'f17599e8-f0ee-4c6c-9bd9-93e237208051', 'status': 'completed', 'code': 200}
2026-02-25 20:37:28.907 10 INFO neutron.services.segments.plugin [-] Segment c4d785ea-4e4c-4361-a115-3187982a7449 resource provider aggregate not found
2026-02-25 20:37:28.924 10 INFO neutron.services.segments.plugin [-] Segment c4d785ea-4e4c-4361-a115-3187982a7449 resource provider not found; error: Placement Client Error (4xx): {"errors": [{"status": 404, "title": "Not Found", "detail": "The resource could not be found.\n\n No resource provider with uuid c4d785ea-4e4c-4361-a115-3187982a7449 found for delete ", "request_id": "req-c3a5feb5-f7cc-4b2e-bd99-ad456eb499b5"}]}
2026-02-25 20:37:28.925 10 INFO neutron.services.segments.plugin [-] Segment c4d785ea-4e4c-4361-a115-3187982a7449 resource provider not found; error: Placement Client Error (4xx): {"errors": [{"status": 404, "title": "Not Found", "detail": "The resource could not be found.\n\n No resource provider with uuid c4d785ea-4e4c-4361-a115-3187982a7449 found for delete ", "request_id": "req-c3ba9275-9d9d-40fc-8690-090857ce14b5"}]}
2026-02-25 20:37:28.944 9 INFO neutron.wsgi [req-9d831c7e-9f61-484d-8a12-1f4b34c4a04e req-ab51145c-a929-4d7c-9b57-00c28dc5509e 709c399d191e46e0816651119cfdb52f bb1f5842a8214640ad4f8c8595425864 - - 71f984fa33844ef493cc49ac6ef015f4 71f984fa33844ef493cc49ac6ef015f4] 199.19.213.169 "GET /v2.0/ports?tenant_id=b1f9a96579ca4486a0fc15bfc6be85cc&device_id=bec3d1d6-750b-47dc-9131-fb426f73dd69 HTTP/1.1" status: 200 len: 1411 time: 0.0377200
2026-02-25 20:37:28.947 10 INFO neutron.wsgi [None req-a9e504d9-7eeb-4306-b02c-fdd9abdbafd0 e43f026a72b94a3988efeff3ca378f9c 07cb72bad893445693a1825c4d1d504f - - default default] 10.0.0.239 "DELETE /v2.0/networks/7c0ed02c-c333-4167-8c59-62804d16d281 HTTP/1.1" status: 204 len: 168 time: 0.6741493
2026-02-25 20:37:28.960 9 WARNING neutron_lib.context [None req-7ec1de1d-95da-40b1-9dcd-8db574311566 e43f026a72b94a3988efeff3ca378f9c 07cb72bad893445693a1825c4d1d504f - - default default] Method 'is_advsvc' is deprecated since 2023.2 release (neutron-lib 3.8.0) and will be removed once support for the old RBAC API policies will be removed from Neutron. Please use method 'is_service_role' instead.
2026-02-25 20:37:28.975 9 INFO neutron.wsgi [req-9d831c7e-9f61-484d-8a12-1f4b34c4a04e req-fd1762ae-ddcf-426f-848c-1be79a283fbb 709c399d191e46e0816651119cfdb52f bb1f5842a8214640ad4f8c8595425864 - - 71f984fa33844ef493cc49ac6ef015f4 71f984fa33844ef493cc49ac6ef015f4] 199.19.213.169 "GET /v2.0/floatingips?fixed_ip_address=10.100.0.14&port_id=f17599e8-f0ee-4c6c-9bd9-93e237208051 HTTP/1.1" status: 200 len: 217 time: 0.0264869
2026-02-25 20:37:29.037 9 INFO neutron.wsgi [req-9d831c7e-9f61-484d-8a12-1f4b34c4a04e req-63720220-f7ce-4802-b7f2-59d4721884f1 709c399d191e46e0816651119cfdb52f bb1f5842a8214640ad4f8c8595425864 - - 71f984fa33844ef493cc49ac6ef015f4 71f984fa33844ef493cc49ac6ef015f4] 199.19.213.169 "GET /v2.0/subnets?id=c885168c-5efa-43d5-a739-da75c40321f9 HTTP/1.1" status: 200 len: 866 time: 0.0558920
2026-02-25 20:37:29.072 9 INFO neutron.wsgi [req-9d831c7e-9f61-484d-8a12-1f4b34c4a04e req-969b880f-297c-4e52-b378-bee7ccd4a79a 709c399d191e46e0816651119cfdb52f bb1f5842a8214640ad4f8c8595425864 - - 71f984fa33844ef493cc49ac6ef015f4 71f984fa33844ef493cc49ac6ef015f4] 199.19.213.169 "GET /v2.0/ports?network_id=90489580-884c-4e4a-bd65-57c39167771e&device_owner=network%3Adhcp HTTP/1.1" status: 200 len: 210 time: 0.0219209
2026-02-25 20:37:29.075 9 INFO neutron.db.segments_db [None req-7ec1de1d-95da-40b1-9dcd-8db574311566 e43f026a72b94a3988efeff3ca378f9c 07cb72bad893445693a1825c4d1d504f - - default default] Added segment 4dbac221-ab6c-4c78-9a04-e29a0e250cb5 of type geneve for network 361a5ddf-aef4-4b89-8421-cc006ef364c1
2026-02-25 20:37:29.166 9 INFO neutron.wsgi [req-9d831c7e-9f61-484d-8a12-1f4b34c4a04e req-25ede9a4-e95c-4403-ae2a-297bb49117d1 709c399d191e46e0816651119cfdb52f bb1f5842a8214640ad4f8c8595425864 - - 71f984fa33844ef493cc49ac6ef015f4 71f984fa33844ef493cc49ac6ef015f4] 199.19.213.169 "GET /v2.0/networks/90489580-884c-4e4a-bd65-57c39167771e?fields=segments HTTP/1.1" status: 200 len: 212 time: 0.0871027
2026-02-25 20:37:29.275 9 INFO neutron.wsgi [req-9d831c7e-9f61-484d-8a12-1f4b34c4a04e req-9448c48f-2918-4512-ae11-0ab6e81fe8bb 709c399d191e46e0816651119cfdb52f bb1f5842a8214640ad4f8c8595425864 - - 71f984fa33844ef493cc49ac6ef015f4 71f984fa33844ef493cc49ac6ef015f4] 199.19.213.169 "GET /v2.0/networks/90489580-884c-4e4a-bd65-57c39167771e?fields=provider%3Aphysical_network&fields=provider%3Anetwork_type HTTP/1.1" status: 200 len: 277 time: 0.1019826
2026-02-25 20:37:29.277 9 INFO neutron.db.ovn_revision_numbers_db [None req-7ec1de1d-95da-40b1-9dcd-8db574311566 e43f026a72b94a3988efeff3ca378f9c 07cb72bad893445693a1825c4d1d504f - - default default] Successfully bumped revision number for resource 361a5ddf-aef4-4b89-8421-cc006ef364c1 (type: networks) to 1
2026-02-25 20:37:29.387 9 INFO neutron.wsgi [req-bf7a351a-48ad-4b34-a9f1-3f9339bc5c45 req-5775aa20-6c23-4c4d-976e-f7d429bfee68 709c399d191e46e0816651119cfdb52f bb1f5842a8214640ad4f8c8595425864 - - 71f984fa33844ef493cc49ac6ef015f4 71f984fa33844ef493cc49ac6ef015f4] 199.19.213.169 "GET /v2.0/ports?tenant_id=b1f9a96579ca4486a0fc15bfc6be85cc&device_id=bec3d1d6-750b-47dc-9131-fb426f73dd69 HTTP/1.1" status: 200 len: 1411 time: 0.0609708
2026-02-25 20:37:29.486 9 INFO neutron.plugins.ml2.drivers.ovn.mech_driver.mech_driver [None req-67b502a8-91c0-4df6-ad81-11dbcd0b1268 - - - - - -] OVN reports status up for port: f17599e8-f0ee-4c6c-9bd9-93e237208051
2026-02-25 20:37:29.506 9 INFO neutron.wsgi [req-bf7a351a-48ad-4b34-a9f1-3f9339bc5c45 req-9592ffcc-5e30-44be-80fa-6489915e413a 709c399d191e46e0816651119cfdb52f bb1f5842a8214640ad4f8c8595425864 - - 71f984fa33844ef493cc49ac6ef015f4 71f984fa33844ef493cc49ac6ef015f4] 199.19.213.169 "GET /v2.0/networks?id=90489580-884c-4e4a-bd65-57c39167771e HTTP/1.1" status: 200 len: 971 time: 0.1115205
2026-02-25 20:37:29.520 9 INFO neutron.plugins.ml2.plugin [None req-67b502a8-91c0-4df6-ad81-11dbcd0b1268 - - - - - -] Attempt 1 to provision port f17599e8-f0ee-4c6c-9bd9-93e237208051
2026-02-25 20:37:29.551 9 INFO neutron.wsgi [req-bf7a351a-48ad-4b34-a9f1-3f9339bc5c45 req-d4b26b08-fabc-4e03-a24c-9ffb6e97a697 709c399d191e46e0816651119cfdb52f bb1f5842a8214640ad4f8c8595425864 - - 71f984fa33844ef493cc49ac6ef015f4 71f984fa33844ef493cc49ac6ef015f4] 199.19.213.169 "GET /v2.0/floatingips?fixed_ip_address=10.100.0.14&port_id=f17599e8-f0ee-4c6c-9bd9-93e237208051 HTTP/1.1" status: 200 len: 217 time: 0.0389290
2026-02-25 20:37:29.594 9 WARNING neutron.scheduler.dhcp_agent_scheduler [None req-7ec1de1d-95da-40b1-9dcd-8db574311566 e43f026a72b94a3988efeff3ca378f9c 07cb72bad893445693a1825c4d1d504f - - default default] No more DHCP agents
2026-02-25 20:37:29.601 9 WARNING neutron.api.rpc.agentnotifiers.dhcp_rpc_agent_api [None req-7ec1de1d-95da-40b1-9dcd-8db574311566 e43f026a72b94a3988efeff3ca378f9c 07cb72bad893445693a1825c4d1d504f - - default default] Unable to schedule network 361a5ddf-aef4-4b89-8421-cc006ef364c1: no agents available; will retry on subsequent port and subnet creation events.
2026-02-25 20:37:29.613 9 INFO neutron.wsgi [req-bf7a351a-48ad-4b34-a9f1-3f9339bc5c45 req-c2830701-7f25-4fb6-8030-c0fa793211dd 709c399d191e46e0816651119cfdb52f bb1f5842a8214640ad4f8c8595425864 - - 71f984fa33844ef493cc49ac6ef015f4 71f984fa33844ef493cc49ac6ef015f4] 199.19.213.169 "GET /v2.0/subnets?id=c885168c-5efa-43d5-a739-da75c40321f9 HTTP/1.1" status: 200 len: 866 time: 0.0583513
2026-02-25 20:37:29.654 9 INFO neutron.wsgi [req-bf7a351a-48ad-4b34-a9f1-3f9339bc5c45 req-a8fc1375-e094-41a0-9ef2-381fe01fd5f0 709c399d191e46e0816651119cfdb52f bb1f5842a8214640ad4f8c8595425864 - - 71f984fa33844ef493cc49ac6ef015f4 71f984fa33844ef493cc49ac6ef015f4] 199.19.213.169 "GET /v2.0/ports?network_id=90489580-884c-4e4a-bd65-57c39167771e&device_owner=network%3Adhcp HTTP/1.1" status: 200 len: 210 time: 0.0324030
2026-02-25 20:37:29.742 9 INFO neutron.wsgi [req-bf7a351a-48ad-4b34-a9f1-3f9339bc5c45 req-d9613e85-f875-4bc5-9042-cd811725a635 709c399d191e46e0816651119cfdb52f bb1f5842a8214640ad4f8c8595425864 - - 71f984fa33844ef493cc49ac6ef015f4 71f984fa33844ef493cc49ac6ef015f4] 199.19.213.169 "GET /v2.0/networks/90489580-884c-4e4a-bd65-57c39167771e?fields=segments HTTP/1.1" status: 200 len: 212 time: 0.0809822
2026-02-25 20:37:29.747 9 INFO neutron.db.ovn_revision_numbers_db [None req-7ec1de1d-95da-40b1-9dcd-8db574311566 e43f026a72b94a3988efeff3ca378f9c 07cb72bad893445693a1825c4d1d504f - - default default] Successfully bumped revision number for resource 56857476-68e3-4d22-903e-7f127c05b48a (type: ports) to 1
2026-02-25 20:37:29.791 9 INFO neutron.wsgi [None req-7ec1de1d-95da-40b1-9dcd-8db574311566 e43f026a72b94a3988efeff3ca378f9c 07cb72bad893445693a1825c4d1d504f - - default default] 10.0.0.239 "POST /v2.0/networks HTTP/1.1" status: 201 len: 830 time: 0.8364582
2026-02-25 20:37:29.804 10 WARNING neutron_lib.context [None req-0954d90f-0502-432a-add7-60094b53d74d e43f026a72b94a3988efeff3ca378f9c 07cb72bad893445693a1825c4d1d504f - - default default] Method 'is_advsvc' is deprecated since 2023.2 release (neutron-lib 3.8.0) and will be removed once support for the old RBAC API policies will be removed from Neutron. Please use method 'is_service_role' instead.
2026-02-25 20:37:29.833 9 INFO neutron.wsgi [req-bf7a351a-48ad-4b34-a9f1-3f9339bc5c45 req-f4133453-819a-41b0-a611-2123b370851b 709c399d191e46e0816651119cfdb52f bb1f5842a8214640ad4f8c8595425864 - - 71f984fa33844ef493cc49ac6ef015f4 71f984fa33844ef493cc49ac6ef015f4] 199.19.213.169 "GET /v2.0/networks/90489580-884c-4e4a-bd65-57c39167771e?fields=provider%3Aphysical_network&fields=provider%3Anetwork_type HTTP/1.1" status: 200 len: 277 time: 0.0775502
2026-02-25 20:37:29.925 9 INFO neutron.db.ovn_revision_numbers_db [None req-67b502a8-91c0-4df6-ad81-11dbcd0b1268 - - - - - -] Successfully bumped revision number for resource f17599e8-f0ee-4c6c-9bd9-93e237208051 (type: ports) to 4
2026-02-25 20:37:30.003 9 INFO neutron.wsgi [req-e040ddd5-6a9c-4bd1-a23c-6c16795ac9aa req-7f4d0c3c-4e3d-48f4-aaa5-a2d372a52b6b ecdd4ffcc5b546f7a1b425ec8aa7a71c b1f9a96579ca4486a0fc15bfc6be85cc - - default default] 10.0.0.78 "GET /v2.0/ports?device_id=bec3d1d6-750b-47dc-9131-fb426f73dd69 HTTP/1.1" status: 200 len: 1174 time: 0.0450039 /var/lib/openstack/lib/python3.10/site-packages/pycadf/identifier.py:71: UserWarning: Invalid uuid: neutron. To ensure interoperability, identifiers should be a valid uuid. warnings.warn(('Invalid uuid: %s. To ensure interoperability, '
2026-02-25 20:37:30.044 9 INFO neutron.wsgi [req-e040ddd5-6a9c-4bd1-a23c-6c16795ac9aa req-730b3984-80ea-4707-bee7-2f6acac397bb ecdd4ffcc5b546f7a1b425ec8aa7a71c b1f9a96579ca4486a0fc15bfc6be85cc - - default default] 10.0.0.78 "GET /v2.0/security-groups?id=54d4f936-af44-47fd-8799-f1d7e200e60e&fields=id&fields=name HTTP/1.1" status: 200 len: 286 time: 0.0352321
2026-02-25 20:37:30.082 10 WARNING neutron.scheduler.dhcp_agent_scheduler [None req-0954d90f-0502-432a-add7-60094b53d74d e43f026a72b94a3988efeff3ca378f9c 07cb72bad893445693a1825c4d1d504f - - default default] No more DHCP agents
2026-02-25 20:37:30.083 10 WARNING neutron.api.rpc.agentnotifiers.dhcp_rpc_agent_api [None req-0954d90f-0502-432a-add7-60094b53d74d e43f026a72b94a3988efeff3ca378f9c 07cb72bad893445693a1825c4d1d504f - - default default] Unable to schedule network 361a5ddf-aef4-4b89-8421-cc006ef364c1: no agents available; will retry on subsequent port and subnet creation events.
2026-02-25 20:37:30.526 10 INFO neutron.db.ovn_revision_numbers_db [None req-0954d90f-0502-432a-add7-60094b53d74d e43f026a72b94a3988efeff3ca378f9c 07cb72bad893445693a1825c4d1d504f - - default default] Successfully bumped revision number for resource 56857476-68e3-4d22-903e-7f127c05b48a (type: ports) to 2
2026-02-25 20:37:30.559 10 INFO neutron.db.ovn_revision_numbers_db [None req-0954d90f-0502-432a-add7-60094b53d74d e43f026a72b94a3988efeff3ca378f9c 07cb72bad893445693a1825c4d1d504f - - default default] Successfully bumped revision number for resource 29117e7b-c43c-4e8d-a40d-4f834cb9a3a3 (type: subnets) to 0
2026-02-25 20:37:30.578 10 INFO neutron.wsgi [None req-0954d90f-0502-432a-add7-60094b53d74d e43f026a72b94a3988efeff3ca378f9c 07cb72bad893445693a1825c4d1d504f - - default default] 10.0.0.239 "POST /v2.0/subnets HTTP/1.1" status: 201 len: 801 time: 0.7809775
2026-02-25 20:37:30.592 10 WARNING neutron_lib.context [None req-3a213c20-5fb6-4cfe-a1b5-5ff36baf98fb e43f026a72b94a3988efeff3ca378f9c 07cb72bad893445693a1825c4d1d504f - - default default] Method 'is_advsvc' is deprecated since 2023.2 release (neutron-lib 3.8.0) and will be removed once support for the old RBAC API policies will be removed from Neutron. Please use method 'is_service_role' instead.
2026-02-25 20:37:30.892 10 WARNING neutron.scheduler.dhcp_agent_scheduler [None req-3a213c20-5fb6-4cfe-a1b5-5ff36baf98fb e43f026a72b94a3988efeff3ca378f9c 07cb72bad893445693a1825c4d1d504f - - default default] No more DHCP agents
2026-02-25 20:37:30.895 10 WARNING neutron.api.rpc.agentnotifiers.dhcp_rpc_agent_api [None req-3a213c20-5fb6-4cfe-a1b5-5ff36baf98fb e43f026a72b94a3988efeff3ca378f9c 07cb72bad893445693a1825c4d1d504f - - default default] Unable to schedule network 361a5ddf-aef4-4b89-8421-cc006ef364c1: no agents available; will retry on subsequent port and subnet creation events.
2026-02-25 20:37:30.943 9 INFO neutron.notifiers.nova [-] Nova event matching ['req-71b2b8ee-e731-4cd5-9501-193468aa18d3'] response: {'server_uuid': 'bec3d1d6-750b-47dc-9131-fb426f73dd69', 'name': 'network-vif-plugged', 'status': 'completed', 'tag': 'f17599e8-f0ee-4c6c-9bd9-93e237208051', 'code': 200}
2026-02-25 20:37:30.943 9 INFO neutron.notifiers.nova [-] Nova event matching ['req-71b2b8ee-e731-4cd5-9501-193468aa18d3'] response: {'server_uuid': 'bec3d1d6-750b-47dc-9131-fb426f73dd69', 'name': 'network-vif-plugged', 'status': 'completed', 'tag': 'f17599e8-f0ee-4c6c-9bd9-93e237208051', 'code': 200}
2026-02-25 20:37:31.021 9 INFO neutron.db.ovn_revision_numbers_db [None req-b0dff383-5b3d-4115-8b41-587ccbe5c639 a7403bfa94a0415492633a7e484d2c3c 27c676a40c654053a504661d6302f55d - - default default] Successfully bumped revision number for resource 9d0521c9-a70a-4024-bfa7-81f38e3ee143 (type: security_groups) to 1
2026-02-25 20:37:31.038 9 INFO neutron.db.ovn_revision_numbers_db [None req-b0dff383-5b3d-4115-8b41-587ccbe5c639 a7403bfa94a0415492633a7e484d2c3c 27c676a40c654053a504661d6302f55d - - default default] Successfully bumped revision number for resource 06accf8d-7db1-403f-ba75-a33b92ce24b4 (type: security_group_rules) to 0
2026-02-25 20:37:31.057 9 INFO neutron.db.ovn_revision_numbers_db [None req-b0dff383-5b3d-4115-8b41-587ccbe5c639 a7403bfa94a0415492633a7e484d2c3c 27c676a40c654053a504661d6302f55d - - default default] Successfully bumped revision number for resource 20b79b55-c978-4877-aff4-84e48d464ce1 (type: security_group_rules) to 0
2026-02-25 20:37:31.077 9 INFO neutron.db.ovn_revision_numbers_db [None req-b0dff383-5b3d-4115-8b41-587ccbe5c639 a7403bfa94a0415492633a7e484d2c3c 27c676a40c654053a504661d6302f55d - - default default] Successfully bumped revision number for resource 35a14195-314f-4f5d-aae8-1888b48c7714 (type: security_group_rules) to 0
2026-02-25 20:37:31.086 10 INFO neutron.db.ovn_revision_numbers_db [None req-3a213c20-5fb6-4cfe-a1b5-5ff36baf98fb e43f026a72b94a3988efeff3ca378f9c 07cb72bad893445693a1825c4d1d504f - - default default] Successfully bumped revision number for resource d0ebf179-dab2-4186-b267-f04fcffc3585 (type: ports) to 1
2026-02-25 20:37:31.092 9 INFO neutron.db.ovn_revision_numbers_db [None req-b0dff383-5b3d-4115-8b41-587ccbe5c639 a7403bfa94a0415492633a7e484d2c3c 27c676a40c654053a504661d6302f55d - - default default] Successfully bumped revision number for resource 57ddefd9-e8b5-4071-8b98-e5c8b22b9ccd (type: security_group_rules) to 0
2026-02-25 20:37:31.117 9 INFO neutron.wsgi [None req-b0dff383-5b3d-4115-8b41-587ccbe5c639 a7403bfa94a0415492633a7e484d2c3c 27c676a40c654053a504661d6302f55d - - default default] 10.0.0.239 "GET /v2.0/security-groups?tenant_id=b4cf4a43315849008c5d4b1814f30ac6&name=default HTTP/1.1" status: 200 len: 2996 time: 0.4229634
2026-02-25 20:37:31.121 10 INFO neutron.wsgi [None req-3a213c20-5fb6-4cfe-a1b5-5ff36baf98fb e43f026a72b94a3988efeff3ca378f9c 07cb72bad893445693a1825c4d1d504f - - default default] 10.0.0.239 "POST /v2.0/ports HTTP/1.1" status: 201 len: 1111 time: 0.5367584
2026-02-25 20:37:31.272 9 INFO neutron.wsgi [req-0886f184-7c97-484f-a768-e144da139abf req-d1aa0658-488d-48fa-a96f-b2f80f0a6cc2 ecdd4ffcc5b546f7a1b425ec8aa7a71c b1f9a96579ca4486a0fc15bfc6be85cc - - default default] 10.0.0.78 "GET /v2.0/ports?device_id=bec3d1d6-750b-47dc-9131-fb426f73dd69 HTTP/1.1" status: 200 len: 1174 time: 0.1440172
2026-02-25 20:37:31.335 9 INFO neutron.wsgi [req-0886f184-7c97-484f-a768-e144da139abf req-5fb4e5de-260f-47f0-ad6b-33501b5b12c0 ecdd4ffcc5b546f7a1b425ec8aa7a71c b1f9a96579ca4486a0fc15bfc6be85cc - - default default] 10.0.0.78 "GET /v2.0/security-groups?id=54d4f936-af44-47fd-8799-f1d7e200e60e&fields=id&fields=name HTTP/1.1" status: 200 len: 286 time: 0.0569017
2026-02-25 20:37:31.359 10 INFO neutron.wsgi [None req-ba0027c1-cecc-4c24-8453-4942378244bc a7403bfa94a0415492633a7e484d2c3c 27c676a40c654053a504661d6302f55d - - default default] 10.0.0.239 "DELETE /v2.0/security-groups/9d0521c9-a70a-4024-bfa7-81f38e3ee143 HTTP/1.1" status: 204 len: 168 time: 0.2336516
2026-02-25 20:37:31.542 9 INFO neutron.wsgi [None req-6ff7e76b-9b15-44f4-9883-3dc24de0188a e43f026a72b94a3988efeff3ca378f9c 07cb72bad893445693a1825c4d1d504f - - default default] 10.0.0.239 "DELETE /v2.0/ports/d0ebf179-dab2-4186-b267-f04fcffc3585 HTTP/1.1" status: 204 len: 168 time: 0.4156697
2026-02-25 20:37:31.569 9 INFO neutron.pecan_wsgi.hooks.translation [None req-a5afb721-c974-45d3-ae2b-2177aae7da22 e43f026a72b94a3988efeff3ca378f9c 07cb72bad893445693a1825c4d1d504f - - default default] GET failed (client error): The resource could not be found.
2026-02-25 20:37:31.570 9 INFO neutron.wsgi [None req-a5afb721-c974-45d3-ae2b-2177aae7da22 e43f026a72b94a3988efeff3ca378f9c 07cb72bad893445693a1825c4d1d504f - - default default] 10.0.0.239 "GET /v2.0/ports/d0ebf179-dab2-4186-b267-f04fcffc3585 HTTP/1.1" status: 404 len: 333 time: 0.0209873
2026-02-25 20:37:31.599 10 INFO neutron.db.ovn_revision_numbers_db [None req-9388ceeb-e00c-41bc-bdc3-e4a18370fc88 a7403bfa94a0415492633a7e484d2c3c 27c676a40c654053a504661d6302f55d - - default default] Successfully bumped revision number for resource 0a9876e7-7d92-4652-a9f5-75945be9d030 (type: security_groups) to 1
2026-02-25 20:37:31.616 10 INFO neutron.db.ovn_revision_numbers_db [None req-9388ceeb-e00c-41bc-bdc3-e4a18370fc88 a7403bfa94a0415492633a7e484d2c3c 27c676a40c654053a504661d6302f55d - - default default] Successfully bumped revision number for resource 383c815e-b0c2-4c06-b965-339ecc80f0e8 (type: security_group_rules) to 0
2026-02-25 20:37:31.631 10 INFO neutron.db.ovn_revision_numbers_db [None req-9388ceeb-e00c-41bc-bdc3-e4a18370fc88 a7403bfa94a0415492633a7e484d2c3c 27c676a40c654053a504661d6302f55d - - default default] Successfully bumped revision number for resource 4c75ded5-a96e-4e39-a137-841fc2dfd9bc (type: security_group_rules) to 0
2026-02-25 20:37:31.647 10 INFO neutron.db.ovn_revision_numbers_db [None req-9388ceeb-e00c-41bc-bdc3-e4a18370fc88 a7403bfa94a0415492633a7e484d2c3c 27c676a40c654053a504661d6302f55d - - default default] Successfully bumped revision number for resource 5a3788e2-5051-42ba-bc36-bcabd25be623 (type: security_group_rules) to 0
2026-02-25 20:37:31.667 10 INFO neutron.db.ovn_revision_numbers_db [None req-9388ceeb-e00c-41bc-bdc3-e4a18370fc88 a7403bfa94a0415492633a7e484d2c3c 27c676a40c654053a504661d6302f55d - - default default] Successfully bumped revision number for resource 74aa6d03-a159-4c22-90e3-ad30aca04191 (type: security_group_rules) to 0
2026-02-25 20:37:31.690 10 INFO neutron.wsgi [None req-9388ceeb-e00c-41bc-bdc3-e4a18370fc88 a7403bfa94a0415492633a7e484d2c3c 27c676a40c654053a504661d6302f55d - - default default] 10.0.0.239 "GET /v2.0/security-groups?tenant_id=601e7a1351df4a1e9b37388fa58dd3ab&name=default HTTP/1.1" status: 200 len: 2996 time: 0.2044010
2026-02-25 20:37:31.792 9 INFO neutron.wsgi [None req-3da1176c-472c-4025-86f8-645a3931b919 e43f026a72b94a3988efeff3ca378f9c 07cb72bad893445693a1825c4d1d504f - - default default] 10.0.0.239 "DELETE /v2.0/subnets/29117e7b-c43c-4e8d-a40d-4f834cb9a3a3 HTTP/1.1" status: 204 len: 168 time: 0.2162251
2026-02-25 20:37:31.922 10 INFO neutron.wsgi [None req-ccfd49b5-f47b-4fc1-a3b4-21359ed1e3b4 a7403bfa94a0415492633a7e484d2c3c 27c676a40c654053a504661d6302f55d - - default default] 10.0.0.239 "DELETE /v2.0/security-groups/0a9876e7-7d92-4652-a9f5-75945be9d030 HTTP/1.1" status: 204 len: 168 time: 0.2257988
2026-02-25 20:37:32.174 9 INFO neutron.services.segments.plugin [-] Segment 4dbac221-ab6c-4c78-9a04-e29a0e250cb5 resource provider aggregate not found
2026-02-25 20:37:32.187 9 INFO neutron.services.segments.plugin [-] Segment 4dbac221-ab6c-4c78-9a04-e29a0e250cb5 resource provider not found; error: Placement Client Error (4xx): {"errors": [{"status": 404, "title": "Not Found", "detail": "The resource could not be found.\n\n No resource provider with uuid 4dbac221-ab6c-4c78-9a04-e29a0e250cb5 found for delete ", "request_id": "req-d46011dd-14b9-4800-a05b-311e10ca5564"}]}
2026-02-25 20:37:32.196 9 INFO neutron.services.segments.plugin [-] Segment 4dbac221-ab6c-4c78-9a04-e29a0e250cb5 resource provider aggregate not found
2026-02-25 20:37:32.208 9 INFO neutron.wsgi [None req-728a0643-6d37-4fcf-8269-6fc5d1b6ffc1 e43f026a72b94a3988efeff3ca378f9c 07cb72bad893445693a1825c4d1d504f - - default default] 10.0.0.239 "DELETE /v2.0/networks/361a5ddf-aef4-4b89-8421-cc006ef364c1 HTTP/1.1" status: 204 len: 168 time: 0.4101169
2026-02-25 20:37:32.210 9 INFO neutron.services.segments.plugin [-] Segment 4dbac221-ab6c-4c78-9a04-e29a0e250cb5 resource provider not found; error: Placement Client Error (4xx): {"errors": [{"status": 404, "title": "Not Found", "detail": "The resource could not be found.\n\n No resource provider with uuid 4dbac221-ab6c-4c78-9a04-e29a0e250cb5 found for delete ", "request_id": "req-e90ed024-9332-407b-82b6-06918c72afa7"}]}
2026-02-25 20:37:32.219 9 WARNING neutron_lib.context [None req-d9a7fe56-add7-4717-8e79-65a3269758fa e43f026a72b94a3988efeff3ca378f9c 07cb72bad893445693a1825c4d1d504f - - default default] Method 'is_advsvc' is deprecated since 2023.2 release (neutron-lib 3.8.0) and will be removed once support for the old RBAC API policies will be removed from Neutron. Please use method 'is_service_role' instead. /var/lib/openstack/lib/python3.10/site-packages/pycadf/identifier.py:71: UserWarning: Invalid uuid: neutron. To ensure interoperability, identifiers should be a valid uuid. warnings.warn(('Invalid uuid: %s. To ensure interoperability, '
2026-02-25 20:37:32.437 9 WARNING neutron.scheduler.dhcp_agent_scheduler [None req-d9a7fe56-add7-4717-8e79-65a3269758fa e43f026a72b94a3988efeff3ca378f9c 07cb72bad893445693a1825c4d1d504f - - default default] No more DHCP agents
2026-02-25 20:37:32.441 9 WARNING neutron.api.rpc.agentnotifiers.dhcp_rpc_agent_api [None req-d9a7fe56-add7-4717-8e79-65a3269758fa e43f026a72b94a3988efeff3ca378f9c 07cb72bad893445693a1825c4d1d504f - - default default] Unable to schedule network 124d6320-2f6a-40a7-a408-db3c8311be44: no agents available; will retry on subsequent port and subnet creation events.
2026-02-25 20:37:32.455 9 INFO neutron.wsgi [req-8921814a-434d-45a7-9ea8-09528040ce5d req-0b21e2a4-8c48-444a-b637-aa22b936ad44 ecdd4ffcc5b546f7a1b425ec8aa7a71c b1f9a96579ca4486a0fc15bfc6be85cc - - default default] 10.0.0.78 "GET /v2.0/ports?device_id=bec3d1d6-750b-47dc-9131-fb426f73dd69 HTTP/1.1" status: 200 len: 1174 time: 0.0424891 /var/lib/openstack/lib/python3.10/site-packages/pycadf/identifier.py:71: UserWarning: Invalid uuid: neutron. To ensure interoperability, identifiers should be a valid uuid. warnings.warn(('Invalid uuid: %s. To ensure interoperability, '
2026-02-25 20:37:32.543 9 INFO neutron.wsgi [req-8921814a-434d-45a7-9ea8-09528040ce5d req-2d890859-5c37-4ecd-b11b-eeae21df4339 ecdd4ffcc5b546f7a1b425ec8aa7a71c b1f9a96579ca4486a0fc15bfc6be85cc - - default default] 10.0.0.78 "GET /v2.0/security-groups?id=54d4f936-af44-47fd-8799-f1d7e200e60e&fields=id&fields=name HTTP/1.1" status: 200 len: 286 time: 0.0779278
2026-02-25 20:37:32.569 9 INFO neutron.db.ovn_revision_numbers_db [None req-d9a7fe56-add7-4717-8e79-65a3269758fa e43f026a72b94a3988efeff3ca378f9c 07cb72bad893445693a1825c4d1d504f - - default default] Successfully bumped revision number for resource 1e7c60ba-a772-4e9f-a18f-7d1501e82c5f (type: ports) to 1
2026-02-25 20:37:32.591 9 INFO neutron.wsgi [None req-d9a7fe56-add7-4717-8e79-65a3269758fa e43f026a72b94a3988efeff3ca378f9c 07cb72bad893445693a1825c4d1d504f - - default default] 10.0.0.239 "POST /v2.0/ports HTTP/1.1" status: 201 len: 973 time: 0.3752434
2026-02-25 20:37:32.821 10 INFO neutron.plugins.ml2.drivers.ovn.mech_driver.mech_driver [None req-d30f8d2e-f636-4c78-9826-d47f0238f5d0 - - - - - -] OVN reports status down for port: 1e7c60ba-a772-4e9f-a18f-7d1501e82c5f
2026-02-25 20:37:32.852 9 INFO neutron.db.ovn_revision_numbers_db [None req-dd4c56b7-a9b6-4b9a-845a-9e89f91b73b1 e43f026a72b94a3988efeff3ca378f9c 07cb72bad893445693a1825c4d1d504f - - default default] Successfully bumped revision number for resource 1e7c60ba-a772-4e9f-a18f-7d1501e82c5f (type: ports) to 2
2026-02-25 20:37:32.864 9 INFO neutron.wsgi [None req-dd4c56b7-a9b6-4b9a-845a-9e89f91b73b1 e43f026a72b94a3988efeff3ca378f9c 07cb72bad893445693a1825c4d1d504f - - default default] 10.0.0.239 "PUT /v2.0/ports/1e7c60ba-a772-4e9f-a18f-7d1501e82c5f HTTP/1.1" status: 200 len: 946 time: 0.2669845 /var/lib/openstack/lib/python3.10/site-packages/pycadf/identifier.py:71: UserWarning: Invalid uuid: neutron. To ensure interoperability, identifiers should be a valid uuid. warnings.warn(('Invalid uuid: %s. To ensure interoperability, '
2026-02-25 20:37:33.078 9 INFO neutron.wsgi [req-112ee700-29d1-4979-9fbf-78bc78364663 req-92451325-493d-45c2-b048-329c0c782b7d ecdd4ffcc5b546f7a1b425ec8aa7a71c b1f9a96579ca4486a0fc15bfc6be85cc - - default default] 10.0.0.78 "GET /v2.0/ports?device_id=bec3d1d6-750b-47dc-9131-fb426f73dd69 HTTP/1.1" status: 200 len: 1174 time: 0.0428982
2026-02-25 20:37:33.083 9 INFO neutron.plugins.ml2.drivers.ovn.mech_driver.mech_driver [None req-67b502a8-91c0-4df6-ad81-11dbcd0b1268 - - - - - -] OVN reports status down for port: f17599e8-f0ee-4c6c-9bd9-93e237208051
2026-02-25 20:37:33.139 9 INFO neutron.wsgi [req-112ee700-29d1-4979-9fbf-78bc78364663 req-3810a78d-a30a-4031-b15c-415541f13bb3 ecdd4ffcc5b546f7a1b425ec8aa7a71c b1f9a96579ca4486a0fc15bfc6be85cc - - default default] 10.0.0.78 "GET /v2.0/security-groups?id=54d4f936-af44-47fd-8799-f1d7e200e60e&fields=id&fields=name HTTP/1.1" status: 200 len: 286 time: 0.0547040
2026-02-25 20:37:33.161 9 INFO neutron.wsgi [None req-0bc0b6af-6ff3-4eb8-8ddb-72bdce1c56f8 e43f026a72b94a3988efeff3ca378f9c 07cb72bad893445693a1825c4d1d504f - - default default] 10.0.0.239 "DELETE /v2.0/ports/1e7c60ba-a772-4e9f-a18f-7d1501e82c5f HTTP/1.1" status: 204 len: 168 time: 0.2936630
2026-02-25 20:37:33.251 9 INFO neutron.notifiers.nova [-] Nova event matching ['req-26b2f37b-cab6-44c7-91cf-9c4440810979'] response: {'server_uuid': 'bec3d1d6-750b-47dc-9131-fb426f73dd69', 'name': 'network-vif-unplugged', 'status': 'completed', 'tag': 'f17599e8-f0ee-4c6c-9bd9-93e237208051', 'code': 200}
2026-02-25 20:37:33.277 10 INFO neutron.wsgi [None req-13ea1778-3535-40e3-8099-d1b9c34550b4 e43f026a72b94a3988efeff3ca378f9c 07cb72bad893445693a1825c4d1d504f - - default default] 10.0.0.239 "GET /v2.0/ports HTTP/1.1" status: 200 len: 1729 time: 0.1100931
2026-02-25 20:37:33.317 10 INFO neutron.pecan_wsgi.hooks.translation [None req-e1943531-2d94-4ebd-90f3-a473ffa1e308 e43f026a72b94a3988efeff3ca378f9c 07cb72bad893445693a1825c4d1d504f - - default default] GET failed (client error): The resource could not be found.
2026-02-25 20:37:33.319 10 INFO neutron.wsgi [None req-e1943531-2d94-4ebd-90f3-a473ffa1e308 e43f026a72b94a3988efeff3ca378f9c 07cb72bad893445693a1825c4d1d504f - - default default] 10.0.0.239 "GET /v2.0/ports/1e7c60ba-a772-4e9f-a18f-7d1501e82c5f HTTP/1.1" status: 404 len: 333 time: 0.0363951
