2026-02-25 20:41:51.810 9 INFO neutron.wsgi [req-6753a355-1921-45b7-910c-4403a9b5fe02 req-8d6a0ac5-3fcc-4f18-9ab1-0644d9ecc943 709c399d191e46e0816651119cfdb52f bb1f5842a8214640ad4f8c8595425864 - - 71f984fa33844ef493cc49ac6ef015f4 71f984fa33844ef493cc49ac6ef015f4] 199.19.213.169 "GET /v2.0/networks/2fdf479a-0f92-4052-8005-c0b355f00877?fields=provider%3Aphysical_network&fields=provider%3Anetwork_type HTTP/1.1" status: 200 len: 277 time: 0.0635188
2026-02-25 20:41:52.119 10 INFO neutron.wsgi [None req-b9d3df43-8f5b-406c-bf90-4b907a8dca0a a7403bfa94a0415492633a7e484d2c3c 27c676a40c654053a504661d6302f55d - - default default] 199.19.213.169 "GET /v2.0/ports?device_id=e4da52bb-5bad-4e1a-9d6a-dfc1086dcbf3 HTTP/1.1" status: 200 len: 4944 time: 0.0611553
2026-02-25 20:41:52.385 10 INFO neutron.wsgi [None req-1dee9d83-94b5-473e-924a-cafc2a49269e a7403bfa94a0415492633a7e484d2c3c 27c676a40c654053a504661d6302f55d - - default default] 10.0.0.34 "GET /v2.0/agents HTTP/1.1" status: 200 len: 997 time: 0.0714548
2026-02-25 20:41:52.420 10 INFO neutron.plugins.ml2.drivers.ovn.mech_driver.mech_driver [None req-d30f8d2e-f636-4c78-9826-d47f0238f5d0 - - - - - -] OVN reports status down for port: 5841e39a-f698-40e7-b7f7-ba8cfdc7ddb6
2026-02-25 20:41:52.459 10 INFO neutron.wsgi [None req-003a6359-f780-4ef0-8b82-8e42cf6f2c11 a7403bfa94a0415492633a7e484d2c3c 27c676a40c654053a504661d6302f55d - - default default] 10.0.0.34 "GET /v2.0/subnets HTTP/1.1" status: 200 len: 5498 time: 0.0711398
2026-02-25 20:41:52.488 10 INFO neutron.wsgi [None req-50b083a5-6e67-48d6-8407-0b1aa030a48d a7403bfa94a0415492633a7e484d2c3c 27c676a40c654053a504661d6302f55d - - default default] 10.0.0.34 "GET /v2.0/subnetpools HTTP/1.1" status: 200 len: 193 time: 0.0180891
2026-02-25 20:41:52.495 9 INFO neutron.wsgi [req-64aa3621-fdd2-4104-a585-ebfb1ab0c691 req-c2759a7f-8d1d-41bb-9dce-dcf1ebeff671 709c399d191e46e0816651119cfdb52f bb1f5842a8214640ad4f8c8595425864 - - 71f984fa33844ef493cc49ac6ef015f4 71f984fa33844ef493cc49ac6ef015f4] 199.19.213.169 "GET /v2.0/ports/5841e39a-f698-40e7-b7f7-ba8cfdc7ddb6 HTTP/1.1" status: 200 len: 1231 time: 0.0501821
2026-02-25 20:41:52.544 10 INFO neutron.wsgi [None req-43664b07-1748-4020-b1a7-9de61e57ab6c a7403bfa94a0415492633a7e484d2c3c 27c676a40c654053a504661d6302f55d - - default default] 10.0.0.34 "GET /v2.0/subnets HTTP/1.1" status: 200 len: 5498 time: 0.0548921
2026-02-25 20:41:52.660 10 INFO neutron.wsgi [None req-b23486e6-12f8-4750-b36e-2eec5150e127 a7403bfa94a0415492633a7e484d2c3c 27c676a40c654053a504661d6302f55d - - default default] 10.0.0.34 "GET /v2.0/ports HTTP/1.1" status: 200 len: 24438 time: 0.1138768
2026-02-25 20:41:52.759 9 INFO neutron.wsgi [req-64aa3621-fdd2-4104-a585-ebfb1ab0c691 req-6f646075-8be8-4a20-ae9a-adc1023d13ea a7403bfa94a0415492633a7e484d2c3c 27c676a40c654053a504661d6302f55d - - default default] 199.19.213.169 "DELETE /v2.0/ports/5841e39a-f698-40e7-b7f7-ba8cfdc7ddb6 HTTP/1.1" status: 204 len: 173 time: 0.2586367
2026-02-25 20:41:52.763 10 INFO neutron.wsgi [None req-65143635-c9e0-4750-a3a9-fd89656eb751 a7403bfa94a0415492633a7e484d2c3c 27c676a40c654053a504661d6302f55d - - default default] 10.0.0.34 "GET /v2.0/routers HTTP/1.1" status: 200 len: 849 time: 0.0887764
2026-02-25 20:41:52.779 10 INFO neutron.wsgi [None req-cd116b0d-a535-4854-a77e-62b0d090471a a7403bfa94a0415492633a7e484d2c3c 27c676a40c654053a504661d6302f55d - - default default] 10.0.0.34 "GET /v2.0/agents?binary=ovn-controller HTTP/1.1" status: 200 len: 591 time: 0.0136764
2026-02-25 20:41:52.792 9 INFO neutron.notifiers.nova [-] Nova event matching ['req-f7e6d16a-927d-4a2b-97e3-1887347a0967'] response: {'server_uuid': 'e4da52bb-5bad-4e1a-9d6a-dfc1086dcbf3', 'name': 'network-vif-deleted', 'tag': '5841e39a-f698-40e7-b7f7-ba8cfdc7ddb6', 'status': 'completed', 'code': 200}
2026-02-25 20:41:52.851 10 INFO neutron.wsgi [None req-86c82ac4-7ab0-48aa-b1fa-46469fcc993c a7403bfa94a0415492633a7e484d2c3c 27c676a40c654053a504661d6302f55d - - default default] 10.0.0.34 "GET /v2.0/floatingips HTTP/1.1" status: 200 len: 2765 time: 0.0703533
2026-02-25 20:41:52.886 9 INFO neutron.wsgi [req-64aa3621-fdd2-4104-a585-ebfb1ab0c691 req-e56d5989-8192-475c-90f1-eaeb41fa2c12 709c399d191e46e0816651119cfdb52f bb1f5842a8214640ad4f8c8595425864 - - 71f984fa33844ef493cc49ac6ef015f4 71f984fa33844ef493cc49ac6ef015f4] 199.19.213.169 "GET /v2.0/ports?tenant_id=27c676a40c654053a504661d6302f55d&device_id=e4da52bb-5bad-4e1a-9d6a-dfc1086dcbf3 HTTP/1.1" status: 200 len: 3921 time: 0.0740399
2026-02-25 20:41:52.899 10 ERROR neutron.plugins.ml2.managers [None req-d30f8d2e-f636-4c78-9826-d47f0238f5d0 - - - - - -] Mechanism driver 'ovn' failed in update_port_postcommit: ovsdbapp.backend.ovs_idl.idlutils.RowNotFound: Cannot find Logical_Switch_Port with name=5841e39a-f698-40e7-b7f7-ba8cfdc7ddb6
2026-02-25 20:41:52.899 10 ERROR neutron.plugins.ml2.managers
Traceback (most recent call last):
2026-02-25 20:41:52.899 10 ERROR neutron.plugins.ml2.managers
File "/var/lib/openstack/lib/python3.10/site-packages/neutron/plugins/ml2/managers.py", line 497, in _call_on_drivers
2026-02-25 20:41:52.899 10 ERROR neutron.plugins.ml2.managers getattr(driver.obj, method_name)(context)
2026-02-25 20:41:52.899 10 ERROR neutron.plugins.ml2.managers
File "/var/lib/openstack/lib/python3.10/site-packages/neutron/plugins/ml2/drivers/ovn/mech_driver/mech_driver.py", line 896, in update_port_postcommit
2026-02-25 20:41:52.899 10 ERROR neutron.plugins.ml2.managers self._ovn_update_port(context.plugin_context, port, original_port,
2026-02-25 20:41:52.899 10 ERROR neutron.plugins.ml2.managers
File "/var/lib/openstack/lib/python3.10/site-packages/neutron/plugins/ml2/drivers/ovn/mech_driver/mech_driver.py", line 777, in _ovn_update_port
2026-02-25 20:41:52.899 10 ERROR neutron.plugins.ml2.managers self._ovn_client.update_port(plugin_context, port,
2026-02-25 20:41:52.899 10 ERROR neutron.plugins.ml2.managers
File "/var/lib/openstack/lib/python3.10/site-packages/neutron/plugins/ml2/drivers/ovn/mech_driver/ovsdb/ovn_client.py", line 724, in update_port
2026-02-25 20:41:52.899 10 ERROR neutron.plugins.ml2.managers ovn_port = self._nb_idl.lookup('Logical_Switch_Port', port['id'])
2026-02-25 20:41:52.899 10 ERROR neutron.plugins.ml2.managers
File "/var/lib/openstack/lib/python3.10/site-packages/ovsdbapp/backend/ovs_idl/__init__.py", line 184, in lookup
2026-02-25 20:41:52.899 10 ERROR neutron.plugins.ml2.managers return self._lookup(table, record)
2026-02-25 20:41:52.899 10 ERROR neutron.plugins.ml2.managers
File "/var/lib/openstack/lib/python3.10/site-packages/ovsdbapp/backend/ovs_idl/__init__.py", line 235, in _lookup
2026-02-25 20:41:52.899 10 ERROR neutron.plugins.ml2.managers row = idlutils.row_by_value(self, rl.table, rl.column, record)
2026-02-25 20:41:52.899 10 ERROR neutron.plugins.ml2.managers
File "/var/lib/openstack/lib/python3.10/site-packages/ovsdbapp/backend/ovs_idl/idlutils.py", line 114, in row_by_value
2026-02-25 20:41:52.899 10 ERROR neutron.plugins.ml2.managers raise RowNotFound(table=table, col=column, match=match)
2026-02-25 20:41:52.899 10 ERROR neutron.plugins.ml2.managers ovsdbapp.backend.ovs_idl.idlutils.RowNotFound: Cannot find Logical_Switch_Port with name=5841e39a-f698-40e7-b7f7-ba8cfdc7ddb6
2026-02-25 20:41:52.899 10 ERROR neutron.plugins.ml2.managers 
2026-02-25 20:41:52.917 10 ERROR ovsdbapp.backend.ovs_idl.command [None req-d30f8d2e-f636-4c78-9826-d47f0238f5d0 - - - - - -] Error executing command (LspGetUpCommand): ovsdbapp.backend.ovs_idl.idlutils.RowNotFound: Cannot find Logical_Switch_Port with name=5841e39a-f698-40e7-b7f7-ba8cfdc7ddb6
2026-02-25 20:41:52.917 10 ERROR ovsdbapp.backend.ovs_idl.command
Traceback (most recent call last):
2026-02-25 20:41:52.917 10 ERROR ovsdbapp.backend.ovs_idl.command
File "/var/lib/openstack/lib/python3.10/site-packages/ovsdbapp/backend/ovs_idl/command.py", line 47, in execute
2026-02-25 20:41:52.917 10 ERROR ovsdbapp.backend.ovs_idl.command self.run_idl(None)
2026-02-25 20:41:52.917 10 ERROR ovsdbapp.backend.ovs_idl.command
File "/var/lib/openstack/lib/python3.10/site-packages/ovsdbapp/schema/ovn_northbound/commands.py", line 672, in run_idl
2026-02-25 20:41:52.917 10 ERROR ovsdbapp.backend.ovs_idl.command lsp = self.api.lookup('Logical_Switch_Port', self.port)
2026-02-25 20:41:52.917 10 ERROR ovsdbapp.backend.ovs_idl.command
File "/var/lib/openstack/lib/python3.10/site-packages/ovsdbapp/backend/ovs_idl/__init__.py", line 184, in lookup
2026-02-25 20:41:52.917 10 ERROR ovsdbapp.backend.ovs_idl.command return self._lookup(table, record)
2026-02-25 20:41:52.917 10 ERROR ovsdbapp.backend.ovs_idl.command
File "/var/lib/openstack/lib/python3.10/site-packages/ovsdbapp/backend/ovs_idl/__init__.py", line 235, in _lookup
2026-02-25 20:41:52.917 10 ERROR ovsdbapp.backend.ovs_idl.command row = idlutils.row_by_value(self, rl.table, rl.column, record)
2026-02-25 20:41:52.917 10 ERROR ovsdbapp.backend.ovs_idl.command
File "/var/lib/openstack/lib/python3.10/site-packages/ovsdbapp/backend/ovs_idl/idlutils.py", line 114, in row_by_value
2026-02-25 20:41:52.917 10 ERROR ovsdbapp.backend.ovs_idl.command raise RowNotFound(table=table, col=column, match=match)
2026-02-25 20:41:52.917 10 ERROR ovsdbapp.backend.ovs_idl.command ovsdbapp.backend.ovs_idl.idlutils.RowNotFound: Cannot find Logical_Switch_Port with name=5841e39a-f698-40e7-b7f7-ba8cfdc7ddb6
2026-02-25 20:41:52.917 10 ERROR ovsdbapp.backend.ovs_idl.command 
2026-02-25 20:41:52.918 10 ERROR ovsdbapp.event [None req-d30f8d2e-f636-4c78-9826-d47f0238f5d0 - - - - - -] Unexpected exception in notify_loop: ovsdbapp.backend.ovs_idl.idlutils.RowNotFound: Cannot find Logical_Switch_Port with name=5841e39a-f698-40e7-b7f7-ba8cfdc7ddb6
2026-02-25 20:41:52.918 10 ERROR ovsdbapp.event
Traceback (most recent call last):
2026-02-25 20:41:52.918 10 ERROR ovsdbapp.event
File "/var/lib/openstack/lib/python3.10/site-packages/ovsdbapp/event.py", line 177, in notify_loop
2026-02-25 20:41:52.918 10 ERROR ovsdbapp.event match.run(event, row, updates)
2026-02-25 20:41:52.918 10 ERROR ovsdbapp.event
File "/var/lib/openstack/lib/python3.10/site-packages/neutron/plugins/ml2/drivers/ovn/mech_driver/ovsdb/ovsdb_monitor.py", line 543, in run
2026-02-25 20:41:52.918 10 ERROR ovsdbapp.event self.driver.set_port_status_down(row.name)
2026-02-25 20:41:52.918 10 ERROR ovsdbapp.event
File "/var/lib/openstack/lib/python3.10/site-packages/neutron/plugins/ml2/drivers/ovn/mech_driver/mech_driver.py", line 1241, in set_port_status_down
2026-02-25 20:41:52.918 10 ERROR ovsdbapp.event self._ovn_client.update_lsp_host_info(
2026-02-25 20:41:52.918 10 ERROR ovsdbapp.event
File "/var/lib/openstack/lib/python3.10/site-packages/neutron/plugins/ml2/drivers/ovn/mech_driver/ovsdb/ovn_client.py", line 297, in update_lsp_host_info
2026-02-25 20:41:52.918 10 ERROR ovsdbapp.event port_up = self._nb_idl.lsp_get_up(db_port.id).execute(
2026-02-25 20:41:52.918 10 ERROR ovsdbapp.event
File "/var/lib/openstack/lib/python3.10/site-packages/ovsdbapp/backend/ovs_idl/command.py", line 47, in execute
2026-02-25 20:41:52.918 10 ERROR ovsdbapp.event self.run_idl(None)
2026-02-25 20:41:52.918 10 ERROR ovsdbapp.event
File "/var/lib/openstack/lib/python3.10/site-packages/ovsdbapp/schema/ovn_northbound/commands.py", line 672, in run_idl
2026-02-25 20:41:52.918 10 ERROR ovsdbapp.event lsp = self.api.lookup('Logical_Switch_Port', self.port)
2026-02-25 20:41:52.918 10 ERROR ovsdbapp.event
File "/var/lib/openstack/lib/python3.10/site-packages/ovsdbapp/backend/ovs_idl/__init__.py", line 184, in lookup
2026-02-25 20:41:52.918 10 ERROR ovsdbapp.event return self._lookup(table, record)
2026-02-25 20:41:52.918 10 ERROR ovsdbapp.event
File "/var/lib/openstack/lib/python3.10/site-packages/ovsdbapp/backend/ovs_idl/__init__.py", line 235, in _lookup
2026-02-25 20:41:52.918 10 ERROR ovsdbapp.event row = idlutils.row_by_value(self, rl.table, rl.column, record)
2026-02-25 20:41:52.918 10 ERROR ovsdbapp.event
File "/var/lib/openstack/lib/python3.10/site-packages/ovsdbapp/backend/ovs_idl/idlutils.py", line 114, in row_by_value
2026-02-25 20:41:52.918 10 ERROR ovsdbapp.event raise RowNotFound(table=table, col=column, match=match)
2026-02-25 20:41:52.918 10 ERROR ovsdbapp.event ovsdbapp.backend.ovs_idl.idlutils.RowNotFound: Cannot find Logical_Switch_Port with name=5841e39a-f698-40e7-b7f7-ba8cfdc7ddb6
2026-02-25 20:41:52.918 10 ERROR ovsdbapp.event 
2026-02-25 20:41:52.942 10 INFO neutron.wsgi [None req-33b9403f-0721-4f0a-bd27-9274b1c4c2e7 a7403bfa94a0415492633a7e484d2c3c 27c676a40c654053a504661d6302f55d - - default default] 10.0.0.34 "GET /v2.0/networks HTTP/1.1" status: 200 len: 4719 time: 0.0898101
2026-02-25 20:41:52.956 10 INFO neutron.wsgi [None req-f7259028-b938-4c8c-890b-c800bf803ab9 a7403bfa94a0415492633a7e484d2c3c 27c676a40c654053a504661d6302f55d - - default default] 10.0.0.34 "GET /v2.0/network-ip-availabilities HTTP/1.1" status: 200 len: 3363 time: 0.0111320
2026-02-25 20:41:52.987 9 INFO neutron.wsgi [req-64aa3621-fdd2-4104-a585-ebfb1ab0c691 req-a7fa106d-17a5-4923-974d-1f45d36c4a9a 709c399d191e46e0816651119cfdb52f bb1f5842a8214640ad4f8c8595425864 - - 71f984fa33844ef493cc49ac6ef015f4 71f984fa33844ef493cc49ac6ef015f4] 199.19.213.169 "GET /v2.0/networks?id=15003cab-cac6-4036-b9ce-7302c05906a2&id=28664600-9c3d-43bd-9e5e-3f6df0e673a6&id=c9e83506-fb5a-4871-8f51-2ff2ac513975&id=2fdf479a-0f92-4052-8005-c0b355f00877 HTTP/1.1" status: 200 len: 3307 time: 0.0924320
2026-02-25 20:41:53.011 10 INFO neutron.wsgi [None req-277144c0-7e7c-4a2c-962d-f28a1159e6b0 a7403bfa94a0415492633a7e484d2c3c 27c676a40c654053a504661d6302f55d - - default default] 10.0.0.34 "GET /v2.0/security-groups HTTP/1.1" status: 200 len: 30248 time: 0.0544887
2026-02-25 20:41:53.015 9 INFO neutron.wsgi [req-64aa3621-fdd2-4104-a585-ebfb1ab0c691 req-cdc39077-5f39-42f4-b0dc-6932a891a929 709c399d191e46e0816651119cfdb52f bb1f5842a8214640ad4f8c8595425864 - - 71f984fa33844ef493cc49ac6ef015f4 71f984fa33844ef493cc49ac6ef015f4] 199.19.213.169 "GET /v2.0/floatingips?fixed_ip_address=172.24.0.245&port_id=7b8eaf55-6e3a-47df-86b3-d218a4a97ff5 HTTP/1.1" status: 200 len: 217 time: 0.0208492
2026-02-25 20:41:53.067 9 INFO neutron.wsgi [req-64aa3621-fdd2-4104-a585-ebfb1ab0c691 req-6f46329d-6564-446c-8590-1a76754570c2 709c399d191e46e0816651119cfdb52f bb1f5842a8214640ad4f8c8595425864 - - 71f984fa33844ef493cc49ac6ef015f4 71f984fa33844ef493cc49ac6ef015f4] 199.19.213.169 "GET /v2.0/subnets?id=6138ca76-2c11-417a-a36b-7d82e53eece2 HTTP/1.1" status: 200 len: 829 time: 0.0453100
2026-02-25 20:41:53.102 9 INFO neutron.wsgi [req-64aa3621-fdd2-4104-a585-ebfb1ab0c691 req-98a5d979-8836-40a0-a217-892c5fbc5995 709c399d191e46e0816651119cfdb52f bb1f5842a8214640ad4f8c8595425864 - - 71f984fa33844ef493cc49ac6ef015f4 71f984fa33844ef493cc49ac6ef015f4] 199.19.213.169 "GET /v2.0/ports?network_id=15003cab-cac6-4036-b9ce-7302c05906a2&device_owner=network%3Adhcp HTTP/1.1" status: 200 len: 210 time: 0.0294662
2026-02-25 20:41:53.184 9 INFO neutron.wsgi [req-64aa3621-fdd2-4104-a585-ebfb1ab0c691 req-6bf6ad3b-1d05-4201-aa8a-b7f8746eb2c5 709c399d191e46e0816651119cfdb52f bb1f5842a8214640ad4f8c8595425864 - - 71f984fa33844ef493cc49ac6ef015f4 71f984fa33844ef493cc49ac6ef015f4] 199.19.213.169 "GET /v2.0/networks/15003cab-cac6-4036-b9ce-7302c05906a2?fields=segments HTTP/1.1" status: 200 len: 212 time: 0.0740454
2026-02-25 20:41:53.187 10 INFO neutron.wsgi [None req-c3acae9e-c030-42d3-ac8b-cf188e7a744f a7403bfa94a0415492633a7e484d2c3c 27c676a40c654053a504661d6302f55d - - default default] 199.19.213.169 "GET /v2.0/ports?device_id=e4da52bb-5bad-4e1a-9d6a-dfc1086dcbf3 HTTP/1.1" status: 200 len: 3921 time: 0.0524907
2026-02-25 20:41:53.208 9 INFO neutron.wsgi [req-f26dbbca-b373-4794-bf77-bb350a92b362 req-79857900-1300-4667-b278-18a04c068a9a a7403bfa94a0415492633a7e484d2c3c 27c676a40c654053a504661d6302f55d - - default default] 10.0.0.78 "GET /v2.0/ports?device_id=e4da52bb-5bad-4e1a-9d6a-dfc1086dcbf3&device_id=71224512-42e6-439b-841e-02ee0d02d7f3&device_id=b6714d7c-6120-4ae8-a0a9-1932ac6b7fea HTTP/1.1" status: 200 len: 6779 time: 0.0570977
2026-02-25 20:41:53.222 10 INFO neutron.pecan_wsgi.hooks.translation [None req-4eafeea1-6a02-42e1-b059-66a8342b4d0a a7403bfa94a0415492633a7e484d2c3c 27c676a40c654053a504661d6302f55d - - default default] DELETE failed (client error): The resource could not be found.
2026-02-25 20:41:53.225 10 INFO neutron.wsgi [None req-4eafeea1-6a02-42e1-b059-66a8342b4d0a a7403bfa94a0415492633a7e484d2c3c 27c676a40c654053a504661d6302f55d - - default default] 199.19.213.169 "DELETE /v2.0/ports/5841e39a-f698-40e7-b7f7-ba8cfdc7ddb6 HTTP/1.1" status: 404 len: 338 time: 0.0246568
2026-02-25 20:41:53.280 9 INFO neutron.wsgi [req-64aa3621-fdd2-4104-a585-ebfb1ab0c691 req-df8b7df3-46f3-47a0-afd8-b81e0f92f216 709c399d191e46e0816651119cfdb52f bb1f5842a8214640ad4f8c8595425864 - - 71f984fa33844ef493cc49ac6ef015f4 71f984fa33844ef493cc49ac6ef015f4] 199.19.213.169 "GET /v2.0/networks/15003cab-cac6-4036-b9ce-7302c05906a2?fields=provider%3Aphysical_network&fields=provider%3Anetwork_type HTTP/1.1" status: 200 len: 277 time: 0.0874166
2026-02-25 20:41:53.285 9 INFO neutron.wsgi [req-f26dbbca-b373-4794-bf77-bb350a92b362 req-55634477-8fea-43b5-a9a9-0b4d5cd8a843 a7403bfa94a0415492633a7e484d2c3c 27c676a40c654053a504661d6302f55d - - default default] 10.0.0.78 "GET /v2.0/security-groups?id=14178923-61ae-401a-bb04-afa466dbbaeb&id=7609e769-bf1a-4cbd-98ab-22cef740baf7&id=99ed7600-a906-4ac5-b799-a02db3265f97&id=b796e9c5-635e-446a-b28d-bb590076fd1b&fields=id&fields=name HTTP/1.1" status: 200 len: 552 time: 0.0666409
2026-02-25 20:41:53.312 9 INFO neutron.wsgi [req-64aa3621-fdd2-4104-a585-ebfb1ab0c691 req-8a7f4165-49c9-4b8b-916b-2b42796f545e 709c399d191e46e0816651119cfdb52f bb1f5842a8214640ad4f8c8595425864 - - 71f984fa33844ef493cc49ac6ef015f4 71f984fa33844ef493cc49ac6ef015f4] 199.19.213.169 "GET /v2.0/floatingips?fixed_ip_address=10.1.1.105&port_id=ece10dbe-c297-40b7-b536-3f5530c34095 HTTP/1.1" status: 200 len: 217 time: 0.0253801
2026-02-25 20:41:53.333 10 INFO neutron.wsgi [None req-ec9fe219-7085-498a-a541-61ef22e050b8 a7403bfa94a0415492633a7e484d2c3c 27c676a40c654053a504661d6302f55d - - default default] 199.19.213.169 "GET /v2.0/extensions/security-group HTTP/1.1" status: 200 len: 369 time: 0.0092895
2026-02-25 20:41:53.340 10 INFO neutron.wsgi [None req-aaec96d0-d9c7-415b-9015-d9dd7d914440 a7403bfa94a0415492633a7e484d2c3c 27c676a40c654053a504661d6302f55d - - default default] 199.19.213.169 "GET /v2.0/extensions/dns-integration HTTP/1.1" status: 200 len: 371 time: 0.0038462
2026-02-25 20:41:53.348 10 INFO neutron.wsgi [None req-94bed006-aacb-454f-b56c-a8e1dd6afac9 a7403bfa94a0415492633a7e484d2c3c 27c676a40c654053a504661d6302f55d - - default default] 199.19.213.169 "GET /v2.0/extensions/qos HTTP/1.1" status: 200 len: 365 time: 0.0043542
2026-02-25 20:41:53.353 9 INFO neutron.wsgi [req-64aa3621-fdd2-4104-a585-ebfb1ab0c691 req-f0d1a8fe-e880-4b06-8164-0d81b555ed0f 709c399d191e46e0816651119cfdb52f bb1f5842a8214640ad4f8c8595425864 - - 71f984fa33844ef493cc49ac6ef015f4 71f984fa33844ef493cc49ac6ef015f4] 199.19.213.169 "GET /v2.0/subnets?id=05bb7f19-60a5-4f83-984a-b694a2157cda HTTP/1.1" status: 200 len: 854 time: 0.0331385
2026-02-25 20:41:53.355 10 INFO neutron.wsgi [None req-de973b7c-9baf-442f-b49e-896002b80992 a7403bfa94a0415492633a7e484d2c3c 27c676a40c654053a504661d6302f55d - - default default] 199.19.213.169 "GET /v2.0/extensions/allowed-address-pairs HTTP/1.1" status: 200 len: 383 time: 0.0043452
2026-02-25 20:41:53.385 9 INFO neutron.wsgi [req-64aa3621-fdd2-4104-a585-ebfb1ab0c691 req-ea5d5210-6835-47ac-b1e4-95dc5222a002 709c399d191e46e0816651119cfdb52f bb1f5842a8214640ad4f8c8595425864 - - 71f984fa33844ef493cc49ac6ef015f4 71f984fa33844ef493cc49ac6ef015f4] 199.19.213.169 "GET /v2.0/ports?network_id=28664600-9c3d-43bd-9e5e-3f6df0e673a6&device_owner=network%3Adhcp HTTP/1.1" status: 200 len: 210 time: 0.0215611
2026-02-25 20:41:53.400 10 INFO neutron.wsgi [None req-ce66ae1e-41ee-494a-a24f-2523fb140bb6 a7403bfa94a0415492633a7e484d2c3c 27c676a40c654053a504661d6302f55d - - default default] 199.19.213.169 "GET /v2.0/subnets/05bb7f19-60a5-4f83-984a-b694a2157cda HTTP/1.1" status: 200 len: 851 time: 0.0378232
2026-02-25 20:41:53.439 10 INFO neutron.wsgi [None req-8986763d-93bf-4621-b453-62b727451b19 a7403bfa94a0415492633a7e484d2c3c 27c676a40c654053a504661d6302f55d - - default default] 199.19.213.169 "GET /v2.0/ports/78f383b5-652d-4a7b-aae6-503a2ce96b7d HTTP/1.1" status: 200 len: 1336 time: 0.0316417
2026-02-25 20:41:53.451 9 INFO neutron.wsgi [req-64aa3621-fdd2-4104-a585-ebfb1ab0c691 req-889df03a-be0a-4c88-a618-130068ce4166 709c399d191e46e0816651119cfdb52f bb1f5842a8214640ad4f8c8595425864 - - 71f984fa33844ef493cc49ac6ef015f4 71f984fa33844ef493cc49ac6ef015f4] 199.19.213.169 "GET /v2.0/networks/28664600-9c3d-43bd-9e5e-3f6df0e673a6?fields=segments HTTP/1.1" status: 200 len: 212 time: 0.0587130
2026-02-25 20:41:53.482 10 INFO neutron.wsgi [None req-8dd25bfa-463e-4386-a807-4ccfebc9a540 a7403bfa94a0415492633a7e484d2c3c 27c676a40c654053a504661d6302f55d - - default default] 199.19.213.169 "GET /v2.0/ports/ece10dbe-c297-40b7-b536-3f5530c34095 HTTP/1.1" status: 200 len: 1518 time: 0.0361152
2026-02-25 20:41:53.523 9 INFO neutron.wsgi [req-64aa3621-fdd2-4104-a585-ebfb1ab0c691 req-93184f8f-5386-412c-8a1a-f4b821ce03ac 709c399d191e46e0816651119cfdb52f bb1f5842a8214640ad4f8c8595425864 - - 71f984fa33844ef493cc49ac6ef015f4 71f984fa33844ef493cc49ac6ef015f4] 199.19.213.169 "GET /v2.0/networks/28664600-9c3d-43bd-9e5e-3f6df0e673a6?fields=provider%3Aphysical_network&fields=provider%3Anetwork_type HTTP/1.1" status: 200 len: 277 time: 0.0641987
2026-02-25 20:41:53.528 10 INFO neutron.wsgi [None req-9a0b3324-99ae-44e5-8a06-94bc004182e3 a7403bfa94a0415492633a7e484d2c3c 27c676a40c654053a504661d6302f55d - - default default] 199.19.213.169 "GET /v2.0/subnets/05bb7f19-60a5-4f83-984a-b694a2157cda HTTP/1.1" status: 200 len: 851 time: 0.0395019
2026-02-25 20:41:53.533 10 INFO neutron.notifiers.nova [-] Nova event matching ['req-8655310b-dcb9-43c6-9b17-17d14e3f1853'] response: {'server_uuid': 'e4da52bb-5bad-4e1a-9d6a-dfc1086dcbf3', 'name': 'network-vif-unplugged', 'status': 'completed', 'tag': '5841e39a-f698-40e7-b7f7-ba8cfdc7ddb6', 'code': 200}
2026-02-25 20:41:53.533 10 INFO neutron.notifiers.nova [-] Nova event matching ['req-8655310b-dcb9-43c6-9b17-17d14e3f1853'] response: {'server_uuid': 'e4da52bb-5bad-4e1a-9d6a-dfc1086dcbf3', 'name': 'network-vif-plugged', 'status': 'completed', 'tag': '5841e39a-f698-40e7-b7f7-ba8cfdc7ddb6', 'code': 200}
2026-02-25 20:41:53.551 9 INFO neutron.wsgi [req-64aa3621-fdd2-4104-a585-ebfb1ab0c691 req-18894eac-1067-48e3-8734-43f3cecbf641 709c399d191e46e0816651119cfdb52f bb1f5842a8214640ad4f8c8595425864 - - 71f984fa33844ef493cc49ac6ef015f4 71f984fa33844ef493cc49ac6ef015f4] 199.19.213.169 "GET /v2.0/floatingips?fixed_ip_address=10.2.1.98&port_id=c79c89dc-ab08-49e9-9bb6-6bf61c30f03e HTTP/1.1" status: 200 len: 217 time: 0.0219636
2026-02-25 20:41:53.592 9 INFO neutron.wsgi [req-64aa3621-fdd2-4104-a585-ebfb1ab0c691 req-81b77558-45f4-47c6-ba2f-fe146a52257a 709c399d191e46e0816651119cfdb52f bb1f5842a8214640ad4f8c8595425864 - - 71f984fa33844ef493cc49ac6ef015f4 71f984fa33844ef493cc49ac6ef015f4] 199.19.213.169 "GET /v2.0/subnets?id=d7171d28-ccf4-40e5-8cef-18c822fb11c0 HTTP/1.1" status: 200 len: 852 time: 0.0342658
2026-02-25 20:41:53.601 10 INFO neutron.wsgi [None req-26af4b6a-4586-4388-8cc7-a4ba86e9799c a7403bfa94a0415492633a7e484d2c3c 27c676a40c654053a504661d6302f55d - - default default] 199.19.213.169 "GET /v2.0/networks/28664600-9c3d-43bd-9e5e-3f6df0e673a6 HTTP/1.1" status: 200 len: 1001 time: 0.0666163
2026-02-25 20:41:53.652 10 INFO neutron.wsgi [None req-6ae3efb7-3c2f-451f-8c5d-abcad1ccbe11 a7403bfa94a0415492633a7e484d2c3c 27c676a40c654053a504661d6302f55d - - default default] 199.19.213.169 "GET /v2.0/ports/78f383b5-652d-4a7b-aae6-503a2ce96b7d HTTP/1.1" status: 200 len: 1336 time: 0.0424049
2026-02-25 20:41:53.693 10 INFO neutron.wsgi [None req-01bb91d9-4c02-4701-a348-e3b3c56fd540 a7403bfa94a0415492633a7e484d2c3c 27c676a40c654053a504661d6302f55d - - default default] 199.19.213.169 "GET /v2.0/subnets/05bb7f19-60a5-4f83-984a-b694a2157cda HTTP/1.1" status: 200 len: 851 time: 0.0325789
2026-02-25 20:41:53.891 9 INFO neutron.wsgi [req-64aa3621-fdd2-4104-a585-ebfb1ab0c691 req-15bd1575-d2be-43b0-b30d-3ca627dec1c5 709c399d191e46e0816651119cfdb52f bb1f5842a8214640ad4f8c8595425864 - - 71f984fa33844ef493cc49ac6ef015f4 71f984fa33844ef493cc49ac6ef015f4] 199.19.213.169 "GET /v2.0/ports?network_id=c9e83506-fb5a-4871-8f51-2ff2ac513975&device_owner=network%3Adhcp HTTP/1.1" status: 200 len: 210 time: 0.2927055
2026-02-25 20:41:53.949 9 INFO neutron.wsgi [req-64aa3621-fdd2-4104-a585-ebfb1ab0c691 req-04ecdc8d-88f7-4097-85f7-1e249b3d1775 709c399d191e46e0816651119cfdb52f bb1f5842a8214640ad4f8c8595425864 - - 71f984fa33844ef493cc49ac6ef015f4 71f984fa33844ef493cc49ac6ef015f4] 199.19.213.169 "GET /v2.0/networks/c9e83506-fb5a-4871-8f51-2ff2ac513975?fields=segments HTTP/1.1" status: 200 len: 212 time: 0.0524309
2026-02-25 20:41:54.023 9 INFO neutron.wsgi [req-64aa3621-fdd2-4104-a585-ebfb1ab0c691 req-501f110c-0fd4-43e3-be92-f66cb9e15807 709c399d191e46e0816651119cfdb52f bb1f5842a8214640ad4f8c8595425864 - - 71f984fa33844ef493cc49ac6ef015f4 71f984fa33844ef493cc49ac6ef015f4] 199.19.213.169 "GET /v2.0/networks/c9e83506-fb5a-4871-8f51-2ff2ac513975?fields=provider%3Aphysical_network&fields=provider%3Anetwork_type HTTP/1.1" status: 200 len: 277 time: 0.0675642
2026-02-25 20:41:57.890 10 INFO neutron.wsgi [-] 10.0.0.166 "GET / HTTP/1.1" status: 200 len: 246 time: 0.0018020
2026-02-25 20:41:57.892 9 INFO neutron.wsgi [-] 10.0.0.166 "GET / HTTP/1.1" status: 200 len: 246 time: 0.0028870
2026-02-25 20:41:59.897 10 INFO neutron.wsgi [None req-5d15c09b-b9f7-4bc4-87e9-893898d6e843 a7403bfa94a0415492633a7e484d2c3c 27c676a40c654053a504661d6302f55d - - default default] 199.19.213.169 "GET /v2.0/extensions/security-group HTTP/1.1" status: 200 len: 369 time: 0.0081167
2026-02-25 20:41:59.909 10 INFO neutron.wsgi [None req-df1eadf8-01f8-49a8-8c0e-141ff56e505c a7403bfa94a0415492633a7e484d2c3c 27c676a40c654053a504661d6302f55d - - default default] 199.19.213.169 "GET /v2.0/extensions/dns-integration HTTP/1.1" status: 200 len: 371 time: 0.0058925
2026-02-25 20:41:59.919 10 INFO neutron.wsgi [None req-4d733066-6fbd-433a-9242-2c625f07bb90 a7403bfa94a0415492633a7e484d2c3c 27c676a40c654053a504661d6302f55d - - default default] 199.19.213.169 "GET /v2.0/extensions/qos HTTP/1.1" status: 200 len: 365 time: 0.0048916
2026-02-25 20:41:59.927 10 INFO neutron.wsgi [None req-7a8e4d16-d494-41d0-8304-5be8b41a2c62 a7403bfa94a0415492633a7e484d2c3c 27c676a40c654053a504661d6302f55d - - default default] 199.19.213.169 "GET /v2.0/extensions/allowed-address-pairs HTTP/1.1" status: 200 len: 383 time: 0.0042791
2026-02-25 20:41:59.971 10 INFO neutron.wsgi [None req-dabb48b7-720a-4e20-bea3-7ac082247ade a7403bfa94a0415492633a7e484d2c3c 27c676a40c654053a504661d6302f55d - - default default] 199.19.213.169 "GET /v2.0/ports?device_id=e4da52bb-5bad-4e1a-9d6a-dfc1086dcbf3 HTTP/1.1" status: 200 len: 3921 time: 0.0406568
2026-02-25 20:42:00.320 10 INFO neutron.wsgi [None req-dc938b0f-fbab-4453-a619-7079811b2c90 a7403bfa94a0415492633a7e484d2c3c 27c676a40c654053a504661d6302f55d - - default default] 199.19.213.169 "GET /v2.0/extensions/security-group HTTP/1.1" status: 200 len: 369 time: 0.0081916
2026-02-25 20:42:00.332 10 INFO neutron.wsgi [None req-e3345dc0-8782-44ec-8820-56219da0dbc4 a7403bfa94a0415492633a7e484d2c3c 27c676a40c654053a504661d6302f55d - - default default] 199.19.213.169 "GET /v2.0/extensions/dns-integration HTTP/1.1" status: 200 len: 371 time: 0.0033722
2026-02-25 20:42:00.341 10 INFO neutron.wsgi [None req-ad8342b5-9b36-4cac-9f64-669c419ff952 a7403bfa94a0415492633a7e484d2c3c 27c676a40c654053a504661d6302f55d - - default default] 199.19.213.169 "GET /v2.0/extensions/qos HTTP/1.1" status: 200 len: 365 time: 0.0048594
2026-02-25 20:42:00.348 10 INFO neutron.wsgi [None req-7925d10b-27c5-4721-8859-31f7b4225d64 a7403bfa94a0415492633a7e484d2c3c 27c676a40c654053a504661d6302f55d - - default default] 199.19.213.169 "GET /v2.0/extensions/allowed-address-pairs HTTP/1.1" status: 200 len: 383 time: 0.0038016
2026-02-25 20:42:00.386 10 INFO neutron.wsgi [None req-2dcb943b-eb55-4fbd-a7de-bef46654de79 a7403bfa94a0415492633a7e484d2c3c 27c676a40c654053a504661d6302f55d - - default default] 199.19.213.169 "GET /v2.0/ports/c79c89dc-ab08-49e9-9bb6-6bf61c30f03e HTTP/1.1" status: 200 len: 1402 time: 0.0334105
2026-02-25 20:42:00.811 10 INFO neutron.db.ovn_revision_numbers_db [None req-33c00e97-d8bc-4e1d-9081-28112b2e6516 a7403bfa94a0415492633a7e484d2c3c 27c676a40c654053a504661d6302f55d - - default default] Successfully bumped revision number for resource c79c89dc-ab08-49e9-9bb6-6bf61c30f03e (type: ports) to 6
2026-02-25 20:42:00.824 10 INFO neutron.wsgi [None req-33c00e97-d8bc-4e1d-9081-28112b2e6516 a7403bfa94a0415492633a7e484d2c3c 27c676a40c654053a504661d6302f55d - - default default] 199.19.213.169 "PUT /v2.0/ports/c79c89dc-ab08-49e9-9bb6-6bf61c30f03e HTTP/1.1" status: 200 len: 1203 time: 0.4297588 /var/lib/openstack/lib/python3.10/site-packages/pycadf/identifier.py:71: UserWarning: Invalid uuid: neutron. To ensure interoperability, identifiers should be a valid uuid. warnings.warn(('Invalid uuid: %s. To ensure interoperability, '
2026-02-25 20:42:00.871 10 INFO neutron.notifiers.nova [-] Nova event matching ['req-e320d8fb-a3a0-455d-bbea-8d04b0e18f33'] response: {'name': 'network-changed', 'server_uuid': 'e4da52bb-5bad-4e1a-9d6a-dfc1086dcbf3', 'tag': 'c79c89dc-ab08-49e9-9bb6-6bf61c30f03e', 'status': 'completed', 'code': 200}
2026-02-25 20:42:00.900 10 INFO neutron.wsgi [None req-92e6a7df-a292-43fc-aa93-56f8df8c1bd2 a7403bfa94a0415492633a7e484d2c3c 27c676a40c654053a504661d6302f55d - - default default] 199.19.213.169 "GET /v2.0/networks/c9e83506-fb5a-4871-8f51-2ff2ac513975 HTTP/1.1" status: 200 len: 999 time: 0.0662172
2026-02-25 20:42:00.934 9 INFO neutron.wsgi [req-115b2a20-ab54-4f49-aae1-3cccbf21aab7 req-278dd20d-e3fb-4177-9ff0-182253858749 709c399d191e46e0816651119cfdb52f bb1f5842a8214640ad4f8c8595425864 - - 71f984fa33844ef493cc49ac6ef015f4 71f984fa33844ef493cc49ac6ef015f4] 199.19.213.169 "GET /v2.0/ports?tenant_id=27c676a40c654053a504661d6302f55d&device_id=e4da52bb-5bad-4e1a-9d6a-dfc1086dcbf3 HTTP/1.1" status: 200 len: 3750 time: 0.0466301
2026-02-25 20:42:00.955 10 INFO neutron.wsgi [None req-ddcecb6c-7ccb-428d-b601-8801c41d732d a7403bfa94a0415492633a7e484d2c3c 27c676a40c654053a504661d6302f55d - - default default] 199.19.213.169 "GET /v2.0/ports?device_id=e4da52bb-5bad-4e1a-9d6a-dfc1086dcbf3 HTTP/1.1" status: 200 len: 3750 time: 0.0467646
2026-02-25 20:42:01.009 9 INFO neutron.wsgi [req-115b2a20-ab54-4f49-aae1-3cccbf21aab7 req-cd43759d-e3d7-48fb-a8ff-b79ac7894e25 709c399d191e46e0816651119cfdb52f bb1f5842a8214640ad4f8c8595425864 - - 71f984fa33844ef493cc49ac6ef015f4 71f984fa33844ef493cc49ac6ef015f4] 199.19.213.169 "GET /v2.0/networks?id=c9e83506-fb5a-4871-8f51-2ff2ac513975 HTTP/1.1" status: 200 len: 1002 time: 0.0653141
2026-02-25 20:42:01.081 10 INFO neutron.wsgi [None req-e05b0dc0-e530-4a66-80df-9a68aa13aafd a7403bfa94a0415492633a7e484d2c3c 27c676a40c654053a504661d6302f55d - - default default] 199.19.213.169 "GET /v2.0/ports?device_id=e4da52bb-5bad-4e1a-9d6a-dfc1086dcbf3 HTTP/1.1" status: 200 len: 3750 time: 0.0521495
2026-02-25 20:42:01.082 9 INFO neutron.wsgi [req-115b2a20-ab54-4f49-aae1-3cccbf21aab7 req-2f92dedb-c603-4c6e-8815-a5032776cb12 709c399d191e46e0816651119cfdb52f bb1f5842a8214640ad4f8c8595425864 - - 71f984fa33844ef493cc49ac6ef015f4 71f984fa33844ef493cc49ac6ef015f4] 199.19.213.169 "GET /v2.0/networks/c9e83506-fb5a-4871-8f51-2ff2ac513975?fields=segments HTTP/1.1" status: 200 len: 212 time: 0.0642605
2026-02-25 20:42:01.156 9 INFO neutron.wsgi [req-115b2a20-ab54-4f49-aae1-3cccbf21aab7 req-85713f54-6b48-42db-945b-a74aff9ea3fc 709c399d191e46e0816651119cfdb52f bb1f5842a8214640ad4f8c8595425864 - - 71f984fa33844ef493cc49ac6ef015f4 71f984fa33844ef493cc49ac6ef015f4] 199.19.213.169 "GET /v2.0/networks/c9e83506-fb5a-4871-8f51-2ff2ac513975?fields=provider%3Aphysical_network&fields=provider%3Anetwork_type HTTP/1.1" status: 200 len: 277 time: 0.0665398
2026-02-25 20:42:01.349 10 INFO neutron.plugins.ml2.drivers.ovn.mech_driver.mech_driver [None req-d30f8d2e-f636-4c78-9826-d47f0238f5d0 - - - - - -] OVN reports status down for port: c79c89dc-ab08-49e9-9bb6-6bf61c30f03e
2026-02-25 20:42:01.421 9 INFO neutron.wsgi [req-d87b5306-d523-4337-b7c4-b1e62826f3b6 req-4327688a-37a9-40c9-8571-d93ab817af33 709c399d191e46e0816651119cfdb52f bb1f5842a8214640ad4f8c8595425864 - - 71f984fa33844ef493cc49ac6ef015f4 71f984fa33844ef493cc49ac6ef015f4] 199.19.213.169 "GET /v2.0/ports/c79c89dc-ab08-49e9-9bb6-6bf61c30f03e HTTP/1.1" status: 200 len: 1231 time: 0.0482321
2026-02-25 20:42:01.611 10 INFO neutron.db.ovn_revision_numbers_db [None req-d30f8d2e-f636-4c78-9826-d47f0238f5d0 - - - - - -] Successfully bumped revision number for resource c79c89dc-ab08-49e9-9bb6-6bf61c30f03e (type: ports) to 7
2026-02-25 20:42:01.684 9 INFO neutron.wsgi [req-d87b5306-d523-4337-b7c4-b1e62826f3b6 req-962872cb-901a-40e6-9ca0-26af1fc4fae1 a7403bfa94a0415492633a7e484d2c3c 27c676a40c654053a504661d6302f55d - - default default] 199.19.213.169 "DELETE /v2.0/ports/c79c89dc-ab08-49e9-9bb6-6bf61c30f03e HTTP/1.1" status: 204 len: 173 time: 0.2576776
2026-02-25 20:42:01.730 9 INFO neutron.notifiers.nova [-] Nova event matching ['req-8304a8ba-0a8a-43f8-aad8-363d356e8d5e'] response: {'server_uuid': 'e4da52bb-5bad-4e1a-9d6a-dfc1086dcbf3', 'name': 'network-vif-deleted', 'tag': 'c79c89dc-ab08-49e9-9bb6-6bf61c30f03e', 'status': 'completed', 'code': 200}
2026-02-25 20:42:01.787 9 INFO neutron.wsgi [req-d87b5306-d523-4337-b7c4-b1e62826f3b6 req-e1aae435-fa46-4b7f-85e5-314d6ba95dd7 709c399d191e46e0816651119cfdb52f bb1f5842a8214640ad4f8c8595425864 - - 71f984fa33844ef493cc49ac6ef015f4 71f984fa33844ef493cc49ac6ef015f4] 199.19.213.169 "GET /v2.0/ports?tenant_id=27c676a40c654053a504661d6302f55d&device_id=e4da52bb-5bad-4e1a-9d6a-dfc1086dcbf3 HTTP/1.1" status: 200 len: 2727 time: 0.0473037
2026-02-25 20:42:01.853 9 INFO neutron.wsgi [req-d87b5306-d523-4337-b7c4-b1e62826f3b6 req-b058b87f-2a36-4dc5-b67e-5317dd8e629d 709c399d191e46e0816651119cfdb52f bb1f5842a8214640ad4f8c8595425864 - - 71f984fa33844ef493cc49ac6ef015f4 71f984fa33844ef493cc49ac6ef015f4] 199.19.213.169 "GET /v2.0/networks?id=15003cab-cac6-4036-b9ce-7302c05906a2&id=28664600-9c3d-43bd-9e5e-3f6df0e673a6&id=c9e83506-fb5a-4871-8f51-2ff2ac513975 HTTP/1.1" status: 200 len: 2518 time: 0.0610223
2026-02-25 20:42:01.883 9 INFO neutron.wsgi [req-d87b5306-d523-4337-b7c4-b1e62826f3b6 req-e0dc689d-b86c-43e7-bb81-93a8a5efb5cd 709c399d191e46e0816651119cfdb52f bb1f5842a8214640ad4f8c8595425864 - - 71f984fa33844ef493cc49ac6ef015f4 71f984fa33844ef493cc49ac6ef015f4] 199.19.213.169 "GET /v2.0/floatingips?fixed_ip_address=172.24.0.245&port_id=7b8eaf55-6e3a-47df-86b3-d218a4a97ff5 HTTP/1.1" status: 200 len: 217 time: 0.0216691
2026-02-25 20:42:01.923 9 INFO neutron.wsgi [req-d87b5306-d523-4337-b7c4-b1e62826f3b6 req-8b481e06-0f5e-4bbe-ae85-0dbb66d6ef50 709c399d191e46e0816651119cfdb52f bb1f5842a8214640ad4f8c8595425864 - - 71f984fa33844ef493cc49ac6ef015f4 71f984fa33844ef493cc49ac6ef015f4] 199.19.213.169 "GET /v2.0/subnets?id=6138ca76-2c11-417a-a36b-7d82e53eece2 HTTP/1.1" status: 200 len: 829 time: 0.0321984
2026-02-25 20:42:01.949 9 INFO neutron.wsgi [req-d87b5306-d523-4337-b7c4-b1e62826f3b6 req-3f75ac97-993f-46e4-af40-4cb22d371758 709c399d191e46e0816651119cfdb52f bb1f5842a8214640ad4f8c8595425864 - - 71f984fa33844ef493cc49ac6ef015f4 71f984fa33844ef493cc49ac6ef015f4] 199.19.213.169 "GET /v2.0/ports?network_id=15003cab-cac6-4036-b9ce-7302c05906a2&device_owner=network%3Adhcp HTTP/1.1" status: 200 len: 210 time: 0.0179384
2026-02-25 20:42:02.002 9 INFO neutron.wsgi [req-d87b5306-d523-4337-b7c4-b1e62826f3b6 req-b9d32931-c343-4860-9365-45727bcb9560 709c399d191e46e0816651119cfdb52f bb1f5842a8214640ad4f8c8595425864 - - 71f984fa33844ef493cc49ac6ef015f4 71f984fa33844ef493cc49ac6ef015f4] 199.19.213.169 "GET /v2.0/networks/15003cab-cac6-4036-b9ce-7302c05906a2?fields=segments HTTP/1.1" status: 200 len: 212 time: 0.0457137
2026-02-25 20:42:02.067 9 INFO neutron.wsgi [req-d87b5306-d523-4337-b7c4-b1e62826f3b6 req-a5f7ffae-7b11-428b-9b54-8a53b047d8b9 709c399d191e46e0816651119cfdb52f bb1f5842a8214640ad4f8c8595425864 - - 71f984fa33844ef493cc49ac6ef015f4 71f984fa33844ef493cc49ac6ef015f4] 199.19.213.169 "GET /v2.0/networks/15003cab-cac6-4036-b9ce-7302c05906a2?fields=provider%3Aphysical_network&fields=provider%3Anetwork_type HTTP/1.1" status: 200 len: 277 time: 0.0574207
2026-02-25 20:42:02.098 9 INFO neutron.wsgi [req-d87b5306-d523-4337-b7c4-b1e62826f3b6 req-f12892a7-9595-4266-90ea-4352f1948138 709c399d191e46e0816651119cfdb52f bb1f5842a8214640ad4f8c8595425864 - - 71f984fa33844ef493cc49ac6ef015f4 71f984fa33844ef493cc49ac6ef015f4] 199.19.213.169 "GET /v2.0/floatingips?fixed_ip_address=10.1.1.105&port_id=ece10dbe-c297-40b7-b536-3f5530c34095 HTTP/1.1" status: 200 len: 217 time: 0.0241008 /var/lib/openstack/lib/python3.10/site-packages/pycadf/identifier.py:71: UserWarning: Invalid uuid: neutron. To ensure interoperability, identifiers should be a valid uuid. warnings.warn(('Invalid uuid: %s. To ensure interoperability, '
2026-02-25 20:42:02.139 9 INFO neutron.wsgi [req-d87b5306-d523-4337-b7c4-b1e62826f3b6 req-16bd92a2-e150-49ae-9ec9-e8b429dbc64b 709c399d191e46e0816651119cfdb52f bb1f5842a8214640ad4f8c8595425864 - - 71f984fa33844ef493cc49ac6ef015f4 71f984fa33844ef493cc49ac6ef015f4] 199.19.213.169 "GET /v2.0/subnets?id=05bb7f19-60a5-4f83-984a-b694a2157cda HTTP/1.1" status: 200 len: 854 time: 0.0353572
2026-02-25 20:42:02.156 10 INFO neutron.wsgi [None req-ae886d8e-7e40-4be1-a33e-0ccfd6cfff95 a7403bfa94a0415492633a7e484d2c3c 27c676a40c654053a504661d6302f55d - - default default] 199.19.213.169 "GET /v2.0/ports?device_id=e4da52bb-5bad-4e1a-9d6a-dfc1086dcbf3 HTTP/1.1" status: 200 len: 2727 time: 0.0608840
2026-02-25 20:42:02.174 9 INFO neutron.wsgi [req-d87b5306-d523-4337-b7c4-b1e62826f3b6 req-57c0981b-a7b5-4a70-b3ba-f5e8227255c6 709c399d191e46e0816651119cfdb52f bb1f5842a8214640ad4f8c8595425864 - - 71f984fa33844ef493cc49ac6ef015f4 71f984fa33844ef493cc49ac6ef015f4] 199.19.213.169 "GET /v2.0/ports?network_id=28664600-9c3d-43bd-9e5e-3f6df0e673a6&device_owner=network%3Adhcp HTTP/1.1" status: 200 len: 210 time: 0.0264444
2026-02-25 20:42:02.179 10 INFO neutron.pecan_wsgi.hooks.translation [None req-d4fae187-4bd8-4256-97ac-dbc7c3a243c5 a7403bfa94a0415492633a7e484d2c3c 27c676a40c654053a504661d6302f55d - - default default] DELETE failed (client error): The resource could not be found.
2026-02-25 20:42:02.182 10 INFO neutron.wsgi [None req-d4fae187-4bd8-4256-97ac-dbc7c3a243c5 a7403bfa94a0415492633a7e484d2c3c 27c676a40c654053a504661d6302f55d - - default default] 199.19.213.169 "DELETE /v2.0/ports/c79c89dc-ab08-49e9-9bb6-6bf61c30f03e HTTP/1.1" status: 404 len: 338 time: 0.0188780
2026-02-25 20:42:02.259 9 INFO neutron.wsgi [req-d87b5306-d523-4337-b7c4-b1e62826f3b6 req-b485bd93-c2b5-4952-8399-300ac385a3dc 709c399d191e46e0816651119cfdb52f bb1f5842a8214640ad4f8c8595425864 - - 71f984fa33844ef493cc49ac6ef015f4 71f984fa33844ef493cc49ac6ef015f4] 199.19.213.169 "GET /v2.0/networks/28664600-9c3d-43bd-9e5e-3f6df0e673a6?fields=segments HTTP/1.1" status: 200 len: 212 time: 0.0740869
2026-02-25 20:42:02.296 10 INFO neutron.wsgi [None req-a39807ca-cf91-49a7-9dcb-83694330a737 a7403bfa94a0415492633a7e484d2c3c 27c676a40c654053a504661d6302f55d - - default default] 199.19.213.169 "GET /v2.0/extensions/security-group HTTP/1.1" status: 200 len: 369 time: 0.0098431
2026-02-25 20:42:02.310 10 INFO neutron.wsgi [None req-40d8df8a-d316-4424-b1a1-f4dbbcddbf0f a7403bfa94a0415492633a7e484d2c3c 27c676a40c654053a504661d6302f55d - - default default] 199.19.213.169 "GET /v2.0/extensions/dns-integration HTTP/1.1" status: 200 len: 371 time: 0.0072618
2026-02-25 20:42:02.324 10 INFO neutron.wsgi [None req-48a86aa5-abf2-4ffd-8790-0bf54e757293 a7403bfa94a0415492633a7e484d2c3c 27c676a40c654053a504661d6302f55d - - default default] 199.19.213.169 "GET /v2.0/extensions/qos HTTP/1.1" status: 200 len: 365 time: 0.0071375
2026-02-25 20:42:02.331 9 INFO neutron.wsgi [req-d87b5306-d523-4337-b7c4-b1e62826f3b6 req-58ce6f44-64a9-43b2-a8ad-396180748a40 709c399d191e46e0816651119cfdb52f bb1f5842a8214640ad4f8c8595425864 - - 71f984fa33844ef493cc49ac6ef015f4 71f984fa33844ef493cc49ac6ef015f4] 199.19.213.169 "GET /v2.0/networks/28664600-9c3d-43bd-9e5e-3f6df0e673a6?fields=provider%3Aphysical_network&fields=provider%3Anetwork_type HTTP/1.1" status: 200 len: 277 time: 0.0624902
2026-02-25 20:42:02.334 10 INFO neutron.wsgi [None req-a77bae14-34cf-421b-a83f-7f1685e9f644 a7403bfa94a0415492633a7e484d2c3c 27c676a40c654053a504661d6302f55d - - default default] 199.19.213.169 "GET /v2.0/extensions/allowed-address-pairs HTTP/1.1" status: 200 len: 383 time: 0.0041971
2026-02-25 20:42:02.383 10 INFO neutron.wsgi [None req-f43d080f-caf1-4164-8cc4-297b5c430a73 a7403bfa94a0415492633a7e484d2c3c 27c676a40c654053a504661d6302f55d - - default default] 199.19.213.169 "GET /v2.0/subnets/05bb7f19-60a5-4f83-984a-b694a2157cda HTTP/1.1" status: 200 len: 851 time: 0.0421422
2026-02-25 20:42:02.426 10 INFO neutron.wsgi [None req-98889072-237d-4cd3-9c98-e0d02f86a149 a7403bfa94a0415492633a7e484d2c3c 27c676a40c654053a504661d6302f55d - - default default] 199.19.213.169 "GET /v2.0/ports/78f383b5-652d-4a7b-aae6-503a2ce96b7d HTTP/1.1" status: 200 len: 1336 time: 0.0350356
2026-02-25 20:42:02.464 10 INFO neutron.wsgi [None req-819f2798-049d-4e42-ab0d-9798b9843444 a7403bfa94a0415492633a7e484d2c3c 27c676a40c654053a504661d6302f55d - - default default] 199.19.213.169 "GET /v2.0/ports/ece10dbe-c297-40b7-b536-3f5530c34095 HTTP/1.1" status: 200 len: 1518 time: 0.0324452
2026-02-25 20:42:02.501 10 INFO neutron.wsgi [None req-e3ff6388-85a1-49d3-a2d7-f193f6b9429d a7403bfa94a0415492633a7e484d2c3c 27c676a40c654053a504661d6302f55d - - default default] 199.19.213.169 "GET /v2.0/subnets/05bb7f19-60a5-4f83-984a-b694a2157cda HTTP/1.1" status: 200 len: 851 time: 0.0299289
2026-02-25 20:42:02.579 10 INFO neutron.wsgi [None req-382bd863-41e2-4f4d-8da4-476cf11358de a7403bfa94a0415492633a7e484d2c3c 27c676a40c654053a504661d6302f55d - - default default] 199.19.213.169 "GET /v2.0/networks/28664600-9c3d-43bd-9e5e-3f6df0e673a6 HTTP/1.1" status: 200 len: 1001 time: 0.0702817
2026-02-25 20:42:02.623 10 INFO neutron.wsgi [None req-e56d0b13-dda8-4630-b88c-3143f37a0ef4 a7403bfa94a0415492633a7e484d2c3c 27c676a40c654053a504661d6302f55d - - default default] 199.19.213.169 "GET /v2.0/ports/78f383b5-652d-4a7b-aae6-503a2ce96b7d HTTP/1.1" status: 200 len: 1336 time: 0.0343053
2026-02-25 20:42:02.663 10 INFO neutron.wsgi [None req-7e84d9d2-7564-4914-8760-5cbc3a88d716 a7403bfa94a0415492633a7e484d2c3c 27c676a40c654053a504661d6302f55d - - default default] 199.19.213.169 "GET /v2.0/subnets/05bb7f19-60a5-4f83-984a-b694a2157cda HTTP/1.1" status: 200 len: 851 time: 0.0318451
2026-02-25 20:42:02.916 10 INFO neutron.notifiers.nova [-] Nova event matching ['req-625bac1c-d222-43f8-aa5e-7e1e599e6026'] response: {'server_uuid': 'e4da52bb-5bad-4e1a-9d6a-dfc1086dcbf3', 'name': 'network-vif-unplugged', 'status': 'completed', 'tag': 'c79c89dc-ab08-49e9-9bb6-6bf61c30f03e', 'code': 200}
2026-02-25 20:42:02.917 10 INFO neutron.notifiers.nova [-] Nova event matching ['req-625bac1c-d222-43f8-aa5e-7e1e599e6026'] response: {'server_uuid': 'e4da52bb-5bad-4e1a-9d6a-dfc1086dcbf3', 'name': 'network-vif-plugged', 'status': 'completed', 'tag': 'c79c89dc-ab08-49e9-9bb6-6bf61c30f03e', 'code': 200}
2026-02-25 20:42:10.828 9 INFO neutron.wsgi [None req-fdae5c80-0325-4a9f-b492-ec096a91b334 a7403bfa94a0415492633a7e484d2c3c 27c676a40c654053a504661d6302f55d - - default default] 199.19.213.169 "GET /v2.0/extensions/security-group HTTP/1.1" status: 200 len: 369 time: 0.0085804
2026-02-25 20:42:10.838 9 INFO neutron.wsgi [None req-48119f11-a777-42ba-88d7-505b4cddbb3b a7403bfa94a0415492633a7e484d2c3c 27c676a40c654053a504661d6302f55d - - default default] 199.19.213.169 "GET /v2.0/extensions/dns-integration HTTP/1.1" status: 200 len: 371 time: 0.0043874
2026-02-25 20:42:10.845 9 INFO neutron.wsgi [None req-58e5c238-a239-48e3-99b7-cf6d3145ba60 a7403bfa94a0415492633a7e484d2c3c 27c676a40c654053a504661d6302f55d - - default default] 199.19.213.169 "GET /v2.0/extensions/qos HTTP/1.1" status: 200 len: 365 time: 0.0040946
2026-02-25 20:42:10.853 9 INFO neutron.wsgi [None req-809e4cca-f622-4a0c-82f1-db7c4fa9cd4d a7403bfa94a0415492633a7e484d2c3c 27c676a40c654053a504661d6302f55d - - default default] 199.19.213.169 "GET /v2.0/extensions/allowed-address-pairs HTTP/1.1" status: 200 len: 383 time: 0.0048656
2026-02-25 20:42:10.866 9 INFO neutron.api.v2.resource [None req-37f1cbdc-1edf-4155-aa8c-7062aaa9c284 a7403bfa94a0415492633a7e484d2c3c 27c676a40c654053a504661d6302f55d - - default default] show failed (client error): The resource could not be found.
2026-02-25 20:42:10.868 9 INFO neutron.wsgi [None req-37f1cbdc-1edf-4155-aa8c-7062aaa9c284 a7403bfa94a0415492633a7e484d2c3c 27c676a40c654053a504661d6302f55d - - default default] 199.19.213.169 "GET /v2.0/security-groups/lb-9cf4f00f-d2cf-4e5f-a58e-3a22de34282a HTTP/1.1" status: 404 len: 355 time: 0.0103357
2026-02-25 20:42:10.910 9 INFO neutron.wsgi [None req-cb4232f4-524e-4645-a2ba-a00134000bc2 a7403bfa94a0415492633a7e484d2c3c 27c676a40c654053a504661d6302f55d - - default default] 199.19.213.169 "GET /v2.0/security-groups?name=lb-9cf4f00f-d2cf-4e5f-a58e-3a22de34282a HTTP/1.1" status: 200 len: 2941 time: 0.0378680
2026-02-25 20:42:10.945 9 INFO neutron.wsgi [None req-dcbecb28-8998-416e-bbde-30a34369b01a a7403bfa94a0415492633a7e484d2c3c 27c676a40c654053a504661d6302f55d - - default default] 199.19.213.169 "GET /v2.0/security-group-rules?security_group_id=99ed7600-a906-4ac5-b799-a02db3265f97 HTTP/1.1" status: 200 len: 2406 time: 0.0288062
2026-02-25 20:42:11.094 9 INFO neutron.wsgi [None req-b6ec6abb-1c70-4ad4-b2e0-020cb38e7a4b a7403bfa94a0415492633a7e484d2c3c 27c676a40c654053a504661d6302f55d - - default default] 199.19.213.169 "DELETE /v2.0/security-group-rules/3275f2e1-c6d0-47c0-9284-8bafa184e641 HTTP/1.1" status: 204 len: 173 time: 0.1349173
2026-02-25 20:42:11.220 9 INFO neutron.wsgi [None req-9354668a-5e2d-447c-b171-115679ed1259 a7403bfa94a0415492633a7e484d2c3c 27c676a40c654053a504661d6302f55d - - default default] 199.19.213.169 "DELETE /v2.0/security-group-rules/e00a395e-d080-4647-87c1-86187bc77f68 HTTP/1.1" status: 204 len: 173 time: 0.1185327
2026-02-25 20:42:12.891 9 INFO neutron.wsgi [-] 10.0.0.166 "GET / HTTP/1.1" status: 200 len: 246 time: 0.0019717
2026-02-25 20:42:12.893 10 INFO neutron.wsgi [-] 10.0.0.166 "GET / HTTP/1.1" status: 200 len: 246 time: 0.0030775
2026-02-25 20:42:15.149 9 INFO neutron.db.l3_db [None req-5526658e-c766-497c-9669-af896b568325 3014f43c02dd48d08e01d69496590b5f 9fa84156ec5945b4a0f64edb7b3b1aa9 - - default default] Floating IP 66e9b236-8524-40d3-b9fd-a4c6e5bb49ce disassociated (deleted). External IP: 10.96.250.220, port: 78f383b5-652d-4a7b-aae6-503a2ce96b7d.
2026-02-25 20:42:15.242 9 INFO neutron.wsgi [None req-5526658e-c766-497c-9669-af896b568325 3014f43c02dd48d08e01d69496590b5f 9fa84156ec5945b4a0f64edb7b3b1aa9 - - default default] 10.0.0.239 "DELETE /v2.0/floatingips/66e9b236-8524-40d3-b9fd-a4c6e5bb49ce HTTP/1.1" status: 204 len: 168 time: 0.4851403 /var/lib/openstack/lib/python3.10/site-packages/pycadf/identifier.py:71: UserWarning: Invalid uuid: neutron. To ensure interoperability, identifiers should be a valid uuid. warnings.warn(('Invalid uuid: %s. To ensure interoperability, '
2026-02-25 20:42:15.270 9 INFO neutron.api.v2.resource [None req-48bb6c60-de26-4e5d-b53c-549cc90544d5 3014f43c02dd48d08e01d69496590b5f 9fa84156ec5945b4a0f64edb7b3b1aa9 - - default default] show failed (client error): The resource could not be found.
2026-02-25 20:42:15.272 9 INFO neutron.wsgi [None req-48bb6c60-de26-4e5d-b53c-549cc90544d5 3014f43c02dd48d08e01d69496590b5f 9fa84156ec5945b4a0f64edb7b3b1aa9 - - default default] 10.0.0.239 "GET /v2.0/floatingips/66e9b236-8524-40d3-b9fd-a4c6e5bb49ce HTTP/1.1" status: 404 len: 345 time: 0.0239069
2026-02-25 20:42:15.856 10 INFO neutron.wsgi [None req-b77eef22-84f1-447f-8bfd-9bfe50f82adc a7403bfa94a0415492633a7e484d2c3c 27c676a40c654053a504661d6302f55d - - default default] 199.19.213.169 "GET /v2.0/extensions/security-group HTTP/1.1" status: 200 len: 369 time: 0.0091374
2026-02-25 20:42:15.866 10 INFO neutron.wsgi [None req-1321b43e-114c-4204-ab8c-4ce74525adaa a7403bfa94a0415492633a7e484d2c3c 27c676a40c654053a504661d6302f55d - - default default] 199.19.213.169 "GET /v2.0/extensions/dns-integration HTTP/1.1" status: 200 len: 371 time: 0.0033176
2026-02-25 20:42:15.875 10 INFO neutron.wsgi [None req-82725c10-3c5d-4671-9f77-ee0c52c9c2e7 a7403bfa94a0415492633a7e484d2c3c 27c676a40c654053a504661d6302f55d - - default default] 199.19.213.169 "GET /v2.0/extensions/qos HTTP/1.1" status: 200 len: 365 time: 0.0057604
2026-02-25 20:42:15.886 10 INFO neutron.wsgi [None req-bdf279a4-c242-4c3c-95e8-1c927a9959b7 a7403bfa94a0415492633a7e484d2c3c 27c676a40c654053a504661d6302f55d - - default default] 199.19.213.169 "GET /v2.0/extensions/allowed-address-pairs HTTP/1.1" status: 200 len: 383 time: 0.0071595
2026-02-25 20:42:15.931 10 INFO neutron.wsgi [None req-db57e67c-a9fe-4562-9b6c-58947db7bdb1 a7403bfa94a0415492633a7e484d2c3c 27c676a40c654053a504661d6302f55d - - default default] 199.19.213.169 "GET /v2.0/subnets/05bb7f19-60a5-4f83-984a-b694a2157cda HTTP/1.1" status: 200 len: 851 time: 0.0392752
2026-02-25 20:42:15.977 10 INFO neutron.wsgi [None req-757341b3-e77b-45ee-ad83-008532b3286a a7403bfa94a0415492633a7e484d2c3c 27c676a40c654053a504661d6302f55d - - default default] 199.19.213.169 "GET /v2.0/ports?device_id=e4da52bb-5bad-4e1a-9d6a-dfc1086dcbf3 HTTP/1.1" status: 200 len: 2727 time: 0.0408108
