2026-02-25 20:38:08.984 10 WARNING neutron_lib.context [None req-b5bd3e2c-41fc-4541-9e6f-acb2fa7db8b5 06a4add056a64dda83acd2c6140fb078 2c101aad12d843aca5404d5fccb741b8 - - default default] Method 'is_advsvc' is deprecated since 2023.2 release (neutron-lib 3.8.0) and will be removed once support for the old RBAC API policies will be removed from Neutron. Please use method 'is_service_role' instead.
2026-02-25 20:38:09.354 9 INFO neutron.db.ovn_revision_numbers_db [None req-5dcb1ffc-d91c-4640-8b65-5b0c6f1e3f75 a7403bfa94a0415492633a7e484d2c3c 27c676a40c654053a504661d6302f55d - - default default] Successfully bumped revision number for resource df1211ba-ae55-4c4c-951d-8f906adcabdc (type: security_groups) to 1
2026-02-25 20:38:09.367 9 INFO neutron.db.ovn_revision_numbers_db [None req-5dcb1ffc-d91c-4640-8b65-5b0c6f1e3f75 a7403bfa94a0415492633a7e484d2c3c 27c676a40c654053a504661d6302f55d - - default default] Successfully bumped revision number for resource 0b865f38-3a06-4926-b545-a3513d82300f (type: security_group_rules) to 0
2026-02-25 20:38:09.382 9 INFO neutron.db.ovn_revision_numbers_db [None req-5dcb1ffc-d91c-4640-8b65-5b0c6f1e3f75 a7403bfa94a0415492633a7e484d2c3c 27c676a40c654053a504661d6302f55d - - default default] Successfully bumped revision number for resource 85ff0833-f2f6-496e-9ae8-f8335acfd526 (type: security_group_rules) to 0
2026-02-25 20:38:09.396 9 INFO neutron.db.ovn_revision_numbers_db [None req-5dcb1ffc-d91c-4640-8b65-5b0c6f1e3f75 a7403bfa94a0415492633a7e484d2c3c 27c676a40c654053a504661d6302f55d - - default default] Successfully bumped revision number for resource 9b714ae2-10e1-44ae-a278-bfd5a9618549 (type: security_group_rules) to 0
2026-02-25 20:38:09.408 9 INFO neutron.db.ovn_revision_numbers_db [None req-5dcb1ffc-d91c-4640-8b65-5b0c6f1e3f75 a7403bfa94a0415492633a7e484d2c3c 27c676a40c654053a504661d6302f55d - - default default] Successfully bumped revision number for resource b8709719-0db3-42de-8c88-284e6be49080 (type: security_group_rules) to 0
2026-02-25 20:38:09.430 9 INFO neutron.wsgi [None req-5dcb1ffc-d91c-4640-8b65-5b0c6f1e3f75 a7403bfa94a0415492633a7e484d2c3c 27c676a40c654053a504661d6302f55d - - default default] 10.0.0.239 "GET /v2.0/security-groups?tenant_id=e21484a7b1f74728b2af343a60143cac&name=default HTTP/1.1" status: 200 len: 2996 time: 0.3483210
2026-02-25 20:38:09.540 10 INFO neutron.wsgi [None req-b5bd3e2c-41fc-4541-9e6f-acb2fa7db8b5 06a4add056a64dda83acd2c6140fb078 2c101aad12d843aca5404d5fccb741b8 - - default default] 10.0.0.239 "POST /v2.0/trunks HTTP/1.1" status: 201 len: 608 time: 0.5625186
2026-02-25 20:38:09.606 9 INFO neutron.wsgi [None req-784e4c3f-43b6-4e70-a518-4c1b97cab65f 06a4add056a64dda83acd2c6140fb078 2c101aad12d843aca5404d5fccb741b8 - - default default] 10.0.0.239 "PUT /v2.0/trunks/41238588-8282-4446-a4e4-0800ee3baffc/tags HTTP/1.1" status: 200 len: 210 time: 0.0602009
2026-02-25 20:38:09.659 10 INFO neutron.wsgi [None req-69cb2e9c-5deb-44fe-b60b-cfab2e4fd04c 06a4add056a64dda83acd2c6140fb078 2c101aad12d843aca5404d5fccb741b8 - - default default] 10.0.0.239 "PUT /v2.0/trunks/a6c1199d-c845-4763-aa27-59e35a776921/tags HTTP/1.1" status: 200 len: 218 time: 0.0431061
2026-02-25 20:38:09.724 9 INFO neutron.wsgi [None req-f440dbdc-6b29-446e-b9af-d6563888d9ed a7403bfa94a0415492633a7e484d2c3c 27c676a40c654053a504661d6302f55d - - default default] 10.0.0.239 "DELETE /v2.0/security-groups/df1211ba-ae55-4c4c-951d-8f906adcabdc HTTP/1.1" status: 204 len: 168 time: 0.2884414
2026-02-25 20:38:09.729 10 INFO neutron.wsgi [None req-319afcfb-d654-4fa8-a1ce-2f2ad2e0e598 06a4add056a64dda83acd2c6140fb078 2c101aad12d843aca5404d5fccb741b8 - - default default] 10.0.0.239 "PUT /v2.0/trunks/79d7e09e-fa43-4c8b-a005-b577ccdc1d03/tags HTTP/1.1" status: 200 len: 227 time: 0.0655465
2026-02-25 20:38:09.778 10 INFO neutron.wsgi [None req-ba12e90d-93c2-4228-9074-b961ffa69ae9 06a4add056a64dda83acd2c6140fb078 2c101aad12d843aca5404d5fccb741b8 - - default default] 10.0.0.239 "PUT /v2.0/trunks/89c9b406-1d37-421b-bc8d-f34539201cd8/tags HTTP/1.1" status: 200 len: 212 time: 0.0445759
2026-02-25 20:38:09.803 10 INFO neutron.wsgi [None req-e25e820a-1a19-4211-baa5-e1bd14cbef3b 06a4add056a64dda83acd2c6140fb078 2c101aad12d843aca5404d5fccb741b8 - - default default] 10.0.0.239 "GET /v2.0/trunks?tags=red HTTP/1.1" status: 200 len: 1447 time: 0.0185695
2026-02-25 20:38:09.833 10 INFO neutron.wsgi [None req-f20f6eaa-81ec-4c15-aed7-9fa105c69595 06a4add056a64dda83acd2c6140fb078 2c101aad12d843aca5404d5fccb741b8 - - default default] 10.0.0.239 "GET /v2.0/trunks?tags=red%2Cblue HTTP/1.1" status: 200 len: 1041 time: 0.0213718
2026-02-25 20:38:09.846 9 INFO neutron.wsgi [-] 10.0.0.239 "GET / HTTP/1.1" status: 200 len: 279 time: 0.0015080
2026-02-25 20:38:09.857 10 INFO neutron.wsgi [None req-0b6eaf46-5d6e-4994-b599-07d993ec39c7 06a4add056a64dda83acd2c6140fb078 2c101aad12d843aca5404d5fccb741b8 - - default default] 10.0.0.239 "GET /v2.0/trunks?tags-any=blue HTTP/1.1" status: 200 len: 1041 time: 0.0205340
2026-02-25 20:38:09.885 10 INFO neutron.wsgi [None req-155a26fd-8b4f-4c1d-b5d1-06219513cc51 06a4add056a64dda83acd2c6140fb078 2c101aad12d843aca5404d5fccb741b8 - - default default] 10.0.0.239 "GET /v2.0/trunks?tags-any=red%2Cblue HTTP/1.1" status: 200 len: 1447 time: 0.0236595
2026-02-25 20:38:09.923 9 INFO neutron.wsgi [None req-d53c4ba5-bed6-4e8b-a342-dd7979ebbead 06a4add056a64dda83acd2c6140fb078 2c101aad12d843aca5404d5fccb741b8 - - default default] 10.0.0.239 "GET /v2.0/trunks?not-tags=red HTTP/1.1" status: 200 len: 1013 time: 0.0295045
2026-02-25 20:38:09.954 9 INFO neutron.wsgi [None req-cbcec344-31d4-40b3-8c41-7954032203df 06a4add056a64dda83acd2c6140fb078 2c101aad12d843aca5404d5fccb741b8 - - default default] 10.0.0.239 "GET /v2.0/trunks?not-tags=red%2Cblue HTTP/1.1" status: 200 len: 1419 time: 0.0257871
2026-02-25 20:38:09.975 9 INFO neutron.wsgi [None req-dee0987a-cc59-4949-bdb6-b6cad9a8f494 35e837be61964aa1a8f7caeeb906dcca 8faae92c37fd489692ee09a0dbbefbf6 - - default default] 10.0.0.239 "GET /v2.0/ HTTP/1.1" status: 200 len: 826 time: 0.1229746
2026-02-25 20:38:09.991 10 INFO neutron.wsgi [None req-2301715d-5bef-4a96-bee6-3b9b394adeba 06a4add056a64dda83acd2c6140fb078 2c101aad12d843aca5404d5fccb741b8 - - default default] 10.0.0.239 "GET /v2.0/trunks?not-tags-any=blue HTTP/1.1" status: 200 len: 1419 time: 0.0296283
2026-02-25 20:38:10.020 10 INFO neutron.wsgi [None req-61dd31a3-39a8-47ce-9447-2651d7f74b3f 06a4add056a64dda83acd2c6140fb078 2c101aad12d843aca5404d5fccb741b8 - - default default] 10.0.0.239 "GET /v2.0/trunks?not-tags-any=red%2Cblue HTTP/1.1" status: 200 len: 1013 time: 0.0248780
2026-02-25 20:38:10.046 10 INFO neutron.wsgi [None req-3a793912-0207-4c52-9c32-2cbbf1339d3b 06a4add056a64dda83acd2c6140fb078 2c101aad12d843aca5404d5fccb741b8 - - default default] 10.0.0.239 "GET /v2.0/trunks/41238588-8282-4446-a4e4-0800ee3baffc HTTP/1.1" status: 200 len: 608 time: 0.0155072
2026-02-25 20:38:10.074 9 INFO neutron.wsgi [None req-ccd1ecc9-46e0-4fc7-a185-5dbf69767c09 79f6f2e1cca8482c9edbe46cb94416f8 62af8e5bc68347cd876dc63edcdf0191 - - default default] 10.0.0.239 "GET /v2.0/ports?project_id=77afc5060c034997918daa0ebadd1773&network_id=1504a75b-c112-4a37-983a-133fb9a44d3f HTTP/1.1" status: 200 len: 3510 time: 0.0697720
2026-02-25 20:38:10.192 10 INFO neutron.wsgi [None req-01f5c735-f898-402b-9e99-c5e7699f374d 06a4add056a64dda83acd2c6140fb078 2c101aad12d843aca5404d5fccb741b8 - - default default] 10.0.0.239 "GET /v2.0/ports/2041d488-664b-4012-8f2e-f0d640045c98 HTTP/1.1" status: 200 len: 1020 time: 0.1407480
2026-02-25 20:38:10.293 10 INFO neutron.wsgi [None req-d830b258-8423-4cf0-b3b9-3fa5ab18f09f 06a4add056a64dda83acd2c6140fb078 2c101aad12d843aca5404d5fccb741b8 - - default default] 10.0.0.239 "DELETE /v2.0/trunks/41238588-8282-4446-a4e4-0800ee3baffc HTTP/1.1" status: 204 len: 168 time: 0.0927289
2026-02-25 20:38:10.323 10 INFO neutron.wsgi [None req-4949e32a-5bf9-4f99-ab3d-5e5c304788f1 06a4add056a64dda83acd2c6140fb078 2c101aad12d843aca5404d5fccb741b8 - - default default] 10.0.0.239 "GET /v2.0/trunks/a6c1199d-c845-4763-aa27-59e35a776921 HTTP/1.1" status: 200 len: 616 time: 0.0234268
2026-02-25 20:38:10.349 9 INFO neutron.wsgi [None req-edc832b4-7993-41a1-8a72-eb53f31417fd 79f6f2e1cca8482c9edbe46cb94416f8 62af8e5bc68347cd876dc63edcdf0191 - - default default] 10.0.0.239 "GET /v2.0/subnets?network_id=aa707c75-8052-4baa-a575-b0f4251b61fd HTTP/1.1" status: 200 len: 838 time: 0.0427082
2026-02-25 20:38:10.429 10 INFO neutron.wsgi [None req-67a1a1d6-bbfe-4fc4-acca-e4d5418f4152 06a4add056a64dda83acd2c6140fb078 2c101aad12d843aca5404d5fccb741b8 - - default default] 10.0.0.239 "GET /v2.0/ports/fc8e18c0-d98f-4817-9e56-7c7fffbfca3b HTTP/1.1" status: 200 len: 1020 time: 0.0957892
2026-02-25 20:38:10.554 10 WARNING neutron.plugins.ml2.drivers.ovn.mech_driver.ovsdb.ovn_client [None req-d30f8d2e-f636-4c78-9826-d47f0238f5d0 - - - - - -] No port found with ID 976bfcf8-c480-44f3-ae68-4130220a4d2e: RuntimeError: No port found with ID 976bfcf8-c480-44f3-ae68-4130220a4d2e
2026-02-25 20:38:10.630 10 INFO neutron.db.l3_db [None req-0ba8c0c6-0d24-48b3-a024-d4d00972bfd1 914717fcd30b4fa5a2f786bf0b1fceae 77afc5060c034997918daa0ebadd1773 - - default default] Floating IP d8447700-4e05-46d4-841f-18e915380b76 disassociated. External IP: 10.96.250.217, port: fac6e39c-7ed2-4b37-94a7-38260a62d457.
2026-02-25 20:38:10.699 10 INFO neutron.db.ovn_revision_numbers_db [None req-0ba8c0c6-0d24-48b3-a024-d4d00972bfd1 914717fcd30b4fa5a2f786bf0b1fceae 77afc5060c034997918daa0ebadd1773 - - default default] Successfully bumped revision number for resource d8447700-4e05-46d4-841f-18e915380b76 (type: floatingips) to 2
2026-02-25 20:38:10.772 10 INFO neutron.wsgi [None req-0ba8c0c6-0d24-48b3-a024-d4d00972bfd1 914717fcd30b4fa5a2f786bf0b1fceae 77afc5060c034997918daa0ebadd1773 - - default default] 10.0.0.239 "PUT /v2.0/floatingips/d8447700-4e05-46d4-841f-18e915380b76 HTTP/1.1" status: 200 len: 748 time: 0.2854671 /var/lib/openstack/lib/python3.10/site-packages/pycadf/identifier.py:71: UserWarning: Invalid uuid: neutron. To ensure interoperability, identifiers should be a valid uuid. warnings.warn(('Invalid uuid: %s. To ensure interoperability, '
2026-02-25 20:38:10.820 10 INFO neutron.wsgi [None req-a9ac8c2c-ecb6-44cb-9199-acb0cdc49a44 914717fcd30b4fa5a2f786bf0b1fceae 77afc5060c034997918daa0ebadd1773 - - default default] 10.0.0.239 "GET /v2.0/floatingips/d8447700-4e05-46d4-841f-18e915380b76 HTTP/1.1" status: 200 len: 746 time: 0.0390787
2026-02-25 20:38:10.822 10 INFO neutron.notifiers.nova [-] Nova event matching ['req-ff0d14d9-02a5-454f-a0af-e7c53d131735'] response: {'name': 'network-changed', 'server_uuid': '4444423e-3ace-4999-b6ae-8aa3c43a0033', 'tag': 'fac6e39c-7ed2-4b37-94a7-38260a62d457', 'status': 'completed', 'code': 200}
2026-02-25 20:38:10.925 9 INFO neutron.wsgi [req-13c522a1-1dda-4938-afc3-82d91111c452 req-10286130-d173-4ff9-b004-4a83b3b182a9 709c399d191e46e0816651119cfdb52f bb1f5842a8214640ad4f8c8595425864 - - 71f984fa33844ef493cc49ac6ef015f4 71f984fa33844ef493cc49ac6ef015f4] 199.19.213.169 "GET /v2.0/ports?tenant_id=77afc5060c034997918daa0ebadd1773&device_id=4444423e-3ace-4999-b6ae-8aa3c43a0033 HTTP/1.1" status: 200 len: 1409 time: 0.0672359
2026-02-25 20:38:10.954 9 INFO neutron.wsgi [None req-652c1fb7-d2e7-46ff-a963-96f794cddd42 06a4add056a64dda83acd2c6140fb078 2c101aad12d843aca5404d5fccb741b8 - - default default] 10.0.0.239 "DELETE /v2.0/trunks/a6c1199d-c845-4763-aa27-59e35a776921 HTTP/1.1" status: 204 len: 168 time: 0.5182073
2026-02-25 20:38:10.983 10 INFO neutron.wsgi [None req-2b40eb5c-d43c-46bf-80ed-34b804e1611b 06a4add056a64dda83acd2c6140fb078 2c101aad12d843aca5404d5fccb741b8 - - default default] 10.0.0.239 "GET /v2.0/trunks/79d7e09e-fa43-4c8b-a005-b577ccdc1d03 HTTP/1.1" status: 200 len: 625 time: 0.0217688
2026-02-25 20:38:11.006 9 INFO neutron.wsgi [req-13c522a1-1dda-4938-afc3-82d91111c452 req-6b50c23d-b4c4-40a8-adc1-c0abbc98c157 709c399d191e46e0816651119cfdb52f bb1f5842a8214640ad4f8c8595425864 - - 71f984fa33844ef493cc49ac6ef015f4 71f984fa33844ef493cc49ac6ef015f4] 199.19.213.169 "GET /v2.0/networks?id=1504a75b-c112-4a37-983a-133fb9a44d3f HTTP/1.1" status: 200 len: 958 time: 0.0735774
2026-02-25 20:38:11.036 9 INFO neutron.wsgi [req-13c522a1-1dda-4938-afc3-82d91111c452 req-2e9efb93-cde4-4ade-b5a9-c386773872fc 709c399d191e46e0816651119cfdb52f bb1f5842a8214640ad4f8c8595425864 - - 71f984fa33844ef493cc49ac6ef015f4 71f984fa33844ef493cc49ac6ef015f4] 199.19.213.169 "GET /v2.0/floatingips?fixed_ip_address=10.100.0.3&port_id=fac6e39c-7ed2-4b37-94a7-38260a62d457 HTTP/1.1" status: 200 len: 217 time: 0.0229247
2026-02-25 20:38:11.082 9 INFO neutron.db.ovn_revision_numbers_db [None req-cbb34b9d-75a1-4857-ac56-41549893a332 a7403bfa94a0415492633a7e484d2c3c 27c676a40c654053a504661d6302f55d - - default default] Successfully bumped revision number for resource 5dfe2294-12d8-4756-9ec1-0bcdef7392c4 (type: security_groups) to 1
2026-02-25 20:38:11.087 9 INFO neutron.wsgi [req-13c522a1-1dda-4938-afc3-82d91111c452 req-12a2480c-f18f-41ee-a523-ac3f41218696 709c399d191e46e0816651119cfdb52f bb1f5842a8214640ad4f8c8595425864 - - 71f984fa33844ef493cc49ac6ef015f4 71f984fa33844ef493cc49ac6ef015f4] 199.19.213.169 "GET /v2.0/subnets?id=d25ba572-6c35-4e54-ba78-6fdd5907bfff HTTP/1.1" status: 200 len: 852 time: 0.0454314
2026-02-25 20:38:11.106 9 INFO neutron.db.ovn_revision_numbers_db [None req-cbb34b9d-75a1-4857-ac56-41549893a332 a7403bfa94a0415492633a7e484d2c3c 27c676a40c654053a504661d6302f55d - - default default] Successfully bumped revision number for resource 126ee9a9-80db-4e8b-9989-2583f9b18a34 (type: security_group_rules) to 0
2026-02-25 20:38:11.116 9 INFO neutron.wsgi [req-13c522a1-1dda-4938-afc3-82d91111c452 req-50ab29e3-8410-4ec1-b3dc-9e04cf8a7c53 709c399d191e46e0816651119cfdb52f bb1f5842a8214640ad4f8c8595425864 - - 71f984fa33844ef493cc49ac6ef015f4 71f984fa33844ef493cc49ac6ef015f4] 199.19.213.169 "GET /v2.0/ports?network_id=1504a75b-c112-4a37-983a-133fb9a44d3f&device_owner=network%3Adhcp HTTP/1.1" status: 200 len: 210 time: 0.0212858
2026-02-25 20:38:11.144 9 INFO neutron.db.ovn_revision_numbers_db [None req-cbb34b9d-75a1-4857-ac56-41549893a332 a7403bfa94a0415492633a7e484d2c3c 27c676a40c654053a504661d6302f55d - - default default] Successfully bumped revision number for resource 2a53d2e3-a962-425a-ab0a-39e44f758503 (type: security_group_rules) to 0
2026-02-25 20:38:11.149 10 INFO neutron.wsgi [None req-1d119247-988c-4838-b457-605f0fbff997 06a4add056a64dda83acd2c6140fb078 2c101aad12d843aca5404d5fccb741b8 - - default default] 10.0.0.239 "GET /v2.0/ports/b5f0acad-474f-49cf-9eda-ab3a63403adb HTTP/1.1" status: 200 len: 1020 time: 0.1615975
2026-02-25 20:38:11.177 9 INFO neutron.db.ovn_revision_numbers_db [None req-cbb34b9d-75a1-4857-ac56-41549893a332 a7403bfa94a0415492633a7e484d2c3c 27c676a40c654053a504661d6302f55d - - default default] Successfully bumped revision number for resource 2c1355aa-b6b4-4d26-ade0-396eaf077b06 (type: security_group_rules) to 0
2026-02-25 20:38:11.195 9 INFO neutron.db.ovn_revision_numbers_db [None req-cbb34b9d-75a1-4857-ac56-41549893a332 a7403bfa94a0415492633a7e484d2c3c 27c676a40c654053a504661d6302f55d - - default default] Successfully bumped revision number for resource e337e1fa-2f00-4a30-9070-631635d75a62 (type: security_group_rules) to 0
2026-02-25 20:38:11.208 9 INFO neutron.wsgi [req-13c522a1-1dda-4938-afc3-82d91111c452 req-897ccedb-587e-4368-aafd-af73b260a580 709c399d191e46e0816651119cfdb52f bb1f5842a8214640ad4f8c8595425864 - - 71f984fa33844ef493cc49ac6ef015f4 71f984fa33844ef493cc49ac6ef015f4] 199.19.213.169 "GET /v2.0/networks/1504a75b-c112-4a37-983a-133fb9a44d3f?fields=segments HTTP/1.1" status: 200 len: 212 time: 0.0877736
2026-02-25 20:38:11.226 9 INFO neutron.wsgi [None req-cbb34b9d-75a1-4857-ac56-41549893a332 a7403bfa94a0415492633a7e484d2c3c 27c676a40c654053a504661d6302f55d - - default default] 10.0.0.239 "GET /v2.0/security-groups?tenant_id=8faae92c37fd489692ee09a0dbbefbf6&name=default HTTP/1.1" status: 200 len: 2996 time: 0.7673559
2026-02-25 20:38:11.266 10 INFO neutron.wsgi [None req-d717fc30-e43e-4e13-bc70-f7da07c1da5b 06a4add056a64dda83acd2c6140fb078 2c101aad12d843aca5404d5fccb741b8 - - default default] 10.0.0.239 "DELETE /v2.0/trunks/79d7e09e-fa43-4c8b-a005-b577ccdc1d03 HTTP/1.1" status: 204 len: 168 time: 0.1126382
2026-02-25 20:38:11.280 9 INFO neutron.wsgi [req-13c522a1-1dda-4938-afc3-82d91111c452 req-37b8bbb1-f587-474d-b3a1-e600b73edd83 709c399d191e46e0816651119cfdb52f bb1f5842a8214640ad4f8c8595425864 - - 71f984fa33844ef493cc49ac6ef015f4 71f984fa33844ef493cc49ac6ef015f4] 199.19.213.169 "GET /v2.0/networks/1504a75b-c112-4a37-983a-133fb9a44d3f?fields=provider%3Aphysical_network&fields=provider%3Anetwork_type HTTP/1.1" status: 200 len: 277 time: 0.0662496
2026-02-25 20:38:11.294 10 INFO neutron.wsgi [None req-3060aece-b80d-4c34-9578-817dd2efad43 06a4add056a64dda83acd2c6140fb078 2c101aad12d843aca5404d5fccb741b8 - - default default] 10.0.0.239 "GET /v2.0/trunks/89c9b406-1d37-421b-bc8d-f34539201cd8 HTTP/1.1" status: 200 len: 610 time: 0.0211232
2026-02-25 20:38:11.396 10 INFO neutron.wsgi [None req-b4998eb2-dcaf-4d92-b79f-64d627b52637 06a4add056a64dda83acd2c6140fb078 2c101aad12d843aca5404d5fccb741b8 - - default default] 10.0.0.239 "GET /v2.0/ports/bc3bce1b-eb1c-42cf-be7e-b870bcd7d2dd HTTP/1.1" status: 200 len: 1020 time: 0.0919688
2026-02-25 20:38:11.496 10 INFO neutron.wsgi [None req-cea9b02d-1c9d-4ffa-9ef8-250384f41352 06a4add056a64dda83acd2c6140fb078 2c101aad12d843aca5404d5fccb741b8 - - default default] 10.0.0.239 "DELETE /v2.0/trunks/89c9b406-1d37-421b-bc8d-f34539201cd8 HTTP/1.1" status: 204 len: 168 time: 0.0933881
2026-02-25 20:38:11.523 9 INFO neutron.wsgi [None req-17e8154b-5523-4b96-bd08-9a87f0a60958 06a4add056a64dda83acd2c6140fb078 2c101aad12d843aca5404d5fccb741b8 - - default default] 10.0.0.239 "GET /v2.0/trunks/53bd2baa-3dda-4d28-874a-3a2545012da2 HTTP/1.1" status: 200 len: 603 time: 0.0219769
2026-02-25 20:38:11.527 10 INFO neutron.wsgi [None req-65fff235-5fa1-4395-ba48-1eae1f999049 a7403bfa94a0415492633a7e484d2c3c 27c676a40c654053a504661d6302f55d - - default default] 10.0.0.239 "DELETE /v2.0/security-groups/5dfe2294-12d8-4756-9ec1-0bcdef7392c4 HTTP/1.1" status: 204 len: 168 time: 0.2936018
2026-02-25 20:38:11.619 9 INFO neutron.wsgi [None req-f0fb5b05-75e3-4727-8998-ed643fdb9d37 06a4add056a64dda83acd2c6140fb078 2c101aad12d843aca5404d5fccb741b8 - - default default] 10.0.0.239 "GET /v2.0/ports/8c8109ca-2202-4155-a704-c9c292551989 HTTP/1.1" status: 200 len: 1020 time: 0.0909843
2026-02-25 20:38:11.705 9 INFO neutron.wsgi [None req-b910e814-7fc1-4c90-9dc6-cfad731b1baa 06a4add056a64dda83acd2c6140fb078 2c101aad12d843aca5404d5fccb741b8 - - default default] 10.0.0.239 "DELETE /v2.0/trunks/53bd2baa-3dda-4d28-874a-3a2545012da2 HTTP/1.1" status: 204 len: 168 time: 0.0802341
2026-02-25 20:38:11.882 9 WARNING neutron_lib.context [None req-99195182-df86-4b26-925a-2d84d5fe9963 914717fcd30b4fa5a2f786bf0b1fceae 77afc5060c034997918daa0ebadd1773 - - default default] Method 'is_advsvc' is deprecated since 2023.2 release (neutron-lib 3.8.0) and will be removed once support for the old RBAC API policies will be removed from Neutron. Please use method 'is_service_role' instead.
2026-02-25 20:38:11.966 9 INFO neutron.wsgi [None req-56504ab5-ee8b-4c5c-99f9-4fb941b479f4 06a4add056a64dda83acd2c6140fb078 2c101aad12d843aca5404d5fccb741b8 - - default default] 10.0.0.239 "DELETE /v2.0/ports/2041d488-664b-4012-8f2e-f0d640045c98 HTTP/1.1" status: 204 len: 168 time: 0.2563651
2026-02-25 20:38:12.059 9 INFO neutron.db.ovn_revision_numbers_db [None req-99195182-df86-4b26-925a-2d84d5fe9963 914717fcd30b4fa5a2f786bf0b1fceae 77afc5060c034997918daa0ebadd1773 - - default default] Successfully bumped revision number for resource 6924f60d-38d7-446f-9c9f-f89864e2f7c4 (type: security_groups) to 1
2026-02-25 20:38:12.084 9 INFO neutron.db.ovn_revision_numbers_db [None req-99195182-df86-4b26-925a-2d84d5fe9963 914717fcd30b4fa5a2f786bf0b1fceae 77afc5060c034997918daa0ebadd1773 - - default default] Successfully bumped revision number for resource 826fbc01-5a9e-48fc-ab6e-433814268bec (type: security_group_rules) to 0
2026-02-25 20:38:12.114 9 INFO neutron.db.ovn_revision_numbers_db [None req-99195182-df86-4b26-925a-2d84d5fe9963 914717fcd30b4fa5a2f786bf0b1fceae 77afc5060c034997918daa0ebadd1773 - - default default] Successfully bumped revision number for resource eb4b712f-1225-462c-bd8d-41ec8e47a54b (type: security_group_rules) to 0
2026-02-25 20:38:12.158 9 INFO neutron.wsgi [None req-99195182-df86-4b26-925a-2d84d5fe9963 914717fcd30b4fa5a2f786bf0b1fceae 77afc5060c034997918daa0ebadd1773 - - default default] 10.0.0.239 "POST /v2.0/security-groups HTTP/1.1" status: 201 len: 1809 time: 0.2802670
2026-02-25 20:38:12.170 10 WARNING neutron_lib.context [None req-e142db89-1178-4544-8428-8cc22f55fa49 914717fcd30b4fa5a2f786bf0b1fceae 77afc5060c034997918daa0ebadd1773 - - default default] Method 'is_advsvc' is deprecated since 2023.2 release (neutron-lib 3.8.0) and will be removed once support for the old RBAC API policies will be removed from Neutron. Please use method 'is_service_role' instead.
2026-02-25 20:38:12.257 9 INFO neutron.wsgi [None req-9b304e59-295b-48da-bd11-bd0565dd155b 06a4add056a64dda83acd2c6140fb078 2c101aad12d843aca5404d5fccb741b8 - - default default] 10.0.0.239 "DELETE /v2.0/ports/fc8e18c0-d98f-4817-9e56-7c7fffbfca3b HTTP/1.1" status: 204 len: 168 time: 0.2850175
2026-02-25 20:38:12.337 10 INFO neutron.db.ovn_revision_numbers_db [None req-e142db89-1178-4544-8428-8cc22f55fa49 914717fcd30b4fa5a2f786bf0b1fceae 77afc5060c034997918daa0ebadd1773 - - default default] Successfully bumped revision number for resource 59c6cbf5-c099-4b71-b06e-1880782d7084 (type: security_group_rules) to 0
2026-02-25 20:38:12.369 10 INFO neutron.wsgi [None req-e142db89-1178-4544-8428-8cc22f55fa49 914717fcd30b4fa5a2f786bf0b1fceae 77afc5060c034997918daa0ebadd1773 - - default default] 10.0.0.239 "POST /v2.0/security-group-rules HTTP/1.1" status: 201 len: 764 time: 0.2047088
2026-02-25 20:38:12.379 10 WARNING neutron_lib.context [None req-986a045d-e8e8-465d-b422-ce013c126831 914717fcd30b4fa5a2f786bf0b1fceae 77afc5060c034997918daa0ebadd1773 - - default default] Method 'is_advsvc' is deprecated since 2023.2 release (neutron-lib 3.8.0) and will be removed once support for the old RBAC API policies will be removed from Neutron. Please use method 'is_service_role' instead.
2026-02-25 20:38:12.505 10 INFO neutron.db.ovn_revision_numbers_db [None req-986a045d-e8e8-465d-b422-ce013c126831 914717fcd30b4fa5a2f786bf0b1fceae 77afc5060c034997918daa0ebadd1773 - - default default] Successfully bumped revision number for resource a3d86663-b61a-4b81-ac82-c3b1698a8ee2 (type: security_group_rules) to 0
2026-02-25 20:38:12.530 10 INFO neutron.wsgi [None req-986a045d-e8e8-465d-b422-ce013c126831 914717fcd30b4fa5a2f786bf0b1fceae 77afc5060c034997918daa0ebadd1773 - - default default] 10.0.0.239 "POST /v2.0/security-group-rules HTTP/1.1" status: 201 len: 763 time: 0.1551375
2026-02-25 20:38:12.539 10 WARNING neutron_lib.context [None req-2e1120db-b500-4bbb-b23a-9512feffe4e3 914717fcd30b4fa5a2f786bf0b1fceae 77afc5060c034997918daa0ebadd1773 - - default default] Method 'is_advsvc' is deprecated since 2023.2 release (neutron-lib 3.8.0) and will be removed once support for the old RBAC API policies will be removed from Neutron. Please use method 'is_service_role' instead.
2026-02-25 20:38:12.548 9 INFO neutron.wsgi [None req-086fe0d4-d144-47a9-8969-743ad736b4cd 06a4add056a64dda83acd2c6140fb078 2c101aad12d843aca5404d5fccb741b8 - - default default] 10.0.0.239 "DELETE /v2.0/ports/b5f0acad-474f-49cf-9eda-ab3a63403adb HTTP/1.1" status: 204 len: 168 time: 0.2863257
2026-02-25 20:38:12.726 10 INFO neutron.db.ovn_revision_numbers_db [None req-2e1120db-b500-4bbb-b23a-9512feffe4e3 914717fcd30b4fa5a2f786bf0b1fceae 77afc5060c034997918daa0ebadd1773 - - default default] Successfully bumped revision number for resource 0170947d-beca-43b3-80b4-427262c9818a (type: security_group_rules) to 0
2026-02-25 20:38:12.759 10 INFO neutron.wsgi [None req-2e1120db-b500-4bbb-b23a-9512feffe4e3 914717fcd30b4fa5a2f786bf0b1fceae 77afc5060c034997918daa0ebadd1773 - - default default] 10.0.0.239 "POST /v2.0/security-group-rules HTTP/1.1" status: 201 len: 769 time: 0.2239842
2026-02-25 20:38:12.772 9 WARNING neutron_lib.context [None req-dcefcedf-fe37-451a-87a0-bdea52df26b8 914717fcd30b4fa5a2f786bf0b1fceae 77afc5060c034997918daa0ebadd1773 - - default default] Method 'is_advsvc' is deprecated since 2023.2 release (neutron-lib 3.8.0) and will be removed once support for the old RBAC API policies will be removed from Neutron. Please use method 'is_service_role' instead.
2026-02-25 20:38:12.811 10 INFO neutron.wsgi [None req-226220e2-d27a-4d45-ba46-0f06d114a586 06a4add056a64dda83acd2c6140fb078 2c101aad12d843aca5404d5fccb741b8 - - default default] 10.0.0.239 "DELETE /v2.0/ports/bc3bce1b-eb1c-42cf-be7e-b870bcd7d2dd HTTP/1.1" status: 204 len: 168 time: 0.2581279
2026-02-25 20:38:12.891 10 INFO neutron.wsgi [-] 10.0.0.166 "GET / HTTP/1.1" status: 200 len: 246 time: 0.0012331
2026-02-25 20:38:12.893 10 INFO neutron.wsgi [-] 10.0.0.166 "GET / HTTP/1.1" status: 200 len: 246 time: 0.0011742
2026-02-25 20:38:12.934 9 INFO neutron.db.ovn_revision_numbers_db [None req-dcefcedf-fe37-451a-87a0-bdea52df26b8 914717fcd30b4fa5a2f786bf0b1fceae 77afc5060c034997918daa0ebadd1773 - - default default] Successfully bumped revision number for resource 17bbd03e-6381-41c5-b309-f001b732aab3 (type: security_group_rules) to 0
2026-02-25 20:38:12.959 9 INFO neutron.wsgi [None req-dcefcedf-fe37-451a-87a0-bdea52df26b8 914717fcd30b4fa5a2f786bf0b1fceae 77afc5060c034997918daa0ebadd1773 - - default default] 10.0.0.239 "POST /v2.0/security-group-rules HTTP/1.1" status: 201 len: 768 time: 0.1939170
2026-02-25 20:38:12.969 9 WARNING neutron_lib.context [None req-77529268-f6ba-4a41-bf3d-0e143dcf5000 914717fcd30b4fa5a2f786bf0b1fceae 77afc5060c034997918daa0ebadd1773 - - default default] Method 'is_advsvc' is deprecated since 2023.2 release (neutron-lib 3.8.0) and will be removed once support for the old RBAC API policies will be removed from Neutron. Please use method 'is_service_role' instead.
2026-02-25 20:38:12.985 9 INFO neutron.db.securitygroups_db [None req-77529268-f6ba-4a41-bf3d-0e143dcf5000 914717fcd30b4fa5a2f786bf0b1fceae 77afc5060c034997918daa0ebadd1773 - - default default] Project 77afc5060c034997918daa0ebadd1773 added a security group rule with legacy IPv6 ICMP protocol name icmp, ipv6-icmp should be used instead. It was automatically converted.
2026-02-25 20:38:13.079 9 INFO neutron.db.ovn_revision_numbers_db [None req-77529268-f6ba-4a41-bf3d-0e143dcf5000 914717fcd30b4fa5a2f786bf0b1fceae 77afc5060c034997918daa0ebadd1773 - - default default] Successfully bumped revision number for resource d1f09208-b9ae-4841-a08e-948b3a21de5f (type: security_group_rules) to 0
2026-02-25 20:38:13.082 10 INFO neutron.wsgi [None req-cb2d3b2d-12d1-4d3d-a657-534acde3a834 06a4add056a64dda83acd2c6140fb078 2c101aad12d843aca5404d5fccb741b8 - - default default] 10.0.0.239 "DELETE /v2.0/ports/8c8109ca-2202-4155-a704-c9c292551989 HTTP/1.1" status: 204 len: 168 time: 0.2658811
2026-02-25 20:38:13.106 9 INFO neutron.wsgi [None req-77529268-f6ba-4a41-bf3d-0e143dcf5000 914717fcd30b4fa5a2f786bf0b1fceae 77afc5060c034997918daa0ebadd1773 - - default default] 10.0.0.239 "POST /v2.0/security-group-rules HTTP/1.1" status: 201 len: 774 time: 0.1418259
2026-02-25 20:38:13.118 9 WARNING neutron_lib.context [None req-85143a20-eb5a-45bf-a0f9-4548b4ecda65 914717fcd30b4fa5a2f786bf0b1fceae 77afc5060c034997918daa0ebadd1773 - - default default] Method 'is_advsvc' is deprecated since 2023.2 release (neutron-lib 3.8.0) and will be removed once support for the old RBAC API policies will be removed from Neutron. Please use method 'is_service_role' instead.
2026-02-25 20:38:13.136 9 INFO neutron.db.securitygroups_db [None req-85143a20-eb5a-45bf-a0f9-4548b4ecda65 914717fcd30b4fa5a2f786bf0b1fceae 77afc5060c034997918daa0ebadd1773 - - default default] Project 77afc5060c034997918daa0ebadd1773 added a security group rule with legacy IPv6 ICMP protocol name icmp, ipv6-icmp should be used instead. It was automatically converted.
2026-02-25 20:38:13.239 9 INFO neutron.db.ovn_revision_numbers_db [None req-85143a20-eb5a-45bf-a0f9-4548b4ecda65 914717fcd30b4fa5a2f786bf0b1fceae 77afc5060c034997918daa0ebadd1773 - - default default] Successfully bumped revision number for resource 8782192d-e6e2-4d4e-9b08-94c00a08fae1 (type: security_group_rules) to 0
2026-02-25 20:38:13.263 9 INFO neutron.wsgi [None req-85143a20-eb5a-45bf-a0f9-4548b4ecda65 914717fcd30b4fa5a2f786bf0b1fceae 77afc5060c034997918daa0ebadd1773 - - default default] 10.0.0.239 "POST /v2.0/security-group-rules HTTP/1.1" status: 201 len: 773 time: 0.1496296
2026-02-25 20:38:13.438 10 INFO neutron.services.segments.plugin [-] Segment d13ef0d2-7a8b-416e-a281-2696564ddbb1 resource provider aggregate not found
2026-02-25 20:38:13.444 10 INFO neutron.services.segments.plugin [-] Segment d13ef0d2-7a8b-416e-a281-2696564ddbb1 resource provider aggregate not found
2026-02-25 20:38:13.455 10 INFO neutron.services.segments.plugin [-] Segment d13ef0d2-7a8b-416e-a281-2696564ddbb1 resource provider not found; error: Placement Client Error (4xx): {"errors": [{"status": 404, "title": "Not Found", "detail": "The resource could not be found.\n\n No resource provider with uuid d13ef0d2-7a8b-416e-a281-2696564ddbb1 found for delete ", "request_id": "req-c232137f-b2f9-4aea-aa67-74ab7eb59114"}]}
2026-02-25 20:38:13.456 10 INFO neutron.services.segments.plugin [-] Segment d13ef0d2-7a8b-416e-a281-2696564ddbb1 resource provider not found; error: Placement Client Error (4xx): {"errors": [{"status": 404, "title": "Not Found", "detail": "The resource could not be found.\n\n No resource provider with uuid d13ef0d2-7a8b-416e-a281-2696564ddbb1 found for delete ", "request_id": "req-87e5c4c0-b467-488e-a82b-8a06dc026ab0"}]}
2026-02-25 20:38:13.476 10 INFO neutron.wsgi [None req-1db0f7cf-e59c-49ac-b596-65bded504b2d 06a4add056a64dda83acd2c6140fb078 2c101aad12d843aca5404d5fccb741b8 - - default default] 10.0.0.239 "DELETE /v2.0/networks/1d59bffe-e97a-409c-9f68-f27d29c7fbd9 HTTP/1.1" status: 204 len: 168 time: 0.3883057
2026-02-25 20:38:13.752 9 INFO neutron.db.ovn_revision_numbers_db [None req-db4f047e-e41b-400e-94ac-bf757ca1833a a7403bfa94a0415492633a7e484d2c3c 27c676a40c654053a504661d6302f55d - - default default] Successfully bumped revision number for resource f42730c1-251c-4c36-9091-a2d1f9662126 (type: security_groups) to 1
2026-02-25 20:38:13.769 9 INFO neutron.wsgi [None req-c628ee66-22d7-4a85-8ea6-23813181eb95 914717fcd30b4fa5a2f786bf0b1fceae 77afc5060c034997918daa0ebadd1773 - - default default] 10.0.0.239 "GET /v2.0/networks HTTP/1.1" status: 200 len: 1492 time: 0.1468182
2026-02-25 20:38:13.778 9 INFO neutron.db.ovn_revision_numbers_db [None req-db4f047e-e41b-400e-94ac-bf757ca1833a a7403bfa94a0415492633a7e484d2c3c 27c676a40c654053a504661d6302f55d - - default default] Successfully bumped revision number for resource 3ce518ae-a766-4f08-9c0d-c58cc0e6a322 (type: security_group_rules) to 0
2026-02-25 20:38:13.808 9 INFO neutron.db.ovn_revision_numbers_db [None req-db4f047e-e41b-400e-94ac-bf757ca1833a a7403bfa94a0415492633a7e484d2c3c 27c676a40c654053a504661d6302f55d - - default default] Successfully bumped revision number for resource 420ac2b5-5b65-4413-ab68-290c8e96e39a (type: security_group_rules) to 0
2026-02-25 20:38:13.840 9 INFO neutron.db.ovn_revision_numbers_db [None req-db4f047e-e41b-400e-94ac-bf757ca1833a a7403bfa94a0415492633a7e484d2c3c 27c676a40c654053a504661d6302f55d - - default default] Successfully bumped revision number for resource 48fed0f9-90c3-4498-990b-c71dbc17bbc6 (type: security_group_rules) to 0
2026-02-25 20:38:13.889 9 INFO neutron.db.ovn_revision_numbers_db [None req-db4f047e-e41b-400e-94ac-bf757ca1833a a7403bfa94a0415492633a7e484d2c3c 27c676a40c654053a504661d6302f55d - - default default] Successfully bumped revision number for resource ec318e40-1a03-45a8-8bea-8f4bba18d0e4 (type: security_group_rules) to 0
2026-02-25 20:38:13.920 9 INFO neutron.wsgi [req-528e4be4-781e-4c5b-a301-83dce3fead86 req-37486204-6e97-44cb-843d-3922add27181 914717fcd30b4fa5a2f786bf0b1fceae 77afc5060c034997918daa0ebadd1773 - - default default] 10.0.0.78 "GET /v2.0/security-groups?name=tempest-secgroup-smoke-626541732&fields=id&tenant_id=77afc5060c034997918daa0ebadd1773 HTTP/1.1" status: 200 len: 267 time: 0.0766950
2026-02-25 20:38:13.938 9 INFO neutron.wsgi [None req-db4f047e-e41b-400e-94ac-bf757ca1833a a7403bfa94a0415492633a7e484d2c3c 27c676a40c654053a504661d6302f55d - - default default] 10.0.0.239 "GET /v2.0/security-groups?tenant_id=6e756e02d885499584fa5d7b6b647e4a&name=default HTTP/1.1" status: 200 len: 2996 time: 0.4737563
2026-02-25 20:38:14.000 9 INFO neutron.services.segments.plugin [-] Segment 6d421666-9e34-49b0-bb38-c34299a7e64c resource provider aggregate not found
2026-02-25 20:38:14.007 9 INFO neutron.services.segments.plugin [-] Segment 6d421666-9e34-49b0-bb38-c34299a7e64c resource provider aggregate not found
2026-02-25 20:38:14.016 9 INFO neutron.services.segments.plugin [-] Segment 6d421666-9e34-49b0-bb38-c34299a7e64c resource provider not found; error: Placement Client Error (4xx): {"errors": [{"status": 404, "title": "Not Found", "detail": "The resource could not be found.\n\n No resource provider with uuid 6d421666-9e34-49b0-bb38-c34299a7e64c found for delete ", "request_id": "req-700719ac-00d0-48f6-b8b2-f1cfe3e6540d"}]}
2026-02-25 20:38:14.032 9 INFO neutron.services.segments.plugin [-] Segment 6d421666-9e34-49b0-bb38-c34299a7e64c resource provider not found; error: Placement Client Error (4xx): {"errors": [{"status": 404, "title": "Not Found", "detail": "The resource could not be found.\n\n No resource provider with uuid 6d421666-9e34-49b0-bb38-c34299a7e64c found for delete ", "request_id": "req-dec851ae-64ac-4d98-960c-bd06f3fb92d5"}]}
2026-02-25 20:38:14.047 9 INFO neutron.wsgi [req-528e4be4-781e-4c5b-a301-83dce3fead86 req-340014b2-4c8c-46fd-ab7d-7c7d3afcc3b2 914717fcd30b4fa5a2f786bf0b1fceae 77afc5060c034997918daa0ebadd1773 - - default default] 10.0.0.78 "GET /v2.0/networks?id=1504a75b-c112-4a37-983a-133fb9a44d3f HTTP/1.1" status: 200 len: 859 time: 0.1145930
2026-02-25 20:38:14.060 9 INFO neutron.wsgi [None req-7a2bc0ba-a9b9-4dba-8897-b92a7852fe09 06a4add056a64dda83acd2c6140fb078 2c101aad12d843aca5404d5fccb741b8 - - default default] 10.0.0.239 "DELETE /v2.0/networks/e4c61af0-0e59-480d-9e9d-c2242b7e8dde HTTP/1.1" status: 204 len: 168 time: 0.5800567
2026-02-25 20:38:14.077 9 INFO neutron.wsgi [req-528e4be4-781e-4c5b-a301-83dce3fead86 req-73ab719f-0c59-4399-a704-b0fb87ea3b57 914717fcd30b4fa5a2f786bf0b1fceae 77afc5060c034997918daa0ebadd1773 - - default default] 10.0.0.78 "GET /v2.0/quotas/77afc5060c034997918daa0ebadd1773 HTTP/1.1" status: 200 len: 386 time: 0.0242677
2026-02-25 20:38:14.180 9 INFO neutron.wsgi [req-528e4be4-781e-4c5b-a301-83dce3fead86 req-bf4d578c-3d8d-4ee1-8ea6-5a2d453da9c5 914717fcd30b4fa5a2f786bf0b1fceae 77afc5060c034997918daa0ebadd1773 - - default default] 10.0.0.78 "GET /v2.0/ports?tenant_id=77afc5060c034997918daa0ebadd1773&fields=id HTTP/1.1" status: 200 len: 348 time: 0.0955234
2026-02-25 20:38:14.241 10 INFO neutron.wsgi [None req-5f860da9-161c-41cd-b9e5-1c55a81a2bd6 a7403bfa94a0415492633a7e484d2c3c 27c676a40c654053a504661d6302f55d - - default default] 10.0.0.239 "DELETE /v2.0/security-groups/f42730c1-251c-4c36-9091-a2d1f9662126 HTTP/1.1" status: 204 len: 168 time: 0.2966568
2026-02-25 20:38:14.266 9 INFO neutron.wsgi [req-528e4be4-781e-4c5b-a301-83dce3fead86 req-2d4ace20-89d9-40e0-97ba-03f92159daee 709c399d191e46e0816651119cfdb52f bb1f5842a8214640ad4f8c8595425864 - - 71f984fa33844ef493cc49ac6ef015f4 71f984fa33844ef493cc49ac6ef015f4] 10.0.0.78 "GET /v2.0/networks/1504a75b-c112-4a37-983a-133fb9a44d3f?fields=segments HTTP/1.1" status: 200 len: 212 time: 0.0707121
2026-02-25 20:38:14.364 9 INFO neutron.wsgi [req-528e4be4-781e-4c5b-a301-83dce3fead86 req-3d864cf8-5b90-4005-a1a1-eb0e9459d4bf 709c399d191e46e0816651119cfdb52f bb1f5842a8214640ad4f8c8595425864 - - 71f984fa33844ef493cc49ac6ef015f4 71f984fa33844ef493cc49ac6ef015f4] 10.0.0.78 "GET /v2.0/networks/1504a75b-c112-4a37-983a-133fb9a44d3f?fields=provider%3Aphysical_network&fields=provider%3Anetwork_type HTTP/1.1" status: 200 len: 277 time: 0.0892005
2026-02-25 20:38:14.498 10 INFO neutron.wsgi [None req-a2b6c739-5b8f-496d-8324-a092fa57d46b 06a4add056a64dda83acd2c6140fb078 2c101aad12d843aca5404d5fccb741b8 - - default default] 10.0.0.239 "DELETE /v2.0/networks/c7b3deb0-fc2c-4989-a730-5630b2d0c49b HTTP/1.1" status: 204 len: 168 time: 0.4304397
2026-02-25 20:38:14.532 9 INFO neutron.wsgi [req-a39d8fc3-ba7b-4f83-920d-14dd948c1896 req-9a8fa8ae-7905-4801-beb0-b1d6af7f508b 914717fcd30b4fa5a2f786bf0b1fceae 77afc5060c034997918daa0ebadd1773 - - default default] 10.0.0.78 "GET /v2.0/ports?device_id=488bf085-4f0f-45a2-bbfb-d5d6f5c63e68 HTTP/1.1" status: 200 len: 210 time: 0.0315878
2026-02-25 20:38:14.874 10 INFO neutron.wsgi [None req-27f9500d-7ae6-443e-a7a4-705be1b96caf 06a4add056a64dda83acd2c6140fb078 2c101aad12d843aca5404d5fccb741b8 - - default default] 10.0.0.239 "DELETE /v2.0/networks/87ef2e6b-14cf-4e30-82f6-9ee748469662 HTTP/1.1" status: 204 len: 168 time: 0.3679116
2026-02-25 20:38:15.219 9 INFO neutron.db.ovn_revision_numbers_db [None req-9fa3b0bb-d0cf-4919-9045-987261b87d1e a7403bfa94a0415492633a7e484d2c3c 27c676a40c654053a504661d6302f55d - - default default] Successfully bumped revision number for resource ee32fc22-78cd-4e5f-bdb1-0d37759af870 (type: security_groups) to 1
2026-02-25 20:38:15.243 9 INFO neutron.db.ovn_revision_numbers_db [None req-9fa3b0bb-d0cf-4919-9045-987261b87d1e a7403bfa94a0415492633a7e484d2c3c 27c676a40c654053a504661d6302f55d - - default default] Successfully bumped revision number for resource 190c33cc-a420-492c-ac06-8f9625a87627 (type: security_group_rules) to 0
2026-02-25 20:38:15.263 9 INFO neutron.wsgi [req-528e4be4-781e-4c5b-a301-83dce3fead86 req-b234a5b8-079f-4348-9963-904381db8081 914717fcd30b4fa5a2f786bf0b1fceae 77afc5060c034997918daa0ebadd1773 - - default default] 199.19.213.169 "GET /v2.0/networks?id=1504a75b-c112-4a37-983a-133fb9a44d3f HTTP/1.1" status: 200 len: 859 time: 0.0918112
2026-02-25 20:38:15.278 9 INFO neutron.db.ovn_revision_numbers_db [None req-9fa3b0bb-d0cf-4919-9045-987261b87d1e a7403bfa94a0415492633a7e484d2c3c 27c676a40c654053a504661d6302f55d - - default default] Successfully bumped revision number for resource 290a45df-3819-401e-bb7d-b05cc2a0162d (type: security_group_rules) to 0
2026-02-25 20:38:15.311 9 INFO neutron.db.ovn_revision_numbers_db [None req-9fa3b0bb-d0cf-4919-9045-987261b87d1e a7403bfa94a0415492633a7e484d2c3c 27c676a40c654053a504661d6302f55d - - default default] Successfully bumped revision number for resource 57217a12-d894-4b12-87f3-7a1fcd31fd81 (type: security_group_rules) to 0
2026-02-25 20:38:15.341 9 INFO neutron.wsgi [req-528e4be4-781e-4c5b-a301-83dce3fead86 req-df769e1c-e2ac-4209-afd9-ea8a8e140457 914717fcd30b4fa5a2f786bf0b1fceae 77afc5060c034997918daa0ebadd1773 - - default default] 199.19.213.169 "GET /v2.0/security-groups?fields=id&fields=name&tenant_id=77afc5060c034997918daa0ebadd1773 HTTP/1.1" status: 200 len: 472 time: 0.0700929
2026-02-25 20:38:15.344 9 INFO neutron.db.ovn_revision_numbers_db [None req-9fa3b0bb-d0cf-4919-9045-987261b87d1e a7403bfa94a0415492633a7e484d2c3c 27c676a40c654053a504661d6302f55d - - default default] Successfully bumped revision number for resource dd78dbc3-aaf6-46fd-adbe-7158022cfe4a (type: security_group_rules) to 0
2026-02-25 20:38:15.364 9 INFO neutron.wsgi [None req-987fca37-b652-47e0-aafb-108a7c59fd20 06a4add056a64dda83acd2c6140fb078 2c101aad12d843aca5404d5fccb741b8 - - default default] 10.0.0.239 "DELETE /v2.0/networks/c44eb1f6-71dc-4d5f-bf6d-d6033a9c9f90 HTTP/1.1" status: 204 len: 168 time: 0.4818358
2026-02-25 20:38:15.371 9 WARNING neutron_lib.context [req-528e4be4-781e-4c5b-a301-83dce3fead86 req-60300b0c-0a86-4fb5-a11f-efe7fe084da8 914717fcd30b4fa5a2f786bf0b1fceae 77afc5060c034997918daa0ebadd1773 - - default default] Method 'is_advsvc' is deprecated since 2023.2 release (neutron-lib 3.8.0) and will be removed once support for the old RBAC API policies will be removed from Neutron. Please use method 'is_service_role' instead.
2026-02-25 20:38:15.394 9 INFO neutron.wsgi [None req-9fa3b0bb-d0cf-4919-9045-987261b87d1e a7403bfa94a0415492633a7e484d2c3c 27c676a40c654053a504661d6302f55d - - default default] 10.0.0.239 "GET /v2.0/security-groups?tenant_id=b47bf63dbfd24280b112ac80f457dc14&name=default HTTP/1.1" status: 200 len: 2996 time: 0.5126026
2026-02-25 20:38:15.481 10 INFO neutron.services.segments.plugin [-] Segment e8c2ec93-2ae2-4cf4-b882-597d3e7eb3e5 resource provider aggregate not found
2026-02-25 20:38:15.491 10 INFO neutron.services.segments.plugin [-] Segment e8c2ec93-2ae2-4cf4-b882-597d3e7eb3e5 resource provider aggregate not found
2026-02-25 20:38:15.504 10 INFO neutron.services.segments.plugin [-] Segment e8c2ec93-2ae2-4cf4-b882-597d3e7eb3e5 resource provider not found; error: Placement Client Error (4xx): {"errors": [{"status": 404, "title": "Not Found", "detail": "The resource could not be found.\n\n No resource provider with uuid e8c2ec93-2ae2-4cf4-b882-597d3e7eb3e5 found for delete ", "request_id": "req-d910e85b-9a78-4f38-ae95-992d876efca8"}]}
2026-02-25 20:38:15.510 10 INFO neutron.services.segments.plugin [-] Segment e8c2ec93-2ae2-4cf4-b882-597d3e7eb3e5 resource provider not found; error: Placement Client Error (4xx): {"errors": [{"status": 404, "title": "Not Found", "detail": "The resource could not be found.\n\n No resource provider with uuid e8c2ec93-2ae2-4cf4-b882-597d3e7eb3e5 found for delete ", "request_id": "req-c7990721-3a41-445d-86d6-4baeb1073c43"}]}
2026-02-25 20:38:15.521 10 INFO neutron.services.segments.plugin [-] Segment 6c9f655c-4156-43d9-beb2-f4352c34663a resource provider aggregate not found
2026-02-25 20:38:15.526 10 INFO neutron.services.segments.plugin [-] Segment 6c9f655c-4156-43d9-beb2-f4352c34663a resource provider aggregate not found
2026-02-25 20:38:15.538 10 INFO neutron.services.segments.plugin [-] Segment 6c9f655c-4156-43d9-beb2-f4352c34663a resource provider not found; error: Placement Client Error (4xx): {"errors": [{"status": 404, "title": "Not Found", "detail": "The resource could not be found.\n\n No resource provider with uuid 6c9f655c-4156-43d9-beb2-f4352c34663a found for delete ", "request_id": "req-ef8c2aab-60fe-4f87-b383-6b4c4da40726"}]}
2026-02-25 20:38:15.541 10 INFO neutron.services.segments.plugin [-] Segment 6c9f655c-4156-43d9-beb2-f4352c34663a resource provider not found; error: Placement Client Error (4xx): {"errors": [{"status": 404, "title": "Not Found", "detail": "The resource could not be found.\n\n No resource provider with uuid 6c9f655c-4156-43d9-beb2-f4352c34663a found for delete ", "request_id": "req-a98eeddc-79d9-4f0c-a2e2-e0e9507f994a"}]}
2026-02-25 20:38:15.636 9 INFO neutron.wsgi [req-01a1a652-b50a-49ad-8252-4fbded31406d req-e5a95ffc-37ca-4578-a479-1142809a385f 914717fcd30b4fa5a2f786bf0b1fceae 77afc5060c034997918daa0ebadd1773 - - default default] 10.0.0.78 "GET /v2.0/ports?device_id=488bf085-4f0f-45a2-bbfb-d5d6f5c63e68 HTTP/1.1" status: 200 len: 210 time: 0.0228672
2026-02-25 20:38:15.739 9 WARNING neutron.scheduler.dhcp_agent_scheduler [req-528e4be4-781e-4c5b-a301-83dce3fead86 req-60300b0c-0a86-4fb5-a11f-efe7fe084da8 914717fcd30b4fa5a2f786bf0b1fceae 77afc5060c034997918daa0ebadd1773 - - default default] No more DHCP agents
2026-02-25 20:38:15.742 9 INFO neutron.wsgi [None req-666c2e15-c76c-4861-ab35-32e119a0fde0 a7403bfa94a0415492633a7e484d2c3c 27c676a40c654053a504661d6302f55d - - default default] 10.0.0.239 "DELETE /v2.0/security-groups/ee32fc22-78cd-4e5f-bdb1-0d37759af870 HTTP/1.1" status: 204 len: 168 time: 0.3428926
2026-02-25 20:38:15.745 9 WARNING neutron.api.rpc.agentnotifiers.dhcp_rpc_agent_api [req-528e4be4-781e-4c5b-a301-83dce3fead86 req-60300b0c-0a86-4fb5-a11f-efe7fe084da8 914717fcd30b4fa5a2f786bf0b1fceae 77afc5060c034997918daa0ebadd1773 - - default default] Unable to schedule network 1504a75b-c112-4a37-983a-133fb9a44d3f: no agents available; will retry on subsequent port and subnet creation events.
2026-02-25 20:38:15.918 9 INFO neutron.db.ovn_revision_numbers_db [req-528e4be4-781e-4c5b-a301-83dce3fead86 req-60300b0c-0a86-4fb5-a11f-efe7fe084da8 914717fcd30b4fa5a2f786bf0b1fceae 77afc5060c034997918daa0ebadd1773 - - default default] Successfully bumped revision number for resource ac3ef2ea-1f28-4bd3-8c0c-6104187c715d (type: ports) to 1
2026-02-25 20:38:15.942 9 INFO neutron.wsgi [req-528e4be4-781e-4c5b-a301-83dce3fead86 req-60300b0c-0a86-4fb5-a11f-efe7fe084da8 914717fcd30b4fa5a2f786bf0b1fceae 77afc5060c034997918daa0ebadd1773 - - default default] 199.19.213.169 "POST /v2.0/ports HTTP/1.1" status: 201 len: 1162 time: 0.5756598 /var/lib/openstack/lib/python3.10/site-packages/pycadf/identifier.py:71: UserWarning: Invalid uuid: neutron. To ensure interoperability, identifiers should be a valid uuid. warnings.warn(('Invalid uuid: %s. To ensure interoperability, '
2026-02-25 20:38:16.052 9 INFO neutron.services.segments.plugin [-] Segment b25a85b5-a311-4546-b412-5b61b3e8a3ba resource provider aggregate not found
2026-02-25 20:38:16.061 9 INFO neutron.services.segments.plugin [-] Segment b25a85b5-a311-4546-b412-5b61b3e8a3ba resource provider aggregate not found
2026-02-25 20:38:16.067 9 INFO neutron.services.segments.plugin [-] Segment b25a85b5-a311-4546-b412-5b61b3e8a3ba resource provider not found; error: Placement Client Error (4xx): {"errors": [{"status": 404, "title": "Not Found", "detail": "The resource could not be found.\n\n No resource provider with uuid b25a85b5-a311-4546-b412-5b61b3e8a3ba found for delete ", "request_id": "req-bc0f1228-5bb7-492f-9928-df10292941ef"}]}
2026-02-25 20:38:16.077 9 INFO neutron.services.segments.plugin [-] Segment b25a85b5-a311-4546-b412-5b61b3e8a3ba resource provider not found; error: Placement Client Error (4xx): {"errors": [{"status": 404, "title": "Not Found", "detail": "The resource could not be found.\n\n No resource provider with uuid b25a85b5-a311-4546-b412-5b61b3e8a3ba found for delete ", "request_id": "req-3f8286d2-ec3c-43a4-b360-921d2d4569b9"}]}
2026-02-25 20:38:16.308 10 INFO neutron.wsgi [None req-77091dd0-f6c3-4d4f-a8f7-887e40a73eb5 a7403bfa94a0415492633a7e484d2c3c 27c676a40c654053a504661d6302f55d - - default default] 10.0.0.239 "GET /v2.0/security-groups?tenant_id=2c101aad12d843aca5404d5fccb741b8&name=default HTTP/1.1" status: 200 len: 2996 time: 0.1381164
2026-02-25 20:38:16.473 10 INFO neutron.db.ovn_revision_numbers_db [None req-e7ca46a1-23c3-4093-9632-bca40f90276b a7403bfa94a0415492633a7e484d2c3c 27c676a40c654053a504661d6302f55d - - default default] Successfully bumped revision number for resource c4e2ca52-7591-428e-b49a-cb4a1bd19181 (type: security_groups) to 1
2026-02-25 20:38:16.495 10 INFO neutron.db.ovn_revision_numbers_db [None req-e7ca46a1-23c3-4093-9632-bca40f90276b a7403bfa94a0415492633a7e484d2c3c 27c676a40c654053a504661d6302f55d - - default default] Successfully bumped revision number for resource 1e803e1a-6504-429d-8d8e-96824cee774f (type: security_group_rules) to 0
2026-02-25 20:38:16.510 10 INFO neutron.db.ovn_revision_numbers_db [None req-e7ca46a1-23c3-4093-9632-bca40f90276b a7403bfa94a0415492633a7e484d2c3c 27c676a40c654053a504661d6302f55d - - default default] Successfully bumped revision number for resource 23952c78-8dbe-4671-8f9a-2d7b60fcced1 (type: security_group_rules) to 0
2026-02-25 20:38:16.533 10 INFO neutron.db.ovn_revision_numbers_db [None req-e7ca46a1-23c3-4093-9632-bca40f90276b a7403bfa94a0415492633a7e484d2c3c 27c676a40c654053a504661d6302f55d - - default default] Successfully bumped revision number for resource 5b946319-7417-4a62-a8cf-3e7eabb27983 (type: security_group_rules) to 0
2026-02-25 20:38:16.548 10 INFO neutron.db.ovn_revision_numbers_db [None req-e7ca46a1-23c3-4093-9632-bca40f90276b a7403bfa94a0415492633a7e484d2c3c 27c676a40c654053a504661d6302f55d - - default default] Successfully bumped revision number for resource b540d4db-f6e7-4ea6-8312-dce4a31c362d (type: security_group_rules) to 0
2026-02-25 20:38:16.585 10 INFO neutron.wsgi [None req-443101e1-4bdc-43b7-bd25-61e01e718239 a7403bfa94a0415492633a7e484d2c3c 27c676a40c654053a504661d6302f55d - - default default] 10.0.0.239 "DELETE /v2.0/security-groups/84921690-6925-4dea-a0af-1096d507da59 HTTP/1.1" status: 204 len: 168 time: 0.2722242
2026-02-25 20:38:16.599 10 INFO neutron.db.segments_db [None req-e7ca46a1-23c3-4093-9632-bca40f90276b a7403bfa94a0415492633a7e484d2c3c 27c676a40c654053a504661d6302f55d - - default default] Added segment d693fe66-4aa7-4dd4-b3b0-b43ebc68a133 of type geneve for network 6178f6d5-104f-402f-b8f7-bb259ff40440
2026-02-25 20:38:16.638 9 INFO neutron.db.ovn_revision_numbers_db [req-528e4be4-781e-4c5b-a301-83dce3fead86 req-283e1303-303e-42bb-b6bb-77bc9ad16d52 709c399d191e46e0816651119cfdb52f bb1f5842a8214640ad4f8c8595425864 - - 71f984fa33844ef493cc49ac6ef015f4 71f984fa33844ef493cc49ac6ef015f4] Successfully bumped revision number for resource ac3ef2ea-1f28-4bd3-8c0c-6104187c715d (type: ports) to 2 /var/lib/openstack/lib/python3.10/site-packages/pycadf/identifier.py:71: UserWarning: Invalid uuid: neutron. To ensure interoperability, identifiers should be a valid uuid. warnings.warn(('Invalid uuid: %s. To ensure interoperability, '
2026-02-25 20:38:16.775 10 INFO neutron.db.ovn_revision_numbers_db [None req-e7ca46a1-23c3-4093-9632-bca40f90276b a7403bfa94a0415492633a7e484d2c3c 27c676a40c654053a504661d6302f55d - - default default] Successfully bumped revision number for resource 6178f6d5-104f-402f-b8f7-bb259ff40440 (type: networks) to 1
