2026-02-25 20:39:29.069 10 INFO neutron.db.ovn_revision_numbers_db [None req-768cd4a1-e89a-40ea-9ac1-b360639b1a60 6150d767a99444e5b181c3260a9f0c25 072bcdfa22c041cb8d26d7343989f4e3 - - default default] Successfully bumped revision number for resource 062c69c2-4475-4bcc-b7ea-09fb2b957211 (type: security_group_rules) to 0
2026-02-25 20:39:29.082 10 INFO neutron.db.ovn_revision_numbers_db [None req-768cd4a1-e89a-40ea-9ac1-b360639b1a60 6150d767a99444e5b181c3260a9f0c25 072bcdfa22c041cb8d26d7343989f4e3 - - default default] Successfully bumped revision number for resource 87ff6296-fdb4-4a34-bd09-68ee6080f47c (type: security_group_rules) to 0
2026-02-25 20:39:29.093 10 INFO neutron.db.ovn_revision_numbers_db [None req-768cd4a1-e89a-40ea-9ac1-b360639b1a60 6150d767a99444e5b181c3260a9f0c25 072bcdfa22c041cb8d26d7343989f4e3 - - default default] Successfully bumped revision number for resource 9e2b8155-d7e7-4d68-bb63-75a991b599bd (type: security_group_rules) to 0
2026-02-25 20:39:29.103 10 INFO neutron.db.ovn_revision_numbers_db [None req-768cd4a1-e89a-40ea-9ac1-b360639b1a60 6150d767a99444e5b181c3260a9f0c25 072bcdfa22c041cb8d26d7343989f4e3 - - default default] Successfully bumped revision number for resource eacc8116-0172-44df-92c3-03ec4a651932 (type: security_group_rules) to 0
2026-02-25 20:39:29.128 9 WARNING neutron.scheduler.dhcp_agent_scheduler [None req-31351701-f8fc-4220-b479-e77735495f58 3014f43c02dd48d08e01d69496590b5f 9fa84156ec5945b4a0f64edb7b3b1aa9 - - default default] No more DHCP agents
2026-02-25 20:39:29.130 9 WARNING neutron.api.rpc.agentnotifiers.dhcp_rpc_agent_api [None req-31351701-f8fc-4220-b479-e77735495f58 3014f43c02dd48d08e01d69496590b5f 9fa84156ec5945b4a0f64edb7b3b1aa9 - - default default] Unable to schedule network 28664600-9c3d-43bd-9e5e-3f6df0e673a6: no agents available; will retry on subsequent port and subnet creation events.
2026-02-25 20:39:29.188 10 INFO neutron.db.ovn_revision_numbers_db [None req-768cd4a1-e89a-40ea-9ac1-b360639b1a60 6150d767a99444e5b181c3260a9f0c25 072bcdfa22c041cb8d26d7343989f4e3 - - default default] Successfully bumped revision number for resource 7fec50e8-4d27-4c85-8518-0b3dfa05c8e0 (type: security_groups) to 1
2026-02-25 20:39:29.201 10 INFO neutron.db.ovn_revision_numbers_db [None req-768cd4a1-e89a-40ea-9ac1-b360639b1a60 6150d767a99444e5b181c3260a9f0c25 072bcdfa22c041cb8d26d7343989f4e3 - - default default] Successfully bumped revision number for resource d242374c-1ae4-4997-92fd-d7debd1b02ef (type: security_group_rules) to 0
2026-02-25 20:39:29.215 10 INFO neutron.db.ovn_revision_numbers_db [None req-768cd4a1-e89a-40ea-9ac1-b360639b1a60 6150d767a99444e5b181c3260a9f0c25 072bcdfa22c041cb8d26d7343989f4e3 - - default default] Successfully bumped revision number for resource e15c9d47-0a2b-41d6-a2ca-ea1b1ac8d4f2 (type: security_group_rules) to 0
2026-02-25 20:39:29.235 10 INFO neutron.wsgi [None req-768cd4a1-e89a-40ea-9ac1-b360639b1a60 6150d767a99444e5b181c3260a9f0c25 072bcdfa22c041cb8d26d7343989f4e3 - - default default] 10.0.0.239 "POST /v2.0/security-groups HTTP/1.1" status: 201 len: 1739 time: 0.5006526
2026-02-25 20:39:29.280 10 INFO neutron.wsgi [None req-368440b9-cdc1-48ce-878c-8c0e261e7187 6150d767a99444e5b181c3260a9f0c25 072bcdfa22c041cb8d26d7343989f4e3 - - default default] 10.0.0.239 "PUT /v2.0/security-groups/7fec50e8-4d27-4c85-8518-0b3dfa05c8e0/tags HTTP/1.1" status: 200 len: 218 time: 0.0388453
2026-02-25 20:39:29.323 10 INFO neutron.wsgi [None req-3924665b-03ab-43c4-826d-cfce1cd59eb1 6150d767a99444e5b181c3260a9f0c25 072bcdfa22c041cb8d26d7343989f4e3 - - default default] 10.0.0.239 "GET /v2.0/security-groups/7fec50e8-4d27-4c85-8518-0b3dfa05c8e0/tags HTTP/1.1" status: 200 len: 218 time: 0.0366030
2026-02-25 20:39:29.361 10 INFO neutron.wsgi [None req-1ab0cfc0-7268-4110-8f0e-02685e265973 6150d767a99444e5b181c3260a9f0c25 072bcdfa22c041cb8d26d7343989f4e3 - - default default] 10.0.0.239 "PUT /v2.0/security-groups/7fec50e8-4d27-4c85-8518-0b3dfa05c8e0/tags/green HTTP/1.1" status: 201 len: 201 time: 0.0300941
2026-02-25 20:39:29.387 10 INFO neutron.wsgi [None req-5efb1505-b6b5-46f1-bb2f-535edcb97e3d 6150d767a99444e5b181c3260a9f0c25 072bcdfa22c041cb8d26d7343989f4e3 - - default default] 10.0.0.239 "GET /v2.0/security-groups/7fec50e8-4d27-4c85-8518-0b3dfa05c8e0/tags HTTP/1.1" status: 200 len: 227 time: 0.0210464
2026-02-25 20:39:29.409 10 INFO neutron.wsgi [None req-d12988aa-a32d-4778-9e2c-dafd815be53a 6150d767a99444e5b181c3260a9f0c25 072bcdfa22c041cb8d26d7343989f4e3 - - default default] 10.0.0.239 "PUT /v2.0/security-groups/7fec50e8-4d27-4c85-8518-0b3dfa05c8e0/tags/red HTTP/1.1" status: 201 len: 201 time: 0.0182290
2026-02-25 20:39:29.431 10 INFO neutron.wsgi [None req-e96fe24b-5a56-4def-a35b-ee98f994ea94 6150d767a99444e5b181c3260a9f0c25 072bcdfa22c041cb8d26d7343989f4e3 - - default default] 10.0.0.239 "GET /v2.0/security-groups/7fec50e8-4d27-4c85-8518-0b3dfa05c8e0/tags HTTP/1.1" status: 200 len: 227 time: 0.0181234
2026-02-25 20:39:29.461 10 INFO neutron.wsgi [None req-05674f82-d917-4869-bc5d-93a51420ce7b 6150d767a99444e5b181c3260a9f0c25 072bcdfa22c041cb8d26d7343989f4e3 - - default default] 10.0.0.239 "PUT /v2.0/security-groups/7fec50e8-4d27-4c85-8518-0b3dfa05c8e0/tags/black.or.white HTTP/1.1" status: 201 len: 201 time: 0.0262802
2026-02-25 20:39:29.486 10 INFO neutron.wsgi [None req-c60db0f3-8d1d-401c-b838-dac026d2e471 6150d767a99444e5b181c3260a9f0c25 072bcdfa22c041cb8d26d7343989f4e3 - - default default] 10.0.0.239 "GET /v2.0/security-groups/7fec50e8-4d27-4c85-8518-0b3dfa05c8e0/tags HTTP/1.1" status: 200 len: 245 time: 0.0209992
2026-02-25 20:39:29.520 10 INFO neutron.wsgi [None req-9d3ca5a8-2122-4193-b510-2b99828edf4a 6150d767a99444e5b181c3260a9f0c25 072bcdfa22c041cb8d26d7343989f4e3 - - default default] 10.0.0.239 "PUT /v2.0/security-groups/7fec50e8-4d27-4c85-8518-0b3dfa05c8e0/tags HTTP/1.1" status: 200 len: 230 time: 0.0298264
2026-02-25 20:39:29.766 10 INFO neutron.wsgi [None req-4d42bbd2-07c9-40dc-8b76-35474e378a56 6150d767a99444e5b181c3260a9f0c25 072bcdfa22c041cb8d26d7343989f4e3 - - default default] 10.0.0.239 "GET /v2.0/security-groups/7fec50e8-4d27-4c85-8518-0b3dfa05c8e0/tags HTTP/1.1" status: 200 len: 230 time: 0.2423308
2026-02-25 20:39:29.777 9 INFO neutron.db.ovn_revision_numbers_db [None req-31351701-f8fc-4220-b479-e77735495f58 3014f43c02dd48d08e01d69496590b5f 9fa84156ec5945b4a0f64edb7b3b1aa9 - - default default] Successfully bumped revision number for resource 5385a722-9158-43a9-95b7-c8a65545b7bc (type: router_ports) to 1
2026-02-25 20:39:29.780 9 INFO neutron.wsgi [None req-31351701-f8fc-4220-b479-e77735495f58 3014f43c02dd48d08e01d69496590b5f 9fa84156ec5945b4a0f64edb7b3b1aa9 - - default default] 10.0.0.239 "PUT /v2.0/routers/9e13b483-bfed-4a7d-bdaa-60619f8f39ae/add_router_interface HTTP/1.1" status: 200 len: 503 time: 2.0874341
2026-02-25 20:39:29.791 10 INFO neutron.wsgi [None req-6f8f85e3-ff7e-4c98-b896-78327dab650b 6150d767a99444e5b181c3260a9f0c25 072bcdfa22c041cb8d26d7343989f4e3 - - default default] 10.0.0.239 "GET /v2.0/security-groups/7fec50e8-4d27-4c85-8518-0b3dfa05c8e0/tags/red HTTP/1.1" status: 204 len: 168 time: 0.0195048
2026-02-25 20:39:29.810 10 INFO neutron.api.v2.resource [None req-4cd2f330-1263-4fb4-b9b0-1521dd12b960 6150d767a99444e5b181c3260a9f0c25 072bcdfa22c041cb8d26d7343989f4e3 - - default default] show failed (client error): The resource could not be found.
2026-02-25 20:39:29.811 10 INFO neutron.wsgi [None req-4cd2f330-1263-4fb4-b9b0-1521dd12b960 6150d767a99444e5b181c3260a9f0c25 072bcdfa22c041cb8d26d7343989f4e3 - - default default] 10.0.0.239 "GET /v2.0/security-groups/7fec50e8-4d27-4c85-8518-0b3dfa05c8e0/tags/green HTTP/1.1" status: 404 len: 299 time: 0.0160847
2026-02-25 20:39:29.843 10 INFO neutron.wsgi [None req-4331096e-d72c-49a9-8a0d-53aa65ab86b5 6150d767a99444e5b181c3260a9f0c25 072bcdfa22c041cb8d26d7343989f4e3 - - default default] 10.0.0.239 "DELETE /v2.0/security-groups/7fec50e8-4d27-4c85-8518-0b3dfa05c8e0/tags/red HTTP/1.1" status: 204 len: 168 time: 0.0277584
2026-02-25 20:39:29.863 10 INFO neutron.wsgi [None req-4486ce97-7f0b-4d80-8b8e-8ab3fe476f8a 6150d767a99444e5b181c3260a9f0c25 072bcdfa22c041cb8d26d7343989f4e3 - - default default] 10.0.0.239 "GET /v2.0/security-groups/7fec50e8-4d27-4c85-8518-0b3dfa05c8e0/tags HTTP/1.1" status: 200 len: 223 time: 0.0157568
2026-02-25 20:39:29.887 10 INFO neutron.api.v2.resource [None req-c758b2b0-7be2-45bd-96e8-06da18bb6fe7 6150d767a99444e5b181c3260a9f0c25 072bcdfa22c041cb8d26d7343989f4e3 - - default default] delete failed (client error): The resource could not be found.
2026-02-25 20:39:29.888 10 INFO neutron.wsgi [None req-c758b2b0-7be2-45bd-96e8-06da18bb6fe7 6150d767a99444e5b181c3260a9f0c25 072bcdfa22c041cb8d26d7343989f4e3 - - default default] 10.0.0.239 "DELETE /v2.0/security-groups/7fec50e8-4d27-4c85-8518-0b3dfa05c8e0/tags/green HTTP/1.1" status: 404 len: 299 time: 0.0208082
2026-02-25 20:39:29.921 10 INFO neutron.wsgi [None req-57ac589c-dd4a-4ac1-add1-e4fcd4ed5591 6150d767a99444e5b181c3260a9f0c25 072bcdfa22c041cb8d26d7343989f4e3 - - default default] 10.0.0.239 "DELETE /v2.0/security-groups/7fec50e8-4d27-4c85-8518-0b3dfa05c8e0/tags HTTP/1.1" status: 204 len: 168 time: 0.0287204
2026-02-25 20:39:29.956 9 INFO neutron.wsgi [None req-c74cf625-a08b-4e6c-8379-627ca8c740c0 6150d767a99444e5b181c3260a9f0c25 072bcdfa22c041cb8d26d7343989f4e3 - - default default] 10.0.0.239 "GET /v2.0/security-groups/7fec50e8-4d27-4c85-8518-0b3dfa05c8e0/tags HTTP/1.1" status: 200 len: 205 time: 0.0300710
2026-02-25 20:39:30.124 9 INFO neutron.wsgi [None req-514766ea-e192-419b-ab40-410d199deae8 6150d767a99444e5b181c3260a9f0c25 072bcdfa22c041cb8d26d7343989f4e3 - - default default] 10.0.0.239 "DELETE /v2.0/security-groups/7fec50e8-4d27-4c85-8518-0b3dfa05c8e0 HTTP/1.1" status: 204 len: 168 time: 0.1632020
2026-02-25 20:39:30.200 9 INFO neutron.plugins.ml2.drivers.ovn.mech_driver.mech_driver [None req-67b502a8-91c0-4df6-ad81-11dbcd0b1268 - - - - - -] OVN reports status up for port: 5385a722-9158-43a9-95b7-c8a65545b7bc
2026-02-25 20:39:30.207 9 INFO neutron.plugins.ml2.plugin [None req-67b502a8-91c0-4df6-ad81-11dbcd0b1268 - - - - - -] Attempt 1 to provision port 5385a722-9158-43a9-95b7-c8a65545b7bc
2026-02-25 20:39:30.330 9 WARNING neutron.scheduler.dhcp_agent_scheduler [None req-f9b16a94-2cca-46fe-a386-2f3ef8262f02 3014f43c02dd48d08e01d69496590b5f 9fa84156ec5945b4a0f64edb7b3b1aa9 - - default default] No more DHCP agents
2026-02-25 20:39:30.333 9 WARNING neutron.api.rpc.agentnotifiers.dhcp_rpc_agent_api [None req-f9b16a94-2cca-46fe-a386-2f3ef8262f02 3014f43c02dd48d08e01d69496590b5f 9fa84156ec5945b4a0f64edb7b3b1aa9 - - default default] Unable to schedule network c9e83506-fb5a-4871-8f51-2ff2ac513975: no agents available; will retry on subsequent port and subnet creation events.
2026-02-25 20:39:30.549 9 INFO neutron.db.ovn_revision_numbers_db [None req-f9b16a94-2cca-46fe-a386-2f3ef8262f02 3014f43c02dd48d08e01d69496590b5f 9fa84156ec5945b4a0f64edb7b3b1aa9 - - default default] Successfully bumped revision number for resource a4b48d56-f329-4b51-8961-6d7acaae4f8a (type: ports) to 1
2026-02-25 20:39:30.556 9 INFO neutron.db.ovn_revision_numbers_db [None req-67b502a8-91c0-4df6-ad81-11dbcd0b1268 - - - - - -] Successfully bumped revision number for resource 5385a722-9158-43a9-95b7-c8a65545b7bc (type: ports) to 2
2026-02-25 20:39:30.668 9 INFO neutron.db.ovn_revision_numbers_db [None req-67b502a8-91c0-4df6-ad81-11dbcd0b1268 - - - - - -] Successfully bumped revision number for resource 5385a722-9158-43a9-95b7-c8a65545b7bc (type: router_ports) to 2
2026-02-25 20:39:30.942 10 INFO neutron.wsgi [None req-a352e696-2b31-4734-9fd2-b3111bb7221d a7403bfa94a0415492633a7e484d2c3c 27c676a40c654053a504661d6302f55d - - default default] 10.0.0.239 "GET /v2.0/security-groups?tenant_id=072bcdfa22c041cb8d26d7343989f4e3&name=default HTTP/1.1" status: 200 len: 3000 time: 0.1304188
2026-02-25 20:39:31.067 9 INFO neutron.db.ovn_revision_numbers_db [None req-f9b16a94-2cca-46fe-a386-2f3ef8262f02 3014f43c02dd48d08e01d69496590b5f 9fa84156ec5945b4a0f64edb7b3b1aa9 - - default default] Successfully bumped revision number for resource a4b48d56-f329-4b51-8961-6d7acaae4f8a (type: router_ports) to 1
2026-02-25 20:39:31.140 10 INFO neutron.wsgi [None req-6769f819-12a2-4e1d-8720-59f242d8eeba a7403bfa94a0415492633a7e484d2c3c 27c676a40c654053a504661d6302f55d - - default default] 10.0.0.239 "DELETE /v2.0/security-groups/d0b3fd58-963d-4ec7-b885-f5d1a31909a5 HTTP/1.1" status: 204 len: 168 time: 0.1927342
2026-02-25 20:39:31.230 9 INFO neutron.db.ovn_revision_numbers_db [None req-f9b16a94-2cca-46fe-a386-2f3ef8262f02 3014f43c02dd48d08e01d69496590b5f 9fa84156ec5945b4a0f64edb7b3b1aa9 - - default default] Successfully bumped revision number for resource a4b48d56-f329-4b51-8961-6d7acaae4f8a (type: ports) to 1
2026-02-25 20:39:31.294 9 WARNING neutron.scheduler.dhcp_agent_scheduler [None req-f9b16a94-2cca-46fe-a386-2f3ef8262f02 3014f43c02dd48d08e01d69496590b5f 9fa84156ec5945b4a0f64edb7b3b1aa9 - - default default] No more DHCP agents
2026-02-25 20:39:31.296 9 WARNING neutron.api.rpc.agentnotifiers.dhcp_rpc_agent_api [None req-f9b16a94-2cca-46fe-a386-2f3ef8262f02 3014f43c02dd48d08e01d69496590b5f 9fa84156ec5945b4a0f64edb7b3b1aa9 - - default default] Unable to schedule network c9e83506-fb5a-4871-8f51-2ff2ac513975: no agents available; will retry on subsequent port and subnet creation events.
2026-02-25 20:39:31.337 10 INFO neutron.db.ovn_revision_numbers_db [None req-8d32de8b-e00a-45e2-8df9-9cd64e321e59 a7403bfa94a0415492633a7e484d2c3c 27c676a40c654053a504661d6302f55d - - default default] Successfully bumped revision number for resource c9678bda-04b1-4bb9-8415-8b7a3d42b607 (type: security_groups) to 1
2026-02-25 20:39:31.349 10 INFO neutron.db.ovn_revision_numbers_db [None req-8d32de8b-e00a-45e2-8df9-9cd64e321e59 a7403bfa94a0415492633a7e484d2c3c 27c676a40c654053a504661d6302f55d - - default default] Successfully bumped revision number for resource 2b8b4b78-ada4-48bb-9e3d-64b49c90f9cd (type: security_group_rules) to 0
2026-02-25 20:39:31.362 10 INFO neutron.db.ovn_revision_numbers_db [None req-8d32de8b-e00a-45e2-8df9-9cd64e321e59 a7403bfa94a0415492633a7e484d2c3c 27c676a40c654053a504661d6302f55d - - default default] Successfully bumped revision number for resource 3dba9487-4188-4e92-8773-945137acfb16 (type: security_group_rules) to 0
2026-02-25 20:39:31.375 10 INFO neutron.db.ovn_revision_numbers_db [None req-8d32de8b-e00a-45e2-8df9-9cd64e321e59 a7403bfa94a0415492633a7e484d2c3c 27c676a40c654053a504661d6302f55d - - default default] Successfully bumped revision number for resource 49f378df-1020-4318-be72-3b61dcb9fb88 (type: security_group_rules) to 0
2026-02-25 20:39:31.388 10 INFO neutron.db.ovn_revision_numbers_db [None req-8d32de8b-e00a-45e2-8df9-9cd64e321e59 a7403bfa94a0415492633a7e484d2c3c 27c676a40c654053a504661d6302f55d - - default default] Successfully bumped revision number for resource b5d28357-ec3d-47e5-a80d-332e3010dad5 (type: security_group_rules) to 0
2026-02-25 20:39:31.411 10 INFO neutron.wsgi [None req-8d32de8b-e00a-45e2-8df9-9cd64e321e59 a7403bfa94a0415492633a7e484d2c3c 27c676a40c654053a504661d6302f55d - - default default] 10.0.0.239 "GET /v2.0/security-groups?tenant_id=1839412d41444de482fe630a1fda0a48&name=default HTTP/1.1" status: 200 len: 3000 time: 0.1817222
2026-02-25 20:39:31.542 9 INFO neutron.db.ovn_revision_numbers_db [None req-f9b16a94-2cca-46fe-a386-2f3ef8262f02 3014f43c02dd48d08e01d69496590b5f 9fa84156ec5945b4a0f64edb7b3b1aa9 - - default default] Successfully bumped revision number for resource a4b48d56-f329-4b51-8961-6d7acaae4f8a (type: router_ports) to 1
2026-02-25 20:39:31.545 9 INFO neutron.wsgi [None req-f9b16a94-2cca-46fe-a386-2f3ef8262f02 3014f43c02dd48d08e01d69496590b5f 9fa84156ec5945b4a0f64edb7b3b1aa9 - - default default] 10.0.0.239 "PUT /v2.0/routers/9e13b483-bfed-4a7d-bdaa-60619f8f39ae/add_router_interface HTTP/1.1" status: 200 len: 503 time: 1.7589417
2026-02-25 20:39:31.666 10 INFO neutron.wsgi [None req-d2eca8f4-434a-470f-9d22-f3a65a98cf58 a7403bfa94a0415492633a7e484d2c3c 27c676a40c654053a504661d6302f55d - - default default] 10.0.0.239 "DELETE /v2.0/security-groups/c9678bda-04b1-4bb9-8415-8b7a3d42b607 HTTP/1.1" status: 204 len: 168 time: 0.2492237
2026-02-25 20:39:32.079 10 WARNING neutron.scheduler.dhcp_agent_scheduler [None req-2a15de35-3665-4c48-a99d-0b9840f51347 3014f43c02dd48d08e01d69496590b5f 9fa84156ec5945b4a0f64edb7b3b1aa9 - - default default] No more DHCP agents
2026-02-25 20:39:32.081 10 WARNING neutron.api.rpc.agentnotifiers.dhcp_rpc_agent_api [None req-2a15de35-3665-4c48-a99d-0b9840f51347 3014f43c02dd48d08e01d69496590b5f 9fa84156ec5945b4a0f64edb7b3b1aa9 - - default default] Unable to schedule network 2fdf479a-0f92-4052-8005-c0b355f00877: no agents available; will retry on subsequent port and subnet creation events.
2026-02-25 20:39:32.252 10 INFO neutron.db.ovn_revision_numbers_db [None req-2a15de35-3665-4c48-a99d-0b9840f51347 3014f43c02dd48d08e01d69496590b5f 9fa84156ec5945b4a0f64edb7b3b1aa9 - - default default] Successfully bumped revision number for resource 46b001ca-f1ac-4602-b8b8-d35ea0406fbb (type: ports) to 1
2026-02-25 20:39:32.788 10 INFO neutron.plugins.ml2.drivers.ovn.mech_driver.mech_driver [None req-d30f8d2e-f636-4c78-9826-d47f0238f5d0 - - - - - -] OVN reports status up for port: 46b001ca-f1ac-4602-b8b8-d35ea0406fbb
2026-02-25 20:39:32.807 10 INFO neutron.plugins.ml2.plugin [None req-d30f8d2e-f636-4c78-9826-d47f0238f5d0 - - - - - -] Attempt 1 to provision port 46b001ca-f1ac-4602-b8b8-d35ea0406fbb
2026-02-25 20:39:32.836 10 INFO neutron.db.ovn_revision_numbers_db [None req-2a15de35-3665-4c48-a99d-0b9840f51347 3014f43c02dd48d08e01d69496590b5f 9fa84156ec5945b4a0f64edb7b3b1aa9 - - default default] Successfully bumped revision number for resource 46b001ca-f1ac-4602-b8b8-d35ea0406fbb (type: router_ports) to 1
2026-02-25 20:39:33.022 10 INFO neutron.db.ovn_revision_numbers_db [None req-2a15de35-3665-4c48-a99d-0b9840f51347 3014f43c02dd48d08e01d69496590b5f 9fa84156ec5945b4a0f64edb7b3b1aa9 - - default default] Successfully bumped revision number for resource 46b001ca-f1ac-4602-b8b8-d35ea0406fbb (type: ports) to 1
2026-02-25 20:39:33.107 10 WARNING neutron.scheduler.dhcp_agent_scheduler [None req-2a15de35-3665-4c48-a99d-0b9840f51347 3014f43c02dd48d08e01d69496590b5f 9fa84156ec5945b4a0f64edb7b3b1aa9 - - default default] No more DHCP agents
2026-02-25 20:39:33.117 10 WARNING neutron.api.rpc.agentnotifiers.dhcp_rpc_agent_api [None req-2a15de35-3665-4c48-a99d-0b9840f51347 3014f43c02dd48d08e01d69496590b5f 9fa84156ec5945b4a0f64edb7b3b1aa9 - - default default] Unable to schedule network 2fdf479a-0f92-4052-8005-c0b355f00877: no agents available; will retry on subsequent port and subnet creation events.
2026-02-25 20:39:33.143 10 INFO neutron.db.ovn_revision_numbers_db [None req-d30f8d2e-f636-4c78-9826-d47f0238f5d0 - - - - - -] Successfully bumped revision number for resource 46b001ca-f1ac-4602-b8b8-d35ea0406fbb (type: ports) to 2
2026-02-25 20:39:33.248 10 INFO neutron.db.ovn_revision_numbers_db [None req-d30f8d2e-f636-4c78-9826-d47f0238f5d0 - - - - - -] Successfully bumped revision number for resource 46b001ca-f1ac-4602-b8b8-d35ea0406fbb (type: router_ports) to 2
2026-02-25 20:39:33.664 10 INFO neutron.db.ovn_revision_numbers_db [None req-2a15de35-3665-4c48-a99d-0b9840f51347 3014f43c02dd48d08e01d69496590b5f 9fa84156ec5945b4a0f64edb7b3b1aa9 - - default default] Successfully bumped revision number for resource 46b001ca-f1ac-4602-b8b8-d35ea0406fbb (type: router_ports) to 2
2026-02-25 20:39:33.667 10 INFO neutron.wsgi [None req-2a15de35-3665-4c48-a99d-0b9840f51347 3014f43c02dd48d08e01d69496590b5f 9fa84156ec5945b4a0f64edb7b3b1aa9 - - default default] 10.0.0.239 "PUT /v2.0/routers/9e13b483-bfed-4a7d-bdaa-60619f8f39ae/add_router_interface HTTP/1.1" status: 200 len: 503 time: 2.1168261
2026-02-25 20:39:33.727 10 WARNING neutron_lib.context [None req-3d6c5909-0010-4a32-80ca-391eaf925476 3014f43c02dd48d08e01d69496590b5f 9fa84156ec5945b4a0f64edb7b3b1aa9 - - default default] Method 'is_advsvc' is deprecated since 2023.2 release (neutron-lib 3.8.0) and will be removed once support for the old RBAC API policies will be removed from Neutron. Please use method 'is_service_role' instead.
2026-02-25 20:39:33.833 10 INFO neutron.db.ovn_revision_numbers_db [None req-3d6c5909-0010-4a32-80ca-391eaf925476 3014f43c02dd48d08e01d69496590b5f 9fa84156ec5945b4a0f64edb7b3b1aa9 - - default default] Successfully bumped revision number for resource b796e9c5-635e-446a-b28d-bb590076fd1b (type: security_groups) to 1
2026-02-25 20:39:33.850 10 INFO neutron.db.ovn_revision_numbers_db [None req-3d6c5909-0010-4a32-80ca-391eaf925476 3014f43c02dd48d08e01d69496590b5f 9fa84156ec5945b4a0f64edb7b3b1aa9 - - default default] Successfully bumped revision number for resource 2c340f3e-9de8-4408-bdb1-cedebd81db04 (type: security_group_rules) to 0
2026-02-25 20:39:33.864 10 INFO neutron.db.ovn_revision_numbers_db [None req-3d6c5909-0010-4a32-80ca-391eaf925476 3014f43c02dd48d08e01d69496590b5f 9fa84156ec5945b4a0f64edb7b3b1aa9 - - default default] Successfully bumped revision number for resource 3f135625-4f95-44bb-b75c-4534e83e41de (type: security_group_rules) to 0
2026-02-25 20:39:33.885 10 INFO neutron.wsgi [None req-3d6c5909-0010-4a32-80ca-391eaf925476 3014f43c02dd48d08e01d69496590b5f 9fa84156ec5945b4a0f64edb7b3b1aa9 - - default default] 10.0.0.239 "POST /v2.0/security-groups HTTP/1.1" status: 201 len: 1766 time: 0.1649678
2026-02-25 20:39:33.892 10 WARNING neutron_lib.context [None req-704bb050-83bb-486b-95b6-f7d411e9b4fe 3014f43c02dd48d08e01d69496590b5f 9fa84156ec5945b4a0f64edb7b3b1aa9 - - default default] Method 'is_advsvc' is deprecated since 2023.2 release (neutron-lib 3.8.0) and will be removed once support for the old RBAC API policies will be removed from Neutron. Please use method 'is_service_role' instead.
2026-02-25 20:39:34.014 10 INFO neutron.db.ovn_revision_numbers_db [None req-704bb050-83bb-486b-95b6-f7d411e9b4fe 3014f43c02dd48d08e01d69496590b5f 9fa84156ec5945b4a0f64edb7b3b1aa9 - - default default] Successfully bumped revision number for resource 5f0b165d-bf1d-4f04-aa4c-0a3ff886a863 (type: security_group_rules) to 0
2026-02-25 20:39:34.044 10 INFO neutron.wsgi [None req-704bb050-83bb-486b-95b6-f7d411e9b4fe 3014f43c02dd48d08e01d69496590b5f 9fa84156ec5945b4a0f64edb7b3b1aa9 - - default default] 10.0.0.239 "POST /v2.0/security-group-rules HTTP/1.1" status: 201 len: 764 time: 0.1551168
2026-02-25 20:39:34.054 10 WARNING neutron_lib.context [None req-f52791dc-4e0c-477a-900e-2ad2fbb5dff6 3014f43c02dd48d08e01d69496590b5f 9fa84156ec5945b4a0f64edb7b3b1aa9 - - default default] Method 'is_advsvc' is deprecated since 2023.2 release (neutron-lib 3.8.0) and will be removed once support for the old RBAC API policies will be removed from Neutron. Please use method 'is_service_role' instead.
2026-02-25 20:39:34.159 10 INFO neutron.db.ovn_revision_numbers_db [None req-f52791dc-4e0c-477a-900e-2ad2fbb5dff6 3014f43c02dd48d08e01d69496590b5f 9fa84156ec5945b4a0f64edb7b3b1aa9 - - default default] Successfully bumped revision number for resource 6502d3ba-ad67-40cd-bfd3-71852ffccfca (type: security_group_rules) to 0
2026-02-25 20:39:34.182 10 INFO neutron.wsgi [None req-f52791dc-4e0c-477a-900e-2ad2fbb5dff6 3014f43c02dd48d08e01d69496590b5f 9fa84156ec5945b4a0f64edb7b3b1aa9 - - default default] 10.0.0.239 "POST /v2.0/security-group-rules HTTP/1.1" status: 201 len: 764 time: 0.1334195
2026-02-25 20:39:34.193 9 WARNING neutron_lib.context [None req-26661210-57da-4880-b80a-283071cc3d9d 3014f43c02dd48d08e01d69496590b5f 9fa84156ec5945b4a0f64edb7b3b1aa9 - - default default] Method 'is_advsvc' is deprecated since 2023.2 release (neutron-lib 3.8.0) and will be removed once support for the old RBAC API policies will be removed from Neutron. Please use method 'is_service_role' instead.
2026-02-25 20:39:34.315 9 INFO neutron.db.ovn_revision_numbers_db [None req-26661210-57da-4880-b80a-283071cc3d9d 3014f43c02dd48d08e01d69496590b5f 9fa84156ec5945b4a0f64edb7b3b1aa9 - - default default] Successfully bumped revision number for resource 96b09e3a-4f67-4b70-9fe8-b0d7b0d17e94 (type: security_group_rules) to 0
2026-02-25 20:39:34.340 9 INFO neutron.wsgi [None req-26661210-57da-4880-b80a-283071cc3d9d 3014f43c02dd48d08e01d69496590b5f 9fa84156ec5945b4a0f64edb7b3b1aa9 - - default default] 10.0.0.239 "POST /v2.0/security-group-rules HTTP/1.1" status: 201 len: 766 time: 0.1516247
2026-02-25 20:39:34.351 9 WARNING neutron_lib.context [None req-9e9421b4-e896-492e-8cc8-d62d2e0598b6 3014f43c02dd48d08e01d69496590b5f 9fa84156ec5945b4a0f64edb7b3b1aa9 - - default default] Method 'is_advsvc' is deprecated since 2023.2 release (neutron-lib 3.8.0) and will be removed once support for the old RBAC API policies will be removed from Neutron. Please use method 'is_service_role' instead.
2026-02-25 20:39:34.481 9 INFO neutron.db.ovn_revision_numbers_db [None req-9e9421b4-e896-492e-8cc8-d62d2e0598b6 3014f43c02dd48d08e01d69496590b5f 9fa84156ec5945b4a0f64edb7b3b1aa9 - - default default] Successfully bumped revision number for resource fd72f94d-bbda-4328-9980-ab101922cfca (type: security_group_rules) to 0
2026-02-25 20:39:34.508 9 INFO neutron.wsgi [None req-9e9421b4-e896-492e-8cc8-d62d2e0598b6 3014f43c02dd48d08e01d69496590b5f 9fa84156ec5945b4a0f64edb7b3b1aa9 - - default default] 10.0.0.239 "POST /v2.0/security-group-rules HTTP/1.1" status: 201 len: 768 time: 0.1625431
2026-02-25 20:39:34.517 9 WARNING neutron_lib.context [None req-7e6548c1-12cd-4cf9-ace8-7a134764d156 3014f43c02dd48d08e01d69496590b5f 9fa84156ec5945b4a0f64edb7b3b1aa9 - - default default] Method 'is_advsvc' is deprecated since 2023.2 release (neutron-lib 3.8.0) and will be removed once support for the old RBAC API policies will be removed from Neutron. Please use method 'is_service_role' instead.
2026-02-25 20:39:34.618 9 INFO neutron.db.ovn_revision_numbers_db [None req-7e6548c1-12cd-4cf9-ace8-7a134764d156 3014f43c02dd48d08e01d69496590b5f 9fa84156ec5945b4a0f64edb7b3b1aa9 - - default default] Successfully bumped revision number for resource 38c03cb7-efa6-43a7-8dac-2045869e7c6e (type: security_group_rules) to 0
2026-02-25 20:39:34.643 9 INFO neutron.wsgi [None req-7e6548c1-12cd-4cf9-ace8-7a134764d156 3014f43c02dd48d08e01d69496590b5f 9fa84156ec5945b4a0f64edb7b3b1aa9 - - default default] 10.0.0.239 "POST /v2.0/security-group-rules HTTP/1.1" status: 201 len: 768 time: 0.1306868
2026-02-25 20:39:34.653 9 WARNING neutron_lib.context [None req-e10abcb7-30f2-4a2f-b6a1-fefe3ab712e9 3014f43c02dd48d08e01d69496590b5f 9fa84156ec5945b4a0f64edb7b3b1aa9 - - default default] Method 'is_advsvc' is deprecated since 2023.2 release (neutron-lib 3.8.0) and will be removed once support for the old RBAC API policies will be removed from Neutron. Please use method 'is_service_role' instead.
2026-02-25 20:39:34.779 9 INFO neutron.db.ovn_revision_numbers_db [None req-e10abcb7-30f2-4a2f-b6a1-fefe3ab712e9 3014f43c02dd48d08e01d69496590b5f 9fa84156ec5945b4a0f64edb7b3b1aa9 - - default default] Successfully bumped revision number for resource 85ce8266-43d9-43e7-a4fb-1f4bc3620f9a (type: security_group_rules) to 0
2026-02-25 20:39:34.802 9 INFO neutron.wsgi [None req-e10abcb7-30f2-4a2f-b6a1-fefe3ab712e9 3014f43c02dd48d08e01d69496590b5f 9fa84156ec5945b4a0f64edb7b3b1aa9 - - default default] 10.0.0.239 "POST /v2.0/security-group-rules HTTP/1.1" status: 201 len: 764 time: 0.1543579
2026-02-25 20:39:34.813 9 WARNING neutron_lib.context [None req-83b45e93-5da8-4d05-9e63-f1e034c58ee4 3014f43c02dd48d08e01d69496590b5f 9fa84156ec5945b4a0f64edb7b3b1aa9 - - default default] Method 'is_advsvc' is deprecated since 2023.2 release (neutron-lib 3.8.0) and will be removed once support for the old RBAC API policies will be removed from Neutron. Please use method 'is_service_role' instead.
2026-02-25 20:39:34.882 10 WARNING neutron_lib.context [None req-2f91b3cb-0c26-4878-aa86-ac348590da5d 1fff3b7a5a18498ba891d47171c3607e 3f8d31b421fc45d2a78b9d9f2f0a963b - - default default] Method 'is_advsvc' is deprecated since 2023.2 release (neutron-lib 3.8.0) and will be removed once support for the old RBAC API policies will be removed from Neutron. Please use method 'is_service_role' instead.
2026-02-25 20:39:34.955 9 INFO neutron.db.ovn_revision_numbers_db [None req-83b45e93-5da8-4d05-9e63-f1e034c58ee4 3014f43c02dd48d08e01d69496590b5f 9fa84156ec5945b4a0f64edb7b3b1aa9 - - default default] Successfully bumped revision number for resource a5b7463f-ef3d-4fab-accb-982d732f0d73 (type: security_group_rules) to 0
2026-02-25 20:39:34.957 10 INFO neutron.wsgi [None req-2f91b3cb-0c26-4878-aa86-ac348590da5d 1fff3b7a5a18498ba891d47171c3607e 3f8d31b421fc45d2a78b9d9f2f0a963b - - default default] 10.0.0.239 "POST /v2.0/subnetpools HTTP/1.1" status: 201 len: 715 time: 0.2463133
2026-02-25 20:39:34.978 9 INFO neutron.wsgi [None req-83b45e93-5da8-4d05-9e63-f1e034c58ee4 3014f43c02dd48d08e01d69496590b5f 9fa84156ec5945b4a0f64edb7b3b1aa9 - - default default] 10.0.0.239 "POST /v2.0/security-group-rules HTTP/1.1" status: 201 len: 764 time: 0.1695409
2026-02-25 20:39:34.989 9 WARNING neutron_lib.context [None req-3cdf8a6d-ef68-4517-9568-d8e2acb707f0 3014f43c02dd48d08e01d69496590b5f 9fa84156ec5945b4a0f64edb7b3b1aa9 - - default default] Method 'is_advsvc' is deprecated since 2023.2 release (neutron-lib 3.8.0) and will be removed once support for the old RBAC API policies will be removed from Neutron. Please use method 'is_service_role' instead.
2026-02-25 20:39:35.009 10 INFO neutron.wsgi [None req-ea2680d7-ef45-49a2-befe-e6d40d1e883d 1fff3b7a5a18498ba891d47171c3607e 3f8d31b421fc45d2a78b9d9f2f0a963b - - default default] 10.0.0.239 "PUT /v2.0/subnetpools/f6545da3-2347-4601-8722-011bc5cd9211/tags HTTP/1.1" status: 200 len: 218 time: 0.0461495
2026-02-25 20:39:35.049 9 INFO neutron.wsgi [None req-f2a68e22-9ec3-4be2-a851-79c96f300e84 1fff3b7a5a18498ba891d47171c3607e 3f8d31b421fc45d2a78b9d9f2f0a963b - - default default] 10.0.0.239 "GET /v2.0/subnetpools/f6545da3-2347-4601-8722-011bc5cd9211/tags HTTP/1.1" status: 200 len: 218 time: 0.0329301
2026-02-25 20:39:35.098 10 INFO neutron.wsgi [None req-dc971ecb-dffd-4d22-829e-2f0f3e008068 1fff3b7a5a18498ba891d47171c3607e 3f8d31b421fc45d2a78b9d9f2f0a963b - - default default] 10.0.0.239 "PUT /v2.0/subnetpools/f6545da3-2347-4601-8722-011bc5cd9211/tags/green HTTP/1.1" status: 201 len: 201 time: 0.0430062
2026-02-25 20:39:35.112 9 INFO neutron.db.ovn_revision_numbers_db [None req-3cdf8a6d-ef68-4517-9568-d8e2acb707f0 3014f43c02dd48d08e01d69496590b5f 9fa84156ec5945b4a0f64edb7b3b1aa9 - - default default] Successfully bumped revision number for resource 074cadb3-6254-4888-8ffa-803d6bdb4736 (type: security_group_rules) to 0
2026-02-25 20:39:35.133 10 INFO neutron.wsgi [None req-f8f1c295-a834-4474-a7e9-217483795f9e 1fff3b7a5a18498ba891d47171c3607e 3f8d31b421fc45d2a78b9d9f2f0a963b - - default default] 10.0.0.239 "GET /v2.0/subnetpools/f6545da3-2347-4601-8722-011bc5cd9211/tags HTTP/1.1" status: 200 len: 227 time: 0.0287137
2026-02-25 20:39:35.144 9 INFO neutron.wsgi [None req-3cdf8a6d-ef68-4517-9568-d8e2acb707f0 3014f43c02dd48d08e01d69496590b5f 9fa84156ec5945b4a0f64edb7b3b1aa9 - - default default] 10.0.0.239 "POST /v2.0/security-group-rules HTTP/1.1" status: 201 len: 764 time: 0.1603162
2026-02-25 20:39:35.155 9 WARNING neutron_lib.context [None req-0a863ba9-8d94-4a82-bac9-663b8930825f 3014f43c02dd48d08e01d69496590b5f 9fa84156ec5945b4a0f64edb7b3b1aa9 - - default default] Method 'is_advsvc' is deprecated since 2023.2 release (neutron-lib 3.8.0) and will be removed once support for the old RBAC API policies will be removed from Neutron. Please use method 'is_service_role' instead.
2026-02-25 20:39:35.160 10 INFO neutron.wsgi [None req-9aff5ba9-8466-49a7-9029-9361ca15258b 1fff3b7a5a18498ba891d47171c3607e 3f8d31b421fc45d2a78b9d9f2f0a963b - - default default] 10.0.0.239 "PUT /v2.0/subnetpools/f6545da3-2347-4601-8722-011bc5cd9211/tags/red HTTP/1.1" status: 201 len: 201 time: 0.0224822
2026-02-25 20:39:35.186 10 INFO neutron.wsgi [None req-a771d990-adb5-4e48-8ef6-0ce1b6b5b959 1fff3b7a5a18498ba891d47171c3607e 3f8d31b421fc45d2a78b9d9f2f0a963b - - default default] 10.0.0.239 "GET /v2.0/subnetpools/f6545da3-2347-4601-8722-011bc5cd9211/tags HTTP/1.1" status: 200 len: 227 time: 0.0219884
2026-02-25 20:39:35.219 10 INFO neutron.wsgi [None req-496dbf3c-7368-4a7c-b059-db1c9485b302 1fff3b7a5a18498ba891d47171c3607e 3f8d31b421fc45d2a78b9d9f2f0a963b - - default default] 10.0.0.239 "PUT /v2.0/subnetpools/f6545da3-2347-4601-8722-011bc5cd9211/tags/black.or.white HTTP/1.1" status: 201 len: 201 time: 0.0298419
2026-02-25 20:39:35.250 10 INFO neutron.wsgi [None req-a2a3f324-3d19-4a1c-ad0e-4dbe592bce61 1fff3b7a5a18498ba891d47171c3607e 3f8d31b421fc45d2a78b9d9f2f0a963b - - default default] 10.0.0.239 "GET /v2.0/subnetpools/f6545da3-2347-4601-8722-011bc5cd9211/tags HTTP/1.1" status: 200 len: 245 time: 0.0266728
2026-02-25 20:39:35.279 9 INFO neutron.db.ovn_revision_numbers_db [None req-0a863ba9-8d94-4a82-bac9-663b8930825f 3014f43c02dd48d08e01d69496590b5f 9fa84156ec5945b4a0f64edb7b3b1aa9 - - default default] Successfully bumped revision number for resource 5bd5ab44-7d71-4cf5-ba4c-0f5406cc9083 (type: security_group_rules) to 0
2026-02-25 20:39:35.295 10 INFO neutron.wsgi [None req-5188ee7c-8021-499d-a451-f10915cb9db8 1fff3b7a5a18498ba891d47171c3607e 3f8d31b421fc45d2a78b9d9f2f0a963b - - default default] 10.0.0.239 "PUT /v2.0/subnetpools/f6545da3-2347-4601-8722-011bc5cd9211/tags HTTP/1.1" status: 200 len: 230 time: 0.0401793
2026-02-25 20:39:35.308 9 INFO neutron.wsgi [None req-0a863ba9-8d94-4a82-bac9-663b8930825f 3014f43c02dd48d08e01d69496590b5f 9fa84156ec5945b4a0f64edb7b3b1aa9 - - default default] 10.0.0.239 "POST /v2.0/security-group-rules HTTP/1.1" status: 201 len: 766 time: 0.1582468
2026-02-25 20:39:35.327 9 WARNING neutron_lib.context [None req-1bb0be83-7702-4530-ab00-1575925bf6cc 3014f43c02dd48d08e01d69496590b5f 9fa84156ec5945b4a0f64edb7b3b1aa9 - - default default] Method 'is_advsvc' is deprecated since 2023.2 release (neutron-lib 3.8.0) and will be removed once support for the old RBAC API policies will be removed from Neutron. Please use method 'is_service_role' instead.
2026-02-25 20:39:35.348 9 INFO neutron.wsgi [None req-4e5a9363-37f3-4ffd-91ed-dc1cef7907d0 1fff3b7a5a18498ba891d47171c3607e 3f8d31b421fc45d2a78b9d9f2f0a963b - - default default] 10.0.0.239 "GET /v2.0/subnetpools/f6545da3-2347-4601-8722-011bc5cd9211/tags HTTP/1.1" status: 200 len: 230 time: 0.0474169
2026-02-25 20:39:35.391 9 INFO neutron.wsgi [None req-870621a6-2676-4862-a079-65f35ba94d87 1fff3b7a5a18498ba891d47171c3607e 3f8d31b421fc45d2a78b9d9f2f0a963b - - default default] 10.0.0.239 "GET /v2.0/subnetpools/f6545da3-2347-4601-8722-011bc5cd9211/tags/red HTTP/1.1" status: 204 len: 168 time: 0.0376735
2026-02-25 20:39:35.420 9 INFO neutron.api.v2.resource [None req-309b8c60-0838-4f34-9dc2-2f27f2e86c0d 1fff3b7a5a18498ba891d47171c3607e 3f8d31b421fc45d2a78b9d9f2f0a963b - - default default] show failed (client error): The resource could not be found.
2026-02-25 20:39:35.421 9 INFO neutron.wsgi [None req-309b8c60-0838-4f34-9dc2-2f27f2e86c0d 1fff3b7a5a18498ba891d47171c3607e 3f8d31b421fc45d2a78b9d9f2f0a963b - - default default] 10.0.0.239 "GET /v2.0/subnetpools/f6545da3-2347-4601-8722-011bc5cd9211/tags/green HTTP/1.1" status: 404 len: 299 time: 0.0249791
2026-02-25 20:39:35.471 9 INFO neutron.wsgi [None req-3850129d-f0d3-4bd1-bdeb-4c9eec808009 1fff3b7a5a18498ba891d47171c3607e 3f8d31b421fc45d2a78b9d9f2f0a963b - - default default] 10.0.0.239 "DELETE /v2.0/subnetpools/f6545da3-2347-4601-8722-011bc5cd9211/tags/red HTTP/1.1" status: 204 len: 168 time: 0.0449362
2026-02-25 20:39:35.488 9 INFO neutron.db.ovn_revision_numbers_db [None req-1bb0be83-7702-4530-ab00-1575925bf6cc 3014f43c02dd48d08e01d69496590b5f 9fa84156ec5945b4a0f64edb7b3b1aa9 - - default default] Successfully bumped revision number for resource d02e7b0f-6441-417a-b30b-1b43ddd8d8c8 (type: security_group_rules) to 0
2026-02-25 20:39:35.502 10 INFO neutron.wsgi [None req-609c1309-46be-44c8-9932-21837ffe918b 1fff3b7a5a18498ba891d47171c3607e 3f8d31b421fc45d2a78b9d9f2f0a963b - - default default] 10.0.0.239 "GET /v2.0/subnetpools/f6545da3-2347-4601-8722-011bc5cd9211/tags HTTP/1.1" status: 200 len: 223 time: 0.0241439
2026-02-25 20:39:35.513 9 INFO neutron.wsgi [None req-1bb0be83-7702-4530-ab00-1575925bf6cc 3014f43c02dd48d08e01d69496590b5f 9fa84156ec5945b4a0f64edb7b3b1aa9 - - default default] 10.0.0.239 "POST /v2.0/security-group-rules HTTP/1.1" status: 201 len: 768 time: 0.1983976
2026-02-25 20:39:35.527 10 WARNING neutron_lib.context [None req-cdea46d4-c724-4bc0-88d1-0d1ecabee39e 3014f43c02dd48d08e01d69496590b5f 9fa84156ec5945b4a0f64edb7b3b1aa9 - - default default] Method 'is_advsvc' is deprecated since 2023.2 release (neutron-lib 3.8.0) and will be removed once support for the old RBAC API policies will be removed from Neutron. Please use method 'is_service_role' instead.
2026-02-25 20:39:35.534 9 INFO neutron.api.v2.resource [None req-b568c5a7-c3ab-4a0d-8a03-198a33958022 1fff3b7a5a18498ba891d47171c3607e 3f8d31b421fc45d2a78b9d9f2f0a963b - - default default] delete failed (client error): The resource could not be found.
2026-02-25 20:39:35.535 9 INFO neutron.wsgi [None req-b568c5a7-c3ab-4a0d-8a03-198a33958022 1fff3b7a5a18498ba891d47171c3607e 3f8d31b421fc45d2a78b9d9f2f0a963b - - default default] 10.0.0.239 "DELETE /v2.0/subnetpools/f6545da3-2347-4601-8722-011bc5cd9211/tags/green HTTP/1.1" status: 404 len: 299 time: 0.0275941
2026-02-25 20:39:35.573 9 INFO neutron.wsgi [None req-7a57ae89-15c0-4114-b876-226b992abb65 1fff3b7a5a18498ba891d47171c3607e 3f8d31b421fc45d2a78b9d9f2f0a963b - - default default] 10.0.0.239 "DELETE /v2.0/subnetpools/f6545da3-2347-4601-8722-011bc5cd9211/tags HTTP/1.1" status: 204 len: 168 time: 0.0331979
2026-02-25 20:39:35.593 9 INFO neutron.wsgi [None req-c6705495-4a87-40e8-8acc-427be4a4497e 1fff3b7a5a18498ba891d47171c3607e 3f8d31b421fc45d2a78b9d9f2f0a963b - - default default] 10.0.0.239 "GET /v2.0/subnetpools/f6545da3-2347-4601-8722-011bc5cd9211/tags HTTP/1.1" status: 200 len: 205 time: 0.0176010
2026-02-25 20:39:35.659 9 INFO neutron.wsgi [None req-d5acb674-b3ef-4f67-aa21-b2351f37350d 1fff3b7a5a18498ba891d47171c3607e 3f8d31b421fc45d2a78b9d9f2f0a963b - - default default] 10.0.0.239 "DELETE /v2.0/subnetpools/f6545da3-2347-4601-8722-011bc5cd9211 HTTP/1.1" status: 204 len: 168 time: 0.0582745
2026-02-25 20:39:35.664 10 INFO neutron.db.ovn_revision_numbers_db [None req-cdea46d4-c724-4bc0-88d1-0d1ecabee39e 3014f43c02dd48d08e01d69496590b5f 9fa84156ec5945b4a0f64edb7b3b1aa9 - - default default] Successfully bumped revision number for resource 4fadb465-cc13-48c2-9c7b-b2c10c991d3f (type: security_group_rules) to 0
2026-02-25 20:39:35.694 10 INFO neutron.wsgi [None req-cdea46d4-c724-4bc0-88d1-0d1ecabee39e 3014f43c02dd48d08e01d69496590b5f 9fa84156ec5945b4a0f64edb7b3b1aa9 - - default default] 10.0.0.239 "POST /v2.0/security-group-rules HTTP/1.1" status: 201 len: 764 time: 0.1747811
2026-02-25 20:39:35.948 9 INFO neutron.wsgi [req-2c60208d-429d-4d8e-adda-85de414d9121 req-65ed9f03-1d0e-4074-bf9d-b6c79e5848be 3014f43c02dd48d08e01d69496590b5f 9fa84156ec5945b4a0f64edb7b3b1aa9 - - default default] 10.0.0.78 "GET /v2.0/security-groups?name=tempest-lb_member_SG-1786053062&fields=id&tenant_id=9fa84156ec5945b4a0f64edb7b3b1aa9 HTTP/1.1" status: 200 len: 267 time: 0.0384495
2026-02-25 20:39:36.037 9 INFO neutron.wsgi [req-2c60208d-429d-4d8e-adda-85de414d9121 req-c6072550-672b-455b-8702-422e59cf4784 3014f43c02dd48d08e01d69496590b5f 9fa84156ec5945b4a0f64edb7b3b1aa9 - - default default] 10.0.0.78 "GET /v2.0/networks?id=c9e83506-fb5a-4871-8f51-2ff2ac513975 HTTP/1.1" status: 200 len: 903 time: 0.0805259
2026-02-25 20:39:36.044 9 WARNING neutron.plugins.ml2.drivers.ovn.mech_driver.ovsdb.ovn_client [None req-67b502a8-91c0-4df6-ad81-11dbcd0b1268 - - - - - -] No hosting information found for port 5385a722-9158-43a9-95b7-c8a65545b7bc: RuntimeError: No hosting information found for port 5385a722-9158-43a9-95b7-c8a65545b7bc
2026-02-25 20:39:36.045 9 INFO neutron.plugins.ml2.drivers.ovn.mech_driver.mech_driver [None req-67b502a8-91c0-4df6-ad81-11dbcd0b1268 - - - - - -] OVN reports status up for port: a4b48d56-f329-4b51-8961-6d7acaae4f8a
2026-02-25 20:39:36.057 9 INFO neutron.plugins.ml2.plugin [None req-67b502a8-91c0-4df6-ad81-11dbcd0b1268 - - - - - -] Attempt 1 to provision port a4b48d56-f329-4b51-8961-6d7acaae4f8a
2026-02-25 20:39:36.059 9 INFO neutron.wsgi [req-2c60208d-429d-4d8e-adda-85de414d9121 req-d5b7b876-ddcd-4412-b072-e057ff00ba95 3014f43c02dd48d08e01d69496590b5f 9fa84156ec5945b4a0f64edb7b3b1aa9 - - default default] 10.0.0.78 "GET /v2.0/quotas/9fa84156ec5945b4a0f64edb7b3b1aa9 HTTP/1.1" status: 200 len: 386 time: 0.0122633
2026-02-25 20:39:36.291 9 INFO neutron.wsgi [req-2c60208d-429d-4d8e-adda-85de414d9121 req-ad787527-c55e-47de-a3aa-3d5f4682ccb5 3014f43c02dd48d08e01d69496590b5f 9fa84156ec5945b4a0f64edb7b3b1aa9 - - default default] 10.0.0.78 "GET /v2.0/ports?tenant_id=9fa84156ec5945b4a0f64edb7b3b1aa9&fields=id HTTP/1.1" status: 200 len: 486 time: 0.2251334
2026-02-25 20:39:36.372 9 INFO neutron.wsgi [req-2c60208d-429d-4d8e-adda-85de414d9121 req-9dad3520-2a6e-4675-b9ce-36f237abf37b 709c399d191e46e0816651119cfdb52f bb1f5842a8214640ad4f8c8595425864 - - 71f984fa33844ef493cc49ac6ef015f4 71f984fa33844ef493cc49ac6ef015f4] 10.0.0.78 "GET /v2.0/networks/c9e83506-fb5a-4871-8f51-2ff2ac513975?fields=segments HTTP/1.1" status: 200 len: 212 time: 0.0658414
2026-02-25 20:39:36.415 9 INFO neutron.db.ovn_revision_numbers_db [None req-67b502a8-91c0-4df6-ad81-11dbcd0b1268 - - - - - -] Successfully bumped revision number for resource a4b48d56-f329-4b51-8961-6d7acaae4f8a (type: ports) to 2
2026-02-25 20:39:36.471 9 INFO neutron.wsgi [req-2c60208d-429d-4d8e-adda-85de414d9121 req-ef680050-b3e7-487c-9aab-5941e1fb67af 709c399d191e46e0816651119cfdb52f bb1f5842a8214640ad4f8c8595425864 - - 71f984fa33844ef493cc49ac6ef015f4 71f984fa33844ef493cc49ac6ef015f4] 10.0.0.78 "GET /v2.0/networks/c9e83506-fb5a-4871-8f51-2ff2ac513975?fields=provider%3Aphysical_network&fields=provider%3Anetwork_type HTTP/1.1" status: 200 len: 277 time: 0.0910671
2026-02-25 20:39:36.511 9 INFO neutron.db.ovn_revision_numbers_db [None req-67b502a8-91c0-4df6-ad81-11dbcd0b1268 - - - - - -] Successfully bumped revision number for resource a4b48d56-f329-4b51-8961-6d7acaae4f8a (type: router_ports) to 2
2026-02-25 20:39:36.622 10 INFO neutron.db.ovn_revision_numbers_db [None req-c4a92c75-6a72-462a-9d1c-f8d060cf200d a7403bfa94a0415492633a7e484d2c3c 27c676a40c654053a504661d6302f55d - - default default] Successfully bumped revision number for resource 7a8c3bdd-5968-46da-b818-c5ac437f4950 (type: security_groups) to 1
2026-02-25 20:39:36.635 10 INFO neutron.db.ovn_revision_numbers_db [None req-c4a92c75-6a72-462a-9d1c-f8d060cf200d a7403bfa94a0415492633a7e484d2c3c 27c676a40c654053a504661d6302f55d - - default default] Successfully bumped revision number for resource 0d8f9f5b-840e-4230-81fc-6018f77a8702 (type: security_group_rules) to 0
2026-02-25 20:39:36.653 10 INFO neutron.db.ovn_revision_numbers_db [None req-c4a92c75-6a72-462a-9d1c-f8d060cf200d a7403bfa94a0415492633a7e484d2c3c 27c676a40c654053a504661d6302f55d - - default default] Successfully bumped revision number for resource 1bb81533-3a26-4849-91f0-417689c5e150 (type: security_group_rules) to 0
2026-02-25 20:39:36.669 10 INFO neutron.db.ovn_revision_numbers_db [None req-c4a92c75-6a72-462a-9d1c-f8d060cf200d a7403bfa94a0415492633a7e484d2c3c 27c676a40c654053a504661d6302f55d - - default default] Successfully bumped revision number for resource 464c8f64-fa2a-4f34-a23c-7089ffc746d7 (type: security_group_rules) to 0
2026-02-25 20:39:36.682 10 INFO neutron.db.ovn_revision_numbers_db [None req-c4a92c75-6a72-462a-9d1c-f8d060cf200d a7403bfa94a0415492633a7e484d2c3c 27c676a40c654053a504661d6302f55d - - default default] Successfully bumped revision number for resource 7539d26e-84d3-4313-98dc-f617729780d6 (type: security_group_rules) to 0
2026-02-25 20:39:36.710 10 INFO neutron.wsgi [None req-c4a92c75-6a72-462a-9d1c-f8d060cf200d a7403bfa94a0415492633a7e484d2c3c 27c676a40c654053a504661d6302f55d - - default default] 10.0.0.239 "GET /v2.0/security-groups?tenant_id=7ff335de4ed947568096239b41fbac13&name=default HTTP/1.1" status: 200 len: 3000 time: 0.3410175
2026-02-25 20:39:36.920 10 INFO neutron.wsgi [None req-f1cf4c26-4a99-4994-a80b-7d04faa4ecb3 a7403bfa94a0415492633a7e484d2c3c 27c676a40c654053a504661d6302f55d - - default default] 10.0.0.239 "DELETE /v2.0/security-groups/7a8c3bdd-5968-46da-b818-c5ac437f4950 HTTP/1.1" status: 204 len: 168 time: 0.2004395
2026-02-25 20:39:37.005 9 INFO neutron.wsgi [req-51d5ef92-42ba-47e4-b745-f5aef75c955e req-a12d3c00-ab15-4eeb-a22b-fb0fad9b80be 3014f43c02dd48d08e01d69496590b5f 9fa84156ec5945b4a0f64edb7b3b1aa9 - - default default] 10.0.0.78 "GET /v2.0/ports?device_id=b6714d7c-6120-4ae8-a0a9-1932ac6b7fea HTTP/1.1" status: 200 len: 210 time: 0.0233877
2026-02-25 20:39:37.154 10 INFO neutron.db.ovn_revision_numbers_db [None req-54504d49-3656-4eda-b51b-459fbcfc4339 a7403bfa94a0415492633a7e484d2c3c 27c676a40c654053a504661d6302f55d - - default default] Successfully bumped revision number for resource a3a2dcf6-e503-47cd-8e26-5353f4a4c55a (type: security_groups) to 1
2026-02-25 20:39:37.167 10 INFO neutron.db.ovn_revision_numbers_db [None req-54504d49-3656-4eda-b51b-459fbcfc4339 a7403bfa94a0415492633a7e484d2c3c 27c676a40c654053a504661d6302f55d - - default default] Successfully bumped revision number for resource 0b190b41-63b6-45b4-9144-b3ee453f2457 (type: security_group_rules) to 0
2026-02-25 20:39:37.186 10 INFO neutron.db.ovn_revision_numbers_db [None req-54504d49-3656-4eda-b51b-459fbcfc4339 a7403bfa94a0415492633a7e484d2c3c 27c676a40c654053a504661d6302f55d - - default default] Successfully bumped revision number for resource 1e51107b-e295-4e36-8076-cfd05a24c433 (type: security_group_rules) to 0
2026-02-25 20:39:37.203 10 INFO neutron.db.ovn_revision_numbers_db [None req-54504d49-3656-4eda-b51b-459fbcfc4339 a7403bfa94a0415492633a7e484d2c3c 27c676a40c654053a504661d6302f55d - - default default] Successfully bumped revision number for resource 8be5443b-6287-4cba-a98f-33d2db5f897c (type: security_group_rules) to 0
2026-02-25 20:39:37.214 10 INFO neutron.db.ovn_revision_numbers_db [None req-54504d49-3656-4eda-b51b-459fbcfc4339 a7403bfa94a0415492633a7e484d2c3c 27c676a40c654053a504661d6302f55d - - default default] Successfully bumped revision number for resource da36b4f4-436e-483e-af4c-5cdd2f17a034 (type: security_group_rules) to 0
2026-02-25 20:39:37.237 10 INFO neutron.wsgi [None req-54504d49-3656-4eda-b51b-459fbcfc4339 a7403bfa94a0415492633a7e484d2c3c 27c676a40c654053a504661d6302f55d - - default default] 10.0.0.239 "GET /v2.0/security-groups?tenant_id=3f8d31b421fc45d2a78b9d9f2f0a963b&name=default HTTP/1.1" status: 200 len: 3000 time: 0.2031960
2026-02-25 20:39:37.323 9 INFO neutron.wsgi [req-2c60208d-429d-4d8e-adda-85de414d9121 req-3a5991a1-07b2-4dba-b16a-c3988ab85b21 3014f43c02dd48d08e01d69496590b5f 9fa84156ec5945b4a0f64edb7b3b1aa9 - - default default] 199.19.213.169 "GET /v2.0/networks?id=c9e83506-fb5a-4871-8f51-2ff2ac513975 HTTP/1.1" status: 200 len: 903 time: 0.0951898
2026-02-25 20:39:37.377 9 INFO neutron.wsgi [req-2c60208d-429d-4d8e-adda-85de414d9121 req-8a9c782f-1592-41c9-a4b7-8f8fe3f4c645 3014f43c02dd48d08e01d69496590b5f 9fa84156ec5945b4a0f64edb7b3b1aa9 - - default default] 199.19.213.169 "GET /v2.0/security-groups?fields=id&fields=name&tenant_id=9fa84156ec5945b4a0f64edb7b3b1aa9 HTTP/1.1" status: 200 len: 378 time: 0.0456328
2026-02-25 20:39:37.400 9 WARNING neutron_lib.context [req-2c60208d-429d-4d8e-adda-85de414d9121 req-a4872840-1a06-4dcf-b376-a5bbb11acdaf 3014f43c02dd48d08e01d69496590b5f 9fa84156ec5945b4a0f64edb7b3b1aa9 - - default default] Method 'is_advsvc' is deprecated since 2023.2 release (neutron-lib 3.8.0) and will be removed once support for the old RBAC API policies will be removed from Neutron. Please use method 'is_service_role' instead.
2026-02-25 20:39:37.445 10 INFO neutron.wsgi [None req-46a29f8e-8ad4-4f4e-b7be-7d66414b1832 a7403bfa94a0415492633a7e484d2c3c 27c676a40c654053a504661d6302f55d - - default default] 10.0.0.239 "DELETE /v2.0/security-groups/a3a2dcf6-e503-47cd-8e26-5353f4a4c55a HTTP/1.1" status: 204 len: 168 time: 0.2022741
2026-02-25 20:39:37.764 9 WARNING neutron.scheduler.dhcp_agent_scheduler [req-2c60208d-429d-4d8e-adda-85de414d9121 req-a4872840-1a06-4dcf-b376-a5bbb11acdaf 3014f43c02dd48d08e01d69496590b5f 9fa84156ec5945b4a0f64edb7b3b1aa9 - - default default] No more DHCP agents
2026-02-25 20:39:37.766 9 WARNING neutron.api.rpc.agentnotifiers.dhcp_rpc_agent_api [req-2c60208d-429d-4d8e-adda-85de414d9121 req-a4872840-1a06-4dcf-b376-a5bbb11acdaf 3014f43c02dd48d08e01d69496590b5f 9fa84156ec5945b4a0f64edb7b3b1aa9 - - default default] Unable to schedule network c9e83506-fb5a-4871-8f51-2ff2ac513975: no agents available; will retry on subsequent port and subnet creation events.
2026-02-25 20:39:37.912 10 WARNING neutron.plugins.ml2.drivers.ovn.mech_driver.ovsdb.ovn_client [None req-d30f8d2e-f636-4c78-9826-d47f0238f5d0 - - - - - -] No hosting information found for port 46b001ca-f1ac-4602-b8b8-d35ea0406fbb: RuntimeError: No hosting information found for port 46b001ca-f1ac-4602-b8b8-d35ea0406fbb
2026-02-25 20:39:37.942 9 INFO neutron.db.ovn_revision_numbers_db [req-2c60208d-429d-4d8e-adda-85de414d9121 req-a4872840-1a06-4dcf-b376-a5bbb11acdaf 3014f43c02dd48d08e01d69496590b5f 9fa84156ec5945b4a0f64edb7b3b1aa9 - - default default] Successfully bumped revision number for resource eec7ba1a-dd36-40ba-8b63-22a6ccfa65a2 (type: ports) to 1
