2026-02-25 20:39:08.572 9 INFO neutron.wsgi [None req-70a06ebc-c01e-4103-956e-6c4217238fe3 6b6a8c10d9764a03be00123cccaccdf6 f9237a52736947658f7d612a4ef47100 - - default default] 10.0.0.239 "POST /v2.0/security-groups HTTP/1.1" status: 201 len: 1737 time: 0.2184248
2026-02-25 20:39:08.603 10 INFO neutron.db.ovn_revision_numbers_db [None req-8aa07087-832e-419f-bccd-d1267f26fba7 a7403bfa94a0415492633a7e484d2c3c 27c676a40c654053a504661d6302f55d - - default default] Successfully bumped revision number for resource 5b1cf6cc-6b60-4119-89c1-f6f24a4436de (type: security_groups) to 1
2026-02-25 20:39:08.630 10 INFO neutron.wsgi [None req-7bede426-a9d3-4470-9cb8-9f00b2fa81c5 6b6a8c10d9764a03be00123cccaccdf6 f9237a52736947658f7d612a4ef47100 - - default default] 10.0.0.239 "PUT /v2.0/security-groups/999a735e-45a4-465f-a9c0-c3591aaf22f2/tags HTTP/1.1" status: 200 len: 210 time: 0.0513346
2026-02-25 20:39:08.632 10 INFO neutron.db.ovn_revision_numbers_db [None req-8aa07087-832e-419f-bccd-d1267f26fba7 a7403bfa94a0415492633a7e484d2c3c 27c676a40c654053a504661d6302f55d - - default default] Successfully bumped revision number for resource 3688d918-80c5-4423-a976-e90c424ea2b5 (type: security_group_rules) to 0
2026-02-25 20:39:08.656 10 INFO neutron.db.ovn_revision_numbers_db [None req-8aa07087-832e-419f-bccd-d1267f26fba7 a7403bfa94a0415492633a7e484d2c3c 27c676a40c654053a504661d6302f55d - - default default] Successfully bumped revision number for resource 4fdf3729-8b3e-4b93-a672-628e16290a76 (type: security_group_rules) to 0
2026-02-25 20:39:08.675 10 INFO neutron.db.ovn_revision_numbers_db [None req-8aa07087-832e-419f-bccd-d1267f26fba7 a7403bfa94a0415492633a7e484d2c3c 27c676a40c654053a504661d6302f55d - - default default] Successfully bumped revision number for resource bb77af56-8cd0-4c71-a6f5-a61439009b63 (type: security_group_rules) to 0
2026-02-25 20:39:08.678 9 INFO neutron.wsgi [None req-c0f0f3ef-c16f-4998-b83a-5897fef460fc 6b6a8c10d9764a03be00123cccaccdf6 f9237a52736947658f7d612a4ef47100 - - default default] 10.0.0.239 "PUT /v2.0/security-groups/7b13ac5e-63b7-430b-8c1d-d7cbc4b98566/tags HTTP/1.1" status: 200 len: 218 time: 0.0387542
2026-02-25 20:39:08.693 10 INFO neutron.db.ovn_revision_numbers_db [None req-8aa07087-832e-419f-bccd-d1267f26fba7 a7403bfa94a0415492633a7e484d2c3c 27c676a40c654053a504661d6302f55d - - default default] Successfully bumped revision number for resource cfce6412-6d49-4371-a2f6-47be29dfcb7e (type: security_group_rules) to 0
2026-02-25 20:39:08.717 9 INFO neutron.wsgi [None req-31e5375b-4f66-4266-8f72-b27674f0c6e6 6b6a8c10d9764a03be00123cccaccdf6 f9237a52736947658f7d612a4ef47100 - - default default] 10.0.0.239 "PUT /v2.0/security-groups/cb0dc49c-c700-4f61-bc41-ca80d2c24ded/tags HTTP/1.1" status: 200 len: 227 time: 0.0326958
2026-02-25 20:39:08.722 10 INFO neutron.wsgi [None req-8aa07087-832e-419f-bccd-d1267f26fba7 a7403bfa94a0415492633a7e484d2c3c 27c676a40c654053a504661d6302f55d - - default default] 10.0.0.239 "GET /v2.0/security-groups?tenant_id=7ab8603aaf6b4b67a8572168082da2a5&name=default HTTP/1.1" status: 200 len: 2996 time: 0.7615533
2026-02-25 20:39:08.761 9 INFO neutron.wsgi [None req-75d1d27f-0967-42e8-9644-5e8660942a7c 6b6a8c10d9764a03be00123cccaccdf6 f9237a52736947658f7d612a4ef47100 - - default default] 10.0.0.239 "PUT /v2.0/security-groups/1c163221-44dd-4249-be41-f0f3b7079c79/tags HTTP/1.1" status: 200 len: 212 time: 0.0369644
2026-02-25 20:39:08.775 10 INFO neutron.wsgi [None req-104c16cd-1c11-4a16-a911-c1e54aea0588 a7403bfa94a0415492633a7e484d2c3c 27c676a40c654053a504661d6302f55d - - default default] 10.0.0.239 "DELETE /v2.0/subnets/97c3089f-fcba-40c6-bb1d-cf620466347a HTTP/1.1" status: 204 len: 168 time: 0.2177136
2026-02-25 20:39:08.809 9 INFO neutron.wsgi [None req-908fede8-a65f-4ad3-ab44-52e037f8c47d 6b6a8c10d9764a03be00123cccaccdf6 f9237a52736947658f7d612a4ef47100 - - default default] 10.0.0.239 "GET /v2.0/security-groups?tags=red HTTP/1.1" status: 200 len: 4813 time: 0.0418291
2026-02-25 20:39:08.857 9 INFO neutron.wsgi [None req-851a7e7e-5535-4f67-9e8e-dec02ca89a01 6b6a8c10d9764a03be00123cccaccdf6 f9237a52736947658f7d612a4ef47100 - - default default] 10.0.0.239 "GET /v2.0/security-groups?tags=red%2Cblue HTTP/1.1" status: 200 len: 3289 time: 0.0421832
2026-02-25 20:39:08.902 9 INFO neutron.wsgi [None req-3c47cd02-6242-43a7-9198-7a7f514fb58e 6b6a8c10d9764a03be00123cccaccdf6 f9237a52736947658f7d612a4ef47100 - - default default] 10.0.0.239 "GET /v2.0/security-groups?tags-any=blue HTTP/1.1" status: 200 len: 3289 time: 0.0387084
2026-02-25 20:39:08.946 9 INFO neutron.wsgi [None req-dc81ac66-fdec-43e9-a693-a8d609e8b8dc 6b6a8c10d9764a03be00123cccaccdf6 f9237a52736947658f7d612a4ef47100 - - default default] 10.0.0.239 "GET /v2.0/security-groups?tags-any=red%2Cblue HTTP/1.1" status: 200 len: 4813 time: 0.0372417
2026-02-25 20:39:08.982 10 INFO neutron.wsgi [None req-0f2a7108-6c39-4415-8c6d-114f239044c9 a7403bfa94a0415492633a7e484d2c3c 27c676a40c654053a504661d6302f55d - - default default] 10.0.0.239 "DELETE /v2.0/security-groups/5b1cf6cc-6b60-4119-89c1-f6f24a4436de HTTP/1.1" status: 204 len: 168 time: 0.2536261
2026-02-25 20:39:08.994 9 INFO neutron.wsgi [None req-2c99c817-fdd9-48e3-82af-3212de5a8b73 6b6a8c10d9764a03be00123cccaccdf6 f9237a52736947658f7d612a4ef47100 - - default default] 10.0.0.239 "GET /v2.0/security-groups?not-tags=red HTTP/1.1" status: 200 len: 6041 time: 0.0421307
2026-02-25 20:39:09.054 9 INFO neutron.wsgi [None req-ebb91d6b-e741-4994-839e-377a88b0da8e 6b6a8c10d9764a03be00123cccaccdf6 f9237a52736947658f7d612a4ef47100 - - default default] 10.0.0.239 "GET /v2.0/security-groups?not-tags=red%2Cblue HTTP/1.1" status: 200 len: 7565 time: 0.0508077
2026-02-25 20:39:09.112 10 INFO neutron.wsgi [None req-6ef4e8a4-bf1b-4b32-b10c-02c5210d7817 a7403bfa94a0415492633a7e484d2c3c 27c676a40c654053a504661d6302f55d - - default default] 10.0.0.239 "DELETE /v2.0/networks/9a6a0b88-8754-4526-9993-bb0f1228d1e4 HTTP/1.1" status: 204 len: 168 time: 0.3321612
2026-02-25 20:39:09.113 9 INFO neutron.wsgi [None req-3e12f04f-82af-4d23-8c1b-554a889cbc3b 6b6a8c10d9764a03be00123cccaccdf6 f9237a52736947658f7d612a4ef47100 - - default default] 10.0.0.239 "GET /v2.0/security-groups?not-tags-any=blue HTTP/1.1" status: 200 len: 7565 time: 0.0501826
2026-02-25 20:39:09.127 9 INFO neutron.wsgi [None req-86a45fcb-5ed0-4975-895d-90d5fb77e8a9 a7403bfa94a0415492633a7e484d2c3c 27c676a40c654053a504661d6302f55d - - default default] 10.0.0.239 "GET /v2.0/security-groups?tenant_id=49bc904bb5cd48349351a58b1825d467&name=default HTTP/1.1" status: 200 len: 2996 time: 0.0412190
2026-02-25 20:39:09.167 9 INFO neutron.wsgi [None req-01ba6c10-1b7e-4bc7-b5e7-1818ba91365b 6b6a8c10d9764a03be00123cccaccdf6 f9237a52736947658f7d612a4ef47100 - - default default] 10.0.0.239 "GET /v2.0/security-groups?not-tags-any=red%2Cblue HTTP/1.1" status: 200 len: 6041 time: 0.0470181
2026-02-25 20:39:09.305 9 INFO neutron.wsgi [None req-1f2c4e4d-9424-45f1-8355-fb4a300a8bfd 6b6a8c10d9764a03be00123cccaccdf6 f9237a52736947658f7d612a4ef47100 - - default default] 10.0.0.239 "DELETE /v2.0/security-groups/999a735e-45a4-465f-a9c0-c3591aaf22f2 HTTP/1.1" status: 204 len: 168 time: 0.1326716
2026-02-25 20:39:09.351 9 INFO neutron.wsgi [None req-22ddb4b1-e223-404a-87cd-495fd7165164 a7403bfa94a0415492633a7e484d2c3c 27c676a40c654053a504661d6302f55d - - default default] 10.0.0.239 "DELETE /v2.0/security-groups/bcf0f9d4-c78e-4d05-8a92-66c269f038fe HTTP/1.1" status: 204 len: 168 time: 0.2196033
2026-02-25 20:39:09.422 10 INFO neutron.wsgi [None req-3d62d77c-7748-48d5-ab7d-a61c524c6327 6b6a8c10d9764a03be00123cccaccdf6 f9237a52736947658f7d612a4ef47100 - - default default] 10.0.0.239 "DELETE /v2.0/security-groups/7b13ac5e-63b7-430b-8c1d-d7cbc4b98566 HTTP/1.1" status: 204 len: 168 time: 0.1098380
2026-02-25 20:39:09.469 9 INFO neutron.wsgi [None req-ee3bb46a-f19c-428b-a088-216b42a77873 a7403bfa94a0415492633a7e484d2c3c 27c676a40c654053a504661d6302f55d - - default default] 10.0.0.239 "GET /v2.0/security-groups?tenant_id=54ccf77009bf48f28e81ce55267ff362&name=default HTTP/1.1" status: 200 len: 2996 time: 0.0390971
2026-02-25 20:39:09.484 10 INFO neutron.services.segments.plugin [-] Segment 671931ac-fd96-4933-a146-c1f9b6612426 resource provider aggregate not found
2026-02-25 20:39:09.501 10 INFO neutron.services.segments.plugin [-] Segment 671931ac-fd96-4933-a146-c1f9b6612426 resource provider aggregate not found
2026-02-25 20:39:09.505 10 INFO neutron.services.segments.plugin [-] Segment 671931ac-fd96-4933-a146-c1f9b6612426 resource provider not found; error: Placement Client Error (4xx): {"errors": [{"status": 404, "title": "Not Found", "detail": "The resource could not be found.\n\n No resource provider with uuid 671931ac-fd96-4933-a146-c1f9b6612426 found for delete ", "request_id": "req-0f32f19b-766d-4c04-aa82-3f590f9a8ace"}]}
2026-02-25 20:39:09.521 10 INFO neutron.services.segments.plugin [-] Segment 671931ac-fd96-4933-a146-c1f9b6612426 resource provider not found; error: Placement Client Error (4xx): {"errors": [{"status": 404, "title": "Not Found", "detail": "The resource could not be found.\n\n No resource provider with uuid 671931ac-fd96-4933-a146-c1f9b6612426 found for delete ", "request_id": "req-604530e1-516f-4944-93b3-31a5d38fd5cc"}]}
2026-02-25 20:39:09.576 9 INFO neutron.db.ovn_revision_numbers_db [None req-9ee1c34d-1070-4160-9cef-752509323944 a7403bfa94a0415492633a7e484d2c3c 27c676a40c654053a504661d6302f55d - - default default] Successfully bumped revision number for resource 31d7235b-901e-409e-9b3a-8b2331075e6e (type: security_groups) to 1
2026-02-25 20:39:09.587 10 INFO neutron.wsgi [None req-0e2e388f-a556-48cf-8740-ee0549b53f9e 6b6a8c10d9764a03be00123cccaccdf6 f9237a52736947658f7d612a4ef47100 - - default default] 10.0.0.239 "DELETE /v2.0/security-groups/cb0dc49c-c700-4f61-bc41-ca80d2c24ded HTTP/1.1" status: 204 len: 168 time: 0.1584876
2026-02-25 20:39:09.600 9 INFO neutron.db.ovn_revision_numbers_db [None req-9ee1c34d-1070-4160-9cef-752509323944 a7403bfa94a0415492633a7e484d2c3c 27c676a40c654053a504661d6302f55d - - default default] Successfully bumped revision number for resource 2294944f-bc8a-418c-ab20-8d8a74632ff7 (type: security_group_rules) to 0
2026-02-25 20:39:09.619 9 INFO neutron.db.ovn_revision_numbers_db [None req-9ee1c34d-1070-4160-9cef-752509323944 a7403bfa94a0415492633a7e484d2c3c 27c676a40c654053a504661d6302f55d - - default default] Successfully bumped revision number for resource 4897a58b-a6c0-4db2-819d-8654209886ff (type: security_group_rules) to 0
2026-02-25 20:39:09.641 9 INFO neutron.db.ovn_revision_numbers_db [None req-9ee1c34d-1070-4160-9cef-752509323944 a7403bfa94a0415492633a7e484d2c3c 27c676a40c654053a504661d6302f55d - - default default] Successfully bumped revision number for resource acc6f763-edb6-414a-8fcd-00d5d7ab97db (type: security_group_rules) to 0
2026-02-25 20:39:09.669 9 INFO neutron.db.ovn_revision_numbers_db [None req-9ee1c34d-1070-4160-9cef-752509323944 a7403bfa94a0415492633a7e484d2c3c 27c676a40c654053a504661d6302f55d - - default default] Successfully bumped revision number for resource e6219e1b-115a-4e7b-804e-0330e0588d12 (type: security_group_rules) to 0
2026-02-25 20:39:09.695 10 INFO neutron.wsgi [None req-519f6bb6-06ca-4f75-a0a9-0e732a99d480 a7403bfa94a0415492633a7e484d2c3c 27c676a40c654053a504661d6302f55d - - default default] 10.0.0.239 "DELETE /v2.0/security-groups/c4e2ca52-7591-428e-b49a-cb4a1bd19181 HTTP/1.1" status: 204 len: 168 time: 0.2203314
2026-02-25 20:39:09.699 9 INFO neutron.wsgi [None req-9ee1c34d-1070-4160-9cef-752509323944 a7403bfa94a0415492633a7e484d2c3c 27c676a40c654053a504661d6302f55d - - default default] 10.0.0.239 "GET /v2.0/security-groups?tenant_id=e4b03288beb8461cb94ad8c81735b7fe&name=default HTTP/1.1" status: 200 len: 2996 time: 0.2505100
2026-02-25 20:39:09.720 9 INFO neutron.wsgi [None req-1a7338f3-1e1d-4c6b-afcc-2a86326285fc 6b6a8c10d9764a03be00123cccaccdf6 f9237a52736947658f7d612a4ef47100 - - default default] 10.0.0.239 "DELETE /v2.0/security-groups/1c163221-44dd-4249-be41-f0f3b7079c79 HTTP/1.1" status: 204 len: 168 time: 0.1279955
2026-02-25 20:39:09.832 9 INFO neutron.wsgi [None req-135d830d-b515-4561-901c-7efebf32f956 6b6a8c10d9764a03be00123cccaccdf6 f9237a52736947658f7d612a4ef47100 - - default default] 10.0.0.239 "DELETE /v2.0/security-groups/9f3d8d7c-139c-43f5-83bf-1b3086c34abc HTTP/1.1" status: 204 len: 168 time: 0.1066115
2026-02-25 20:39:09.893 10 INFO neutron.wsgi [None req-a847ee3d-a985-4673-b90f-8c390df8d368 a7403bfa94a0415492633a7e484d2c3c 27c676a40c654053a504661d6302f55d - - default default] 10.0.0.239 "GET /v2.0/security-groups?tenant_id=3290e71ebab04aeebb15a3f92dbbbe2d&name=default HTTP/1.1" status: 200 len: 2996 time: 0.0352290
2026-02-25 20:39:09.916 10 INFO neutron.wsgi [None req-b88d4074-8b08-462e-9bcd-b347147f67c1 a7403bfa94a0415492633a7e484d2c3c 27c676a40c654053a504661d6302f55d - - default default] 10.0.0.239 "DELETE /v2.0/security-groups/31d7235b-901e-409e-9b3a-8b2331075e6e HTTP/1.1" status: 204 len: 168 time: 0.2113090
2026-02-25 20:39:10.074 10 INFO neutron.wsgi [None req-9a18a7de-7947-453f-8b44-471d8729281f a7403bfa94a0415492633a7e484d2c3c 27c676a40c654053a504661d6302f55d - - default default] 10.0.0.239 "DELETE /v2.0/security-groups/6280cc28-f3b4-416a-8061-20a5f1d0de8d HTTP/1.1" status: 204 len: 168 time: 0.1764643
2026-02-25 20:39:10.900 9 INFO neutron.wsgi [None req-8c224beb-9c09-43b5-a332-3444ca31fd77 a7403bfa94a0415492633a7e484d2c3c 27c676a40c654053a504661d6302f55d - - default default] 10.0.0.239 "GET /v2.0/security-groups?tenant_id=f9237a52736947658f7d612a4ef47100&name=default HTTP/1.1" status: 200 len: 2996 time: 0.2076190
2026-02-25 20:39:11.105 9 INFO neutron.wsgi [None req-ad846aaf-2f87-4a24-95e1-e56e6719f8f3 a7403bfa94a0415492633a7e484d2c3c 27c676a40c654053a504661d6302f55d - - default default] 10.0.0.239 "DELETE /v2.0/security-groups/1734c35f-9db1-4ec9-9fdb-2e8902ad4779 HTTP/1.1" status: 204 len: 168 time: 0.1985819
2026-02-25 20:39:11.405 9 INFO neutron.db.ovn_revision_numbers_db [None req-d6edff0b-357b-42b0-9112-482b79e29318 a7403bfa94a0415492633a7e484d2c3c 27c676a40c654053a504661d6302f55d - - default default] Successfully bumped revision number for resource 06d9958f-9993-4aa3-8039-4914a4d3182b (type: security_groups) to 1
2026-02-25 20:39:11.420 9 INFO neutron.db.ovn_revision_numbers_db [None req-d6edff0b-357b-42b0-9112-482b79e29318 a7403bfa94a0415492633a7e484d2c3c 27c676a40c654053a504661d6302f55d - - default default] Successfully bumped revision number for resource 3c84503b-65c2-45af-826d-c9a683a09148 (type: security_group_rules) to 0
2026-02-25 20:39:11.439 9 INFO neutron.db.ovn_revision_numbers_db [None req-d6edff0b-357b-42b0-9112-482b79e29318 a7403bfa94a0415492633a7e484d2c3c 27c676a40c654053a504661d6302f55d - - default default] Successfully bumped revision number for resource 43184054-083d-434d-9de6-a329f5c015b5 (type: security_group_rules) to 0
2026-02-25 20:39:11.452 9 INFO neutron.db.ovn_revision_numbers_db [None req-d6edff0b-357b-42b0-9112-482b79e29318 a7403bfa94a0415492633a7e484d2c3c 27c676a40c654053a504661d6302f55d - - default default] Successfully bumped revision number for resource d8fdc033-3cce-4c4a-9f07-2c92a875ce2d (type: security_group_rules) to 0
2026-02-25 20:39:11.467 9 INFO neutron.db.ovn_revision_numbers_db [None req-d6edff0b-357b-42b0-9112-482b79e29318 a7403bfa94a0415492633a7e484d2c3c 27c676a40c654053a504661d6302f55d - - default default] Successfully bumped revision number for resource e4efdf2e-7b80-4861-83f9-b848e04242ed (type: security_group_rules) to 0
2026-02-25 20:39:11.501 9 INFO neutron.wsgi [None req-d6edff0b-357b-42b0-9112-482b79e29318 a7403bfa94a0415492633a7e484d2c3c 27c676a40c654053a504661d6302f55d - - default default] 10.0.0.239 "GET /v2.0/security-groups?tenant_id=967b10966c2f4ef4bd6de32aef4fcbb6&name=default HTTP/1.1" status: 200 len: 2996 time: 0.2327209
2026-02-25 20:39:11.709 9 INFO neutron.wsgi [None req-9cf01642-77d9-4228-9087-fbbe9d4cb6b4 a7403bfa94a0415492633a7e484d2c3c 27c676a40c654053a504661d6302f55d - - default default] 10.0.0.239 "DELETE /v2.0/security-groups/06d9958f-9993-4aa3-8039-4914a4d3182b HTTP/1.1" status: 204 len: 168 time: 0.2029874
2026-02-25 20:39:12.052 9 INFO neutron.db.ovn_revision_numbers_db [None req-bd8fb87a-b167-4546-b78e-2f122d3ca78f a7403bfa94a0415492633a7e484d2c3c 27c676a40c654053a504661d6302f55d - - default default] Successfully bumped revision number for resource f0fa0dcf-8f01-4f91-a564-3949a4ee520b (type: security_groups) to 1
2026-02-25 20:39:12.066 9 INFO neutron.db.ovn_revision_numbers_db [None req-bd8fb87a-b167-4546-b78e-2f122d3ca78f a7403bfa94a0415492633a7e484d2c3c 27c676a40c654053a504661d6302f55d - - default default] Successfully bumped revision number for resource 018bb6a6-5adf-48ba-9981-69923e4d3994 (type: security_group_rules) to 0
2026-02-25 20:39:12.080 9 INFO neutron.db.ovn_revision_numbers_db [None req-bd8fb87a-b167-4546-b78e-2f122d3ca78f a7403bfa94a0415492633a7e484d2c3c 27c676a40c654053a504661d6302f55d - - default default] Successfully bumped revision number for resource 74354010-4d21-4856-9c46-6698b3d37e48 (type: security_group_rules) to 0
2026-02-25 20:39:12.097 9 INFO neutron.db.ovn_revision_numbers_db [None req-bd8fb87a-b167-4546-b78e-2f122d3ca78f a7403bfa94a0415492633a7e484d2c3c 27c676a40c654053a504661d6302f55d - - default default] Successfully bumped revision number for resource 7c50d34a-0264-4400-8dd7-64c83e94df70 (type: security_group_rules) to 0
2026-02-25 20:39:12.111 9 INFO neutron.db.ovn_revision_numbers_db [None req-bd8fb87a-b167-4546-b78e-2f122d3ca78f a7403bfa94a0415492633a7e484d2c3c 27c676a40c654053a504661d6302f55d - - default default] Successfully bumped revision number for resource c1dc6eb7-549f-4b3c-9080-93517504e6de (type: security_group_rules) to 0
2026-02-25 20:39:12.133 9 INFO neutron.wsgi [None req-bd8fb87a-b167-4546-b78e-2f122d3ca78f a7403bfa94a0415492633a7e484d2c3c 27c676a40c654053a504661d6302f55d - - default default] 10.0.0.239 "GET /v2.0/security-groups?tenant_id=e62ee06ae0bd4345bf90807e9f6c57be&name=default HTTP/1.1" status: 200 len: 2996 time: 0.1899712
2026-02-25 20:39:12.356 9 INFO neutron.wsgi [None req-69727253-5e62-42ce-8d63-4a38a3784be6 a7403bfa94a0415492633a7e484d2c3c 27c676a40c654053a504661d6302f55d - - default default] 10.0.0.239 "DELETE /v2.0/security-groups/f0fa0dcf-8f01-4f91-a564-3949a4ee520b HTTP/1.1" status: 204 len: 168 time: 0.2171538
2026-02-25 20:39:12.891 10 INFO neutron.wsgi [-] 10.0.0.166 "GET / HTTP/1.1" status: 200 len: 246 time: 0.0018439
2026-02-25 20:39:12.892 9 INFO neutron.wsgi [-] 10.0.0.166 "GET / HTTP/1.1" status: 200 len: 246 time: 0.0030715
2026-02-25 20:39:13.332 10 WARNING neutron_lib.context [None req-8135fafb-e5d2-4f8f-b6b5-7a0f289807f1 454173e032074ed084eb3a2183f85e12 f3c8a1f571df486db7a5a397e8d1b99c - - default default] Method 'is_advsvc' is deprecated since 2023.2 release (neutron-lib 3.8.0) and will be removed once support for the old RBAC API policies will be removed from Neutron. Please use method 'is_service_role' instead.
2026-02-25 20:39:13.473 10 INFO neutron.db.ovn_revision_numbers_db [None req-8135fafb-e5d2-4f8f-b6b5-7a0f289807f1 454173e032074ed084eb3a2183f85e12 f3c8a1f571df486db7a5a397e8d1b99c - - default default] Successfully bumped revision number for resource 7699f52e-a2aa-4821-b12c-f3f51296e48a (type: security_groups) to 1
2026-02-25 20:39:13.488 10 INFO neutron.db.ovn_revision_numbers_db [None req-8135fafb-e5d2-4f8f-b6b5-7a0f289807f1 454173e032074ed084eb3a2183f85e12 f3c8a1f571df486db7a5a397e8d1b99c - - default default] Successfully bumped revision number for resource 81c88917-c685-4751-b8be-5c86dd793683 (type: security_group_rules) to 0
2026-02-25 20:39:13.504 10 INFO neutron.db.ovn_revision_numbers_db [None req-8135fafb-e5d2-4f8f-b6b5-7a0f289807f1 454173e032074ed084eb3a2183f85e12 f3c8a1f571df486db7a5a397e8d1b99c - - default default] Successfully bumped revision number for resource 9b22f87c-d100-406b-bcd9-6a5347feaccd (type: security_group_rules) to 0
2026-02-25 20:39:13.522 10 INFO neutron.db.ovn_revision_numbers_db [None req-8135fafb-e5d2-4f8f-b6b5-7a0f289807f1 454173e032074ed084eb3a2183f85e12 f3c8a1f571df486db7a5a397e8d1b99c - - default default] Successfully bumped revision number for resource 9cb38011-fd33-4876-99f5-3f21626b960f (type: security_group_rules) to 0
2026-02-25 20:39:13.536 10 INFO neutron.db.ovn_revision_numbers_db [None req-8135fafb-e5d2-4f8f-b6b5-7a0f289807f1 454173e032074ed084eb3a2183f85e12 f3c8a1f571df486db7a5a397e8d1b99c - - default default] Successfully bumped revision number for resource f261531f-8906-45c5-8074-895aa44b96fb (type: security_group_rules) to 0
2026-02-25 20:39:13.586 10 INFO neutron.db.segments_db [None req-8135fafb-e5d2-4f8f-b6b5-7a0f289807f1 454173e032074ed084eb3a2183f85e12 f3c8a1f571df486db7a5a397e8d1b99c - - default default] Added segment eac50a62-471a-4130-9a91-822c0f249c57 of type geneve for network 02f01fdc-fc15-4cf7-a36b-05ac82278e01
2026-02-25 20:39:13.745 10 INFO neutron.db.ovn_revision_numbers_db [None req-8135fafb-e5d2-4f8f-b6b5-7a0f289807f1 454173e032074ed084eb3a2183f85e12 f3c8a1f571df486db7a5a397e8d1b99c - - default default] Successfully bumped revision number for resource 02f01fdc-fc15-4cf7-a36b-05ac82278e01 (type: networks) to 1
2026-02-25 20:39:13.922 10 WARNING neutron.scheduler.dhcp_agent_scheduler [None req-8135fafb-e5d2-4f8f-b6b5-7a0f289807f1 454173e032074ed084eb3a2183f85e12 f3c8a1f571df486db7a5a397e8d1b99c - - default default] No more DHCP agents
2026-02-25 20:39:13.924 10 WARNING neutron.api.rpc.agentnotifiers.dhcp_rpc_agent_api [None req-8135fafb-e5d2-4f8f-b6b5-7a0f289807f1 454173e032074ed084eb3a2183f85e12 f3c8a1f571df486db7a5a397e8d1b99c - - default default] Unable to schedule network 02f01fdc-fc15-4cf7-a36b-05ac82278e01: no agents available; will retry on subsequent port and subnet creation events.
2026-02-25 20:39:14.009 10 INFO neutron.db.ovn_revision_numbers_db [None req-8135fafb-e5d2-4f8f-b6b5-7a0f289807f1 454173e032074ed084eb3a2183f85e12 f3c8a1f571df486db7a5a397e8d1b99c - - default default] Successfully bumped revision number for resource 27c4d1b6-291a-48aa-afd4-fb6e98ae66eb (type: ports) to 1
2026-02-25 20:39:14.031 10 INFO neutron.wsgi [None req-8135fafb-e5d2-4f8f-b6b5-7a0f289807f1 454173e032074ed084eb3a2183f85e12 f3c8a1f571df486db7a5a397e8d1b99c - - default default] 10.0.0.239 "POST /v2.0/networks HTTP/1.1" status: 201 len: 829 time: 0.8670959
2026-02-25 20:39:14.040 10 WARNING neutron_lib.context [None req-6871f599-b067-48a6-9757-383b8353d25f 454173e032074ed084eb3a2183f85e12 f3c8a1f571df486db7a5a397e8d1b99c - - default default] Method 'is_advsvc' is deprecated since 2023.2 release (neutron-lib 3.8.0) and will be removed once support for the old RBAC API policies will be removed from Neutron. Please use method 'is_service_role' instead.
2026-02-25 20:39:14.246 10 WARNING neutron.scheduler.dhcp_agent_scheduler [None req-6871f599-b067-48a6-9757-383b8353d25f 454173e032074ed084eb3a2183f85e12 f3c8a1f571df486db7a5a397e8d1b99c - - default default] No more DHCP agents
2026-02-25 20:39:14.248 10 WARNING neutron.api.rpc.agentnotifiers.dhcp_rpc_agent_api [None req-6871f599-b067-48a6-9757-383b8353d25f 454173e032074ed084eb3a2183f85e12 f3c8a1f571df486db7a5a397e8d1b99c - - default default] Unable to schedule network 02f01fdc-fc15-4cf7-a36b-05ac82278e01: no agents available; will retry on subsequent port and subnet creation events.
2026-02-25 20:39:14.701 10 INFO neutron.db.ovn_revision_numbers_db [None req-6871f599-b067-48a6-9757-383b8353d25f 454173e032074ed084eb3a2183f85e12 f3c8a1f571df486db7a5a397e8d1b99c - - default default] Successfully bumped revision number for resource 27c4d1b6-291a-48aa-afd4-fb6e98ae66eb (type: ports) to 2
2026-02-25 20:39:14.737 10 INFO neutron.db.ovn_revision_numbers_db [None req-6871f599-b067-48a6-9757-383b8353d25f 454173e032074ed084eb3a2183f85e12 f3c8a1f571df486db7a5a397e8d1b99c - - default default] Successfully bumped revision number for resource 366baf45-4f60-487a-8ec0-89b25594d0da (type: subnets) to 0
2026-02-25 20:39:14.752 10 INFO neutron.wsgi [None req-6871f599-b067-48a6-9757-383b8353d25f 454173e032074ed084eb3a2183f85e12 f3c8a1f571df486db7a5a397e8d1b99c - - default default] 10.0.0.239 "POST /v2.0/subnets HTTP/1.1" status: 201 len: 801 time: 0.7164950
2026-02-25 20:39:14.807 10 INFO neutron.wsgi [None req-0f7e8d56-dab8-4489-839e-dd79197fd179 454173e032074ed084eb3a2183f85e12 f3c8a1f571df486db7a5a397e8d1b99c - - default default] 10.0.0.239 "PUT /v2.0/subnets/366baf45-4f60-487a-8ec0-89b25594d0da/tags HTTP/1.1" status: 200 len: 218 time: 0.0477419
2026-02-25 20:39:14.857 9 INFO neutron.wsgi [None req-48b9403a-ebbf-46cd-bc2d-33a70ecb34b0 454173e032074ed084eb3a2183f85e12 f3c8a1f571df486db7a5a397e8d1b99c - - default default] 10.0.0.239 "GET /v2.0/subnets/366baf45-4f60-487a-8ec0-89b25594d0da/tags HTTP/1.1" status: 200 len: 218 time: 0.0436034
2026-02-25 20:39:14.916 9 INFO neutron.wsgi [None req-43e40afa-37e1-4aae-8cbe-ecfa1a291eef 454173e032074ed084eb3a2183f85e12 f3c8a1f571df486db7a5a397e8d1b99c - - default default] 10.0.0.239 "PUT /v2.0/subnets/366baf45-4f60-487a-8ec0-89b25594d0da/tags/green HTTP/1.1" status: 201 len: 201 time: 0.0521541
2026-02-25 20:39:14.958 9 INFO neutron.wsgi [None req-ce114e8f-b119-4085-9a08-9c6c20afc643 454173e032074ed084eb3a2183f85e12 f3c8a1f571df486db7a5a397e8d1b99c - - default default] 10.0.0.239 "GET /v2.0/subnets/366baf45-4f60-487a-8ec0-89b25594d0da/tags HTTP/1.1" status: 200 len: 227 time: 0.0367141
2026-02-25 20:39:15.004 9 INFO neutron.wsgi [None req-c6ba6ad3-6c17-4fa9-b8f8-498e0e871b27 454173e032074ed084eb3a2183f85e12 f3c8a1f571df486db7a5a397e8d1b99c - - default default] 10.0.0.239 "PUT /v2.0/subnets/366baf45-4f60-487a-8ec0-89b25594d0da/tags/red HTTP/1.1" status: 201 len: 201 time: 0.0415289
2026-02-25 20:39:15.042 10 INFO neutron.wsgi [None req-82228111-2bd4-4d86-979b-489116256300 454173e032074ed084eb3a2183f85e12 f3c8a1f571df486db7a5a397e8d1b99c - - default default] 10.0.0.239 "GET /v2.0/subnets/366baf45-4f60-487a-8ec0-89b25594d0da/tags HTTP/1.1" status: 200 len: 227 time: 0.0326786
2026-02-25 20:39:15.095 9 INFO neutron.wsgi [None req-8b41789c-f060-4584-85b1-cb56f1e3582d 454173e032074ed084eb3a2183f85e12 f3c8a1f571df486db7a5a397e8d1b99c - - default default] 10.0.0.239 "PUT /v2.0/subnets/366baf45-4f60-487a-8ec0-89b25594d0da/tags/black.or.white HTTP/1.1" status: 201 len: 201 time: 0.0479617
2026-02-25 20:39:15.139 9 INFO neutron.wsgi [None req-56179934-975f-40d9-bcab-98e9275c765c 454173e032074ed084eb3a2183f85e12 f3c8a1f571df486db7a5a397e8d1b99c - - default default] 10.0.0.239 "GET /v2.0/subnets/366baf45-4f60-487a-8ec0-89b25594d0da/tags HTTP/1.1" status: 200 len: 245 time: 0.0398641
2026-02-25 20:39:15.208 9 INFO neutron.wsgi [None req-e378e5dd-1c26-4ad1-8c30-f2e85b6ff8d2 454173e032074ed084eb3a2183f85e12 f3c8a1f571df486db7a5a397e8d1b99c - - default default] 10.0.0.239 "PUT /v2.0/subnets/366baf45-4f60-487a-8ec0-89b25594d0da/tags HTTP/1.1" status: 200 len: 230 time: 0.0650666
2026-02-25 20:39:15.250 9 INFO neutron.wsgi [None req-3875d4be-8a9d-4364-b3a6-97f4e586bb9d 454173e032074ed084eb3a2183f85e12 f3c8a1f571df486db7a5a397e8d1b99c - - default default] 10.0.0.239 "GET /v2.0/subnets/366baf45-4f60-487a-8ec0-89b25594d0da/tags HTTP/1.1" status: 200 len: 230 time: 0.0381424
2026-02-25 20:39:15.293 9 INFO neutron.wsgi [None req-2bec904a-4c01-4e70-9766-b9a55b670b70 454173e032074ed084eb3a2183f85e12 f3c8a1f571df486db7a5a397e8d1b99c - - default default] 10.0.0.239 "GET /v2.0/subnets/366baf45-4f60-487a-8ec0-89b25594d0da/tags/red HTTP/1.1" status: 204 len: 168 time: 0.0405998
2026-02-25 20:39:15.334 9 INFO neutron.api.v2.resource [None req-3c6016b6-6f8b-437f-86f0-40c0d411455e 454173e032074ed084eb3a2183f85e12 f3c8a1f571df486db7a5a397e8d1b99c - - default default] show failed (client error): The resource could not be found.
2026-02-25 20:39:15.336 9 INFO neutron.wsgi [None req-3c6016b6-6f8b-437f-86f0-40c0d411455e 454173e032074ed084eb3a2183f85e12 f3c8a1f571df486db7a5a397e8d1b99c - - default default] 10.0.0.239 "GET /v2.0/subnets/366baf45-4f60-487a-8ec0-89b25594d0da/tags/green HTTP/1.1" status: 404 len: 299 time: 0.0390313
2026-02-25 20:39:15.398 9 INFO neutron.wsgi [None req-1dac658b-c1f6-455e-9437-fd3d9a6186c0 454173e032074ed084eb3a2183f85e12 f3c8a1f571df486db7a5a397e8d1b99c - - default default] 10.0.0.239 "DELETE /v2.0/subnets/366baf45-4f60-487a-8ec0-89b25594d0da/tags/red HTTP/1.1" status: 204 len: 168 time: 0.0586538
2026-02-25 20:39:15.460 9 INFO neutron.wsgi [None req-fbdb0976-dd13-4cf8-85ab-4177fddb2e46 454173e032074ed084eb3a2183f85e12 f3c8a1f571df486db7a5a397e8d1b99c - - default default] 10.0.0.239 "GET /v2.0/subnets/366baf45-4f60-487a-8ec0-89b25594d0da/tags HTTP/1.1" status: 200 len: 223 time: 0.0467043
2026-02-25 20:39:15.508 9 INFO neutron.api.v2.resource [None req-e0a3cdf7-7495-4309-85c4-412a0dbfc28e 454173e032074ed084eb3a2183f85e12 f3c8a1f571df486db7a5a397e8d1b99c - - default default] delete failed (client error): The resource could not be found.
2026-02-25 20:39:15.509 9 INFO neutron.wsgi [None req-e0a3cdf7-7495-4309-85c4-412a0dbfc28e 454173e032074ed084eb3a2183f85e12 f3c8a1f571df486db7a5a397e8d1b99c - - default default] 10.0.0.239 "DELETE /v2.0/subnets/366baf45-4f60-487a-8ec0-89b25594d0da/tags/green HTTP/1.1" status: 404 len: 299 time: 0.0443659
2026-02-25 20:39:15.531 10 WARNING neutron_lib.context [None req-13d7f3a6-160d-456f-b4dd-49dce3fa66b0 95b47563536c43519f50092c5ae59ec4 8450de985634499fb1b45bb59e1cf46b - - default default] Method 'is_advsvc' is deprecated since 2023.2 release (neutron-lib 3.8.0) and will be removed once support for the old RBAC API policies will be removed from Neutron. Please use method 'is_service_role' instead.
2026-02-25 20:39:15.578 9 INFO neutron.wsgi [None req-c1781ff7-3909-425f-b68d-25eb422836a4 454173e032074ed084eb3a2183f85e12 f3c8a1f571df486db7a5a397e8d1b99c - - default default] 10.0.0.239 "DELETE /v2.0/subnets/366baf45-4f60-487a-8ec0-89b25594d0da/tags HTTP/1.1" status: 204 len: 168 time: 0.0636110
2026-02-25 20:39:15.625 9 INFO neutron.wsgi [None req-799c911c-9834-44bf-aa0d-bbd276ce1c5f 454173e032074ed084eb3a2183f85e12 f3c8a1f571df486db7a5a397e8d1b99c - - default default] 10.0.0.239 "GET /v2.0/subnets/366baf45-4f60-487a-8ec0-89b25594d0da/tags HTTP/1.1" status: 200 len: 205 time: 0.0327740
2026-02-25 20:39:15.654 10 INFO neutron.db.ovn_revision_numbers_db [None req-13d7f3a6-160d-456f-b4dd-49dce3fa66b0 95b47563536c43519f50092c5ae59ec4 8450de985634499fb1b45bb59e1cf46b - - default default] Successfully bumped revision number for resource c77763b2-e9c9-48ab-8631-62390a2f03a1 (type: security_groups) to 1
2026-02-25 20:39:15.669 10 INFO neutron.db.ovn_revision_numbers_db [None req-13d7f3a6-160d-456f-b4dd-49dce3fa66b0 95b47563536c43519f50092c5ae59ec4 8450de985634499fb1b45bb59e1cf46b - - default default] Successfully bumped revision number for resource 17460dff-9e1d-4df3-b7ef-c89d09e1277f (type: security_group_rules) to 0
2026-02-25 20:39:15.682 10 INFO neutron.db.ovn_revision_numbers_db [None req-13d7f3a6-160d-456f-b4dd-49dce3fa66b0 95b47563536c43519f50092c5ae59ec4 8450de985634499fb1b45bb59e1cf46b - - default default] Successfully bumped revision number for resource 67864127-5ba5-4079-b367-6c8240ffad97 (type: security_group_rules) to 0
2026-02-25 20:39:15.717 10 INFO neutron.db.ovn_revision_numbers_db [None req-13d7f3a6-160d-456f-b4dd-49dce3fa66b0 95b47563536c43519f50092c5ae59ec4 8450de985634499fb1b45bb59e1cf46b - - default default] Successfully bumped revision number for resource 6bbd9735-0b45-4832-b4c7-38bd6402c219 (type: security_group_rules) to 0
2026-02-25 20:39:15.736 10 INFO neutron.db.ovn_revision_numbers_db [None req-13d7f3a6-160d-456f-b4dd-49dce3fa66b0 95b47563536c43519f50092c5ae59ec4 8450de985634499fb1b45bb59e1cf46b - - default default] Successfully bumped revision number for resource d0aa88b7-b591-4f24-8978-bbc60c9633c5 (type: security_group_rules) to 0
2026-02-25 20:39:15.784 10 INFO neutron.db.segments_db [None req-13d7f3a6-160d-456f-b4dd-49dce3fa66b0 95b47563536c43519f50092c5ae59ec4 8450de985634499fb1b45bb59e1cf46b - - default default] Added segment 8013400a-5162-4215-8f84-a9782c1a0fb7 of type geneve for network d0b584c1-d849-4cbd-a6c8-c9276b20368e
2026-02-25 20:39:15.875 9 INFO neutron.wsgi [None req-85e1da0a-e50d-4c18-8527-3c2aead94ee9 454173e032074ed084eb3a2183f85e12 f3c8a1f571df486db7a5a397e8d1b99c - - default default] 10.0.0.239 "DELETE /v2.0/subnets/366baf45-4f60-487a-8ec0-89b25594d0da HTTP/1.1" status: 204 len: 168 time: 0.2437835
2026-02-25 20:39:15.990 10 INFO neutron.db.ovn_revision_numbers_db [None req-13d7f3a6-160d-456f-b4dd-49dce3fa66b0 95b47563536c43519f50092c5ae59ec4 8450de985634499fb1b45bb59e1cf46b - - default default] Successfully bumped revision number for resource d0b584c1-d849-4cbd-a6c8-c9276b20368e (type: networks) to 1
2026-02-25 20:39:16.217 10 WARNING neutron.scheduler.dhcp_agent_scheduler [None req-13d7f3a6-160d-456f-b4dd-49dce3fa66b0 95b47563536c43519f50092c5ae59ec4 8450de985634499fb1b45bb59e1cf46b - - default default] No more DHCP agents
2026-02-25 20:39:16.220 10 WARNING neutron.api.rpc.agentnotifiers.dhcp_rpc_agent_api [None req-13d7f3a6-160d-456f-b4dd-49dce3fa66b0 95b47563536c43519f50092c5ae59ec4 8450de985634499fb1b45bb59e1cf46b - - default default] Unable to schedule network d0b584c1-d849-4cbd-a6c8-c9276b20368e: no agents available; will retry on subsequent port and subnet creation events.
2026-02-25 20:39:16.358 10 INFO neutron.db.ovn_revision_numbers_db [None req-13d7f3a6-160d-456f-b4dd-49dce3fa66b0 95b47563536c43519f50092c5ae59ec4 8450de985634499fb1b45bb59e1cf46b - - default default] Successfully bumped revision number for resource 1438a367-9716-4d7e-8a71-2a2d68ad4da0 (type: ports) to 1
2026-02-25 20:39:16.384 10 INFO neutron.wsgi [None req-13d7f3a6-160d-456f-b4dd-49dce3fa66b0 95b47563536c43519f50092c5ae59ec4 8450de985634499fb1b45bb59e1cf46b - - default default] 10.0.0.239 "POST /v2.0/networks HTTP/1.1" status: 201 len: 830 time: 1.0605357
2026-02-25 20:39:16.401 9 WARNING neutron_lib.context [None req-387e7c95-2bfe-4a47-afb0-2ce949e37e92 95b47563536c43519f50092c5ae59ec4 8450de985634499fb1b45bb59e1cf46b - - default default] Method 'is_advsvc' is deprecated since 2023.2 release (neutron-lib 3.8.0) and will be removed once support for the old RBAC API policies will be removed from Neutron. Please use method 'is_service_role' instead.
2026-02-25 20:39:16.419 10 INFO neutron.services.segments.plugin [-] Segment eac50a62-471a-4130-9a91-822c0f249c57 resource provider aggregate not found
2026-02-25 20:39:16.429 10 INFO neutron.services.segments.plugin [-] Segment eac50a62-471a-4130-9a91-822c0f249c57 resource provider aggregate not found
2026-02-25 20:39:16.437 10 INFO neutron.services.segments.plugin [-] Segment eac50a62-471a-4130-9a91-822c0f249c57 resource provider not found; error: Placement Client Error (4xx): {"errors": [{"status": 404, "title": "Not Found", "detail": "The resource could not be found.\n\n No resource provider with uuid eac50a62-471a-4130-9a91-822c0f249c57 found for delete ", "request_id": "req-b8b213ab-3ba5-488c-a0b4-09297f376071"}]}
2026-02-25 20:39:16.447 10 INFO neutron.services.segments.plugin [-] Segment eac50a62-471a-4130-9a91-822c0f249c57 resource provider not found; error: Placement Client Error (4xx): {"errors": [{"status": 404, "title": "Not Found", "detail": "The resource could not be found.\n\n No resource provider with uuid eac50a62-471a-4130-9a91-822c0f249c57 found for delete ", "request_id": "req-58b82d0e-54c6-40cd-abd4-6c175fe16893"}]}
2026-02-25 20:39:16.464 10 INFO neutron.wsgi [None req-5af839cb-1c61-4e3a-ad57-63d5ff7ef46f 454173e032074ed084eb3a2183f85e12 f3c8a1f571df486db7a5a397e8d1b99c - - default default] 10.0.0.239 "DELETE /v2.0/networks/02f01fdc-fc15-4cf7-a36b-05ac82278e01 HTTP/1.1" status: 204 len: 168 time: 0.5801618
2026-02-25 20:39:16.645 9 WARNING neutron.scheduler.dhcp_agent_scheduler [None req-387e7c95-2bfe-4a47-afb0-2ce949e37e92 95b47563536c43519f50092c5ae59ec4 8450de985634499fb1b45bb59e1cf46b - - default default] No more DHCP agents
2026-02-25 20:39:16.647 9 WARNING neutron.api.rpc.agentnotifiers.dhcp_rpc_agent_api [None req-387e7c95-2bfe-4a47-afb0-2ce949e37e92 95b47563536c43519f50092c5ae59ec4 8450de985634499fb1b45bb59e1cf46b - - default default] Unable to schedule network d0b584c1-d849-4cbd-a6c8-c9276b20368e: no agents available; will retry on subsequent port and subnet creation events.
2026-02-25 20:39:16.723 9 INFO neutron.db.ovn_revision_numbers_db [None req-387e7c95-2bfe-4a47-afb0-2ce949e37e92 95b47563536c43519f50092c5ae59ec4 8450de985634499fb1b45bb59e1cf46b - - default default] Successfully bumped revision number for resource f7d72f16-8420-4c1f-9548-3b88fbf7e909 (type: ports) to 1
2026-02-25 20:39:16.745 9 INFO neutron.wsgi [None req-387e7c95-2bfe-4a47-afb0-2ce949e37e92 95b47563536c43519f50092c5ae59ec4 8450de985634499fb1b45bb59e1cf46b - - default default] 10.0.0.239 "POST /v2.0/ports HTTP/1.1" status: 201 len: 942 time: 0.3492248 /var/lib/openstack/lib/python3.10/site-packages/pycadf/identifier.py:71: UserWarning: Invalid uuid: neutron. To ensure interoperability, identifiers should be a valid uuid. warnings.warn(('Invalid uuid: %s. To ensure interoperability, '
2026-02-25 20:39:16.804 9 INFO neutron.wsgi [None req-62931b34-dafd-434c-b502-918529b6b365 95b47563536c43519f50092c5ae59ec4 8450de985634499fb1b45bb59e1cf46b - - default default] 10.0.0.239 "PUT /v2.0/ports/f7d72f16-8420-4c1f-9548-3b88fbf7e909/tags HTTP/1.1" status: 200 len: 218 time: 0.0516591
2026-02-25 20:39:16.847 9 INFO neutron.wsgi [None req-26d3b924-b029-4aa4-bc27-2112c1f6ef2f 95b47563536c43519f50092c5ae59ec4 8450de985634499fb1b45bb59e1cf46b - - default default] 10.0.0.239 "GET /v2.0/ports/f7d72f16-8420-4c1f-9548-3b88fbf7e909/tags HTTP/1.1" status: 200 len: 218 time: 0.0395367
2026-02-25 20:39:16.902 9 INFO neutron.wsgi [None req-b0eac6c2-14f4-49de-95a3-0129d859131e 95b47563536c43519f50092c5ae59ec4 8450de985634499fb1b45bb59e1cf46b - - default default] 10.0.0.239 "PUT /v2.0/ports/f7d72f16-8420-4c1f-9548-3b88fbf7e909/tags/green HTTP/1.1" status: 201 len: 201 time: 0.0492802
2026-02-25 20:39:16.943 9 INFO neutron.wsgi [None req-439d7c24-6f27-4470-a13b-663533810656 95b47563536c43519f50092c5ae59ec4 8450de985634499fb1b45bb59e1cf46b - - default default] 10.0.0.239 "GET /v2.0/ports/f7d72f16-8420-4c1f-9548-3b88fbf7e909/tags HTTP/1.1" status: 200 len: 227 time: 0.0369925
2026-02-25 20:39:16.983 9 INFO neutron.wsgi [None req-28a39f4e-aeae-4a3c-a8a3-a9274b140eed 95b47563536c43519f50092c5ae59ec4 8450de985634499fb1b45bb59e1cf46b - - default default] 10.0.0.239 "PUT /v2.0/ports/f7d72f16-8420-4c1f-9548-3b88fbf7e909/tags/red HTTP/1.1" status: 201 len: 201 time: 0.0352168
2026-02-25 20:39:17.021 9 INFO neutron.wsgi [None req-4a6000f2-d450-4053-a356-b4dc15021368 95b47563536c43519f50092c5ae59ec4 8450de985634499fb1b45bb59e1cf46b - - default default] 10.0.0.239 "GET /v2.0/ports/f7d72f16-8420-4c1f-9548-3b88fbf7e909/tags HTTP/1.1" status: 200 len: 227 time: 0.0345869
2026-02-25 20:39:17.074 9 INFO neutron.wsgi [None req-37eb46a4-ded9-4626-be52-12001e27b8c0 95b47563536c43519f50092c5ae59ec4 8450de985634499fb1b45bb59e1cf46b - - default default] 10.0.0.239 "PUT /v2.0/ports/f7d72f16-8420-4c1f-9548-3b88fbf7e909/tags/black.or.white HTTP/1.1" status: 201 len: 201 time: 0.0476105
2026-02-25 20:39:17.113 9 INFO neutron.wsgi [None req-598566eb-e9a9-49af-ba8c-b657ffd4c7a6 95b47563536c43519f50092c5ae59ec4 8450de985634499fb1b45bb59e1cf46b - - default default] 10.0.0.239 "GET /v2.0/ports/f7d72f16-8420-4c1f-9548-3b88fbf7e909/tags HTTP/1.1" status: 200 len: 245 time: 0.0336356
2026-02-25 20:39:17.178 9 INFO neutron.wsgi [None req-b01b70d6-b591-4ff7-936a-382da0e9a3d2 95b47563536c43519f50092c5ae59ec4 8450de985634499fb1b45bb59e1cf46b - - default default] 10.0.0.239 "PUT /v2.0/ports/f7d72f16-8420-4c1f-9548-3b88fbf7e909/tags HTTP/1.1" status: 200 len: 230 time: 0.0548363
2026-02-25 20:39:17.223 9 INFO neutron.wsgi [None req-0bd46124-3aa2-4efb-a77c-3ff71b578b65 95b47563536c43519f50092c5ae59ec4 8450de985634499fb1b45bb59e1cf46b - - default default] 10.0.0.239 "GET /v2.0/ports/f7d72f16-8420-4c1f-9548-3b88fbf7e909/tags HTTP/1.1" status: 200 len: 230 time: 0.0395882
2026-02-25 20:39:17.261 9 INFO neutron.wsgi [None req-514156d7-b90d-490f-a433-960c6ae8b95e 95b47563536c43519f50092c5ae59ec4 8450de985634499fb1b45bb59e1cf46b - - default default] 10.0.0.239 "GET /v2.0/ports/f7d72f16-8420-4c1f-9548-3b88fbf7e909/tags/red HTTP/1.1" status: 204 len: 168 time: 0.0335875
2026-02-25 20:39:17.297 9 INFO neutron.api.v2.resource [None req-f2db650f-9c5c-4e99-a71e-1a955591a91b 95b47563536c43519f50092c5ae59ec4 8450de985634499fb1b45bb59e1cf46b - - default default] show failed (client error): The resource could not be found.
2026-02-25 20:39:17.299 9 INFO neutron.wsgi [None req-f2db650f-9c5c-4e99-a71e-1a955591a91b 95b47563536c43519f50092c5ae59ec4 8450de985634499fb1b45bb59e1cf46b - - default default] 10.0.0.239 "GET /v2.0/ports/f7d72f16-8420-4c1f-9548-3b88fbf7e909/tags/green HTTP/1.1" status: 404 len: 299 time: 0.0319486
2026-02-25 20:39:17.377 10 INFO neutron.wsgi [None req-825e0928-0860-4a72-b745-58d30a5d7522 95b47563536c43519f50092c5ae59ec4 8450de985634499fb1b45bb59e1cf46b - - default default] 10.0.0.239 "DELETE /v2.0/ports/f7d72f16-8420-4c1f-9548-3b88fbf7e909/tags/red HTTP/1.1" status: 204 len: 168 time: 0.0734203
2026-02-25 20:39:17.424 10 INFO neutron.db.ovn_revision_numbers_db [None req-66fc1abd-1662-4d56-aee8-76e942034bd7 a7403bfa94a0415492633a7e484d2c3c 27c676a40c654053a504661d6302f55d - - default default] Successfully bumped revision number for resource dc605851-2adf-4c1e-8b53-b33f216524bf (type: security_groups) to 1
2026-02-25 20:39:17.428 10 INFO neutron.wsgi [None req-e96f4010-59e5-415a-b195-99f5db3cbe41 95b47563536c43519f50092c5ae59ec4 8450de985634499fb1b45bb59e1cf46b - - default default] 10.0.0.239 "GET /v2.0/ports/f7d72f16-8420-4c1f-9548-3b88fbf7e909/tags HTTP/1.1" status: 200 len: 223 time: 0.0456748
2026-02-25 20:39:17.437 10 INFO neutron.db.ovn_revision_numbers_db [None req-66fc1abd-1662-4d56-aee8-76e942034bd7 a7403bfa94a0415492633a7e484d2c3c 27c676a40c654053a504661d6302f55d - - default default] Successfully bumped revision number for resource 74020f37-7da4-45dd-a2fd-4dbb709c0269 (type: security_group_rules) to 0
2026-02-25 20:39:17.452 10 INFO neutron.db.ovn_revision_numbers_db [None req-66fc1abd-1662-4d56-aee8-76e942034bd7 a7403bfa94a0415492633a7e484d2c3c 27c676a40c654053a504661d6302f55d - - default default] Successfully bumped revision number for resource 8f750ed4-b0d3-4595-b4a7-ce8275f78465 (type: security_group_rules) to 0
2026-02-25 20:39:17.472 10 INFO neutron.db.ovn_revision_numbers_db [None req-66fc1abd-1662-4d56-aee8-76e942034bd7 a7403bfa94a0415492633a7e484d2c3c 27c676a40c654053a504661d6302f55d - - default default] Successfully bumped revision number for resource c0934908-702b-4de4-88f1-320539a5c01c (type: security_group_rules) to 0
2026-02-25 20:39:17.478 9 INFO neutron.api.v2.resource [None req-a5577622-094f-4513-bc7a-73ead3d4481d 95b47563536c43519f50092c5ae59ec4 8450de985634499fb1b45bb59e1cf46b - - default default] delete failed (client error): The resource could not be found.
2026-02-25 20:39:17.479 9 INFO neutron.wsgi [None req-a5577622-094f-4513-bc7a-73ead3d4481d 95b47563536c43519f50092c5ae59ec4 8450de985634499fb1b45bb59e1cf46b - - default default] 10.0.0.239 "DELETE /v2.0/ports/f7d72f16-8420-4c1f-9548-3b88fbf7e909/tags/green HTTP/1.1" status: 404 len: 299 time: 0.0445578
2026-02-25 20:39:17.487 10 INFO neutron.db.ovn_revision_numbers_db [None req-66fc1abd-1662-4d56-aee8-76e942034bd7 a7403bfa94a0415492633a7e484d2c3c 27c676a40c654053a504661d6302f55d - - default default] Successfully bumped revision number for resource d2399add-7292-43fe-852f-f942f77424b1 (type: security_group_rules) to 0
2026-02-25 20:39:17.515 10 INFO neutron.wsgi [None req-66fc1abd-1662-4d56-aee8-76e942034bd7 a7403bfa94a0415492633a7e484d2c3c 27c676a40c654053a504661d6302f55d - - default default] 10.0.0.239 "GET /v2.0/security-groups?tenant_id=24a69b5fa2304da3bf9c5692af92cf1d&name=default HTTP/1.1" status: 200 len: 2996 time: 0.3900867
2026-02-25 20:39:17.526 9 INFO neutron.wsgi [None req-8cf3b593-bcd5-4b0c-ad0c-8f7b2f25a55a 95b47563536c43519f50092c5ae59ec4 8450de985634499fb1b45bb59e1cf46b - - default default] 10.0.0.239 "DELETE /v2.0/ports/f7d72f16-8420-4c1f-9548-3b88fbf7e909/tags HTTP/1.1" status: 204 len: 168 time: 0.0434046
2026-02-25 20:39:17.572 10 INFO neutron.wsgi [None req-8723fae7-4d0b-4ce3-8627-6b9abe1b34de 95b47563536c43519f50092c5ae59ec4 8450de985634499fb1b45bb59e1cf46b - - default default] 10.0.0.239 "GET /v2.0/ports/f7d72f16-8420-4c1f-9548-3b88fbf7e909/tags HTTP/1.1" status: 200 len: 205 time: 0.0416017
2026-02-25 20:39:17.696 9 INFO neutron.wsgi [None req-34e22a10-4489-41d0-a274-8b86f7ea2265 a7403bfa94a0415492633a7e484d2c3c 27c676a40c654053a504661d6302f55d - - default default] 10.0.0.239 "DELETE /v2.0/security-groups/dc605851-2adf-4c1e-8b53-b33f216524bf HTTP/1.1" status: 204 len: 168 time: 0.1672113
2026-02-25 20:39:17.794 10 INFO neutron.wsgi [None req-325fa6a4-5f93-43f7-94a6-439f0e88e2a9 95b47563536c43519f50092c5ae59ec4 8450de985634499fb1b45bb59e1cf46b - - default default] 10.0.0.239 "DELETE /v2.0/ports/f7d72f16-8420-4c1f-9548-3b88fbf7e909 HTTP/1.1" status: 204 len: 168 time: 0.2152042
2026-02-25 20:39:17.976 9 INFO neutron.wsgi [None req-dc3a2eae-af65-4738-9ef3-cd53e0e5cc97 a7403bfa94a0415492633a7e484d2c3c 27c676a40c654053a504661d6302f55d - - default default] 10.0.0.239 "GET /v2.0/security-groups?tenant_id=f3c8a1f571df486db7a5a397e8d1b99c&name=default HTTP/1.1" status: 200 len: 2996 time: 0.0571861
2026-02-25 20:39:18.170 9 INFO neutron.wsgi [None req-0e7bb8c0-0868-40c7-b268-ef3fb03512f1 a7403bfa94a0415492633a7e484d2c3c 27c676a40c654053a504661d6302f55d - - default default] 10.0.0.239 "DELETE /v2.0/security-groups/7699f52e-a2aa-4821-b12c-f3f51296e48a HTTP/1.1" status: 204 len: 168 time: 0.1880553
2026-02-25 20:39:18.204 10 INFO neutron.wsgi [None req-97941f87-e964-4a3f-a323-12496ce19eaf 95b47563536c43519f50092c5ae59ec4 8450de985634499fb1b45bb59e1cf46b - - default default] 10.0.0.239 "DELETE /v2.0/networks/d0b584c1-d849-4cbd-a6c8-c9276b20368e HTTP/1.1" status: 204 len: 168 time: 0.4032922
2026-02-25 20:39:18.458 10 INFO neutron.services.segments.plugin [-] Segment 8013400a-5162-4215-8f84-a9782c1a0fb7 resource provider aggregate not found
2026-02-25 20:39:18.465 10 INFO neutron.services.segments.plugin [-] Segment 8013400a-5162-4215-8f84-a9782c1a0fb7 resource provider aggregate not found
2026-02-25 20:39:18.472 10 INFO neutron.services.segments.plugin [-] Segment 8013400a-5162-4215-8f84-a9782c1a0fb7 resource provider not found; error: Placement Client Error (4xx): {"errors": [{"status": 404, "title": "Not Found", "detail": "The resource could not be found.\n\n No resource provider with uuid 8013400a-5162-4215-8f84-a9782c1a0fb7 found for delete ", "request_id": "req-1d376ce5-d7e3-4432-901e-2fbf34ac68c7"}]}
2026-02-25 20:39:18.482 10 INFO neutron.services.segments.plugin [-] Segment 8013400a-5162-4215-8f84-a9782c1a0fb7 resource provider not found; error: Placement Client Error (4xx): {"errors": [{"status": 404, "title": "Not Found", "detail": "The resource could not be found.\n\n No resource provider with uuid 8013400a-5162-4215-8f84-a9782c1a0fb7 found for delete ", "request_id": "req-98762912-a861-4326-8316-48ea179efb4d"}]}
2026-02-25 20:39:19.029 10 INFO neutron.wsgi [None req-7f63f655-95cc-465a-9848-9bb4ab7d6fc3 a7403bfa94a0415492633a7e484d2c3c 27c676a40c654053a504661d6302f55d - - default default] 10.0.0.239 "GET /v2.0/security-groups?tenant_id=8450de985634499fb1b45bb59e1cf46b&name=default HTTP/1.1" status: 200 len: 2996 time: 0.1353819
2026-02-25 20:39:19.238 10 INFO neutron.wsgi [None req-67530195-4b6b-44ca-8bba-6b5592ebc1cb a7403bfa94a0415492633a7e484d2c3c 27c676a40c654053a504661d6302f55d - - default default] 10.0.0.239 "DELETE /v2.0/security-groups/c77763b2-e9c9-48ab-8631-62390a2f03a1 HTTP/1.1" status: 204 len: 168 time: 0.2026196
2026-02-25 20:39:19.469 9 INFO neutron.db.ovn_revision_numbers_db [None req-a550622a-883a-479e-9841-8091706ae5de a7403bfa94a0415492633a7e484d2c3c 27c676a40c654053a504661d6302f55d - - default default] Successfully bumped revision number for resource 9ec5f08a-b261-40f0-8dbc-7a567347cd3c (type: security_groups) to 1
2026-02-25 20:39:19.491 9 INFO neutron.db.ovn_revision_numbers_db [None req-a550622a-883a-479e-9841-8091706ae5de a7403bfa94a0415492633a7e484d2c3c 27c676a40c654053a504661d6302f55d - - default default] Successfully bumped revision number for resource 3793a35a-5e1c-44d0-8aa4-2450cb59d4ac (type: security_group_rules) to 0
2026-02-25 20:39:19.506 9 INFO neutron.db.ovn_revision_numbers_db [None req-a550622a-883a-479e-9841-8091706ae5de a7403bfa94a0415492633a7e484d2c3c 27c676a40c654053a504661d6302f55d - - default default] Successfully bumped revision number for resource 71fa6181-e34e-4f0a-9e26-980e91ad9242 (type: security_group_rules) to 0
2026-02-25 20:39:19.519 9 INFO neutron.db.ovn_revision_numbers_db [None req-a550622a-883a-479e-9841-8091706ae5de a7403bfa94a0415492633a7e484d2c3c 27c676a40c654053a504661d6302f55d - - default default] Successfully bumped revision number for resource b81f590f-de4e-45cc-8fee-926d86264ff7 (type: security_group_rules) to 0
2026-02-25 20:39:19.531 9 INFO neutron.db.ovn_revision_numbers_db [None req-a550622a-883a-479e-9841-8091706ae5de a7403bfa94a0415492633a7e484d2c3c 27c676a40c654053a504661d6302f55d - - default default] Successfully bumped revision number for resource fd82c505-c2b6-471f-a71c-13d2d6e11b31 (type: security_group_rules) to 0
2026-02-25 20:39:19.554 9 INFO neutron.wsgi [None req-a550622a-883a-479e-9841-8091706ae5de a7403bfa94a0415492633a7e484d2c3c 27c676a40c654053a504661d6302f55d - - default default] 10.0.0.239 "GET /v2.0/security-groups?tenant_id=ad28d0a535624e6e841d7f1e886a6a92&name=default HTTP/1.1" status: 200 len: 2998 time: 0.1928794
