2026-02-25 20:38:32.050 10 INFO neutron.services.segments.plugin [-] Segment b300e2b9-1cfc-4ac2-95b7-a9dd7edfe69a resource provider aggregate not found
2026-02-25 20:38:32.057 10 INFO neutron.services.segments.plugin [-] Segment b300e2b9-1cfc-4ac2-95b7-a9dd7edfe69a resource provider not found; error: Placement Client Error (4xx): {"errors": [{"status": 404, "title": "Not Found", "detail": "The resource could not be found.\n\n No resource provider with uuid b300e2b9-1cfc-4ac2-95b7-a9dd7edfe69a found for delete ", "request_id": "req-b8d1a5b8-16d4-4bac-a540-1134972d99da"}]}
2026-02-25 20:38:32.064 10 INFO neutron.services.segments.plugin [-] Segment b300e2b9-1cfc-4ac2-95b7-a9dd7edfe69a resource provider not found; error: Placement Client Error (4xx): {"errors": [{"status": 404, "title": "Not Found", "detail": "The resource could not be found.\n\n No resource provider with uuid b300e2b9-1cfc-4ac2-95b7-a9dd7edfe69a found for delete ", "request_id": "req-12b396b3-d9f7-4945-b680-4ae878a3bda4"}]}
2026-02-25 20:38:32.069 10 INFO neutron.services.segments.plugin [-] Segment 44dbd184-d1cf-4f0e-873b-3bb69f8e383b resource provider aggregate not found
2026-02-25 20:38:32.075 10 INFO neutron.services.segments.plugin [-] Segment 44dbd184-d1cf-4f0e-873b-3bb69f8e383b resource provider aggregate not found
2026-02-25 20:38:32.081 10 INFO neutron.services.segments.plugin [-] Segment 44dbd184-d1cf-4f0e-873b-3bb69f8e383b resource provider not found; error: Placement Client Error (4xx): {"errors": [{"status": 404, "title": "Not Found", "detail": "The resource could not be found.\n\n No resource provider with uuid 44dbd184-d1cf-4f0e-873b-3bb69f8e383b found for delete ", "request_id": "req-b05ae959-42b4-4845-9bf7-17874f029332"}]}
2026-02-25 20:38:32.089 10 INFO neutron.services.segments.plugin [-] Segment 44dbd184-d1cf-4f0e-873b-3bb69f8e383b resource provider not found; error: Placement Client Error (4xx): {"errors": [{"status": 404, "title": "Not Found", "detail": "The resource could not be found.\n\n No resource provider with uuid 44dbd184-d1cf-4f0e-873b-3bb69f8e383b found for delete ", "request_id": "req-db213657-d95b-419e-8013-3fc0e072d442"}]}
2026-02-25 20:38:32.158 9 INFO neutron.db.ovn_revision_numbers_db [None req-fdc27325-c4a5-44e3-9560-e5b1763ca5a3 789cda3439064e00bc745e1bc8096d04 54ccf77009bf48f28e81ce55267ff362 - - default default] Successfully bumped revision number for resource 3d1a9e1b-73ce-4460-b85c-889b4decde88 (type: security_group_rules) to 0
2026-02-25 20:38:32.185 9 INFO neutron.wsgi [None req-fdc27325-c4a5-44e3-9560-e5b1763ca5a3 789cda3439064e00bc745e1bc8096d04 54ccf77009bf48f28e81ce55267ff362 - - default default] 10.0.0.239 "POST /v2.0/security-group-rules HTTP/1.1" status: 201 len: 764 time: 0.1606851
2026-02-25 20:38:32.195 9 WARNING neutron_lib.context [None req-1f47bd07-2566-44f9-8a6a-ab00125a5330 789cda3439064e00bc745e1bc8096d04 54ccf77009bf48f28e81ce55267ff362 - - default default] Method 'is_advsvc' is deprecated since 2023.2 release (neutron-lib 3.8.0) and will be removed once support for the old RBAC API policies will be removed from Neutron. Please use method 'is_service_role' instead.
2026-02-25 20:38:32.318 9 INFO neutron.db.ovn_revision_numbers_db [None req-1f47bd07-2566-44f9-8a6a-ab00125a5330 789cda3439064e00bc745e1bc8096d04 54ccf77009bf48f28e81ce55267ff362 - - default default] Successfully bumped revision number for resource 2080554c-06d0-4c85-abc2-3231c67412c6 (type: security_group_rules) to 0
2026-02-25 20:38:32.340 9 INFO neutron.wsgi [None req-1f47bd07-2566-44f9-8a6a-ab00125a5330 789cda3439064e00bc745e1bc8096d04 54ccf77009bf48f28e81ce55267ff362 - - default default] 10.0.0.239 "POST /v2.0/security-group-rules HTTP/1.1" status: 201 len: 763 time: 0.1503730
2026-02-25 20:38:32.352 9 WARNING neutron_lib.context [None req-e4ac9e9c-9085-449c-9ed9-d2ea75443b20 789cda3439064e00bc745e1bc8096d04 54ccf77009bf48f28e81ce55267ff362 - - default default] Method 'is_advsvc' is deprecated since 2023.2 release (neutron-lib 3.8.0) and will be removed once support for the old RBAC API policies will be removed from Neutron. Please use method 'is_service_role' instead.
2026-02-25 20:38:32.442 10 INFO neutron.wsgi [None req-4e808a20-fc22-4274-8a53-daa940068145 3d254ed122a5492e8f77046e16d70f4d fdabbaefd80943f9a406d933a6438b39 - - default default] 10.0.0.239 "DELETE /v2.0/networks/735a935c-e473-457e-bd5d-6a31f63e28ec HTTP/1.1" status: 204 len: 168 time: 0.5028992
2026-02-25 20:38:32.446 10 INFO neutron.wsgi [None req-80b264d8-06eb-47a2-897d-7942afd09605 bf38fb321293437b86da31431e904831 9f81791f323f4f4c889dcf7814190272 - - default default] 10.0.0.239 "DELETE /v2.0/networks/339759ad-6f11-4985-bae7-853c2da3d08e HTTP/1.1" status: 204 len: 168 time: 0.5081072
2026-02-25 20:38:32.507 9 INFO neutron.db.ovn_revision_numbers_db [None req-e4ac9e9c-9085-449c-9ed9-d2ea75443b20 789cda3439064e00bc745e1bc8096d04 54ccf77009bf48f28e81ce55267ff362 - - default default] Successfully bumped revision number for resource d6b5f8b1-9cc8-4ecc-b663-cf41e54f0b41 (type: security_group_rules) to 0
2026-02-25 20:38:32.533 9 INFO neutron.wsgi [None req-e4ac9e9c-9085-449c-9ed9-d2ea75443b20 789cda3439064e00bc745e1bc8096d04 54ccf77009bf48f28e81ce55267ff362 - - default default] 10.0.0.239 "POST /v2.0/security-group-rules HTTP/1.1" status: 201 len: 769 time: 0.1865835
2026-02-25 20:38:32.542 10 WARNING neutron_lib.context [None req-4611dff6-f5f0-44f9-8d76-ce3ae010dc25 789cda3439064e00bc745e1bc8096d04 54ccf77009bf48f28e81ce55267ff362 - - default default] Method 'is_advsvc' is deprecated since 2023.2 release (neutron-lib 3.8.0) and will be removed once support for the old RBAC API policies will be removed from Neutron. Please use method 'is_service_role' instead.
2026-02-25 20:38:32.694 10 INFO neutron.db.ovn_revision_numbers_db [None req-4611dff6-f5f0-44f9-8d76-ce3ae010dc25 789cda3439064e00bc745e1bc8096d04 54ccf77009bf48f28e81ce55267ff362 - - default default] Successfully bumped revision number for resource a43650a5-008c-41f6-af0e-2bdf817e2660 (type: security_group_rules) to 0
2026-02-25 20:38:32.729 10 INFO neutron.wsgi [None req-4611dff6-f5f0-44f9-8d76-ce3ae010dc25 789cda3439064e00bc745e1bc8096d04 54ccf77009bf48f28e81ce55267ff362 - - default default] 10.0.0.239 "POST /v2.0/security-group-rules HTTP/1.1" status: 201 len: 768 time: 0.1904595
2026-02-25 20:38:32.741 10 WARNING neutron_lib.context [None req-71333922-9850-4a1c-a176-4e68d57e5baa 789cda3439064e00bc745e1bc8096d04 54ccf77009bf48f28e81ce55267ff362 - - default default] Method 'is_advsvc' is deprecated since 2023.2 release (neutron-lib 3.8.0) and will be removed once support for the old RBAC API policies will be removed from Neutron. Please use method 'is_service_role' instead.
2026-02-25 20:38:32.757 10 INFO neutron.db.securitygroups_db [None req-71333922-9850-4a1c-a176-4e68d57e5baa 789cda3439064e00bc745e1bc8096d04 54ccf77009bf48f28e81ce55267ff362 - - default default] Project 54ccf77009bf48f28e81ce55267ff362 added a security group rule with legacy IPv6 ICMP protocol name icmp, ipv6-icmp should be used instead. It was automatically converted.
2026-02-25 20:38:32.851 10 INFO neutron.db.ovn_revision_numbers_db [None req-71333922-9850-4a1c-a176-4e68d57e5baa 789cda3439064e00bc745e1bc8096d04 54ccf77009bf48f28e81ce55267ff362 - - default default] Successfully bumped revision number for resource fa8e035e-ee47-4b79-a218-b00114b79e88 (type: security_group_rules) to 0
2026-02-25 20:38:32.875 10 INFO neutron.wsgi [None req-71333922-9850-4a1c-a176-4e68d57e5baa 789cda3439064e00bc745e1bc8096d04 54ccf77009bf48f28e81ce55267ff362 - - default default] 10.0.0.239 "POST /v2.0/security-group-rules HTTP/1.1" status: 201 len: 774 time: 0.1394937
2026-02-25 20:38:32.884 10 WARNING neutron_lib.context [None req-f9e4f1e6-c037-4935-9e31-7abfdb5355df 789cda3439064e00bc745e1bc8096d04 54ccf77009bf48f28e81ce55267ff362 - - default default] Method 'is_advsvc' is deprecated since 2023.2 release (neutron-lib 3.8.0) and will be removed once support for the old RBAC API policies will be removed from Neutron. Please use method 'is_service_role' instead.
2026-02-25 20:38:32.899 10 INFO neutron.db.securitygroups_db [None req-f9e4f1e6-c037-4935-9e31-7abfdb5355df 789cda3439064e00bc745e1bc8096d04 54ccf77009bf48f28e81ce55267ff362 - - default default] Project 54ccf77009bf48f28e81ce55267ff362 added a security group rule with legacy IPv6 ICMP protocol name icmp, ipv6-icmp should be used instead. It was automatically converted.
2026-02-25 20:38:33.022 10 INFO neutron.db.ovn_revision_numbers_db [None req-f9e4f1e6-c037-4935-9e31-7abfdb5355df 789cda3439064e00bc745e1bc8096d04 54ccf77009bf48f28e81ce55267ff362 - - default default] Successfully bumped revision number for resource b47729fc-99b3-48a5-8e0e-3a9a244d26f4 (type: security_group_rules) to 0
2026-02-25 20:38:33.043 10 INFO neutron.wsgi [None req-f9e4f1e6-c037-4935-9e31-7abfdb5355df 789cda3439064e00bc745e1bc8096d04 54ccf77009bf48f28e81ce55267ff362 - - default default] 10.0.0.239 "POST /v2.0/security-group-rules HTTP/1.1" status: 201 len: 773 time: 0.1634860
2026-02-25 20:38:33.191 9 INFO neutron.wsgi [req-994ae94b-1dbe-473f-b2bd-25a9bc65f716 req-4232c3d7-7deb-43ef-8efe-a370380ffbb8 709c399d191e46e0816651119cfdb52f bb1f5842a8214640ad4f8c8595425864 - - 71f984fa33844ef493cc49ac6ef015f4 71f984fa33844ef493cc49ac6ef015f4] 10.0.0.45 "GET /v2.0/ports?device_id=488bf085-4f0f-45a2-bbfb-d5d6f5c63e68 HTTP/1.1" status: 200 len: 1413 time: 0.3457997
2026-02-25 20:38:33.234 9 INFO neutron.wsgi [req-994ae94b-1dbe-473f-b2bd-25a9bc65f716 req-a347ae03-80aa-45a5-87c6-c23373ae32aa 709c399d191e46e0816651119cfdb52f bb1f5842a8214640ad4f8c8595425864 - - 71f984fa33844ef493cc49ac6ef015f4 71f984fa33844ef493cc49ac6ef015f4] 10.0.0.45 "GET /v2.0/security-groups?id=6924f60d-38d7-446f-9c9f-f89864e2f7c4&fields=id&fields=name HTTP/1.1" status: 200 len: 312 time: 0.0356855
2026-02-25 20:38:33.333 10 INFO neutron.db.ovn_revision_numbers_db [None req-9fa2f99f-499d-4c1d-bc0a-f53b6a9a0bd6 a7403bfa94a0415492633a7e484d2c3c 27c676a40c654053a504661d6302f55d - - default default] Successfully bumped revision number for resource f05fdc66-1e5d-4c99-81fe-9aa81e7be2ea (type: security_groups) to 1
2026-02-25 20:38:33.348 10 INFO neutron.db.ovn_revision_numbers_db [None req-9fa2f99f-499d-4c1d-bc0a-f53b6a9a0bd6 a7403bfa94a0415492633a7e484d2c3c 27c676a40c654053a504661d6302f55d - - default default] Successfully bumped revision number for resource 233f5628-0c12-4531-865a-2b86aa491388 (type: security_group_rules) to 0
2026-02-25 20:38:33.361 10 INFO neutron.db.ovn_revision_numbers_db [None req-9fa2f99f-499d-4c1d-bc0a-f53b6a9a0bd6 a7403bfa94a0415492633a7e484d2c3c 27c676a40c654053a504661d6302f55d - - default default] Successfully bumped revision number for resource d9491f67-942e-4fc2-b6f7-c60d610445d5 (type: security_group_rules) to 0
2026-02-25 20:38:33.377 10 INFO neutron.db.ovn_revision_numbers_db [None req-9fa2f99f-499d-4c1d-bc0a-f53b6a9a0bd6 a7403bfa94a0415492633a7e484d2c3c 27c676a40c654053a504661d6302f55d - - default default] Successfully bumped revision number for resource e2d37df5-a639-4df2-9271-48803e919557 (type: security_group_rules) to 0
2026-02-25 20:38:33.384 9 INFO neutron.wsgi [None req-d04b0cd2-460a-4b46-b979-e9e2d1755053 a7403bfa94a0415492633a7e484d2c3c 27c676a40c654053a504661d6302f55d - - default default] 10.0.0.239 "GET /v2.0/security-groups?tenant_id=fdabbaefd80943f9a406d933a6438b39&name=default HTTP/1.1" status: 200 len: 2996 time: 0.0911241
2026-02-25 20:38:33.403 10 INFO neutron.db.ovn_revision_numbers_db [None req-9fa2f99f-499d-4c1d-bc0a-f53b6a9a0bd6 a7403bfa94a0415492633a7e484d2c3c 27c676a40c654053a504661d6302f55d - - default default] Successfully bumped revision number for resource f9a02965-52c2-4c90-a849-cf7b1cf21eb4 (type: security_group_rules) to 0
2026-02-25 20:38:33.434 10 INFO neutron.wsgi [None req-9fa2f99f-499d-4c1d-bc0a-f53b6a9a0bd6 a7403bfa94a0415492633a7e484d2c3c 27c676a40c654053a504661d6302f55d - - default default] 10.0.0.239 "GET /v2.0/security-groups?tenant_id=586d4b156272453490463176149cc118&name=default HTTP/1.1" status: 200 len: 2996 time: 0.2616937
2026-02-25 20:38:33.474 9 WARNING neutron_lib.context [None req-bfe9713b-07cf-452a-9ae2-9871bc881db7 789cda3439064e00bc745e1bc8096d04 54ccf77009bf48f28e81ce55267ff362 - - default default] Method 'is_advsvc' is deprecated since 2023.2 release (neutron-lib 3.8.0) and will be removed once support for the old RBAC API policies will be removed from Neutron. Please use method 'is_service_role' instead.
2026-02-25 20:38:33.584 9 INFO neutron.db.ovn_revision_numbers_db [None req-bfe9713b-07cf-452a-9ae2-9871bc881db7 789cda3439064e00bc745e1bc8096d04 54ccf77009bf48f28e81ce55267ff362 - - default default] Successfully bumped revision number for resource d69f30c4-0b69-4741-8134-548709cadc46 (type: security_groups) to 1
2026-02-25 20:38:33.598 9 INFO neutron.db.ovn_revision_numbers_db [None req-bfe9713b-07cf-452a-9ae2-9871bc881db7 789cda3439064e00bc745e1bc8096d04 54ccf77009bf48f28e81ce55267ff362 - - default default] Successfully bumped revision number for resource 464ecca2-3aad-4292-95df-a93bfc717f5d (type: security_group_rules) to 0
2026-02-25 20:38:33.612 9 INFO neutron.db.ovn_revision_numbers_db [None req-bfe9713b-07cf-452a-9ae2-9871bc881db7 789cda3439064e00bc745e1bc8096d04 54ccf77009bf48f28e81ce55267ff362 - - default default] Successfully bumped revision number for resource f781da22-bd41-4539-88ec-0ef04f84e992 (type: security_group_rules) to 0
2026-02-25 20:38:33.642 9 INFO neutron.wsgi [None req-bfe9713b-07cf-452a-9ae2-9871bc881db7 789cda3439064e00bc745e1bc8096d04 54ccf77009bf48f28e81ce55267ff362 - - default default] 10.0.0.239 "POST /v2.0/security-groups HTTP/1.1" status: 201 len: 1795 time: 0.1739492
2026-02-25 20:38:33.649 10 INFO neutron.wsgi [None req-e7fb34b3-9a59-4d76-bb32-231e3596e814 a7403bfa94a0415492633a7e484d2c3c 27c676a40c654053a504661d6302f55d - - default default] 10.0.0.239 "DELETE /v2.0/security-groups/42d12cd6-9476-4d8b-bf1a-cfbf74b4da55 HTTP/1.1" status: 204 len: 168 time: 0.2607634
2026-02-25 20:38:33.653 10 INFO neutron.wsgi [None req-b22b4816-6879-4652-b2ca-f3ed81b7ba48 a7403bfa94a0415492633a7e484d2c3c 27c676a40c654053a504661d6302f55d - - default default] 10.0.0.239 "DELETE /v2.0/security-groups/f05fdc66-1e5d-4c99-81fe-9aa81e7be2ea HTTP/1.1" status: 204 len: 168 time: 0.2132006
2026-02-25 20:38:33.654 9 WARNING neutron_lib.context [None req-d994fc76-a744-4d87-9e11-4e8b57fb93df 789cda3439064e00bc745e1bc8096d04 54ccf77009bf48f28e81ce55267ff362 - - default default] Method 'is_advsvc' is deprecated since 2023.2 release (neutron-lib 3.8.0) and will be removed once support for the old RBAC API policies will be removed from Neutron. Please use method 'is_service_role' instead.
2026-02-25 20:38:33.785 9 INFO neutron.db.ovn_revision_numbers_db [None req-d994fc76-a744-4d87-9e11-4e8b57fb93df 789cda3439064e00bc745e1bc8096d04 54ccf77009bf48f28e81ce55267ff362 - - default default] Successfully bumped revision number for resource 1a76d042-5ad6-4f51-b9be-95f29a3b0136 (type: security_group_rules) to 0
2026-02-25 20:38:33.819 9 INFO neutron.wsgi [None req-d994fc76-a744-4d87-9e11-4e8b57fb93df 789cda3439064e00bc745e1bc8096d04 54ccf77009bf48f28e81ce55267ff362 - - default default] 10.0.0.239 "POST /v2.0/security-group-rules HTTP/1.1" status: 201 len: 764 time: 0.1708000
2026-02-25 20:38:33.835 10 WARNING neutron_lib.context [None req-cc4e5972-d886-4c24-bbc5-1b97cdc96301 789cda3439064e00bc745e1bc8096d04 54ccf77009bf48f28e81ce55267ff362 - - default default] Method 'is_advsvc' is deprecated since 2023.2 release (neutron-lib 3.8.0) and will be removed once support for the old RBAC API policies will be removed from Neutron. Please use method 'is_service_role' instead.
2026-02-25 20:38:33.862 9 INFO neutron.wsgi [None req-c848d946-2ba5-4d5f-a1db-0b096efbff37 a7403bfa94a0415492633a7e484d2c3c 27c676a40c654053a504661d6302f55d - - default default] 10.0.0.239 "GET /v2.0/security-groups?tenant_id=9f81791f323f4f4c889dcf7814190272&name=default HTTP/1.1" status: 200 len: 2996 time: 0.0524185
2026-02-25 20:38:33.868 10 INFO neutron.db.ovn_revision_numbers_db [None req-06a88551-cd06-490b-a4e4-c7015f5fbc76 a7403bfa94a0415492633a7e484d2c3c 27c676a40c654053a504661d6302f55d - - default default] Successfully bumped revision number for resource 2f092758-9011-49d8-bd20-81c7243c97cb (type: security_groups) to 1
2026-02-25 20:38:33.881 10 INFO neutron.db.ovn_revision_numbers_db [None req-06a88551-cd06-490b-a4e4-c7015f5fbc76 a7403bfa94a0415492633a7e484d2c3c 27c676a40c654053a504661d6302f55d - - default default] Successfully bumped revision number for resource 564749db-1fb9-4847-b273-6e2433b9e4ef (type: security_group_rules) to 0
2026-02-25 20:38:33.899 10 INFO neutron.db.ovn_revision_numbers_db [None req-06a88551-cd06-490b-a4e4-c7015f5fbc76 a7403bfa94a0415492633a7e484d2c3c 27c676a40c654053a504661d6302f55d - - default default] Successfully bumped revision number for resource 7a687917-666a-48e1-8b71-423a1b75a808 (type: security_group_rules) to 0
2026-02-25 20:38:33.915 10 INFO neutron.db.ovn_revision_numbers_db [None req-06a88551-cd06-490b-a4e4-c7015f5fbc76 a7403bfa94a0415492633a7e484d2c3c 27c676a40c654053a504661d6302f55d - - default default] Successfully bumped revision number for resource e6f5f87e-7ce5-4e5e-94fc-96b3008050ea (type: security_group_rules) to 0
2026-02-25 20:38:33.931 10 INFO neutron.db.ovn_revision_numbers_db [None req-06a88551-cd06-490b-a4e4-c7015f5fbc76 a7403bfa94a0415492633a7e484d2c3c 27c676a40c654053a504661d6302f55d - - default default] Successfully bumped revision number for resource f6ebbcc5-4294-40e5-abb6-6e931022dc1d (type: security_group_rules) to 0
2026-02-25 20:38:33.965 10 INFO neutron.wsgi [None req-06a88551-cd06-490b-a4e4-c7015f5fbc76 a7403bfa94a0415492633a7e484d2c3c 27c676a40c654053a504661d6302f55d - - default default] 10.0.0.239 "GET /v2.0/security-groups?tenant_id=949b646955d5417facd6c10d5f4eddd4&name=default HTTP/1.1" status: 200 len: 2996 time: 0.2297237
2026-02-25 20:38:33.998 10 INFO neutron.db.ovn_revision_numbers_db [None req-cc4e5972-d886-4c24-bbc5-1b97cdc96301 789cda3439064e00bc745e1bc8096d04 54ccf77009bf48f28e81ce55267ff362 - - default default] Successfully bumped revision number for resource 6eef549b-e22e-48f9-90ed-1f87d0e103ce (type: security_group_rules) to 0
2026-02-25 20:38:34.022 10 INFO neutron.wsgi [None req-cc4e5972-d886-4c24-bbc5-1b97cdc96301 789cda3439064e00bc745e1bc8096d04 54ccf77009bf48f28e81ce55267ff362 - - default default] 10.0.0.239 "POST /v2.0/security-group-rules HTTP/1.1" status: 201 len: 769 time: 0.1965489
2026-02-25 20:38:34.033 10 WARNING neutron_lib.context [None req-9ed59c46-f169-465c-8cc5-9a90563ef678 789cda3439064e00bc745e1bc8096d04 54ccf77009bf48f28e81ce55267ff362 - - default default] Method 'is_advsvc' is deprecated since 2023.2 release (neutron-lib 3.8.0) and will be removed once support for the old RBAC API policies will be removed from Neutron. Please use method 'is_service_role' instead.
2026-02-25 20:38:34.074 9 INFO neutron.wsgi [None req-8ab7a711-3cc0-4f81-b404-750355d9d707 a7403bfa94a0415492633a7e484d2c3c 27c676a40c654053a504661d6302f55d - - default default] 10.0.0.239 "DELETE /v2.0/security-groups/792c55fe-a1a9-4563-b611-1dd1ff60cb4e HTTP/1.1" status: 204 len: 168 time: 0.2064877
2026-02-25 20:38:34.105 10 INFO neutron.services.segments.plugin [-] Segment 13920cfd-b57c-471d-89c6-0b636f1b72d9 resource provider aggregate not found
2026-02-25 20:38:34.109 10 INFO neutron.services.segments.plugin [-] Segment 13920cfd-b57c-471d-89c6-0b636f1b72d9 resource provider aggregate not found
2026-02-25 20:38:34.130 10 INFO neutron.services.segments.plugin [-] Segment 13920cfd-b57c-471d-89c6-0b636f1b72d9 resource provider not found; error: Placement Client Error (4xx): {"errors": [{"status": 404, "title": "Not Found", "detail": "The resource could not be found.\n\n No resource provider with uuid 13920cfd-b57c-471d-89c6-0b636f1b72d9 found for delete ", "request_id": "req-a98aefdb-2b0b-4172-85d3-8b449eaa5761"}]}
2026-02-25 20:38:34.140 10 INFO neutron.services.segments.plugin [-] Segment 13920cfd-b57c-471d-89c6-0b636f1b72d9 resource provider not found; error: Placement Client Error (4xx): {"errors": [{"status": 404, "title": "Not Found", "detail": "The resource could not be found.\n\n No resource provider with uuid 13920cfd-b57c-471d-89c6-0b636f1b72d9 found for delete ", "request_id": "req-b4ebc445-8e37-48b9-b9eb-94a7ad50fe71"}]}
2026-02-25 20:38:34.155 10 INFO neutron.services.segments.plugin [-] Segment 28454e75-a3d5-44ab-92c8-a5524a0ce4aa resource provider aggregate not found
2026-02-25 20:38:34.163 10 INFO neutron.services.segments.plugin [-] Segment 28454e75-a3d5-44ab-92c8-a5524a0ce4aa resource provider aggregate not found
2026-02-25 20:38:34.176 10 INFO neutron.services.segments.plugin [-] Segment 28454e75-a3d5-44ab-92c8-a5524a0ce4aa resource provider not found; error: Placement Client Error (4xx): {"errors": [{"status": 404, "title": "Not Found", "detail": "The resource could not be found.\n\n No resource provider with uuid 28454e75-a3d5-44ab-92c8-a5524a0ce4aa found for delete ", "request_id": "req-5b84bd66-7095-42a5-985d-c5bf360e0bc0"}]}
2026-02-25 20:38:34.184 9 INFO neutron.wsgi [None req-9229571a-8d68-4ddc-8829-cc9d7b62d4c7 a7403bfa94a0415492633a7e484d2c3c 27c676a40c654053a504661d6302f55d - - default default] 10.0.0.239 "DELETE /v2.0/security-groups/2f092758-9011-49d8-bd20-81c7243c97cb HTTP/1.1" status: 204 len: 168 time: 0.2152994
2026-02-25 20:38:34.192 10 INFO neutron.services.segments.plugin [-] Segment 28454e75-a3d5-44ab-92c8-a5524a0ce4aa resource provider not found; error: Placement Client Error (4xx): {"errors": [{"status": 404, "title": "Not Found", "detail": "The resource could not be found.\n\n No resource provider with uuid 28454e75-a3d5-44ab-92c8-a5524a0ce4aa found for delete ", "request_id": "req-400905bc-9448-4f5b-af8b-117999f0ebc3"}]}
2026-02-25 20:38:34.331 10 WARNING neutron.scheduler.dhcp_agent_scheduler [None req-9ed59c46-f169-465c-8cc5-9a90563ef678 789cda3439064e00bc745e1bc8096d04 54ccf77009bf48f28e81ce55267ff362 - - default default] No more DHCP agents
2026-02-25 20:38:34.334 10 WARNING neutron.api.rpc.agentnotifiers.dhcp_rpc_agent_api [None req-9ed59c46-f169-465c-8cc5-9a90563ef678 789cda3439064e00bc745e1bc8096d04 54ccf77009bf48f28e81ce55267ff362 - - default default] Unable to schedule network aa707c75-8052-4baa-a575-b0f4251b61fd: no agents available; will retry on subsequent port and subnet creation events.
2026-02-25 20:38:34.454 9 INFO neutron.db.ovn_revision_numbers_db [None req-c89f8cf8-14a8-46e1-ab02-2a5968195008 a7403bfa94a0415492633a7e484d2c3c 27c676a40c654053a504661d6302f55d - - default default] Successfully bumped revision number for resource 468bcc98-e72b-49a7-af1e-cff920dd2a71 (type: security_groups) to 1
2026-02-25 20:38:34.468 9 INFO neutron.db.ovn_revision_numbers_db [None req-c89f8cf8-14a8-46e1-ab02-2a5968195008 a7403bfa94a0415492633a7e484d2c3c 27c676a40c654053a504661d6302f55d - - default default] Successfully bumped revision number for resource 0e22fb51-08ba-4148-92f9-e347c9d884ab (type: security_group_rules) to 0
2026-02-25 20:38:34.482 9 INFO neutron.db.ovn_revision_numbers_db [None req-c89f8cf8-14a8-46e1-ab02-2a5968195008 a7403bfa94a0415492633a7e484d2c3c 27c676a40c654053a504661d6302f55d - - default default] Successfully bumped revision number for resource 15d2d665-3e9f-40d6-964b-7ae9ac284e71 (type: security_group_rules) to 0
2026-02-25 20:38:34.496 9 INFO neutron.db.ovn_revision_numbers_db [None req-c89f8cf8-14a8-46e1-ab02-2a5968195008 a7403bfa94a0415492633a7e484d2c3c 27c676a40c654053a504661d6302f55d - - default default] Successfully bumped revision number for resource 673ccfc3-f706-4c9f-b304-004c422cb970 (type: security_group_rules) to 0
2026-02-25 20:38:34.509 9 INFO neutron.db.ovn_revision_numbers_db [None req-c89f8cf8-14a8-46e1-ab02-2a5968195008 a7403bfa94a0415492633a7e484d2c3c 27c676a40c654053a504661d6302f55d - - default default] Successfully bumped revision number for resource fb82a665-c25f-4406-8481-254dc578e4a1 (type: security_group_rules) to 0
2026-02-25 20:38:34.531 9 INFO neutron.wsgi [None req-c89f8cf8-14a8-46e1-ab02-2a5968195008 a7403bfa94a0415492633a7e484d2c3c 27c676a40c654053a504661d6302f55d - - default default] 10.0.0.239 "GET /v2.0/security-groups?tenant_id=60bb1754c8524509b9babbac800a5d29&name=default HTTP/1.1" status: 200 len: 2996 time: 0.1971126
2026-02-25 20:38:34.677 10 INFO neutron.db.ovn_revision_numbers_db [None req-9ed59c46-f169-465c-8cc5-9a90563ef678 789cda3439064e00bc745e1bc8096d04 54ccf77009bf48f28e81ce55267ff362 - - default default] Successfully bumped revision number for resource 786c199a-24d5-4be1-9c16-f67b12f6bd3e (type: floatingips) to 0
2026-02-25 20:38:34.692 10 INFO neutron.wsgi [None req-9ed59c46-f169-465c-8cc5-9a90563ef678 789cda3439064e00bc745e1bc8096d04 54ccf77009bf48f28e81ce55267ff362 - - default default] 10.0.0.239 "POST /v2.0/floatingips HTTP/1.1" status: 201 len: 751 time: 0.6630704
2026-02-25 20:38:34.789 9 INFO neutron.wsgi [None req-84fb07dd-2ac2-4d62-842a-6a1421c0add8 a7403bfa94a0415492633a7e484d2c3c 27c676a40c654053a504661d6302f55d - - default default] 10.0.0.239 "DELETE /v2.0/security-groups/468bcc98-e72b-49a7-af1e-cff920dd2a71 HTTP/1.1" status: 204 len: 168 time: 0.2526693
2026-02-25 20:38:34.832 9 INFO neutron.wsgi [req-e6c021ce-d921-4d35-82b5-377fe4eeb518 req-d60c4fe2-ce22-4ea8-98ea-a4d983a61d7f 789cda3439064e00bc745e1bc8096d04 54ccf77009bf48f28e81ce55267ff362 - - default default] 10.0.0.78 "GET /v2.0/security-groups?name=tempest-secgroup-smoke-468866866&fields=id&tenant_id=54ccf77009bf48f28e81ce55267ff362 HTTP/1.1" status: 200 len: 267 time: 0.0541542
2026-02-25 20:38:34.878 9 INFO neutron.wsgi [req-e6c021ce-d921-4d35-82b5-377fe4eeb518 req-373412c3-4ddc-43e0-afa4-dd6c1d511939 789cda3439064e00bc745e1bc8096d04 54ccf77009bf48f28e81ce55267ff362 - - default default] 10.0.0.78 "GET /v2.0/security-groups?name=tempest-securitygroup--1461534829&fields=id&tenant_id=54ccf77009bf48f28e81ce55267ff362 HTTP/1.1" status: 200 len: 267 time: 0.0384438
2026-02-25 20:38:34.955 9 INFO neutron.wsgi [req-e6c021ce-d921-4d35-82b5-377fe4eeb518 req-440804bc-0bfb-44ee-98b3-e2b7ac4a1656 789cda3439064e00bc745e1bc8096d04 54ccf77009bf48f28e81ce55267ff362 - - default default] 10.0.0.78 "GET /v2.0/networks?id=6178f6d5-104f-402f-b8f7-bb259ff40440 HTTP/1.1" status: 200 len: 872 time: 0.0713959
2026-02-25 20:38:34.973 9 INFO neutron.wsgi [req-e6c021ce-d921-4d35-82b5-377fe4eeb518 req-4be1470e-dd51-4078-9dd3-eb6166a0095c 789cda3439064e00bc745e1bc8096d04 54ccf77009bf48f28e81ce55267ff362 - - default default] 10.0.0.78 "GET /v2.0/quotas/54ccf77009bf48f28e81ce55267ff362 HTTP/1.1" status: 200 len: 386 time: 0.0104718
2026-02-25 20:38:35.089 9 INFO neutron.wsgi [req-e6c021ce-d921-4d35-82b5-377fe4eeb518 req-890204b7-db85-4a86-84ac-c888d3e9ce57 789cda3439064e00bc745e1bc8096d04 54ccf77009bf48f28e81ce55267ff362 - - default default] 10.0.0.78 "GET /v2.0/ports?tenant_id=54ccf77009bf48f28e81ce55267ff362&fields=id HTTP/1.1" status: 200 len: 302 time: 0.1065342
2026-02-25 20:38:35.162 9 INFO neutron.wsgi [req-e6c021ce-d921-4d35-82b5-377fe4eeb518 req-59adfdef-398d-4691-8bd2-6b1a72724178 709c399d191e46e0816651119cfdb52f bb1f5842a8214640ad4f8c8595425864 - - 71f984fa33844ef493cc49ac6ef015f4 71f984fa33844ef493cc49ac6ef015f4] 10.0.0.78 "GET /v2.0/networks/6178f6d5-104f-402f-b8f7-bb259ff40440?fields=segments HTTP/1.1" status: 200 len: 212 time: 0.0579619
2026-02-25 20:38:35.235 9 INFO neutron.wsgi [req-e6c021ce-d921-4d35-82b5-377fe4eeb518 req-7741ff20-8868-4d17-a693-71188483b5dd 709c399d191e46e0816651119cfdb52f bb1f5842a8214640ad4f8c8595425864 - - 71f984fa33844ef493cc49ac6ef015f4 71f984fa33844ef493cc49ac6ef015f4] 10.0.0.78 "GET /v2.0/networks/6178f6d5-104f-402f-b8f7-bb259ff40440?fields=provider%3Aphysical_network&fields=provider%3Anetwork_type HTTP/1.1" status: 200 len: 277 time: 0.0623543
2026-02-25 20:38:35.425 9 INFO neutron.wsgi [req-8466e301-04b5-4a37-93b0-3c242eb19453 req-62d634ab-27fb-47bc-943c-6b9399485834 789cda3439064e00bc745e1bc8096d04 54ccf77009bf48f28e81ce55267ff362 - - default default] 10.0.0.78 "GET /v2.0/ports?device_id=0e803f08-2921-452a-ab58-5b4369272d81 HTTP/1.1" status: 200 len: 210 time: 0.0271578
2026-02-25 20:38:36.151 9 INFO neutron.wsgi [req-e6c021ce-d921-4d35-82b5-377fe4eeb518 req-db1c2a09-c09e-4f6c-9a68-2e14260a77be 789cda3439064e00bc745e1bc8096d04 54ccf77009bf48f28e81ce55267ff362 - - default default] 199.19.213.169 "GET /v2.0/networks?id=6178f6d5-104f-402f-b8f7-bb259ff40440 HTTP/1.1" status: 200 len: 872 time: 0.0686865
2026-02-25 20:38:36.210 9 INFO neutron.wsgi [req-e6c021ce-d921-4d35-82b5-377fe4eeb518 req-f79eb42b-4642-4247-aab1-ba08ac3c5511 789cda3439064e00bc745e1bc8096d04 54ccf77009bf48f28e81ce55267ff362 - - default default] 199.19.213.169 "GET /v2.0/security-groups?fields=id&fields=name&tenant_id=54ccf77009bf48f28e81ce55267ff362 HTTP/1.1" status: 200 len: 472 time: 0.0523791
2026-02-25 20:38:36.230 9 WARNING neutron_lib.context [req-e6c021ce-d921-4d35-82b5-377fe4eeb518 req-00b2176f-ab86-4a74-ad5e-a0ae4f320e8f 789cda3439064e00bc745e1bc8096d04 54ccf77009bf48f28e81ce55267ff362 - - default default] Method 'is_advsvc' is deprecated since 2023.2 release (neutron-lib 3.8.0) and will be removed once support for the old RBAC API policies will be removed from Neutron. Please use method 'is_service_role' instead.
2026-02-25 20:38:36.347 10 WARNING neutron.plugins.ml2.drivers.ovn.mech_driver.ovsdb.ovn_client [None req-d30f8d2e-f636-4c78-9826-d47f0238f5d0 - - - - - -] No hosting information found for port 1d8b6a03-dd32-4f1f-b4d1-e8a5e8323c70: RuntimeError: No hosting information found for port 1d8b6a03-dd32-4f1f-b4d1-e8a5e8323c70
2026-02-25 20:38:36.531 9 INFO neutron.wsgi [req-298d9441-2a99-45eb-9c4f-b173addc7a03 req-a517d736-178a-462d-9129-5a07aea7a711 789cda3439064e00bc745e1bc8096d04 54ccf77009bf48f28e81ce55267ff362 - - default default] 10.0.0.78 "GET /v2.0/ports?device_id=0e803f08-2921-452a-ab58-5b4369272d81 HTTP/1.1" status: 200 len: 210 time: 0.0251017
2026-02-25 20:38:36.640 9 WARNING neutron.scheduler.dhcp_agent_scheduler [req-e6c021ce-d921-4d35-82b5-377fe4eeb518 req-00b2176f-ab86-4a74-ad5e-a0ae4f320e8f 789cda3439064e00bc745e1bc8096d04 54ccf77009bf48f28e81ce55267ff362 - - default default] No more DHCP agents
2026-02-25 20:38:36.646 9 WARNING neutron.api.rpc.agentnotifiers.dhcp_rpc_agent_api [req-e6c021ce-d921-4d35-82b5-377fe4eeb518 req-00b2176f-ab86-4a74-ad5e-a0ae4f320e8f 789cda3439064e00bc745e1bc8096d04 54ccf77009bf48f28e81ce55267ff362 - - default default] Unable to schedule network 6178f6d5-104f-402f-b8f7-bb259ff40440: no agents available; will retry on subsequent port and subnet creation events.
2026-02-25 20:38:36.864 9 INFO neutron.db.ovn_revision_numbers_db [req-e6c021ce-d921-4d35-82b5-377fe4eeb518 req-00b2176f-ab86-4a74-ad5e-a0ae4f320e8f 789cda3439064e00bc745e1bc8096d04 54ccf77009bf48f28e81ce55267ff362 - - default default] Successfully bumped revision number for resource 7620f31b-1027-4495-b9e2-36f2b1af7900 (type: ports) to 1
2026-02-25 20:38:36.891 9 INFO neutron.wsgi [req-e6c021ce-d921-4d35-82b5-377fe4eeb518 req-00b2176f-ab86-4a74-ad5e-a0ae4f320e8f 789cda3439064e00bc745e1bc8096d04 54ccf77009bf48f28e81ce55267ff362 - - default default] 199.19.213.169 "POST /v2.0/ports HTTP/1.1" status: 201 len: 1201 time: 0.6685224 /var/lib/openstack/lib/python3.10/site-packages/pycadf/identifier.py:71: UserWarning: Invalid uuid: neutron. To ensure interoperability, identifiers should be a valid uuid. warnings.warn(('Invalid uuid: %s. To ensure interoperability, '
2026-02-25 20:38:37.009 10 INFO neutron.plugins.ml2.drivers.ovn.mech_driver.mech_driver [None req-d30f8d2e-f636-4c78-9826-d47f0238f5d0 - - - - - -] OVN reports status down for port: ac3ef2ea-1f28-4bd3-8c0c-6104187c715d
2026-02-25 20:38:37.068 9 INFO neutron.wsgi [req-2a7e4cde-2ac2-4d85-92ba-e2cb915f4567 req-7308da92-1e3e-4f6a-9c1f-ffaaa0001889 914717fcd30b4fa5a2f786bf0b1fceae 77afc5060c034997918daa0ebadd1773 - - default default] 10.0.0.78 "GET /v2.0/ports?device_id=488bf085-4f0f-45a2-bbfb-d5d6f5c63e68 HTTP/1.1" status: 200 len: 1174 time: 0.1175654
2026-02-25 20:38:37.137 9 INFO neutron.wsgi [req-2a7e4cde-2ac2-4d85-92ba-e2cb915f4567 req-f112dd26-9625-44ee-aae2-e8aaf9858ad4 914717fcd30b4fa5a2f786bf0b1fceae 77afc5060c034997918daa0ebadd1773 - - default default] 10.0.0.78 "GET /v2.0/security-groups?id=6924f60d-38d7-446f-9c9f-f89864e2f7c4&fields=id&fields=name HTTP/1.1" status: 200 len: 312 time: 0.0596657
2026-02-25 20:38:37.175 10 INFO neutron.notifiers.nova [-] Nova event matching ['req-59b27fab-b2d6-4d58-afa3-2e9c7fe8efdc'] response: {'server_uuid': '488bf085-4f0f-45a2-bbfb-d5d6f5c63e68', 'name': 'network-vif-unplugged', 'status': 'completed', 'tag': 'ac3ef2ea-1f28-4bd3-8c0c-6104187c715d', 'code': 200}
2026-02-25 20:38:37.356 10 INFO neutron.db.ovn_revision_numbers_db [None req-d30f8d2e-f636-4c78-9826-d47f0238f5d0 - - - - - -] Successfully bumped revision number for resource ac3ef2ea-1f28-4bd3-8c0c-6104187c715d (type: ports) to 5
2026-02-25 20:38:37.369 10 INFO neutron.wsgi [req-e21484e8-b227-4fc1-b056-40e1a20238be req-9646d54e-62d0-49f1-8268-29dfa3e4bba9 914717fcd30b4fa5a2f786bf0b1fceae 77afc5060c034997918daa0ebadd1773 - - default default] 199.19.213.169 "GET /v2.0/ports?device_id=488bf085-4f0f-45a2-bbfb-d5d6f5c63e68 HTTP/1.1" status: 200 len: 1172 time: 0.1043739
2026-02-25 20:38:37.424 9 INFO neutron.db.ovn_revision_numbers_db [req-e6c021ce-d921-4d35-82b5-377fe4eeb518 req-8083a23a-c3e3-46ca-85a0-bea1ce2a227a 709c399d191e46e0816651119cfdb52f bb1f5842a8214640ad4f8c8595425864 - - 71f984fa33844ef493cc49ac6ef015f4 71f984fa33844ef493cc49ac6ef015f4] Successfully bumped revision number for resource 7620f31b-1027-4495-b9e2-36f2b1af7900 (type: ports) to 2 /var/lib/openstack/lib/python3.10/site-packages/pycadf/identifier.py:71: UserWarning: Invalid uuid: neutron. To ensure interoperability, identifiers should be a valid uuid. warnings.warn(('Invalid uuid: %s. To ensure interoperability, '
2026-02-25 20:38:37.638 9 WARNING neutron_lib.context [None req-bb5a20ad-9829-43e3-a5fa-582c1180b5fb 0e79cafcf36c4b0392ca5e9debd24476 99340dcdaf4e4eefb63dd883816781fb - - default default] Method 'is_advsvc' is deprecated since 2023.2 release (neutron-lib 3.8.0) and will be removed once support for the old RBAC API policies will be removed from Neutron. Please use method 'is_service_role' instead.
2026-02-25 20:38:37.668 10 INFO neutron.db.l3_db [req-e21484e8-b227-4fc1-b056-40e1a20238be req-7fe71202-7227-4225-8a65-312a93a2540b 914717fcd30b4fa5a2f786bf0b1fceae 77afc5060c034997918daa0ebadd1773 - - default default] Floating IP d8447700-4e05-46d4-841f-18e915380b76 disassociated. External IP: 10.96.250.217, port: ac3ef2ea-1f28-4bd3-8c0c-6104187c715d.
2026-02-25 20:38:37.672 9 INFO neutron.wsgi [req-e658d73d-f4f9-45ea-a3f1-de3c1095f1ce req-d8a459b0-248b-4f02-9b02-5f52f6baf8b5 789cda3439064e00bc745e1bc8096d04 54ccf77009bf48f28e81ce55267ff362 - - default default] 10.0.0.78 "GET /v2.0/ports?device_id=0e803f08-2921-452a-ab58-5b4369272d81 HTTP/1.1" status: 200 len: 1212 time: 0.0720034
2026-02-25 20:38:37.727 9 INFO neutron.db.ovn_revision_numbers_db [req-e6c021ce-d921-4d35-82b5-377fe4eeb518 req-8083a23a-c3e3-46ca-85a0-bea1ce2a227a 709c399d191e46e0816651119cfdb52f bb1f5842a8214640ad4f8c8595425864 - - 71f984fa33844ef493cc49ac6ef015f4 71f984fa33844ef493cc49ac6ef015f4] Successfully bumped revision number for resource 7620f31b-1027-4495-b9e2-36f2b1af7900 (type: ports) to 2
2026-02-25 20:38:37.751 9 INFO neutron.wsgi [req-e658d73d-f4f9-45ea-a3f1-de3c1095f1ce req-c2deff85-cbf9-411b-a0e4-1fdf167ce5a0 789cda3439064e00bc745e1bc8096d04 54ccf77009bf48f28e81ce55267ff362 - - default default] 10.0.0.78 "GET /v2.0/security-groups?id=4283db02-4f2e-430a-a59d-c2b15ab61b59&id=d69f30c4-0b69-4741-8134-548709cadc46&fields=id&fields=name HTTP/1.1" status: 200 len: 405 time: 0.0667872
2026-02-25 20:38:37.784 9 INFO neutron.wsgi [req-e6c021ce-d921-4d35-82b5-377fe4eeb518 req-8083a23a-c3e3-46ca-85a0-bea1ce2a227a 709c399d191e46e0816651119cfdb52f bb1f5842a8214640ad4f8c8595425864 - - 71f984fa33844ef493cc49ac6ef015f4 71f984fa33844ef493cc49ac6ef015f4] 199.19.213.169 "PUT /v2.0/ports/7620f31b-1027-4495-b9e2-36f2b1af7900 HTTP/1.1" status: 200 len: 1419 time: 0.8849571
2026-02-25 20:38:37.827 9 INFO neutron.notifiers.nova [-] Nova event matching ['req-6741d5f1-2d9e-4579-847a-264ff6b0d1d3'] response: {'name': 'network-changed', 'server_uuid': '0e803f08-2921-452a-ab58-5b4369272d81', 'tag': '7620f31b-1027-4495-b9e2-36f2b1af7900', 'status': 'completed', 'code': 200}
2026-02-25 20:38:37.863 10 INFO neutron.wsgi [req-e21484e8-b227-4fc1-b056-40e1a20238be req-7fe71202-7227-4225-8a65-312a93a2540b 914717fcd30b4fa5a2f786bf0b1fceae 77afc5060c034997918daa0ebadd1773 - - default default] 199.19.213.169 "DELETE /v2.0/ports/ac3ef2ea-1f28-4bd3-8c0c-6104187c715d HTTP/1.1" status: 204 len: 173 time: 0.4874408
2026-02-25 20:38:37.899 9 INFO neutron.wsgi [req-e6c021ce-d921-4d35-82b5-377fe4eeb518 req-0fd61375-831b-455f-9cd8-311668d365e7 709c399d191e46e0816651119cfdb52f bb1f5842a8214640ad4f8c8595425864 - - 71f984fa33844ef493cc49ac6ef015f4 71f984fa33844ef493cc49ac6ef015f4] 199.19.213.169 "GET /v2.0/ports?tenant_id=54ccf77009bf48f28e81ce55267ff362&device_id=0e803f08-2921-452a-ab58-5b4369272d81 HTTP/1.1" status: 200 len: 1450 time: 0.0457017
2026-02-25 20:38:37.899 9 INFO neutron.db.ovn_revision_numbers_db [None req-bb5a20ad-9829-43e3-a5fa-582c1180b5fb 0e79cafcf36c4b0392ca5e9debd24476 99340dcdaf4e4eefb63dd883816781fb - - default default] Successfully bumped revision number for resource 08cca94b-abb7-43b7-be46-07655d8a2363 (type: routers) to 1
2026-02-25 20:38:37.919 9 INFO neutron.wsgi [None req-bb5a20ad-9829-43e3-a5fa-582c1180b5fb 0e79cafcf36c4b0392ca5e9debd24476 99340dcdaf4e4eefb63dd883816781fb - - default default] 10.0.0.239 "POST /v2.0/routers HTTP/1.1" status: 201 len: 654 time: 0.4568758 /var/lib/openstack/lib/python3.10/site-packages/pycadf/identifier.py:71: UserWarning: Invalid uuid: neutron. To ensure interoperability, identifiers should be a valid uuid. warnings.warn(('Invalid uuid: %s. To ensure interoperability, '
2026-02-25 20:38:37.944 9 INFO neutron.wsgi [req-e6c021ce-d921-4d35-82b5-377fe4eeb518 req-d3623d0a-6f2d-4258-ac02-1d8ce2bb91f5 709c399d191e46e0816651119cfdb52f bb1f5842a8214640ad4f8c8595425864 - - 71f984fa33844ef493cc49ac6ef015f4 71f984fa33844ef493cc49ac6ef015f4] 199.19.213.169 "GET /v2.0/floatingips?fixed_ip_address=10.100.0.11&port_id=7620f31b-1027-4495-b9e2-36f2b1af7900 HTTP/1.1" status: 200 len: 217 time: 0.0333474
2026-02-25 20:38:37.995 9 INFO neutron.wsgi [req-e6c021ce-d921-4d35-82b5-377fe4eeb518 req-3c83dc86-a177-4288-b5f7-2cfa5a59544f 709c399d191e46e0816651119cfdb52f bb1f5842a8214640ad4f8c8595425864 - - 71f984fa33844ef493cc49ac6ef015f4 71f984fa33844ef493cc49ac6ef015f4] 199.19.213.169 "GET /v2.0/subnets?id=51b0e1a0-7bf9-4596-8f1d-9f2d97bcfb5c HTTP/1.1" status: 200 len: 866 time: 0.0431590
2026-02-25 20:38:37.998 10 INFO neutron.wsgi [None req-d8d4988b-8eda-4afe-8937-b07267bad8c4 0e79cafcf36c4b0392ca5e9debd24476 99340dcdaf4e4eefb63dd883816781fb - - default default] 10.0.0.239 "PUT /v2.0/routers/08cca94b-abb7-43b7-be46-07655d8a2363/tags HTTP/1.1" status: 200 len: 218 time: 0.0649519
2026-02-25 20:38:38.024 9 INFO neutron.wsgi [req-e6c021ce-d921-4d35-82b5-377fe4eeb518 req-9c0f055f-9268-4c32-99b2-b3ad507de117 709c399d191e46e0816651119cfdb52f bb1f5842a8214640ad4f8c8595425864 - - 71f984fa33844ef493cc49ac6ef015f4 71f984fa33844ef493cc49ac6ef015f4] 199.19.213.169 "GET /v2.0/ports?network_id=6178f6d5-104f-402f-b8f7-bb259ff40440&device_owner=network%3Adhcp HTTP/1.1" status: 200 len: 210 time: 0.0209894
2026-02-25 20:38:38.046 10 INFO neutron.wsgi [None req-25fb98ed-f58f-4c53-8042-7be01b53786d 0e79cafcf36c4b0392ca5e9debd24476 99340dcdaf4e4eefb63dd883816781fb - - default default] 10.0.0.239 "GET /v2.0/routers/08cca94b-abb7-43b7-be46-07655d8a2363/tags HTTP/1.1" status: 200 len: 218 time: 0.0437660
2026-02-25 20:38:38.086 9 INFO neutron.wsgi [req-e6c021ce-d921-4d35-82b5-377fe4eeb518 req-246588c6-bb06-4589-bfc8-c87ae1aabbd5 709c399d191e46e0816651119cfdb52f bb1f5842a8214640ad4f8c8595425864 - - 71f984fa33844ef493cc49ac6ef015f4 71f984fa33844ef493cc49ac6ef015f4] 199.19.213.169 "GET /v2.0/networks/6178f6d5-104f-402f-b8f7-bb259ff40440?fields=segments HTTP/1.1" status: 200 len: 212 time: 0.0562522
2026-02-25 20:38:38.116 10 INFO neutron.wsgi [None req-87d23ccd-4756-4c1d-b34b-1f8ff850171a 0e79cafcf36c4b0392ca5e9debd24476 99340dcdaf4e4eefb63dd883816781fb - - default default] 10.0.0.239 "PUT /v2.0/routers/08cca94b-abb7-43b7-be46-07655d8a2363/tags/green HTTP/1.1" status: 201 len: 201 time: 0.0662045
2026-02-25 20:38:38.153 9 INFO neutron.wsgi [req-e6c021ce-d921-4d35-82b5-377fe4eeb518 req-8c0ed11e-278a-4ee7-b49e-cb1e7a4e57a6 709c399d191e46e0816651119cfdb52f bb1f5842a8214640ad4f8c8595425864 - - 71f984fa33844ef493cc49ac6ef015f4 71f984fa33844ef493cc49ac6ef015f4] 199.19.213.169 "GET /v2.0/networks/6178f6d5-104f-402f-b8f7-bb259ff40440?fields=provider%3Aphysical_network&fields=provider%3Anetwork_type HTTP/1.1" status: 200 len: 277 time: 0.0608037
2026-02-25 20:38:38.189 10 INFO neutron.wsgi [None req-d0d23127-857a-4ee4-9a20-5501ab9c6708 0e79cafcf36c4b0392ca5e9debd24476 99340dcdaf4e4eefb63dd883816781fb - - default default] 10.0.0.239 "GET /v2.0/routers/08cca94b-abb7-43b7-be46-07655d8a2363/tags HTTP/1.1" status: 200 len: 227 time: 0.0694368
2026-02-25 20:38:38.237 9 INFO neutron.wsgi [req-bf16e077-c03d-4e93-a411-8f1ce98c65a4 req-fe8a5ad2-3e98-404e-b6fe-98952fd77225 709c399d191e46e0816651119cfdb52f bb1f5842a8214640ad4f8c8595425864 - - 71f984fa33844ef493cc49ac6ef015f4 71f984fa33844ef493cc49ac6ef015f4] 199.19.213.169 "GET /v2.0/ports?tenant_id=54ccf77009bf48f28e81ce55267ff362&device_id=0e803f08-2921-452a-ab58-5b4369272d81 HTTP/1.1" status: 200 len: 1450 time: 0.0447998
2026-02-25 20:38:38.243 9 INFO neutron.wsgi [req-645566a7-c8f9-4f9f-bc9d-06fb093bb59d req-fa277f39-7c01-448d-a9f1-44680930a04d 914717fcd30b4fa5a2f786bf0b1fceae 77afc5060c034997918daa0ebadd1773 - - default default] 10.0.0.78 "GET /v2.0/ports?device_id=488bf085-4f0f-45a2-bbfb-d5d6f5c63e68 HTTP/1.1" status: 200 len: 210 time: 0.0220687
2026-02-25 20:38:38.245 10 INFO neutron.wsgi [None req-4e45efb5-2c8a-4e1c-84a4-37985a821de5 0e79cafcf36c4b0392ca5e9debd24476 99340dcdaf4e4eefb63dd883816781fb - - default default] 10.0.0.239 "PUT /v2.0/routers/08cca94b-abb7-43b7-be46-07655d8a2363/tags/red HTTP/1.1" status: 201 len: 201 time: 0.0522268
2026-02-25 20:38:38.341 9 INFO neutron.wsgi [None req-b3ad29c4-6578-4345-82a1-a28ff298f5f6 0e79cafcf36c4b0392ca5e9debd24476 99340dcdaf4e4eefb63dd883816781fb - - default default] 10.0.0.239 "GET /v2.0/routers/08cca94b-abb7-43b7-be46-07655d8a2363/tags HTTP/1.1" status: 200 len: 227 time: 0.0903015
2026-02-25 20:38:38.357 9 INFO neutron.wsgi [req-bf16e077-c03d-4e93-a411-8f1ce98c65a4 req-1e1e393b-fac7-4773-9c68-eabd881496ec 709c399d191e46e0816651119cfdb52f bb1f5842a8214640ad4f8c8595425864 - - 71f984fa33844ef493cc49ac6ef015f4 71f984fa33844ef493cc49ac6ef015f4] 199.19.213.169 "GET /v2.0/networks?id=6178f6d5-104f-402f-b8f7-bb259ff40440 HTTP/1.1" status: 200 len: 971 time: 0.1126430
2026-02-25 20:38:38.389 9 INFO neutron.wsgi [req-bf16e077-c03d-4e93-a411-8f1ce98c65a4 req-a6205427-3ed4-4805-bf02-ddddda593178 709c399d191e46e0816651119cfdb52f bb1f5842a8214640ad4f8c8595425864 - - 71f984fa33844ef493cc49ac6ef015f4 71f984fa33844ef493cc49ac6ef015f4] 199.19.213.169 "GET /v2.0/floatingips?fixed_ip_address=10.100.0.11&port_id=7620f31b-1027-4495-b9e2-36f2b1af7900 HTTP/1.1" status: 200 len: 217 time: 0.0257530
2026-02-25 20:38:38.414 10 INFO neutron.wsgi [req-cb962cb4-6ca4-41ad-b990-63e8b37707c1 req-fce8353a-f05f-492b-95f4-b730654798cf 709c399d191e46e0816651119cfdb52f bb1f5842a8214640ad4f8c8595425864 - - 71f984fa33844ef493cc49ac6ef015f4 71f984fa33844ef493cc49ac6ef015f4] 199.19.213.169 "GET /v2.0/ports?device_id=0e803f08-2921-452a-ab58-5b4369272d81 HTTP/1.1" status: 200 len: 1450 time: 0.0586221
2026-02-25 20:38:38.426 10 INFO neutron.wsgi [None req-6b3629d1-d1ce-452b-a7fa-6ec037fd31fb 0e79cafcf36c4b0392ca5e9debd24476 99340dcdaf4e4eefb63dd883816781fb - - default default] 10.0.0.239 "PUT /v2.0/routers/08cca94b-abb7-43b7-be46-07655d8a2363/tags/black.or.white HTTP/1.1" status: 201 len: 201 time: 0.0787973
2026-02-25 20:38:38.439 9 INFO neutron.wsgi [req-bf16e077-c03d-4e93-a411-8f1ce98c65a4 req-ca968e5c-0aed-4ca2-a606-6b17217c0ad4 709c399d191e46e0816651119cfdb52f bb1f5842a8214640ad4f8c8595425864 - - 71f984fa33844ef493cc49ac6ef015f4 71f984fa33844ef493cc49ac6ef015f4] 199.19.213.169 "GET /v2.0/subnets?id=51b0e1a0-7bf9-4596-8f1d-9f2d97bcfb5c HTTP/1.1" status: 200 len: 866 time: 0.0426390
2026-02-25 20:38:38.752 9 INFO neutron.wsgi [req-bf16e077-c03d-4e93-a411-8f1ce98c65a4 req-298770ec-d4fd-4622-96e6-47e00597d4bd 709c399d191e46e0816651119cfdb52f bb1f5842a8214640ad4f8c8595425864 - - 71f984fa33844ef493cc49ac6ef015f4 71f984fa33844ef493cc49ac6ef015f4] 199.19.213.169 "GET /v2.0/ports?network_id=6178f6d5-104f-402f-b8f7-bb259ff40440&device_owner=network%3Adhcp HTTP/1.1" status: 200 len: 210 time: 0.2956691
2026-02-25 20:38:38.755 9 INFO neutron.wsgi [None req-8aac4105-e5fb-4f4a-98b8-716696a751b5 0e79cafcf36c4b0392ca5e9debd24476 99340dcdaf4e4eefb63dd883816781fb - - default default] 10.0.0.239 "GET /v2.0/routers/08cca94b-abb7-43b7-be46-07655d8a2363/tags HTTP/1.1" status: 200 len: 245 time: 0.3244841
2026-02-25 20:38:38.756 10 INFO neutron.wsgi [req-cb962cb4-6ca4-41ad-b990-63e8b37707c1 req-135ca9f2-7b60-4e1d-8033-d0e01a6b0752 709c399d191e46e0816651119cfdb52f bb1f5842a8214640ad4f8c8595425864 - - 71f984fa33844ef493cc49ac6ef015f4 71f984fa33844ef493cc49ac6ef015f4] 199.19.213.169 "GET /v2.0/security-groups?id=4283db02-4f2e-430a-a59d-c2b15ab61b59&id=d69f30c4-0b69-4741-8134-548709cadc46&fields=id&fields=name HTTP/1.1" status: 200 len: 405 time: 0.3295395
2026-02-25 20:38:38.859 9 INFO neutron.plugins.ml2.drivers.ovn.mech_driver.mech_driver [None req-67b502a8-91c0-4df6-ad81-11dbcd0b1268 - - - - - -] OVN reports status up for port: 7620f31b-1027-4495-b9e2-36f2b1af7900
2026-02-25 20:38:38.876 9 INFO neutron.wsgi [None req-766ad20a-7706-4ab0-9e68-9dddd4a5e6a9 0e79cafcf36c4b0392ca5e9debd24476 99340dcdaf4e4eefb63dd883816781fb - - default default] 10.0.0.239 "PUT /v2.0/routers/08cca94b-abb7-43b7-be46-07655d8a2363/tags HTTP/1.1" status: 200 len: 230 time: 0.1165698
2026-02-25 20:38:38.882 9 INFO neutron.plugins.ml2.plugin [None req-67b502a8-91c0-4df6-ad81-11dbcd0b1268 - - - - - -] Attempt 1 to provision port 7620f31b-1027-4495-b9e2-36f2b1af7900
2026-02-25 20:38:38.885 9 INFO neutron.wsgi [req-bf16e077-c03d-4e93-a411-8f1ce98c65a4 req-f2efa9bd-a1ee-456d-8989-c9aad196f26a 709c399d191e46e0816651119cfdb52f bb1f5842a8214640ad4f8c8595425864 - - 71f984fa33844ef493cc49ac6ef015f4 71f984fa33844ef493cc49ac6ef015f4] 199.19.213.169 "GET /v2.0/networks/6178f6d5-104f-402f-b8f7-bb259ff40440?fields=segments HTTP/1.1" status: 200 len: 212 time: 0.0942380
2026-02-25 20:38:38.923 9 INFO neutron.wsgi [req-40cba915-75d2-47ec-b9bc-869aeb550adb req-1c4eb4d9-a573-4864-9b69-43ef997261b9 789cda3439064e00bc745e1bc8096d04 54ccf77009bf48f28e81ce55267ff362 - - default default] 10.0.0.78 "GET /v2.0/ports?device_id=0e803f08-2921-452a-ab58-5b4369272d81 HTTP/1.1" status: 200 len: 1212 time: 0.0756133
2026-02-25 20:38:38.937 10 INFO neutron.wsgi [None req-fed193d5-828b-4974-9380-73ccac7efa8e 0e79cafcf36c4b0392ca5e9debd24476 99340dcdaf4e4eefb63dd883816781fb - - default default] 10.0.0.239 "GET /v2.0/routers/08cca94b-abb7-43b7-be46-07655d8a2363/tags HTTP/1.1" status: 200 len: 230 time: 0.0534422
2026-02-25 20:38:38.995 9 INFO neutron.wsgi [req-bf16e077-c03d-4e93-a411-8f1ce98c65a4 req-cd30a775-9ada-4619-ab58-505f965a57b7 709c399d191e46e0816651119cfdb52f bb1f5842a8214640ad4f8c8595425864 - - 71f984fa33844ef493cc49ac6ef015f4 71f984fa33844ef493cc49ac6ef015f4] 199.19.213.169 "GET /v2.0/networks/6178f6d5-104f-402f-b8f7-bb259ff40440?fields=provider%3Aphysical_network&fields=provider%3Anetwork_type HTTP/1.1" status: 200 len: 277 time: 0.0993545
2026-02-25 20:38:39.008 10 INFO neutron.wsgi [None req-bac077c1-8f4f-48bc-96e2-db58aa51ee0d 0e79cafcf36c4b0392ca5e9debd24476 99340dcdaf4e4eefb63dd883816781fb - - default default] 10.0.0.239 "GET /v2.0/routers/08cca94b-abb7-43b7-be46-07655d8a2363/tags/red HTTP/1.1" status: 204 len: 168 time: 0.0575273
2026-02-25 20:38:39.014 9 INFO neutron.wsgi [req-40cba915-75d2-47ec-b9bc-869aeb550adb req-4eb1fa53-19e7-4233-bcf3-263f5ad1cef0 789cda3439064e00bc745e1bc8096d04 54ccf77009bf48f28e81ce55267ff362 - - default default] 10.0.0.78 "GET /v2.0/security-groups?id=4283db02-4f2e-430a-a59d-c2b15ab61b59&id=d69f30c4-0b69-4741-8134-548709cadc46&fields=id&fields=name HTTP/1.1" status: 200 len: 405 time: 0.0719097
2026-02-25 20:38:39.064 10 INFO neutron.api.v2.resource [None req-989e6d43-48bb-4b66-9d8f-2d543de8437f 0e79cafcf36c4b0392ca5e9debd24476 99340dcdaf4e4eefb63dd883816781fb - - default default] show failed (client error): The resource could not be found.
2026-02-25 20:38:39.066 10 INFO neutron.wsgi [None req-989e6d43-48bb-4b66-9d8f-2d543de8437f 0e79cafcf36c4b0392ca5e9debd24476 99340dcdaf4e4eefb63dd883816781fb - - default default] 10.0.0.239 "GET /v2.0/routers/08cca94b-abb7-43b7-be46-07655d8a2363/tags/green HTTP/1.1" status: 404 len: 299 time: 0.0530272
2026-02-25 20:38:39.142 10 INFO neutron.wsgi [None req-5713eb40-7265-477b-90fd-122365e5eaa9 0e79cafcf36c4b0392ca5e9debd24476 99340dcdaf4e4eefb63dd883816781fb - - default default] 10.0.0.239 "DELETE /v2.0/routers/08cca94b-abb7-43b7-be46-07655d8a2363/tags/red HTTP/1.1" status: 204 len: 168 time: 0.0710621
2026-02-25 20:38:39.166 9 WARNING neutron_lib.context [None req-5e4f359e-2f6a-4e80-88a0-5f8b2e71b1f3 277677bd0c874a428615162822652956 950bff4566864b03a6d823ccb6634002 - - default default] Method 'is_advsvc' is deprecated since 2023.2 release (neutron-lib 3.8.0) and will be removed once support for the old RBAC API policies will be removed from Neutron. Please use method 'is_service_role' instead.
