2026-02-25 20:42:16.031 10 INFO neutron.wsgi [None req-dfc9ccf6-76bd-48f6-bc1c-198d80dc7bbd a7403bfa94a0415492633a7e484d2c3c 27c676a40c654053a504661d6302f55d - - default default] 199.19.213.169 "GET /v2.0/ports?device_id=e4da52bb-5bad-4e1a-9d6a-dfc1086dcbf3 HTTP/1.1" status: 200 len: 2727 time: 0.0418103
2026-02-25 20:42:16.186 10 INFO neutron.wsgi [None req-08f1caab-3b88-4d03-9540-f14289980b5e a7403bfa94a0415492633a7e484d2c3c 27c676a40c654053a504661d6302f55d - - default default] 199.19.213.169 "GET /v2.0/ports?device_id=e4da52bb-5bad-4e1a-9d6a-dfc1086dcbf3 HTTP/1.1" status: 200 len: 2727 time: 0.0454412
2026-02-25 20:42:16.464 9 INFO neutron.plugins.ml2.drivers.ovn.mech_driver.mech_driver [None req-67b502a8-91c0-4df6-ad81-11dbcd0b1268 - - - - - -] OVN reports status down for port: 78f383b5-652d-4a7b-aae6-503a2ce96b7d
2026-02-25 20:42:16.533 9 INFO neutron.wsgi [req-b60a9634-175d-4587-b4a9-65a1f43b0544 req-bd081928-8d86-46f2-b102-65b7e8884109 709c399d191e46e0816651119cfdb52f bb1f5842a8214640ad4f8c8595425864 - - 71f984fa33844ef493cc49ac6ef015f4 71f984fa33844ef493cc49ac6ef015f4] 199.19.213.169 "GET /v2.0/ports/ece10dbe-c297-40b7-b536-3f5530c34095 HTTP/1.1" status: 200 len: 1518 time: 0.0447373
2026-02-25 20:42:16.584 9 INFO neutron.wsgi [req-b60a9634-175d-4587-b4a9-65a1f43b0544 req-d16b7c19-cbce-4a19-8c04-9cd8abac285b a7403bfa94a0415492633a7e484d2c3c 27c676a40c654053a504661d6302f55d - - default default] 199.19.213.169 "GET /v2.0/ports/ece10dbe-c297-40b7-b536-3f5530c34095?fields=binding%3Aprofile&fields=network_id HTTP/1.1" status: 200 len: 281 time: 0.0462067
2026-02-25 20:42:16.602 10 INFO neutron.db.ovn_revision_numbers_db [None req-465b703d-047b-468a-bcc4-c7175c1670fb - - - - - -] Successfully bumped revision number for resource 78f383b5-652d-4a7b-aae6-503a2ce96b7d (type: ports) to 6
2026-02-25 20:42:16.605 9 INFO neutron.plugins.ml2.drivers.ovn.mech_driver.mech_driver [None req-67b502a8-91c0-4df6-ad81-11dbcd0b1268 - - - - - -] OVN reports status down for port: ece10dbe-c297-40b7-b536-3f5530c34095
2026-02-25 20:42:16.662 9 INFO neutron.wsgi [req-b60a9634-175d-4587-b4a9-65a1f43b0544 req-a4a2b143-df47-4dbd-8df8-6821c5447b9f a7403bfa94a0415492633a7e484d2c3c 27c676a40c654053a504661d6302f55d - - default default] 199.19.213.169 "GET /v2.0/networks/28664600-9c3d-43bd-9e5e-3f6df0e673a6?fields=dns_domain HTTP/1.1" status: 200 len: 227 time: 0.0734913
2026-02-25 20:42:16.796 9 INFO neutron.notifiers.nova [-] Nova event matching ['req-0be9f2f7-155a-48ed-84a7-da7eb9a6e08f'] response: {'server_uuid': 'e4da52bb-5bad-4e1a-9d6a-dfc1086dcbf3', 'name': 'network-vif-unplugged', 'status': 'completed', 'tag': 'ece10dbe-c297-40b7-b536-3f5530c34095', 'code': 200}
2026-02-25 20:42:17.022 9 INFO neutron.db.ovn_revision_numbers_db [None req-67b502a8-91c0-4df6-ad81-11dbcd0b1268 - - - - - -] Successfully bumped revision number for resource ece10dbe-c297-40b7-b536-3f5530c34095 (type: ports) to 7
2026-02-25 20:42:17.157 9 INFO neutron.db.ovn_revision_numbers_db [req-b60a9634-175d-4587-b4a9-65a1f43b0544 req-5ad67613-b8d2-4ea1-8048-50ea29ec8e49 709c399d191e46e0816651119cfdb52f bb1f5842a8214640ad4f8c8595425864 - - 71f984fa33844ef493cc49ac6ef015f4 71f984fa33844ef493cc49ac6ef015f4] Successfully bumped revision number for resource ece10dbe-c297-40b7-b536-3f5530c34095 (type: ports) to 8
2026-02-25 20:42:17.174 9 INFO neutron.wsgi [req-b60a9634-175d-4587-b4a9-65a1f43b0544 req-5ad67613-b8d2-4ea1-8048-50ea29ec8e49 709c399d191e46e0816651119cfdb52f bb1f5842a8214640ad4f8c8595425864 - - 71f984fa33844ef493cc49ac6ef015f4 71f984fa33844ef493cc49ac6ef015f4] 199.19.213.169 "PUT /v2.0/ports/ece10dbe-c297-40b7-b536-3f5530c34095 HTTP/1.1" status: 200 len: 1350 time: 0.5047634 /var/lib/openstack/lib/python3.10/site-packages/pycadf/identifier.py:71: UserWarning: Invalid uuid: neutron. To ensure interoperability, identifiers should be a valid uuid. warnings.warn(('Invalid uuid: %s. To ensure interoperability, '
2026-02-25 20:42:17.246 10 INFO neutron.wsgi [None req-e3b7daa1-dba9-4903-9844-659ed33a95c9 a7403bfa94a0415492633a7e484d2c3c 27c676a40c654053a504661d6302f55d - - default default] 199.19.213.169 "GET /v2.0/ports?device_id=e4da52bb-5bad-4e1a-9d6a-dfc1086dcbf3 HTTP/1.1" status: 200 len: 1417 time: 0.0496519
2026-02-25 20:42:17.272 9 INFO neutron.wsgi [req-b60a9634-175d-4587-b4a9-65a1f43b0544 req-7b996cd7-4059-415a-80e2-7578d0d501f9 709c399d191e46e0816651119cfdb52f bb1f5842a8214640ad4f8c8595425864 - - 71f984fa33844ef493cc49ac6ef015f4 71f984fa33844ef493cc49ac6ef015f4] 199.19.213.169 "GET /v2.0/ports?tenant_id=27c676a40c654053a504661d6302f55d&device_id=e4da52bb-5bad-4e1a-9d6a-dfc1086dcbf3 HTTP/1.1" status: 200 len: 1417 time: 0.0443015
2026-02-25 20:42:17.360 9 INFO neutron.wsgi [req-b60a9634-175d-4587-b4a9-65a1f43b0544 req-77e98e57-f1b7-4359-8d4a-c8670f91ba55 709c399d191e46e0816651119cfdb52f bb1f5842a8214640ad4f8c8595425864 - - 71f984fa33844ef493cc49ac6ef015f4 71f984fa33844ef493cc49ac6ef015f4] 199.19.213.169 "GET /v2.0/networks?id=15003cab-cac6-4036-b9ce-7302c05906a2&id=28664600-9c3d-43bd-9e5e-3f6df0e673a6 HTTP/1.1" status: 200 len: 1729 time: 0.0812535
2026-02-25 20:42:17.394 9 INFO neutron.wsgi [req-b60a9634-175d-4587-b4a9-65a1f43b0544 req-26d2d03d-b1ca-4f06-a764-7f95550e9821 709c399d191e46e0816651119cfdb52f bb1f5842a8214640ad4f8c8595425864 - - 71f984fa33844ef493cc49ac6ef015f4 71f984fa33844ef493cc49ac6ef015f4] 199.19.213.169 "GET /v2.0/floatingips?fixed_ip_address=172.24.0.245&port_id=7b8eaf55-6e3a-47df-86b3-d218a4a97ff5 HTTP/1.1" status: 200 len: 217 time: 0.0273252
2026-02-25 20:42:17.445 9 INFO neutron.wsgi [req-b60a9634-175d-4587-b4a9-65a1f43b0544 req-9d30460e-730e-4bdf-87d9-6ff8c8a85127 709c399d191e46e0816651119cfdb52f bb1f5842a8214640ad4f8c8595425864 - - 71f984fa33844ef493cc49ac6ef015f4 71f984fa33844ef493cc49ac6ef015f4] 199.19.213.169 "GET /v2.0/subnets?id=6138ca76-2c11-417a-a36b-7d82e53eece2 HTTP/1.1" status: 200 len: 829 time: 0.0455742
2026-02-25 20:42:17.472 9 INFO neutron.wsgi [req-b60a9634-175d-4587-b4a9-65a1f43b0544 req-03cec658-4b07-4d81-8df8-3cda1e36a6f3 709c399d191e46e0816651119cfdb52f bb1f5842a8214640ad4f8c8595425864 - - 71f984fa33844ef493cc49ac6ef015f4 71f984fa33844ef493cc49ac6ef015f4] 199.19.213.169 "GET /v2.0/ports?network_id=15003cab-cac6-4036-b9ce-7302c05906a2&device_owner=network%3Adhcp HTTP/1.1" status: 200 len: 210 time: 0.0194240
2026-02-25 20:42:17.547 9 INFO neutron.wsgi [req-b60a9634-175d-4587-b4a9-65a1f43b0544 req-c66b42fa-2148-4fac-be44-9dacf34ab683 709c399d191e46e0816651119cfdb52f bb1f5842a8214640ad4f8c8595425864 - - 71f984fa33844ef493cc49ac6ef015f4 71f984fa33844ef493cc49ac6ef015f4] 199.19.213.169 "GET /v2.0/networks/15003cab-cac6-4036-b9ce-7302c05906a2?fields=segments HTTP/1.1" status: 200 len: 212 time: 0.0666568
2026-02-25 20:42:17.623 9 INFO neutron.wsgi [req-b60a9634-175d-4587-b4a9-65a1f43b0544 req-9a01bf8d-e34a-48b0-a729-4196cd35a411 709c399d191e46e0816651119cfdb52f bb1f5842a8214640ad4f8c8595425864 - - 71f984fa33844ef493cc49ac6ef015f4 71f984fa33844ef493cc49ac6ef015f4] 199.19.213.169 "GET /v2.0/networks/15003cab-cac6-4036-b9ce-7302c05906a2?fields=provider%3Aphysical_network&fields=provider%3Anetwork_type HTTP/1.1" status: 200 len: 277 time: 0.0683072
2026-02-25 20:42:17.885 10 INFO neutron.db.ovn_revision_numbers_db [None req-5a46eda3-3ad3-4489-96b8-ee25cc989019 a7403bfa94a0415492633a7e484d2c3c 27c676a40c654053a504661d6302f55d - - default default] Successfully bumped revision number for resource ece10dbe-c297-40b7-b536-3f5530c34095 (type: ports) to 9
2026-02-25 20:42:17.909 10 INFO neutron.wsgi [None req-5a46eda3-3ad3-4489-96b8-ee25cc989019 a7403bfa94a0415492633a7e484d2c3c 27c676a40c654053a504661d6302f55d - - default default] 199.19.213.169 "PUT /v2.0/ports/ece10dbe-c297-40b7-b536-3f5530c34095 HTTP/1.1" status: 200 len: 1290 time: 0.6531048 /var/lib/openstack/lib/python3.10/site-packages/pycadf/identifier.py:71: UserWarning: Invalid uuid: neutron. To ensure interoperability, identifiers should be a valid uuid. warnings.warn(('Invalid uuid: %s. To ensure interoperability, '
2026-02-25 20:42:17.950 10 INFO neutron.wsgi [None req-8c5d26f4-f25b-46be-ad75-88a7a6f2b1ef a7403bfa94a0415492633a7e484d2c3c 27c676a40c654053a504661d6302f55d - - default default] 199.19.213.169 "GET /v2.0/ports/ece10dbe-c297-40b7-b536-3f5530c34095 HTTP/1.1" status: 200 len: 1290 time: 0.0348508
2026-02-25 20:42:17.994 10 INFO neutron.db.ovn_revision_numbers_db [None req-465b703d-047b-468a-bcc4-c7175c1670fb - - - - - -] Successfully bumped revision number for resource 78f383b5-652d-4a7b-aae6-503a2ce96b7d (type: ports) to 8
2026-02-25 20:42:18.271 10 INFO neutron.wsgi [None req-25f5eabf-569e-4c60-b53d-2a416a817586 a7403bfa94a0415492633a7e484d2c3c 27c676a40c654053a504661d6302f55d - - default default] 199.19.213.169 "DELETE /v2.0/ports/ece10dbe-c297-40b7-b536-3f5530c34095 HTTP/1.1" status: 204 len: 173 time: 0.3076532
2026-02-25 20:42:18.363 10 INFO neutron.wsgi [None req-dbf02926-76b8-4efe-93ec-84f2f0c71637 a7403bfa94a0415492633a7e484d2c3c 27c676a40c654053a504661d6302f55d - - default default] 199.19.213.169 "GET /v2.0/extensions/security-group HTTP/1.1" status: 200 len: 369 time: 0.0077767
2026-02-25 20:42:18.372 10 INFO neutron.wsgi [None req-8beeba69-c154-4043-bf67-248720d83806 a7403bfa94a0415492633a7e484d2c3c 27c676a40c654053a504661d6302f55d - - default default] 199.19.213.169 "GET /v2.0/extensions/dns-integration HTTP/1.1" status: 200 len: 371 time: 0.0044153
2026-02-25 20:42:18.380 10 INFO neutron.wsgi [None req-64a25308-a72c-493a-894a-3cf66f9a074a a7403bfa94a0415492633a7e484d2c3c 27c676a40c654053a504661d6302f55d - - default default] 199.19.213.169 "GET /v2.0/extensions/qos HTTP/1.1" status: 200 len: 365 time: 0.0040033
2026-02-25 20:42:18.388 10 INFO neutron.wsgi [None req-e4bff691-de12-4b75-9295-a9e2dc3efae3 a7403bfa94a0415492633a7e484d2c3c 27c676a40c654053a504661d6302f55d - - default default] 199.19.213.169 "GET /v2.0/extensions/allowed-address-pairs HTTP/1.1" status: 200 len: 383 time: 0.0039835
2026-02-25 20:42:18.410 10 INFO neutron.pecan_wsgi.hooks.translation [None req-f31ddd17-6be1-4d45-931d-348ed83ed01c a7403bfa94a0415492633a7e484d2c3c 27c676a40c654053a504661d6302f55d - - default default] DELETE failed (client error): The resource could not be found.
2026-02-25 20:42:18.412 10 INFO neutron.wsgi [None req-f31ddd17-6be1-4d45-931d-348ed83ed01c a7403bfa94a0415492633a7e484d2c3c 27c676a40c654053a504661d6302f55d - - default default] 199.19.213.169 "DELETE /v2.0/ports/ece10dbe-c297-40b7-b536-3f5530c34095 HTTP/1.1" status: 404 len: 338 time: 0.0200822
2026-02-25 20:42:18.448 10 INFO neutron.wsgi [None req-cbf06a5c-31d4-440c-8e48-01c58d28c53b a7403bfa94a0415492633a7e484d2c3c 27c676a40c654053a504661d6302f55d - - default default] 199.19.213.169 "GET /v2.0/ports/78f383b5-652d-4a7b-aae6-503a2ce96b7d HTTP/1.1" status: 200 len: 1328 time: 0.0293891
2026-02-25 20:42:18.464 10 INFO neutron.api.v2.resource [None req-1f50b077-4d3f-48fe-8120-f859f9791b7e a7403bfa94a0415492633a7e484d2c3c 27c676a40c654053a504661d6302f55d - - default default] show failed (client error): The resource could not be found.
2026-02-25 20:42:18.465 10 INFO neutron.wsgi [None req-1f50b077-4d3f-48fe-8120-f859f9791b7e a7403bfa94a0415492633a7e484d2c3c 27c676a40c654053a504661d6302f55d - - default default] 199.19.213.169 "GET /v2.0/security-groups/lb-9cf4f00f-d2cf-4e5f-a58e-3a22de34282a HTTP/1.1" status: 404 len: 355 time: 0.0092413
2026-02-25 20:42:18.504 10 INFO neutron.wsgi [None req-63291d34-6b24-45c6-ad38-fe0a4682404a a7403bfa94a0415492633a7e484d2c3c 27c676a40c654053a504661d6302f55d - - default default] 199.19.213.169 "GET /v2.0/security-groups?name=lb-9cf4f00f-d2cf-4e5f-a58e-3a22de34282a HTTP/1.1" status: 200 len: 1777 time: 0.0344737
2026-02-25 20:42:18.545 10 INFO neutron.wsgi [None req-4399c579-9cc2-4059-bd34-9ff55cbb16b3 a7403bfa94a0415492633a7e484d2c3c 27c676a40c654053a504661d6302f55d - - default default] 199.19.213.169 "GET /v2.0/ports/78f383b5-652d-4a7b-aae6-503a2ce96b7d HTTP/1.1" status: 200 len: 1328 time: 0.0325525
2026-02-25 20:42:18.838 9 INFO neutron.notifiers.nova [-] Nova event matching ['req-89efcc75-9085-47b1-9e11-eec0c5d64d0c'] response: {'server_uuid': 'e4da52bb-5bad-4e1a-9d6a-dfc1086dcbf3', 'name': 'network-vif-plugged', 'status': 'completed', 'tag': 'ece10dbe-c297-40b7-b536-3f5530c34095', 'code': 200}
2026-02-25 20:42:18.849 10 INFO neutron.db.ovn_revision_numbers_db [None req-c2f8cc98-b1b5-4029-bfcd-dfbfb9c6942c a7403bfa94a0415492633a7e484d2c3c 27c676a40c654053a504661d6302f55d - - default default] Successfully bumped revision number for resource 78f383b5-652d-4a7b-aae6-503a2ce96b7d (type: ports) to 9
2026-02-25 20:42:18.862 10 INFO neutron.wsgi [None req-c2f8cc98-b1b5-4029-bfcd-dfbfb9c6942c a7403bfa94a0415492633a7e484d2c3c 27c676a40c654053a504661d6302f55d - - default default] 199.19.213.169 "PUT /v2.0/ports/78f383b5-652d-4a7b-aae6-503a2ce96b7d HTTP/1.1" status: 200 len: 1290 time: 0.3084600
2026-02-25 20:42:18.955 10 INFO neutron.wsgi [None req-bb0f273d-891b-43a7-9d23-0d0b97793806 a7403bfa94a0415492633a7e484d2c3c 27c676a40c654053a504661d6302f55d - - default default] 199.19.213.169 "DELETE /v2.0/security-groups/99ed7600-a906-4ac5-b799-a02db3265f97 HTTP/1.1" status: 204 len: 173 time: 0.0795286
2026-02-25 20:42:19.250 10 INFO neutron.wsgi [None req-ab8cdb0b-b4da-4a47-a006-7a9d3410848f a7403bfa94a0415492633a7e484d2c3c 27c676a40c654053a504661d6302f55d - - default default] 199.19.213.169 "DELETE /v2.0/ports/78f383b5-652d-4a7b-aae6-503a2ce96b7d HTTP/1.1" status: 204 len: 173 time: 0.2890821
2026-02-25 20:42:19.590 9 INFO neutron.plugins.ml2.drivers.ovn.mech_driver.mech_driver [None req-67b502a8-91c0-4df6-ad81-11dbcd0b1268 - - - - - -] OVN reports status down for port: 7b8eaf55-6e3a-47df-86b3-d218a4a97ff5
2026-02-25 20:42:19.870 9 INFO neutron.wsgi [req-ecc9a025-b576-4f3b-ae83-8a390264b5f6 req-12acc20e-f04f-40cc-be36-83b4d1fba603 a7403bfa94a0415492633a7e484d2c3c 27c676a40c654053a504661d6302f55d - - default default] 199.19.213.169 "GET /v2.0/ports?device_id=e4da52bb-5bad-4e1a-9d6a-dfc1086dcbf3 HTTP/1.1" status: 200 len: 1415 time: 0.0587983
2026-02-25 20:42:19.973 9 INFO neutron.db.ovn_revision_numbers_db [None req-67b502a8-91c0-4df6-ad81-11dbcd0b1268 - - - - - -] Successfully bumped revision number for resource 7b8eaf55-6e3a-47df-86b3-d218a4a97ff5 (type: ports) to 5
2026-02-25 20:42:20.185 9 INFO neutron.wsgi [req-ecc9a025-b576-4f3b-ae83-8a390264b5f6 req-1342ebf9-cd42-467b-acbb-b589a65ba3ef a7403bfa94a0415492633a7e484d2c3c 27c676a40c654053a504661d6302f55d - - default default] 199.19.213.169 "DELETE /v2.0/ports/7b8eaf55-6e3a-47df-86b3-d218a4a97ff5 HTTP/1.1" status: 204 len: 173 time: 0.3095498
2026-02-25 20:42:20.862 10 INFO neutron.db.l3_db [None req-0eca1032-63a7-45c5-9e30-34c20fbd7c16 3014f43c02dd48d08e01d69496590b5f 9fa84156ec5945b4a0f64edb7b3b1aa9 - - default default] Floating IP 5213b811-2d25-4b13-8eb3-dd0902d58fdf disassociated (deleted). External IP: 10.96.250.214, port: a953d156-a447-4dd6-b2f0-b7b54b280b77.
2026-02-25 20:42:20.905 10 INFO neutron.wsgi [None req-0eca1032-63a7-45c5-9e30-34c20fbd7c16 3014f43c02dd48d08e01d69496590b5f 9fa84156ec5945b4a0f64edb7b3b1aa9 - - default default] 10.0.0.239 "DELETE /v2.0/floatingips/5213b811-2d25-4b13-8eb3-dd0902d58fdf HTTP/1.1" status: 204 len: 168 time: 0.4534702 /var/lib/openstack/lib/python3.10/site-packages/pycadf/identifier.py:71: UserWarning: Invalid uuid: neutron. To ensure interoperability, identifiers should be a valid uuid. warnings.warn(('Invalid uuid: %s. To ensure interoperability, '
2026-02-25 20:42:20.942 9 INFO neutron.api.v2.resource [None req-bb27dc83-231a-4105-9d12-e5b2a901678b 3014f43c02dd48d08e01d69496590b5f 9fa84156ec5945b4a0f64edb7b3b1aa9 - - default default] show failed (client error): The resource could not be found.
2026-02-25 20:42:20.944 9 INFO neutron.wsgi [None req-bb27dc83-231a-4105-9d12-e5b2a901678b 3014f43c02dd48d08e01d69496590b5f 9fa84156ec5945b4a0f64edb7b3b1aa9 - - default default] 10.0.0.239 "GET /v2.0/floatingips/5213b811-2d25-4b13-8eb3-dd0902d58fdf HTTP/1.1" status: 404 len: 345 time: 0.0314333
2026-02-25 20:42:20.953 10 INFO neutron.notifiers.nova [-] Nova event matching ['req-fd95198a-cedf-4acf-89cf-5bd64a458bbc'] response: {'name': 'network-changed', 'server_uuid': '71224512-42e6-439b-841e-02ee0d02d7f3', 'tag': 'a953d156-a447-4dd6-b2f0-b7b54b280b77', 'status': 'completed', 'code': 200}
2026-02-25 20:42:21.013 9 INFO neutron.wsgi [req-997fbca2-5504-42bc-bbb5-605f9e0ceb16 req-dbce2af7-794a-4370-8984-622e6d60b316 709c399d191e46e0816651119cfdb52f bb1f5842a8214640ad4f8c8595425864 - - 71f984fa33844ef493cc49ac6ef015f4 71f984fa33844ef493cc49ac6ef015f4] 199.19.213.169 "GET /v2.0/ports?tenant_id=9fa84156ec5945b4a0f64edb7b3b1aa9&device_id=71224512-42e6-439b-841e-02ee0d02d7f3 HTTP/1.1" status: 200 len: 1642 time: 0.0383964
2026-02-25 20:42:21.029 9 INFO neutron.notifiers.nova [-] Nova event matching ['req-b0131ba8-f8da-4e0a-bff9-7ff5276afc1a'] response: {'server_uuid': 'e4da52bb-5bad-4e1a-9d6a-dfc1086dcbf3', 'name': 'network-vif-unplugged', 'status': 'completed', 'tag': '7b8eaf55-6e3a-47df-86b3-d218a4a97ff5', 'code': 200}
2026-02-25 20:42:21.030 9 INFO neutron.notifiers.nova [-] Nova event matching ['req-b0131ba8-f8da-4e0a-bff9-7ff5276afc1a'] response: {'server_uuid': 'e4da52bb-5bad-4e1a-9d6a-dfc1086dcbf3', 'name': 'network-vif-plugged', 'status': 'completed', 'tag': '7b8eaf55-6e3a-47df-86b3-d218a4a97ff5', 'code': 200}
2026-02-25 20:42:21.030 9 INFO neutron.notifiers.nova [-] Nova event matching ['req-b0131ba8-f8da-4e0a-bff9-7ff5276afc1a'] response: {'server_uuid': 'e4da52bb-5bad-4e1a-9d6a-dfc1086dcbf3', 'name': 'network-vif-deleted', 'tag': '7b8eaf55-6e3a-47df-86b3-d218a4a97ff5', 'status': 'completed', 'code': 200}
2026-02-25 20:42:21.109 9 INFO neutron.wsgi [req-997fbca2-5504-42bc-bbb5-605f9e0ceb16 req-c015be8d-6e8d-486e-b3f4-3decb97dd513 709c399d191e46e0816651119cfdb52f bb1f5842a8214640ad4f8c8595425864 - - 71f984fa33844ef493cc49ac6ef015f4 71f984fa33844ef493cc49ac6ef015f4] 199.19.213.169 "GET /v2.0/networks?id=2fdf479a-0f92-4052-8005-c0b355f00877 HTTP/1.1" status: 200 len: 1002 time: 0.0890794
2026-02-25 20:42:21.158 9 INFO neutron.plugins.ml2.drivers.ovn.mech_driver.mech_driver [None req-67b502a8-91c0-4df6-ad81-11dbcd0b1268 - - - - - -] OVN reports status down for port: a953d156-a447-4dd6-b2f0-b7b54b280b77
2026-02-25 20:42:21.162 9 INFO neutron.wsgi [req-997fbca2-5504-42bc-bbb5-605f9e0ceb16 req-d8b66dd7-a8e2-4505-9b42-faca2d7fe4d6 709c399d191e46e0816651119cfdb52f bb1f5842a8214640ad4f8c8595425864 - - 71f984fa33844ef493cc49ac6ef015f4 71f984fa33844ef493cc49ac6ef015f4] 199.19.213.169 "GET /v2.0/floatingips?fixed_ip_address=10.2.2.100&port_id=a953d156-a447-4dd6-b2f0-b7b54b280b77 HTTP/1.1" status: 200 len: 217 time: 0.0453036
2026-02-25 20:42:21.225 9 INFO neutron.wsgi [req-997fbca2-5504-42bc-bbb5-605f9e0ceb16 req-ba26941d-a074-4582-8465-0149e04613da 709c399d191e46e0816651119cfdb52f bb1f5842a8214640ad4f8c8595425864 - - 71f984fa33844ef493cc49ac6ef015f4 71f984fa33844ef493cc49ac6ef015f4] 199.19.213.169 "GET /v2.0/floatingips?fixed_ip_address=fd77%3A1457%3A4cf0%3A26a8%3A%3A30c&port_id=a953d156-a447-4dd6-b2f0-b7b54b280b77 HTTP/1.1" status: 200 len: 217 time: 0.0440981
2026-02-25 20:42:21.282 9 INFO neutron.wsgi [req-997fbca2-5504-42bc-bbb5-605f9e0ceb16 req-ed33622a-2d8a-46db-abec-4041e23c04f7 709c399d191e46e0816651119cfdb52f bb1f5842a8214640ad4f8c8595425864 - - 71f984fa33844ef493cc49ac6ef015f4 71f984fa33844ef493cc49ac6ef015f4] 199.19.213.169 "GET /v2.0/subnets?id=409d7da4-773e-422a-b3aa-2aa4af9b8e76&id=c40a5ef1-192a-4886-b37d-d32b0c701be4 HTTP/1.1" status: 200 len: 1566 time: 0.0494261
2026-02-25 20:42:21.292 9 INFO neutron.wsgi [req-2c22d630-4fa2-45c3-ba05-3c1e59d1cc14 req-e8ac4646-21b1-45f3-9009-3da5ec6dfe6f 3014f43c02dd48d08e01d69496590b5f 9fa84156ec5945b4a0f64edb7b3b1aa9 - - default default] 10.0.0.78 "GET /v2.0/ports?device_id=71224512-42e6-439b-841e-02ee0d02d7f3 HTTP/1.1" status: 200 len: 1404 time: 0.2007673
2026-02-25 20:42:21.329 9 INFO neutron.wsgi [req-997fbca2-5504-42bc-bbb5-605f9e0ceb16 req-1fac1e2d-e68d-40cc-8c98-c0858da90255 709c399d191e46e0816651119cfdb52f bb1f5842a8214640ad4f8c8595425864 - - 71f984fa33844ef493cc49ac6ef015f4 71f984fa33844ef493cc49ac6ef015f4] 199.19.213.169 "GET /v2.0/ports?network_id=2fdf479a-0f92-4052-8005-c0b355f00877&device_owner=network%3Adhcp HTTP/1.1" status: 200 len: 210 time: 0.0362189
2026-02-25 20:42:21.356 9 INFO neutron.wsgi [req-997fbca2-5504-42bc-bbb5-605f9e0ceb16 req-49f3d0a9-ea43-4552-8ff0-4605c5d93737 709c399d191e46e0816651119cfdb52f bb1f5842a8214640ad4f8c8595425864 - - 71f984fa33844ef493cc49ac6ef015f4 71f984fa33844ef493cc49ac6ef015f4] 199.19.213.169 "GET /v2.0/ports?network_id=2fdf479a-0f92-4052-8005-c0b355f00877&device_owner=network%3Adhcp HTTP/1.1" status: 200 len: 210 time: 0.0210891
2026-02-25 20:42:21.377 9 INFO neutron.wsgi [req-2c22d630-4fa2-45c3-ba05-3c1e59d1cc14 req-84da15e0-4761-4dc3-a647-41a3cbb503d1 3014f43c02dd48d08e01d69496590b5f 9fa84156ec5945b4a0f64edb7b3b1aa9 - - default default] 10.0.0.78 "GET /v2.0/security-groups?id=b796e9c5-635e-446a-b28d-bb590076fd1b&fields=id&fields=name HTTP/1.1" status: 200 len: 311 time: 0.0746017
2026-02-25 20:42:21.455 9 INFO neutron.wsgi [req-997fbca2-5504-42bc-bbb5-605f9e0ceb16 req-b14819d3-51bf-435f-ae63-9008cc06dcf3 709c399d191e46e0816651119cfdb52f bb1f5842a8214640ad4f8c8595425864 - - 71f984fa33844ef493cc49ac6ef015f4 71f984fa33844ef493cc49ac6ef015f4] 199.19.213.169 "GET /v2.0/networks/2fdf479a-0f92-4052-8005-c0b355f00877?fields=segments HTTP/1.1" status: 200 len: 212 time: 0.0913463
2026-02-25 20:42:21.542 9 INFO neutron.wsgi [req-997fbca2-5504-42bc-bbb5-605f9e0ceb16 req-e3da4e78-5c09-4755-9c69-fcde4ae7a968 709c399d191e46e0816651119cfdb52f bb1f5842a8214640ad4f8c8595425864 - - 71f984fa33844ef493cc49ac6ef015f4 71f984fa33844ef493cc49ac6ef015f4] 199.19.213.169 "GET /v2.0/networks/2fdf479a-0f92-4052-8005-c0b355f00877?fields=provider%3Aphysical_network&fields=provider%3Anetwork_type HTTP/1.1" status: 200 len: 277 time: 0.0762994
2026-02-25 20:42:21.553 10 INFO neutron.wsgi [req-4ccfb7fb-defc-45e9-b671-e92eac521690 req-48902a03-cd92-4057-b40b-ec95d5903de8 3014f43c02dd48d08e01d69496590b5f 9fa84156ec5945b4a0f64edb7b3b1aa9 - - default default] 199.19.213.169 "GET /v2.0/ports?device_id=71224512-42e6-439b-841e-02ee0d02d7f3 HTTP/1.1" status: 200 len: 1402 time: 0.1048694
2026-02-25 20:42:21.654 9 INFO neutron.db.ovn_revision_numbers_db [None req-67b502a8-91c0-4df6-ad81-11dbcd0b1268 - - - - - -] Successfully bumped revision number for resource a953d156-a447-4dd6-b2f0-b7b54b280b77 (type: ports) to 5
2026-02-25 20:42:21.915 10 INFO neutron.wsgi [req-4ccfb7fb-defc-45e9-b671-e92eac521690 req-445737c9-b241-48f3-9aa7-fde0f7a55c48 3014f43c02dd48d08e01d69496590b5f 9fa84156ec5945b4a0f64edb7b3b1aa9 - - default default] 199.19.213.169 "DELETE /v2.0/ports/a953d156-a447-4dd6-b2f0-b7b54b280b77 HTTP/1.1" status: 204 len: 173 time: 0.3589864
2026-02-25 20:42:22.999 10 INFO neutron.notifiers.nova [-] Nova event matching ['req-6cda9932-26f8-4c72-8e88-3c802d506576'] response: {'server_uuid': '71224512-42e6-439b-841e-02ee0d02d7f3', 'name': 'network-vif-deleted', 'tag': 'a953d156-a447-4dd6-b2f0-b7b54b280b77', 'status': 'completed', 'code': 200}
2026-02-25 20:42:23.067 9 INFO neutron.notifiers.nova [-] Nova event matching ['req-a7db2853-e594-4d34-84bf-7ffab5f7b414'] response: {'server_uuid': '71224512-42e6-439b-841e-02ee0d02d7f3', 'name': 'network-vif-unplugged', 'status': 'completed', 'tag': 'a953d156-a447-4dd6-b2f0-b7b54b280b77', 'code': 200}
2026-02-25 20:42:23.067 9 INFO neutron.notifiers.nova [-] Nova event matching ['req-a7db2853-e594-4d34-84bf-7ffab5f7b414'] response: {'server_uuid': '71224512-42e6-439b-841e-02ee0d02d7f3', 'name': 'network-vif-plugged', 'status': 'completed', 'tag': 'a953d156-a447-4dd6-b2f0-b7b54b280b77', 'code': 200} /var/lib/openstack/lib/python3.10/site-packages/pycadf/identifier.py:71: UserWarning: Invalid uuid: neutron. To ensure interoperability, identifiers should be a valid uuid. warnings.warn(('Invalid uuid: %s. To ensure interoperability, '
2026-02-25 20:42:26.834 9 INFO neutron.db.l3_db [None req-d89b933d-4ab5-4d5f-9420-7970aae6cc7a 3014f43c02dd48d08e01d69496590b5f 9fa84156ec5945b4a0f64edb7b3b1aa9 - - default default] Floating IP 60114459-0641-4a33-a228-3d33acc75d66 disassociated (deleted). External IP: 10.96.250.208, port: eec7ba1a-dd36-40ba-8b63-22a6ccfa65a2.
2026-02-25 20:42:26.875 9 INFO neutron.wsgi [None req-d89b933d-4ab5-4d5f-9420-7970aae6cc7a 3014f43c02dd48d08e01d69496590b5f 9fa84156ec5945b4a0f64edb7b3b1aa9 - - default default] 10.0.0.239 "DELETE /v2.0/floatingips/60114459-0641-4a33-a228-3d33acc75d66 HTTP/1.1" status: 204 len: 168 time: 0.4314828 /var/lib/openstack/lib/python3.10/site-packages/pycadf/identifier.py:71: UserWarning: Invalid uuid: neutron. To ensure interoperability, identifiers should be a valid uuid. warnings.warn(('Invalid uuid: %s. To ensure interoperability, '
2026-02-25 20:42:26.907 10 INFO neutron.api.v2.resource [None req-1ab5c992-52aa-455f-ba9e-8bf1426898b7 3014f43c02dd48d08e01d69496590b5f 9fa84156ec5945b4a0f64edb7b3b1aa9 - - default default] show failed (client error): The resource could not be found.
2026-02-25 20:42:26.908 9 INFO neutron.notifiers.nova [-] Nova event matching ['req-45c264aa-cbe8-43ec-9d77-4c1a81e62c96'] response: {'name': 'network-changed', 'server_uuid': 'b6714d7c-6120-4ae8-a0a9-1932ac6b7fea', 'tag': 'eec7ba1a-dd36-40ba-8b63-22a6ccfa65a2', 'status': 'completed', 'code': 200}
2026-02-25 20:42:26.909 10 INFO neutron.wsgi [None req-1ab5c992-52aa-455f-ba9e-8bf1426898b7 3014f43c02dd48d08e01d69496590b5f 9fa84156ec5945b4a0f64edb7b3b1aa9 - - default default] 10.0.0.239 "GET /v2.0/floatingips/60114459-0641-4a33-a228-3d33acc75d66 HTTP/1.1" status: 404 len: 345 time: 0.0271668
2026-02-25 20:42:26.982 10 INFO neutron.wsgi [req-6d2c792e-7a78-48cf-8382-e4cc6a5db995 req-f37943b9-2f67-49e8-871a-b16526e5da2b 709c399d191e46e0816651119cfdb52f bb1f5842a8214640ad4f8c8595425864 - - 71f984fa33844ef493cc49ac6ef015f4 71f984fa33844ef493cc49ac6ef015f4] 199.19.213.169 "GET /v2.0/ports?tenant_id=9fa84156ec5945b4a0f64edb7b3b1aa9&device_id=b6714d7c-6120-4ae8-a0a9-1932ac6b7fea HTTP/1.1" status: 200 len: 1638 time: 0.0524209
2026-02-25 20:42:27.070 10 INFO neutron.wsgi [req-6d2c792e-7a78-48cf-8382-e4cc6a5db995 req-c244c6e1-9e5d-4585-b374-530a5ea8bcd6 709c399d191e46e0816651119cfdb52f bb1f5842a8214640ad4f8c8595425864 - - 71f984fa33844ef493cc49ac6ef015f4 71f984fa33844ef493cc49ac6ef015f4] 199.19.213.169 "GET /v2.0/networks?id=c9e83506-fb5a-4871-8f51-2ff2ac513975 HTTP/1.1" status: 200 len: 1002 time: 0.0813375
2026-02-25 20:42:27.112 10 INFO neutron.wsgi [req-6d2c792e-7a78-48cf-8382-e4cc6a5db995 req-4d3d568c-2d4a-4ee2-82e1-7cc612d6b2d9 709c399d191e46e0816651119cfdb52f bb1f5842a8214640ad4f8c8595425864 - - 71f984fa33844ef493cc49ac6ef015f4 71f984fa33844ef493cc49ac6ef015f4] 199.19.213.169 "GET /v2.0/floatingips?fixed_ip_address=10.2.1.148&port_id=eec7ba1a-dd36-40ba-8b63-22a6ccfa65a2 HTTP/1.1" status: 200 len: 217 time: 0.0344152
2026-02-25 20:42:27.116 10 INFO neutron.plugins.ml2.drivers.ovn.mech_driver.mech_driver [None req-d30f8d2e-f636-4c78-9826-d47f0238f5d0 - - - - - -] OVN reports status down for port: eec7ba1a-dd36-40ba-8b63-22a6ccfa65a2
2026-02-25 20:42:27.152 10 INFO neutron.wsgi [req-6d2c792e-7a78-48cf-8382-e4cc6a5db995 req-9419f6dd-945d-4102-b77d-087dcd6f095b 709c399d191e46e0816651119cfdb52f bb1f5842a8214640ad4f8c8595425864 - - 71f984fa33844ef493cc49ac6ef015f4 71f984fa33844ef493cc49ac6ef015f4] 199.19.213.169 "GET /v2.0/floatingips?fixed_ip_address=fd7b%3Af9f7%3Afff%3A4eca%3A%3A3a5&port_id=eec7ba1a-dd36-40ba-8b63-22a6ccfa65a2 HTTP/1.1" status: 200 len: 217 time: 0.0306954
2026-02-25 20:42:27.159 9 INFO neutron.wsgi [req-b55c1cb8-89bc-4975-8d43-cb1912b0544c req-36d349ce-f86d-4db5-be63-ef7ab3cd40a6 3014f43c02dd48d08e01d69496590b5f 9fa84156ec5945b4a0f64edb7b3b1aa9 - - default default] 10.0.0.78 "GET /v2.0/ports?device_id=b6714d7c-6120-4ae8-a0a9-1932ac6b7fea HTTP/1.1" status: 200 len: 1400 time: 0.1091666
2026-02-25 20:42:27.215 10 INFO neutron.wsgi [req-6d2c792e-7a78-48cf-8382-e4cc6a5db995 req-e79a1708-1780-428d-b0a5-28069e242953 709c399d191e46e0816651119cfdb52f bb1f5842a8214640ad4f8c8595425864 - - 71f984fa33844ef493cc49ac6ef015f4 71f984fa33844ef493cc49ac6ef015f4] 199.19.213.169 "GET /v2.0/subnets?id=fe405348-8459-4e90-8832-e070f8a374c4&id=d7171d28-ccf4-40e5-8cef-18c822fb11c0 HTTP/1.1" status: 200 len: 1563 time: 0.0513566
2026-02-25 20:42:27.221 9 INFO neutron.wsgi [req-b55c1cb8-89bc-4975-8d43-cb1912b0544c req-8719e578-3107-47ae-9100-07106bc33bcf 3014f43c02dd48d08e01d69496590b5f 9fa84156ec5945b4a0f64edb7b3b1aa9 - - default default] 10.0.0.78 "GET /v2.0/security-groups?id=b796e9c5-635e-446a-b28d-bb590076fd1b&fields=id&fields=name HTTP/1.1" status: 200 len: 311 time: 0.0519812
2026-02-25 20:42:27.268 10 INFO neutron.wsgi [req-6d2c792e-7a78-48cf-8382-e4cc6a5db995 req-ee4efb5f-67e7-4746-a4dc-cfc88e41f8e6 709c399d191e46e0816651119cfdb52f bb1f5842a8214640ad4f8c8595425864 - - 71f984fa33844ef493cc49ac6ef015f4 71f984fa33844ef493cc49ac6ef015f4] 199.19.213.169 "GET /v2.0/ports?network_id=c9e83506-fb5a-4871-8f51-2ff2ac513975&device_owner=network%3Adhcp HTTP/1.1" status: 200 len: 210 time: 0.0358741
2026-02-25 20:42:27.298 10 INFO neutron.wsgi [req-6d2c792e-7a78-48cf-8382-e4cc6a5db995 req-e12bab03-acfc-49d7-9746-5653e608be17 709c399d191e46e0816651119cfdb52f bb1f5842a8214640ad4f8c8595425864 - - 71f984fa33844ef493cc49ac6ef015f4 71f984fa33844ef493cc49ac6ef015f4] 199.19.213.169 "GET /v2.0/ports?network_id=c9e83506-fb5a-4871-8f51-2ff2ac513975&device_owner=network%3Adhcp HTTP/1.1" status: 200 len: 210 time: 0.0215180
2026-02-25 20:42:27.469 9 INFO neutron.wsgi [req-bea6cdec-20f4-4b5d-b9ca-f5cfaf4ccb16 req-6a1291b6-b31f-4abe-a828-669f82f0f71b 3014f43c02dd48d08e01d69496590b5f 9fa84156ec5945b4a0f64edb7b3b1aa9 - - default default] 199.19.213.169 "GET /v2.0/ports?device_id=b6714d7c-6120-4ae8-a0a9-1932ac6b7fea HTTP/1.1" status: 200 len: 1398 time: 0.0593028
2026-02-25 20:42:27.790 10 INFO neutron.notifiers.nova [-] Nova event matching ['req-30dee75c-ce10-47c2-b74b-4023aa0041ff'] response: {'server_uuid': 'b6714d7c-6120-4ae8-a0a9-1932ac6b7fea', 'name': 'network-vif-unplugged', 'status': 'completed', 'tag': 'eec7ba1a-dd36-40ba-8b63-22a6ccfa65a2', 'code': 200}
2026-02-25 20:42:27.867 10 INFO neutron.wsgi [req-6d2c792e-7a78-48cf-8382-e4cc6a5db995 req-afc02cdb-9206-4d14-864f-57e632b66c4f 709c399d191e46e0816651119cfdb52f bb1f5842a8214640ad4f8c8595425864 - - 71f984fa33844ef493cc49ac6ef015f4 71f984fa33844ef493cc49ac6ef015f4] 199.19.213.169 "GET /v2.0/networks/c9e83506-fb5a-4871-8f51-2ff2ac513975?fields=segments HTTP/1.1" status: 200 len: 212 time: 0.5591724
2026-02-25 20:42:27.894 10 INFO neutron.wsgi [-] 10.0.0.166 "GET / HTTP/1.1" status: 200 len: 246 time: 0.0013318
2026-02-25 20:42:27.896 10 INFO neutron.wsgi [-] 10.0.0.166 "GET / HTTP/1.1" status: 200 len: 246 time: 0.0008597
2026-02-25 20:42:27.944 10 INFO neutron.wsgi [req-6d2c792e-7a78-48cf-8382-e4cc6a5db995 req-93c12468-893f-4099-9c59-8b4a16f12406 709c399d191e46e0816651119cfdb52f bb1f5842a8214640ad4f8c8595425864 - - 71f984fa33844ef493cc49ac6ef015f4 71f984fa33844ef493cc49ac6ef015f4] 199.19.213.169 "GET /v2.0/networks/c9e83506-fb5a-4871-8f51-2ff2ac513975?fields=provider%3Aphysical_network&fields=provider%3Anetwork_type HTTP/1.1" status: 200 len: 277 time: 0.0726910
2026-02-25 20:42:28.033 10 INFO neutron.db.ovn_revision_numbers_db [None req-d30f8d2e-f636-4c78-9826-d47f0238f5d0 - - - - - -] Successfully bumped revision number for resource eec7ba1a-dd36-40ba-8b63-22a6ccfa65a2 (type: ports) to 5
2026-02-25 20:42:28.138 9 INFO neutron.wsgi [req-bea6cdec-20f4-4b5d-b9ca-f5cfaf4ccb16 req-e82f1251-276d-49dc-b98c-c2853b077d10 3014f43c02dd48d08e01d69496590b5f 9fa84156ec5945b4a0f64edb7b3b1aa9 - - default default] 199.19.213.169 "DELETE /v2.0/ports/eec7ba1a-dd36-40ba-8b63-22a6ccfa65a2 HTTP/1.1" status: 204 len: 173 time: 0.6630578
2026-02-25 20:42:28.948 9 INFO neutron.notifiers.nova [-] Nova event matching ['req-273a74d2-e1f5-40ec-9876-768fb46bdd35'] response: {'server_uuid': 'b6714d7c-6120-4ae8-a0a9-1932ac6b7fea', 'name': 'network-vif-deleted', 'tag': 'eec7ba1a-dd36-40ba-8b63-22a6ccfa65a2', 'status': 'completed', 'code': 200}
2026-02-25 20:42:29.831 10 INFO neutron.notifiers.nova [-] Nova event matching ['req-b750627c-f390-43f5-a421-f4805331cb4f'] response: {'server_uuid': 'b6714d7c-6120-4ae8-a0a9-1932ac6b7fea', 'name': 'network-vif-plugged', 'status': 'completed', 'tag': 'eec7ba1a-dd36-40ba-8b63-22a6ccfa65a2', 'code': 200}
2026-02-25 20:42:32.431 9 INFO neutron.wsgi [None req-fdaa6f7d-d8ab-4fa7-83ec-56a2ad8936ad 3014f43c02dd48d08e01d69496590b5f 9fa84156ec5945b4a0f64edb7b3b1aa9 - - default default] 10.0.0.239 "DELETE /v2.0/security-group-rules/4fadb465-cc13-48c2-9c7b-b2c10c991d3f HTTP/1.1" status: 204 len: 168 time: 0.1457665
2026-02-25 20:42:32.446 9 INFO neutron.api.v2.resource [None req-d05174fe-31ad-44d4-8adb-8684c965fcc8 3014f43c02dd48d08e01d69496590b5f 9fa84156ec5945b4a0f64edb7b3b1aa9 - - default default] show failed (client error): The resource could not be found.
2026-02-25 20:42:32.448 9 INFO neutron.wsgi [None req-d05174fe-31ad-44d4-8adb-8684c965fcc8 3014f43c02dd48d08e01d69496590b5f 9fa84156ec5945b4a0f64edb7b3b1aa9 - - default default] 10.0.0.239 "GET /v2.0/security-group-rules/4fadb465-cc13-48c2-9c7b-b2c10c991d3f HTTP/1.1" status: 404 len: 356 time: 0.0106058
2026-02-25 20:42:32.568 9 INFO neutron.wsgi [None req-305fb8b3-12e0-4a2c-ad3e-b5ecab53432d 3014f43c02dd48d08e01d69496590b5f 9fa84156ec5945b4a0f64edb7b3b1aa9 - - default default] 10.0.0.239 "DELETE /v2.0/security-group-rules/d02e7b0f-6441-417a-b30b-1b43ddd8d8c8 HTTP/1.1" status: 204 len: 168 time: 0.1151080
2026-02-25 20:42:32.582 9 INFO neutron.api.v2.resource [None req-7460a16d-131d-4fe4-b8f8-a2b3a8919ba4 3014f43c02dd48d08e01d69496590b5f 9fa84156ec5945b4a0f64edb7b3b1aa9 - - default default] show failed (client error): The resource could not be found.
2026-02-25 20:42:32.584 9 INFO neutron.wsgi [None req-7460a16d-131d-4fe4-b8f8-a2b3a8919ba4 3014f43c02dd48d08e01d69496590b5f 9fa84156ec5945b4a0f64edb7b3b1aa9 - - default default] 10.0.0.239 "GET /v2.0/security-group-rules/d02e7b0f-6441-417a-b30b-1b43ddd8d8c8 HTTP/1.1" status: 404 len: 356 time: 0.0098295
2026-02-25 20:42:32.702 9 INFO neutron.wsgi [None req-8f4469cb-b780-4cac-8d9d-14fceaf2599a 3014f43c02dd48d08e01d69496590b5f 9fa84156ec5945b4a0f64edb7b3b1aa9 - - default default] 10.0.0.239 "DELETE /v2.0/security-group-rules/5bd5ab44-7d71-4cf5-ba4c-0f5406cc9083 HTTP/1.1" status: 204 len: 168 time: 0.1137791
2026-02-25 20:42:32.713 9 INFO neutron.api.v2.resource [None req-e298b2b3-0165-4827-866f-07b01b153ec0 3014f43c02dd48d08e01d69496590b5f 9fa84156ec5945b4a0f64edb7b3b1aa9 - - default default] show failed (client error): The resource could not be found.
2026-02-25 20:42:32.714 9 INFO neutron.wsgi [None req-e298b2b3-0165-4827-866f-07b01b153ec0 3014f43c02dd48d08e01d69496590b5f 9fa84156ec5945b4a0f64edb7b3b1aa9 - - default default] 10.0.0.239 "GET /v2.0/security-group-rules/5bd5ab44-7d71-4cf5-ba4c-0f5406cc9083 HTTP/1.1" status: 404 len: 356 time: 0.0071828
2026-02-25 20:42:32.842 9 INFO neutron.wsgi [None req-b079bd59-6899-4882-b390-d8e5f9a8934d 3014f43c02dd48d08e01d69496590b5f 9fa84156ec5945b4a0f64edb7b3b1aa9 - - default default] 10.0.0.239 "DELETE /v2.0/security-group-rules/074cadb3-6254-4888-8ffa-803d6bdb4736 HTTP/1.1" status: 204 len: 168 time: 0.1245632
2026-02-25 20:42:32.863 9 INFO neutron.api.v2.resource [None req-8bee8041-2a57-44a0-8224-bea6bf816487 3014f43c02dd48d08e01d69496590b5f 9fa84156ec5945b4a0f64edb7b3b1aa9 - - default default] show failed (client error): The resource could not be found.
2026-02-25 20:42:32.864 9 INFO neutron.wsgi [None req-8bee8041-2a57-44a0-8224-bea6bf816487 3014f43c02dd48d08e01d69496590b5f 9fa84156ec5945b4a0f64edb7b3b1aa9 - - default default] 10.0.0.239 "GET /v2.0/security-group-rules/074cadb3-6254-4888-8ffa-803d6bdb4736 HTTP/1.1" status: 404 len: 356 time: 0.0155523
2026-02-25 20:42:33.016 9 INFO neutron.wsgi [None req-ac6c61b8-e57d-450d-a2b3-02e010d00bc8 3014f43c02dd48d08e01d69496590b5f 9fa84156ec5945b4a0f64edb7b3b1aa9 - - default default] 10.0.0.239 "DELETE /v2.0/security-group-rules/a5b7463f-ef3d-4fab-accb-982d732f0d73 HTTP/1.1" status: 204 len: 168 time: 0.1468678
2026-02-25 20:42:33.028 9 INFO neutron.api.v2.resource [None req-0d1c269c-d161-400e-982e-72d574527eaf 3014f43c02dd48d08e01d69496590b5f 9fa84156ec5945b4a0f64edb7b3b1aa9 - - default default] show failed (client error): The resource could not be found.
2026-02-25 20:42:33.029 9 INFO neutron.wsgi [None req-0d1c269c-d161-400e-982e-72d574527eaf 3014f43c02dd48d08e01d69496590b5f 9fa84156ec5945b4a0f64edb7b3b1aa9 - - default default] 10.0.0.239 "GET /v2.0/security-group-rules/a5b7463f-ef3d-4fab-accb-982d732f0d73 HTTP/1.1" status: 404 len: 356 time: 0.0084176
2026-02-25 20:42:33.142 9 INFO neutron.wsgi [None req-c11635e8-b2ad-4546-b166-1d6cab29e271 3014f43c02dd48d08e01d69496590b5f 9fa84156ec5945b4a0f64edb7b3b1aa9 - - default default] 10.0.0.239 "DELETE /v2.0/security-group-rules/85ce8266-43d9-43e7-a4fb-1f4bc3620f9a HTTP/1.1" status: 204 len: 168 time: 0.1094909
2026-02-25 20:42:33.156 9 INFO neutron.api.v2.resource [None req-6afcbd23-0fc8-4a1e-b48e-a4e75fbaef32 3014f43c02dd48d08e01d69496590b5f 9fa84156ec5945b4a0f64edb7b3b1aa9 - - default default] show failed (client error): The resource could not be found.
2026-02-25 20:42:33.157 9 INFO neutron.wsgi [None req-6afcbd23-0fc8-4a1e-b48e-a4e75fbaef32 3014f43c02dd48d08e01d69496590b5f 9fa84156ec5945b4a0f64edb7b3b1aa9 - - default default] 10.0.0.239 "GET /v2.0/security-group-rules/85ce8266-43d9-43e7-a4fb-1f4bc3620f9a HTTP/1.1" status: 404 len: 356 time: 0.0099888
2026-02-25 20:42:33.266 9 INFO neutron.wsgi [None req-0e784986-17ff-4286-9f1d-5345cde8d05a 3014f43c02dd48d08e01d69496590b5f 9fa84156ec5945b4a0f64edb7b3b1aa9 - - default default] 10.0.0.239 "DELETE /v2.0/security-group-rules/38c03cb7-efa6-43a7-8dac-2045869e7c6e HTTP/1.1" status: 204 len: 168 time: 0.1056299
2026-02-25 20:42:33.280 9 INFO neutron.api.v2.resource [None req-12266d24-a0c8-40a9-879e-9863146b7e73 3014f43c02dd48d08e01d69496590b5f 9fa84156ec5945b4a0f64edb7b3b1aa9 - - default default] show failed (client error): The resource could not be found.
2026-02-25 20:42:33.281 9 INFO neutron.wsgi [None req-12266d24-a0c8-40a9-879e-9863146b7e73 3014f43c02dd48d08e01d69496590b5f 9fa84156ec5945b4a0f64edb7b3b1aa9 - - default default] 10.0.0.239 "GET /v2.0/security-group-rules/38c03cb7-efa6-43a7-8dac-2045869e7c6e HTTP/1.1" status: 404 len: 356 time: 0.0092821
2026-02-25 20:42:33.390 9 INFO neutron.wsgi [None req-dcd6be06-849e-4ce2-a22f-e18674c506a0 3014f43c02dd48d08e01d69496590b5f 9fa84156ec5945b4a0f64edb7b3b1aa9 - - default default] 10.0.0.239 "DELETE /v2.0/security-group-rules/fd72f94d-bbda-4328-9980-ab101922cfca HTTP/1.1" status: 204 len: 168 time: 0.1046426
2026-02-25 20:42:33.401 9 INFO neutron.api.v2.resource [None req-baba1cbb-a304-44d6-8280-d057c86b6513 3014f43c02dd48d08e01d69496590b5f 9fa84156ec5945b4a0f64edb7b3b1aa9 - - default default] show failed (client error): The resource could not be found.
2026-02-25 20:42:33.402 9 INFO neutron.wsgi [None req-baba1cbb-a304-44d6-8280-d057c86b6513 3014f43c02dd48d08e01d69496590b5f 9fa84156ec5945b4a0f64edb7b3b1aa9 - - default default] 10.0.0.239 "GET /v2.0/security-group-rules/fd72f94d-bbda-4328-9980-ab101922cfca HTTP/1.1" status: 404 len: 356 time: 0.0080593
2026-02-25 20:42:33.509 9 INFO neutron.wsgi [None req-26f0dafd-2264-4dd5-b7d0-8711daad63ee 3014f43c02dd48d08e01d69496590b5f 9fa84156ec5945b4a0f64edb7b3b1aa9 - - default default] 10.0.0.239 "DELETE /v2.0/security-group-rules/96b09e3a-4f67-4b70-9fe8-b0d7b0d17e94 HTTP/1.1" status: 204 len: 168 time: 0.1035354
2026-02-25 20:42:33.523 9 INFO neutron.api.v2.resource [None req-d59cf086-0507-469a-9656-17d14629f746 3014f43c02dd48d08e01d69496590b5f 9fa84156ec5945b4a0f64edb7b3b1aa9 - - default default] show failed (client error): The resource could not be found.
2026-02-25 20:42:33.524 9 INFO neutron.wsgi [None req-d59cf086-0507-469a-9656-17d14629f746 3014f43c02dd48d08e01d69496590b5f 9fa84156ec5945b4a0f64edb7b3b1aa9 - - default default] 10.0.0.239 "GET /v2.0/security-group-rules/96b09e3a-4f67-4b70-9fe8-b0d7b0d17e94 HTTP/1.1" status: 404 len: 356 time: 0.0089381
2026-02-25 20:42:33.631 9 INFO neutron.wsgi [None req-fc2e135b-b88f-45c2-bacf-7ad5bb5cf235 3014f43c02dd48d08e01d69496590b5f 9fa84156ec5945b4a0f64edb7b3b1aa9 - - default default] 10.0.0.239 "DELETE /v2.0/security-group-rules/6502d3ba-ad67-40cd-bfd3-71852ffccfca HTTP/1.1" status: 204 len: 168 time: 0.1028588
2026-02-25 20:42:33.643 9 INFO neutron.api.v2.resource [None req-f38ef4c9-a51f-49e9-810f-52ac94a18fbc 3014f43c02dd48d08e01d69496590b5f 9fa84156ec5945b4a0f64edb7b3b1aa9 - - default default] show failed (client error): The resource could not be found.
2026-02-25 20:42:33.644 9 INFO neutron.wsgi [None req-f38ef4c9-a51f-49e9-810f-52ac94a18fbc 3014f43c02dd48d08e01d69496590b5f 9fa84156ec5945b4a0f64edb7b3b1aa9 - - default default] 10.0.0.239 "GET /v2.0/security-group-rules/6502d3ba-ad67-40cd-bfd3-71852ffccfca HTTP/1.1" status: 404 len: 356 time: 0.0082159
2026-02-25 20:42:33.748 9 INFO neutron.wsgi [None req-218ab57a-240f-4c10-92cf-0c27b1ee46bd 3014f43c02dd48d08e01d69496590b5f 9fa84156ec5945b4a0f64edb7b3b1aa9 - - default default] 10.0.0.239 "DELETE /v2.0/security-group-rules/5f0b165d-bf1d-4f04-aa4c-0a3ff886a863 HTTP/1.1" status: 204 len: 168 time: 0.1002181
2026-02-25 20:42:33.761 9 INFO neutron.api.v2.resource [None req-f0643246-9614-4e52-81b3-f3b91497d9a4 3014f43c02dd48d08e01d69496590b5f 9fa84156ec5945b4a0f64edb7b3b1aa9 - - default default] show failed (client error): The resource could not be found.
2026-02-25 20:42:33.763 9 INFO neutron.wsgi [None req-f0643246-9614-4e52-81b3-f3b91497d9a4 3014f43c02dd48d08e01d69496590b5f 9fa84156ec5945b4a0f64edb7b3b1aa9 - - default default] 10.0.0.239 "GET /v2.0/security-group-rules/5f0b165d-bf1d-4f04-aa4c-0a3ff886a863 HTTP/1.1" status: 404 len: 356 time: 0.0089846
2026-02-25 20:42:33.897 9 INFO neutron.wsgi [None req-1b112730-b179-4937-a2cf-da1e1f79e177 3014f43c02dd48d08e01d69496590b5f 9fa84156ec5945b4a0f64edb7b3b1aa9 - - default default] 10.0.0.239 "DELETE /v2.0/security-groups/b796e9c5-635e-446a-b28d-bb590076fd1b HTTP/1.1" status: 204 len: 168 time: 0.1275811
2026-02-25 20:42:33.912 9 INFO neutron.api.v2.resource [None req-0faa552d-2992-4bc4-bbf9-a7f862b29026 3014f43c02dd48d08e01d69496590b5f 9fa84156ec5945b4a0f64edb7b3b1aa9 - - default default] show failed (client error): The resource could not be found.
2026-02-25 20:42:33.913 9 INFO neutron.wsgi [None req-0faa552d-2992-4bc4-bbf9-a7f862b29026 3014f43c02dd48d08e01d69496590b5f 9fa84156ec5945b4a0f64edb7b3b1aa9 - - default default] 10.0.0.239 "GET /v2.0/security-groups/b796e9c5-635e-446a-b28d-bb590076fd1b HTTP/1.1" status: 404 len: 347 time: 0.0094507 /var/lib/openstack/lib/python3.10/site-packages/pycadf/identifier.py:71: UserWarning: Invalid uuid: neutron. To ensure interoperability, identifiers should be a valid uuid. warnings.warn(('Invalid uuid: %s. To ensure interoperability, '
2026-02-25 20:42:34.860 10 INFO neutron.wsgi [None req-9c83c894-5d47-439b-b2eb-2bdee50be855 3014f43c02dd48d08e01d69496590b5f 9fa84156ec5945b4a0f64edb7b3b1aa9 - - default default] 10.0.0.239 "PUT /v2.0/routers/9e13b483-bfed-4a7d-bdaa-60619f8f39ae/remove_router_interface HTTP/1.1" status: 200 len: 503 time: 0.8944077 /var/lib/openstack/lib/python3.10/site-packages/pycadf/identifier.py:71: UserWarning: Invalid uuid: neutron. To ensure interoperability, identifiers should be a valid uuid. warnings.warn(('Invalid uuid: %s. To ensure interoperability, '
2026-02-25 20:42:35.014 10 INFO neutron.api.v2.resource [None req-0392ab10-7bdf-43e3-b9b5-5046b4dc9144 3014f43c02dd48d08e01d69496590b5f 9fa84156ec5945b4a0f64edb7b3b1aa9 - - default default] remove_router_interface failed (client error): The resource could not be found.
2026-02-25 20:42:35.016 10 INFO neutron.wsgi [None req-0392ab10-7bdf-43e3-b9b5-5046b4dc9144 3014f43c02dd48d08e01d69496590b5f 9fa84156ec5945b4a0f64edb7b3b1aa9 - - default default] 10.0.0.239 "PUT /v2.0/routers/9e13b483-bfed-4a7d-bdaa-60619f8f39ae/remove_router_interface HTTP/1.1" status: 404 len: 399 time: 0.1452131
2026-02-25 20:42:35.867 10 INFO neutron.wsgi [None req-048e9789-509d-498d-b86e-a0b20dbaa99e 3014f43c02dd48d08e01d69496590b5f 9fa84156ec5945b4a0f64edb7b3b1aa9 - - default default] 10.0.0.239 "PUT /v2.0/routers/9e13b483-bfed-4a7d-bdaa-60619f8f39ae/remove_router_interface HTTP/1.1" status: 200 len: 503 time: 0.8454771 /var/lib/openstack/lib/python3.10/site-packages/pycadf/identifier.py:71: UserWarning: Invalid uuid: neutron. To ensure interoperability, identifiers should be a valid uuid. warnings.warn(('Invalid uuid: %s. To ensure interoperability, '
2026-02-25 20:42:36.017 10 INFO neutron.api.v2.resource [None req-a0b53f9b-5531-4634-944c-c80cf6a79d1a 3014f43c02dd48d08e01d69496590b5f 9fa84156ec5945b4a0f64edb7b3b1aa9 - - default default] remove_router_interface failed (client error): The resource could not be found.
2026-02-25 20:42:36.020 10 INFO neutron.wsgi [None req-a0b53f9b-5531-4634-944c-c80cf6a79d1a 3014f43c02dd48d08e01d69496590b5f 9fa84156ec5945b4a0f64edb7b3b1aa9 - - default default] 10.0.0.239 "PUT /v2.0/routers/9e13b483-bfed-4a7d-bdaa-60619f8f39ae/remove_router_interface HTTP/1.1" status: 404 len: 399 time: 0.1445675
2026-02-25 20:42:37.115 10 INFO neutron.wsgi [None req-70c1b2fd-ff06-40c9-b380-4612059914c9 3014f43c02dd48d08e01d69496590b5f 9fa84156ec5945b4a0f64edb7b3b1aa9 - - default default] 10.0.0.239 "PUT /v2.0/routers/9e13b483-bfed-4a7d-bdaa-60619f8f39ae/remove_router_interface HTTP/1.1" status: 200 len: 503 time: 1.0903804
2026-02-25 20:42:37.257 9 INFO neutron.api.v2.resource [None req-3c08ae3a-6c14-444c-bd74-d476c8d12d3f 3014f43c02dd48d08e01d69496590b5f 9fa84156ec5945b4a0f64edb7b3b1aa9 - - default default] remove_router_interface failed (client error): The resource could not be found.
2026-02-25 20:42:37.259 9 INFO neutron.wsgi [None req-3c08ae3a-6c14-444c-bd74-d476c8d12d3f 3014f43c02dd48d08e01d69496590b5f 9fa84156ec5945b4a0f64edb7b3b1aa9 - - default default] 10.0.0.239 "PUT /v2.0/routers/9e13b483-bfed-4a7d-bdaa-60619f8f39ae/remove_router_interface HTTP/1.1" status: 404 len: 399 time: 0.1382499
2026-02-25 20:42:38.121 9 INFO neutron.wsgi [None req-5d3df197-dd7e-4ad5-b443-75d76163af48 3014f43c02dd48d08e01d69496590b5f 9fa84156ec5945b4a0f64edb7b3b1aa9 - - default default] 10.0.0.239 "DELETE /v2.0/routers/9e13b483-bfed-4a7d-bdaa-60619f8f39ae HTTP/1.1" status: 204 len: 168 time: 0.8578198
2026-02-25 20:42:38.143 9 INFO neutron.api.v2.resource [None req-45493147-7507-45f3-944e-bbc9af12f69c 3014f43c02dd48d08e01d69496590b5f 9fa84156ec5945b4a0f64edb7b3b1aa9 - - default default] show failed (client error): The resource could not be found.
2026-02-25 20:42:38.144 9 INFO neutron.wsgi [None req-45493147-7507-45f3-944e-bbc9af12f69c 3014f43c02dd48d08e01d69496590b5f 9fa84156ec5945b4a0f64edb7b3b1aa9 - - default default] 10.0.0.239 "GET /v2.0/routers/9e13b483-bfed-4a7d-bdaa-60619f8f39ae HTTP/1.1" status: 404 len: 336 time: 0.0178835
2026-02-25 20:42:38.324 9 INFO neutron.wsgi [None req-d69e48fd-856b-4120-aab2-ab8db5f670e9 3014f43c02dd48d08e01d69496590b5f 9fa84156ec5945b4a0f64edb7b3b1aa9 - - default default] 10.0.0.239 "DELETE /v2.0/subnets/c40a5ef1-192a-4886-b37d-d32b0c701be4 HTTP/1.1" status: 204 len: 168 time: 0.1758175
2026-02-25 20:42:38.347 9 INFO neutron.pecan_wsgi.hooks.translation [None req-7b387910-9819-4439-ac42-94f4912d74eb 3014f43c02dd48d08e01d69496590b5f 9fa84156ec5945b4a0f64edb7b3b1aa9 - - default default] GET failed (client error): The resource could not be found.
2026-02-25 20:42:38.349 9 INFO neutron.wsgi [None req-7b387910-9819-4439-ac42-94f4912d74eb 3014f43c02dd48d08e01d69496590b5f 9fa84156ec5945b4a0f64edb7b3b1aa9 - - default default] 10.0.0.239 "GET /v2.0/subnets/c40a5ef1-192a-4886-b37d-d32b0c701be4 HTTP/1.1" status: 404 len: 337 time: 0.0188105
2026-02-25 20:42:38.788 9 INFO neutron.wsgi [None req-7e4cf4ea-aad5-4f32-b0c0-fad35fef6184 3014f43c02dd48d08e01d69496590b5f 9fa84156ec5945b4a0f64edb7b3b1aa9 - - default default] 10.0.0.239 "DELETE /v2.0/subnets/409d7da4-773e-422a-b3aa-2aa4af9b8e76 HTTP/1.1" status: 204 len: 168 time: 0.4347231
2026-02-25 20:42:38.810 9 INFO neutron.pecan_wsgi.hooks.translation [None req-1e3d1500-9815-4f01-8f6c-f9cdb09927b0 3014f43c02dd48d08e01d69496590b5f 9fa84156ec5945b4a0f64edb7b3b1aa9 - - default default] GET failed (client error): The resource could not be found.
2026-02-25 20:42:38.811 9 INFO neutron.wsgi [None req-1e3d1500-9815-4f01-8f6c-f9cdb09927b0 3014f43c02dd48d08e01d69496590b5f 9fa84156ec5945b4a0f64edb7b3b1aa9 - - default default] 10.0.0.239 "GET /v2.0/subnets/409d7da4-773e-422a-b3aa-2aa4af9b8e76 HTTP/1.1" status: 404 len: 337 time: 0.0162423
2026-02-25 20:42:39.216 9 INFO neutron.wsgi [None req-5daf1b48-8bbc-4988-8a76-75f1aecfc506 3014f43c02dd48d08e01d69496590b5f 9fa84156ec5945b4a0f64edb7b3b1aa9 - - default default] 10.0.0.239 "DELETE /v2.0/networks/2fdf479a-0f92-4052-8005-c0b355f00877 HTTP/1.1" status: 204 len: 168 time: 0.4001377
2026-02-25 20:42:39.225 9 INFO neutron.services.segments.plugin [-] Segment 94a3edbe-156e-4b40-bc6d-600542c1ef2c resource provider aggregate not found /var/lib/openstack/lib/python3.10/site-packages/pycadf/identifier.py:71: UserWarning: Invalid uuid: neutron. To ensure interoperability, identifiers should be a valid uuid. warnings.warn(('Invalid uuid: %s. To ensure interoperability, '
2026-02-25 20:42:39.230 9 INFO neutron.services.segments.plugin [-] Segment 94a3edbe-156e-4b40-bc6d-600542c1ef2c resource provider aggregate not found
2026-02-25 20:42:39.243 10 INFO neutron.pecan_wsgi.hooks.translation [None req-8506f18c-d4f1-49c6-84ab-b5d7b5d8a1e9 3014f43c02dd48d08e01d69496590b5f 9fa84156ec5945b4a0f64edb7b3b1aa9 - - default default] GET failed (client error): The resource could not be found.
