2026-02-25 20:36:49.006 10 INFO neutron.wsgi [req-57b05627-2db9-4d60-b9a5-d95bfb3edec0 req-7d0fe45a-8080-4937-bb2b-0508eec06362 709c399d191e46e0816651119cfdb52f bb1f5842a8214640ad4f8c8595425864 - - 71f984fa33844ef493cc49ac6ef015f4 71f984fa33844ef493cc49ac6ef015f4] 199.19.213.169 "GET /v2.0/networks/0bc05a7a-6f47-41b7-a995-d9f4aaeb990d?fields=provider%3Aphysical_network&fields=provider%3Anetwork_type HTTP/1.1" status: 200 len: 277 time: 0.0520499
2026-02-25 20:36:49.006 9 INFO neutron.wsgi [req-ddebea62-4e05-4435-af31-1541b09af23e req-f669dfef-6f6c-4ebe-81ea-08535aa9a61a a913f93fff0444b3965d03b233e4457a 01a4f53bf7264ce98ee108dcf9b65927 - - default default] 199.19.213.169 "GET /v2.0/ports?device_id=6da6a1ba-0249-4d57-bad8-6da3179495be HTTP/1.1" status: 200 len: 1170 time: 0.0581167
2026-02-25 20:36:49.137 9 WARNING neutron.scheduler.dhcp_agent_scheduler [None req-682e005c-bd62-4399-a01c-615f4a484188 c0eb7a5bed2f42c8a31a0945a82f442d 0dc4c7210e4146ceab926d487ebf98d5 - - default default] No more DHCP agents
2026-02-25 20:36:49.141 9 WARNING neutron.api.rpc.agentnotifiers.dhcp_rpc_agent_api [None req-682e005c-bd62-4399-a01c-615f4a484188 c0eb7a5bed2f42c8a31a0945a82f442d 0dc4c7210e4146ceab926d487ebf98d5 - - default default] Unable to schedule network 57cccd61-8dd1-44dd-8753-80849f738e5d: no agents available; will retry on subsequent port and subnet creation events.
2026-02-25 20:36:49.399 9 INFO neutron.wsgi [None req-19d9ca50-2075-4b09-befd-68e0afe919c7 f9387d2a65bb4a86aebf99ca30c3ad09 299a92c78591499583e0a0476f11c651 - - default default] 10.0.0.239 "DELETE /v2.0/floatingips/f8340b9d-d1c2-43fe-9679-c6ad9db096d6 HTTP/1.1" status: 204 len: 168 time: 0.6415446
2026-02-25 20:36:49.418 9 INFO neutron.db.ovn_revision_numbers_db [None req-682e005c-bd62-4399-a01c-615f4a484188 c0eb7a5bed2f42c8a31a0945a82f442d 0dc4c7210e4146ceab926d487ebf98d5 - - default default] Successfully bumped revision number for resource d64a6006-83c5-4d7b-9b9d-3aaa6c87f1e0 (type: router_ports) to 3
2026-02-25 20:36:49.420 9 INFO neutron.wsgi [None req-682e005c-bd62-4399-a01c-615f4a484188 c0eb7a5bed2f42c8a31a0945a82f442d 0dc4c7210e4146ceab926d487ebf98d5 - - default default] 10.0.0.239 "PUT /v2.0/routers/d3484cf1-0821-4f37-921b-34cd189bdd1b/add_router_interface HTTP/1.1" status: 200 len: 503 time: 2.0064733
2026-02-25 20:36:49.435 10 INFO neutron.api.v2.resource [None req-25636aa7-d149-471b-88f8-e2370a8ff572 f9387d2a65bb4a86aebf99ca30c3ad09 299a92c78591499583e0a0476f11c651 - - default default] delete failed (client error): The resource could not be found.
2026-02-25 20:36:49.436 10 INFO neutron.wsgi [None req-25636aa7-d149-471b-88f8-e2370a8ff572 f9387d2a65bb4a86aebf99ca30c3ad09 299a92c78591499583e0a0476f11c651 - - default default] 10.0.0.239 "DELETE /v2.0/floatingips/f8340b9d-d1c2-43fe-9679-c6ad9db096d6 HTTP/1.1" status: 404 len: 345 time: 0.0282130
2026-02-25 20:36:49.477 9 INFO neutron.wsgi [None req-7d0aecf7-4177-4ced-8092-8ab070ca5081 c0eb7a5bed2f42c8a31a0945a82f442d 0dc4c7210e4146ceab926d487ebf98d5 - - default default] 10.0.0.239 "GET /v2.0/ports/d64a6006-83c5-4d7b-9b9d-3aaa6c87f1e0 HTTP/1.1" status: 200 len: 1221 time: 0.0505300
2026-02-25 20:36:49.497 9 INFO neutron.db.l3_db [req-ddebea62-4e05-4435-af31-1541b09af23e req-7a32575b-ca3e-43c5-8c73-4db711c0e06d a913f93fff0444b3965d03b233e4457a 01a4f53bf7264ce98ee108dcf9b65927 - - default default] Floating IP 70818b25-f6a6-4b10-9060-b9484576c5c5 disassociated. External IP: 10.96.250.209, port: 7088e054-6d44-48c7-91cb-1efec5a08f8b.
2026-02-25 20:36:49.699 9 INFO neutron.wsgi [req-ddebea62-4e05-4435-af31-1541b09af23e req-7a32575b-ca3e-43c5-8c73-4db711c0e06d a913f93fff0444b3965d03b233e4457a 01a4f53bf7264ce98ee108dcf9b65927 - - default default] 199.19.213.169 "DELETE /v2.0/ports/7088e054-6d44-48c7-91cb-1efec5a08f8b HTTP/1.1" status: 204 len: 173 time: 0.6840215
2026-02-25 20:36:49.882 10 INFO neutron.wsgi [None req-1cdd84ec-2c11-4410-8974-8ec69e6ce3ae f9387d2a65bb4a86aebf99ca30c3ad09 299a92c78591499583e0a0476f11c651 - - default default] 10.0.0.239 "DELETE /v2.0/ports/f5e19c07-b068-423b-814c-0e4a390c64df HTTP/1.1" status: 204 len: 168 time: 0.4372022 /var/lib/openstack/lib/python3.10/site-packages/pycadf/identifier.py:71: UserWarning: Invalid uuid: neutron. To ensure interoperability, identifiers should be a valid uuid. warnings.warn(('Invalid uuid: %s. To ensure interoperability, '
2026-02-25 20:36:49.956 9 INFO neutron.wsgi [req-8a07142e-750e-480c-bbf0-0c6bf0936a04 req-7af4e18e-a654-40fb-b3f6-07ffd43ff6d4 a913f93fff0444b3965d03b233e4457a 01a4f53bf7264ce98ee108dcf9b65927 - - default default] 10.0.0.78 "GET /v2.0/ports?device_id=6da6a1ba-0249-4d57-bad8-6da3179495be HTTP/1.1" status: 200 len: 210 time: 0.0292151
2026-02-25 20:36:50.371 10 INFO neutron.wsgi [None req-33375356-9768-4189-9a73-431d4bce94b3 c0eb7a5bed2f42c8a31a0945a82f442d 0dc4c7210e4146ceab926d487ebf98d5 - - default default] 10.0.0.239 "PUT /v2.0/routers/d3484cf1-0821-4f37-921b-34cd189bdd1b/remove_router_interface HTTP/1.1" status: 200 len: 503 time: 0.8892541 /var/lib/openstack/lib/python3.10/site-packages/pycadf/identifier.py:71: UserWarning: Invalid uuid: neutron. To ensure interoperability, identifiers should be a valid uuid. warnings.warn(('Invalid uuid: %s. To ensure interoperability, '
2026-02-25 20:36:50.456 9 INFO neutron.notifiers.nova [-] Nova event matching ['req-953e8329-4039-49f0-95d6-4f87024b2876'] response: {'server_uuid': '6da6a1ba-0249-4d57-bad8-6da3179495be', 'name': 'network-vif-deleted', 'tag': '7088e054-6d44-48c7-91cb-1efec5a08f8b', 'status': 'completed', 'code': 200}
2026-02-25 20:36:50.474 10 INFO neutron.api.v2.resource [None req-2cfa2355-4a32-4538-9481-54a50af664b1 c0eb7a5bed2f42c8a31a0945a82f442d 0dc4c7210e4146ceab926d487ebf98d5 - - default default] remove_router_interface failed (client error): The resource could not be found.
2026-02-25 20:36:50.475 10 INFO neutron.wsgi [None req-2cfa2355-4a32-4538-9481-54a50af664b1 c0eb7a5bed2f42c8a31a0945a82f442d 0dc4c7210e4146ceab926d487ebf98d5 - - default default] 10.0.0.239 "PUT /v2.0/routers/d3484cf1-0821-4f37-921b-34cd189bdd1b/remove_router_interface HTTP/1.1" status: 404 len: 398 time: 0.0965562
2026-02-25 20:36:50.502 9 INFO neutron.wsgi [None req-39a54699-f22e-4f28-81f6-6a3f24349df1 c0eb7a5bed2f42c8a31a0945a82f442d 0dc4c7210e4146ceab926d487ebf98d5 - - default default] 10.0.0.239 "GET /v2.0/ports?device_id=d3484cf1-0821-4f37-921b-34cd189bdd1b HTTP/1.1" status: 200 len: 205 time: 0.0188949
2026-02-25 20:36:50.608 10 INFO neutron.wsgi [None req-75e8e078-45ff-4bae-9e6e-d195dc014dac f9387d2a65bb4a86aebf99ca30c3ad09 299a92c78591499583e0a0476f11c651 - - default default] 10.0.0.239 "DELETE /v2.0/ports/d2ec9288-ddb8-466e-b610-4e5a15c3b855 HTTP/1.1" status: 204 len: 168 time: 0.7195730
2026-02-25 20:36:50.717 9 INFO neutron.wsgi [None req-1423e5b6-d407-40a6-b7e9-cbf556587fdb f9387d2a65bb4a86aebf99ca30c3ad09 299a92c78591499583e0a0476f11c651 - - default default] 10.0.0.239 "GET /v2.0/ports?device_id=e6e5208a-c48f-4753-8506-f64fde49007e HTTP/1.1" status: 200 len: 1140 time: 0.1024523
2026-02-25 20:36:50.805 10 INFO neutron.wsgi [None req-bbb6c5ad-d521-408c-9477-08901133cec1 c0eb7a5bed2f42c8a31a0945a82f442d 0dc4c7210e4146ceab926d487ebf98d5 - - default default] 10.0.0.239 "DELETE /v2.0/routers/d3484cf1-0821-4f37-921b-34cd189bdd1b HTTP/1.1" status: 204 len: 168 time: 0.2959006
2026-02-25 20:36:50.991 10 INFO neutron.wsgi [None req-e1112cbf-17a0-41e1-95bd-f92771077872 c0eb7a5bed2f42c8a31a0945a82f442d 0dc4c7210e4146ceab926d487ebf98d5 - - default default] 10.0.0.239 "DELETE /v2.0/subnets/61478c36-fdce-414b-9ab5-26da0229a8c4 HTTP/1.1" status: 204 len: 168 time: 0.1749187
2026-02-25 20:36:51.243 9 INFO neutron.wsgi [None req-1a390688-f3c0-4e48-90a7-62ccd95fb922 a913f93fff0444b3965d03b233e4457a 01a4f53bf7264ce98ee108dcf9b65927 - - default default] 10.0.0.239 "DELETE /v2.0/security-groups/3d1ff6fe-323a-48e8-8cb9-0225b363d202 HTTP/1.1" status: 204 len: 168 time: 0.1992054
2026-02-25 20:36:51.267 10 INFO neutron.api.v2.resource [None req-ac245842-1fde-480f-9c8f-4a97e3dd1af0 a913f93fff0444b3965d03b233e4457a 01a4f53bf7264ce98ee108dcf9b65927 - - default default] show failed (client error): The resource could not be found.
2026-02-25 20:36:51.269 10 INFO neutron.wsgi [None req-ac245842-1fde-480f-9c8f-4a97e3dd1af0 a913f93fff0444b3965d03b233e4457a 01a4f53bf7264ce98ee108dcf9b65927 - - default default] 10.0.0.239 "GET /v2.0/security-groups/3d1ff6fe-323a-48e8-8cb9-0225b363d202 HTTP/1.1" status: 404 len: 347 time: 0.0187292
2026-02-25 20:36:51.439 10 INFO neutron.services.segments.plugin [-] Segment 6ee8b765-2363-4d9c-bdab-1bc5caa48949 resource provider aggregate not found
2026-02-25 20:36:51.448 10 INFO neutron.services.segments.plugin [-] Segment 6ee8b765-2363-4d9c-bdab-1bc5caa48949 resource provider aggregate not found
2026-02-25 20:36:51.475 10 INFO neutron.services.segments.plugin [-] Segment 6ee8b765-2363-4d9c-bdab-1bc5caa48949 resource provider not found; error: Placement Client Error (4xx): {"errors": [{"status": 404, "title": "Not Found", "detail": "The resource could not be found.\n\n No resource provider with uuid 6ee8b765-2363-4d9c-bdab-1bc5caa48949 found for delete ", "request_id": "req-b604e5b9-86ae-46aa-b3ea-cd539a6dbe20"}]}
2026-02-25 20:36:51.478 10 INFO neutron.services.segments.plugin [-] Segment 6ee8b765-2363-4d9c-bdab-1bc5caa48949 resource provider not found; error: Placement Client Error (4xx): {"errors": [{"status": 404, "title": "Not Found", "detail": "The resource could not be found.\n\n No resource provider with uuid 6ee8b765-2363-4d9c-bdab-1bc5caa48949 found for delete ", "request_id": "req-4ca6ce3c-b417-4d7c-8c23-10b41e576573"}]}
2026-02-25 20:36:51.533 10 INFO neutron.wsgi [None req-4ce00b10-aa1b-45c9-8ab3-33dc51cecfd9 c0eb7a5bed2f42c8a31a0945a82f442d 0dc4c7210e4146ceab926d487ebf98d5 - - default default] 10.0.0.239 "DELETE /v2.0/networks/57cccd61-8dd1-44dd-8753-80849f738e5d HTTP/1.1" status: 204 len: 168 time: 0.5359979
2026-02-25 20:36:51.550 10 WARNING neutron_lib.context [None req-ec6c4d7d-7401-4eb3-8442-f06800b6fc2a c0eb7a5bed2f42c8a31a0945a82f442d 0dc4c7210e4146ceab926d487ebf98d5 - - default default] Method 'is_advsvc' is deprecated since 2023.2 release (neutron-lib 3.8.0) and will be removed once support for the old RBAC API policies will be removed from Neutron. Please use method 'is_service_role' instead.
2026-02-25 20:36:51.672 10 INFO neutron.db.segments_db [None req-ec6c4d7d-7401-4eb3-8442-f06800b6fc2a c0eb7a5bed2f42c8a31a0945a82f442d 0dc4c7210e4146ceab926d487ebf98d5 - - default default] Added segment b64254ef-21a3-4c4d-be5c-1470203a82c6 of type geneve for network fbecf123-f077-4464-82cd-415b89ad205f
2026-02-25 20:36:51.781 10 INFO neutron.wsgi [None req-0e7a4f70-9792-4dfe-ac5a-19a9b7622772 a913f93fff0444b3965d03b233e4457a 01a4f53bf7264ce98ee108dcf9b65927 - - default default] 10.0.0.239 "DELETE /v2.0/floatingips/70818b25-f6a6-4b10-9060-b9484576c5c5 HTTP/1.1" status: 204 len: 168 time: 0.5064456
2026-02-25 20:36:51.896 10 INFO neutron.db.ovn_revision_numbers_db [None req-ec6c4d7d-7401-4eb3-8442-f06800b6fc2a c0eb7a5bed2f42c8a31a0945a82f442d 0dc4c7210e4146ceab926d487ebf98d5 - - default default] Successfully bumped revision number for resource fbecf123-f077-4464-82cd-415b89ad205f (type: networks) to 1
2026-02-25 20:36:52.043 9 INFO neutron.wsgi [None req-1327efb6-9002-4599-8fb6-a0f569a76944 f9387d2a65bb4a86aebf99ca30c3ad09 299a92c78591499583e0a0476f11c651 - - default default] 10.0.0.239 "PUT /v2.0/routers/e6e5208a-c48f-4753-8506-f64fde49007e/remove_router_interface HTTP/1.1" status: 200 len: 503 time: 1.3194747 /var/lib/openstack/lib/python3.10/site-packages/pycadf/identifier.py:71: UserWarning: Invalid uuid: neutron. To ensure interoperability, identifiers should be a valid uuid. warnings.warn(('Invalid uuid: %s. To ensure interoperability, '
2026-02-25 20:36:52.130 10 WARNING neutron.scheduler.dhcp_agent_scheduler [None req-ec6c4d7d-7401-4eb3-8442-f06800b6fc2a c0eb7a5bed2f42c8a31a0945a82f442d 0dc4c7210e4146ceab926d487ebf98d5 - - default default] No more DHCP agents
2026-02-25 20:36:52.132 10 WARNING neutron.api.rpc.agentnotifiers.dhcp_rpc_agent_api [None req-ec6c4d7d-7401-4eb3-8442-f06800b6fc2a c0eb7a5bed2f42c8a31a0945a82f442d 0dc4c7210e4146ceab926d487ebf98d5 - - default default] Unable to schedule network fbecf123-f077-4464-82cd-415b89ad205f: no agents available; will retry on subsequent port and subnet creation events.
2026-02-25 20:36:52.234 10 INFO neutron.db.ovn_revision_numbers_db [None req-ec6c4d7d-7401-4eb3-8442-f06800b6fc2a c0eb7a5bed2f42c8a31a0945a82f442d 0dc4c7210e4146ceab926d487ebf98d5 - - default default] Successfully bumped revision number for resource b02ffea8-77f2-4d73-b885-7f7a76acc94d (type: ports) to 1
2026-02-25 20:36:52.245 9 WARNING neutron.plugins.ml2.drivers.ovn.mech_driver.ovsdb.ovn_client [None req-67b502a8-91c0-4df6-ad81-11dbcd0b1268 - - - - - -] No hosting information found for port 3a265e22-d4b7-4024-80c5-8105176951cf: RuntimeError: No hosting information found for port 3a265e22-d4b7-4024-80c5-8105176951cf
2026-02-25 20:36:52.266 10 INFO neutron.wsgi [None req-ec6c4d7d-7401-4eb3-8442-f06800b6fc2a c0eb7a5bed2f42c8a31a0945a82f442d 0dc4c7210e4146ceab926d487ebf98d5 - - default default] 10.0.0.239 "POST /v2.0/networks HTTP/1.1" status: 201 len: 833 time: 0.7226114
2026-02-25 20:36:52.276 10 WARNING neutron_lib.context [None req-31c83825-dadb-4d89-9ee8-bffd627b0886 c0eb7a5bed2f42c8a31a0945a82f442d 0dc4c7210e4146ceab926d487ebf98d5 - - default default] Method 'is_advsvc' is deprecated since 2023.2 release (neutron-lib 3.8.0) and will be removed once support for the old RBAC API policies will be removed from Neutron. Please use method 'is_service_role' instead.
2026-02-25 20:36:52.419 9 INFO neutron.plugins.ml2.drivers.ovn.mech_driver.mech_driver [None req-67b502a8-91c0-4df6-ad81-11dbcd0b1268 - - - - - -] OVN reports status down for port: 7088e054-6d44-48c7-91cb-1efec5a08f8b
2026-02-25 20:36:52.942 10 WARNING neutron.scheduler.dhcp_agent_scheduler [None req-31c83825-dadb-4d89-9ee8-bffd627b0886 c0eb7a5bed2f42c8a31a0945a82f442d 0dc4c7210e4146ceab926d487ebf98d5 - - default default] No more DHCP agents
2026-02-25 20:36:52.947 10 WARNING neutron.api.rpc.agentnotifiers.dhcp_rpc_agent_api [None req-31c83825-dadb-4d89-9ee8-bffd627b0886 c0eb7a5bed2f42c8a31a0945a82f442d 0dc4c7210e4146ceab926d487ebf98d5 - - default default] Unable to schedule network fbecf123-f077-4464-82cd-415b89ad205f: no agents available; will retry on subsequent port and subnet creation events.
2026-02-25 20:36:53.005 10 INFO neutron.db.ovn_revision_numbers_db [None req-31c83825-dadb-4d89-9ee8-bffd627b0886 c0eb7a5bed2f42c8a31a0945a82f442d 0dc4c7210e4146ceab926d487ebf98d5 - - default default] Successfully bumped revision number for resource 0c03f0de-5cac-47f6-b218-3ac550bd942f (type: subnets) to 0
2026-02-25 20:36:53.021 10 INFO neutron.wsgi [None req-31c83825-dadb-4d89-9ee8-bffd627b0886 c0eb7a5bed2f42c8a31a0945a82f442d 0dc4c7210e4146ceab926d487ebf98d5 - - default default] 10.0.0.239 "POST /v2.0/subnets HTTP/1.1" status: 201 len: 821 time: 0.7503142
2026-02-25 20:36:53.031 10 WARNING neutron_lib.context [None req-c55d3a1e-a1e1-4fc9-b7c3-292a5fd5783f c0eb7a5bed2f42c8a31a0945a82f442d 0dc4c7210e4146ceab926d487ebf98d5 - - default default] Method 'is_advsvc' is deprecated since 2023.2 release (neutron-lib 3.8.0) and will be removed once support for the old RBAC API policies will be removed from Neutron. Please use method 'is_service_role' instead.
2026-02-25 20:36:53.226 9 INFO neutron.wsgi [None req-ec591af0-cf66-4a42-941a-f5284ccb3627 f9387d2a65bb4a86aebf99ca30c3ad09 299a92c78591499583e0a0476f11c651 - - default default] 10.0.0.239 "DELETE /v2.0/routers/e6e5208a-c48f-4753-8506-f64fde49007e HTTP/1.1" status: 204 len: 168 time: 1.1790268 /var/lib/openstack/lib/python3.10/site-packages/pycadf/identifier.py:71: UserWarning: Invalid uuid: neutron. To ensure interoperability, identifiers should be a valid uuid. warnings.warn(('Invalid uuid: %s. To ensure interoperability, '
2026-02-25 20:36:53.246 10 INFO neutron.db.ovn_revision_numbers_db [None req-c55d3a1e-a1e1-4fc9-b7c3-292a5fd5783f c0eb7a5bed2f42c8a31a0945a82f442d 0dc4c7210e4146ceab926d487ebf98d5 - - default default] Successfully bumped revision number for resource a99e2317-9d60-46df-98d6-212054ba8494 (type: routers) to 1
2026-02-25 20:36:53.287 10 INFO neutron.wsgi [None req-d9719511-b874-408c-acaf-3f5f4461203e a7403bfa94a0415492633a7e484d2c3c 27c676a40c654053a504661d6302f55d - - default default] 10.0.0.34 "GET /v2.0/ports HTTP/1.1" status: 200 len: 9269 time: 0.3356624
2026-02-25 20:36:53.291 10 INFO neutron.wsgi [None req-c55d3a1e-a1e1-4fc9-b7c3-292a5fd5783f c0eb7a5bed2f42c8a31a0945a82f442d 0dc4c7210e4146ceab926d487ebf98d5 - - default default] 10.0.0.239 "POST /v2.0/routers HTTP/1.1" status: 201 len: 690 time: 0.2636054
2026-02-25 20:36:53.489 9 INFO neutron.wsgi [None req-30610e9e-cc7a-44f6-82c3-e46955aad3c5 f9387d2a65bb4a86aebf99ca30c3ad09 299a92c78591499583e0a0476f11c651 - - default default] 10.0.0.239 "DELETE /v2.0/subnets/a0c55c01-dcf9-42fb-8333-4c138015ac62 HTTP/1.1" status: 204 len: 168 time: 0.2579780
2026-02-25 20:36:53.613 10 INFO neutron.wsgi [None req-7778add6-e712-408e-9a85-0567c433b1c5 a7403bfa94a0415492633a7e484d2c3c 27c676a40c654053a504661d6302f55d - - default default] 10.0.0.34 "GET /v2.0/routers HTTP/1.1" status: 200 len: 1349 time: 0.3080049
2026-02-25 20:36:53.632 10 INFO neutron.wsgi [None req-07e116ee-ca23-4932-bf54-cd62829d733c a7403bfa94a0415492633a7e484d2c3c 27c676a40c654053a504661d6302f55d - - default default] 10.0.0.34 "GET /v2.0/agents?binary=ovn-controller HTTP/1.1" status: 200 len: 591 time: 0.0176766
2026-02-25 20:36:53.652 10 INFO neutron.wsgi [None req-234ca0ca-22df-4307-a7ad-698b4d580d84 a7403bfa94a0415492633a7e484d2c3c 27c676a40c654053a504661d6302f55d - - default default] 10.0.0.34 "GET /v2.0/agents HTTP/1.1" status: 200 len: 997 time: 0.0124929
2026-02-25 20:36:53.726 10 INFO neutron.wsgi [None req-6404f96e-53b7-43d2-afe6-3f825b81ce9e a7403bfa94a0415492633a7e484d2c3c 27c676a40c654053a504661d6302f55d - - default default] 10.0.0.239 "PUT /v2.0/routers/58111695-6fa6-40ed-ace6-44cfd39fcf52/remove_router_interface HTTP/1.1" status: 200 len: 503 time: 1.9319470
2026-02-25 20:36:53.733 10 INFO neutron.wsgi [None req-f5e8c02c-2d54-4d4e-b0a4-b01aed2bd5d6 a7403bfa94a0415492633a7e484d2c3c 27c676a40c654053a504661d6302f55d - - default default] 10.0.0.34 "GET /v2.0/subnets HTTP/1.1" status: 200 len: 2723 time: 0.0783200 /var/lib/openstack/lib/python3.10/site-packages/pycadf/identifier.py:71: UserWarning: Invalid uuid: neutron. To ensure interoperability, identifiers should be a valid uuid. warnings.warn(('Invalid uuid: %s. To ensure interoperability, '
2026-02-25 20:36:53.765 10 INFO neutron.wsgi [None req-d37b077e-f135-421d-9faa-de4bf82a852f a7403bfa94a0415492633a7e484d2c3c 27c676a40c654053a504661d6302f55d - - default default] 10.0.0.34 "GET /v2.0/subnetpools HTTP/1.1" status: 200 len: 193 time: 0.0302675
2026-02-25 20:36:53.900 9 WARNING neutron.scheduler.dhcp_agent_scheduler [None req-60823318-5e7d-4fa2-91bb-285f70d9f466 c0eb7a5bed2f42c8a31a0945a82f442d 0dc4c7210e4146ceab926d487ebf98d5 - - default default] No more DHCP agents
2026-02-25 20:36:53.906 9 WARNING neutron.api.rpc.agentnotifiers.dhcp_rpc_agent_api [None req-60823318-5e7d-4fa2-91bb-285f70d9f466 c0eb7a5bed2f42c8a31a0945a82f442d 0dc4c7210e4146ceab926d487ebf98d5 - - default default] Unable to schedule network fbecf123-f077-4464-82cd-415b89ad205f: no agents available; will retry on subsequent port and subnet creation events.
2026-02-25 20:36:53.906 10 INFO neutron.wsgi [None req-5c64846c-7904-4f71-8981-2e3ba914a040 a7403bfa94a0415492633a7e484d2c3c 27c676a40c654053a504661d6302f55d - - default default] 10.0.0.34 "GET /v2.0/networks HTTP/1.1" status: 200 len: 4581 time: 0.1395440
2026-02-25 20:36:53.933 10 WARNING neutron.plugins.ml2.drivers.ovn.mech_driver.ovsdb.ovn_client [None req-d30f8d2e-f636-4c78-9826-d47f0238f5d0 - - - - - -] No port found with ID d64a6006-83c5-4d7b-9b9d-3aaa6c87f1e0: RuntimeError: No port found with ID d64a6006-83c5-4d7b-9b9d-3aaa6c87f1e0
2026-02-25 20:36:53.946 9 INFO neutron.db.ovn_revision_numbers_db [None req-8e965549-ca4c-4612-9707-57230d23ffdd a7403bfa94a0415492633a7e484d2c3c 27c676a40c654053a504661d6302f55d - - default default] Successfully bumped revision number for resource 5a3331e8-9807-4335-b55d-79b9b7c3e320 (type: security_groups) to 1
2026-02-25 20:36:53.979 9 INFO neutron.db.ovn_revision_numbers_db [None req-8e965549-ca4c-4612-9707-57230d23ffdd a7403bfa94a0415492633a7e484d2c3c 27c676a40c654053a504661d6302f55d - - default default] Successfully bumped revision number for resource 1b7d8a27-88de-432f-9722-a240eaf2fe72 (type: security_group_rules) to 0
2026-02-25 20:36:54.003 10 INFO neutron.wsgi [None req-5bd4f45e-076a-4aca-a6e3-4270d554b4eb a7403bfa94a0415492633a7e484d2c3c 27c676a40c654053a504661d6302f55d - - default default] 10.0.0.34 "GET /v2.0/security-groups HTTP/1.1" status: 200 len: 27919 time: 0.0878472
2026-02-25 20:36:54.014 9 INFO neutron.db.ovn_revision_numbers_db [None req-8e965549-ca4c-4612-9707-57230d23ffdd a7403bfa94a0415492633a7e484d2c3c 27c676a40c654053a504661d6302f55d - - default default] Successfully bumped revision number for resource 2ca1b173-6d22-485f-b608-dfc441ef72cc (type: security_group_rules) to 0
2026-02-25 20:36:54.047 10 INFO neutron.wsgi [None req-1ac5858a-a547-48ea-91bd-9945c66c3b1d a7403bfa94a0415492633a7e484d2c3c 27c676a40c654053a504661d6302f55d - - default default] 10.0.0.34 "GET /v2.0/floatingips HTTP/1.1" status: 200 len: 193 time: 0.0342541
2026-02-25 20:36:54.047 9 INFO neutron.db.ovn_revision_numbers_db [None req-8e965549-ca4c-4612-9707-57230d23ffdd a7403bfa94a0415492633a7e484d2c3c 27c676a40c654053a504661d6302f55d - - default default] Successfully bumped revision number for resource da7c52ee-c031-4ead-8fe0-e64ded22a7c0 (type: security_group_rules) to 0
2026-02-25 20:36:54.079 9 INFO neutron.db.ovn_revision_numbers_db [None req-8e965549-ca4c-4612-9707-57230d23ffdd a7403bfa94a0415492633a7e484d2c3c 27c676a40c654053a504661d6302f55d - - default default] Successfully bumped revision number for resource e7e5485d-afbd-4c58-a298-9bdcbc92f940 (type: security_group_rules) to 0
2026-02-25 20:36:54.086 10 INFO neutron.wsgi [None req-d9c65c24-67c1-4680-a5be-e5b32d274571 a7403bfa94a0415492633a7e484d2c3c 27c676a40c654053a504661d6302f55d - - default default] 10.0.0.34 "GET /v2.0/subnets HTTP/1.1" status: 200 len: 2723 time: 0.0386963
2026-02-25 20:36:54.089 9 INFO neutron.services.segments.plugin [-] Segment 60f585a3-44c1-4202-8de3-6cedbd11f018 resource provider aggregate not found
2026-02-25 20:36:54.100 9 INFO neutron.services.segments.plugin [-] Segment 60f585a3-44c1-4202-8de3-6cedbd11f018 resource provider aggregate not found
2026-02-25 20:36:54.106 9 INFO neutron.db.ovn_revision_numbers_db [None req-60823318-5e7d-4fa2-91bb-285f70d9f466 c0eb7a5bed2f42c8a31a0945a82f442d 0dc4c7210e4146ceab926d487ebf98d5 - - default default] Successfully bumped revision number for resource d1f92eb9-6f50-403a-bb39-07381e9deb48 (type: ports) to 1
2026-02-25 20:36:54.115 10 INFO neutron.wsgi [None req-8e718f9e-4e6a-43f7-8660-b0eef2962f04 a7403bfa94a0415492633a7e484d2c3c 27c676a40c654053a504661d6302f55d - - default default] 10.0.0.34 "GET /v2.0/network-ip-availabilities HTTP/1.1" status: 200 len: 2494 time: 0.0272205
2026-02-25 20:36:54.119 9 INFO neutron.services.segments.plugin [-] Segment 60f585a3-44c1-4202-8de3-6cedbd11f018 resource provider not found; error: Placement Client Error (4xx): {"errors": [{"status": 404, "title": "Not Found", "detail": "The resource could not be found.\n\n No resource provider with uuid 60f585a3-44c1-4202-8de3-6cedbd11f018 found for delete ", "request_id": "req-3385346c-bec8-4a20-9cd6-a84b881436f3"}]}
2026-02-25 20:36:54.128 9 INFO neutron.services.segments.plugin [-] Segment 60f585a3-44c1-4202-8de3-6cedbd11f018 resource provider not found; error: Placement Client Error (4xx): {"errors": [{"status": 404, "title": "Not Found", "detail": "The resource could not be found.\n\n No resource provider with uuid 60f585a3-44c1-4202-8de3-6cedbd11f018 found for delete ", "request_id": "req-33ea4c62-dcc6-4d51-9690-028b642bbdad"}]}
2026-02-25 20:36:54.143 9 INFO neutron.wsgi [None req-8e965549-ca4c-4612-9707-57230d23ffdd a7403bfa94a0415492633a7e484d2c3c 27c676a40c654053a504661d6302f55d - - default default] 10.0.0.239 "GET /v2.0/security-groups?tenant_id=67d58fa2a50943c9a652fc014d247c1f&name=default HTTP/1.1" status: 200 len: 2996 time: 0.5426831
2026-02-25 20:36:54.175 9 INFO neutron.wsgi [None req-7547297e-e23f-4e00-80b9-4b0c05405c9b f9387d2a65bb4a86aebf99ca30c3ad09 299a92c78591499583e0a0476f11c651 - - default default] 10.0.0.239 "DELETE /v2.0/networks/8ea9fd56-6e7a-48ce-b4eb-3fb756988ebc HTTP/1.1" status: 204 len: 168 time: 0.6820407
2026-02-25 20:36:54.494 9 INFO neutron.wsgi [None req-ca73eae3-1fc9-4d6e-b1d9-169cd5f1f4c2 a7403bfa94a0415492633a7e484d2c3c 27c676a40c654053a504661d6302f55d - - default default] 10.0.0.239 "DELETE /v2.0/security-groups/5a3331e8-9807-4335-b55d-79b9b7c3e320 HTTP/1.1" status: 204 len: 168 time: 0.3393116
2026-02-25 20:36:54.543 9 INFO neutron.plugins.ml2.drivers.ovn.mech_driver.mech_driver [None req-67b502a8-91c0-4df6-ad81-11dbcd0b1268 - - - - - -] OVN reports status up for port: d1f92eb9-6f50-403a-bb39-07381e9deb48
2026-02-25 20:36:54.557 9 INFO neutron.plugins.ml2.plugin [None req-67b502a8-91c0-4df6-ad81-11dbcd0b1268 - - - - - -] Attempt 1 to provision port d1f92eb9-6f50-403a-bb39-07381e9deb48
2026-02-25 20:36:54.576 9 INFO neutron.db.ovn_revision_numbers_db [None req-60823318-5e7d-4fa2-91bb-285f70d9f466 c0eb7a5bed2f42c8a31a0945a82f442d 0dc4c7210e4146ceab926d487ebf98d5 - - default default] Successfully bumped revision number for resource d1f92eb9-6f50-403a-bb39-07381e9deb48 (type: router_ports) to 1
2026-02-25 20:36:54.718 10 INFO neutron.wsgi [None req-7ce41f4d-f294-4952-8b0b-249e3a07fb61 a7403bfa94a0415492633a7e484d2c3c 27c676a40c654053a504661d6302f55d - - default default] 10.0.0.239 "DELETE /v2.0/routers/58111695-6fa6-40ed-ace6-44cfd39fcf52 HTTP/1.1" status: 204 len: 168 time: 0.9839692
2026-02-25 20:36:54.738 9 INFO neutron.db.ovn_revision_numbers_db [None req-60823318-5e7d-4fa2-91bb-285f70d9f466 c0eb7a5bed2f42c8a31a0945a82f442d 0dc4c7210e4146ceab926d487ebf98d5 - - default default] Successfully bumped revision number for resource d1f92eb9-6f50-403a-bb39-07381e9deb48 (type: ports) to 1
2026-02-25 20:36:54.829 10 INFO neutron.db.ovn_revision_numbers_db [None req-3c139a7d-e3e5-4c6f-a9eb-0866ca88b230 a7403bfa94a0415492633a7e484d2c3c 27c676a40c654053a504661d6302f55d - - default default] Successfully bumped revision number for resource 5e01b1f9-7ec2-404e-891a-292275de9768 (type: security_groups) to 1
2026-02-25 20:36:54.861 10 INFO neutron.db.ovn_revision_numbers_db [None req-3c139a7d-e3e5-4c6f-a9eb-0866ca88b230 a7403bfa94a0415492633a7e484d2c3c 27c676a40c654053a504661d6302f55d - - default default] Successfully bumped revision number for resource 5543bc33-aad6-471c-9e3b-bc370ba888ec (type: security_group_rules) to 0
2026-02-25 20:36:54.879 10 INFO neutron.db.ovn_revision_numbers_db [None req-3c139a7d-e3e5-4c6f-a9eb-0866ca88b230 a7403bfa94a0415492633a7e484d2c3c 27c676a40c654053a504661d6302f55d - - default default] Successfully bumped revision number for resource 840db0c1-757c-41c0-884f-a512bf43f7a2 (type: security_group_rules) to 0
2026-02-25 20:36:54.895 10 INFO neutron.db.ovn_revision_numbers_db [None req-3c139a7d-e3e5-4c6f-a9eb-0866ca88b230 a7403bfa94a0415492633a7e484d2c3c 27c676a40c654053a504661d6302f55d - - default default] Successfully bumped revision number for resource d1ea6215-2e03-4d02-badd-aca5c2490b05 (type: security_group_rules) to 0
2026-02-25 20:36:54.910 10 INFO neutron.db.ovn_revision_numbers_db [None req-3c139a7d-e3e5-4c6f-a9eb-0866ca88b230 a7403bfa94a0415492633a7e484d2c3c 27c676a40c654053a504661d6302f55d - - default default] Successfully bumped revision number for resource f6d24447-fffd-4e9c-992c-aded1cc9df8c (type: security_group_rules) to 0
2026-02-25 20:36:54.938 10 INFO neutron.wsgi [None req-1421666f-c92f-4e89-b70b-75296bfa3902 a7403bfa94a0415492633a7e484d2c3c 27c676a40c654053a504661d6302f55d - - default default] 10.0.0.239 "DELETE /v2.0/subnets/dc264f46-51c8-474d-a463-914938d0b920 HTTP/1.1" status: 204 len: 168 time: 0.2072246
2026-02-25 20:36:54.940 10 INFO neutron.wsgi [None req-3c139a7d-e3e5-4c6f-a9eb-0866ca88b230 a7403bfa94a0415492633a7e484d2c3c 27c676a40c654053a504661d6302f55d - - default default] 10.0.0.239 "GET /v2.0/security-groups?tenant_id=7740bc6333e248d48d7f8475a7578951&name=default HTTP/1.1" status: 200 len: 2996 time: 0.2759554
2026-02-25 20:36:55.144 9 INFO neutron.wsgi [None req-cffe74df-beb8-4016-b3ef-f606959003c6 a7403bfa94a0415492633a7e484d2c3c 27c676a40c654053a504661d6302f55d - - default default] 10.0.0.239 "GET /v2.0/security-groups?tenant_id=299a92c78591499583e0a0476f11c651&name=default HTTP/1.1" status: 200 len: 2996 time: 0.5213730
2026-02-25 20:36:55.178 9 WARNING neutron.scheduler.dhcp_agent_scheduler [None req-60823318-5e7d-4fa2-91bb-285f70d9f466 c0eb7a5bed2f42c8a31a0945a82f442d 0dc4c7210e4146ceab926d487ebf98d5 - - default default] No more DHCP agents
2026-02-25 20:36:55.180 9 WARNING neutron.api.rpc.agentnotifiers.dhcp_rpc_agent_api [None req-60823318-5e7d-4fa2-91bb-285f70d9f466 c0eb7a5bed2f42c8a31a0945a82f442d 0dc4c7210e4146ceab926d487ebf98d5 - - default default] Unable to schedule network fbecf123-f077-4464-82cd-415b89ad205f: no agents available; will retry on subsequent port and subnet creation events.
2026-02-25 20:36:55.270 9 INFO neutron.db.ovn_revision_numbers_db [None req-67b502a8-91c0-4df6-ad81-11dbcd0b1268 - - - - - -] Successfully bumped revision number for resource d1f92eb9-6f50-403a-bb39-07381e9deb48 (type: ports) to 2
2026-02-25 20:36:55.368 9 INFO neutron.db.ovn_revision_numbers_db [None req-60823318-5e7d-4fa2-91bb-285f70d9f466 c0eb7a5bed2f42c8a31a0945a82f442d 0dc4c7210e4146ceab926d487ebf98d5 - - default default] Successfully bumped revision number for resource d1f92eb9-6f50-403a-bb39-07381e9deb48 (type: router_ports) to 2
2026-02-25 20:36:55.371 9 INFO neutron.wsgi [None req-60823318-5e7d-4fa2-91bb-285f70d9f466 c0eb7a5bed2f42c8a31a0945a82f442d 0dc4c7210e4146ceab926d487ebf98d5 - - default default] 10.0.0.239 "PUT /v2.0/routers/a99e2317-9d60-46df-98d6-212054ba8494/add_router_interface HTTP/1.1" status: 200 len: 503 time: 2.0722489
2026-02-25 20:36:55.460 9 INFO neutron.wsgi [None req-fa66032d-427d-427f-8279-b185eddceb7f c0eb7a5bed2f42c8a31a0945a82f442d 0dc4c7210e4146ceab926d487ebf98d5 - - default default] 10.0.0.239 "GET /v2.0/ports/d1f92eb9-6f50-403a-bb39-07381e9deb48 HTTP/1.1" status: 200 len: 1141 time: 0.0823619
2026-02-25 20:36:55.498 9 INFO neutron.wsgi [None req-9d16d15e-8c54-456b-a30d-c5d506e484a3 c0eb7a5bed2f42c8a31a0945a82f442d 0dc4c7210e4146ceab926d487ebf98d5 - - default default] 10.0.0.239 "GET /v2.0/ports/d1f92eb9-6f50-403a-bb39-07381e9deb48 HTTP/1.1" status: 200 len: 1141 time: 0.0332603
2026-02-25 20:36:55.518 10 INFO neutron.wsgi [None req-a689961f-eb00-43a5-82f0-7375708d7afd a7403bfa94a0415492633a7e484d2c3c 27c676a40c654053a504661d6302f55d - - default default] 10.0.0.239 "DELETE /v2.0/security-groups/5e01b1f9-7ec2-404e-891a-292275de9768 HTTP/1.1" status: 204 len: 168 time: 0.5702376
2026-02-25 20:36:55.629 10 INFO neutron.services.segments.plugin [-] Segment b5232593-438c-41f4-b486-ca758de376e7 resource provider aggregate not found
2026-02-25 20:36:55.634 10 INFO neutron.services.segments.plugin [-] Segment b5232593-438c-41f4-b486-ca758de376e7 resource provider aggregate not found
2026-02-25 20:36:55.655 10 INFO neutron.services.segments.plugin [-] Segment b5232593-438c-41f4-b486-ca758de376e7 resource provider not found; error: Placement Client Error (4xx): {"errors": [{"status": 404, "title": "Not Found", "detail": "The resource could not be found.\n\n No resource provider with uuid b5232593-438c-41f4-b486-ca758de376e7 found for delete ", "request_id": "req-fb6a9ea7-7ed7-40f3-b49a-833f108e4106"}]}
2026-02-25 20:36:55.656 10 INFO neutron.services.segments.plugin [-] Segment b5232593-438c-41f4-b486-ca758de376e7 resource provider not found; error: Placement Client Error (4xx): {"errors": [{"status": 404, "title": "Not Found", "detail": "The resource could not be found.\n\n No resource provider with uuid b5232593-438c-41f4-b486-ca758de376e7 found for delete ", "request_id": "req-3654cdb0-1682-480c-9389-0093c5677ac0"}]}
2026-02-25 20:36:55.674 10 INFO neutron.wsgi [None req-f402d3f9-b59e-47e7-b99c-3de835638092 a7403bfa94a0415492633a7e484d2c3c 27c676a40c654053a504661d6302f55d - - default default] 10.0.0.239 "DELETE /v2.0/networks/0bc05a7a-6f47-41b7-a995-d9f4aaeb990d HTTP/1.1" status: 204 len: 168 time: 0.7269547
2026-02-25 20:36:55.742 10 INFO neutron.wsgi [None req-3b8dc2c3-311c-4666-a3a4-6e84670d2b55 a7403bfa94a0415492633a7e484d2c3c 27c676a40c654053a504661d6302f55d - - default default] 10.0.0.239 "DELETE /v2.0/security-groups/9f139438-f817-4690-bbff-34d7fb274a09 HTTP/1.1" status: 204 len: 168 time: 0.5932918
2026-02-25 20:36:55.880 10 INFO neutron.wsgi [None req-eedfacf9-af2a-4fad-99b8-c50a9e53cfc7 a7403bfa94a0415492633a7e484d2c3c 27c676a40c654053a504661d6302f55d - - default default] 10.0.0.239 "GET /v2.0/security-groups?tenant_id=01a4f53bf7264ce98ee108dcf9b65927&name=default HTTP/1.1" status: 200 len: 2996 time: 0.0546868
2026-02-25 20:36:56.073 10 INFO neutron.wsgi [None req-eca23ab3-eb83-4276-ba05-72c32590391e a7403bfa94a0415492633a7e484d2c3c 27c676a40c654053a504661d6302f55d - - default default] 10.0.0.239 "DELETE /v2.0/security-groups/f89048e9-808f-4174-92dc-4224a37ea4ec HTTP/1.1" status: 204 len: 168 time: 0.1891487
2026-02-25 20:36:56.094 9 INFO neutron.wsgi [None req-8db4a25c-d55d-46ee-bfcc-fbb8ff0b3acb c0eb7a5bed2f42c8a31a0945a82f442d 0dc4c7210e4146ceab926d487ebf98d5 - - default default] 10.0.0.239 "PUT /v2.0/routers/a99e2317-9d60-46df-98d6-212054ba8494/remove_router_interface HTTP/1.1" status: 200 len: 503 time: 0.5902569 /var/lib/openstack/lib/python3.10/site-packages/pycadf/identifier.py:71: UserWarning: Invalid uuid: neutron. To ensure interoperability, identifiers should be a valid uuid. warnings.warn(('Invalid uuid: %s. To ensure interoperability, '
2026-02-25 20:36:56.156 9 INFO neutron.wsgi [None req-ed6b1bbb-faf3-40a4-ace0-a002a6a70191 c0eb7a5bed2f42c8a31a0945a82f442d 0dc4c7210e4146ceab926d487ebf98d5 - - default default] 10.0.0.239 "GET /v2.0/ports?device_id=a99e2317-9d60-46df-98d6-212054ba8494 HTTP/1.1" status: 200 len: 205 time: 0.0301569
2026-02-25 20:36:56.444 9 INFO neutron.wsgi [None req-3475a0c6-3aad-4052-9fc1-35041df8ddd5 c0eb7a5bed2f42c8a31a0945a82f442d 0dc4c7210e4146ceab926d487ebf98d5 - - default default] 10.0.0.239 "DELETE /v2.0/routers/a99e2317-9d60-46df-98d6-212054ba8494 HTTP/1.1" status: 204 len: 168 time: 0.2828081
2026-02-25 20:36:56.652 9 INFO neutron.wsgi [None req-9b9c9ed3-39c3-4079-b3b9-3079e84c2905 c0eb7a5bed2f42c8a31a0945a82f442d 0dc4c7210e4146ceab926d487ebf98d5 - - default default] 10.0.0.239 "DELETE /v2.0/subnets/0c03f0de-5cac-47f6-b218-3ac550bd942f HTTP/1.1" status: 204 len: 168 time: 0.2016058
2026-02-25 20:36:57.065 9 INFO neutron.wsgi [None req-b550e639-cdb0-466b-ade1-bdf5f4b56204 c0eb7a5bed2f42c8a31a0945a82f442d 0dc4c7210e4146ceab926d487ebf98d5 - - default default] 10.0.0.239 "DELETE /v2.0/networks/fbecf123-f077-4464-82cd-415b89ad205f HTTP/1.1" status: 204 len: 168 time: 0.4076314
2026-02-25 20:36:57.077 10 WARNING neutron_lib.context [None req-e5c8cda5-58f1-47ec-92db-74450fac3de6 c0eb7a5bed2f42c8a31a0945a82f442d 0dc4c7210e4146ceab926d487ebf98d5 - - default default] Method 'is_advsvc' is deprecated since 2023.2 release (neutron-lib 3.8.0) and will be removed once support for the old RBAC API policies will be removed from Neutron. Please use method 'is_service_role' instead.
2026-02-25 20:36:57.073 9 INFO neutron.services.segments.plugin [-] Segment b64254ef-21a3-4c4d-be5c-1470203a82c6 resource provider aggregate not found
2026-02-25 20:36:57.091 9 INFO neutron.services.segments.plugin [-] Segment b64254ef-21a3-4c4d-be5c-1470203a82c6 resource provider aggregate not found
2026-02-25 20:36:57.109 9 INFO neutron.services.segments.plugin [-] Segment b64254ef-21a3-4c4d-be5c-1470203a82c6 resource provider not found; error: Placement Client Error (4xx): {"errors": [{"status": 404, "title": "Not Found", "detail": "The resource could not be found.\n\n No resource provider with uuid b64254ef-21a3-4c4d-be5c-1470203a82c6 found for delete ", "request_id": "req-658b37da-7fca-4a17-a5df-8b0bf98bc918"}]}
2026-02-25 20:36:57.111 9 INFO neutron.services.segments.plugin [-] Segment b64254ef-21a3-4c4d-be5c-1470203a82c6 resource provider not found; error: Placement Client Error (4xx): {"errors": [{"status": 404, "title": "Not Found", "detail": "The resource could not be found.\n\n No resource provider with uuid b64254ef-21a3-4c4d-be5c-1470203a82c6 found for delete ", "request_id": "req-979f7dee-e9e8-431c-99ef-9aee92ee5862"}]}
2026-02-25 20:36:57.538 10 WARNING neutron.scheduler.dhcp_agent_scheduler [None req-e5c8cda5-58f1-47ec-92db-74450fac3de6 c0eb7a5bed2f42c8a31a0945a82f442d 0dc4c7210e4146ceab926d487ebf98d5 - - default default] No more DHCP agents
2026-02-25 20:36:57.539 10 WARNING neutron.api.rpc.agentnotifiers.dhcp_rpc_agent_api [None req-e5c8cda5-58f1-47ec-92db-74450fac3de6 c0eb7a5bed2f42c8a31a0945a82f442d 0dc4c7210e4146ceab926d487ebf98d5 - - default default] Unable to schedule network aa707c75-8052-4baa-a575-b0f4251b61fd: no agents available; will retry on subsequent port and subnet creation events.
2026-02-25 20:36:57.695 10 INFO neutron.db.ovn_revision_numbers_db [None req-e5c8cda5-58f1-47ec-92db-74450fac3de6 c0eb7a5bed2f42c8a31a0945a82f442d 0dc4c7210e4146ceab926d487ebf98d5 - - default default] Successfully bumped revision number for resource 398727be-5d81-4639-b644-fd53f1cd58b3 (type: ports) to 1
2026-02-25 20:36:57.845 10 WARNING neutron_lib.context [None req-ac0eb350-c4ed-4eb0-9b02-0cfbe654f86f 762180f0f1d748f39d356317a8e8eea4 baad5e2d684d47d8af59d0008f220bc6 - - default default] Method 'is_advsvc' is deprecated since 2023.2 release (neutron-lib 3.8.0) and will be removed once support for the old RBAC API policies will be removed from Neutron. Please use method 'is_service_role' instead.
2026-02-25 20:36:57.892 9 INFO neutron.wsgi [-] 10.0.0.166 "GET / HTTP/1.1" status: 200 len: 246 time: 0.0026066
2026-02-25 20:36:57.896 9 INFO neutron.wsgi [-] 10.0.0.166 "GET / HTTP/1.1" status: 200 len: 246 time: 0.0030522
2026-02-25 20:36:58.054 9 INFO neutron.db.ovn_revision_numbers_db [None req-d796346b-7503-4aa2-a6a4-322aeabfc05d a7403bfa94a0415492633a7e484d2c3c 27c676a40c654053a504661d6302f55d - - default default] Successfully bumped revision number for resource ab7a06b3-a178-47bc-bc82-fd995abfb9fc (type: security_groups) to 1
2026-02-25 20:36:58.066 10 INFO neutron.db.ovn_revision_numbers_db [None req-ac0eb350-c4ed-4eb0-9b02-0cfbe654f86f 762180f0f1d748f39d356317a8e8eea4 baad5e2d684d47d8af59d0008f220bc6 - - default default] Successfully bumped revision number for resource 6f170c91-7b33-4835-9b18-0e71ed7a1307 (type: security_groups) to 1
2026-02-25 20:36:58.077 9 INFO neutron.db.ovn_revision_numbers_db [None req-d796346b-7503-4aa2-a6a4-322aeabfc05d a7403bfa94a0415492633a7e484d2c3c 27c676a40c654053a504661d6302f55d - - default default] Successfully bumped revision number for resource 0ac32a81-6434-4037-a98b-5b3ac96b56b7 (type: security_group_rules) to 0
2026-02-25 20:36:58.086 10 INFO neutron.db.ovn_revision_numbers_db [None req-ac0eb350-c4ed-4eb0-9b02-0cfbe654f86f 762180f0f1d748f39d356317a8e8eea4 baad5e2d684d47d8af59d0008f220bc6 - - default default] Successfully bumped revision number for resource 35e10d39-adc2-4aa2-8f79-9634530d5ea9 (type: security_group_rules) to 0
2026-02-25 20:36:58.094 9 INFO neutron.db.ovn_revision_numbers_db [None req-d796346b-7503-4aa2-a6a4-322aeabfc05d a7403bfa94a0415492633a7e484d2c3c 27c676a40c654053a504661d6302f55d - - default default] Successfully bumped revision number for resource 372373ee-cb23-48c1-9e92-459e9b6c737d (type: security_group_rules) to 0
2026-02-25 20:36:58.103 10 INFO neutron.db.ovn_revision_numbers_db [None req-ac0eb350-c4ed-4eb0-9b02-0cfbe654f86f 762180f0f1d748f39d356317a8e8eea4 baad5e2d684d47d8af59d0008f220bc6 - - default default] Successfully bumped revision number for resource 3f17d4c9-9805-4ef7-9181-8c3e28492f3e (type: security_group_rules) to 0
2026-02-25 20:36:58.109 9 INFO neutron.db.ovn_revision_numbers_db [None req-d796346b-7503-4aa2-a6a4-322aeabfc05d a7403bfa94a0415492633a7e484d2c3c 27c676a40c654053a504661d6302f55d - - default default] Successfully bumped revision number for resource d3115414-198d-4665-ad8c-e7a2e991e8e7 (type: security_group_rules) to 0
2026-02-25 20:36:58.114 9 INFO neutron.db.ovn_revision_numbers_db [None req-18cd8a8f-e09b-47ed-afb0-bb3c077a79f7 a7403bfa94a0415492633a7e484d2c3c 27c676a40c654053a504661d6302f55d - - default default] Successfully bumped revision number for resource 6a5ce9e7-391c-4796-b69a-d7a8f55863de (type: security_groups) to 1
2026-02-25 20:36:58.123 9 INFO neutron.db.ovn_revision_numbers_db [None req-d796346b-7503-4aa2-a6a4-322aeabfc05d a7403bfa94a0415492633a7e484d2c3c 27c676a40c654053a504661d6302f55d - - default default] Successfully bumped revision number for resource e8bf7e6e-c37b-4c7c-8b38-be996403b200 (type: security_group_rules) to 0
2026-02-25 20:36:58.130 9 INFO neutron.db.ovn_revision_numbers_db [None req-18cd8a8f-e09b-47ed-afb0-bb3c077a79f7 a7403bfa94a0415492633a7e484d2c3c 27c676a40c654053a504661d6302f55d - - default default] Successfully bumped revision number for resource 4ed975a7-6682-4bdf-846e-25e24cb88b2a (type: security_group_rules) to 0
2026-02-25 20:36:58.135 10 INFO neutron.db.ovn_revision_numbers_db [None req-ac0eb350-c4ed-4eb0-9b02-0cfbe654f86f 762180f0f1d748f39d356317a8e8eea4 baad5e2d684d47d8af59d0008f220bc6 - - default default] Successfully bumped revision number for resource e0d1ee2a-b266-4f97-aae8-e6ebb76c42a4 (type: security_group_rules) to 0
2026-02-25 20:36:58.158 10 INFO neutron.db.ovn_revision_numbers_db [None req-ac0eb350-c4ed-4eb0-9b02-0cfbe654f86f 762180f0f1d748f39d356317a8e8eea4 baad5e2d684d47d8af59d0008f220bc6 - - default default] Successfully bumped revision number for resource f3e7a9ea-11c2-4a17-a603-66c03bd6f320 (type: security_group_rules) to 0
2026-02-25 20:36:58.162 9 INFO neutron.db.ovn_revision_numbers_db [None req-18cd8a8f-e09b-47ed-afb0-bb3c077a79f7 a7403bfa94a0415492633a7e484d2c3c 27c676a40c654053a504661d6302f55d - - default default] Successfully bumped revision number for resource 75072842-6e82-4580-87f1-82ae2528a448 (type: security_group_rules) to 0
2026-02-25 20:36:58.181 9 INFO neutron.db.segments_db [None req-d796346b-7503-4aa2-a6a4-322aeabfc05d a7403bfa94a0415492633a7e484d2c3c 27c676a40c654053a504661d6302f55d - - default default] Added segment 81c9b228-e77d-418c-8d23-858576c3b55f of type geneve for network 79bd3e85-5952-4dc9-92cf-5eae605b2bb3
2026-02-25 20:36:58.185 9 INFO neutron.db.ovn_revision_numbers_db [None req-18cd8a8f-e09b-47ed-afb0-bb3c077a79f7 a7403bfa94a0415492633a7e484d2c3c 27c676a40c654053a504661d6302f55d - - default default] Successfully bumped revision number for resource 7a58edb4-0b59-4df3-b95b-20fe3b959f5e (type: security_group_rules) to 0
2026-02-25 20:36:58.205 9 INFO neutron.db.ovn_revision_numbers_db [None req-18cd8a8f-e09b-47ed-afb0-bb3c077a79f7 a7403bfa94a0415492633a7e484d2c3c 27c676a40c654053a504661d6302f55d - - default default] Successfully bumped revision number for resource a10b8109-5fde-4e04-bfc6-5836b4e90a4d (type: security_group_rules) to 0
2026-02-25 20:36:58.252 9 INFO neutron.wsgi [None req-18cd8a8f-e09b-47ed-afb0-bb3c077a79f7 a7403bfa94a0415492633a7e484d2c3c 27c676a40c654053a504661d6302f55d - - default default] 10.0.0.239 "GET /v2.0/security-groups?tenant_id=97293575f65644fa8c63b0a0aead45e6&name=default HTTP/1.1" status: 200 len: 2996 time: 0.2852893
2026-02-25 20:36:58.337 9 INFO neutron.db.ovn_revision_numbers_db [None req-d796346b-7503-4aa2-a6a4-322aeabfc05d a7403bfa94a0415492633a7e484d2c3c 27c676a40c654053a504661d6302f55d - - default default] Successfully bumped revision number for resource 79bd3e85-5952-4dc9-92cf-5eae605b2bb3 (type: networks) to 1
2026-02-25 20:36:58.343 10 INFO neutron.db.ovn_revision_numbers_db [None req-ac0eb350-c4ed-4eb0-9b02-0cfbe654f86f 762180f0f1d748f39d356317a8e8eea4 baad5e2d684d47d8af59d0008f220bc6 - - default default] Successfully bumped revision number for resource b9c5b69c-d0b4-4f8a-a59a-83f159d4fe9b (type: security_groups) to 1
2026-02-25 20:36:58.364 10 INFO neutron.db.ovn_revision_numbers_db [None req-ac0eb350-c4ed-4eb0-9b02-0cfbe654f86f 762180f0f1d748f39d356317a8e8eea4 baad5e2d684d47d8af59d0008f220bc6 - - default default] Successfully bumped revision number for resource 72019149-6d4f-49a8-b9af-46c592f1bc82 (type: security_group_rules) to 0
2026-02-25 20:36:58.393 10 INFO neutron.db.ovn_revision_numbers_db [None req-ac0eb350-c4ed-4eb0-9b02-0cfbe654f86f 762180f0f1d748f39d356317a8e8eea4 baad5e2d684d47d8af59d0008f220bc6 - - default default] Successfully bumped revision number for resource 820d8d3a-d0c4-4b2a-badc-9e514a634d81 (type: security_group_rules) to 0
2026-02-25 20:36:58.414 10 INFO neutron.plugins.ml2.drivers.ovn.mech_driver.mech_driver [None req-d30f8d2e-f636-4c78-9826-d47f0238f5d0 - - - - - -] OVN reports status up for port: 398727be-5d81-4639-b644-fd53f1cd58b3
2026-02-25 20:36:58.427 10 INFO neutron.wsgi [None req-ac0eb350-c4ed-4eb0-9b02-0cfbe654f86f 762180f0f1d748f39d356317a8e8eea4 baad5e2d684d47d8af59d0008f220bc6 - - default default] 10.0.0.239 "POST /v2.0/security-groups HTTP/1.1" status: 201 len: 1760 time: 0.8279984
2026-02-25 20:36:58.473 10 INFO neutron.plugins.ml2.plugin [None req-d30f8d2e-f636-4c78-9826-d47f0238f5d0 - - - - - -] Attempt 1 to provision port 398727be-5d81-4639-b644-fd53f1cd58b3
2026-02-25 20:36:58.502 10 INFO neutron.db.ovn_revision_numbers_db [None req-e5c8cda5-58f1-47ec-92db-74450fac3de6 c0eb7a5bed2f42c8a31a0945a82f442d 0dc4c7210e4146ceab926d487ebf98d5 - - default default] Successfully bumped revision number for resource 398727be-5d81-4639-b644-fd53f1cd58b3 (type: router_ports) to 1
2026-02-25 20:36:58.505 9 INFO neutron.wsgi [None req-4d6a117d-629c-4bd2-b83c-2d0ae98b0b86 762180f0f1d748f39d356317a8e8eea4 baad5e2d684d47d8af59d0008f220bc6 - - default default] 10.0.0.239 "GET /v2.0/security-groups HTTP/1.1" status: 200 len: 4538 time: 0.0548613
2026-02-25 20:36:58.554 9 WARNING neutron.scheduler.dhcp_agent_scheduler [None req-d796346b-7503-4aa2-a6a4-322aeabfc05d a7403bfa94a0415492633a7e484d2c3c 27c676a40c654053a504661d6302f55d - - default default] No more DHCP agents
2026-02-25 20:36:58.558 9 WARNING neutron.api.rpc.agentnotifiers.dhcp_rpc_agent_api [None req-d796346b-7503-4aa2-a6a4-322aeabfc05d a7403bfa94a0415492633a7e484d2c3c 27c676a40c654053a504661d6302f55d - - default default] Unable to schedule network 79bd3e85-5952-4dc9-92cf-5eae605b2bb3: no agents available; will retry on subsequent port and subnet creation events.
2026-02-25 20:36:58.589 10 INFO neutron.db.ovn_revision_numbers_db [None req-e5c8cda5-58f1-47ec-92db-74450fac3de6 c0eb7a5bed2f42c8a31a0945a82f442d 0dc4c7210e4146ceab926d487ebf98d5 - - default default] Successfully bumped revision number for resource ffd5f0e5-e06d-4661-b51b-d8f68d557a7b (type: routers) to 2
2026-02-25 20:36:58.603 10 INFO neutron.wsgi [None req-e5c8cda5-58f1-47ec-92db-74450fac3de6 c0eb7a5bed2f42c8a31a0945a82f442d 0dc4c7210e4146ceab926d487ebf98d5 - - default default] 10.0.0.239 "POST /v2.0/routers HTTP/1.1" status: 201 len: 872 time: 1.5301423
2026-02-25 20:36:58.606 10 INFO neutron.wsgi [None req-479b37f3-436c-4090-ab62-d5fe637bc73a a7403bfa94a0415492633a7e484d2c3c 27c676a40c654053a504661d6302f55d - - default default] 10.0.0.239 "DELETE /v2.0/security-groups/6a5ce9e7-391c-4796-b69a-d7a8f55863de HTTP/1.1" status: 204 len: 168 time: 0.3467011
2026-02-25 20:36:58.620 9 INFO neutron.db.ovn_revision_numbers_db [None req-e02f03dd-ed48-45e0-91b8-416a5e0df993 762180f0f1d748f39d356317a8e8eea4 baad5e2d684d47d8af59d0008f220bc6 - - default default] Successfully bumped revision number for resource b9c5b69c-d0b4-4f8a-a59a-83f159d4fe9b (type: security_groups) to 2
2026-02-25 20:36:58.623 9 INFO neutron.wsgi [None req-e02f03dd-ed48-45e0-91b8-416a5e0df993 762180f0f1d748f39d356317a8e8eea4 baad5e2d684d47d8af59d0008f220bc6 - - default default] 10.0.0.239 "PUT /v2.0/security-groups/b9c5b69c-d0b4-4f8a-a59a-83f159d4fe9b HTTP/1.1" status: 200 len: 1794 time: 0.1142778
2026-02-25 20:36:58.671 10 INFO neutron.wsgi [None req-9062a1c7-c549-4767-a10a-4bcd402530db 762180f0f1d748f39d356317a8e8eea4 baad5e2d684d47d8af59d0008f220bc6 - - default default] 10.0.0.239 "GET /v2.0/security-groups/b9c5b69c-d0b4-4f8a-a59a-83f159d4fe9b HTTP/1.1" status: 200 len: 1794 time: 0.0382168
2026-02-25 20:36:58.688 9 INFO neutron.db.ovn_revision_numbers_db [None req-d796346b-7503-4aa2-a6a4-322aeabfc05d a7403bfa94a0415492633a7e484d2c3c 27c676a40c654053a504661d6302f55d - - default default] Successfully bumped revision number for resource 70a6c533-57fb-488a-b9af-44b57a395065 (type: ports) to 1
2026-02-25 20:36:58.703 9 INFO neutron.wsgi [None req-e139c372-a288-418b-890f-356b857b0044 c0eb7a5bed2f42c8a31a0945a82f442d 0dc4c7210e4146ceab926d487ebf98d5 - - default default] 10.0.0.239 "GET /v2.0/routers/ffd5f0e5-e06d-4661-b51b-d8f68d557a7b HTTP/1.1" status: 200 len: 873 time: 0.0937736
2026-02-25 20:36:58.725 9 INFO neutron.wsgi [None req-d796346b-7503-4aa2-a6a4-322aeabfc05d a7403bfa94a0415492633a7e484d2c3c 27c676a40c654053a504661d6302f55d - - default default] 10.0.0.239 "POST /v2.0/networks HTTP/1.1" status: 201 len: 947 time: 0.8611991
2026-02-25 20:36:58.815 9 INFO neutron.wsgi [None req-55d67c8b-4122-4cc4-ae53-b3a36ceef95d c0eb7a5bed2f42c8a31a0945a82f442d 0dc4c7210e4146ceab926d487ebf98d5 - - default default] 10.0.0.239 "GET /v2.0/routers HTTP/1.1" status: 200 len: 876 time: 0.1062405
