2026-02-25 20:37:48.743 9 INFO neutron.wsgi [None req-c844572b-fe0a-41c3-9aca-09924e57265f fb8dc48aadb74d5aac3505ce9429629a c913239ffe3b48fab6d2d9b32066fc86 - - default default] 10.0.0.239 "DELETE /v2.0/networks/18fb116d-fccf-40a8-a08e-ccdda357c458 HTTP/1.1" status: 204 len: 168 time: 0.4564521
2026-02-25 20:37:48.744 10 INFO neutron.wsgi [None req-ea508c6d-0beb-4def-87a3-a742abf6e803 914717fcd30b4fa5a2f786bf0b1fceae 77afc5060c034997918daa0ebadd1773 - - default default] 10.0.0.239 "POST /v2.0/security-group-rules HTTP/1.1" status: 201 len: 764 time: 0.1921034
2026-02-25 20:37:48.757 10 WARNING neutron_lib.context [None req-09d36bd7-1d7b-46fb-8e20-df7f88d4da24 fb8dc48aadb74d5aac3505ce9429629a c913239ffe3b48fab6d2d9b32066fc86 - - default default] Method 'is_advsvc' is deprecated since 2023.2 release (neutron-lib 3.8.0) and will be removed once support for the old RBAC API policies will be removed from Neutron. Please use method 'is_service_role' instead.
2026-02-25 20:37:48.764 10 WARNING neutron_lib.context [None req-ba9de803-e684-46ab-87a6-59498d757420 914717fcd30b4fa5a2f786bf0b1fceae 77afc5060c034997918daa0ebadd1773 - - default default] Method 'is_advsvc' is deprecated since 2023.2 release (neutron-lib 3.8.0) and will be removed once support for the old RBAC API policies will be removed from Neutron. Please use method 'is_service_role' instead.
2026-02-25 20:37:48.822 9 INFO neutron.wsgi [None req-900bdb3f-ceb1-4224-ad81-6c74f4158324 9c5ee6e0f9554f59bb4f2b97dfd60857 c969d4e7b62f4947b8d02db1a8372486 - - default default] 10.0.0.239 "DELETE /v2.0/ports/59d9704a-b12e-4f20-b112-566eaa639117 HTTP/1.1" status: 204 len: 168 time: 0.3055148
2026-02-25 20:37:48.862 10 INFO neutron.db.segments_db [None req-09d36bd7-1d7b-46fb-8e20-df7f88d4da24 fb8dc48aadb74d5aac3505ce9429629a c913239ffe3b48fab6d2d9b32066fc86 - - default default] Added segment bae1e898-92dc-481f-a451-52c2170592ca of type geneve for network 5eddf2e9-7973-4af5-877d-dfd5c5c5b976
2026-02-25 20:37:48.974 10 INFO neutron.db.ovn_revision_numbers_db [None req-ba9de803-e684-46ab-87a6-59498d757420 914717fcd30b4fa5a2f786bf0b1fceae 77afc5060c034997918daa0ebadd1773 - - default default] Successfully bumped revision number for resource 60afce73-fd91-4d78-b213-b905560a64ef (type: security_group_rules) to 0
2026-02-25 20:37:49.022 10 INFO neutron.wsgi [None req-7a04954c-0b1c-4d73-9f2b-fcd87bc2c923 9c5ee6e0f9554f59bb4f2b97dfd60857 c969d4e7b62f4947b8d02db1a8372486 - - default default] 10.0.0.239 "GET /v2.0/ports HTTP/1.1" status: 200 len: 1718 time: 0.1956625
2026-02-25 20:37:49.032 10 WARNING neutron_lib.context [None req-ea48fdd9-511a-4a30-9cdf-9467047cfffa 9c5ee6e0f9554f59bb4f2b97dfd60857 c969d4e7b62f4947b8d02db1a8372486 - - default default] Method 'is_advsvc' is deprecated since 2023.2 release (neutron-lib 3.8.0) and will be removed once support for the old RBAC API policies will be removed from Neutron. Please use method 'is_service_role' instead.
2026-02-25 20:37:49.051 10 INFO neutron.wsgi [None req-ba9de803-e684-46ab-87a6-59498d757420 914717fcd30b4fa5a2f786bf0b1fceae 77afc5060c034997918daa0ebadd1773 - - default default] 10.0.0.239 "POST /v2.0/security-group-rules HTTP/1.1" status: 201 len: 763 time: 0.2979119
2026-02-25 20:37:49.062 9 WARNING neutron_lib.context [None req-6a163767-1077-4753-88d3-20917b42f3b0 914717fcd30b4fa5a2f786bf0b1fceae 77afc5060c034997918daa0ebadd1773 - - default default] Method 'is_advsvc' is deprecated since 2023.2 release (neutron-lib 3.8.0) and will be removed once support for the old RBAC API policies will be removed from Neutron. Please use method 'is_service_role' instead.
2026-02-25 20:37:49.087 10 INFO neutron.db.ovn_revision_numbers_db [None req-09d36bd7-1d7b-46fb-8e20-df7f88d4da24 fb8dc48aadb74d5aac3505ce9429629a c913239ffe3b48fab6d2d9b32066fc86 - - default default] Successfully bumped revision number for resource 5eddf2e9-7973-4af5-877d-dfd5c5c5b976 (type: networks) to 1
2026-02-25 20:37:49.164 10 INFO neutron.db.segments_db [None req-ea48fdd9-511a-4a30-9cdf-9467047cfffa 9c5ee6e0f9554f59bb4f2b97dfd60857 c969d4e7b62f4947b8d02db1a8372486 - - default default] Added segment eb500a9b-2bc4-4652-8ac3-049f936f7aba of type geneve for network e9b55f7a-7a8d-4d9a-9cce-9a62cff38715
2026-02-25 20:37:49.189 9 INFO neutron.db.ovn_revision_numbers_db [None req-6a163767-1077-4753-88d3-20917b42f3b0 914717fcd30b4fa5a2f786bf0b1fceae 77afc5060c034997918daa0ebadd1773 - - default default] Successfully bumped revision number for resource ac314e8c-2f0b-4f2e-8308-2c38fe1df0c8 (type: security_group_rules) to 0
2026-02-25 20:37:49.216 9 WARNING neutron.plugins.ml2.drivers.ovn.mech_driver.ovsdb.ovn_client [None req-67b502a8-91c0-4df6-ad81-11dbcd0b1268 - - - - - -] No port found with ID 0397dbea-e262-4438-a913-61e4afbbdf83: RuntimeError: No port found with ID 0397dbea-e262-4438-a913-61e4afbbdf83
2026-02-25 20:37:49.216 9 INFO neutron.plugins.ml2.drivers.ovn.mech_driver.mech_driver [None req-67b502a8-91c0-4df6-ad81-11dbcd0b1268 - - - - - -] OVN reports status up for port: b50a9d5f-d308-47c9-9cae-a520e3650edd
2026-02-25 20:37:49.223 9 INFO neutron.wsgi [None req-6a163767-1077-4753-88d3-20917b42f3b0 914717fcd30b4fa5a2f786bf0b1fceae 77afc5060c034997918daa0ebadd1773 - - default default] 10.0.0.239 "POST /v2.0/security-group-rules HTTP/1.1" status: 201 len: 769 time: 0.1673703
2026-02-25 20:37:49.233 9 WARNING neutron_lib.context [None req-a5b24527-c80c-436f-bf4d-265739e16881 914717fcd30b4fa5a2f786bf0b1fceae 77afc5060c034997918daa0ebadd1773 - - default default] Method 'is_advsvc' is deprecated since 2023.2 release (neutron-lib 3.8.0) and will be removed once support for the old RBAC API policies will be removed from Neutron. Please use method 'is_service_role' instead.
2026-02-25 20:37:49.236 9 INFO neutron.plugins.ml2.plugin [None req-67b502a8-91c0-4df6-ad81-11dbcd0b1268 - - - - - -] Attempt 1 to provision port b50a9d5f-d308-47c9-9cae-a520e3650edd
2026-02-25 20:37:49.279 10 WARNING neutron.scheduler.dhcp_agent_scheduler [None req-09d36bd7-1d7b-46fb-8e20-df7f88d4da24 fb8dc48aadb74d5aac3505ce9429629a c913239ffe3b48fab6d2d9b32066fc86 - - default default] No more DHCP agents
2026-02-25 20:37:49.285 10 WARNING neutron.api.rpc.agentnotifiers.dhcp_rpc_agent_api [None req-09d36bd7-1d7b-46fb-8e20-df7f88d4da24 fb8dc48aadb74d5aac3505ce9429629a c913239ffe3b48fab6d2d9b32066fc86 - - default default] Unable to schedule network 5eddf2e9-7973-4af5-877d-dfd5c5c5b976: no agents available; will retry on subsequent port and subnet creation events.
2026-02-25 20:37:49.404 10 INFO neutron.db.ovn_revision_numbers_db [None req-ea48fdd9-511a-4a30-9cdf-9467047cfffa 9c5ee6e0f9554f59bb4f2b97dfd60857 c969d4e7b62f4947b8d02db1a8372486 - - default default] Successfully bumped revision number for resource e9b55f7a-7a8d-4d9a-9cce-9a62cff38715 (type: networks) to 1
2026-02-25 20:37:49.421 10 INFO neutron.db.ovn_revision_numbers_db [None req-09d36bd7-1d7b-46fb-8e20-df7f88d4da24 fb8dc48aadb74d5aac3505ce9429629a c913239ffe3b48fab6d2d9b32066fc86 - - default default] Successfully bumped revision number for resource cb72b707-e7ce-4e37-a549-78d5ee360bba (type: ports) to 1
2026-02-25 20:37:49.446 10 INFO neutron.wsgi [None req-09d36bd7-1d7b-46fb-8e20-df7f88d4da24 fb8dc48aadb74d5aac3505ce9429629a c913239ffe3b48fab6d2d9b32066fc86 - - default default] 10.0.0.239 "POST /v2.0/networks HTTP/1.1" status: 201 len: 828 time: 0.6944571
2026-02-25 20:37:49.460 10 WARNING neutron_lib.context [None req-800acbd6-9708-403d-82c2-bc4f8b4474b3 fb8dc48aadb74d5aac3505ce9429629a c913239ffe3b48fab6d2d9b32066fc86 - - default default] Method 'is_advsvc' is deprecated since 2023.2 release (neutron-lib 3.8.0) and will be removed once support for the old RBAC API policies will be removed from Neutron. Please use method 'is_service_role' instead.
2026-02-25 20:37:49.619 10 WARNING neutron.scheduler.dhcp_agent_scheduler [None req-ea48fdd9-511a-4a30-9cdf-9467047cfffa 9c5ee6e0f9554f59bb4f2b97dfd60857 c969d4e7b62f4947b8d02db1a8372486 - - default default] No more DHCP agents
2026-02-25 20:37:49.626 10 WARNING neutron.api.rpc.agentnotifiers.dhcp_rpc_agent_api [None req-ea48fdd9-511a-4a30-9cdf-9467047cfffa 9c5ee6e0f9554f59bb4f2b97dfd60857 c969d4e7b62f4947b8d02db1a8372486 - - default default] Unable to schedule network e9b55f7a-7a8d-4d9a-9cce-9a62cff38715: no agents available; will retry on subsequent port and subnet creation events.
2026-02-25 20:37:49.692 9 INFO neutron.plugins.ml2.drivers.ovn.mech_driver.mech_driver [None req-67b502a8-91c0-4df6-ad81-11dbcd0b1268 - - - - - -] OVN reports status up for port: 9605fed7-bd4e-421b-bd24-ef76203c0b20
2026-02-25 20:37:49.706 9 INFO neutron.plugins.ml2.plugin [None req-67b502a8-91c0-4df6-ad81-11dbcd0b1268 - - - - - -] Attempt 1 to provision port 9605fed7-bd4e-421b-bd24-ef76203c0b20
2026-02-25 20:37:49.755 10 WARNING neutron.scheduler.dhcp_agent_scheduler [None req-800acbd6-9708-403d-82c2-bc4f8b4474b3 fb8dc48aadb74d5aac3505ce9429629a c913239ffe3b48fab6d2d9b32066fc86 - - default default] No more DHCP agents
2026-02-25 20:37:49.756 10 WARNING neutron.api.rpc.agentnotifiers.dhcp_rpc_agent_api [None req-800acbd6-9708-403d-82c2-bc4f8b4474b3 fb8dc48aadb74d5aac3505ce9429629a c913239ffe3b48fab6d2d9b32066fc86 - - default default] Unable to schedule network 5eddf2e9-7973-4af5-877d-dfd5c5c5b976: no agents available; will retry on subsequent port and subnet creation events.
2026-02-25 20:37:49.758 10 INFO neutron.db.ovn_revision_numbers_db [None req-ea48fdd9-511a-4a30-9cdf-9467047cfffa 9c5ee6e0f9554f59bb4f2b97dfd60857 c969d4e7b62f4947b8d02db1a8372486 - - default default] Successfully bumped revision number for resource 66fc1631-f704-4033-b390-cf30cbc5fc8f (type: ports) to 1
2026-02-25 20:37:49.759 9 INFO neutron.db.ovn_revision_numbers_db [None req-a5b24527-c80c-436f-bf4d-265739e16881 914717fcd30b4fa5a2f786bf0b1fceae 77afc5060c034997918daa0ebadd1773 - - default default] Successfully bumped revision number for resource 23306fe9-cc0f-40d0-9073-bdd575f7e4d3 (type: security_group_rules) to 0
2026-02-25 20:37:49.785 10 INFO neutron.wsgi [None req-ea48fdd9-511a-4a30-9cdf-9467047cfffa 9c5ee6e0f9554f59bb4f2b97dfd60857 c969d4e7b62f4947b8d02db1a8372486 - - default default] 10.0.0.239 "POST /v2.0/networks HTTP/1.1" status: 201 len: 853 time: 0.7565734
2026-02-25 20:37:49.791 9 INFO neutron.wsgi [None req-a5b24527-c80c-436f-bf4d-265739e16881 914717fcd30b4fa5a2f786bf0b1fceae 77afc5060c034997918daa0ebadd1773 - - default default] 10.0.0.239 "POST /v2.0/security-group-rules HTTP/1.1" status: 201 len: 768 time: 0.5627432
2026-02-25 20:37:49.794 10 WARNING neutron_lib.context [None req-4971d187-afe0-424e-af8e-4ec07bd93ba1 9c5ee6e0f9554f59bb4f2b97dfd60857 c969d4e7b62f4947b8d02db1a8372486 - - default default] Method 'is_advsvc' is deprecated since 2023.2 release (neutron-lib 3.8.0) and will be removed once support for the old RBAC API policies will be removed from Neutron. Please use method 'is_service_role' instead.
2026-02-25 20:37:49.803 9 WARNING neutron_lib.context [None req-b3a3ab8a-f799-4a6b-8e7a-9fd8cbc9bbaf 914717fcd30b4fa5a2f786bf0b1fceae 77afc5060c034997918daa0ebadd1773 - - default default] Method 'is_advsvc' is deprecated since 2023.2 release (neutron-lib 3.8.0) and will be removed once support for the old RBAC API policies will be removed from Neutron. Please use method 'is_service_role' instead.
2026-02-25 20:37:49.828 9 INFO neutron.db.securitygroups_db [None req-b3a3ab8a-f799-4a6b-8e7a-9fd8cbc9bbaf 914717fcd30b4fa5a2f786bf0b1fceae 77afc5060c034997918daa0ebadd1773 - - default default] Project 77afc5060c034997918daa0ebadd1773 added a security group rule with legacy IPv6 ICMP protocol name icmp, ipv6-icmp should be used instead. It was automatically converted.
2026-02-25 20:37:49.889 10 INFO neutron.db.segments_db [None req-4971d187-afe0-424e-af8e-4ec07bd93ba1 9c5ee6e0f9554f59bb4f2b97dfd60857 c969d4e7b62f4947b8d02db1a8372486 - - default default] Added segment 89ef70f6-608e-4e66-8ddf-91df9ba18694 of type geneve for network bb5f784e-b770-4471-b2d5-280649ab3d75
2026-02-25 20:37:49.962 9 INFO neutron.db.ovn_revision_numbers_db [None req-b3a3ab8a-f799-4a6b-8e7a-9fd8cbc9bbaf 914717fcd30b4fa5a2f786bf0b1fceae 77afc5060c034997918daa0ebadd1773 - - default default] Successfully bumped revision number for resource e6eed83c-e507-469c-a140-2734703b7e66 (type: security_group_rules) to 0
2026-02-25 20:37:49.991 9 INFO neutron.wsgi [None req-b3a3ab8a-f799-4a6b-8e7a-9fd8cbc9bbaf 914717fcd30b4fa5a2f786bf0b1fceae 77afc5060c034997918daa0ebadd1773 - - default default] 10.0.0.239 "POST /v2.0/security-group-rules HTTP/1.1" status: 201 len: 774 time: 0.1940658
2026-02-25 20:37:50.004 9 WARNING neutron_lib.context [None req-e4cde78c-adc2-49fc-9893-fa19e2a45893 914717fcd30b4fa5a2f786bf0b1fceae 77afc5060c034997918daa0ebadd1773 - - default default] Method 'is_advsvc' is deprecated since 2023.2 release (neutron-lib 3.8.0) and will be removed once support for the old RBAC API policies will be removed from Neutron. Please use method 'is_service_role' instead.
2026-02-25 20:37:50.038 9 INFO neutron.db.securitygroups_db [None req-e4cde78c-adc2-49fc-9893-fa19e2a45893 914717fcd30b4fa5a2f786bf0b1fceae 77afc5060c034997918daa0ebadd1773 - - default default] Project 77afc5060c034997918daa0ebadd1773 added a security group rule with legacy IPv6 ICMP protocol name icmp, ipv6-icmp should be used instead. It was automatically converted.
2026-02-25 20:37:50.050 9 INFO neutron.db.ovn_revision_numbers_db [None req-67b502a8-91c0-4df6-ad81-11dbcd0b1268 - - - - - -] Successfully bumped revision number for resource 9605fed7-bd4e-421b-bd24-ef76203c0b20 (type: ports) to 2
2026-02-25 20:37:50.064 10 INFO neutron.db.ovn_revision_numbers_db [None req-4971d187-afe0-424e-af8e-4ec07bd93ba1 9c5ee6e0f9554f59bb4f2b97dfd60857 c969d4e7b62f4947b8d02db1a8372486 - - default default] Successfully bumped revision number for resource bb5f784e-b770-4471-b2d5-280649ab3d75 (type: networks) to 1
2026-02-25 20:37:50.157 9 INFO neutron.db.ovn_revision_numbers_db [None req-67b502a8-91c0-4df6-ad81-11dbcd0b1268 - - - - - -] Successfully bumped revision number for resource 9605fed7-bd4e-421b-bd24-ef76203c0b20 (type: router_ports) to 2
2026-02-25 20:37:50.197 9 INFO neutron.db.ovn_revision_numbers_db [None req-e4cde78c-adc2-49fc-9893-fa19e2a45893 914717fcd30b4fa5a2f786bf0b1fceae 77afc5060c034997918daa0ebadd1773 - - default default] Successfully bumped revision number for resource fb7994bb-5e84-4676-817a-bb382375212f (type: security_group_rules) to 0
2026-02-25 20:37:50.235 9 INFO neutron.wsgi [None req-e4cde78c-adc2-49fc-9893-fa19e2a45893 914717fcd30b4fa5a2f786bf0b1fceae 77afc5060c034997918daa0ebadd1773 - - default default] 10.0.0.239 "POST /v2.0/security-group-rules HTTP/1.1" status: 201 len: 773 time: 0.2382963
2026-02-25 20:37:50.266 9 INFO neutron.services.segments.plugin [-] Segment 11d01e8b-1e57-4847-b75e-160d5a0c3954 resource provider aggregate not found
2026-02-25 20:37:50.274 9 INFO neutron.services.segments.plugin [-] Segment 11d01e8b-1e57-4847-b75e-160d5a0c3954 resource provider aggregate not found
2026-02-25 20:37:50.282 9 INFO neutron.services.segments.plugin [-] Segment 11d01e8b-1e57-4847-b75e-160d5a0c3954 resource provider not found; error: Placement Client Error (4xx): {"errors": [{"status": 404, "title": "Not Found", "detail": "The resource could not be found.\n\n No resource provider with uuid 11d01e8b-1e57-4847-b75e-160d5a0c3954 found for delete ", "request_id": "req-a35132ed-15a6-42cc-8ccc-f6885c8a9e77"}]}
2026-02-25 20:37:50.287 10 WARNING neutron.scheduler.dhcp_agent_scheduler [None req-4971d187-afe0-424e-af8e-4ec07bd93ba1 9c5ee6e0f9554f59bb4f2b97dfd60857 c969d4e7b62f4947b8d02db1a8372486 - - default default] No more DHCP agents
2026-02-25 20:37:50.291 10 WARNING neutron.api.rpc.agentnotifiers.dhcp_rpc_agent_api [None req-4971d187-afe0-424e-af8e-4ec07bd93ba1 9c5ee6e0f9554f59bb4f2b97dfd60857 c969d4e7b62f4947b8d02db1a8372486 - - default default] Unable to schedule network bb5f784e-b770-4471-b2d5-280649ab3d75: no agents available; will retry on subsequent port and subnet creation events.
2026-02-25 20:37:50.295 9 INFO neutron.services.segments.plugin [-] Segment 11d01e8b-1e57-4847-b75e-160d5a0c3954 resource provider not found; error: Placement Client Error (4xx): {"errors": [{"status": 404, "title": "Not Found", "detail": "The resource could not be found.\n\n No resource provider with uuid 11d01e8b-1e57-4847-b75e-160d5a0c3954 found for delete ", "request_id": "req-f8e42d83-19d9-45e0-a387-0224b008a9d3"}]}
2026-02-25 20:37:50.371 10 INFO neutron.db.ovn_revision_numbers_db [None req-800acbd6-9708-403d-82c2-bc4f8b4474b3 fb8dc48aadb74d5aac3505ce9429629a c913239ffe3b48fab6d2d9b32066fc86 - - default default] Successfully bumped revision number for resource cb72b707-e7ce-4e37-a549-78d5ee360bba (type: ports) to 2
2026-02-25 20:37:50.387 10 INFO neutron.db.ovn_revision_numbers_db [None req-4971d187-afe0-424e-af8e-4ec07bd93ba1 9c5ee6e0f9554f59bb4f2b97dfd60857 c969d4e7b62f4947b8d02db1a8372486 - - default default] Successfully bumped revision number for resource 957b1b16-2de5-4787-8692-3edbd30b00e6 (type: ports) to 1
2026-02-25 20:37:50.406 10 INFO neutron.db.ovn_revision_numbers_db [None req-800acbd6-9708-403d-82c2-bc4f8b4474b3 fb8dc48aadb74d5aac3505ce9429629a c913239ffe3b48fab6d2d9b32066fc86 - - default default] Successfully bumped revision number for resource dd9ac71c-6fd7-4ac5-938e-3fac5a907f30 (type: subnets) to 0
2026-02-25 20:37:50.411 10 INFO neutron.wsgi [None req-4971d187-afe0-424e-af8e-4ec07bd93ba1 9c5ee6e0f9554f59bb4f2b97dfd60857 c969d4e7b62f4947b8d02db1a8372486 - - default default] 10.0.0.239 "POST /v2.0/networks HTTP/1.1" status: 201 len: 852 time: 0.6209035
2026-02-25 20:37:50.421 10 INFO neutron.wsgi [None req-800acbd6-9708-403d-82c2-bc4f8b4474b3 fb8dc48aadb74d5aac3505ce9429629a c913239ffe3b48fab6d2d9b32066fc86 - - default default] 10.0.0.239 "POST /v2.0/subnets HTTP/1.1" status: 201 len: 801 time: 0.9696970
2026-02-25 20:37:50.431 10 WARNING neutron_lib.context [None req-5f56843a-4d54-41b7-95a9-76eb388904a7 fb8dc48aadb74d5aac3505ce9429629a c913239ffe3b48fab6d2d9b32066fc86 - - default default] Method 'is_advsvc' is deprecated since 2023.2 release (neutron-lib 3.8.0) and will be removed once support for the old RBAC API policies will be removed from Neutron. Please use method 'is_service_role' instead.
2026-02-25 20:37:50.797 9 INFO neutron.wsgi [None req-ea8cf51e-7911-4463-9fa1-ceb0b8c842eb 914717fcd30b4fa5a2f786bf0b1fceae 77afc5060c034997918daa0ebadd1773 - - default default] 10.0.0.239 "GET /v2.0/networks HTTP/1.1" status: 200 len: 1492 time: 0.1844232
2026-02-25 20:37:50.819 10 INFO neutron.db.ovn_revision_numbers_db [None req-5f56843a-4d54-41b7-95a9-76eb388904a7 fb8dc48aadb74d5aac3505ce9429629a c913239ffe3b48fab6d2d9b32066fc86 - - default default] Successfully bumped revision number for resource 043a19b2-baa7-4f97-9642-4964d907329e (type: routers) to 1
2026-02-25 20:37:50.834 10 INFO neutron.wsgi [None req-5f56843a-4d54-41b7-95a9-76eb388904a7 fb8dc48aadb74d5aac3505ce9429629a c913239ffe3b48fab6d2d9b32066fc86 - - default default] 10.0.0.239 "POST /v2.0/routers HTTP/1.1" status: 201 len: 687 time: 0.4074430
2026-02-25 20:37:50.846 10 WARNING neutron_lib.context [None req-143142ab-0923-4af3-9b95-8800ee5568b2 fb8dc48aadb74d5aac3505ce9429629a c913239ffe3b48fab6d2d9b32066fc86 - - default default] Method 'is_advsvc' is deprecated since 2023.2 release (neutron-lib 3.8.0) and will be removed once support for the old RBAC API policies will be removed from Neutron. Please use method 'is_service_role' instead.
2026-02-25 20:37:50.903 9 WARNING neutron_lib.context [None req-2a1aae25-bef7-45c4-9e93-a4a02c132de6 9c5ee6e0f9554f59bb4f2b97dfd60857 c969d4e7b62f4947b8d02db1a8372486 - - default default] Method 'is_advsvc' is deprecated since 2023.2 release (neutron-lib 3.8.0) and will be removed once support for the old RBAC API policies will be removed from Neutron. Please use method 'is_service_role' instead.
2026-02-25 20:37:50.925 9 INFO neutron.wsgi [req-1851526d-3c8c-4598-b80f-410e15bd5483 req-5f0e02cb-7f0d-4ae8-b1d2-ae83c3670f0b 914717fcd30b4fa5a2f786bf0b1fceae 77afc5060c034997918daa0ebadd1773 - - default default] 10.0.0.78 "GET /v2.0/security-groups?name=tempest-secgroup-smoke-1162718426&fields=id&tenant_id=77afc5060c034997918daa0ebadd1773 HTTP/1.1" status: 200 len: 267 time: 0.0602763
2026-02-25 20:37:50.966 9 WARNING neutron_lib.context [None req-2a1aae25-bef7-45c4-9e93-a4a02c132de6 9c5ee6e0f9554f59bb4f2b97dfd60857 c969d4e7b62f4947b8d02db1a8372486 - - default default] Method 'is_advsvc' is deprecated since 2023.2 release (neutron-lib 3.8.0) and will be removed once support for the old RBAC API policies will be removed from Neutron. Please use method 'is_service_role' instead.
2026-02-25 20:37:51.022 9 INFO neutron.wsgi [req-1851526d-3c8c-4598-b80f-410e15bd5483 req-eb0a5170-0549-4e6a-b657-b28fe105f87f 914717fcd30b4fa5a2f786bf0b1fceae 77afc5060c034997918daa0ebadd1773 - - default default] 10.0.0.78 "GET /v2.0/networks?id=1504a75b-c112-4a37-983a-133fb9a44d3f HTTP/1.1" status: 200 len: 859 time: 0.0904398
2026-02-25 20:37:51.045 9 INFO neutron.wsgi [req-1851526d-3c8c-4598-b80f-410e15bd5483 req-ed1c8273-26a0-4f61-a3db-08ebad6be58a 914717fcd30b4fa5a2f786bf0b1fceae 77afc5060c034997918daa0ebadd1773 - - default default] 10.0.0.78 "GET /v2.0/quotas/77afc5060c034997918daa0ebadd1773 HTTP/1.1" status: 200 len: 386 time: 0.0157561
2026-02-25 20:37:51.140 10 WARNING neutron.scheduler.dhcp_agent_scheduler [None req-143142ab-0923-4af3-9b95-8800ee5568b2 fb8dc48aadb74d5aac3505ce9429629a c913239ffe3b48fab6d2d9b32066fc86 - - default default] No more DHCP agents
2026-02-25 20:37:51.141 10 WARNING neutron.api.rpc.agentnotifiers.dhcp_rpc_agent_api [None req-143142ab-0923-4af3-9b95-8800ee5568b2 fb8dc48aadb74d5aac3505ce9429629a c913239ffe3b48fab6d2d9b32066fc86 - - default default] Unable to schedule network 5eddf2e9-7973-4af5-877d-dfd5c5c5b976: no agents available; will retry on subsequent port and subnet creation events.
2026-02-25 20:37:51.177 9 INFO neutron.wsgi [req-1851526d-3c8c-4598-b80f-410e15bd5483 req-16989356-3b21-4a5f-bc50-1f747ca9337d 914717fcd30b4fa5a2f786bf0b1fceae 77afc5060c034997918daa0ebadd1773 - - default default] 10.0.0.78 "GET /v2.0/ports?tenant_id=77afc5060c034997918daa0ebadd1773&fields=id HTTP/1.1" status: 200 len: 302 time: 0.1239164
2026-02-25 20:37:51.272 9 INFO neutron.wsgi [req-1851526d-3c8c-4598-b80f-410e15bd5483 req-f1cce792-6c61-4df1-8dea-0843bb6fa8dc 709c399d191e46e0816651119cfdb52f bb1f5842a8214640ad4f8c8595425864 - - 71f984fa33844ef493cc49ac6ef015f4 71f984fa33844ef493cc49ac6ef015f4] 10.0.0.78 "GET /v2.0/networks/1504a75b-c112-4a37-983a-133fb9a44d3f?fields=segments HTTP/1.1" status: 200 len: 212 time: 0.0803518
2026-02-25 20:37:51.313 10 INFO neutron.db.ovn_revision_numbers_db [None req-143142ab-0923-4af3-9b95-8800ee5568b2 fb8dc48aadb74d5aac3505ce9429629a c913239ffe3b48fab6d2d9b32066fc86 - - default default] Successfully bumped revision number for resource 052cb7ea-f8f6-46e8-8cf6-39bc77cd8997 (type: ports) to 1
2026-02-25 20:37:51.332 10 INFO neutron.wsgi [None req-143142ab-0923-4af3-9b95-8800ee5568b2 fb8dc48aadb74d5aac3505ce9429629a c913239ffe3b48fab6d2d9b32066fc86 - - default default] 10.0.0.239 "POST /v2.0/ports HTTP/1.1" status: 201 len: 1147 time: 0.4903965 /var/lib/openstack/lib/python3.10/site-packages/pycadf/identifier.py:71: UserWarning: Invalid uuid: neutron. To ensure interoperability, identifiers should be a valid uuid. warnings.warn(('Invalid uuid: %s. To ensure interoperability, '
2026-02-25 20:37:51.382 9 INFO neutron.wsgi [req-1851526d-3c8c-4598-b80f-410e15bd5483 req-4b7d20e0-53cb-4516-80b5-f930f3ed1c65 709c399d191e46e0816651119cfdb52f bb1f5842a8214640ad4f8c8595425864 - - 71f984fa33844ef493cc49ac6ef015f4 71f984fa33844ef493cc49ac6ef015f4] 10.0.0.78 "GET /v2.0/networks/1504a75b-c112-4a37-983a-133fb9a44d3f?fields=provider%3Aphysical_network&fields=provider%3Anetwork_type HTTP/1.1" status: 200 len: 277 time: 0.1013308
2026-02-25 20:37:51.508 9 WARNING neutron.scheduler.dhcp_agent_scheduler [None req-2a1aae25-bef7-45c4-9e93-a4a02c132de6 9c5ee6e0f9554f59bb4f2b97dfd60857 c969d4e7b62f4947b8d02db1a8372486 - - default default] No more DHCP agents
2026-02-25 20:37:51.511 9 WARNING neutron.api.rpc.agentnotifiers.dhcp_rpc_agent_api [None req-2a1aae25-bef7-45c4-9e93-a4a02c132de6 9c5ee6e0f9554f59bb4f2b97dfd60857 c969d4e7b62f4947b8d02db1a8372486 - - default default] Unable to schedule network e9b55f7a-7a8d-4d9a-9cce-9a62cff38715: no agents available; will retry on subsequent port and subnet creation events.
2026-02-25 20:37:51.561 9 INFO neutron.db.ovn_revision_numbers_db [None req-2a1aae25-bef7-45c4-9e93-a4a02c132de6 9c5ee6e0f9554f59bb4f2b97dfd60857 c969d4e7b62f4947b8d02db1a8372486 - - default default] Successfully bumped revision number for resource 26a9a0fe-903a-4754-afdc-65560edea98a (type: subnets) to 0
2026-02-25 20:37:51.584 9 INFO neutron.wsgi [req-ac7cf0ae-2a2e-4c7c-836a-8af62c12c7f0 req-01055d48-c7d3-4701-985e-d339a415a9bd 914717fcd30b4fa5a2f786bf0b1fceae 77afc5060c034997918daa0ebadd1773 - - default default] 10.0.0.78 "GET /v2.0/ports?device_id=4444423e-3ace-4999-b6ae-8aa3c43a0033 HTTP/1.1" status: 200 len: 210 time: 0.0329139
2026-02-25 20:37:51.592 9 WARNING neutron.scheduler.dhcp_agent_scheduler [None req-2a1aae25-bef7-45c4-9e93-a4a02c132de6 9c5ee6e0f9554f59bb4f2b97dfd60857 c969d4e7b62f4947b8d02db1a8372486 - - default default] No more DHCP agents
2026-02-25 20:37:51.596 9 WARNING neutron.api.rpc.agentnotifiers.dhcp_rpc_agent_api [None req-2a1aae25-bef7-45c4-9e93-a4a02c132de6 9c5ee6e0f9554f59bb4f2b97dfd60857 c969d4e7b62f4947b8d02db1a8372486 - - default default] Unable to schedule network bb5f784e-b770-4471-b2d5-280649ab3d75: no agents available; will retry on subsequent port and subnet creation events.
2026-02-25 20:37:51.626 9 INFO neutron.db.ovn_revision_numbers_db [None req-2a1aae25-bef7-45c4-9e93-a4a02c132de6 9c5ee6e0f9554f59bb4f2b97dfd60857 c969d4e7b62f4947b8d02db1a8372486 - - default default] Successfully bumped revision number for resource 4e4b087a-817c-4bac-897a-5c4bc8061c9d (type: subnets) to 0
2026-02-25 20:37:51.641 9 INFO neutron.wsgi [None req-2a1aae25-bef7-45c4-9e93-a4a02c132de6 9c5ee6e0f9554f59bb4f2b97dfd60857 c969d4e7b62f4947b8d02db1a8372486 - - default default] 10.0.0.239 "POST /v2.0/subnets HTTP/1.1" status: 201 len: 1476 time: 0.7450504
2026-02-25 20:37:51.718 9 INFO neutron.wsgi [None req-bd037c4f-aa0a-4810-a107-12779d65ea30 9c5ee6e0f9554f59bb4f2b97dfd60857 c969d4e7b62f4947b8d02db1a8372486 - - default default] 10.0.0.239 "GET /v2.0/subnets HTTP/1.1" status: 200 len: 2084 time: 0.0718935
2026-02-25 20:37:51.787 10 INFO neutron.db.ovn_revision_numbers_db [None req-6694d218-330c-4fd6-ac95-014f90a2aed8 fb8dc48aadb74d5aac3505ce9429629a c913239ffe3b48fab6d2d9b32066fc86 - - default default] Successfully bumped revision number for resource 052cb7ea-f8f6-46e8-8cf6-39bc77cd8997 (type: router_ports) to 2
2026-02-25 20:37:51.936 9 INFO neutron.wsgi [None req-1ca54dfa-34cd-4d43-aced-01eecd3be417 9c5ee6e0f9554f59bb4f2b97dfd60857 c969d4e7b62f4947b8d02db1a8372486 - - default default] 10.0.0.239 "DELETE /v2.0/subnets/26a9a0fe-903a-4754-afdc-65560edea98a HTTP/1.1" status: 204 len: 168 time: 0.2047944
2026-02-25 20:37:52.042 10 INFO neutron.db.ovn_revision_numbers_db [None req-6694d218-330c-4fd6-ac95-014f90a2aed8 fb8dc48aadb74d5aac3505ce9429629a c913239ffe3b48fab6d2d9b32066fc86 - - default default] Successfully bumped revision number for resource 052cb7ea-f8f6-46e8-8cf6-39bc77cd8997 (type: ports) to 2
2026-02-25 20:37:52.102 9 INFO neutron.wsgi [None req-fafff10b-24cc-478f-8d97-b54937081a65 9c5ee6e0f9554f59bb4f2b97dfd60857 c969d4e7b62f4947b8d02db1a8372486 - - default default] 10.0.0.239 "DELETE /v2.0/subnets/4e4b087a-817c-4bac-897a-5c4bc8061c9d HTTP/1.1" status: 204 len: 168 time: 0.1604042 /var/lib/openstack/lib/python3.10/site-packages/pycadf/identifier.py:71: UserWarning: Invalid uuid: neutron. To ensure interoperability, identifiers should be a valid uuid. warnings.warn(('Invalid uuid: %s. To ensure interoperability, '
2026-02-25 20:37:52.149 10 INFO neutron.wsgi [None req-26cce99a-20ea-474d-96b1-fe3f7287606d 9c5ee6e0f9554f59bb4f2b97dfd60857 c969d4e7b62f4947b8d02db1a8372486 - - default default] 10.0.0.239 "GET /v2.0/subnets HTTP/1.1" status: 200 len: 820 time: 0.0422330
2026-02-25 20:37:52.299 9 INFO neutron.wsgi [req-1851526d-3c8c-4598-b80f-410e15bd5483 req-5a1dd319-911a-4d04-acf1-454b4a3ce403 914717fcd30b4fa5a2f786bf0b1fceae 77afc5060c034997918daa0ebadd1773 - - default default] 199.19.213.169 "GET /v2.0/networks?id=1504a75b-c112-4a37-983a-133fb9a44d3f HTTP/1.1" status: 200 len: 859 time: 0.0786612
2026-02-25 20:37:52.372 9 INFO neutron.wsgi [req-1851526d-3c8c-4598-b80f-410e15bd5483 req-6556b892-44af-4c2c-a05c-a6c2bd1ba53d 914717fcd30b4fa5a2f786bf0b1fceae 77afc5060c034997918daa0ebadd1773 - - default default] 199.19.213.169 "GET /v2.0/security-groups?fields=id&fields=name&tenant_id=77afc5060c034997918daa0ebadd1773 HTTP/1.1" status: 200 len: 380 time: 0.0662773
2026-02-25 20:37:52.387 9 WARNING neutron_lib.context [req-1851526d-3c8c-4598-b80f-410e15bd5483 req-073b6098-f680-4457-97ae-1a3018130730 914717fcd30b4fa5a2f786bf0b1fceae 77afc5060c034997918daa0ebadd1773 - - default default] Method 'is_advsvc' is deprecated since 2023.2 release (neutron-lib 3.8.0) and will be removed once support for the old RBAC API policies will be removed from Neutron. Please use method 'is_service_role' instead.
2026-02-25 20:37:52.440 10 INFO neutron.wsgi [None req-48160c28-5fd2-49b0-80f6-d90fe6109134 f0ba59ddc9b64a14bf07bec334aff0d7 11b87539f1694cc384797d95f0e31bc8 - - default default] 10.0.0.239 "POST /v2.0/qos/policies HTTP/1.1" status: 201 len: 558 time: 0.1982956
2026-02-25 20:37:52.518 10 INFO neutron.wsgi [None req-a8dbf0c4-96d2-414a-abfd-cd717ac5d956 f0ba59ddc9b64a14bf07bec334aff0d7 11b87539f1694cc384797d95f0e31bc8 - - default default] 10.0.0.239 "POST /v2.0/qos/policies HTTP/1.1" status: 201 len: 558 time: 0.0734642
2026-02-25 20:37:52.582 10 INFO neutron.wsgi [None req-8611bc13-50b5-4202-9089-8a93814672c1 f0ba59ddc9b64a14bf07bec334aff0d7 11b87539f1694cc384797d95f0e31bc8 - - default default] 10.0.0.239 "POST /v2.0/qos/policies HTTP/1.1" status: 201 len: 558 time: 0.0585372 /var/lib/openstack/lib/python3.10/site-packages/pycadf/identifier.py:71: UserWarning: Invalid uuid: neutron. To ensure interoperability, identifiers should be a valid uuid. warnings.warn(('Invalid uuid: %s. To ensure interoperability, '
2026-02-25 20:37:52.593 10 INFO neutron.db.ovn_revision_numbers_db [None req-6694d218-330c-4fd6-ac95-014f90a2aed8 fb8dc48aadb74d5aac3505ce9429629a c913239ffe3b48fab6d2d9b32066fc86 - - default default] Successfully bumped revision number for resource 052cb7ea-f8f6-46e8-8cf6-39bc77cd8997 (type: router_ports) to 2
2026-02-25 20:37:52.634 10 INFO neutron.wsgi [None req-416a085a-a58b-4fa1-aa61-73703d6fbb7f a7403bfa94a0415492633a7e484d2c3c 27c676a40c654053a504661d6302f55d - - default default] 10.0.0.34 "GET /v2.0/agents HTTP/1.1" status: 200 len: 997 time: 0.0769069
2026-02-25 20:37:52.655 9 INFO neutron.services.segments.plugin [-] Segment 89ef70f6-608e-4e66-8ddf-91df9ba18694 resource provider aggregate not found
2026-02-25 20:37:52.665 9 INFO neutron.services.segments.plugin [-] Segment 89ef70f6-608e-4e66-8ddf-91df9ba18694 resource provider aggregate not found
2026-02-25 20:37:52.687 10 INFO neutron.wsgi [None req-abd197ee-a4f9-4629-89ca-47e5b806f1d7 f0ba59ddc9b64a14bf07bec334aff0d7 11b87539f1694cc384797d95f0e31bc8 - - default default] 10.0.0.239 "POST /v2.0/qos/policies HTTP/1.1" status: 201 len: 558 time: 0.1007481
2026-02-25 20:37:52.687 9 INFO neutron.services.segments.plugin [-] Segment 89ef70f6-608e-4e66-8ddf-91df9ba18694 resource provider not found; error: Placement Client Error (4xx): {"errors": [{"status": 404, "title": "Not Found", "detail": "The resource could not be found.\n\n No resource provider with uuid 89ef70f6-608e-4e66-8ddf-91df9ba18694 found for delete ", "request_id": "req-41f5f5b3-e474-4f7b-b2f7-5dc3a8109349"}]}
2026-02-25 20:37:52.707 9 INFO neutron.services.segments.plugin [-] Segment 89ef70f6-608e-4e66-8ddf-91df9ba18694 resource provider not found; error: Placement Client Error (4xx): {"errors": [{"status": 404, "title": "Not Found", "detail": "The resource could not be found.\n\n No resource provider with uuid 89ef70f6-608e-4e66-8ddf-91df9ba18694 found for delete ", "request_id": "req-4f9cefba-42d2-4309-9d0d-fc5a5ffe0d3e"}]}
2026-02-25 20:37:52.712 9 INFO neutron.wsgi [req-0f34b90d-8d67-4884-9dec-2b034de41217 req-ac6809a7-8910-4677-b78f-655129bcca1a 914717fcd30b4fa5a2f786bf0b1fceae 77afc5060c034997918daa0ebadd1773 - - default default] 10.0.0.78 "GET /v2.0/ports?device_id=4444423e-3ace-4999-b6ae-8aa3c43a0033 HTTP/1.1" status: 200 len: 210 time: 0.0491569
2026-02-25 20:37:52.718 10 INFO neutron.wsgi [None req-60a4b727-df08-4b7b-aa5a-dcbb1f470243 a7403bfa94a0415492633a7e484d2c3c 27c676a40c654053a504661d6302f55d - - default default] 10.0.0.34 "GET /v2.0/subnets HTTP/1.1" status: 200 len: 2687 time: 0.0585871
2026-02-25 20:37:52.752 10 INFO neutron.wsgi [None req-4bffdac1-626d-4ee7-b372-5dd28a287747 a7403bfa94a0415492633a7e484d2c3c 27c676a40c654053a504661d6302f55d - - default default] 10.0.0.34 "GET /v2.0/subnetpools HTTP/1.1" status: 200 len: 193 time: 0.0173764
2026-02-25 20:37:52.754 9 INFO neutron.wsgi [None req-6ac684ef-7c6c-46df-b835-21ad2dbfbeaf 9c5ee6e0f9554f59bb4f2b97dfd60857 c969d4e7b62f4947b8d02db1a8372486 - - default default] 10.0.0.239 "DELETE /v2.0/networks/bb5f784e-b770-4471-b2d5-280649ab3d75 HTTP/1.1" status: 204 len: 168 time: 0.5982988
2026-02-25 20:37:52.783 10 INFO neutron.wsgi [None req-4f9a389a-e21c-4923-855e-871f24a8d2eb f0ba59ddc9b64a14bf07bec334aff0d7 11b87539f1694cc384797d95f0e31bc8 - - default default] 10.0.0.239 "POST /v2.0/qos/policies HTTP/1.1" status: 201 len: 558 time: 0.0905688
2026-02-25 20:37:52.801 10 INFO neutron.wsgi [None req-a2fb2e7d-13cd-4a60-a393-80be827f6b95 a7403bfa94a0415492633a7e484d2c3c 27c676a40c654053a504661d6302f55d - - default default] 10.0.0.34 "GET /v2.0/subnets HTTP/1.1" status: 200 len: 2687 time: 0.0438268
2026-02-25 20:37:52.860 9 INFO neutron.wsgi [None req-a2783165-1c1c-4f23-8db8-13d0d3cb51d0 f0ba59ddc9b64a14bf07bec334aff0d7 11b87539f1694cc384797d95f0e31bc8 - - default default] 10.0.0.239 "PUT /v2.0/policies/9a2bf164-c080-4af4-a31a-84a5c52a89a0/tags HTTP/1.1" status: 200 len: 210 time: 0.0685549
2026-02-25 20:37:52.909 10 INFO neutron.wsgi [None req-d62cd8ad-0c71-44b9-9c9d-559b111e14dd a7403bfa94a0415492633a7e484d2c3c 27c676a40c654053a504661d6302f55d - - default default] 10.0.0.34 "GET /v2.0/ports HTTP/1.1" status: 200 len: 13372 time: 0.1009886
2026-02-25 20:37:52.935 10 INFO neutron.db.ovn_revision_numbers_db [None req-6694d218-330c-4fd6-ac95-014f90a2aed8 fb8dc48aadb74d5aac3505ce9429629a c913239ffe3b48fab6d2d9b32066fc86 - - default default] Successfully bumped revision number for resource 052cb7ea-f8f6-46e8-8cf6-39bc77cd8997 (type: ports) to 2
2026-02-25 20:37:52.942 10 INFO neutron.wsgi [None req-d1124b87-55ca-4f9d-98c8-bb5dcad71e83 a7403bfa94a0415492633a7e484d2c3c 27c676a40c654053a504661d6302f55d - - default default] 10.0.0.34 "GET /v2.0/network-ip-availabilities HTTP/1.1" status: 200 len: 3007 time: 0.0210354
2026-02-25 20:37:52.944 10 INFO neutron.wsgi [None req-11bdc14a-3638-4644-8102-c2b14d12fe24 f0ba59ddc9b64a14bf07bec334aff0d7 11b87539f1694cc384797d95f0e31bc8 - - default default] 10.0.0.239 "PUT /v2.0/policies/d976da72-bbd4-4688-ae62-5a51c38ef62a/tags HTTP/1.1" status: 200 len: 218 time: 0.0795147
2026-02-25 20:37:52.968 10 INFO neutron.wsgi [None req-ee208f16-60ce-4dab-b536-1e41b14a1a0b a7403bfa94a0415492633a7e484d2c3c 27c676a40c654053a504661d6302f55d - - default default] 10.0.0.34 "GET /v2.0/floatingips HTTP/1.1" status: 200 len: 193 time: 0.0255046
2026-02-25 20:37:53.033 10 INFO neutron.wsgi [None req-83893ffb-1435-4a44-8489-9be1dd923f28 f0ba59ddc9b64a14bf07bec334aff0d7 11b87539f1694cc384797d95f0e31bc8 - - default default] 10.0.0.239 "PUT /v2.0/policies/c95f1bec-b386-429c-814d-66e05aa2970a/tags HTTP/1.1" status: 200 len: 227 time: 0.0822277
2026-02-25 20:37:53.065 10 WARNING neutron.scheduler.dhcp_agent_scheduler [None req-6694d218-330c-4fd6-ac95-014f90a2aed8 fb8dc48aadb74d5aac3505ce9429629a c913239ffe3b48fab6d2d9b32066fc86 - - default default] No more DHCP agents
2026-02-25 20:37:53.082 10 INFO neutron.wsgi [None req-dc32de57-d618-4572-9722-392b68c68857 a7403bfa94a0415492633a7e484d2c3c 27c676a40c654053a504661d6302f55d - - default default] 10.0.0.34 "GET /v2.0/networks HTTP/1.1" status: 200 len: 6024 time: 0.1130104
2026-02-25 20:37:53.084 10 WARNING neutron.api.rpc.agentnotifiers.dhcp_rpc_agent_api [None req-6694d218-330c-4fd6-ac95-014f90a2aed8 fb8dc48aadb74d5aac3505ce9429629a c913239ffe3b48fab6d2d9b32066fc86 - - default default] Unable to schedule network 5eddf2e9-7973-4af5-877d-dfd5c5c5b976: no agents available; will retry on subsequent port and subnet creation events.
2026-02-25 20:37:53.104 10 INFO neutron.wsgi [None req-b0e1dd0f-fce7-4d09-940b-5e33f27f13b3 f0ba59ddc9b64a14bf07bec334aff0d7 11b87539f1694cc384797d95f0e31bc8 - - default default] 10.0.0.239 "PUT /v2.0/policies/b051b860-1144-4b41-a87d-69481a795bcb/tags HTTP/1.1" status: 200 len: 212 time: 0.0651054
2026-02-25 20:37:53.189 10 INFO neutron.wsgi [None req-fde36702-a876-4e34-93e8-d886f200e699 a7403bfa94a0415492633a7e484d2c3c 27c676a40c654053a504661d6302f55d - - default default] 10.0.0.34 "GET /v2.0/security-groups HTTP/1.1" status: 200 len: 30233 time: 0.0925825 /var/lib/openstack/lib/python3.10/site-packages/pycadf/identifier.py:71: UserWarning: Invalid uuid: neutron. To ensure interoperability, identifiers should be a valid uuid. warnings.warn(('Invalid uuid: %s. To ensure interoperability, '
2026-02-25 20:37:53.245 9 WARNING neutron.scheduler.dhcp_agent_scheduler [req-1851526d-3c8c-4598-b80f-410e15bd5483 req-073b6098-f680-4457-97ae-1a3018130730 914717fcd30b4fa5a2f786bf0b1fceae 77afc5060c034997918daa0ebadd1773 - - default default] No more DHCP agents
2026-02-25 20:37:53.251 9 WARNING neutron.api.rpc.agentnotifiers.dhcp_rpc_agent_api [req-1851526d-3c8c-4598-b80f-410e15bd5483 req-073b6098-f680-4457-97ae-1a3018130730 914717fcd30b4fa5a2f786bf0b1fceae 77afc5060c034997918daa0ebadd1773 - - default default] Unable to schedule network 1504a75b-c112-4a37-983a-133fb9a44d3f: no agents available; will retry on subsequent port and subnet creation events.
2026-02-25 20:37:53.276 10 INFO neutron.db.ovn_revision_numbers_db [None req-6694d218-330c-4fd6-ac95-014f90a2aed8 fb8dc48aadb74d5aac3505ce9429629a c913239ffe3b48fab6d2d9b32066fc86 - - default default] Successfully bumped revision number for resource 052cb7ea-f8f6-46e8-8cf6-39bc77cd8997 (type: router_ports) to 2
2026-02-25 20:37:53.279 10 INFO neutron.wsgi [None req-6694d218-330c-4fd6-ac95-014f90a2aed8 fb8dc48aadb74d5aac3505ce9429629a c913239ffe3b48fab6d2d9b32066fc86 - - default default] 10.0.0.239 "PUT /v2.0/routers/043a19b2-baa7-4f97-9642-4964d907329e/add_router_interface HTTP/1.1" status: 200 len: 503 time: 1.9402997
2026-02-25 20:37:53.283 9 INFO neutron.wsgi [req-38d87394-1107-4cab-9555-e0c6979308fb req-ac8b79a7-0670-4935-994d-f6bf5a70fc49 a7403bfa94a0415492633a7e484d2c3c 27c676a40c654053a504661d6302f55d - - default default] 10.0.0.78 "GET /v2.0/ports?device_id=4444423e-3ace-4999-b6ae-8aa3c43a0033 HTTP/1.1" status: 200 len: 1277 time: 0.0771265 /var/lib/openstack/lib/python3.10/site-packages/pycadf/identifier.py:71: UserWarning: Invalid uuid: neutron. To ensure interoperability, identifiers should be a valid uuid. warnings.warn(('Invalid uuid: %s. To ensure interoperability, '
2026-02-25 20:37:53.301 10 INFO neutron.wsgi [None req-23845b22-c580-4d62-b550-f1899c60535d a7403bfa94a0415492633a7e484d2c3c 27c676a40c654053a504661d6302f55d - - default default] 10.0.0.34 "GET /v2.0/routers HTTP/1.1" status: 200 len: 1345 time: 0.0983987
2026-02-25 20:37:53.314 10 INFO neutron.wsgi [None req-7ddba847-b7a5-44f6-9527-f9a0430eaf1c a7403bfa94a0415492633a7e484d2c3c 27c676a40c654053a504661d6302f55d - - default default] 10.0.0.34 "GET /v2.0/agents?binary=ovn-controller HTTP/1.1" status: 200 len: 591 time: 0.0118265
2026-02-25 20:37:53.322 10 INFO neutron.wsgi [None req-f7b140dd-c346-4ed7-9f89-7956f7385bea fb8dc48aadb74d5aac3505ce9429629a c913239ffe3b48fab6d2d9b32066fc86 - - default default] 10.0.0.239 "GET /v2.0/ports/052cb7ea-f8f6-46e8-8cf6-39bc77cd8997 HTTP/1.1" status: 200 len: 1203 time: 0.0385988
2026-02-25 20:37:53.387 9 INFO neutron.wsgi [req-38d87394-1107-4cab-9555-e0c6979308fb req-26504c1e-5558-4faa-a6b4-50e805c9650c a7403bfa94a0415492633a7e484d2c3c 27c676a40c654053a504661d6302f55d - - default default] 10.0.0.78 "GET /v2.0/security-groups?id=5c99fb15-8fa0-4d21-af70-166bca39a5f4&fields=id&fields=name HTTP/1.1" status: 200 len: 313 time: 0.0947177
2026-02-25 20:37:53.523 9 INFO neutron.db.ovn_revision_numbers_db [req-1851526d-3c8c-4598-b80f-410e15bd5483 req-073b6098-f680-4457-97ae-1a3018130730 914717fcd30b4fa5a2f786bf0b1fceae 77afc5060c034997918daa0ebadd1773 - - default default] Successfully bumped revision number for resource fac6e39c-7ed2-4b37-94a7-38260a62d457 (type: ports) to 1
2026-02-25 20:37:53.573 9 INFO neutron.wsgi [req-1851526d-3c8c-4598-b80f-410e15bd5483 req-073b6098-f680-4457-97ae-1a3018130730 914717fcd30b4fa5a2f786bf0b1fceae 77afc5060c034997918daa0ebadd1773 - - default default] 199.19.213.169 "POST /v2.0/ports HTTP/1.1" status: 201 len: 1158 time: 1.1926343
2026-02-25 20:37:53.700 9 INFO neutron.wsgi [None req-f899d5f3-b323-4f76-a7e8-aae2bb1a2a64 0e5abe18f00b47c78d9069b32b0243ae a1290e9c2f1c41e887064f4594360a07 - - default default] 10.0.0.239 "GET /v2.0/qos/policies?tags=red HTTP/1.1" status: 200 len: 1296 time: 0.2431591 /var/lib/openstack/lib/python3.10/site-packages/pycadf/identifier.py:71: UserWarning: Invalid uuid: neutron. To ensure interoperability, identifiers should be a valid uuid. warnings.warn(('Invalid uuid: %s. To ensure interoperability, '
2026-02-25 20:37:53.711 9 INFO neutron.wsgi [None req-cbc4c720-bce9-4342-882e-04cf895e20ac 9c5ee6e0f9554f59bb4f2b97dfd60857 c969d4e7b62f4947b8d02db1a8372486 - - default default] 10.0.0.239 "DELETE /v2.0/networks/e9b55f7a-7a8d-4d9a-9cce-9a62cff38715 HTTP/1.1" status: 204 len: 168 time: 0.9488096
2026-02-25 20:37:53.828 10 INFO neutron.wsgi [None req-a05be5ce-5fd9-45ed-9c78-def7446a689e 0e5abe18f00b47c78d9069b32b0243ae a1290e9c2f1c41e887064f4594360a07 - - default default] 10.0.0.239 "GET /v2.0/qos/policies?tags=red%2Cblue HTTP/1.1" status: 200 len: 941 time: 0.1242251
2026-02-25 20:37:53.830 9 INFO neutron.wsgi [req-ae8d5331-eba7-4dd1-b3c2-98f2c174a0d2 req-5e31fb31-938b-4994-a04d-87d9de8cec97 914717fcd30b4fa5a2f786bf0b1fceae 77afc5060c034997918daa0ebadd1773 - - default default] 10.0.0.78 "GET /v2.0/ports?device_id=4444423e-3ace-4999-b6ae-8aa3c43a0033 HTTP/1.1" status: 200 len: 1156 time: 0.0444336
2026-02-25 20:37:53.904 9 INFO neutron.wsgi [req-ae8d5331-eba7-4dd1-b3c2-98f2c174a0d2 req-b663b609-a2c9-477c-9c02-1e0dba4e1e44 914717fcd30b4fa5a2f786bf0b1fceae 77afc5060c034997918daa0ebadd1773 - - default default] 10.0.0.78 "GET /v2.0/security-groups?id=5c99fb15-8fa0-4d21-af70-166bca39a5f4&fields=id&fields=name HTTP/1.1" status: 200 len: 313 time: 0.0654473
2026-02-25 20:37:53.963 9 INFO neutron.wsgi [None req-67a05716-4a0a-4b52-a6a8-997a992307a4 0e5abe18f00b47c78d9069b32b0243ae a1290e9c2f1c41e887064f4594360a07 - - default default] 10.0.0.239 "GET /v2.0/qos/policies?tags-any=blue HTTP/1.1" status: 200 len: 941 time: 0.1211758 /var/lib/openstack/lib/python3.10/site-packages/pycadf/identifier.py:71: UserWarning: Invalid uuid: neutron. To ensure interoperability, identifiers should be a valid uuid. warnings.warn(('Invalid uuid: %s. To ensure interoperability, '
2026-02-25 20:37:54.074 9 INFO neutron.wsgi [None req-296119bd-795e-4519-af99-c2584267939f 0e5abe18f00b47c78d9069b32b0243ae a1290e9c2f1c41e887064f4594360a07 - - default default] 10.0.0.239 "GET /v2.0/qos/policies?tags-any=red%2Cblue HTTP/1.1" status: 200 len: 1296 time: 0.1044893
2026-02-25 20:37:54.085 9 INFO neutron.db.ovn_revision_numbers_db [req-1851526d-3c8c-4598-b80f-410e15bd5483 req-97dbc249-553d-4991-9a07-6f12616fae26 709c399d191e46e0816651119cfdb52f bb1f5842a8214640ad4f8c8595425864 - - 71f984fa33844ef493cc49ac6ef015f4 71f984fa33844ef493cc49ac6ef015f4] Successfully bumped revision number for resource fac6e39c-7ed2-4b37-94a7-38260a62d457 (type: ports) to 2
2026-02-25 20:37:54.150 9 INFO neutron.wsgi [None req-cab0e293-52f4-468b-be03-0b4f2141739f 0e5abe18f00b47c78d9069b32b0243ae a1290e9c2f1c41e887064f4594360a07 - - default default] 10.0.0.239 "GET /v2.0/qos/policies?not-tags=red HTTP/1.1" status: 200 len: 913 time: 0.0705063
2026-02-25 20:37:54.283 9 INFO neutron.wsgi [None req-0ad72e4d-1c81-4721-868a-a6d5e8f4c263 0e5abe18f00b47c78d9069b32b0243ae a1290e9c2f1c41e887064f4594360a07 - - default default] 10.0.0.239 "GET /v2.0/qos/policies?not-tags=red%2Cblue HTTP/1.1" status: 200 len: 1268 time: 0.1268086 /var/lib/openstack/lib/python3.10/site-packages/pycadf/identifier.py:71: UserWarning: Invalid uuid: neutron. To ensure interoperability, identifiers should be a valid uuid. warnings.warn(('Invalid uuid: %s. To ensure interoperability, '
2026-02-25 20:37:54.318 9 INFO neutron.db.ovn_revision_numbers_db [req-1851526d-3c8c-4598-b80f-410e15bd5483 req-97dbc249-553d-4991-9a07-6f12616fae26 709c399d191e46e0816651119cfdb52f bb1f5842a8214640ad4f8c8595425864 - - 71f984fa33844ef493cc49ac6ef015f4 71f984fa33844ef493cc49ac6ef015f4] Successfully bumped revision number for resource fac6e39c-7ed2-4b37-94a7-38260a62d457 (type: ports) to 2
2026-02-25 20:37:54.336 9 INFO neutron.wsgi [req-1851526d-3c8c-4598-b80f-410e15bd5483 req-97dbc249-553d-4991-9a07-6f12616fae26 709c399d191e46e0816651119cfdb52f bb1f5842a8214640ad4f8c8595425864 - - 71f984fa33844ef493cc49ac6ef015f4 71f984fa33844ef493cc49ac6ef015f4] 199.19.213.169 "PUT /v2.0/ports/fac6e39c-7ed2-4b37-94a7-38260a62d457 HTTP/1.1" status: 200 len: 1376 time: 0.7535253
2026-02-25 20:37:54.354 10 INFO neutron.wsgi [None req-100e4a62-39d3-446e-8cc6-8a5b44f8a88e fb8dc48aadb74d5aac3505ce9429629a c913239ffe3b48fab6d2d9b32066fc86 - - default default] 10.0.0.239 "PUT /v2.0/routers/043a19b2-baa7-4f97-9642-4964d907329e/remove_router_interface HTTP/1.1" status: 200 len: 503 time: 1.0233142
2026-02-25 20:37:54.383 9 INFO neutron.notifiers.nova [-] Nova event matching ['req-6a7361e6-d8eb-481a-83be-39203f120f3f'] response: {'name': 'network-changed', 'server_uuid': '4444423e-3ace-4999-b6ae-8aa3c43a0033', 'tag': 'fac6e39c-7ed2-4b37-94a7-38260a62d457', 'status': 'completed', 'code': 200}
2026-02-25 20:37:54.452 9 INFO neutron.wsgi [None req-2901d48d-96fc-428b-943b-e44c57ab4af4 0e5abe18f00b47c78d9069b32b0243ae a1290e9c2f1c41e887064f4594360a07 - - default default] 10.0.0.239 "GET /v2.0/qos/policies?not-tags-any=blue HTTP/1.1" status: 200 len: 1268 time: 0.1637893
2026-02-25 20:37:54.455 9 INFO neutron.api.v2.resource [None req-bcfdad4d-317a-4507-a2f2-09b20ef67870 fb8dc48aadb74d5aac3505ce9429629a c913239ffe3b48fab6d2d9b32066fc86 - - default default] remove_router_interface failed (client error): The resource could not be found.
2026-02-25 20:37:54.456 9 INFO neutron.wsgi [None req-bcfdad4d-317a-4507-a2f2-09b20ef67870 fb8dc48aadb74d5aac3505ce9429629a c913239ffe3b48fab6d2d9b32066fc86 - - default default] 10.0.0.239 "PUT /v2.0/routers/043a19b2-baa7-4f97-9642-4964d907329e/remove_router_interface HTTP/1.1" status: 404 len: 398 time: 0.0943806
2026-02-25 20:37:54.465 10 INFO neutron.services.segments.plugin [-] Segment 88924a99-45a1-4520-9e75-3372ce3fbd33 resource provider aggregate not found
2026-02-25 20:37:54.468 9 INFO neutron.wsgi [req-1851526d-3c8c-4598-b80f-410e15bd5483 req-76d47ed0-10ad-4081-9fc5-f5d82e08d3e7 709c399d191e46e0816651119cfdb52f bb1f5842a8214640ad4f8c8595425864 - - 71f984fa33844ef493cc49ac6ef015f4 71f984fa33844ef493cc49ac6ef015f4] 199.19.213.169 "GET /v2.0/ports?tenant_id=77afc5060c034997918daa0ebadd1773&device_id=4444423e-3ace-4999-b6ae-8aa3c43a0033 HTTP/1.1" status: 200 len: 1407 time: 0.0843897
2026-02-25 20:37:54.474 10 INFO neutron.services.segments.plugin [-] Segment 88924a99-45a1-4520-9e75-3372ce3fbd33 resource provider aggregate not found
2026-02-25 20:37:54.492 10 INFO neutron.services.segments.plugin [-] Segment 88924a99-45a1-4520-9e75-3372ce3fbd33 resource provider not found; error: Placement Client Error (4xx): {"errors": [{"status": 404, "title": "Not Found", "detail": "The resource could not be found.\n\n No resource provider with uuid 88924a99-45a1-4520-9e75-3372ce3fbd33 found for delete ", "request_id": "req-1f0f4e3b-7fb0-41e1-ae4c-2cc0437c5e52"}]}
2026-02-25 20:37:54.500 10 INFO neutron.services.segments.plugin [-] Segment 88924a99-45a1-4520-9e75-3372ce3fbd33 resource provider not found; error: Placement Client Error (4xx): {"errors": [{"status": 404, "title": "Not Found", "detail": "The resource could not be found.\n\n No resource provider with uuid 88924a99-45a1-4520-9e75-3372ce3fbd33 found for delete ", "request_id": "req-8cfba06a-4470-4b8f-9a49-165d19ebde79"}]}
2026-02-25 20:37:54.507 9 INFO neutron.wsgi [req-1851526d-3c8c-4598-b80f-410e15bd5483 req-d4899f25-2ad0-407e-932a-ee08f94f0354 709c399d191e46e0816651119cfdb52f bb1f5842a8214640ad4f8c8595425864 - - 71f984fa33844ef493cc49ac6ef015f4 71f984fa33844ef493cc49ac6ef015f4] 199.19.213.169 "GET /v2.0/floatingips?fixed_ip_address=10.100.0.3&port_id=fac6e39c-7ed2-4b37-94a7-38260a62d457 HTTP/1.1" status: 200 len: 217 time: 0.0279486
2026-02-25 20:37:54.509 9 INFO neutron.wsgi [None req-72716168-1d20-4f0d-b217-3a899156f8a2 fb8dc48aadb74d5aac3505ce9429629a c913239ffe3b48fab6d2d9b32066fc86 - - default default] 10.0.0.239 "GET /v2.0/ports?device_id=043a19b2-baa7-4f97-9642-4964d907329e HTTP/1.1" status: 200 len: 205 time: 0.0409985
