2026-02-25 20:37:13.922 10 INFO neutron.db.ovn_revision_numbers_db [None req-462f9952-5f3b-419e-a8a8-5bab6f77edc4 a7403bfa94a0415492633a7e484d2c3c 27c676a40c654053a504661d6302f55d - - default default] Successfully bumped revision number for resource 4f8b1d74-a442-44fc-b142-77ae72395560 (type: security_group_rules) to 0
2026-02-25 20:37:13.934 10 INFO neutron.db.ovn_revision_numbers_db [None req-462f9952-5f3b-419e-a8a8-5bab6f77edc4 a7403bfa94a0415492633a7e484d2c3c 27c676a40c654053a504661d6302f55d - - default default] Successfully bumped revision number for resource d95e1611-76d2-4a8b-b1c5-ee2113d6bc31 (type: security_group_rules) to 0
2026-02-25 20:37:13.946 10 INFO neutron.db.ovn_revision_numbers_db [None req-462f9952-5f3b-419e-a8a8-5bab6f77edc4 a7403bfa94a0415492633a7e484d2c3c 27c676a40c654053a504661d6302f55d - - default default] Successfully bumped revision number for resource f9eeb0db-3a5e-4c60-a17a-a8c9b57c5979 (type: security_group_rules) to 0
2026-02-25 20:37:13.967 10 INFO neutron.wsgi [None req-462f9952-5f3b-419e-a8a8-5bab6f77edc4 a7403bfa94a0415492633a7e484d2c3c 27c676a40c654053a504661d6302f55d - - default default] 10.0.0.239 "GET /v2.0/security-groups?tenant_id=7e9647b653064dd3989d0c9d6ddffd3a&name=default HTTP/1.1" status: 200 len: 2996 time: 0.1995049
2026-02-25 20:37:14.088 9 INFO neutron.wsgi [req-57d1aabb-88a8-4414-a582-039e39b48f70 req-688e768a-da24-4aa8-9a8f-e5d4493941a4 a69ad555110b480a8ad9dd7c19f950ab 74e3464d00e447fdb9cb2c9c80d737cd - - default default] 10.0.0.78 "GET /v2.0/ports?device_id=cd59edae-62dd-4e4f-8ab8-672cd39eae9f HTTP/1.1" status: 200 len: 210 time: 0.0238433
2026-02-25 20:37:14.107 9 INFO neutron.wsgi [req-7cf644c1-00f7-40af-bfb9-509ebe55b8d9 req-438a1140-4e14-4f13-b95b-515f03b905ff a69ad555110b480a8ad9dd7c19f950ab 74e3464d00e447fdb9cb2c9c80d737cd - - default default] 199.19.213.169 "DELETE /v2.0/ports/b1346879-5879-4d10-9db9-d4ccac864e34 HTTP/1.1" status: 204 len: 173 time: 0.6529684
2026-02-25 20:37:14.133 9 WARNING neutron.scheduler.dhcp_agent_scheduler [None req-a42f38b9-73e5-4bdd-be14-dfaedb54c239 3be7385ff12c4306a08c476b9d1d565b 2707c6086141483a97ec084e6093d3ba - - default default] No more DHCP agents
2026-02-25 20:37:14.137 9 WARNING neutron.api.rpc.agentnotifiers.dhcp_rpc_agent_api [None req-a42f38b9-73e5-4bdd-be14-dfaedb54c239 3be7385ff12c4306a08c476b9d1d565b 2707c6086141483a97ec084e6093d3ba - - default default] Unable to schedule network b7781898-fe3c-408c-9d37-e0f390dcab7e: no agents available; will retry on subsequent port and subnet creation events.
2026-02-25 20:37:14.152 9 INFO neutron.notifiers.nova [-] Nova event matching ['req-70f72b22-232a-4698-a84b-dd74bcc81845'] response: {'server_uuid': 'cd59edae-62dd-4e4f-8ab8-672cd39eae9f', 'name': 'network-vif-deleted', 'tag': 'b1346879-5879-4d10-9db9-d4ccac864e34', 'status': 'completed', 'code': 200}
2026-02-25 20:37:14.184 10 INFO neutron.wsgi [None req-3e664ec2-35b0-441a-95ac-04e5ed259d44 a7403bfa94a0415492633a7e484d2c3c 27c676a40c654053a504661d6302f55d - - default default] 10.0.0.239 "DELETE /v2.0/security-groups/4d4c84c9-f37d-4cfb-9749-11f0b9e6805b HTTP/1.1" status: 204 len: 168 time: 0.2122593
2026-02-25 20:37:14.232 9 INFO neutron.db.ovn_revision_numbers_db [None req-a42f38b9-73e5-4bdd-be14-dfaedb54c239 3be7385ff12c4306a08c476b9d1d565b 2707c6086141483a97ec084e6093d3ba - - default default] Successfully bumped revision number for resource 70bde99f-4131-4f0b-8a1e-2ef00e322cc2 (type: ports) to 1
2026-02-25 20:37:14.255 9 INFO neutron.wsgi [None req-a42f38b9-73e5-4bdd-be14-dfaedb54c239 3be7385ff12c4306a08c476b9d1d565b 2707c6086141483a97ec084e6093d3ba - - default default] 10.0.0.239 "POST /v2.0/networks HTTP/1.1" status: 201 len: 834 time: 0.8856761
2026-02-25 20:37:14.266 9 WARNING neutron_lib.context [None req-4caef15c-b0e8-4e66-8f11-4ed1a05b0590 3be7385ff12c4306a08c476b9d1d565b 2707c6086141483a97ec084e6093d3ba - - default default] Method 'is_advsvc' is deprecated since 2023.2 release (neutron-lib 3.8.0) and will be removed once support for the old RBAC API policies will be removed from Neutron. Please use method 'is_service_role' instead.
2026-02-25 20:37:14.514 9 WARNING neutron.scheduler.dhcp_agent_scheduler [None req-4caef15c-b0e8-4e66-8f11-4ed1a05b0590 3be7385ff12c4306a08c476b9d1d565b 2707c6086141483a97ec084e6093d3ba - - default default] No more DHCP agents
2026-02-25 20:37:14.516 9 WARNING neutron.api.rpc.agentnotifiers.dhcp_rpc_agent_api [None req-4caef15c-b0e8-4e66-8f11-4ed1a05b0590 3be7385ff12c4306a08c476b9d1d565b 2707c6086141483a97ec084e6093d3ba - - default default] Unable to schedule network b7781898-fe3c-408c-9d37-e0f390dcab7e: no agents available; will retry on subsequent port and subnet creation events.
2026-02-25 20:37:14.550 9 INFO neutron.db.ovn_revision_numbers_db [None req-4caef15c-b0e8-4e66-8f11-4ed1a05b0590 3be7385ff12c4306a08c476b9d1d565b 2707c6086141483a97ec084e6093d3ba - - default default] Successfully bumped revision number for resource bd221b43-f555-4fb7-949c-253ac5302b57 (type: subnets) to 0
2026-02-25 20:37:14.566 9 INFO neutron.wsgi [None req-4caef15c-b0e8-4e66-8f11-4ed1a05b0590 3be7385ff12c4306a08c476b9d1d565b 2707c6086141483a97ec084e6093d3ba - - default default] 10.0.0.239 "POST /v2.0/subnets HTTP/1.1" status: 201 len: 821 time: 0.3059144
2026-02-25 20:37:14.576 9 WARNING neutron_lib.context [None req-56a95b42-574e-41e7-a6e2-2cae87276f35 3be7385ff12c4306a08c476b9d1d565b 2707c6086141483a97ec084e6093d3ba - - default default] Method 'is_advsvc' is deprecated since 2023.2 release (neutron-lib 3.8.0) and will be removed once support for the old RBAC API policies will be removed from Neutron. Please use method 'is_service_role' instead.
2026-02-25 20:37:14.913 9 WARNING neutron.scheduler.dhcp_agent_scheduler [None req-56a95b42-574e-41e7-a6e2-2cae87276f35 3be7385ff12c4306a08c476b9d1d565b 2707c6086141483a97ec084e6093d3ba - - default default] No more DHCP agents
2026-02-25 20:37:14.916 9 WARNING neutron.api.rpc.agentnotifiers.dhcp_rpc_agent_api [None req-56a95b42-574e-41e7-a6e2-2cae87276f35 3be7385ff12c4306a08c476b9d1d565b 2707c6086141483a97ec084e6093d3ba - - default default] Unable to schedule network b7781898-fe3c-408c-9d37-e0f390dcab7e: no agents available; will retry on subsequent port and subnet creation events.
2026-02-25 20:37:15.045 9 INFO neutron.db.ovn_revision_numbers_db [None req-56a95b42-574e-41e7-a6e2-2cae87276f35 3be7385ff12c4306a08c476b9d1d565b 2707c6086141483a97ec084e6093d3ba - - default default] Successfully bumped revision number for resource b3668980-6759-4a48-9ee1-889ceb1faeaa (type: ports) to 1
2026-02-25 20:37:15.069 9 INFO neutron.wsgi [None req-56a95b42-574e-41e7-a6e2-2cae87276f35 3be7385ff12c4306a08c476b9d1d565b 2707c6086141483a97ec084e6093d3ba - - default default] 10.0.0.239 "POST /v2.0/ports HTTP/1.1" status: 201 len: 1165 time: 0.4976578 /var/lib/openstack/lib/python3.10/site-packages/pycadf/identifier.py:71: UserWarning: Invalid uuid: neutron. To ensure interoperability, identifiers should be a valid uuid. warnings.warn(('Invalid uuid: %s. To ensure interoperability, '
2026-02-25 20:37:15.369 9 INFO neutron.wsgi [None req-57e9e05b-3b91-4df5-aaab-282bcf0b1d8f 3be7385ff12c4306a08c476b9d1d565b 2707c6086141483a97ec084e6093d3ba - - default default] 10.0.0.239 "DELETE /v2.0/ports/b3668980-6759-4a48-9ee1-889ceb1faeaa HTTP/1.1" status: 204 len: 168 time: 0.2944443
2026-02-25 20:37:15.399 9 INFO neutron.pecan_wsgi.hooks.translation [None req-1254df47-d32f-4f09-af3a-820c7ad6421e 3be7385ff12c4306a08c476b9d1d565b 2707c6086141483a97ec084e6093d3ba - - default default] DELETE failed (client error): The resource could not be found.
2026-02-25 20:37:15.401 9 INFO neutron.wsgi [None req-1254df47-d32f-4f09-af3a-820c7ad6421e 3be7385ff12c4306a08c476b9d1d565b 2707c6086141483a97ec084e6093d3ba - - default default] 10.0.0.239 "DELETE /v2.0/ports/b3668980-6759-4a48-9ee1-889ceb1faeaa HTTP/1.1" status: 404 len: 333 time: 0.0184200
2026-02-25 20:37:15.421 9 INFO neutron.pecan_wsgi.hooks.translation [None req-ffe1ea75-e896-455c-aa35-7440a1ba05bc 3be7385ff12c4306a08c476b9d1d565b 2707c6086141483a97ec084e6093d3ba - - default default] GET failed (client error): The resource could not be found.
2026-02-25 20:37:15.423 9 INFO neutron.wsgi [None req-ffe1ea75-e896-455c-aa35-7440a1ba05bc 3be7385ff12c4306a08c476b9d1d565b 2707c6086141483a97ec084e6093d3ba - - default default] 10.0.0.239 "GET /v2.0/ports/b3668980-6759-4a48-9ee1-889ceb1faeaa HTTP/1.1" status: 404 len: 333 time: 0.0154550
2026-02-25 20:37:15.597 9 INFO neutron.wsgi [None req-b208a44e-5561-4db2-abdd-18a471ebe232 3be7385ff12c4306a08c476b9d1d565b 2707c6086141483a97ec084e6093d3ba - - default default] 10.0.0.239 "DELETE /v2.0/subnets/bd221b43-f555-4fb7-949c-253ac5302b57 HTTP/1.1" status: 204 len: 168 time: 0.1663010
2026-02-25 20:37:16.316 10 INFO neutron.services.segments.plugin [-] Segment dfc03ade-43bf-4f57-942b-aea517820c78 resource provider aggregate not found
2026-02-25 20:37:16.338 10 INFO neutron.services.segments.plugin [-] Segment dfc03ade-43bf-4f57-942b-aea517820c78 resource provider aggregate not found
2026-02-25 20:37:16.355 10 INFO neutron.services.segments.plugin [-] Segment dfc03ade-43bf-4f57-942b-aea517820c78 resource provider not found; error: Placement Client Error (4xx): {"errors": [{"status": 404, "title": "Not Found", "detail": "The resource could not be found.\n\n No resource provider with uuid dfc03ade-43bf-4f57-942b-aea517820c78 found for delete ", "request_id": "req-13c1984b-e202-4152-b42f-3ff4bfa44b1c"}]}
2026-02-25 20:37:16.366 10 INFO neutron.services.segments.plugin [-] Segment dfc03ade-43bf-4f57-942b-aea517820c78 resource provider not found; error: Placement Client Error (4xx): {"errors": [{"status": 404, "title": "Not Found", "detail": "The resource could not be found.\n\n No resource provider with uuid dfc03ade-43bf-4f57-942b-aea517820c78 found for delete ", "request_id": "req-5a013dde-f092-48fc-803e-7ef7e27a0a31"}]}
2026-02-25 20:37:16.397 10 INFO neutron.wsgi [None req-f05ff7fc-090f-435e-8d94-2f269a92dd61 3be7385ff12c4306a08c476b9d1d565b 2707c6086141483a97ec084e6093d3ba - - default default] 10.0.0.239 "DELETE /v2.0/networks/b7781898-fe3c-408c-9d37-e0f390dcab7e HTTP/1.1" status: 204 len: 168 time: 0.7900367
2026-02-25 20:37:16.409 9 WARNING neutron_lib.context [None req-26509964-4625-45e6-a625-b863ced1b754 3be7385ff12c4306a08c476b9d1d565b 2707c6086141483a97ec084e6093d3ba - - default default] Method 'is_advsvc' is deprecated since 2023.2 release (neutron-lib 3.8.0) and will be removed once support for the old RBAC API policies will be removed from Neutron. Please use method 'is_service_role' instead.
2026-02-25 20:37:16.486 9 INFO neutron.db.segments_db [None req-26509964-4625-45e6-a625-b863ced1b754 3be7385ff12c4306a08c476b9d1d565b 2707c6086141483a97ec084e6093d3ba - - default default] Added segment 5aa123fe-45d5-4d72-b0b8-ce9ac74268d8 of type geneve for network 1d0c319c-c183-4118-9811-3a8b032ac4c9
2026-02-25 20:37:16.506 10 INFO neutron.wsgi [None req-9a1ca91f-d9d4-41df-9350-c2a5832b6ea0 a7403bfa94a0415492633a7e484d2c3c 27c676a40c654053a504661d6302f55d - - default default] 10.0.0.239 "PUT /v2.0/routers/39971a5f-366b-4a0c-b864-2e88921f57e6/remove_router_interface HTTP/1.1" status: 200 len: 503 time: 1.3563869 /var/lib/openstack/lib/python3.10/site-packages/pycadf/identifier.py:71: UserWarning: Invalid uuid: neutron. To ensure interoperability, identifiers should be a valid uuid. warnings.warn(('Invalid uuid: %s. To ensure interoperability, '
2026-02-25 20:37:16.659 9 INFO neutron.db.ovn_revision_numbers_db [None req-26509964-4625-45e6-a625-b863ced1b754 3be7385ff12c4306a08c476b9d1d565b 2707c6086141483a97ec084e6093d3ba - - default default] Successfully bumped revision number for resource 1d0c319c-c183-4118-9811-3a8b032ac4c9 (type: networks) to 1
2026-02-25 20:37:16.760 9 INFO neutron.db.ovn_revision_numbers_db [None req-a72b028c-94dd-4d10-826c-57c7a4f7926f a7403bfa94a0415492633a7e484d2c3c 27c676a40c654053a504661d6302f55d - - default default] Successfully bumped revision number for resource a23e05e4-17b1-429d-aaec-8dffd21dd51d (type: security_groups) to 1
2026-02-25 20:37:16.789 9 INFO neutron.db.ovn_revision_numbers_db [None req-a72b028c-94dd-4d10-826c-57c7a4f7926f a7403bfa94a0415492633a7e484d2c3c 27c676a40c654053a504661d6302f55d - - default default] Successfully bumped revision number for resource 3af5c2c4-a44f-4cf4-aa13-5470e679ec80 (type: security_group_rules) to 0
2026-02-25 20:37:16.805 9 INFO neutron.db.ovn_revision_numbers_db [None req-a72b028c-94dd-4d10-826c-57c7a4f7926f a7403bfa94a0415492633a7e484d2c3c 27c676a40c654053a504661d6302f55d - - default default] Successfully bumped revision number for resource 8a190ae8-06f7-42be-85d0-1638ef45de09 (type: security_group_rules) to 0
2026-02-25 20:37:16.826 9 INFO neutron.db.ovn_revision_numbers_db [None req-a72b028c-94dd-4d10-826c-57c7a4f7926f a7403bfa94a0415492633a7e484d2c3c 27c676a40c654053a504661d6302f55d - - default default] Successfully bumped revision number for resource 8b9f6435-69a5-4bcf-ab05-e7f9a468d06c (type: security_group_rules) to 0
2026-02-25 20:37:16.847 9 INFO neutron.db.ovn_revision_numbers_db [None req-a72b028c-94dd-4d10-826c-57c7a4f7926f a7403bfa94a0415492633a7e484d2c3c 27c676a40c654053a504661d6302f55d - - default default] Successfully bumped revision number for resource a744d494-2d5b-40fd-bf43-7ad512fbb667 (type: security_group_rules) to 0
2026-02-25 20:37:16.864 9 WARNING neutron.scheduler.dhcp_agent_scheduler [None req-26509964-4625-45e6-a625-b863ced1b754 3be7385ff12c4306a08c476b9d1d565b 2707c6086141483a97ec084e6093d3ba - - default default] No more DHCP agents
2026-02-25 20:37:16.870 9 WARNING neutron.api.rpc.agentnotifiers.dhcp_rpc_agent_api [None req-26509964-4625-45e6-a625-b863ced1b754 3be7385ff12c4306a08c476b9d1d565b 2707c6086141483a97ec084e6093d3ba - - default default] Unable to schedule network 1d0c319c-c183-4118-9811-3a8b032ac4c9: no agents available; will retry on subsequent port and subnet creation events.
2026-02-25 20:37:16.874 9 INFO neutron.wsgi [None req-a72b028c-94dd-4d10-826c-57c7a4f7926f a7403bfa94a0415492633a7e484d2c3c 27c676a40c654053a504661d6302f55d - - default default] 10.0.0.239 "GET /v2.0/security-groups?tenant_id=a10bd4bb2faf42ab96bbd08ae42213d8&name=default HTTP/1.1" status: 200 len: 2996 time: 0.4497073
2026-02-25 20:37:16.948 9 INFO neutron.db.ovn_revision_numbers_db [None req-26509964-4625-45e6-a625-b863ced1b754 3be7385ff12c4306a08c476b9d1d565b 2707c6086141483a97ec084e6093d3ba - - default default] Successfully bumped revision number for resource 6b80b061-2a41-4cfa-937e-1d46b71544d4 (type: ports) to 1
2026-02-25 20:37:16.971 9 INFO neutron.wsgi [None req-26509964-4625-45e6-a625-b863ced1b754 3be7385ff12c4306a08c476b9d1d565b 2707c6086141483a97ec084e6093d3ba - - default default] 10.0.0.239 "POST /v2.0/networks HTTP/1.1" status: 201 len: 835 time: 0.5670466
2026-02-25 20:37:16.982 9 WARNING neutron_lib.context [None req-74d6908f-a152-4adb-ae82-dc9190d108aa 3be7385ff12c4306a08c476b9d1d565b 2707c6086141483a97ec084e6093d3ba - - default default] Method 'is_advsvc' is deprecated since 2023.2 release (neutron-lib 3.8.0) and will be removed once support for the old RBAC API policies will be removed from Neutron. Please use method 'is_service_role' instead.
2026-02-25 20:37:17.165 10 INFO neutron.wsgi [None req-09d0354b-8475-42f5-9802-c37f3684589e a7403bfa94a0415492633a7e484d2c3c 27c676a40c654053a504661d6302f55d - - default default] 10.0.0.239 "DELETE /v2.0/security-groups/a23e05e4-17b1-429d-aaec-8dffd21dd51d HTTP/1.1" status: 204 len: 168 time: 0.2845519
2026-02-25 20:37:17.207 9 WARNING neutron.scheduler.dhcp_agent_scheduler [None req-74d6908f-a152-4adb-ae82-dc9190d108aa 3be7385ff12c4306a08c476b9d1d565b 2707c6086141483a97ec084e6093d3ba - - default default] No more DHCP agents
2026-02-25 20:37:17.210 9 WARNING neutron.api.rpc.agentnotifiers.dhcp_rpc_agent_api [None req-74d6908f-a152-4adb-ae82-dc9190d108aa 3be7385ff12c4306a08c476b9d1d565b 2707c6086141483a97ec084e6093d3ba - - default default] Unable to schedule network 1d0c319c-c183-4118-9811-3a8b032ac4c9: no agents available; will retry on subsequent port and subnet creation events.
2026-02-25 20:37:17.241 9 INFO neutron.db.ovn_revision_numbers_db [None req-74d6908f-a152-4adb-ae82-dc9190d108aa 3be7385ff12c4306a08c476b9d1d565b 2707c6086141483a97ec084e6093d3ba - - default default] Successfully bumped revision number for resource 8ba4b034-5d54-4818-b193-34e1fbc1f533 (type: subnets) to 0
2026-02-25 20:37:17.257 9 INFO neutron.wsgi [None req-74d6908f-a152-4adb-ae82-dc9190d108aa 3be7385ff12c4306a08c476b9d1d565b 2707c6086141483a97ec084e6093d3ba - - default default] 10.0.0.239 "POST /v2.0/subnets HTTP/1.1" status: 201 len: 821 time: 0.2801607
2026-02-25 20:37:17.268 9 WARNING neutron_lib.context [None req-412dd8e3-bb6c-4120-b7da-fa897912e35f 3be7385ff12c4306a08c476b9d1d565b 2707c6086141483a97ec084e6093d3ba - - default default] Method 'is_advsvc' is deprecated since 2023.2 release (neutron-lib 3.8.0) and will be removed once support for the old RBAC API policies will be removed from Neutron. Please use method 'is_service_role' instead.
2026-02-25 20:37:17.356 10 INFO neutron.wsgi [None req-802ad978-7065-4e55-8bc7-adc145970633 a7403bfa94a0415492633a7e484d2c3c 27c676a40c654053a504661d6302f55d - - default default] 10.0.0.239 "DELETE /v2.0/routers/39971a5f-366b-4a0c-b864-2e88921f57e6 HTTP/1.1" status: 204 len: 168 time: 0.8450150
2026-02-25 20:37:17.576 9 WARNING neutron.scheduler.dhcp_agent_scheduler [None req-412dd8e3-bb6c-4120-b7da-fa897912e35f 3be7385ff12c4306a08c476b9d1d565b 2707c6086141483a97ec084e6093d3ba - - default default] No more DHCP agents
2026-02-25 20:37:17.578 9 WARNING neutron.api.rpc.agentnotifiers.dhcp_rpc_agent_api [None req-412dd8e3-bb6c-4120-b7da-fa897912e35f 3be7385ff12c4306a08c476b9d1d565b 2707c6086141483a97ec084e6093d3ba - - default default] Unable to schedule network 1d0c319c-c183-4118-9811-3a8b032ac4c9: no agents available; will retry on subsequent port and subnet creation events.
2026-02-25 20:37:17.586 10 INFO neutron.wsgi [None req-105185a5-daa4-4d58-bd97-2fea85b237e8 a7403bfa94a0415492633a7e484d2c3c 27c676a40c654053a504661d6302f55d - - default default] 10.0.0.239 "DELETE /v2.0/subnets/e04c1cb6-f4a6-44aa-8022-432657b59917 HTTP/1.1" status: 204 len: 168 time: 0.2216775
2026-02-25 20:37:17.715 9 INFO neutron.db.ovn_revision_numbers_db [None req-412dd8e3-bb6c-4120-b7da-fa897912e35f 3be7385ff12c4306a08c476b9d1d565b 2707c6086141483a97ec084e6093d3ba - - default default] Successfully bumped revision number for resource 8ed39e0c-82fc-4182-824d-745756594d96 (type: ports) to 1
2026-02-25 20:37:17.764 9 INFO neutron.wsgi [None req-412dd8e3-bb6c-4120-b7da-fa897912e35f 3be7385ff12c4306a08c476b9d1d565b 2707c6086141483a97ec084e6093d3ba - - default default] 10.0.0.239 "POST /v2.0/ports HTTP/1.1" status: 201 len: 1127 time: 0.4997764
2026-02-25 20:37:18.007 9 INFO neutron.services.segments.plugin [-] Segment 81c9b228-e77d-418c-8d23-858576c3b55f resource provider aggregate not found
2026-02-25 20:37:18.015 9 INFO neutron.services.segments.plugin [-] Segment 81c9b228-e77d-418c-8d23-858576c3b55f resource provider aggregate not found
2026-02-25 20:37:18.037 9 INFO neutron.services.segments.plugin [-] Segment 81c9b228-e77d-418c-8d23-858576c3b55f resource provider not found; error: Placement Client Error (4xx): {"errors": [{"status": 404, "title": "Not Found", "detail": "The resource could not be found.\n\n No resource provider with uuid 81c9b228-e77d-418c-8d23-858576c3b55f found for delete ", "request_id": "req-33e14d2d-e3f4-4cc6-bafe-acfde4107fae"}]}
2026-02-25 20:37:18.038 9 INFO neutron.services.segments.plugin [-] Segment 81c9b228-e77d-418c-8d23-858576c3b55f resource provider not found; error: Placement Client Error (4xx): {"errors": [{"status": 404, "title": "Not Found", "detail": "The resource could not be found.\n\n No resource provider with uuid 81c9b228-e77d-418c-8d23-858576c3b55f found for delete ", "request_id": "req-5dce362b-309c-4e72-b0dd-aeb56d74981e"}]}
2026-02-25 20:37:18.054 9 INFO neutron.wsgi [None req-cc49a452-cf66-47bd-aa00-25a8a0858967 a7403bfa94a0415492633a7e484d2c3c 27c676a40c654053a504661d6302f55d - - default default] 10.0.0.239 "DELETE /v2.0/networks/79bd3e85-5952-4dc9-92cf-5eae605b2bb3 HTTP/1.1" status: 204 len: 168 time: 0.4545939
2026-02-25 20:37:18.077 10 INFO neutron.wsgi [None req-b64253da-7bda-4b41-8daf-221b199fe069 3be7385ff12c4306a08c476b9d1d565b 2707c6086141483a97ec084e6093d3ba - - default default] 10.0.0.239 "DELETE /v2.0/ports/8ed39e0c-82fc-4182-824d-745756594d96 HTTP/1.1" status: 204 len: 168 time: 0.3074579
2026-02-25 20:37:18.099 10 INFO neutron.pecan_wsgi.hooks.translation [None req-9fe02cba-4268-40eb-b221-25aa5103e2eb 3be7385ff12c4306a08c476b9d1d565b 2707c6086141483a97ec084e6093d3ba - - default default] GET failed (client error): The resource could not be found.
2026-02-25 20:37:18.100 10 INFO neutron.wsgi [None req-9fe02cba-4268-40eb-b221-25aa5103e2eb 3be7385ff12c4306a08c476b9d1d565b 2707c6086141483a97ec084e6093d3ba - - default default] 10.0.0.239 "GET /v2.0/ports/8ed39e0c-82fc-4182-824d-745756594d96 HTTP/1.1" status: 404 len: 333 time: 0.0180440
2026-02-25 20:37:18.266 9 INFO neutron.wsgi [None req-60a554e0-338e-481a-aae3-30057574d8a6 a7403bfa94a0415492633a7e484d2c3c 27c676a40c654053a504661d6302f55d - - default default] 10.0.0.239 "GET /v2.0/security-groups?tenant_id=74e3464d00e447fdb9cb2c9c80d737cd&name=default HTTP/1.1" status: 200 len: 2996 time: 0.0547860
2026-02-25 20:37:18.301 10 INFO neutron.wsgi [None req-1eb40fc6-bb02-4ac0-b0bb-a454427a4c17 3be7385ff12c4306a08c476b9d1d565b 2707c6086141483a97ec084e6093d3ba - - default default] 10.0.0.239 "DELETE /v2.0/subnets/8ba4b034-5d54-4818-b193-34e1fbc1f533 HTTP/1.1" status: 204 len: 168 time: 0.1948056
2026-02-25 20:37:18.541 9 INFO neutron.wsgi [None req-22d9223f-1d72-4f21-8723-30caeed2c395 a7403bfa94a0415492633a7e484d2c3c 27c676a40c654053a504661d6302f55d - - default default] 10.0.0.239 "DELETE /v2.0/security-groups/ab7a06b3-a178-47bc-bc82-fd995abfb9fc HTTP/1.1" status: 204 len: 168 time: 0.2698200
2026-02-25 20:37:18.687 9 INFO neutron.wsgi [None req-9db11054-e4a6-48df-9b4e-23435c472a92 3be7385ff12c4306a08c476b9d1d565b 2707c6086141483a97ec084e6093d3ba - - default default] 10.0.0.239 "DELETE /v2.0/networks/1d0c319c-c183-4118-9811-3a8b032ac4c9 HTTP/1.1" status: 204 len: 168 time: 0.3808794
2026-02-25 20:37:18.701 9 WARNING neutron_lib.context [None req-694d5ca0-662a-4f9b-b477-e07e56a0c7b8 3be7385ff12c4306a08c476b9d1d565b 2707c6086141483a97ec084e6093d3ba - - default default] Method 'is_advsvc' is deprecated since 2023.2 release (neutron-lib 3.8.0) and will be removed once support for the old RBAC API policies will be removed from Neutron. Please use method 'is_service_role' instead.
2026-02-25 20:37:18.962 9 WARNING neutron.scheduler.dhcp_agent_scheduler [None req-694d5ca0-662a-4f9b-b477-e07e56a0c7b8 3be7385ff12c4306a08c476b9d1d565b 2707c6086141483a97ec084e6093d3ba - - default default] No more DHCP agents
2026-02-25 20:37:18.964 9 WARNING neutron.api.rpc.agentnotifiers.dhcp_rpc_agent_api [None req-694d5ca0-662a-4f9b-b477-e07e56a0c7b8 3be7385ff12c4306a08c476b9d1d565b 2707c6086141483a97ec084e6093d3ba - - default default] Unable to schedule network f4600c0f-bb3f-44fd-a6ba-f2c3ad538538: no agents available; will retry on subsequent port and subnet creation events.
2026-02-25 20:37:19.056 9 INFO neutron.db.ovn_revision_numbers_db [None req-694d5ca0-662a-4f9b-b477-e07e56a0c7b8 3be7385ff12c4306a08c476b9d1d565b 2707c6086141483a97ec084e6093d3ba - - default default] Successfully bumped revision number for resource c6cabbb8-7830-494c-93d4-f460599b9082 (type: ports) to 1
2026-02-25 20:37:19.077 9 INFO neutron.wsgi [None req-694d5ca0-662a-4f9b-b477-e07e56a0c7b8 3be7385ff12c4306a08c476b9d1d565b 2707c6086141483a97ec084e6093d3ba - - default default] 10.0.0.239 "POST /v2.0/ports HTTP/1.1" status: 201 len: 977 time: 0.3810301 /var/lib/openstack/lib/python3.10/site-packages/pycadf/identifier.py:71: UserWarning: Invalid uuid: neutron. To ensure interoperability, identifiers should be a valid uuid. warnings.warn(('Invalid uuid: %s. To ensure interoperability, '
2026-02-25 20:37:19.290 9 INFO neutron.db.ovn_revision_numbers_db [None req-19f97b72-5b94-4725-97c9-3b05264d4b02 a7403bfa94a0415492633a7e484d2c3c 27c676a40c654053a504661d6302f55d - - default default] Successfully bumped revision number for resource 54d4f936-af44-47fd-8799-f1d7e200e60e (type: security_groups) to 1
2026-02-25 20:37:19.326 9 INFO neutron.db.ovn_revision_numbers_db [None req-19f97b72-5b94-4725-97c9-3b05264d4b02 a7403bfa94a0415492633a7e484d2c3c 27c676a40c654053a504661d6302f55d - - default default] Successfully bumped revision number for resource 762386ca-84a7-4120-bf8a-7b581ffa41e0 (type: security_group_rules) to 0
2026-02-25 20:37:19.375 9 INFO neutron.db.ovn_revision_numbers_db [None req-19f97b72-5b94-4725-97c9-3b05264d4b02 a7403bfa94a0415492633a7e484d2c3c 27c676a40c654053a504661d6302f55d - - default default] Successfully bumped revision number for resource 8d243bd9-9b06-4c08-a036-c96b9eb8d8db (type: security_group_rules) to 0
2026-02-25 20:37:19.388 9 INFO neutron.plugins.ml2.drivers.ovn.mech_driver.mech_driver [None req-67b502a8-91c0-4df6-ad81-11dbcd0b1268 - - - - - -] OVN reports status down for port: c6cabbb8-7830-494c-93d4-f460599b9082
2026-02-25 20:37:19.415 9 INFO neutron.db.ovn_revision_numbers_db [None req-19f97b72-5b94-4725-97c9-3b05264d4b02 a7403bfa94a0415492633a7e484d2c3c 27c676a40c654053a504661d6302f55d - - default default] Successfully bumped revision number for resource e1bb8c42-cefb-403b-bd46-6509271e3e15 (type: security_group_rules) to 0
2026-02-25 20:37:19.437 9 INFO neutron.db.ovn_revision_numbers_db [None req-19f97b72-5b94-4725-97c9-3b05264d4b02 a7403bfa94a0415492633a7e484d2c3c 27c676a40c654053a504661d6302f55d - - default default] Successfully bumped revision number for resource f9649d97-55c6-4b48-9b43-cd4c320e17f8 (type: security_group_rules) to 0
2026-02-25 20:37:19.447 9 INFO neutron.db.ovn_revision_numbers_db [None req-faa23b33-2590-428d-a8f4-1d31ec4b63f7 3be7385ff12c4306a08c476b9d1d565b 2707c6086141483a97ec084e6093d3ba - - default default] Successfully bumped revision number for resource c6cabbb8-7830-494c-93d4-f460599b9082 (type: ports) to 2
2026-02-25 20:37:19.482 9 INFO neutron.wsgi [None req-faa23b33-2590-428d-a8f4-1d31ec4b63f7 3be7385ff12c4306a08c476b9d1d565b 2707c6086141483a97ec084e6093d3ba - - default default] 10.0.0.239 "PUT /v2.0/ports/c6cabbb8-7830-494c-93d4-f460599b9082 HTTP/1.1" status: 200 len: 946 time: 0.3997819
2026-02-25 20:37:19.492 9 INFO neutron.db.segments_db [None req-19f97b72-5b94-4725-97c9-3b05264d4b02 a7403bfa94a0415492633a7e484d2c3c 27c676a40c654053a504661d6302f55d - - default default] Added segment df443c21-eca6-4f9d-a717-1e53c4a395a9 of type geneve for network 90489580-884c-4e4a-bd65-57c39167771e
2026-02-25 20:37:19.618 9 INFO neutron.db.ovn_revision_numbers_db [None req-19f97b72-5b94-4725-97c9-3b05264d4b02 a7403bfa94a0415492633a7e484d2c3c 27c676a40c654053a504661d6302f55d - - default default] Successfully bumped revision number for resource 90489580-884c-4e4a-bd65-57c39167771e (type: networks) to 1
2026-02-25 20:37:19.711 10 INFO neutron.wsgi [None req-c6d371f3-9e79-43bd-8845-1e14e52dee56 3be7385ff12c4306a08c476b9d1d565b 2707c6086141483a97ec084e6093d3ba - - default default] 10.0.0.239 "DELETE /v2.0/ports/c6cabbb8-7830-494c-93d4-f460599b9082 HTTP/1.1" status: 204 len: 168 time: 0.2239814
2026-02-25 20:37:19.765 9 WARNING neutron.scheduler.dhcp_agent_scheduler [None req-19f97b72-5b94-4725-97c9-3b05264d4b02 a7403bfa94a0415492633a7e484d2c3c 27c676a40c654053a504661d6302f55d - - default default] No more DHCP agents
2026-02-25 20:37:19.766 9 WARNING neutron.api.rpc.agentnotifiers.dhcp_rpc_agent_api [None req-19f97b72-5b94-4725-97c9-3b05264d4b02 a7403bfa94a0415492633a7e484d2c3c 27c676a40c654053a504661d6302f55d - - default default] Unable to schedule network 90489580-884c-4e4a-bd65-57c39167771e: no agents available; will retry on subsequent port and subnet creation events.
2026-02-25 20:37:19.811 10 INFO neutron.wsgi [None req-fda1a792-e944-4694-b745-6adde5f24168 3be7385ff12c4306a08c476b9d1d565b 2707c6086141483a97ec084e6093d3ba - - default default] 10.0.0.239 "GET /v2.0/ports HTTP/1.1" status: 200 len: 1733 time: 0.0948181
2026-02-25 20:37:19.835 10 INFO neutron.pecan_wsgi.hooks.translation [None req-a79e4625-7e52-4248-9601-ce3e0f9dff11 3be7385ff12c4306a08c476b9d1d565b 2707c6086141483a97ec084e6093d3ba - - default default] GET failed (client error): The resource could not be found.
2026-02-25 20:37:19.837 10 INFO neutron.wsgi [None req-a79e4625-7e52-4248-9601-ce3e0f9dff11 3be7385ff12c4306a08c476b9d1d565b 2707c6086141483a97ec084e6093d3ba - - default default] 10.0.0.239 "GET /v2.0/ports/c6cabbb8-7830-494c-93d4-f460599b9082 HTTP/1.1" status: 404 len: 333 time: 0.0185711
2026-02-25 20:37:19.848 9 INFO neutron.db.ovn_revision_numbers_db [None req-19f97b72-5b94-4725-97c9-3b05264d4b02 a7403bfa94a0415492633a7e484d2c3c 27c676a40c654053a504661d6302f55d - - default default] Successfully bumped revision number for resource 5d076cf2-d991-47e4-8590-e827a76763ff (type: ports) to 1
2026-02-25 20:37:19.874 9 INFO neutron.wsgi [None req-19f97b72-5b94-4725-97c9-3b05264d4b02 a7403bfa94a0415492633a7e484d2c3c 27c676a40c654053a504661d6302f55d - - default default] 10.0.0.239 "POST /v2.0/networks HTTP/1.1" status: 201 len: 943 time: 0.9807963
2026-02-25 20:37:19.881 10 INFO neutron.wsgi [None req-9fe49aab-11e7-41d4-a2ab-dcfd94bc63c8 3be7385ff12c4306a08c476b9d1d565b 2707c6086141483a97ec084e6093d3ba - - default default] 10.0.0.239 "GET /v2.0/ports HTTP/1.1" status: 200 len: 1733 time: 0.0365965 /var/lib/openstack/lib/python3.10/site-packages/pycadf/identifier.py:71: UserWarning: Invalid uuid: neutron. To ensure interoperability, identifiers should be a valid uuid. warnings.warn(('Invalid uuid: %s. To ensure interoperability, '
2026-02-25 20:37:19.965 9 INFO neutron.wsgi [None req-30ec84c4-62e7-40db-ad78-b2f2fde91b73 3be7385ff12c4306a08c476b9d1d565b 2707c6086141483a97ec084e6093d3ba - - default default] 10.0.0.239 "GET /v2.0/ports/6935c3a5-a0e1-4d5e-b119-443d54a26848 HTTP/1.1" status: 200 len: 973 time: 0.0777202
2026-02-25 20:37:19.998 9 INFO neutron.pecan_wsgi.hooks.translation [None req-1e9eac8f-7adc-4e9b-a4e2-7ff163657a41 3be7385ff12c4306a08c476b9d1d565b 2707c6086141483a97ec084e6093d3ba - - default default] DELETE failed (client error): The resource could not be found.
2026-02-25 20:37:20.001 9 INFO neutron.wsgi [None req-1e9eac8f-7adc-4e9b-a4e2-7ff163657a41 3be7385ff12c4306a08c476b9d1d565b 2707c6086141483a97ec084e6093d3ba - - default default] 10.0.0.239 "DELETE /v2.0/ports/8ed39e0c-82fc-4182-824d-745756594d96 HTTP/1.1" status: 404 len: 333 time: 0.0230441
2026-02-25 20:37:20.020 10 WARNING neutron.scheduler.dhcp_agent_scheduler [None req-9fef6f5d-6d94-4ac5-9f23-f8563eb7ad92 a7403bfa94a0415492633a7e484d2c3c 27c676a40c654053a504661d6302f55d - - default default] No more DHCP agents
2026-02-25 20:37:20.021 9 INFO neutron.pecan_wsgi.hooks.translation [None req-b006a5cd-b311-49ff-b7eb-dac261edd0d2 3be7385ff12c4306a08c476b9d1d565b 2707c6086141483a97ec084e6093d3ba - - default default] DELETE failed (client error): The resource could not be found.
2026-02-25 20:37:20.022 9 INFO neutron.wsgi [None req-b006a5cd-b311-49ff-b7eb-dac261edd0d2 3be7385ff12c4306a08c476b9d1d565b 2707c6086141483a97ec084e6093d3ba - - default default] 10.0.0.239 "DELETE /v2.0/subnets/8ba4b034-5d54-4818-b193-34e1fbc1f533 HTTP/1.1" status: 404 len: 337 time: 0.0167634
2026-02-25 20:37:20.023 10 WARNING neutron.api.rpc.agentnotifiers.dhcp_rpc_agent_api [None req-9fef6f5d-6d94-4ac5-9f23-f8563eb7ad92 a7403bfa94a0415492633a7e484d2c3c 27c676a40c654053a504661d6302f55d - - default default] Unable to schedule network 90489580-884c-4e4a-bd65-57c39167771e: no agents available; will retry on subsequent port and subnet creation events.
2026-02-25 20:37:20.054 9 INFO neutron.pecan_wsgi.hooks.translation [None req-a8ed990b-44ba-4c1b-b6a3-335d4da50d39 3be7385ff12c4306a08c476b9d1d565b 2707c6086141483a97ec084e6093d3ba - - default default] DELETE failed (client error): The resource could not be found.
2026-02-25 20:37:20.056 9 INFO neutron.wsgi [None req-a8ed990b-44ba-4c1b-b6a3-335d4da50d39 3be7385ff12c4306a08c476b9d1d565b 2707c6086141483a97ec084e6093d3ba - - default default] 10.0.0.239 "DELETE /v2.0/subnets/bd221b43-f555-4fb7-949c-253ac5302b57 HTTP/1.1" status: 404 len: 337 time: 0.0298963
2026-02-25 20:37:20.068 9 INFO neutron.services.segments.plugin [-] Segment 5aa123fe-45d5-4d72-b0b8-ce9ac74268d8 resource provider aggregate not found
2026-02-25 20:37:20.073 9 INFO neutron.services.segments.plugin [-] Segment 5aa123fe-45d5-4d72-b0b8-ce9ac74268d8 resource provider aggregate not found
2026-02-25 20:37:20.089 9 INFO neutron.services.segments.plugin [-] Segment 5aa123fe-45d5-4d72-b0b8-ce9ac74268d8 resource provider not found; error: Placement Client Error (4xx): {"errors": [{"status": 404, "title": "Not Found", "detail": "The resource could not be found.\n\n No resource provider with uuid 5aa123fe-45d5-4d72-b0b8-ce9ac74268d8 found for delete ", "request_id": "req-7a61ef57-4ef5-4226-9486-f5d27e7e28c7"}]}
2026-02-25 20:37:20.091 9 INFO neutron.services.segments.plugin [-] Segment 5aa123fe-45d5-4d72-b0b8-ce9ac74268d8 resource provider not found; error: Placement Client Error (4xx): {"errors": [{"status": 404, "title": "Not Found", "detail": "The resource could not be found.\n\n No resource provider with uuid 5aa123fe-45d5-4d72-b0b8-ce9ac74268d8 found for delete ", "request_id": "req-d858965d-0a02-4ac4-b419-347b1a9ed561"}]}
2026-02-25 20:37:20.308 9 INFO neutron.wsgi [None req-0177de28-1ac2-431d-badf-41210ccd3fe6 3be7385ff12c4306a08c476b9d1d565b 2707c6086141483a97ec084e6093d3ba - - default default] 10.0.0.239 "DELETE /v2.0/ports/6935c3a5-a0e1-4d5e-b119-443d54a26848 HTTP/1.1" status: 204 len: 168 time: 0.2475097
2026-02-25 20:37:20.529 10 INFO neutron.db.ovn_revision_numbers_db [None req-9fef6f5d-6d94-4ac5-9f23-f8563eb7ad92 a7403bfa94a0415492633a7e484d2c3c 27c676a40c654053a504661d6302f55d - - default default] Successfully bumped revision number for resource 5d076cf2-d991-47e4-8590-e827a76763ff (type: ports) to 2
2026-02-25 20:37:20.568 10 INFO neutron.db.ovn_revision_numbers_db [None req-9fef6f5d-6d94-4ac5-9f23-f8563eb7ad92 a7403bfa94a0415492633a7e484d2c3c 27c676a40c654053a504661d6302f55d - - default default] Successfully bumped revision number for resource c885168c-5efa-43d5-a739-da75c40321f9 (type: subnets) to 0
2026-02-25 20:37:20.586 10 INFO neutron.wsgi [None req-9fef6f5d-6d94-4ac5-9f23-f8563eb7ad92 a7403bfa94a0415492633a7e484d2c3c 27c676a40c654053a504661d6302f55d - - default default] 10.0.0.239 "POST /v2.0/subnets HTTP/1.1" status: 201 len: 863 time: 0.7044685
2026-02-25 20:37:20.948 9 WARNING neutron.scheduler.dhcp_agent_scheduler [None req-0b9ee23b-76e0-44f5-9449-60ac6a082498 a7403bfa94a0415492633a7e484d2c3c 27c676a40c654053a504661d6302f55d - - default default] No more DHCP agents
2026-02-25 20:37:20.950 9 WARNING neutron.api.rpc.agentnotifiers.dhcp_rpc_agent_api [None req-0b9ee23b-76e0-44f5-9449-60ac6a082498 a7403bfa94a0415492633a7e484d2c3c 27c676a40c654053a504661d6302f55d - - default default] Unable to schedule network aa707c75-8052-4baa-a575-b0f4251b61fd: no agents available; will retry on subsequent port and subnet creation events.
2026-02-25 20:37:20.970 10 INFO neutron.services.segments.plugin [-] Segment f13b8cb9-c6e2-4c08-a22e-974797a29544 resource provider aggregate not found
2026-02-25 20:37:20.984 10 INFO neutron.services.segments.plugin [-] Segment f13b8cb9-c6e2-4c08-a22e-974797a29544 resource provider aggregate not found
2026-02-25 20:37:20.993 10 INFO neutron.services.segments.plugin [-] Segment f13b8cb9-c6e2-4c08-a22e-974797a29544 resource provider not found; error: Placement Client Error (4xx): {"errors": [{"status": 404, "title": "Not Found", "detail": "The resource could not be found.\n\n No resource provider with uuid f13b8cb9-c6e2-4c08-a22e-974797a29544 found for delete ", "request_id": "req-c9f3b975-6079-4a26-b876-0a57a2fe7e06"}]}
2026-02-25 20:37:21.000 10 INFO neutron.services.segments.plugin [-] Segment f13b8cb9-c6e2-4c08-a22e-974797a29544 resource provider not found; error: Placement Client Error (4xx): {"errors": [{"status": 404, "title": "Not Found", "detail": "The resource could not be found.\n\n No resource provider with uuid f13b8cb9-c6e2-4c08-a22e-974797a29544 found for delete ", "request_id": "req-3a821676-e3b7-44df-9603-ced3caadf5fe"}]}
2026-02-25 20:37:21.028 10 INFO neutron.wsgi [None req-58da598f-a8ef-47dd-91cf-62e57234362e 3be7385ff12c4306a08c476b9d1d565b 2707c6086141483a97ec084e6093d3ba - - default default] 10.0.0.239 "DELETE /v2.0/networks/f4600c0f-bb3f-44fd-a6ba-f2c3ad538538 HTTP/1.1" status: 204 len: 168 time: 0.7120295
2026-02-25 20:37:21.076 9 INFO neutron.db.ovn_revision_numbers_db [None req-0b9ee23b-76e0-44f5-9449-60ac6a082498 a7403bfa94a0415492633a7e484d2c3c 27c676a40c654053a504661d6302f55d - - default default] Successfully bumped revision number for resource ac3d2ec3-950f-4eb1-984e-d146aee28a1c (type: ports) to 1
2026-02-25 20:37:21.728 10 INFO neutron.wsgi [None req-2a3057fa-32a6-4e42-8d57-39eb43cf8279 a7403bfa94a0415492633a7e484d2c3c 27c676a40c654053a504661d6302f55d - - default default] 10.0.0.239 "GET /v2.0/security-groups?tenant_id=2707c6086141483a97ec084e6093d3ba&name=default HTTP/1.1" status: 200 len: 2996 time: 0.1600375
2026-02-25 20:37:21.912 10 INFO neutron.plugins.ml2.drivers.ovn.mech_driver.mech_driver [None req-d30f8d2e-f636-4c78-9826-d47f0238f5d0 - - - - - -] OVN reports status up for port: ac3d2ec3-950f-4eb1-984e-d146aee28a1c
2026-02-25 20:37:21.932 9 INFO neutron.plugins.ml2.drivers.ovn.mech_driver.ovsdb.ovsdb_monitor [None req-ff76b02e-9f6d-47d7-8f17-0bf7bc6b6b3c - - - - - -] Router cb66e2ff-f0c8-41ff-8885-2eb52de16fed is bound to host instance
2026-02-25 20:37:21.944 10 INFO neutron.plugins.ml2.plugin [None req-d30f8d2e-f636-4c78-9826-d47f0238f5d0 - - - - - -] Attempt 1 to provision port ac3d2ec3-950f-4eb1-984e-d146aee28a1c
2026-02-25 20:37:21.976 9 INFO neutron.db.ovn_revision_numbers_db [None req-0b9ee23b-76e0-44f5-9449-60ac6a082498 a7403bfa94a0415492633a7e484d2c3c 27c676a40c654053a504661d6302f55d - - default default] Successfully bumped revision number for resource ac3d2ec3-950f-4eb1-984e-d146aee28a1c (type: router_ports) to 1
2026-02-25 20:37:21.990 10 INFO neutron.wsgi [None req-18f2fe99-3824-4cff-8f13-256e5e7f56f5 a7403bfa94a0415492633a7e484d2c3c 27c676a40c654053a504661d6302f55d - - default default] 10.0.0.239 "DELETE /v2.0/security-groups/eeb0f478-dbdd-4283-9166-8414be084dd3 HTTP/1.1" status: 204 len: 168 time: 0.2568452
2026-02-25 20:37:22.074 9 INFO neutron.db.ovn_revision_numbers_db [None req-0b9ee23b-76e0-44f5-9449-60ac6a082498 a7403bfa94a0415492633a7e484d2c3c 27c676a40c654053a504661d6302f55d - - default default] Successfully bumped revision number for resource cb66e2ff-f0c8-41ff-8885-2eb52de16fed (type: routers) to 2
2026-02-25 20:37:22.101 9 INFO neutron.wsgi [None req-0b9ee23b-76e0-44f5-9449-60ac6a082498 a7403bfa94a0415492633a7e484d2c3c 27c676a40c654053a504661d6302f55d - - default default] 10.0.0.239 "POST /v2.0/routers HTTP/1.1" status: 201 len: 874 time: 1.5095072
2026-02-25 20:37:22.500 10 WARNING neutron.scheduler.dhcp_agent_scheduler [None req-6e1ef0a9-ecb5-419d-9807-7abcebe53c79 a7403bfa94a0415492633a7e484d2c3c 27c676a40c654053a504661d6302f55d - - default default] No more DHCP agents
2026-02-25 20:37:22.504 10 WARNING neutron.api.rpc.agentnotifiers.dhcp_rpc_agent_api [None req-6e1ef0a9-ecb5-419d-9807-7abcebe53c79 a7403bfa94a0415492633a7e484d2c3c 27c676a40c654053a504661d6302f55d - - default default] Unable to schedule network 90489580-884c-4e4a-bd65-57c39167771e: no agents available; will retry on subsequent port and subnet creation events.
2026-02-25 20:37:22.543 9 INFO neutron.db.ovn_revision_numbers_db [None req-ff76b02e-9f6d-47d7-8f17-0bf7bc6b6b3c - - - - - -] Successfully bumped revision number for resource ac3d2ec3-950f-4eb1-984e-d146aee28a1c (type: ports) to 1
2026-02-25 20:37:22.643 10 INFO neutron.db.ovn_revision_numbers_db [None req-6e1ef0a9-ecb5-419d-9807-7abcebe53c79 a7403bfa94a0415492633a7e484d2c3c 27c676a40c654053a504661d6302f55d - - default default] Successfully bumped revision number for resource 87664b7b-6765-4949-b17f-0dde36ca0738 (type: ports) to 1
2026-02-25 20:37:22.781 9 INFO neutron.db.ovn_revision_numbers_db [None req-ff76b02e-9f6d-47d7-8f17-0bf7bc6b6b3c - - - - - -] Successfully bumped revision number for resource ac3d2ec3-950f-4eb1-984e-d146aee28a1c (type: router_ports) to 3
2026-02-25 20:37:22.942 9 INFO neutron.db.ovn_revision_numbers_db [None req-ff76b02e-9f6d-47d7-8f17-0bf7bc6b6b3c - - - - - -] Successfully bumped revision number for resource ac3d2ec3-950f-4eb1-984e-d146aee28a1c (type: ports) to 2
2026-02-25 20:37:22.954 9 INFO neutron.plugins.ml2.drivers.ovn.mech_driver.mech_driver [None req-67b502a8-91c0-4df6-ad81-11dbcd0b1268 - - - - - -] OVN reports status up for port: 87664b7b-6765-4949-b17f-0dde36ca0738
2026-02-25 20:37:22.962 9 INFO neutron.plugins.ml2.plugin [None req-67b502a8-91c0-4df6-ad81-11dbcd0b1268 - - - - - -] Attempt 1 to provision port 87664b7b-6765-4949-b17f-0dde36ca0738
2026-02-25 20:37:22.981 10 INFO neutron.db.ovn_revision_numbers_db [None req-6e1ef0a9-ecb5-419d-9807-7abcebe53c79 a7403bfa94a0415492633a7e484d2c3c 27c676a40c654053a504661d6302f55d - - default default] Successfully bumped revision number for resource 87664b7b-6765-4949-b17f-0dde36ca0738 (type: router_ports) to 1
2026-02-25 20:37:23.098 10 INFO neutron.db.ovn_revision_numbers_db [None req-6e1ef0a9-ecb5-419d-9807-7abcebe53c79 a7403bfa94a0415492633a7e484d2c3c 27c676a40c654053a504661d6302f55d - - default default] Successfully bumped revision number for resource 87664b7b-6765-4949-b17f-0dde36ca0738 (type: ports) to 1
2026-02-25 20:37:23.152 10 WARNING neutron.scheduler.dhcp_agent_scheduler [None req-6e1ef0a9-ecb5-419d-9807-7abcebe53c79 a7403bfa94a0415492633a7e484d2c3c 27c676a40c654053a504661d6302f55d - - default default] No more DHCP agents
2026-02-25 20:37:23.153 10 WARNING neutron.api.rpc.agentnotifiers.dhcp_rpc_agent_api [None req-6e1ef0a9-ecb5-419d-9807-7abcebe53c79 a7403bfa94a0415492633a7e484d2c3c 27c676a40c654053a504661d6302f55d - - default default] Unable to schedule network 90489580-884c-4e4a-bd65-57c39167771e: no agents available; will retry on subsequent port and subnet creation events.
2026-02-25 20:37:23.244 9 INFO neutron.db.ovn_revision_numbers_db [None req-ff76b02e-9f6d-47d7-8f17-0bf7bc6b6b3c - - - - - -] Successfully bumped revision number for resource ac3d2ec3-950f-4eb1-984e-d146aee28a1c (type: ports) to 4
2026-02-25 20:37:23.330 9 INFO neutron.db.ovn_revision_numbers_db [None req-67b502a8-91c0-4df6-ad81-11dbcd0b1268 - - - - - -] Successfully bumped revision number for resource 87664b7b-6765-4949-b17f-0dde36ca0738 (type: ports) to 2
2026-02-25 20:37:23.465 9 INFO neutron.db.ovn_revision_numbers_db [None req-67b502a8-91c0-4df6-ad81-11dbcd0b1268 - - - - - -] Successfully bumped revision number for resource 87664b7b-6765-4949-b17f-0dde36ca0738 (type: router_ports) to 2
2026-02-25 20:37:23.522 10 INFO neutron.db.ovn_revision_numbers_db [None req-6e1ef0a9-ecb5-419d-9807-7abcebe53c79 a7403bfa94a0415492633a7e484d2c3c 27c676a40c654053a504661d6302f55d - - default default] Successfully bumped revision number for resource 87664b7b-6765-4949-b17f-0dde36ca0738 (type: router_ports) to 2
2026-02-25 20:37:23.524 10 INFO neutron.wsgi [None req-6e1ef0a9-ecb5-419d-9807-7abcebe53c79 a7403bfa94a0415492633a7e484d2c3c 27c676a40c654053a504661d6302f55d - - default default] 10.0.0.239 "PUT /v2.0/routers/cb66e2ff-f0c8-41ff-8885-2eb52de16fed/add_router_interface HTTP/1.1" status: 200 len: 503 time: 1.4132998
2026-02-25 20:37:23.593 9 INFO neutron.db.ovn_revision_numbers_db [None req-ff76b02e-9f6d-47d7-8f17-0bf7bc6b6b3c - - - - - -] Successfully bumped revision number for resource ac3d2ec3-950f-4eb1-984e-d146aee28a1c (type: router_ports) to 4
2026-02-25 20:37:24.152 10 WARNING neutron_lib.context [None req-770ae91b-2af8-405f-816f-7ce860043561 e43f026a72b94a3988efeff3ca378f9c 07cb72bad893445693a1825c4d1d504f - - default default] Method 'is_advsvc' is deprecated since 2023.2 release (neutron-lib 3.8.0) and will be removed once support for the old RBAC API policies will be removed from Neutron. Please use method 'is_service_role' instead.
2026-02-25 20:37:24.272 10 INFO neutron.db.ovn_revision_numbers_db [None req-770ae91b-2af8-405f-816f-7ce860043561 e43f026a72b94a3988efeff3ca378f9c 07cb72bad893445693a1825c4d1d504f - - default default] Successfully bumped revision number for resource 0c830707-75de-490f-9b16-a2a0e31cb12b (type: security_groups) to 1
2026-02-25 20:37:24.286 10 INFO neutron.db.ovn_revision_numbers_db [None req-770ae91b-2af8-405f-816f-7ce860043561 e43f026a72b94a3988efeff3ca378f9c 07cb72bad893445693a1825c4d1d504f - - default default] Successfully bumped revision number for resource 020a5a74-c1ae-4956-a101-07542d410300 (type: security_group_rules) to 0
2026-02-25 20:37:24.299 10 INFO neutron.db.ovn_revision_numbers_db [None req-770ae91b-2af8-405f-816f-7ce860043561 e43f026a72b94a3988efeff3ca378f9c 07cb72bad893445693a1825c4d1d504f - - default default] Successfully bumped revision number for resource 26e15ff2-1d58-45d4-8c75-76b8ae4f4c69 (type: security_group_rules) to 0
2026-02-25 20:37:24.318 10 INFO neutron.db.ovn_revision_numbers_db [None req-770ae91b-2af8-405f-816f-7ce860043561 e43f026a72b94a3988efeff3ca378f9c 07cb72bad893445693a1825c4d1d504f - - default default] Successfully bumped revision number for resource 3a0bec3a-2bb5-4e8f-9f02-e3eb6eee750e (type: security_group_rules) to 0
2026-02-25 20:37:24.333 10 INFO neutron.db.ovn_revision_numbers_db [None req-770ae91b-2af8-405f-816f-7ce860043561 e43f026a72b94a3988efeff3ca378f9c 07cb72bad893445693a1825c4d1d504f - - default default] Successfully bumped revision number for resource fd8482d5-2615-4603-8c8c-d318a0bb82a9 (type: security_group_rules) to 0
2026-02-25 20:37:24.392 10 INFO neutron.db.segments_db [None req-770ae91b-2af8-405f-816f-7ce860043561 e43f026a72b94a3988efeff3ca378f9c 07cb72bad893445693a1825c4d1d504f - - default default] Added segment 32e86013-188c-4403-b30f-e7a0098cca07 of type geneve for network 124d6320-2f6a-40a7-a408-db3c8311be44
2026-02-25 20:37:24.540 10 INFO neutron.db.ovn_revision_numbers_db [None req-770ae91b-2af8-405f-816f-7ce860043561 e43f026a72b94a3988efeff3ca378f9c 07cb72bad893445693a1825c4d1d504f - - default default] Successfully bumped revision number for resource 124d6320-2f6a-40a7-a408-db3c8311be44 (type: networks) to 1
2026-02-25 20:37:24.705 10 WARNING neutron.scheduler.dhcp_agent_scheduler [None req-770ae91b-2af8-405f-816f-7ce860043561 e43f026a72b94a3988efeff3ca378f9c 07cb72bad893445693a1825c4d1d504f - - default default] No more DHCP agents
2026-02-25 20:37:24.707 10 WARNING neutron.api.rpc.agentnotifiers.dhcp_rpc_agent_api [None req-770ae91b-2af8-405f-816f-7ce860043561 e43f026a72b94a3988efeff3ca378f9c 07cb72bad893445693a1825c4d1d504f - - default default] Unable to schedule network 124d6320-2f6a-40a7-a408-db3c8311be44: no agents available; will retry on subsequent port and subnet creation events.
2026-02-25 20:37:24.793 10 INFO neutron.db.ovn_revision_numbers_db [None req-770ae91b-2af8-405f-816f-7ce860043561 e43f026a72b94a3988efeff3ca378f9c 07cb72bad893445693a1825c4d1d504f - - default default] Successfully bumped revision number for resource ec0ed713-5de2-42ce-824b-3d6931d0833a (type: ports) to 1
2026-02-25 20:37:24.813 10 INFO neutron.wsgi [None req-770ae91b-2af8-405f-816f-7ce860043561 e43f026a72b94a3988efeff3ca378f9c 07cb72bad893445693a1825c4d1d504f - - default default] 10.0.0.239 "POST /v2.0/networks HTTP/1.1" status: 201 len: 843 time: 0.8199098
2026-02-25 20:37:24.823 10 WARNING neutron_lib.context [None req-9b631267-0e4b-48ef-81aa-68c26ffdc588 e43f026a72b94a3988efeff3ca378f9c 07cb72bad893445693a1825c4d1d504f - - default default] Method 'is_advsvc' is deprecated since 2023.2 release (neutron-lib 3.8.0) and will be removed once support for the old RBAC API policies will be removed from Neutron. Please use method 'is_service_role' instead.
2026-02-25 20:37:25.089 10 WARNING neutron.scheduler.dhcp_agent_scheduler [None req-9b631267-0e4b-48ef-81aa-68c26ffdc588 e43f026a72b94a3988efeff3ca378f9c 07cb72bad893445693a1825c4d1d504f - - default default] No more DHCP agents
2026-02-25 20:37:25.093 10 WARNING neutron.api.rpc.agentnotifiers.dhcp_rpc_agent_api [None req-9b631267-0e4b-48ef-81aa-68c26ffdc588 e43f026a72b94a3988efeff3ca378f9c 07cb72bad893445693a1825c4d1d504f - - default default] Unable to schedule network 124d6320-2f6a-40a7-a408-db3c8311be44: no agents available; will retry on subsequent port and subnet creation events.
2026-02-25 20:37:25.210 10 INFO neutron.db.ovn_revision_numbers_db [None req-9b631267-0e4b-48ef-81aa-68c26ffdc588 e43f026a72b94a3988efeff3ca378f9c 07cb72bad893445693a1825c4d1d504f - - default default] Successfully bumped revision number for resource 3e135752-f3fb-478b-b392-b66134345210 (type: ports) to 1
2026-02-25 20:37:25.234 10 INFO neutron.wsgi [None req-9b631267-0e4b-48ef-81aa-68c26ffdc588 e43f026a72b94a3988efeff3ca378f9c 07cb72bad893445693a1825c4d1d504f - - default default] 10.0.0.239 "POST /v2.0/ports HTTP/1.1" status: 201 len: 974 time: 0.4155636 /var/lib/openstack/lib/python3.10/site-packages/pycadf/identifier.py:71: UserWarning: Invalid uuid: neutron. To ensure interoperability, identifiers should be a valid uuid. warnings.warn(('Invalid uuid: %s. To ensure interoperability, '
2026-02-25 20:37:25.244 10 WARNING neutron_lib.context [None req-ab73888b-7802-4bfe-86d2-b5aa6a7361c3 e43f026a72b94a3988efeff3ca378f9c 07cb72bad893445693a1825c4d1d504f - - default default] Method 'is_advsvc' is deprecated since 2023.2 release (neutron-lib 3.8.0) and will be removed once support for the old RBAC API policies will be removed from Neutron. Please use method 'is_service_role' instead.
