2026-02-25 20:18:47.737 9 INFO neutron.db.ovn_revision_numbers_db [None req-055b3039-bdf3-4636-b2cd-26cdcc77c1ef a7403bfa94a0415492633a7e484d2c3c 27c676a40c654053a504661d6302f55d - - default default] Successfully bumped revision number for resource b2c1ff53-5b35-47ce-8b33-1e5e74eece75 (type: security_groups) to 1
2026-02-25 20:18:47.754 9 INFO neutron.db.ovn_revision_numbers_db [None req-055b3039-bdf3-4636-b2cd-26cdcc77c1ef a7403bfa94a0415492633a7e484d2c3c 27c676a40c654053a504661d6302f55d - - default default] Successfully bumped revision number for resource 31659985-f8e1-48ce-b670-c2bc22219bf0 (type: security_group_rules) to 0
2026-02-25 20:18:47.769 9 INFO neutron.db.ovn_revision_numbers_db [None req-055b3039-bdf3-4636-b2cd-26cdcc77c1ef a7403bfa94a0415492633a7e484d2c3c 27c676a40c654053a504661d6302f55d - - default default] Successfully bumped revision number for resource becd730a-bd6b-41c4-a61e-770e2d9ac72b (type: security_group_rules) to 0
2026-02-25 20:18:47.833 9 INFO neutron.wsgi [None req-055b3039-bdf3-4636-b2cd-26cdcc77c1ef a7403bfa94a0415492633a7e484d2c3c 27c676a40c654053a504661d6302f55d - - default default] 199.19.213.169,10.0.0.166 "POST /v2.0/security-groups HTTP/1.1" status: 201 len: 1741 time: 0.2020066
2026-02-25 20:18:48.839 9 INFO neutron.wsgi [None req-01d3ff96-801c-4002-9532-c1852c32b4ef a7403bfa94a0415492633a7e484d2c3c 27c676a40c654053a504661d6302f55d - - default default] 199.19.213.169,10.0.0.166 "GET /v2.0/security-groups/b2c1ff53-5b35-47ce-8b33-1e5e74eece75?project_id=bb1f5842a8214640ad4f8c8595425864 HTTP/1.1" status: 200 len: 1736 time: 0.0678566
2026-02-25 20:18:48.870 9 INFO neutron.wsgi [None req-8d4662a2-9d2b-4a8b-8182-d92c6039170b a7403bfa94a0415492633a7e484d2c3c 27c676a40c654053a504661d6302f55d - - default default] 199.19.213.169,10.0.0.166 "GET /v2.0/security-groups/b2c1ff53-5b35-47ce-8b33-1e5e74eece75 HTTP/1.1" status: 200 len: 1736 time: 0.0263782
2026-02-25 20:18:48.964 9 INFO neutron.wsgi [None req-ee3df16a-4b37-4d9b-8d1b-d6ed062d3098 a7403bfa94a0415492633a7e484d2c3c 27c676a40c654053a504661d6302f55d - - default default] 199.19.213.169,10.0.0.166 "GET /v2.0/security-groups/b2c1ff53-5b35-47ce-8b33-1e5e74eece75?project_id=bb1f5842a8214640ad4f8c8595425864 HTTP/1.1" status: 200 len: 1736 time: 0.0251949
2026-02-25 20:18:49.083 9 INFO neutron.db.ovn_revision_numbers_db [None req-2749cc0c-47ac-48dc-a208-dea177ce64f0 a7403bfa94a0415492633a7e484d2c3c 27c676a40c654053a504661d6302f55d - - default default] Successfully bumped revision number for resource bb3d43f2-cb7d-4e7d-89f1-f96e337baf22 (type: security_group_rules) to 0
2026-02-25 20:18:49.104 9 INFO neutron.wsgi [None req-2749cc0c-47ac-48dc-a208-dea177ce64f0 a7403bfa94a0415492633a7e484d2c3c 27c676a40c654053a504661d6302f55d - - default default] 199.19.213.169,10.0.0.166 "POST /v2.0/security-group-rules HTTP/1.1" status: 201 len: 745 time: 0.1336300
2026-02-25 20:18:50.002 9 INFO neutron.wsgi [None req-4d786847-0e3a-42f5-91e8-e3cca5abbac9 a7403bfa94a0415492633a7e484d2c3c 27c676a40c654053a504661d6302f55d - - default default] 199.19.213.169,10.0.0.166 "GET /v2.0/security-groups/b2c1ff53-5b35-47ce-8b33-1e5e74eece75?project_id=bb1f5842a8214640ad4f8c8595425864 HTTP/1.1" status: 200 len: 2314 time: 0.0670316
2026-02-25 20:18:50.037 9 INFO neutron.wsgi [None req-a44b5867-55d5-46e0-9d6b-886ae27b2aae a7403bfa94a0415492633a7e484d2c3c 27c676a40c654053a504661d6302f55d - - default default] 199.19.213.169,10.0.0.166 "GET /v2.0/security-groups/b2c1ff53-5b35-47ce-8b33-1e5e74eece75 HTTP/1.1" status: 200 len: 2314 time: 0.0272222
2026-02-25 20:18:50.132 9 INFO neutron.wsgi [None req-d8458cb4-6c43-4762-ac50-e99201f53ddf a7403bfa94a0415492633a7e484d2c3c 27c676a40c654053a504661d6302f55d - - default default] 199.19.213.169,10.0.0.166 "GET /v2.0/security-groups/b2c1ff53-5b35-47ce-8b33-1e5e74eece75?project_id=bb1f5842a8214640ad4f8c8595425864 HTTP/1.1" status: 200 len: 2314 time: 0.0262198
2026-02-25 20:18:50.238 9 INFO neutron.db.ovn_revision_numbers_db [None req-1b9052cc-3687-42e5-b36c-7cf2f4112f1a a7403bfa94a0415492633a7e484d2c3c 27c676a40c654053a504661d6302f55d - - default default] Successfully bumped revision number for resource b9c802b1-d441-49cb-abc9-5840024612f3 (type: security_group_rules) to 0
2026-02-25 20:18:50.264 9 INFO neutron.wsgi [None req-1b9052cc-3687-42e5-b36c-7cf2f4112f1a a7403bfa94a0415492633a7e484d2c3c 27c676a40c654053a504661d6302f55d - - default default] 199.19.213.169,10.0.0.166 "POST /v2.0/security-group-rules HTTP/1.1" status: 201 len: 747 time: 0.1255107
2026-02-25 20:18:51.191 9 INFO neutron.wsgi [None req-e07cfb94-2b54-4c68-adcc-d9cf4eab7cd6 a7403bfa94a0415492633a7e484d2c3c 27c676a40c654053a504661d6302f55d - - default default] 199.19.213.169,10.0.0.166 "GET /v2.0/security-groups/b2c1ff53-5b35-47ce-8b33-1e5e74eece75?project_id=bb1f5842a8214640ad4f8c8595425864 HTTP/1.1" status: 200 len: 2894 time: 0.0733690
2026-02-25 20:18:51.224 9 INFO neutron.wsgi [None req-17c084a7-68f0-4fc2-b834-269f89fd1384 a7403bfa94a0415492633a7e484d2c3c 27c676a40c654053a504661d6302f55d - - default default] 199.19.213.169,10.0.0.166 "GET /v2.0/security-groups/b2c1ff53-5b35-47ce-8b33-1e5e74eece75 HTTP/1.1" status: 200 len: 2894 time: 0.0285716
2026-02-25 20:18:51.326 9 INFO neutron.wsgi [None req-97afee39-3518-4e55-b56b-066129b83c63 a7403bfa94a0415492633a7e484d2c3c 27c676a40c654053a504661d6302f55d - - default default] 199.19.213.169,10.0.0.166 "GET /v2.0/security-groups/b2c1ff53-5b35-47ce-8b33-1e5e74eece75?project_id=bb1f5842a8214640ad4f8c8595425864 HTTP/1.1" status: 200 len: 2894 time: 0.0327160
2026-02-25 20:18:51.441 9 INFO neutron.db.ovn_revision_numbers_db [None req-75bbe01f-d18f-409e-aa0a-dfe41a0f9b5e a7403bfa94a0415492633a7e484d2c3c 27c676a40c654053a504661d6302f55d - - default default] Successfully bumped revision number for resource 823fa075-d269-4f61-a889-d5bd668aaf2f (type: security_group_rules) to 0
2026-02-25 20:18:51.463 9 INFO neutron.wsgi [None req-75bbe01f-d18f-409e-aa0a-dfe41a0f9b5e a7403bfa94a0415492633a7e484d2c3c 27c676a40c654053a504661d6302f55d - - default default] 199.19.213.169,10.0.0.166 "POST /v2.0/security-group-rules HTTP/1.1" status: 201 len: 749 time: 0.1326933
2026-02-25 20:18:52.496 9 INFO neutron.wsgi [None req-d775b152-8255-48d0-9684-dc5b119ce0a0 a7403bfa94a0415492633a7e484d2c3c 27c676a40c654053a504661d6302f55d - - default default] 199.19.213.169,10.0.0.166 "GET /v2.0/security-groups/b2c1ff53-5b35-47ce-8b33-1e5e74eece75?project_id=bb1f5842a8214640ad4f8c8595425864 HTTP/1.1" status: 200 len: 3476 time: 0.0683851
2026-02-25 20:18:52.533 9 INFO neutron.wsgi [None req-b0c48445-9dee-4272-a9fc-9f4db4b7c4ab a7403bfa94a0415492633a7e484d2c3c 27c676a40c654053a504661d6302f55d - - default default] 199.19.213.169,10.0.0.166 "GET /v2.0/security-groups/b2c1ff53-5b35-47ce-8b33-1e5e74eece75 HTTP/1.1" status: 200 len: 3476 time: 0.0295551
2026-02-25 20:18:52.633 9 INFO neutron.wsgi [None req-e9943f1d-72b6-479a-8c20-91b7e7571b8c a7403bfa94a0415492633a7e484d2c3c 27c676a40c654053a504661d6302f55d - - default default] 199.19.213.169,10.0.0.166 "GET /v2.0/security-groups/b2c1ff53-5b35-47ce-8b33-1e5e74eece75?project_id=bb1f5842a8214640ad4f8c8595425864 HTTP/1.1" status: 200 len: 3476 time: 0.0284114
2026-02-25 20:18:52.744 9 INFO neutron.db.ovn_revision_numbers_db [None req-0a462ea2-d35a-4c30-9b2e-e489aa169929 a7403bfa94a0415492633a7e484d2c3c 27c676a40c654053a504661d6302f55d - - default default] Successfully bumped revision number for resource 8cd66269-32a6-452d-8f84-70571cbc681d (type: security_group_rules) to 0
2026-02-25 20:18:52.765 9 INFO neutron.wsgi [None req-0a462ea2-d35a-4c30-9b2e-e489aa169929 a7403bfa94a0415492633a7e484d2c3c 27c676a40c654053a504661d6302f55d - - default default] 199.19.213.169,10.0.0.166 "POST /v2.0/security-group-rules HTTP/1.1" status: 201 len: 750 time: 0.1255441
2026-02-25 20:18:57.890 9 INFO neutron.wsgi [-] 10.0.0.166 "GET / HTTP/1.1" status: 200 len: 246 time: 0.0016596
2026-02-25 20:18:57.891 10 INFO neutron.wsgi [-] 10.0.0.166 "GET / HTTP/1.1" status: 200 len: 246 time: 0.0025439
2026-02-25 20:19:12.891 9 INFO neutron.wsgi [-] 10.0.0.166 "GET / HTTP/1.1" status: 200 len: 246 time: 0.0022647
2026-02-25 20:19:12.893 10 INFO neutron.wsgi [-] 10.0.0.166 "GET / HTTP/1.1" status: 200 len: 246 time: 0.0036960
2026-02-25 20:19:27.891 9 INFO neutron.wsgi [-] 10.0.0.166 "GET / HTTP/1.1" status: 200 len: 246 time: 0.0016830
2026-02-25 20:19:27.891 10 INFO neutron.wsgi [-] 10.0.0.166 "GET / HTTP/1.1" status: 200 len: 246 time: 0.0022664
2026-02-25 20:19:42.891 9 INFO neutron.wsgi [-] 10.0.0.166 "GET / HTTP/1.1" status: 200 len: 246 time: 0.0022023
2026-02-25 20:19:42.892 10 INFO neutron.wsgi [-] 10.0.0.166 "GET / HTTP/1.1" status: 200 len: 246 time: 0.0027721
2026-02-25 20:19:57.891 9 INFO neutron.wsgi [-] 10.0.0.166 "GET / HTTP/1.1" status: 200 len: 246 time: 0.0023367
2026-02-25 20:19:57.892 10 INFO neutron.wsgi [-] 10.0.0.166 "GET / HTTP/1.1" status: 200 len: 246 time: 0.0030057
2026-02-25 20:20:12.891 9 INFO neutron.wsgi [-] 10.0.0.166 "GET / HTTP/1.1" status: 200 len: 246 time: 0.0019681
2026-02-25 20:20:12.894 9 INFO neutron.wsgi [-] 10.0.0.166 "GET / HTTP/1.1" status: 200 len: 246 time: 0.0017886
2026-02-25 20:20:27.891 10 INFO neutron.wsgi [-] 10.0.0.166 "GET / HTTP/1.1" status: 200 len: 246 time: 0.0016339
2026-02-25 20:20:27.894 9 INFO neutron.wsgi [-] 10.0.0.166 "GET / HTTP/1.1" status: 200 len: 246 time: 0.0035903
2026-02-25 20:20:42.892 9 INFO neutron.wsgi [-] 10.0.0.166 "GET / HTTP/1.1" status: 200 len: 246 time: 0.0028009
2026-02-25 20:20:42.892 10 INFO neutron.wsgi [-] 10.0.0.166 "GET / HTTP/1.1" status: 200 len: 246 time: 0.0025165
2026-02-25 20:20:53.274 10 INFO neutron.wsgi [None req-2d18f219-6536-44d9-a9d2-0f9ad6010237 f962340ca0d843719be44f3d23723b03 bb1f5842a8214640ad4f8c8595425864 - - 71f984fa33844ef493cc49ac6ef015f4 71f984fa33844ef493cc49ac6ef015f4] 199.19.213.169 "GET /v2.0/networks?tenant_id=bb1f5842a8214640ad4f8c8595425864&shared=False HTTP/1.1" status: 200 len: 213 time: 0.1295714
2026-02-25 20:20:53.398 10 INFO neutron.db.segments_db [None req-eb9f05a9-358c-46b8-8007-b45ea7cf568d f962340ca0d843719be44f3d23723b03 bb1f5842a8214640ad4f8c8595425864 - - 71f984fa33844ef493cc49ac6ef015f4 71f984fa33844ef493cc49ac6ef015f4] Added segment 4f5926d0-ccb7-4699-9203-89c0325fec58 of type geneve for network efcdea4c-aa2f-4956-8c00-3dcc74580e57
2026-02-25 20:20:53.569 10 INFO neutron.db.ovn_revision_numbers_db [None req-eb9f05a9-358c-46b8-8007-b45ea7cf568d f962340ca0d843719be44f3d23723b03 bb1f5842a8214640ad4f8c8595425864 - - 71f984fa33844ef493cc49ac6ef015f4 71f984fa33844ef493cc49ac6ef015f4] Successfully bumped revision number for resource efcdea4c-aa2f-4956-8c00-3dcc74580e57 (type: networks) to 1
2026-02-25 20:20:53.720 10 WARNING neutron.scheduler.dhcp_agent_scheduler [None req-eb9f05a9-358c-46b8-8007-b45ea7cf568d f962340ca0d843719be44f3d23723b03 bb1f5842a8214640ad4f8c8595425864 - - 71f984fa33844ef493cc49ac6ef015f4 71f984fa33844ef493cc49ac6ef015f4] No more DHCP agents
2026-02-25 20:20:53.721 10 WARNING neutron.api.rpc.agentnotifiers.dhcp_rpc_agent_api [None req-eb9f05a9-358c-46b8-8007-b45ea7cf568d f962340ca0d843719be44f3d23723b03 bb1f5842a8214640ad4f8c8595425864 - - 71f984fa33844ef493cc49ac6ef015f4 71f984fa33844ef493cc49ac6ef015f4] Unable to schedule network efcdea4c-aa2f-4956-8c00-3dcc74580e57: no agents available; will retry on subsequent port and subnet creation events.
2026-02-25 20:20:53.799 10 INFO neutron.db.ovn_revision_numbers_db [None req-eb9f05a9-358c-46b8-8007-b45ea7cf568d f962340ca0d843719be44f3d23723b03 bb1f5842a8214640ad4f8c8595425864 - - 71f984fa33844ef493cc49ac6ef015f4 71f984fa33844ef493cc49ac6ef015f4] Successfully bumped revision number for resource aad993da-9fe7-429c-8241-aa1baddc2f19 (type: ports) to 1
2026-02-25 20:20:53.820 10 INFO neutron.wsgi [None req-eb9f05a9-358c-46b8-8007-b45ea7cf568d f962340ca0d843719be44f3d23723b03 bb1f5842a8214640ad4f8c8595425864 - - 71f984fa33844ef493cc49ac6ef015f4 71f984fa33844ef493cc49ac6ef015f4] 199.19.213.169 "POST /v2.0/networks HTTP/1.1" status: 201 len: 925 time: 0.5393925
2026-02-25 20:20:53.852 10 INFO neutron.wsgi [None req-239ca971-814c-48ac-b455-cbada46fd229 f962340ca0d843719be44f3d23723b03 bb1f5842a8214640ad4f8c8595425864 - - 71f984fa33844ef493cc49ac6ef015f4 71f984fa33844ef493cc49ac6ef015f4] 199.19.213.169 "GET /v2.0/ports?device_id=manila-share&binding%3Ahost_id=instance HTTP/1.1" status: 200 len: 210 time: 0.0256283
2026-02-25 20:20:53.865 10 INFO neutron.wsgi [None req-1ef88c4c-ec1a-4744-bc15-9655f60e164e f962340ca0d843719be44f3d23723b03 bb1f5842a8214640ad4f8c8595425864 - - 71f984fa33844ef493cc49ac6ef015f4 71f984fa33844ef493cc49ac6ef015f4] 199.19.213.169 "GET /v2.0/extensions HTTP/1.1" status: 200 len: 16980 time: 0.0058677
2026-02-25 20:20:54.049 10 WARNING neutron.scheduler.dhcp_agent_scheduler [None req-95284fbf-7f71-48fe-a153-2f2f2602edc7 f962340ca0d843719be44f3d23723b03 bb1f5842a8214640ad4f8c8595425864 - - 71f984fa33844ef493cc49ac6ef015f4 71f984fa33844ef493cc49ac6ef015f4] No more DHCP agents
2026-02-25 20:20:54.051 10 WARNING neutron.api.rpc.agentnotifiers.dhcp_rpc_agent_api [None req-95284fbf-7f71-48fe-a153-2f2f2602edc7 f962340ca0d843719be44f3d23723b03 bb1f5842a8214640ad4f8c8595425864 - - 71f984fa33844ef493cc49ac6ef015f4 71f984fa33844ef493cc49ac6ef015f4] Unable to schedule network efcdea4c-aa2f-4956-8c00-3dcc74580e57: no agents available; will retry on subsequent port and subnet creation events.
2026-02-25 20:20:54.121 10 INFO neutron.db.ovn_revision_numbers_db [None req-95284fbf-7f71-48fe-a153-2f2f2602edc7 f962340ca0d843719be44f3d23723b03 bb1f5842a8214640ad4f8c8595425864 - - 71f984fa33844ef493cc49ac6ef015f4 71f984fa33844ef493cc49ac6ef015f4] Successfully bumped revision number for resource ad03a131-20b6-411a-a32d-d197dc0c58ee (type: ports) to 1
2026-02-25 20:20:54.294 10 INFO neutron.db.ovn_revision_numbers_db [None req-95284fbf-7f71-48fe-a153-2f2f2602edc7 f962340ca0d843719be44f3d23723b03 bb1f5842a8214640ad4f8c8595425864 - - 71f984fa33844ef493cc49ac6ef015f4 71f984fa33844ef493cc49ac6ef015f4] Successfully bumped revision number for resource ad03a131-20b6-411a-a32d-d197dc0c58ee (type: ports) to 1
2026-02-25 20:20:54.320 10 INFO neutron.wsgi [None req-95284fbf-7f71-48fe-a153-2f2f2602edc7 f962340ca0d843719be44f3d23723b03 bb1f5842a8214640ad4f8c8595425864 - - 71f984fa33844ef493cc49ac6ef015f4 71f984fa33844ef493cc49ac6ef015f4] 199.19.213.169 "POST /v2.0/ports HTTP/1.1" status: 201 len: 1144 time: 0.4423342
2026-02-25 20:20:54.372 10 INFO neutron.wsgi [None req-5169b6aa-3ba3-4928-b396-4c9983758774 f962340ca0d843719be44f3d23723b03 bb1f5842a8214640ad4f8c8595425864 - - 71f984fa33844ef493cc49ac6ef015f4 71f984fa33844ef493cc49ac6ef015f4] 199.19.213.169 "GET /v2.0/networks/efcdea4c-aa2f-4956-8c00-3dcc74580e57 HTTP/1.1" status: 200 len: 907 time: 0.0459876
2026-02-25 20:20:55.169 9 INFO neutron.plugins.ml2.drivers.ovn.mech_driver.mech_driver [None req-67b502a8-91c0-4df6-ad81-11dbcd0b1268 - - - - - -] OVN reports status up for port: ad03a131-20b6-411a-a32d-d197dc0c58ee
2026-02-25 20:20:55.180 9 INFO neutron.plugins.ml2.plugin [None req-67b502a8-91c0-4df6-ad81-11dbcd0b1268 - - - - - -] Attempt 1 to provision port ad03a131-20b6-411a-a32d-d197dc0c58ee
2026-02-25 20:20:55.381 9 INFO neutron.db.ovn_revision_numbers_db [None req-67b502a8-91c0-4df6-ad81-11dbcd0b1268 - - - - - -] Successfully bumped revision number for resource ad03a131-20b6-411a-a32d-d197dc0c58ee (type: ports) to 3
2026-02-25 20:20:56.835 10 INFO neutron.wsgi [None req-23c69c73-77cd-4a9c-97ef-5ec35c9953c8 f962340ca0d843719be44f3d23723b03 bb1f5842a8214640ad4f8c8595425864 - - 71f984fa33844ef493cc49ac6ef015f4 71f984fa33844ef493cc49ac6ef015f4] 199.19.213.169 "GET /v2.0/ports?device_id=manila-share&binding%3Ahost_id=instance HTTP/1.1" status: 200 len: 1172 time: 0.0502479
2026-02-25 20:20:56.897 10 INFO neutron.wsgi [None req-45702b06-27cc-447f-b901-c2bdae56c039 f962340ca0d843719be44f3d23723b03 bb1f5842a8214640ad4f8c8595425864 - - 71f984fa33844ef493cc49ac6ef015f4 71f984fa33844ef493cc49ac6ef015f4] 199.19.213.169 "GET /v2.0/networks/efcdea4c-aa2f-4956-8c00-3dcc74580e57 HTTP/1.1" status: 200 len: 907 time: 0.0503707
2026-02-25 20:20:57.893 9 INFO neutron.wsgi [-] 10.0.0.166 "GET / HTTP/1.1" status: 200 len: 246 time: 0.0032644
2026-02-25 20:20:57.895 10 INFO neutron.wsgi [-] 10.0.0.166 "GET / HTTP/1.1" status: 200 len: 246 time: 0.0055180
2026-02-25 20:21:07.335 10 INFO neutron.wsgi [None req-d37273c5-4eb9-4ac5-a737-9a36efabf5c3 a7403bfa94a0415492633a7e484d2c3c 27c676a40c654053a504661d6302f55d - - default default] 199.19.213.169,10.0.0.166 "GET /v2.0/quotas/bb1f5842a8214640ad4f8c8595425864 HTTP/1.1" status: 200 len: 362 time: 0.0130208
2026-02-25 20:21:07.832 10 INFO neutron.wsgi [None req-9d970dce-087b-4b1f-bdcb-5d28d04c1e39 a7403bfa94a0415492633a7e484d2c3c 27c676a40c654053a504661d6302f55d - - default default] 199.19.213.169,10.0.0.166 "PUT /v2.0/quotas/bb1f5842a8214640ad4f8c8595425864 HTTP/1.1" status: 200 len: 361 time: 0.0362756
2026-02-25 20:21:12.893 9 INFO neutron.wsgi [-] 10.0.0.166 "GET / HTTP/1.1" status: 200 len: 246 time: 0.0031712
2026-02-25 20:21:12.893 10 INFO neutron.wsgi [-] 10.0.0.166 "GET / HTTP/1.1" status: 200 len: 246 time: 0.0032358
2026-02-25 20:21:27.892 9 INFO neutron.wsgi [-] 10.0.0.166 "GET / HTTP/1.1" status: 200 len: 246 time: 0.0033293
2026-02-25 20:21:27.892 10 INFO neutron.wsgi [-] 10.0.0.166 "GET / HTTP/1.1" status: 200 len: 246 time: 0.0028992
2026-02-25 20:21:42.892 9 INFO neutron.wsgi [-] 10.0.0.166 "GET / HTTP/1.1" status: 200 len: 246 time: 0.0017006
2026-02-25 20:21:42.892 10 INFO neutron.wsgi [-] 10.0.0.166 "GET / HTTP/1.1" status: 200 len: 246 time: 0.0023394
2026-02-25 20:21:57.892 9 INFO neutron.wsgi [-] 10.0.0.166 "GET / HTTP/1.1" status: 200 len: 246 time: 0.0023227
2026-02-25 20:21:57.892 10 INFO neutron.wsgi [-] 10.0.0.166 "GET / HTTP/1.1" status: 200 len: 246 time: 0.0025086
2026-02-25 20:22:12.891 10 INFO neutron.wsgi [-] 10.0.0.166 "GET / HTTP/1.1" status: 200 len: 246 time: 0.0026357
2026-02-25 20:22:12.900 10 INFO neutron.wsgi [-] 10.0.0.166 "GET / HTTP/1.1" status: 200 len: 246 time: 0.0034230
2026-02-25 20:22:27.891 10 INFO neutron.wsgi [-] 10.0.0.166 "GET / HTTP/1.1" status: 200 len: 246 time: 0.0015910
2026-02-25 20:22:27.893 10 INFO neutron.wsgi [-] 10.0.0.166 "GET / HTTP/1.1" status: 200 len: 246 time: 0.0012872
2026-02-25 20:22:42.890 9 INFO neutron.wsgi [-] 10.0.0.166 "GET / HTTP/1.1" status: 200 len: 246 time: 0.0012281
2026-02-25 20:22:42.892 10 INFO neutron.wsgi [-] 10.0.0.166 "GET / HTTP/1.1" status: 200 len: 246 time: 0.0029385
2026-02-25 20:22:52.499 10 INFO neutron.wsgi [None req-dbaf6f1c-a8ee-4adf-9430-b91b7bf0d69e a7403bfa94a0415492633a7e484d2c3c 27c676a40c654053a504661d6302f55d - - default default] 10.0.0.34 "GET /v2.0/security-groups HTTP/1.1" status: 200 len: 16799 time: 0.1814497
2026-02-25 20:22:52.560 10 INFO neutron.wsgi [None req-2f3074bf-7c8e-4d58-befa-2140807b62f5 a7403bfa94a0415492633a7e484d2c3c 27c676a40c654053a504661d6302f55d - - default default] 10.0.0.34 "GET /v2.0/subnets HTTP/1.1" status: 200 len: 1437 time: 0.0569253
2026-02-25 20:22:52.603 10 INFO neutron.wsgi [None req-46e06558-32ba-47a2-ae40-88a8391855cb a7403bfa94a0415492633a7e484d2c3c 27c676a40c654053a504661d6302f55d - - default default] 10.0.0.34 "GET /v2.0/agents HTTP/1.1" status: 200 len: 997 time: 0.0410025
2026-02-25 20:22:52.647 10 INFO neutron.wsgi [None req-93b70146-a808-4148-aff1-3cda195a4ee3 a7403bfa94a0415492633a7e484d2c3c 27c676a40c654053a504661d6302f55d - - default default] 10.0.0.34 "GET /v2.0/routers HTTP/1.1" status: 200 len: 189 time: 0.0429163
2026-02-25 20:22:52.658 10 INFO neutron.wsgi [None req-55e4c193-ef07-481d-bbcf-d02c465152d0 a7403bfa94a0415492633a7e484d2c3c 27c676a40c654053a504661d6302f55d - - default default] 10.0.0.34 "GET /v2.0/agents?binary=ovn-controller HTTP/1.1" status: 200 len: 591 time: 0.0101190
2026-02-25 20:22:52.688 10 INFO neutron.wsgi [None req-087952b3-dc8d-4908-9344-88f15a53b68a a7403bfa94a0415492633a7e484d2c3c 27c676a40c654053a504661d6302f55d - - default default] 10.0.0.34 "GET /v2.0/floatingips HTTP/1.1" status: 200 len: 193 time: 0.0283787
2026-02-25 20:22:52.872 10 INFO neutron.wsgi [None req-88d1298e-85f6-4a12-a40c-40fdeddd936c a7403bfa94a0415492633a7e484d2c3c 27c676a40c654053a504661d6302f55d - - default default] 10.0.0.34 "GET /v2.0/ports HTTP/1.1" status: 200 len: 5347 time: 0.1834311
2026-02-25 20:22:52.908 10 INFO neutron.wsgi [None req-e07ed2d5-7483-4399-97ec-3cf5ec535822 a7403bfa94a0415492633a7e484d2c3c 27c676a40c654053a504661d6302f55d - - default default] 10.0.0.34 "GET /v2.0/subnets HTTP/1.1" status: 200 len: 1437 time: 0.0338302
2026-02-25 20:22:52.919 10 INFO neutron.wsgi [None req-16d5e269-62e0-4122-8783-20ade7dda8fb a7403bfa94a0415492633a7e484d2c3c 27c676a40c654053a504661d6302f55d - - default default] 10.0.0.34 "GET /v2.0/subnetpools HTTP/1.1" status: 200 len: 193 time: 0.0099626
2026-02-25 20:22:52.996 10 INFO neutron.wsgi [None req-017c936f-6646-4d65-b153-e041d82d9cd3 a7403bfa94a0415492633a7e484d2c3c 27c676a40c654053a504661d6302f55d - - default default] 10.0.0.34 "GET /v2.0/networks HTTP/1.1" status: 200 len: 2350 time: 0.0756469
2026-02-25 20:22:53.019 10 INFO neutron.wsgi [None req-eed175c1-e362-40e6-b6f2-36c0d13680bf a7403bfa94a0415492633a7e484d2c3c 27c676a40c654053a504661d6302f55d - - default default] 10.0.0.34 "GET /v2.0/network-ip-availabilities HTTP/1.1" status: 200 len: 1280 time: 0.0185697
2026-02-25 20:22:57.892 10 INFO neutron.wsgi [-] 10.0.0.166 "GET / HTTP/1.1" status: 200 len: 246 time: 0.0025494
2026-02-25 20:22:57.892 9 INFO neutron.wsgi [-] 10.0.0.166 "GET / HTTP/1.1" status: 200 len: 246 time: 0.0025251
2026-02-25 20:23:12.890 9 INFO neutron.wsgi [-] 10.0.0.166 "GET / HTTP/1.1" status: 200 len: 246 time: 0.0013485
2026-02-25 20:23:12.891 10 INFO neutron.wsgi [-] 10.0.0.166 "GET / HTTP/1.1" status: 200 len: 246 time: 0.0025454
2026-02-25 20:23:27.895 10 INFO neutron.wsgi [-] 10.0.0.166 "GET / HTTP/1.1" status: 200 len: 246 time: 0.0048668
2026-02-25 20:23:27.899 10 INFO neutron.wsgi [-] 10.0.0.166 "GET / HTTP/1.1" status: 200 len: 246 time: 0.0023901
2026-02-25 20:23:42.893 10 INFO neutron.wsgi [-] 10.0.0.166 "GET / HTTP/1.1" status: 200 len: 246 time: 0.0036199
2026-02-25 20:23:42.895 9 INFO neutron.wsgi [-] 10.0.0.166 "GET / HTTP/1.1" status: 200 len: 246 time: 0.0059371
2026-02-25 20:23:52.293 10 INFO neutron.wsgi [None req-43e1f9c6-b0b5-4d6c-adaf-388a1eaa764e a7403bfa94a0415492633a7e484d2c3c 27c676a40c654053a504661d6302f55d - - default default] 10.0.0.34 "GET /v2.0/subnets HTTP/1.1" status: 200 len: 1437 time: 0.0825517
2026-02-25 20:23:52.311 10 INFO neutron.wsgi [None req-450dc827-852a-4228-8890-fa8b8ce6a455 a7403bfa94a0415492633a7e484d2c3c 27c676a40c654053a504661d6302f55d - - default default] 10.0.0.34 "GET /v2.0/subnetpools HTTP/1.1" status: 200 len: 193 time: 0.0170014
2026-02-25 20:23:52.354 10 INFO neutron.wsgi [None req-d67d998b-603d-4045-a1da-d8fbfdadb2d0 a7403bfa94a0415492633a7e484d2c3c 27c676a40c654053a504661d6302f55d - - default default] 10.0.0.34 "GET /v2.0/subnets HTTP/1.1" status: 200 len: 1437 time: 0.0419505
2026-02-25 20:23:52.382 10 INFO neutron.wsgi [None req-ff404c65-98cd-4420-81ce-63adbdb3d649 a7403bfa94a0415492633a7e484d2c3c 27c676a40c654053a504661d6302f55d - - default default] 10.0.0.34 "GET /v2.0/routers HTTP/1.1" status: 200 len: 189 time: 0.0275686
2026-02-25 20:23:52.417 10 INFO neutron.wsgi [None req-a33f32fb-8250-4b12-8447-8ca4007dbd82 a7403bfa94a0415492633a7e484d2c3c 27c676a40c654053a504661d6302f55d - - default default] 10.0.0.34 "GET /v2.0/agents?binary=ovn-controller HTTP/1.1" status: 200 len: 591 time: 0.0338702
2026-02-25 20:23:52.469 10 INFO neutron.wsgi [None req-08352b8a-4b04-4b8a-91bf-3be6eac65d44 a7403bfa94a0415492633a7e484d2c3c 27c676a40c654053a504661d6302f55d - - default default] 10.0.0.34 "GET /v2.0/networks HTTP/1.1" status: 200 len: 2350 time: 0.0514503
2026-02-25 20:23:52.485 10 INFO neutron.wsgi [None req-379cca81-9f02-48bf-b8fc-1d64bf2f11b2 a7403bfa94a0415492633a7e484d2c3c 27c676a40c654053a504661d6302f55d - - default default] 10.0.0.34 "GET /v2.0/agents HTTP/1.1" status: 200 len: 997 time: 0.0128021
2026-02-25 20:23:52.530 10 INFO neutron.wsgi [None req-aa3d432a-4291-44e8-abde-43d94b5093cf a7403bfa94a0415492633a7e484d2c3c 27c676a40c654053a504661d6302f55d - - default default] 10.0.0.34 "GET /v2.0/ports HTTP/1.1" status: 200 len: 5347 time: 0.0441115
2026-02-25 20:23:52.549 10 INFO neutron.wsgi [None req-869837b2-e619-4255-8726-247abbfb7a77 a7403bfa94a0415492633a7e484d2c3c 27c676a40c654053a504661d6302f55d - - default default] 10.0.0.34 "GET /v2.0/network-ip-availabilities HTTP/1.1" status: 200 len: 1280 time: 0.0165591
2026-02-25 20:23:52.571 10 INFO neutron.wsgi [None req-855545a1-3675-43ed-8143-40976eb9e284 a7403bfa94a0415492633a7e484d2c3c 27c676a40c654053a504661d6302f55d - - default default] 10.0.0.34 "GET /v2.0/floatingips HTTP/1.1" status: 200 len: 193 time: 0.0211279
2026-02-25 20:23:52.616 10 INFO neutron.wsgi [None req-680067c1-18c4-42df-b763-6e9f87d3c9b2 a7403bfa94a0415492633a7e484d2c3c 27c676a40c654053a504661d6302f55d - - default default] 10.0.0.34 "GET /v2.0/security-groups HTTP/1.1" status: 200 len: 16799 time: 0.0445168
2026-02-25 20:23:57.892 9 INFO neutron.wsgi [-] 10.0.0.166 "GET / HTTP/1.1" status: 200 len: 246 time: 0.0023303
2026-02-25 20:23:57.892 10 INFO neutron.wsgi [-] 10.0.0.166 "GET / HTTP/1.1" status: 200 len: 246 time: 0.0023751
2026-02-25 20:23:58.628 15 INFO neutron.db.ovn_revision_numbers_db [None req-7de2101a-67df-4f6f-ab26-27f56654b87e - - - - - -] Successfully bumped revision number for resource b2c1ff53-5b35-47ce-8b33-1e5e74eece75 (type: security_groups) to 5
2026-02-25 20:23:58.628 15 INFO neutron.plugins.ml2.drivers.ovn.mech_driver.ovsdb.maintenance [None req-7de2101a-67df-4f6f-ab26-27f56654b87e - - - - - -] Maintenance task: Synchronization finished (took 0.03 seconds)
2026-02-25 20:24:12.891 10 INFO neutron.wsgi [-] 10.0.0.166 "GET / HTTP/1.1" status: 200 len: 246 time: 0.0024323
2026-02-25 20:24:12.892 9 INFO neutron.wsgi [-] 10.0.0.166 "GET / HTTP/1.1" status: 200 len: 246 time: 0.0024812
2026-02-25 20:24:27.891 9 INFO neutron.wsgi [-] 10.0.0.166 "GET / HTTP/1.1" status: 200 len: 246 time: 0.0023658
2026-02-25 20:24:27.895 9 INFO neutron.wsgi [-] 10.0.0.166 "GET / HTTP/1.1" status: 200 len: 246 time: 0.0027475
2026-02-25 20:24:42.891 9 INFO neutron.wsgi [-] 10.0.0.166 "GET / HTTP/1.1" status: 200 len: 246 time: 0.0022857
2026-02-25 20:24:42.893 10 INFO neutron.wsgi [-] 10.0.0.166 "GET / HTTP/1.1" status: 200 len: 246 time: 0.0040171
2026-02-25 20:24:52.399 10 INFO neutron.wsgi [None req-7eaf7b62-398e-4a77-9568-0b3113dca6fb a7403bfa94a0415492633a7e484d2c3c 27c676a40c654053a504661d6302f55d - - default default] 10.0.0.34 "GET /v2.0/routers HTTP/1.1" status: 200 len: 189 time: 0.0863485
2026-02-25 20:24:52.463 10 INFO neutron.wsgi [None req-ae6433ca-5d68-4bad-a152-2927bf6637c0 a7403bfa94a0415492633a7e484d2c3c 27c676a40c654053a504661d6302f55d - - default default] 10.0.0.34 "GET /v2.0/agents?binary=ovn-controller HTTP/1.1" status: 200 len: 591 time: 0.0588017
2026-02-25 20:24:52.516 10 INFO neutron.wsgi [None req-12f8e8d0-ed66-484c-a1bb-fa21a1d7cf53 a7403bfa94a0415492633a7e484d2c3c 27c676a40c654053a504661d6302f55d - - default default] 10.0.0.34 "GET /v2.0/subnets HTTP/1.1" status: 200 len: 1437 time: 0.0526981
2026-02-25 20:24:52.526 10 INFO neutron.wsgi [None req-abcd4ad1-2aa4-41fa-9023-2f8d0ffb1a4c a7403bfa94a0415492633a7e484d2c3c 27c676a40c654053a504661d6302f55d - - default default] 10.0.0.34 "GET /v2.0/subnetpools HTTP/1.1" status: 200 len: 193 time: 0.0091150
2026-02-25 20:24:52.561 10 INFO neutron.wsgi [None req-ec8173e9-ee9d-4434-8cc9-bcdc0fbd00b0 a7403bfa94a0415492633a7e484d2c3c 27c676a40c654053a504661d6302f55d - - default default] 10.0.0.34 "GET /v2.0/subnets HTTP/1.1" status: 200 len: 1437 time: 0.0339942
2026-02-25 20:24:52.577 10 INFO neutron.wsgi [None req-a263adc5-0b20-4700-a0f4-cbf5c9f473f3 a7403bfa94a0415492633a7e484d2c3c 27c676a40c654053a504661d6302f55d - - default default] 10.0.0.34 "GET /v2.0/agents HTTP/1.1" status: 200 len: 997 time: 0.0150146
2026-02-25 20:24:52.641 10 INFO neutron.wsgi [None req-3c5254df-9e18-484c-b2bf-76022eacad32 a7403bfa94a0415492633a7e484d2c3c 27c676a40c654053a504661d6302f55d - - default default] 10.0.0.34 "GET /v2.0/networks HTTP/1.1" status: 200 len: 2350 time: 0.0620897
2026-02-25 20:24:52.705 10 INFO neutron.wsgi [None req-fa4d3fd1-6ec3-4fb4-b011-b0ea9a7106e5 a7403bfa94a0415492633a7e484d2c3c 27c676a40c654053a504661d6302f55d - - default default] 10.0.0.34 "GET /v2.0/ports HTTP/1.1" status: 200 len: 5347 time: 0.0602174
2026-02-25 20:24:52.781 10 INFO neutron.wsgi [None req-eb97b4f4-3016-4bd0-a720-fd12dfc7ee43 a7403bfa94a0415492633a7e484d2c3c 27c676a40c654053a504661d6302f55d - - default default] 10.0.0.34 "GET /v2.0/security-groups HTTP/1.1" status: 200 len: 16799 time: 0.0713065
2026-02-25 20:24:52.804 10 INFO neutron.wsgi [None req-ece4298b-4c19-43b5-a06f-042f35dc6e61 a7403bfa94a0415492633a7e484d2c3c 27c676a40c654053a504661d6302f55d - - default default] 10.0.0.34 "GET /v2.0/floatingips HTTP/1.1" status: 200 len: 193 time: 0.0180645
2026-02-25 20:24:52.814 10 INFO neutron.wsgi [None req-6152fff9-b63d-4111-98e5-7279975f0fc7 a7403bfa94a0415492633a7e484d2c3c 27c676a40c654053a504661d6302f55d - - default default] 10.0.0.34 "GET /v2.0/network-ip-availabilities HTTP/1.1" status: 200 len: 1280 time: 0.0093222
2026-02-25 20:24:57.892 10 INFO neutron.wsgi [-] 10.0.0.166 "GET / HTTP/1.1" status: 200 len: 246 time: 0.0024393
2026-02-25 20:24:57.893 9 INFO neutron.wsgi [-] 10.0.0.166 "GET / HTTP/1.1" status: 200 len: 246 time: 0.0025797
2026-02-25 20:25:12.890 10 INFO neutron.wsgi [-] 10.0.0.166 "GET / HTTP/1.1" status: 200 len: 246 time: 0.0017412
2026-02-25 20:25:12.892 10 INFO neutron.wsgi [-] 10.0.0.166 "GET / HTTP/1.1" status: 200 len: 246 time: 0.0016818
2026-02-25 20:25:27.892 9 INFO neutron.wsgi [-] 10.0.0.166 "GET / HTTP/1.1" status: 200 len: 246 time: 0.0024552
2026-02-25 20:25:27.894 9 INFO neutron.wsgi [-] 10.0.0.166 "GET / HTTP/1.1" status: 200 len: 246 time: 0.0013649
2026-02-25 20:25:42.893 10 INFO neutron.wsgi [-] 10.0.0.166 "GET / HTTP/1.1" status: 200 len: 246 time: 0.0038025
2026-02-25 20:25:42.896 10 INFO neutron.wsgi [-] 10.0.0.166 "GET / HTTP/1.1" status: 200 len: 246 time: 0.0012493
2026-02-25 20:25:52.642 10 INFO neutron.wsgi [None req-7cef4f08-bc4f-4930-a772-584f63c3deb8 a7403bfa94a0415492633a7e484d2c3c 27c676a40c654053a504661d6302f55d - - default default] 10.0.0.34 "GET /v2.0/ports HTTP/1.1" status: 200 len: 5347 time: 0.1971757
2026-02-25 20:25:52.680 10 INFO neutron.wsgi [None req-ae86baac-065a-4d60-9375-0fa4f22d38fa a7403bfa94a0415492633a7e484d2c3c 27c676a40c654053a504661d6302f55d - - default default] 10.0.0.34 "GET /v2.0/subnets HTTP/1.1" status: 200 len: 1437 time: 0.0332046
2026-02-25 20:25:52.688 10 INFO neutron.wsgi [None req-4bf8e0ff-cda4-4854-95e8-7d5d06aa5a63 a7403bfa94a0415492633a7e484d2c3c 27c676a40c654053a504661d6302f55d - - default default] 10.0.0.34 "GET /v2.0/subnetpools HTTP/1.1" status: 200 len: 193 time: 0.0070734
2026-02-25 20:25:52.726 10 INFO neutron.wsgi [None req-07ca344c-0480-4e80-826b-75acf18855e5 a7403bfa94a0415492633a7e484d2c3c 27c676a40c654053a504661d6302f55d - - default default] 10.0.0.34 "GET /v2.0/agents HTTP/1.1" status: 200 len: 997 time: 0.0380073
2026-02-25 20:25:52.777 10 INFO neutron.wsgi [None req-14fae197-374a-4d11-ad02-dee78f8f94eb a7403bfa94a0415492633a7e484d2c3c 27c676a40c654053a504661d6302f55d - - default default] 10.0.0.34 "GET /v2.0/networks HTTP/1.1" status: 200 len: 2350 time: 0.0499554
2026-02-25 20:25:52.827 10 INFO neutron.wsgi [None req-d9608b22-e2a4-4f29-9e0b-a8115f14f1bb a7403bfa94a0415492633a7e484d2c3c 27c676a40c654053a504661d6302f55d - - default default] 10.0.0.34 "GET /v2.0/security-groups HTTP/1.1" status: 200 len: 16799 time: 0.0468955
2026-02-25 20:25:52.867 10 INFO neutron.wsgi [None req-b6034186-e347-45c4-9864-15841347bac5 a7403bfa94a0415492633a7e484d2c3c 27c676a40c654053a504661d6302f55d - - default default] 10.0.0.34 "GET /v2.0/subnets HTTP/1.1" status: 200 len: 1437 time: 0.0320022
2026-02-25 20:25:52.885 10 INFO neutron.wsgi [None req-b7a4d82f-b071-4abe-bd1d-6e3d8cd31e9e a7403bfa94a0415492633a7e484d2c3c 27c676a40c654053a504661d6302f55d - - default default] 10.0.0.34 "GET /v2.0/routers HTTP/1.1" status: 200 len: 189 time: 0.0168848
2026-02-25 20:25:52.895 10 INFO neutron.wsgi [None req-1936a9e4-04ce-46c9-ad28-899f96e0b2e0 a7403bfa94a0415492633a7e484d2c3c 27c676a40c654053a504661d6302f55d - - default default] 10.0.0.34 "GET /v2.0/agents?binary=ovn-controller HTTP/1.1" status: 200 len: 591 time: 0.0090148
2026-02-25 20:25:52.906 10 INFO neutron.wsgi [None req-5d34ed5b-4a65-4fef-859f-ef12e128b8df a7403bfa94a0415492633a7e484d2c3c 27c676a40c654053a504661d6302f55d - - default default] 10.0.0.34 "GET /v2.0/network-ip-availabilities HTTP/1.1" status: 200 len: 1280 time: 0.0096500
2026-02-25 20:25:52.926 10 INFO neutron.wsgi [None req-b305ccf3-1375-4677-8ea5-707b46c19764 a7403bfa94a0415492633a7e484d2c3c 27c676a40c654053a504661d6302f55d - - default default] 10.0.0.34 "GET /v2.0/floatingips HTTP/1.1" status: 200 len: 193 time: 0.0194368
2026-02-25 20:25:57.890 9 INFO neutron.wsgi [-] 10.0.0.166 "GET / HTTP/1.1" status: 200 len: 246 time: 0.0015686
2026-02-25 20:25:57.891 10 INFO neutron.wsgi [-] 10.0.0.166 "GET / HTTP/1.1" status: 200 len: 246 time: 0.0024078
2026-02-25 20:26:12.891 9 INFO neutron.wsgi [-] 10.0.0.166 "GET / HTTP/1.1" status: 200 len: 246 time: 0.0017219
2026-02-25 20:26:12.891 10 INFO neutron.wsgi [-] 10.0.0.166 "GET / HTTP/1.1" status: 200 len: 246 time: 0.0022092
2026-02-25 20:26:27.892 10 INFO neutron.wsgi [-] 10.0.0.166 "GET / HTTP/1.1" status: 200 len: 246 time: 0.0026786
2026-02-25 20:26:27.893 9 INFO neutron.wsgi [-] 10.0.0.166 "GET / HTTP/1.1" status: 200 len: 246 time: 0.0038519
2026-02-25 20:26:42.891 10 INFO neutron.wsgi [-] 10.0.0.166 "GET / HTTP/1.1" status: 200 len: 246 time: 0.0016460
2026-02-25 20:26:42.893 9 INFO neutron.wsgi [-] 10.0.0.166 "GET / HTTP/1.1" status: 200 len: 246 time: 0.0034866
2026-02-25 20:26:52.468 10 INFO neutron.wsgi [None req-c007892c-112a-491d-ac4c-c712549c4b12 a7403bfa94a0415492633a7e484d2c3c 27c676a40c654053a504661d6302f55d - - default default] 10.0.0.34 "GET /v2.0/network-ip-availabilities HTTP/1.1" status: 200 len: 1280 time: 0.0783768
2026-02-25 20:26:52.514 10 INFO neutron.wsgi [None req-719a612c-f5c4-4c1c-9799-73dcb1461069 a7403bfa94a0415492633a7e484d2c3c 27c676a40c654053a504661d6302f55d - - default default] 10.0.0.34 "GET /v2.0/ports HTTP/1.1" status: 200 len: 5347 time: 0.0446720
2026-02-25 20:26:52.564 10 INFO neutron.wsgi [None req-453c7f84-7320-4898-800b-556fa0848e88 a7403bfa94a0415492633a7e484d2c3c 27c676a40c654053a504661d6302f55d - - default default] 10.0.0.34 "GET /v2.0/subnets HTTP/1.1" status: 200 len: 1437 time: 0.0454443
2026-02-25 20:26:52.609 10 INFO neutron.wsgi [None req-0ae2365d-7500-4a49-96ad-72a2c208ad57 a7403bfa94a0415492633a7e484d2c3c 27c676a40c654053a504661d6302f55d - - default default] 10.0.0.34 "GET /v2.0/agents HTTP/1.1" status: 200 len: 997 time: 0.0444884
2026-02-25 20:26:52.652 10 INFO neutron.wsgi [None req-ca5eabc8-d5e7-42b9-bcb6-4c9813034d81 a7403bfa94a0415492633a7e484d2c3c 27c676a40c654053a504661d6302f55d - - default default] 10.0.0.34 "GET /v2.0/subnets HTTP/1.1" status: 200 len: 1437 time: 0.0415859
2026-02-25 20:26:52.667 10 INFO neutron.wsgi [None req-b8dfe173-4842-4997-8e11-b1d9f09d87d3 a7403bfa94a0415492633a7e484d2c3c 27c676a40c654053a504661d6302f55d - - default default] 10.0.0.34 "GET /v2.0/subnetpools HTTP/1.1" status: 200 len: 193 time: 0.0141797
2026-02-25 20:26:52.692 10 INFO neutron.wsgi [None req-8f3f4009-ed88-4382-9da5-3faaa20dd690 a7403bfa94a0415492633a7e484d2c3c 27c676a40c654053a504661d6302f55d - - default default] 10.0.0.34 "GET /v2.0/floatingips HTTP/1.1" status: 200 len: 193 time: 0.0243495
2026-02-25 20:26:52.733 10 INFO neutron.wsgi [None req-33289642-5161-4804-a85d-672982f0f329 a7403bfa94a0415492633a7e484d2c3c 27c676a40c654053a504661d6302f55d - - default default] 10.0.0.34 "GET /v2.0/security-groups HTTP/1.1" status: 200 len: 16799 time: 0.0399816
2026-02-25 20:26:52.821 10 INFO neutron.wsgi [None req-1bc26b51-9e56-4c6e-a3f4-339b885ec48a a7403bfa94a0415492633a7e484d2c3c 27c676a40c654053a504661d6302f55d - - default default] 10.0.0.34 "GET /v2.0/networks HTTP/1.1" status: 200 len: 2350 time: 0.0791352
2026-02-25 20:26:52.923 10 INFO neutron.wsgi [None req-815002e8-6308-4991-82d7-3d6e4ac99736 a7403bfa94a0415492633a7e484d2c3c 27c676a40c654053a504661d6302f55d - - default default] 10.0.0.34 "GET /v2.0/routers HTTP/1.1" status: 200 len: 189 time: 0.0984740
2026-02-25 20:26:52.933 10 INFO neutron.wsgi [None req-7826000a-5690-4cfa-9b3f-8b2e25c5c297 a7403bfa94a0415492633a7e484d2c3c 27c676a40c654053a504661d6302f55d - - default default] 10.0.0.34 "GET /v2.0/agents?binary=ovn-controller HTTP/1.1" status: 200 len: 591 time: 0.0100150
2026-02-25 20:26:57.891 9 INFO neutron.wsgi [-] 10.0.0.166 "GET / HTTP/1.1" status: 200 len: 246 time: 0.0024111
2026-02-25 20:26:57.895 9 INFO neutron.wsgi [-] 10.0.0.166 "GET / HTTP/1.1" status: 200 len: 246 time: 0.0018680
2026-02-25 20:27:12.892 9 INFO neutron.wsgi [-] 10.0.0.166 "GET / HTTP/1.1" status: 200 len: 246 time: 0.0023761
2026-02-25 20:27:12.894 9 INFO neutron.wsgi [-] 10.0.0.166 "GET / HTTP/1.1" status: 200 len: 246 time: 0.0013921
2026-02-25 20:27:27.892 10 INFO neutron.wsgi [-] 10.0.0.166 "GET / HTTP/1.1" status: 200 len: 246 time: 0.0023754
2026-02-25 20:27:27.892 9 INFO neutron.wsgi [-] 10.0.0.166 "GET / HTTP/1.1" status: 200 len: 246 time: 0.0025184
2026-02-25 20:27:42.891 9 INFO neutron.wsgi [-] 10.0.0.166 "GET / HTTP/1.1" status: 200 len: 246 time: 0.0021143
2026-02-25 20:27:42.892 10 INFO neutron.wsgi [-] 10.0.0.166 "GET / HTTP/1.1" status: 200 len: 246 time: 0.0028694
2026-02-25 20:27:52.431 10 INFO neutron.wsgi [None req-3aa40892-4e23-4056-9177-1d4ea14dcd25 a7403bfa94a0415492633a7e484d2c3c 27c676a40c654053a504661d6302f55d - - default default] 10.0.0.34 "GET /v2.0/networks HTTP/1.1" status: 200 len: 2350 time: 0.1249213
2026-02-25 20:27:52.489 10 INFO neutron.wsgi [None req-29da49b9-87ca-404a-85da-ea6a631257b1 a7403bfa94a0415492633a7e484d2c3c 27c676a40c654053a504661d6302f55d - - default default] 10.0.0.34 "GET /v2.0/security-groups HTTP/1.1" status: 200 len: 16799 time: 0.0563228
2026-02-25 20:27:52.543 10 INFO neutron.wsgi [None req-269b4fd5-8757-4aee-b177-919065ddab6d a7403bfa94a0415492633a7e484d2c3c 27c676a40c654053a504661d6302f55d - - default default] 10.0.0.34 "GET /v2.0/agents HTTP/1.1" status: 200 len: 997 time: 0.0474927
2026-02-25 20:27:52.562 10 INFO neutron.wsgi [None req-3d00bd28-1a03-4935-a133-d791f968e16f a7403bfa94a0415492633a7e484d2c3c 27c676a40c654053a504661d6302f55d - - default default] 10.0.0.34 "GET /v2.0/routers HTTP/1.1" status: 200 len: 189 time: 0.0182219
2026-02-25 20:27:52.580 10 INFO neutron.wsgi [None req-9fc9b4a9-37bf-4701-b1c8-cd7662f1f19a a7403bfa94a0415492633a7e484d2c3c 27c676a40c654053a504661d6302f55d - - default default] 10.0.0.34 "GET /v2.0/agents?binary=ovn-controller HTTP/1.1" status: 200 len: 591 time: 0.0131395
2026-02-25 20:27:52.590 10 INFO neutron.wsgi [None req-629d0a21-0ef9-4acd-a233-2162669b25d3 a7403bfa94a0415492633a7e484d2c3c 27c676a40c654053a504661d6302f55d - - default default] 10.0.0.34 "GET /v2.0/network-ip-availabilities HTTP/1.1" status: 200 len: 1280 time: 0.0096529
2026-02-25 20:27:52.614 10 INFO neutron.wsgi [None req-69215b1e-dffe-4dc7-b0fb-50e7082a18b9 a7403bfa94a0415492633a7e484d2c3c 27c676a40c654053a504661d6302f55d - - default default] 10.0.0.34 "GET /v2.0/floatingips HTTP/1.1" status: 200 len: 193 time: 0.0226755
2026-02-25 20:27:52.659 10 INFO neutron.wsgi [None req-c880df6a-5a40-4c97-beae-eee961c0c1a7 a7403bfa94a0415492633a7e484d2c3c 27c676a40c654053a504661d6302f55d - - default default] 10.0.0.34 "GET /v2.0/subnets HTTP/1.1" status: 200 len: 1437 time: 0.0445936
2026-02-25 20:27:52.715 10 INFO neutron.wsgi [None req-bcdc4e9f-4f3e-430b-abb9-d732cd8951a9 a7403bfa94a0415492633a7e484d2c3c 27c676a40c654053a504661d6302f55d - - default default] 10.0.0.34 "GET /v2.0/ports HTTP/1.1" status: 200 len: 5347 time: 0.0546925
2026-02-25 20:27:52.747 10 INFO neutron.wsgi [None req-c003ff77-5df9-4bad-8503-1e8243e26a47 a7403bfa94a0415492633a7e484d2c3c 27c676a40c654053a504661d6302f55d - - default default] 10.0.0.34 "GET /v2.0/subnets HTTP/1.1" status: 200 len: 1437 time: 0.0291097
2026-02-25 20:27:52.755 10 INFO neutron.wsgi [None req-38d021f9-4c93-4215-8d57-2f6f6fa59704 a7403bfa94a0415492633a7e484d2c3c 27c676a40c654053a504661d6302f55d - - default default] 10.0.0.34 "GET /v2.0/subnetpools HTTP/1.1" status: 200 len: 193 time: 0.0069141
2026-02-25 20:27:57.890 10 INFO neutron.wsgi [-] 10.0.0.166 "GET / HTTP/1.1" status: 200 len: 246 time: 0.0013888
2026-02-25 20:27:57.895 9 INFO neutron.wsgi [-] 10.0.0.166 "GET / HTTP/1.1" status: 200 len: 246 time: 0.0051556
2026-02-25 20:28:12.891 9 INFO neutron.wsgi [-] 10.0.0.166 "GET / HTTP/1.1" status: 200 len: 246 time: 0.0022562
2026-02-25 20:28:12.893 10 INFO neutron.wsgi [-] 10.0.0.166 "GET / HTTP/1.1" status: 200 len: 246 time: 0.0036039
2026-02-25 20:28:27.891 9 INFO neutron.wsgi [-] 10.0.0.166 "GET / HTTP/1.1" status: 200 len: 246 time: 0.0018573
2026-02-25 20:28:27.892 10 INFO neutron.wsgi [-] 10.0.0.166 "GET / HTTP/1.1" status: 200 len: 246 time: 0.0025504
2026-02-25 20:28:42.890 9 INFO neutron.wsgi [-] 10.0.0.166 "GET / HTTP/1.1" status: 200 len: 246 time: 0.0013356
2026-02-25 20:28:42.891 10 INFO neutron.wsgi [-] 10.0.0.166 "GET / HTTP/1.1" status: 200 len: 246 time: 0.0018520
2026-02-25 20:28:52.368 10 INFO neutron.wsgi [None req-3cb9ecb8-5bea-4e66-b8a6-4ff212156c5b a7403bfa94a0415492633a7e484d2c3c 27c676a40c654053a504661d6302f55d - - default default] 10.0.0.34 "GET /v2.0/routers HTTP/1.1" status: 200 len: 189 time: 0.1138084
2026-02-25 20:28:52.420 10 INFO neutron.wsgi [None req-d1bf7644-c1d7-4f2e-b8e9-de17004d9196 a7403bfa94a0415492633a7e484d2c3c 27c676a40c654053a504661d6302f55d - - default default] 10.0.0.34 "GET /v2.0/agents?binary=ovn-controller HTTP/1.1" status: 200 len: 591 time: 0.0520463
2026-02-25 20:28:52.464 10 INFO neutron.wsgi [None req-ffda2412-fa20-45a6-acb6-908d0b650e50 a7403bfa94a0415492633a7e484d2c3c 27c676a40c654053a504661d6302f55d - - default default] 10.0.0.34 "GET /v2.0/subnets HTTP/1.1" status: 200 len: 1437 time: 0.0421920
2026-02-25 20:28:52.483 10 INFO neutron.wsgi [None req-89e84c9c-5c31-4297-af9f-82d44b3daa93 a7403bfa94a0415492633a7e484d2c3c 27c676a40c654053a504661d6302f55d - - default default] 10.0.0.34 "GET /v2.0/subnetpools HTTP/1.1" status: 200 len: 193 time: 0.0169368
2026-02-25 20:28:52.571 10 INFO neutron.wsgi [None req-a1c66e10-e0bd-4dcf-b6cc-1ad762f1da93 a7403bfa94a0415492633a7e484d2c3c 27c676a40c654053a504661d6302f55d - - default default] 10.0.0.34 "GET /v2.0/networks HTTP/1.1" status: 200 len: 2350 time: 0.0875716
2026-02-25 20:28:52.637 10 INFO neutron.wsgi [None req-af29931a-e093-49e1-a9c6-9caa6816144f a7403bfa94a0415492633a7e484d2c3c 27c676a40c654053a504661d6302f55d - - default default] 10.0.0.34 "GET /v2.0/ports HTTP/1.1" status: 200 len: 5347 time: 0.0569203
2026-02-25 20:28:52.677 10 INFO neutron.wsgi [None req-d171780e-b52c-4430-ab52-b6773045bafc a7403bfa94a0415492633a7e484d2c3c 27c676a40c654053a504661d6302f55d - - default default] 10.0.0.34 "GET /v2.0/subnets HTTP/1.1" status: 200 len: 1437 time: 0.0350530
2026-02-25 20:28:52.703 10 INFO neutron.wsgi [None req-e8ac78c1-1403-4e80-af56-bb29f6304b50 a7403bfa94a0415492633a7e484d2c3c 27c676a40c654053a504661d6302f55d - - default default] 10.0.0.34 "GET /v2.0/floatingips HTTP/1.1" status: 200 len: 193 time: 0.0248721
2026-02-25 20:28:52.759 10 INFO neutron.wsgi [None req-cd276898-e446-46ee-9467-f05986071d3c a7403bfa94a0415492633a7e484d2c3c 27c676a40c654053a504661d6302f55d - - default default] 10.0.0.34 "GET /v2.0/security-groups HTTP/1.1" status: 200 len: 16799 time: 0.0551586
2026-02-25 20:28:52.782 10 INFO neutron.wsgi [None req-6efd7b08-6511-4fbf-bcfc-b093aeefd4ff a7403bfa94a0415492633a7e484d2c3c 27c676a40c654053a504661d6302f55d - - default default] 10.0.0.34 "GET /v2.0/agents HTTP/1.1" status: 200 len: 997 time: 0.0138559
2026-02-25 20:28:52.793 10 INFO neutron.wsgi [None req-78b1221b-3c1a-471d-9154-341a72586fa6 a7403bfa94a0415492633a7e484d2c3c 27c676a40c654053a504661d6302f55d - - default default] 10.0.0.34 "GET /v2.0/network-ip-availabilities HTTP/1.1" status: 200 len: 1280 time: 0.0108762
2026-02-25 20:28:57.892 9 INFO neutron.wsgi [-] 10.0.0.166 "GET / HTTP/1.1" status: 200 len: 246 time: 0.0023539
2026-02-25 20:28:57.892 10 INFO neutron.wsgi [-] 10.0.0.166 "GET / HTTP/1.1" status: 200 len: 246 time: 0.0025108
2026-02-25 20:29:12.892 9 INFO neutron.wsgi [-] 10.0.0.166 "GET / HTTP/1.1" status: 200 len: 246 time: 0.0021224
2026-02-25 20:29:12.892 10 INFO neutron.wsgi [-] 10.0.0.166 "GET / HTTP/1.1" status: 200 len: 246 time: 0.0025320
2026-02-25 20:29:27.892 9 INFO neutron.wsgi [-] 10.0.0.166 "GET / HTTP/1.1" status: 200 len: 246 time: 0.0022147
2026-02-25 20:29:27.895 9 INFO neutron.wsgi [-] 10.0.0.166 "GET / HTTP/1.1" status: 200 len: 246 time: 0.0018730
2026-02-25 20:29:42.892 10 INFO neutron.wsgi [-] 10.0.0.166 "GET / HTTP/1.1" status: 200 len: 246 time: 0.0023973
2026-02-25 20:29:42.892 9 INFO neutron.wsgi [-] 10.0.0.166 "GET / HTTP/1.1" status: 200 len: 246 time: 0.0023851
2026-02-25 20:29:52.414 10 INFO neutron.wsgi [None req-aaf2f0ae-60d8-4ac4-a7d9-e842905708d7 a7403bfa94a0415492633a7e484d2c3c 27c676a40c654053a504661d6302f55d - - default default] 10.0.0.34 "GET /v2.0/ports HTTP/1.1" status: 200 len: 5347 time: 0.1553018
2026-02-25 20:29:52.464 10 INFO neutron.wsgi [None req-d7f1680a-f94f-4165-8a47-9755a39454d2 a7403bfa94a0415492633a7e484d2c3c 27c676a40c654053a504661d6302f55d - - default default] 10.0.0.34 "GET /v2.0/agents HTTP/1.1" status: 200 len: 997 time: 0.0468719
2026-02-25 20:29:52.500 10 INFO neutron.wsgi [None req-4b76a107-f2d2-4c20-996a-72431312d72b a7403bfa94a0415492633a7e484d2c3c 27c676a40c654053a504661d6302f55d - - default default] 10.0.0.34 "GET /v2.0/subnets HTTP/1.1" status: 200 len: 1437 time: 0.0338812
2026-02-25 20:29:52.509 10 INFO neutron.wsgi [None req-4eac9992-7625-46a7-a563-ea00d8bd013a a7403bfa94a0415492633a7e484d2c3c 27c676a40c654053a504661d6302f55d - - default default] 10.0.0.34 "GET /v2.0/subnetpools HTTP/1.1" status: 200 len: 193 time: 0.0083749
2026-02-25 20:29:52.547 10 INFO neutron.wsgi [None req-21189fe5-0a54-4b59-b8fc-4278f311c68d a7403bfa94a0415492633a7e484d2c3c 27c676a40c654053a504661d6302f55d - - default default] 10.0.0.34 "GET /v2.0/security-groups HTTP/1.1" status: 200 len: 16799 time: 0.0371280
2026-02-25 20:29:52.582 10 INFO neutron.wsgi [None req-e05cf59c-2518-4741-adfa-a1afdaf912e7 a7403bfa94a0415492633a7e484d2c3c 27c676a40c654053a504661d6302f55d - - default default] 10.0.0.34 "GET /v2.0/subnets HTTP/1.1" status: 200 len: 1437 time: 0.0304506
2026-02-25 20:29:52.617 10 INFO neutron.wsgi [None req-b035c7c0-0442-400a-8fca-c5cd6d542be5 a7403bfa94a0415492633a7e484d2c3c 27c676a40c654053a504661d6302f55d - - default default] 10.0.0.34 "GET /v2.0/floatingips HTTP/1.1" status: 200 len: 193 time: 0.0341589
2026-02-25 20:29:52.690 10 INFO neutron.wsgi [None req-38d2ec34-63c0-449c-8de3-bf75329b45f6 a7403bfa94a0415492633a7e484d2c3c 27c676a40c654053a504661d6302f55d - - default default] 10.0.0.34 "GET /v2.0/networks HTTP/1.1" status: 200 len: 2350 time: 0.0707953
2026-02-25 20:29:52.718 10 INFO neutron.wsgi [None req-5d74c6b1-15aa-4ebd-9184-e795574bac07 a7403bfa94a0415492633a7e484d2c3c 27c676a40c654053a504661d6302f55d - - default default] 10.0.0.34 "GET /v2.0/routers HTTP/1.1" status: 200 len: 189 time: 0.0244212
2026-02-25 20:29:52.729 10 INFO neutron.wsgi [None req-5d50a659-5db8-4cc0-a927-68d7a6c1d600 a7403bfa94a0415492633a7e484d2c3c 27c676a40c654053a504661d6302f55d - - default default] 10.0.0.34 "GET /v2.0/agents?binary=ovn-controller HTTP/1.1" status: 200 len: 591 time: 0.0101728
2026-02-25 20:29:52.744 10 INFO neutron.wsgi [None req-91a61037-a28c-4c11-bcbb-781849c6f71e a7403bfa94a0415492633a7e484d2c3c 27c676a40c654053a504661d6302f55d - - default default] 10.0.0.34 "GET /v2.0/network-ip-availabilities HTTP/1.1" status: 200 len: 1280 time: 0.0143189
2026-02-25 20:29:57.892 10 INFO neutron.wsgi [-] 10.0.0.166 "GET / HTTP/1.1" status: 200 len: 246 time: 0.0023916
2026-02-25 20:29:57.895 10 INFO neutron.wsgi [-] 10.0.0.166 "GET / HTTP/1.1" status: 200 len: 246 time: 0.0024121
2026-02-25 20:30:12.892 9 INFO neutron.wsgi [-] 10.0.0.166 "GET / HTTP/1.1" status: 200 len: 246 time: 0.0023763
2026-02-25 20:30:12.894 10 INFO neutron.wsgi [-] 10.0.0.166 "GET / HTTP/1.1" status: 200 len: 246 time: 0.0040886
2026-02-25 20:30:27.892 10 INFO neutron.wsgi [-] 10.0.0.166 "GET / HTTP/1.1" status: 200 len: 246 time: 0.0026834
2026-02-25 20:30:27.892 9 INFO neutron.wsgi [-] 10.0.0.166 "GET / HTTP/1.1" status: 200 len: 246 time: 0.0027912
2026-02-25 20:30:42.892 10 INFO neutron.wsgi [-] 10.0.0.166 "GET / HTTP/1.1" status: 200 len: 246 time: 0.0027905
2026-02-25 20:30:42.892 9 INFO neutron.wsgi [-] 10.0.0.166 "GET / HTTP/1.1" status: 200 len: 246 time: 0.0029857
2026-02-25 20:30:52.418 10 INFO neutron.wsgi [None req-c9ff1174-886e-4535-a872-6fc0e3ff0094 a7403bfa94a0415492633a7e484d2c3c 27c676a40c654053a504661d6302f55d - - default default] 10.0.0.34 "GET /v2.0/ports HTTP/1.1" status: 200 len: 5347 time: 0.0945749
2026-02-25 20:30:52.468 10 INFO neutron.wsgi [None req-6fb38fe6-4f97-4f6c-82ef-0ca6ac64967b a7403bfa94a0415492633a7e484d2c3c 27c676a40c654053a504661d6302f55d - - default default] 10.0.0.34 "GET /v2.0/agents HTTP/1.1" status: 200 len: 997 time: 0.0463784
2026-02-25 20:30:52.544 10 INFO neutron.wsgi [None req-40f0d837-7476-41bd-a26c-16cbd17a6e4d a7403bfa94a0415492633a7e484d2c3c 27c676a40c654053a504661d6302f55d - - default default] 10.0.0.34 "GET /v2.0/networks HTTP/1.1" status: 200 len: 2350 time: 0.0751579
