Jun 16 01:14:03.787240 np0000180510 devstack@neutron-api.service[102952]: INFO neutron.api.extensions [None req-789b4e73-964f-4dc4-a1c9-9300743fcd8d None None] Loaded extension: provider
Jun 16 01:14:03.787328 np0000180510 devstack@neutron-api.service[102952]: DEBUG neutron.api.extensions [None req-789b4e73-964f-4dc4-a1c9-9300743fcd8d None None] Loading extension file: pvlan.py {{(pid=102952) _load_all_extensions_from_path /opt/stack/neutron/neutron/api/extensions.py:449}}
Jun 16 01:14:03.787558 np0000180510 devstack@neutron-api.service[102952]: DEBUG neutron.api.extensions [None req-789b4e73-964f-4dc4-a1c9-9300743fcd8d None None] Ext name="Private VLAN" alias="pvlan" description="The Private VLAN semantics extension." updated="2026-02-03T10:00:00-00:00" {{(pid=102952) _check_extension /opt/stack/neutron/neutron/api/extensions.py:415}}
Jun 16 01:14:03.787728 np0000180510 devstack@neutron-api.service[102952]: INFO neutron.api.extensions [None req-789b4e73-964f-4dc4-a1c9-9300743fcd8d None None] Extension pvlan not supported by any of loaded plugins
Jun 16 01:14:03.787805 np0000180510 devstack@neutron-api.service[102952]: DEBUG neutron.api.extensions [None req-789b4e73-964f-4dc4-a1c9-9300743fcd8d None None] Loading extension file: qinq.py {{(pid=102952) _load_all_extensions_from_path /opt/stack/neutron/neutron/api/extensions.py:449}}
Jun 16 01:14:03.788225 np0000180510 devstack@neutron-api.service[102952]: DEBUG neutron.api.extensions [None req-789b4e73-964f-4dc4-a1c9-9300743fcd8d None None] Ext name="QinQ networks" alias="qinq" description="Expose network 'qinq' attribute in the API. This allows to configure network to allow vlan in vlan configuration using 0x88a8 ethertype (QinQ)." updated="2024-12-02T10:00:00-00:00" {{(pid=102952) _check_extension /opt/stack/neutron/neutron/api/extensions.py:415}}
Jun 16 01:14:03.788376 np0000180510 devstack@neutron-api.service[102952]: INFO neutron.api.extensions [None req-789b4e73-964f-4dc4-a1c9-9300743fcd8d None None] Loaded extension: qinq
Jun 16 01:14:03.788530 np0000180510 devstack@neutron-api.service[102951]: DEBUG neutron.plugins.ml2.plugin [None req-c732a24b-53f1-4996-9757-2900710b2f86 None None] neutron.plugins.ml2.plugin.Ml2Plugin method _start_rpc_notifiers called with arguments () {} {{(pid=102951) wrapper /opt/stack/data/venv/lib/python3.12/site-packages/oslo_log/helpers.py:77}}
Jun 16 01:14:03.788662 np0000180510 devstack@neutron-api.service[102952]: DEBUG neutron.api.extensions [None req-789b4e73-964f-4dc4-a1c9-9300743fcd8d None None] Loading extension file: qos.py {{(pid=102952) _load_all_extensions_from_path /opt/stack/neutron/neutron/api/extensions.py:449}}
Jun 16 01:14:03.788787 np0000180510 devstack@neutron-api.service[102951]: DEBUG neutron_lib.callbacks.manager [None req-c732a24b-53f1-4996-9757-2900710b2f86 None None] Subscribe: > port after_create 55550000, False {{(pid=102951) subscribe /opt/stack/data/venv/lib/python3.12/site-packages/neutron_lib/callbacks/manager.py:52}}
Jun 16 01:14:03.788787 np0000180510 devstack@neutron-api.service[102951]: DEBUG neutron_lib.callbacks.manager [None req-c732a24b-53f1-4996-9757-2900710b2f86 None None] Subscribe: > port after_update 55550000, False {{(pid=102951) subscribe /opt/stack/data/venv/lib/python3.12/site-packages/neutron_lib/callbacks/manager.py:52}}
Jun 16 01:14:03.788967 np0000180510 devstack@neutron-api.service[102951]: DEBUG neutron_lib.callbacks.manager [None req-c732a24b-53f1-4996-9757-2900710b2f86 None None] Subscribe: > port after_delete 55550000, False {{(pid=102951) subscribe /opt/stack/data/venv/lib/python3.12/site-packages/neutron_lib/callbacks/manager.py:52}}
Jun 16 01:14:03.788967 np0000180510 devstack@neutron-api.service[102951]: DEBUG neutron_lib.callbacks.manager [None req-c732a24b-53f1-4996-9757-2900710b2f86 None None] Subscribe: > subnet after_create 55550000, False {{(pid=102951) subscribe /opt/stack/data/venv/lib/python3.12/site-packages/neutron_lib/callbacks/manager.py:52}}
Jun 16 01:14:03.792400 np0000180510 devstack@neutron-api.service[102951]: DEBUG neutron_lib.callbacks.manager [None req-c732a24b-53f1-4996-9757-2900710b2f86 None None] Subscribe: > subnet after_update 55550000, False {{(pid=102951) subscribe /opt/stack/data/venv/lib/python3.12/site-packages/neutron_lib/callbacks/manager.py:52}}
Jun 16 01:14:03.792400 np0000180510 devstack@neutron-api.service[102951]: DEBUG neutron_lib.callbacks.manager [None req-c732a24b-53f1-4996-9757-2900710b2f86 None None] Subscribe: > subnet after_delete 55550000, False {{(pid=102951) subscribe /opt/stack/data/venv/lib/python3.12/site-packages/neutron_lib/callbacks/manager.py:52}}
Jun 16 01:14:03.792497 np0000180510 devstack@neutron-api.service[102952]: DEBUG neutron.api.extensions [None req-789b4e73-964f-4dc4-a1c9-9300743fcd8d None None] Ext name="Quality of Service" alias="qos" description="The Quality of Service extension." updated="2015-06-08T10:00:00-00:00" {{(pid=102952) _check_extension /opt/stack/neutron/neutron/api/extensions.py:415}}
Jun 16 01:14:03.792542 np0000180510 devstack@neutron-api.service[102951]: DEBUG neutron_lib.callbacks.manager [None req-c732a24b-53f1-4996-9757-2900710b2f86 None None] Subscribe: > network after_create 55550000, False {{(pid=102951) subscribe /opt/stack/data/venv/lib/python3.12/site-packages/neutron_lib/callbacks/manager.py:52}}
Jun 16 01:14:03.792542 np0000180510 devstack@neutron-api.service[102951]: DEBUG neutron_lib.callbacks.manager [None req-c732a24b-53f1-4996-9757-2900710b2f86 None None] Subscribe: > network after_update 55550000, False {{(pid=102951) subscribe /opt/stack/data/venv/lib/python3.12/site-packages/neutron_lib/callbacks/manager.py:52}}
Jun 16 01:14:03.792626 np0000180510 devstack@neutron-api.service[102952]: INFO neutron.api.extensions [None req-789b4e73-964f-4dc4-a1c9-9300743fcd8d None None] Extension qos not supported by any of loaded plugins
Jun 16 01:14:03.792669 np0000180510 devstack@neutron-api.service[102951]: DEBUG neutron_lib.callbacks.manager [None req-c732a24b-53f1-4996-9757-2900710b2f86 None None] Subscribe: > network after_delete 55550000, False {{(pid=102951) subscribe /opt/stack/data/venv/lib/python3.12/site-packages/neutron_lib/callbacks/manager.py:52}}
Jun 16 01:14:03.792715 np0000180510 devstack@neutron-api.service[102952]: DEBUG neutron.api.extensions [None req-789b4e73-964f-4dc4-a1c9-9300743fcd8d None None] Loading extension file: qos_bw_limit_direction.py {{(pid=102952) _load_all_extensions_from_path /opt/stack/neutron/neutron/api/extensions.py:449}}
Jun 16 01:14:03.792757 np0000180510 devstack@neutron-api.service[102951]: DEBUG neutron_lib.callbacks.manager [None req-c732a24b-53f1-4996-9757-2900710b2f86 None None] Subscribe: > security_group after_create 55550000, False {{(pid=102951) subscribe /opt/stack/data/venv/lib/python3.12/site-packages/neutron_lib/callbacks/manager.py:52}}
Jun 16 01:14:03.792757 np0000180510 devstack@neutron-api.service[102951]: DEBUG neutron_lib.callbacks.manager [None req-c732a24b-53f1-4996-9757-2900710b2f86 None None] Subscribe: > security_group after_update 55550000, False {{(pid=102951) subscribe /opt/stack/data/venv/lib/python3.12/site-packages/neutron_lib/callbacks/manager.py:52}}
Jun 16 01:14:03.792757 np0000180510 devstack@neutron-api.service[102951]: DEBUG neutron_lib.callbacks.manager [None req-c732a24b-53f1-4996-9757-2900710b2f86 None None] Subscribe: > security_group after_delete 55550000, False {{(pid=102951) subscribe /opt/stack/data/venv/lib/python3.12/site-packages/neutron_lib/callbacks/manager.py:52}}
Jun 16 01:14:03.792877 np0000180510 devstack@neutron-api.service[102952]: DEBUG neutron.api.extensions [None req-789b4e73-964f-4dc4-a1c9-9300743fcd8d None None] Ext name="Direction for QoS bandwidth limit rule" alias="qos-bw-limit-direction" description="Allow to configure QoS bandwidth limit rule with specific direction: ingress or egress" updated="2017-04-10T10:00:00-00:00" {{(pid=102952) _check_extension /opt/stack/neutron/neutron/api/extensions.py:415}}
Jun 16 01:14:03.792930 np0000180510 devstack@neutron-api.service[102951]: DEBUG neutron_lib.callbacks.manager [None req-c732a24b-53f1-4996-9757-2900710b2f86 None None] Subscribe: > security_group_rule after_create 55550000, False {{(pid=102951) subscribe /opt/stack/data/venv/lib/python3.12/site-packages/neutron_lib/callbacks/manager.py:52}}
Jun 16 01:14:03.792930 np0000180510 devstack@neutron-api.service[102951]: DEBUG neutron_lib.callbacks.manager [None req-c732a24b-53f1-4996-9757-2900710b2f86 None None] Subscribe: > security_group_rule after_update 55550000, False {{(pid=102951) subscribe /opt/stack/data/venv/lib/python3.12/site-packages/neutron_lib/callbacks/manager.py:52}}
Jun 16 01:14:03.793015 np0000180510 devstack@neutron-api.service[102952]: INFO neutron.api.extensions [None req-789b4e73-964f-4dc4-a1c9-9300743fcd8d None None] Extension qos-bw-limit-direction not supported by any of loaded plugins
Jun 16 01:14:03.793089 np0000180510 devstack@neutron-api.service[102951]: DEBUG neutron_lib.callbacks.manager [None req-c732a24b-53f1-4996-9757-2900710b2f86 None None] Subscribe: > security_group_rule after_delete 55550000, False {{(pid=102951) subscribe /opt/stack/data/venv/lib/python3.12/site-packages/neutron_lib/callbacks/manager.py:52}}
Jun 16 01:14:03.793133 np0000180510 devstack@neutron-api.service[102952]: DEBUG neutron.api.extensions [None req-789b4e73-964f-4dc4-a1c9-9300743fcd8d None None] Loading extension file: qos_bw_minimum_ingress.py {{(pid=102952) _load_all_extensions_from_path /opt/stack/neutron/neutron/api/extensions.py:449}}
Jun 16 01:14:03.793176 np0000180510 devstack@neutron-api.service[102951]: DEBUG neutron_lib.callbacks.manager [None req-c732a24b-53f1-4996-9757-2900710b2f86 None None] Subscribe: > address_group after_create 55550000, False {{(pid=102951) subscribe /opt/stack/data/venv/lib/python3.12/site-packages/neutron_lib/callbacks/manager.py:52}}
Jun 16 01:14:03.793176 np0000180510 devstack@neutron-api.service[102951]: DEBUG neutron_lib.callbacks.manager [None req-c732a24b-53f1-4996-9757-2900710b2f86 None None] Subscribe: > address_group after_update 55550000, False {{(pid=102951) subscribe /opt/stack/data/venv/lib/python3.12/site-packages/neutron_lib/callbacks/manager.py:52}}
Jun 16 01:14:03.793259 np0000180510 devstack@neutron-api.service[102952]: DEBUG neutron.api.extensions [None req-789b4e73-964f-4dc4-a1c9-9300743fcd8d None None] Ext name="Ingress direction for QoS minimum bandwidth rule" alias="qos-bw-minimum-ingress" description="Allow to configure QoS minumum bandwidth rule with ingress direction." updated="2018-07-09T10:00:00-00:00" {{(pid=102952) _check_extension /opt/stack/neutron/neutron/api/extensions.py:415}}
Jun 16 01:14:03.793306 np0000180510 devstack@neutron-api.service[102951]: DEBUG neutron_lib.callbacks.manager [None req-c732a24b-53f1-4996-9757-2900710b2f86 None None] Subscribe: > address_group after_delete 55550000, False {{(pid=102951) subscribe /opt/stack/data/venv/lib/python3.12/site-packages/neutron_lib/callbacks/manager.py:52}}
Jun 16 01:14:03.793306 np0000180510 devstack@neutron-api.service[102951]: DEBUG neutron.plugins.ml2.ovo_rpc [None req-c732a24b-53f1-4996-9757-2900710b2f86 None None] ML2 OVO RPC backend initialized. {{(pid=102951) __init__ /opt/stack/neutron/neutron/plugins/ml2/ovo_rpc.py:117}}
Jun 16 01:14:03.793397 np0000180510 devstack@neutron-api.service[102952]: INFO neutron.api.extensions [None req-789b4e73-964f-4dc4-a1c9-9300743fcd8d None None] Extension qos-bw-minimum-ingress not supported by any of loaded plugins
Jun 16 01:14:03.793397 np0000180510 devstack@neutron-api.service[102952]: DEBUG neutron.api.extensions [None req-789b4e73-964f-4dc4-a1c9-9300743fcd8d None None] Loading extension file: qos_default.py {{(pid=102952) _load_all_extensions_from_path /opt/stack/neutron/neutron/api/extensions.py:449}}
Jun 16 01:14:03.793397 np0000180510 devstack@neutron-api.service[102952]: DEBUG neutron.api.extensions [None req-789b4e73-964f-4dc4-a1c9-9300743fcd8d None None] Ext name="QoS default policy" alias="qos-default" description="Expose the QoS default policy per project" updated="2017-041-06T10:00:00-00:00" {{(pid=102952) _check_extension /opt/stack/neutron/neutron/api/extensions.py:415}}
Jun 16 01:14:03.793397 np0000180510 devstack@neutron-api.service[102952]: INFO neutron.api.extensions [None req-789b4e73-964f-4dc4-a1c9-9300743fcd8d None None] Extension qos-default not supported by any of loaded plugins
Jun 16 01:14:03.793397 np0000180510 devstack@neutron-api.service[102952]: DEBUG neutron.api.extensions [None req-789b4e73-964f-4dc4-a1c9-9300743fcd8d None None] Loading extension file: qos_fip.py {{(pid=102952) _load_all_extensions_from_path /opt/stack/neutron/neutron/api/extensions.py:449}}
Jun 16 01:14:03.793397 np0000180510 devstack@neutron-api.service[102952]: DEBUG neutron.api.extensions [None req-789b4e73-964f-4dc4-a1c9-9300743fcd8d None None] Ext name="Floating IP QoS" alias="qos-fip" description="The floating IP Quality of Service extension" updated="2017-07-20T00:00:00-00:00" {{(pid=102952) _check_extension /opt/stack/neutron/neutron/api/extensions.py:415}}
Jun 16 01:14:03.793397 np0000180510 devstack@neutron-api.service[102952]: INFO neutron.api.extensions [None req-789b4e73-964f-4dc4-a1c9-9300743fcd8d None None] Extension qos-fip not supported by any of loaded plugins
Jun 16 01:14:03.793397 np0000180510 devstack@neutron-api.service[102952]: DEBUG neutron.api.extensions [None req-789b4e73-964f-4dc4-a1c9-9300743fcd8d None None] Loading extension file: qos_fip_network_policy.py {{(pid=102952) _load_all_extensions_from_path /opt/stack/neutron/neutron/api/extensions.py:449}}
Jun 16 01:14:03.793706 np0000180510 devstack@neutron-api.service[102952]: DEBUG neutron.api.extensions [None req-789b4e73-964f-4dc4-a1c9-9300743fcd8d None None] Ext name="QoS floating IP network policy ID" alias="qos-fip-network-policy" description="Adds a the QoS network ID to the floating IP definition" updated="2021-11-15T10:00:00-00:00" {{(pid=102952) _check_extension /opt/stack/neutron/neutron/api/extensions.py:415}}
Jun 16 01:14:03.793754 np0000180510 devstack@neutron-api.service[102951]: INFO neutron.quota [None req-c732a24b-53f1-4996-9757-2900710b2f86 None None] Loaded quota_driver: .
Jun 16 01:14:03.793798 np0000180510 devstack@neutron-api.service[102952]: INFO neutron.api.extensions [None req-789b4e73-964f-4dc4-a1c9-9300743fcd8d None None] Extension qos-fip-network-policy not supported by any of loaded plugins
Jun 16 01:14:03.793798 np0000180510 devstack@neutron-api.service[102952]: DEBUG neutron.api.extensions [None req-789b4e73-964f-4dc4-a1c9-9300743fcd8d None None] Loading extension file: qos_gateway_ip.py {{(pid=102952) _load_all_extensions_from_path /opt/stack/neutron/neutron/api/extensions.py:449}}
Jun 16 01:14:03.793886 np0000180510 devstack@neutron-api.service[102951]: INFO neutron.plugins.ml2.plugin [None req-c732a24b-53f1-4996-9757-2900710b2f86 None None] Modular L2 Plugin initialization complete
Jun 16 01:14:03.793927 np0000180510 devstack@neutron-api.service[102952]: DEBUG neutron.api.extensions [None req-789b4e73-964f-4dc4-a1c9-9300743fcd8d None None] Ext name="Router gateway IP QoS" alias="qos-gateway-ip" description="The Router gateway IP Quality of Service extension" updated="2018-02-24T00:00:00-00:00" {{(pid=102952) _check_extension /opt/stack/neutron/neutron/api/extensions.py:415}}
Jun 16 01:14:03.793967 np0000180510 devstack@neutron-api.service[102951]: DEBUG neutron.manager [None req-c732a24b-53f1-4996-9757-2900710b2f86 None None] Loading services supported by the core plugin {{(pid=102951) _load_services_from_core_plugin /opt/stack/neutron/neutron/manager.py:170}}
Jun 16 01:14:03.794005 np0000180510 devstack@neutron-api.service[102952]: INFO neutron.api.extensions [None req-789b4e73-964f-4dc4-a1c9-9300743fcd8d None None] Extension qos-gateway-ip not supported by any of loaded plugins
Jun 16 01:14:03.794005 np0000180510 devstack@neutron-api.service[102952]: DEBUG neutron.api.extensions [None req-789b4e73-964f-4dc4-a1c9-9300743fcd8d None None] Loading extension file: qos_port_network_policy.py {{(pid=102952) _load_all_extensions_from_path /opt/stack/neutron/neutron/api/extensions.py:449}}
Jun 16 01:14:03.794115 np0000180510 devstack@neutron-api.service[102951]: INFO neutron.plugins.ml2.managers [None req-c732a24b-53f1-4996-9757-2900710b2f86 None None] Got port-security extension from driver 'port_security'
Jun 16 01:14:03.794159 np0000180510 devstack@neutron-api.service[102952]: DEBUG neutron.api.extensions [None req-789b4e73-964f-4dc4-a1c9-9300743fcd8d None None] Ext name="QoS port network policy ID" alias="qos-port-network-policy" description="Adds a the QoS network ID to the port definition" updated="2019-11-01T10:00:00-00:00" {{(pid=102952) _check_extension /opt/stack/neutron/neutron/api/extensions.py:415}}
Jun 16 01:14:03.794159 np0000180510 devstack@neutron-api.service[102952]: INFO neutron.api.extensions [None req-789b4e73-964f-4dc4-a1c9-9300743fcd8d None None] Extension qos-port-network-policy not supported by any of loaded plugins
Jun 16 01:14:03.794159 np0000180510 devstack@neutron-api.service[102952]: DEBUG neutron.api.extensions [None req-789b4e73-964f-4dc4-a1c9-9300743fcd8d None None] Loading extension file: qos_pps_minimum_rule.py {{(pid=102952) _load_all_extensions_from_path /opt/stack/neutron/neutron/api/extensions.py:449}}
Jun 16 01:14:03.794420 np0000180510 devstack@neutron-api.service[102951]: DEBUG neutron.manager [None req-c732a24b-53f1-4996-9757-2900710b2f86 None None] Loading service plugins: ['ovn-router', 'auto_allocate', 'tag', 'timestamp', 'network_ip_availability', 'flavors', 'revisions'] {{(pid=102951) _load_service_plugins /opt/stack/neutron/neutron/manager.py:195}}
Jun 16 01:14:03.794559 np0000180510 devstack@neutron-api.service[102952]: DEBUG neutron.api.extensions [None req-789b4e73-964f-4dc4-a1c9-9300743fcd8d None None] Ext name="QoS minimum packet rate rule" alias="qos-pps-minimum" description="Allow to configure QoS minimum packet rate rule." updated="2021-07-14T10:00:00-00:00" {{(pid=102952) _check_extension /opt/stack/neutron/neutron/api/extensions.py:415}}
Jun 16 01:14:03.794612 np0000180510 devstack@neutron-api.service[102951]: INFO neutron.manager [None req-c732a24b-53f1-4996-9757-2900710b2f86 None None] Loading Plugin: ovn-router
Jun 16 01:14:03.794671 np0000180510 devstack@neutron-api.service[102952]: INFO neutron.api.extensions [None req-789b4e73-964f-4dc4-a1c9-9300743fcd8d None None] Extension qos-pps-minimum not supported by any of loaded plugins
Jun 16 01:14:03.794671 np0000180510 devstack@neutron-api.service[102952]: DEBUG neutron.api.extensions [None req-789b4e73-964f-4dc4-a1c9-9300743fcd8d None None] Loading extension file: qos_pps_minimum_rule_alias.py {{(pid=102952) _load_all_extensions_from_path /opt/stack/neutron/neutron/api/extensions.py:449}}
Jun 16 01:14:03.794671 np0000180510 devstack@neutron-api.service[102952]: DEBUG neutron.api.extensions [None req-789b4e73-964f-4dc4-a1c9-9300743fcd8d None None] Ext name="QoS minimum packet rate rule alias" alias="qos-pps-minimum-rule-alias" description="API to enable GET, PUT and DELETE operations on QoS minimum packet rate rule without specifying policy ID" updated="2021-10-22T10:00:00-00:00" {{(pid=102952) _check_extension /opt/stack/neutron/neutron/api/extensions.py:415}}
Jun 16 01:14:03.794671 np0000180510 devstack@neutron-api.service[102952]: INFO neutron.api.extensions [None req-789b4e73-964f-4dc4-a1c9-9300743fcd8d None None] Extension qos-pps-minimum-rule-alias not supported by any of loaded plugins
Jun 16 01:14:03.794671 np0000180510 devstack@neutron-api.service[102952]: DEBUG neutron.api.extensions [None req-789b4e73-964f-4dc4-a1c9-9300743fcd8d None None] Loading extension file: qos_pps_rule.py {{(pid=102952) _load_all_extensions_from_path /opt/stack/neutron/neutron/api/extensions.py:449}}
Jun 16 01:14:03.794671 np0000180510 devstack@neutron-api.service[102952]: DEBUG neutron.api.extensions [None req-789b4e73-964f-4dc4-a1c9-9300743fcd8d None None] Ext name="QoS Rule Type Packet per Second Extension" alias="qos-pps" description="Add QoS Rule Type Packet per Second" updated="2021-05-12T10:00:00-00:00" {{(pid=102952) _check_extension /opt/stack/neutron/neutron/api/extensions.py:415}}
Jun 16 01:14:03.794671 np0000180510 devstack@neutron-api.service[102952]: INFO neutron.api.extensions [None req-789b4e73-964f-4dc4-a1c9-9300743fcd8d None None] Extension qos-pps not supported by any of loaded plugins
Jun 16 01:14:03.794929 np0000180510 devstack@neutron-api.service[102952]: DEBUG neutron.api.extensions [None req-789b4e73-964f-4dc4-a1c9-9300743fcd8d None None] Loading extension file: qos_rule_type_details.py {{(pid=102952) _load_all_extensions_from_path /opt/stack/neutron/neutron/api/extensions.py:449}}
Jun 16 01:14:03.794929 np0000180510 devstack@neutron-api.service[102952]: DEBUG neutron.api.extensions [None req-789b4e73-964f-4dc4-a1c9-9300743fcd8d None None] Ext name="Details of QoS rule types" alias="qos-rule-type-details" description="Expose details about QoS rule types supported by loaded backend drivers" updated="2017-06-22T10:00:00-00:00" {{(pid=102952) _check_extension /opt/stack/neutron/neutron/api/extensions.py:415}}
Jun 16 01:14:03.794929 np0000180510 devstack@neutron-api.service[102952]: INFO neutron.api.extensions [None req-789b4e73-964f-4dc4-a1c9-9300743fcd8d None None] Extension qos-rule-type-details not supported by any of loaded plugins
Jun 16 01:14:03.795093 np0000180510 devstack@neutron-api.service[102952]: DEBUG neutron.api.extensions [None req-789b4e73-964f-4dc4-a1c9-9300743fcd8d None None] Loading extension file: qos_rule_type_filter.py {{(pid=102952) _load_all_extensions_from_path /opt/stack/neutron/neutron/api/extensions.py:449}}
Jun 16 01:14:03.795269 np0000180510 devstack@neutron-api.service[102952]: DEBUG neutron.api.extensions [None req-789b4e73-964f-4dc4-a1c9-9300743fcd8d None None] Ext name="Allow to filter the list of QoS rule types" alias="qos-rule-type-filter" description="Allows to filter the QoS rule type list adding two new flags. "all_rules" prints all implemented QoS rule types."all_supported" prints all supported QoS rule types by the loaded mechanism drivers" updated="2022-02-02T10:00:00-00:00" {{(pid=102952) _check_extension /opt/stack/neutron/neutron/api/extensions.py:415}}
Jun 16 01:14:03.795458 np0000180510 devstack@neutron-api.service[102952]: INFO neutron.api.extensions [None req-789b4e73-964f-4dc4-a1c9-9300743fcd8d None None] Extension qos-rule-type-filter not supported by any of loaded plugins
Jun 16 01:14:03.795558 np0000180510 devstack@neutron-api.service[102952]: DEBUG neutron.api.extensions [None req-789b4e73-964f-4dc4-a1c9-9300743fcd8d None None] Loading extension file: qos_rules_alias.py {{(pid=102952) _load_all_extensions_from_path /opt/stack/neutron/neutron/api/extensions.py:449}}
Jun 16 01:14:03.795995 np0000180510 devstack@neutron-api.service[102952]: DEBUG neutron.api.extensions [None req-789b4e73-964f-4dc4-a1c9-9300743fcd8d None None] Ext name="Quality of Service rules alias API" alias="qos-rules-alias" description="API to enable GET, PUT and DELETE operations on QoS policy rules without specifying policy ID" updated="2018-10-07T10:00:00-00:00" {{(pid=102952) _check_extension /opt/stack/neutron/neutron/api/extensions.py:415}}
Jun 16 01:14:03.795995 np0000180510 devstack@neutron-api.service[102952]: INFO neutron.api.extensions [None req-789b4e73-964f-4dc4-a1c9-9300743fcd8d None None] Extension qos-rules-alias not supported by any of loaded plugins
Jun 16 01:14:03.796129 np0000180510 devstack@neutron-api.service[102952]: DEBUG neutron.api.extensions [None req-789b4e73-964f-4dc4-a1c9-9300743fcd8d None None] Loading extension file: quota_check_limit.py {{(pid=102952) _load_all_extensions_from_path /opt/stack/neutron/neutron/api/extensions.py:449}}
Jun 16 01:14:03.796742 np0000180510 devstack@neutron-api.service[102952]: DEBUG neutron.api.extensions [None req-789b4e73-964f-4dc4-a1c9-9300743fcd8d None None] Ext name="Quota engine limit check" alias="quota-check-limit" description="Support for checking the resource usage before applying a new quota limit" updated="2021-09-08T16:00:00-00:00" {{(pid=102952) _check_extension /opt/stack/neutron/neutron/api/extensions.py:415}}
Jun 16 01:14:03.796742 np0000180510 devstack@neutron-api.service[102952]: INFO neutron.api.extensions [None req-789b4e73-964f-4dc4-a1c9-9300743fcd8d None None] Loaded extension: quota-check-limit
Jun 16 01:14:03.796742 np0000180510 devstack@neutron-api.service[102952]: DEBUG neutron.api.extensions [None req-789b4e73-964f-4dc4-a1c9-9300743fcd8d None None] Loading extension file: quota_check_limit_default.py {{(pid=102952) _load_all_extensions_from_path /opt/stack/neutron/neutron/api/extensions.py:449}}
Jun 16 01:14:03.796908 np0000180510 devstack@neutron-api.service[102952]: DEBUG neutron.api.extensions [None req-789b4e73-964f-4dc4-a1c9-9300743fcd8d None None] Ext name="Quota engine limit check by default" alias="quota-check-limit-default" description="By default, the Neutron quota engine checks the resource usage before applying a new quota limit" updated="2024-08-21T16:00:00-00:00" {{(pid=102952) _check_extension /opt/stack/neutron/neutron/api/extensions.py:415}}
Jun 16 01:14:03.797021 np0000180510 devstack@neutron-api.service[102952]: INFO neutron.api.extensions [None req-789b4e73-964f-4dc4-a1c9-9300743fcd8d None None] Loaded extension: quota-check-limit-default
Jun 16 01:14:03.797132 np0000180510 devstack@neutron-api.service[102952]: DEBUG neutron.api.extensions [None req-789b4e73-964f-4dc4-a1c9-9300743fcd8d None None] Loading extension file: quotasv2.py {{(pid=102952) _load_all_extensions_from_path /opt/stack/neutron/neutron/api/extensions.py:449}}
Jun 16 01:14:03.797638 np0000180510 devstack@neutron-api.service[102952]: DEBUG neutron.api.extensions [None req-789b4e73-964f-4dc4-a1c9-9300743fcd8d None None] Ext name="Quota management support" alias="quotas" description="Expose functions for quotas management per project" updated="2012-07-29T10:00:00-00:00" {{(pid=102952) _check_extension /opt/stack/neutron/neutron/api/extensions.py:415}}
Jun 16 01:14:03.797762 np0000180510 devstack@neutron-api.service[102952]: INFO neutron.api.extensions [None req-789b4e73-964f-4dc4-a1c9-9300743fcd8d None None] Loaded extension: quotas
Jun 16 01:14:03.797851 np0000180510 devstack@neutron-api.service[102952]: DEBUG neutron.api.extensions [None req-789b4e73-964f-4dc4-a1c9-9300743fcd8d None None] Loading extension file: quotasv2_detail.py {{(pid=102952) _load_all_extensions_from_path /opt/stack/neutron/neutron/api/extensions.py:449}}
Jun 16 01:14:03.798211 np0000180510 devstack@neutron-api.service[102952]: DEBUG neutron.api.extensions [None req-789b4e73-964f-4dc4-a1c9-9300743fcd8d None None] Ext name="Quota details management support" alias="quota_details" description="Expose functions for quotas usage statistics per project" updated="2017-02-10T10:00:00-00:00" {{(pid=102952) _check_extension /opt/stack/neutron/neutron/api/extensions.py:415}}
Jun 16 01:14:03.798375 np0000180510 devstack@neutron-api.service[102952]: INFO neutron.api.extensions [None req-789b4e73-964f-4dc4-a1c9-9300743fcd8d None None] Loaded extension: quota_details
Jun 16 01:14:03.798446 np0000180510 devstack@neutron-api.service[102952]: DEBUG neutron.api.extensions [None req-789b4e73-964f-4dc4-a1c9-9300743fcd8d None None] Loading extension file: rbac.py {{(pid=102952) _load_all_extensions_from_path /opt/stack/neutron/neutron/api/extensions.py:449}}
Jun 16 01:14:03.799018 np0000180510 devstack@neutron-api.service[102952]: DEBUG neutron.api.extensions [None req-789b4e73-964f-4dc4-a1c9-9300743fcd8d None None] Ext name="RBAC Policies" alias="rbac-policies" description="Allows creation and modification of policies that control project access to resources." updated="2015-06-17T12:15:12-00:00" {{(pid=102952) _check_extension /opt/stack/neutron/neutron/api/extensions.py:415}}
Jun 16 01:14:03.799174 np0000180510 devstack@neutron-api.service[102952]: INFO neutron.api.extensions [None req-789b4e73-964f-4dc4-a1c9-9300743fcd8d None None] Loaded extension: rbac-policies
Jun 16 01:14:03.799267 np0000180510 devstack@neutron-api.service[102952]: DEBUG neutron.api.extensions [None req-789b4e73-964f-4dc4-a1c9-9300743fcd8d None None] Loading extension file: rbac_address_group.py {{(pid=102952) _load_all_extensions_from_path /opt/stack/neutron/neutron/api/extensions.py:449}}
Jun 16 01:14:03.799470 np0000180510 devstack@neutron-api.service[102952]: DEBUG neutron.api.extensions [None req-789b4e73-964f-4dc4-a1c9-9300743fcd8d None None] Ext name="Add address_group type to RBAC" alias="rbac-address-group" description="Add address_group type to network RBAC" updated="2021-01-20T00:00:00-00:00" {{(pid=102952) _check_extension /opt/stack/neutron/neutron/api/extensions.py:415}}
Jun 16 01:14:03.799650 np0000180510 devstack@neutron-api.service[102952]: INFO neutron.api.extensions [None req-789b4e73-964f-4dc4-a1c9-9300743fcd8d None None] Extension rbac-address-group not supported by any of loaded plugins
Jun 16 01:14:03.799760 np0000180510 devstack@neutron-api.service[102952]: DEBUG neutron.api.extensions [None req-789b4e73-964f-4dc4-a1c9-9300743fcd8d None None] Loading extension file: rbac_address_scope.py {{(pid=102952) _load_all_extensions_from_path /opt/stack/neutron/neutron/api/extensions.py:449}}
Jun 16 01:14:03.800050 np0000180510 devstack@neutron-api.service[102952]: DEBUG neutron.api.extensions [None req-789b4e73-964f-4dc4-a1c9-9300743fcd8d None None] Ext name="Add address_scope type to RBAC" alias="rbac-address-scope" description="Add address_scope type to RBAC" updated="2020-02-12T00:00:00-00:00" {{(pid=102952) _check_extension /opt/stack/neutron/neutron/api/extensions.py:415}}
Jun 16 01:14:03.800247 np0000180510 devstack@neutron-api.service[102952]: INFO neutron.api.extensions [None req-789b4e73-964f-4dc4-a1c9-9300743fcd8d None None] Loaded extension: rbac-address-scope
Jun 16 01:14:03.800341 np0000180510 devstack@neutron-api.service[102952]: DEBUG neutron.api.extensions [None req-789b4e73-964f-4dc4-a1c9-9300743fcd8d None None] Loading extension file: rbac_security_groups.py {{(pid=102952) _load_all_extensions_from_path /opt/stack/neutron/neutron/api/extensions.py:449}}
Jun 16 01:14:03.800573 np0000180510 devstack@neutron-api.service[102952]: DEBUG neutron.api.extensions [None req-789b4e73-964f-4dc4-a1c9-9300743fcd8d None None] Ext name="Add security_group type to network RBAC" alias="rbac-security-groups" description="Add security_group type to network RBAC" updated="2019-02-14T00:00:00-00:00" {{(pid=102952) _check_extension /opt/stack/neutron/neutron/api/extensions.py:415}}
Jun 16 01:14:03.800754 np0000180510 devstack@neutron-api.service[102952]: INFO neutron.api.extensions [None req-789b4e73-964f-4dc4-a1c9-9300743fcd8d None None] Loaded extension: rbac-security-groups
Jun 16 01:14:03.800876 np0000180510 devstack@neutron-api.service[102952]: DEBUG neutron.api.extensions [None req-789b4e73-964f-4dc4-a1c9-9300743fcd8d None None] Loading extension file: rbac_subnetpool.py {{(pid=102952) _load_all_extensions_from_path /opt/stack/neutron/neutron/api/extensions.py:449}}
Jun 16 01:14:03.801183 np0000180510 devstack@neutron-api.service[102952]: DEBUG neutron.api.extensions [None req-789b4e73-964f-4dc4-a1c9-9300743fcd8d None None] Ext name="Add subnetpool type to RBAC" alias="rbac-subnetpool" description="Add subnetpool type to RBAC" updated="2020-02-05T00:00:00-00:00" {{(pid=102952) _check_extension /opt/stack/neutron/neutron/api/extensions.py:415}}
Jun 16 01:14:03.801362 np0000180510 devstack@neutron-api.service[102952]: INFO neutron.api.extensions [None req-789b4e73-964f-4dc4-a1c9-9300743fcd8d None None] Extension rbac-subnetpool not supported by any of loaded plugins
Jun 16 01:14:03.801457 np0000180510 devstack@neutron-api.service[102952]: DEBUG neutron.api.extensions [None req-789b4e73-964f-4dc4-a1c9-9300743fcd8d None None] Loading extension file: revisionifmatch.py {{(pid=102952) _load_all_extensions_from_path /opt/stack/neutron/neutron/api/extensions.py:449}}
Jun 16 01:14:03.801730 np0000180510 devstack@neutron-api.service[102952]: DEBUG neutron.api.extensions [None req-789b4e73-964f-4dc4-a1c9-9300743fcd8d None None] Ext name="If-Match constraints based on revision_number" alias="revision-if-match" description="Extension indicating that If-Match based on revision_number is supported." updated="2016-12-11T00:00:00-00:00" {{(pid=102952) _check_extension /opt/stack/neutron/neutron/api/extensions.py:415}}
Jun 16 01:14:03.801915 np0000180510 devstack@neutron-api.service[102952]: INFO neutron.api.extensions [None req-789b4e73-964f-4dc4-a1c9-9300743fcd8d None None] Loaded extension: revision-if-match
Jun 16 01:14:03.802007 np0000180510 devstack@neutron-api.service[102952]: DEBUG neutron.api.extensions [None req-789b4e73-964f-4dc4-a1c9-9300743fcd8d None None] Loading extension file: revisions.py {{(pid=102952) _load_all_extensions_from_path /opt/stack/neutron/neutron/api/extensions.py:449}}
Jun 16 01:14:03.802519 np0000180510 devstack@neutron-api.service[102952]: DEBUG neutron.api.extensions [None req-789b4e73-964f-4dc4-a1c9-9300743fcd8d None None] Ext name="Resource revision numbers" alias="standard-attr-revisions" description="This extension will display the revision number of neutron resources." updated="2016-04-11T10:00:00-00:00" {{(pid=102952) _check_extension /opt/stack/neutron/neutron/api/extensions.py:415}}
Jun 16 01:14:03.802686 np0000180510 devstack@neutron-api.service[102952]: INFO neutron.api.extensions [None req-789b4e73-964f-4dc4-a1c9-9300743fcd8d None None] Loaded extension: standard-attr-revisions
Jun 16 01:14:03.802785 np0000180510 devstack@neutron-api.service[102952]: DEBUG neutron.api.extensions [None req-789b4e73-964f-4dc4-a1c9-9300743fcd8d None None] Loading extension file: router_availability_zone.py {{(pid=102952) _load_all_extensions_from_path /opt/stack/neutron/neutron/api/extensions.py:449}}
Jun 16 01:14:03.803071 np0000180510 devstack@neutron-api.service[102952]: DEBUG neutron.api.extensions [None req-789b4e73-964f-4dc4-a1c9-9300743fcd8d None None] Ext name="Router Availability Zone" alias="router_availability_zone" description="Availability zone support for router." updated="2015-01-01T10:00:00-00:00" {{(pid=102952) _check_extension /opt/stack/neutron/neutron/api/extensions.py:415}}
Jun 16 01:14:03.803443 np0000180510 devstack@neutron-api.service[102952]: INFO neutron.api.extensions [None req-789b4e73-964f-4dc4-a1c9-9300743fcd8d None None] Loaded extension: router_availability_zone
Jun 16 01:14:03.803538 np0000180510 devstack@neutron-api.service[102952]: DEBUG neutron.api.extensions [None req-789b4e73-964f-4dc4-a1c9-9300743fcd8d None None] Loading extension file: router_enable_snat.py {{(pid=102952) _load_all_extensions_from_path /opt/stack/neutron/neutron/api/extensions.py:449}}
Jun 16 01:14:03.803815 np0000180510 devstack@neutron-api.service[102952]: DEBUG neutron.api.extensions [None req-789b4e73-964f-4dc4-a1c9-9300743fcd8d None None] Ext name="Exposes the router "enable_snat" read-only configuration flag" alias="router-enable-snat" description="Exposes the router "enable_snat" read-only configuration flag" updated="2025-09-18T18:00:00-00:00" {{(pid=102952) _check_extension /opt/stack/neutron/neutron/api/extensions.py:415}}
Jun 16 01:14:03.803951 np0000180510 devstack@neutron-api.service[102952]: INFO neutron.api.extensions [None req-789b4e73-964f-4dc4-a1c9-9300743fcd8d None None] Loaded extension: router-enable-snat
Jun 16 01:14:03.804089 np0000180510 devstack@neutron-api.service[102952]: DEBUG neutron.api.extensions [None req-789b4e73-964f-4dc4-a1c9-9300743fcd8d None None] Loading extension file: routerservicetype.py {{(pid=102952) _load_all_extensions_from_path /opt/stack/neutron/neutron/api/extensions.py:449}}
Jun 16 01:14:03.804294 np0000180510 devstack@neutron-api.service[102952]: DEBUG neutron.api.extensions [None req-789b4e73-964f-4dc4-a1c9-9300743fcd8d None None] Ext name="Router Service Type" alias="router-service-type" description="Provides router service type" updated="2013-01-29T00:00:00-00:00" {{(pid=102952) _check_extension /opt/stack/neutron/neutron/api/extensions.py:415}}
Jun 16 01:14:03.804510 np0000180510 devstack@neutron-api.service[102952]: INFO neutron.api.extensions [None req-789b4e73-964f-4dc4-a1c9-9300743fcd8d None None] Extension router-service-type not supported by any of loaded plugins
Jun 16 01:14:03.804543 np0000180510 devstack@neutron-api.service[102952]: DEBUG neutron.api.extensions [None req-789b4e73-964f-4dc4-a1c9-9300743fcd8d None None] Loading extension file: security_groups_default_rules.py {{(pid=102952) _load_all_extensions_from_path /opt/stack/neutron/neutron/api/extensions.py:449}}
Jun 16 01:14:03.805045 np0000180510 devstack@neutron-api.service[102952]: DEBUG neutron.api.extensions [None req-789b4e73-964f-4dc4-a1c9-9300743fcd8d None None] Ext name="Default rules for security groups" alias="security-groups-default-rules" description="Configure set of security group rules used as default rules for every new security group" updated="2022-12-19T10:00:00-00:00" {{(pid=102952) _check_extension /opt/stack/neutron/neutron/api/extensions.py:415}}
Jun 16 01:14:03.805169 np0000180510 devstack@neutron-api.service[102951]: DEBUG neutron_lib.callbacks.manager [None req-c732a24b-53f1-4996-9757-2900710b2f86 None None] Subscribe: > router before_delete 55550000, False {{(pid=102951) subscribe /opt/stack/data/venv/lib/python3.12/site-packages/neutron_lib/callbacks/manager.py:52}}
Jun 16 01:14:03.805208 np0000180510 devstack@neutron-api.service[102952]: INFO neutron.api.extensions [None req-789b4e73-964f-4dc4-a1c9-9300743fcd8d None None] Loaded extension: security-groups-default-rules
Jun 16 01:14:03.805300 np0000180510 devstack@neutron-api.service[102952]: DEBUG neutron.api.extensions [None req-789b4e73-964f-4dc4-a1c9-9300743fcd8d None None] Loading extension file: security_groups_normalized_cidr.py {{(pid=102952) _load_all_extensions_from_path /opt/stack/neutron/neutron/api/extensions.py:449}}
Jun 16 01:14:03.805332 np0000180510 devstack@neutron-api.service[102951]: DEBUG neutron_lib.callbacks.manager [None req-c732a24b-53f1-4996-9757-2900710b2f86 None None] Subscribe: port before_update 55550000, False {{(pid=102951) subscribe /opt/stack/data/venv/lib/python3.12/site-packages/neutron_lib/callbacks/manager.py:52}}
Jun 16 01:14:03.805428 np0000180510 devstack@neutron-api.service[102951]: DEBUG neutron_lib.callbacks.manager [None req-c732a24b-53f1-4996-9757-2900710b2f86 None None] Subscribe: port after_update 55550000, False {{(pid=102951) subscribe /opt/stack/data/venv/lib/python3.12/site-packages/neutron_lib/callbacks/manager.py:52}}
Jun 16 01:14:03.805534 np0000180510 devstack@neutron-api.service[102951]: DEBUG neutron_lib.callbacks.manager [None req-c732a24b-53f1-4996-9757-2900710b2f86 None None] Subscribe: > port precommit_delete 55550000, False {{(pid=102951) subscribe /opt/stack/data/venv/lib/python3.12/site-packages/neutron_lib/callbacks/manager.py:52}}
Jun 16 01:14:03.805575 np0000180510 devstack@neutron-api.service[102952]: DEBUG neutron.api.extensions [None req-789b4e73-964f-4dc4-a1c9-9300743fcd8d None None] Ext name="Normalized CIDR field for security group rules" alias="security-groups-normalized-cidr" description="Add new field with normalized remote_ip_prefix cidr in SG rule" updated="2020-07-28T10:00:00-00:00" {{(pid=102952) _check_extension /opt/stack/neutron/neutron/api/extensions.py:415}}
Jun 16 01:14:03.805650 np0000180510 devstack@neutron-api.service[102951]: DEBUG neutron_lib.callbacks.manager [None req-c732a24b-53f1-4996-9757-2900710b2f86 None None] Subscribe: port before_update 55550000, False {{(pid=102951) subscribe /opt/stack/data/venv/lib/python3.12/site-packages/neutron_lib/callbacks/manager.py:52}}
Jun 16 01:14:03.805712 np0000180510 devstack@neutron-api.service[102952]: INFO neutron.api.extensions [None req-789b4e73-964f-4dc4-a1c9-9300743fcd8d None None] Loaded extension: security-groups-normalized-cidr
Jun 16 01:14:03.805745 np0000180510 devstack@neutron-api.service[102951]: DEBUG neutron_lib.callbacks.manager [None req-c732a24b-53f1-4996-9757-2900710b2f86 None None] Subscribe: port before_delete 55550000, False {{(pid=102951) subscribe /opt/stack/data/venv/lib/python3.12/site-packages/neutron_lib/callbacks/manager.py:52}}
Jun 16 01:14:03.805807 np0000180510 devstack@neutron-api.service[102952]: DEBUG neutron.api.extensions [None req-789b4e73-964f-4dc4-a1c9-9300743fcd8d None None] Loading extension file: security_groups_port_filtering.py {{(pid=102952) _load_all_extensions_from_path /opt/stack/neutron/neutron/api/extensions.py:449}}
Jun 16 01:14:03.805845 np0000180510 devstack@neutron-api.service[102951]: DEBUG neutron_lib.callbacks.manager [None req-c732a24b-53f1-4996-9757-2900710b2f86 None None] Subscribe: > router precommit_create 55550000, False {{(pid=102951) subscribe /opt/stack/data/venv/lib/python3.12/site-packages/neutron_lib/callbacks/manager.py:52}}
Jun 16 01:14:03.805957 np0000180510 devstack@neutron-api.service[102951]: DEBUG neutron_lib.callbacks.manager [None req-c732a24b-53f1-4996-9757-2900710b2f86 None None] Subscribe: > router precommit_create 55550000, False {{(pid=102951) subscribe /opt/stack/data/venv/lib/python3.12/site-packages/neutron_lib/callbacks/manager.py:52}}
Jun 16 01:14:03.806054 np0000180510 devstack@neutron-api.service[102952]: DEBUG neutron.api.extensions [None req-789b4e73-964f-4dc4-a1c9-9300743fcd8d None None] Ext name="Port filtering on security groups" alias="port-security-groups-filtering" description="Provides security groups filtering when listing ports" updated="2018-01-09T09:00:00-00:00" {{(pid=102952) _check_extension /opt/stack/neutron/neutron/api/extensions.py:415}}
Jun 16 01:14:03.806089 np0000180510 devstack@neutron-api.service[102951]: DEBUG neutron_lib.callbacks.manager [None req-c732a24b-53f1-4996-9757-2900710b2f86 None None] Subscribe: > router precommit_update 55550000, False {{(pid=102951) subscribe /opt/stack/data/venv/lib/python3.12/site-packages/neutron_lib/callbacks/manager.py:52}}
Jun 16 01:14:03.806221 np0000180510 devstack@neutron-api.service[102951]: DEBUG neutron_lib.callbacks.manager [None req-c732a24b-53f1-4996-9757-2900710b2f86 None None] Subscribe: subnet after_update 55550000, False {{(pid=102951) subscribe /opt/stack/data/venv/lib/python3.12/site-packages/neutron_lib/callbacks/manager.py:52}}
Jun 16 01:14:03.806298 np0000180510 devstack@neutron-api.service[102952]: INFO neutron.api.extensions [None req-789b4e73-964f-4dc4-a1c9-9300743fcd8d None None] Extension port-security-groups-filtering not supported by any of loaded plugins
Jun 16 01:14:03.806355 np0000180510 devstack@neutron-api.service[102952]: DEBUG neutron.api.extensions [None req-789b4e73-964f-4dc4-a1c9-9300743fcd8d None None] Loading extension file: security_groups_remote_address_group.py {{(pid=102952) _load_all_extensions_from_path /opt/stack/neutron/neutron/api/extensions.py:449}}
Jun 16 01:14:03.806424 np0000180510 devstack@neutron-api.service[102951]: DEBUG neutron.quota.resource_registry [None req-c732a24b-53f1-4996-9757-2900710b2f86 None None] Tracking information for resource: router configured {{(pid=102951) set_tracked_resource /opt/stack/neutron/neutron/quota/resource_registry.py:203}}
Jun 16 01:14:03.806523 np0000180510 devstack@neutron-api.service[102951]: DEBUG neutron.quota.resource_registry [None req-c732a24b-53f1-4996-9757-2900710b2f86 None None] Tracking information for resource: floatingip configured {{(pid=102951) set_tracked_resource /opt/stack/neutron/neutron/quota/resource_registry.py:203}}
Jun 16 01:14:03.806591 np0000180510 devstack@neutron-api.service[102952]: DEBUG neutron.api.extensions [None req-789b4e73-964f-4dc4-a1c9-9300743fcd8d None None] Ext name="Remote address group id field for security group rules" alias="security-groups-remote-address-group" description="Add new field of remote address group id in SG rules" updated="2020-08-25T10:00:00-00:00" {{(pid=102952) _check_extension /opt/stack/neutron/neutron/api/extensions.py:415}}
Jun 16 01:14:03.806623 np0000180510 devstack@neutron-api.service[102951]: INFO neutron.services.ovn_l3.plugin [None req-c732a24b-53f1-4996-9757-2900710b2f86 None None] Starting OVNL3RouterPlugin
Jun 16 01:14:03.806767 np0000180510 devstack@neutron-api.service[102952]: INFO neutron.api.extensions [None req-789b4e73-964f-4dc4-a1c9-9300743fcd8d None None] Loaded extension: security-groups-remote-address-group
Jun 16 01:14:03.806882 np0000180510 devstack@neutron-api.service[102951]: DEBUG neutron_lib.callbacks.manager [None req-c732a24b-53f1-4996-9757-2900710b2f86 None None] Subscribe: > port_forwarding_plugin after_init 55550000, False {{(pid=102951) subscribe /opt/stack/data/venv/lib/python3.12/site-packages/neutron_lib/callbacks/manager.py:52}}
Jun 16 01:14:03.806917 np0000180510 devstack@neutron-api.service[102952]: DEBUG neutron.api.extensions [None req-789b4e73-964f-4dc4-a1c9-9300743fcd8d None None] Loading extension file: security_groups_rules_belongs_to_default_sg.py {{(pid=102952) _load_all_extensions_from_path /opt/stack/neutron/neutron/api/extensions.py:449}}
Jun 16 01:14:03.807355 np0000180510 devstack@neutron-api.service[102951]: DEBUG neutron_lib.callbacks.manager [None req-c732a24b-53f1-4996-9757-2900710b2f86 None None] Subscribe: > router before_create 55550100, False {{(pid=102951) subscribe /opt/stack/data/venv/lib/python3.12/site-packages/neutron_lib/callbacks/manager.py:52}}
Jun 16 01:14:03.807355 np0000180510 devstack@neutron-api.service[102951]: DEBUG neutron_lib.callbacks.manager [None req-c732a24b-53f1-4996-9757-2900710b2f86 None None] Subscribe: > router precommit_delete 55550100, False {{(pid=102951) subscribe /opt/stack/data/venv/lib/python3.12/site-packages/neutron_lib/callbacks/manager.py:52}}
Jun 16 01:14:03.807464 np0000180510 devstack@neutron-api.service[102952]: DEBUG neutron.api.extensions [None req-789b4e73-964f-4dc4-a1c9-9300743fcd8d None None] Ext name="Security group rule belongs to the project's default security group" alias="security-groups-rules-belongs-to-default-sg" description="Flag to determine if the security group rule belongs to the project's default security group" updated="2023-05-23T10:00:00-00:00" {{(pid=102952) _check_extension /opt/stack/neutron/neutron/api/extensions.py:415}}
Jun 16 01:14:03.807529 np0000180510 devstack@neutron-api.service[102951]: DEBUG neutron_lib.callbacks.manager [None req-c732a24b-53f1-4996-9757-2900710b2f86 None None] Subscribe: > router precommit_create 55550100, False {{(pid=102951) subscribe /opt/stack/data/venv/lib/python3.12/site-packages/neutron_lib/callbacks/manager.py:52}}
Jun 16 01:14:03.807529 np0000180510 devstack@neutron-api.service[102951]: DEBUG neutron_lib.callbacks.manager [None req-c732a24b-53f1-4996-9757-2900710b2f86 None None] Subscribe: > router precommit_update 55550100, False {{(pid=102951) subscribe /opt/stack/data/venv/lib/python3.12/site-packages/neutron_lib/callbacks/manager.py:52}}
Jun 16 01:14:03.807607 np0000180510 devstack@neutron-api.service[102952]: INFO neutron.api.extensions [None req-789b4e73-964f-4dc4-a1c9-9300743fcd8d None None] Loaded extension: security-groups-rules-belongs-to-default-sg
Jun 16 01:14:03.807607 np0000180510 devstack@neutron-api.service[102952]: DEBUG neutron.api.extensions [None req-789b4e73-964f-4dc4-a1c9-9300743fcd8d None None] Loading extension file: security_groups_shared_filtering.py {{(pid=102952) _load_all_extensions_from_path /opt/stack/neutron/neutron/api/extensions.py:449}}
Jun 16 01:14:03.807797 np0000180510 devstack@neutron-api.service[102952]: DEBUG neutron.api.extensions [None req-789b4e73-964f-4dc4-a1c9-9300743fcd8d None None] Ext name="Security group filtering on the shared field" alias="security-groups-shared-filtering" description="Support filtering security groups on the shared field" updated="2021-10-05T09:00:00-00:00" {{(pid=102952) _check_extension /opt/stack/neutron/neutron/api/extensions.py:415}}
Jun 16 01:14:03.807974 np0000180510 devstack@neutron-api.service[102952]: INFO neutron.api.extensions [None req-789b4e73-964f-4dc4-a1c9-9300743fcd8d None None] Loaded extension: security-groups-shared-filtering
Jun 16 01:14:03.808087 np0000180510 devstack@neutron-api.service[102952]: DEBUG neutron.api.extensions [None req-789b4e73-964f-4dc4-a1c9-9300743fcd8d None None] Loading extension file: securitygroup.py {{(pid=102952) _load_all_extensions_from_path /opt/stack/neutron/neutron/api/extensions.py:449}}
Jun 16 01:14:03.810346 np0000180510 devstack@neutron-api.service[102952]: DEBUG neutron.api.extensions [None req-789b4e73-964f-4dc4-a1c9-9300743fcd8d None None] Ext name="security-group" alias="security-group" description="The security groups extension." updated="2012-10-05T10:00:00-00:00" {{(pid=102952) _check_extension /opt/stack/neutron/neutron/api/extensions.py:415}}
Jun 16 01:14:03.810550 np0000180510 devstack@neutron-api.service[102952]: INFO neutron.api.extensions [None req-789b4e73-964f-4dc4-a1c9-9300743fcd8d None None] Loaded extension: security-group
Jun 16 01:14:03.810638 np0000180510 devstack@neutron-api.service[102952]: DEBUG neutron.api.extensions [None req-789b4e73-964f-4dc4-a1c9-9300743fcd8d None None] Loading extension file: segment.py {{(pid=102952) _load_all_extensions_from_path /opt/stack/neutron/neutron/api/extensions.py:449}}
Jun 16 01:14:03.810975 np0000180510 devstack@neutron-api.service[102952]: DEBUG neutron.api.extensions [None req-789b4e73-964f-4dc4-a1c9-9300743fcd8d None None] Ext name="Segment" alias="segment" description="Segments extension." updated="2016-02-24T17:00:00-00:00" {{(pid=102952) _check_extension /opt/stack/neutron/neutron/api/extensions.py:415}}
