Jun 19 00:56:17.712192 np0000182250 neutron-rpc-server[104683]: DEBUG cotyledon.oslo_config_glue [-] privsep_link.helper_command = None {{(pid=104683) log_opt_values /opt/stack/data/venv/lib/python3.12/site-packages/oslo_config/cfg.py:3253}}
Jun 19 00:56:17.712192 np0000182250 neutron-rpc-server[104683]: DEBUG cotyledon.oslo_config_glue [-] privsep_link.log_daemon_traceback = False {{(pid=104683) log_opt_values /opt/stack/data/venv/lib/python3.12/site-packages/oslo_config/cfg.py:3253}}
Jun 19 00:56:17.712346 np0000182250 neutron-rpc-server[104650]: DEBUG ovsdbapp.backend.ovs_idl [None req-b1542019-9e94-4f2c-b4b6-4c55b9d79978 None None] Created schema index Mirror.name {{(pid=104650) autocreate_indices /opt/stack/data/venv/lib/python3.12/site-packages/ovsdbapp/backend/ovs_idl/__init__.py:106}}
Jun 19 00:56:17.712442 np0000182250 neutron-rpc-server[104694]: DEBUG cotyledon.oslo_config_glue [-] default_log_levels = ['amqp=WARN', 'boto=WARN', 'sqlalchemy=WARN', 'suds=INFO', 'oslo.messaging=INFO', 'oslo_messaging=INFO', 'iso8601=WARN', 'requests.packages.urllib3.connectionpool=WARN', 'urllib3.connectionpool=WARN', 'websocket=WARN', 'requests.packages.urllib3.util.retry=WARN', 'urllib3.util.retry=WARN', 'keystonemiddleware=WARN', 'routes.middleware=WARN', 'stevedore=WARN', 'taskflow=WARN', 'keystoneauth=WARN', 'oslo.cache=INFO', 'oslo_policy=INFO', 'dogpile.core.dogpile=INFO', 'OFPHandler=INFO', 'OfctlService=INFO', 'os_ken.base.app_manager=INFO', 'os_ken.controller.controller=INFO'] {{(pid=104694) log_opt_values /opt/stack/data/venv/lib/python3.12/site-packages/oslo_config/cfg.py:3242}}
Jun 19 00:56:17.712786 np0000182250 neutron-rpc-server[104683]: DEBUG cotyledon.oslo_config_glue [-] privsep_link.logger_name = oslo_privsep.daemon {{(pid=104683) log_opt_values /opt/stack/data/venv/lib/python3.12/site-packages/oslo_config/cfg.py:3253}}
Jun 19 00:56:17.712886 np0000182250 neutron-rpc-server[104631]: ERROR neutron.common.ovn.hash_ring_manager [None req-83e1dce1-e370-46a9-bce5-29ce5fcb6e37 None None] The Neutron API workers count is zero
Jun 19 00:56:17.712990 np0000182250 neutron-rpc-server[104650]: DEBUG ovsdbapp.backend.ovs_idl [None req-b1542019-9e94-4f2c-b4b6-4c55b9d79978 None None] Created schema index Chassis_Template_Var.chassis {{(pid=104650) autocreate_indices /opt/stack/data/venv/lib/python3.12/site-packages/ovsdbapp/backend/ovs_idl/__init__.py:106}}
Jun 19 00:56:17.713120 np0000182250 neutron-rpc-server[104694]: DEBUG cotyledon.oslo_config_glue [-] dhcp_agent_notification = False {{(pid=104694) log_opt_values /opt/stack/data/venv/lib/python3.12/site-packages/oslo_config/cfg.py:3242}}
Jun 19 00:56:17.713234 np0000182250 neutron-rpc-server[104683]: DEBUG cotyledon.oslo_config_glue [-] privsep_link.thread_pool_size = 16 {{(pid=104683) log_opt_values /opt/stack/data/venv/lib/python3.12/site-packages/oslo_config/cfg.py:3253}}
Jun 19 00:56:17.713332 np0000182250 neutron-rpc-server[104650]: DEBUG ovsdbapp.backend.ovs_idl [None req-b1542019-9e94-4f2c-b4b6-4c55b9d79978 None None] Created schema index Logical_Router_Port.name {{(pid=104650) autocreate_indices /opt/stack/data/venv/lib/python3.12/site-packages/ovsdbapp/backend/ovs_idl/__init__.py:106}}
Jun 19 00:56:17.713467 np0000182250 neutron-rpc-server[104694]: DEBUG cotyledon.oslo_config_glue [-] dhcp_agents_per_network = 1 {{(pid=104694) log_opt_values /opt/stack/data/venv/lib/python3.12/site-packages/oslo_config/cfg.py:3242}}
Jun 19 00:56:17.713566 np0000182250 neutron-rpc-server[104683]: DEBUG cotyledon.oslo_config_glue [-] privsep_link.user = None {{(pid=104683) log_opt_values /opt/stack/data/venv/lib/python3.12/site-packages/oslo_config/cfg.py:3253}}
Jun 19 00:56:17.713670 np0000182250 neutron-rpc-server[104650]: DEBUG ovsdbapp.backend.ovs_idl [None req-b1542019-9e94-4f2c-b4b6-4c55b9d79978 None None] Created schema index Port_Group.name {{(pid=104650) autocreate_indices /opt/stack/data/venv/lib/python3.12/site-packages/ovsdbapp/backend/ovs_idl/__init__.py:106}}
Jun 19 00:56:17.713670 np0000182250 neutron-rpc-server[104650]: DEBUG ovsdbapp.backend.ovs_idl [None req-b1542019-9e94-4f2c-b4b6-4c55b9d79978 None None] Created schema index Logical_Switch_Port.name {{(pid=104650) autocreate_indices /opt/stack/data/venv/lib/python3.12/site-packages/ovsdbapp/backend/ovs_idl/__init__.py:106}}
Jun 19 00:56:17.713799 np0000182250 neutron-rpc-server[104694]: DEBUG cotyledon.oslo_config_glue [-] dhcp_lease_duration = 86400 {{(pid=104694) log_opt_values /opt/stack/data/venv/lib/python3.12/site-packages/oslo_config/cfg.py:3242}}
Jun 19 00:56:17.713906 np0000182250 neutron-rpc-server[104683]: DEBUG cotyledon.oslo_config_glue [-] AGENT.root_helper = sudo /opt/stack/data/venv/bin/neutron-rootwrap /etc/neutron/rootwrap.conf {{(pid=104683) log_opt_values /opt/stack/data/venv/lib/python3.12/site-packages/oslo_config/cfg.py:3253}}
Jun 19 00:56:17.714024 np0000182250 neutron-rpc-server[104631]: ERROR neutron.plugins.ml2.drivers.ovn.mech_driver.ovsdb.ovsdb_monitor [None req-83e1dce1-e370-46a9-bce5-29ce5fcb6e37 None None] The Neutron API workers count is zero: RuntimeError: The Neutron API workers count is zero
Jun 19 00:56:17.714024 np0000182250 neutron-rpc-server[104631]: ERROR neutron.plugins.ml2.drivers.ovn.mech_driver.ovsdb.ovsdb_monitor
Traceback (most recent call last):
Jun 19 00:56:17.714024 np0000182250 neutron-rpc-server[104631]: ERROR neutron.plugins.ml2.drivers.ovn.mech_driver.ovsdb.ovsdb_monitor
File "/opt/stack/neutron/neutron/plugins/ml2/drivers/ovn/mech_driver/ovsdb/ovsdb_monitor.py", line 989, in notify
Jun 19 00:56:17.714024 np0000182250 neutron-rpc-server[104631]: ERROR neutron.plugins.ml2.drivers.ovn.mech_driver.ovsdb.ovsdb_monitor target_node, node_last_touch = self._hash_ring.get_node(
Jun 19 00:56:17.714024 np0000182250 neutron-rpc-server[104631]: ERROR neutron.plugins.ml2.drivers.ovn.mech_driver.ovsdb.ovsdb_monitor ^^^^^^^^^^^^^^^^^^^^^^^^^
Jun 19 00:56:17.714024 np0000182250 neutron-rpc-server[104631]: ERROR neutron.plugins.ml2.drivers.ovn.mech_driver.ovsdb.ovsdb_monitor
File "/opt/stack/neutron/neutron/common/ovn/hash_ring_manager.py", line 117, in get_node
Jun 19 00:56:17.714024 np0000182250 neutron-rpc-server[104631]: ERROR neutron.plugins.ml2.drivers.ovn.mech_driver.ovsdb.ovsdb_monitor self._load_hash_ring()
Jun 19 00:56:17.714024 np0000182250 neutron-rpc-server[104631]: ERROR neutron.plugins.ml2.drivers.ovn.mech_driver.ovsdb.ovsdb_monitor
File "/opt/stack/neutron/neutron/common/ovn/hash_ring_manager.py", line 95, in _load_hash_ring
Jun 19 00:56:17.714024 np0000182250 neutron-rpc-server[104631]: ERROR neutron.plugins.ml2.drivers.ovn.mech_driver.ovsdb.ovsdb_monitor self._wait_startup_before_caching or
Jun 19 00:56:17.714024 np0000182250 neutron-rpc-server[104631]: ERROR neutron.plugins.ml2.drivers.ovn.mech_driver.ovsdb.ovsdb_monitor ^^^^^^^^^^^^^^^^^^^^^^^^^^^^^^^^^
Jun 19 00:56:17.714024 np0000182250 neutron-rpc-server[104631]: ERROR neutron.plugins.ml2.drivers.ovn.mech_driver.ovsdb.ovsdb_monitor
File "/opt/stack/neutron/neutron/common/ovn/hash_ring_manager.py", line 63, in _wait_startup_before_caching
Jun 19 00:56:17.714024 np0000182250 neutron-rpc-server[104631]: ERROR neutron.plugins.ml2.drivers.ovn.mech_driver.ovsdb.ovsdb_monitor raise RuntimeError(msg)
Jun 19 00:56:17.714024 np0000182250 neutron-rpc-server[104631]: ERROR neutron.plugins.ml2.drivers.ovn.mech_driver.ovsdb.ovsdb_monitor RuntimeError: The Neutron API workers count is zero
Jun 19 00:56:17.714386 np0000182250 neutron-rpc-server[104631]: ERROR neutron.plugins.ml2.drivers.ovn.mech_driver.ovsdb.ovsdb_monitor
Jun 19 00:56:17.714483 np0000182250 neutron-rpc-server[104694]: DEBUG cotyledon.oslo_config_glue [-] dhcp_load_type = networks {{(pid=104694) log_opt_values /opt/stack/data/venv/lib/python3.12/site-packages/oslo_config/cfg.py:3242}}
Jun 19 00:56:17.714578 np0000182250 neutron-rpc-server[104683]: DEBUG cotyledon.oslo_config_glue [-] AGENT.root_helper_daemon = sudo /opt/stack/data/venv/bin/neutron-rootwrap-daemon /etc/neutron/rootwrap.conf {{(pid=104683) log_opt_values /opt/stack/data/venv/lib/python3.12/site-packages/oslo_config/cfg.py:3253}}
Jun 19 00:56:17.714690 np0000182250 neutron-rpc-server[104631]: ERROR neutron.common.ovn.hash_ring_manager [None req-83e1dce1-e370-46a9-bce5-29ce5fcb6e37 None None] The Neutron API workers count is zero
Jun 19 00:56:17.714820 np0000182250 neutron-rpc-server[104694]: DEBUG cotyledon.oslo_config_glue [-] dns_domain = openstacklocal {{(pid=104694) log_opt_values /opt/stack/data/venv/lib/python3.12/site-packages/oslo_config/cfg.py:3242}}
Jun 19 00:56:17.714919 np0000182250 neutron-rpc-server[104683]: DEBUG cotyledon.oslo_config_glue [-] AGENT.use_helper_for_ns_read = True {{(pid=104683) log_opt_values /opt/stack/data/venv/lib/python3.12/site-packages/oslo_config/cfg.py:3253}}
Jun 19 00:56:17.715015 np0000182250 neutron-rpc-server[104694]: DEBUG cotyledon.oslo_config_glue [-] dvr_base_mac = fa:16:3f:00:00:00 {{(pid=104694) log_opt_values /opt/stack/data/venv/lib/python3.12/site-packages/oslo_config/cfg.py:3242}}
Jun 19 00:56:17.715110 np0000182250 neutron-rpc-server[104683]: DEBUG cotyledon.oslo_config_glue [-] SECURITYGROUP.enable_ipset = True {{(pid=104683) log_opt_values /opt/stack/data/venv/lib/python3.12/site-packages/oslo_config/cfg.py:3253}}
Jun 19 00:56:17.715238 np0000182250 neutron-rpc-server[104694]: DEBUG cotyledon.oslo_config_glue [-] enable_default_route_bfd = False {{(pid=104694) log_opt_values /opt/stack/data/venv/lib/python3.12/site-packages/oslo_config/cfg.py:3242}}
Jun 19 00:56:17.715362 np0000182250 neutron-rpc-server[104683]: DEBUG cotyledon.oslo_config_glue [-] SECURITYGROUP.enable_security_group = True {{(pid=104683) log_opt_values /opt/stack/data/venv/lib/python3.12/site-packages/oslo_config/cfg.py:3253}}
Jun 19 00:56:17.715477 np0000182250 neutron-rpc-server[104631]: ERROR neutron.plugins.ml2.drivers.ovn.mech_driver.ovsdb.ovsdb_monitor [None req-83e1dce1-e370-46a9-bce5-29ce5fcb6e37 None None] The Neutron API workers count is zero: RuntimeError: The Neutron API workers count is zero
Jun 19 00:56:17.715477 np0000182250 neutron-rpc-server[104631]: ERROR neutron.plugins.ml2.drivers.ovn.mech_driver.ovsdb.ovsdb_monitor
Traceback (most recent call last):
Jun 19 00:56:17.715477 np0000182250 neutron-rpc-server[104631]: ERROR neutron.plugins.ml2.drivers.ovn.mech_driver.ovsdb.ovsdb_monitor
File "/opt/stack/neutron/neutron/plugins/ml2/drivers/ovn/mech_driver/ovsdb/ovsdb_monitor.py", line 989, in notify
Jun 19 00:56:17.715477 np0000182250 neutron-rpc-server[104631]: ERROR neutron.plugins.ml2.drivers.ovn.mech_driver.ovsdb.ovsdb_monitor target_node, node_last_touch = self._hash_ring.get_node(
Jun 19 00:56:17.715477 np0000182250 neutron-rpc-server[104631]: ERROR neutron.plugins.ml2.drivers.ovn.mech_driver.ovsdb.ovsdb_monitor ^^^^^^^^^^^^^^^^^^^^^^^^^
Jun 19 00:56:17.715477 np0000182250 neutron-rpc-server[104631]: ERROR neutron.plugins.ml2.drivers.ovn.mech_driver.ovsdb.ovsdb_monitor
File "/opt/stack/neutron/neutron/common/ovn/hash_ring_manager.py", line 117, in get_node
Jun 19 00:56:17.715477 np0000182250 neutron-rpc-server[104631]: ERROR neutron.plugins.ml2.drivers.ovn.mech_driver.ovsdb.ovsdb_monitor self._load_hash_ring()
Jun 19 00:56:17.715477 np0000182250 neutron-rpc-server[104631]: ERROR neutron.plugins.ml2.drivers.ovn.mech_driver.ovsdb.ovsdb_monitor
File "/opt/stack/neutron/neutron/common/ovn/hash_ring_manager.py", line 95, in _load_hash_ring
Jun 19 00:56:17.715477 np0000182250 neutron-rpc-server[104631]: ERROR neutron.plugins.ml2.drivers.ovn.mech_driver.ovsdb.ovsdb_monitor self._wait_startup_before_caching or
Jun 19 00:56:17.715477 np0000182250 neutron-rpc-server[104631]: ERROR neutron.plugins.ml2.drivers.ovn.mech_driver.ovsdb.ovsdb_monitor ^^^^^^^^^^^^^^^^^^^^^^^^^^^^^^^^^
Jun 19 00:56:17.715477 np0000182250 neutron-rpc-server[104631]: ERROR neutron.plugins.ml2.drivers.ovn.mech_driver.ovsdb.ovsdb_monitor
File "/opt/stack/neutron/neutron/common/ovn/hash_ring_manager.py", line 63, in _wait_startup_before_caching
Jun 19 00:56:17.715477 np0000182250 neutron-rpc-server[104631]: ERROR neutron.plugins.ml2.drivers.ovn.mech_driver.ovsdb.ovsdb_monitor raise RuntimeError(msg)
Jun 19 00:56:17.715477 np0000182250 neutron-rpc-server[104631]: ERROR neutron.plugins.ml2.drivers.ovn.mech_driver.ovsdb.ovsdb_monitor RuntimeError: The Neutron API workers count is zero
Jun 19 00:56:17.715819 np0000182250 neutron-rpc-server[104631]: ERROR neutron.plugins.ml2.drivers.ovn.mech_driver.ovsdb.ovsdb_monitor
Jun 19 00:56:17.715918 np0000182250 neutron-rpc-server[104694]: DEBUG cotyledon.oslo_config_glue [-] enable_default_route_ecmp = False {{(pid=104694) log_opt_values /opt/stack/data/venv/lib/python3.12/site-packages/oslo_config/cfg.py:3242}}
Jun 19 00:56:17.716017 np0000182250 neutron-rpc-server[104683]: DEBUG cotyledon.oslo_config_glue [-] SECURITYGROUP.firewall_driver = None {{(pid=104683) log_opt_values /opt/stack/data/venv/lib/python3.12/site-packages/oslo_config/cfg.py:3253}}
Jun 19 00:56:17.716110 np0000182250 neutron-rpc-server[104694]: DEBUG cotyledon.oslo_config_glue [-] enable_dvr = True {{(pid=104694) log_opt_values /opt/stack/data/venv/lib/python3.12/site-packages/oslo_config/cfg.py:3242}}
Jun 19 00:56:17.716225 np0000182250 neutron-rpc-server[104631]: ERROR neutron.common.ovn.hash_ring_manager [None req-83e1dce1-e370-46a9-bce5-29ce5fcb6e37 None None] The Neutron API workers count is zero
Jun 19 00:56:17.716319 np0000182250 neutron-rpc-server[104683]: DEBUG cotyledon.oslo_config_glue [-] SECURITYGROUP.permitted_ethertypes = [] {{(pid=104683) log_opt_values /opt/stack/data/venv/lib/python3.12/site-packages/oslo_config/cfg.py:3253}}
Jun 19 00:56:17.716413 np0000182250 neutron-rpc-server[104694]: DEBUG cotyledon.oslo_config_glue [-] enable_new_agents = True {{(pid=104694) log_opt_values /opt/stack/data/venv/lib/python3.12/site-packages/oslo_config/cfg.py:3242}}
Jun 19 00:56:17.716413 np0000182250 neutron-rpc-server[104694]: DEBUG cotyledon.oslo_config_glue [-] enable_services_on_agents_with_admin_state_down = False {{(pid=104694) log_opt_values /opt/stack/data/venv/lib/python3.12/site-packages/oslo_config/cfg.py:3242}}
Jun 19 00:56:17.716544 np0000182250 neutron-rpc-server[104683]: DEBUG cotyledon.oslo_config_glue [-] experimental.ipv6_pd_enabled = False {{(pid=104683) log_opt_values /opt/stack/data/venv/lib/python3.12/site-packages/oslo_config/cfg.py:3253}}
Jun 19 00:56:17.716637 np0000182250 neutron-rpc-server[104694]: DEBUG cotyledon.oslo_config_glue [-] enable_snat_by_default = True {{(pid=104694) log_opt_values /opt/stack/data/venv/lib/python3.12/site-packages/oslo_config/cfg.py:3242}}
Jun 19 00:56:17.716737 np0000182250 neutron-rpc-server[104631]: ERROR neutron.plugins.ml2.drivers.ovn.mech_driver.ovsdb.ovsdb_monitor [None req-83e1dce1-e370-46a9-bce5-29ce5fcb6e37 None None] The Neutron API workers count is zero: RuntimeError: The Neutron API workers count is zero
Jun 19 00:56:17.716737 np0000182250 neutron-rpc-server[104631]: ERROR neutron.plugins.ml2.drivers.ovn.mech_driver.ovsdb.ovsdb_monitor
Traceback (most recent call last):
Jun 19 00:56:17.716737 np0000182250 neutron-rpc-server[104631]: ERROR neutron.plugins.ml2.drivers.ovn.mech_driver.ovsdb.ovsdb_monitor
File "/opt/stack/neutron/neutron/plugins/ml2/drivers/ovn/mech_driver/ovsdb/ovsdb_monitor.py", line 989, in notify
Jun 19 00:56:17.716737 np0000182250 neutron-rpc-server[104631]: ERROR neutron.plugins.ml2.drivers.ovn.mech_driver.ovsdb.ovsdb_monitor target_node, node_last_touch = self._hash_ring.get_node(
Jun 19 00:56:17.716737 np0000182250 neutron-rpc-server[104631]: ERROR neutron.plugins.ml2.drivers.ovn.mech_driver.ovsdb.ovsdb_monitor ^^^^^^^^^^^^^^^^^^^^^^^^^
Jun 19 00:56:17.716737 np0000182250 neutron-rpc-server[104631]: ERROR neutron.plugins.ml2.drivers.ovn.mech_driver.ovsdb.ovsdb_monitor
File "/opt/stack/neutron/neutron/common/ovn/hash_ring_manager.py", line 117, in get_node
Jun 19 00:56:17.716737 np0000182250 neutron-rpc-server[104631]: ERROR neutron.plugins.ml2.drivers.ovn.mech_driver.ovsdb.ovsdb_monitor self._load_hash_ring()
Jun 19 00:56:17.716737 np0000182250 neutron-rpc-server[104631]: ERROR neutron.plugins.ml2.drivers.ovn.mech_driver.ovsdb.ovsdb_monitor
File "/opt/stack/neutron/neutron/common/ovn/hash_ring_manager.py", line 95, in _load_hash_ring
Jun 19 00:56:17.716737 np0000182250 neutron-rpc-server[104631]: ERROR neutron.plugins.ml2.drivers.ovn.mech_driver.ovsdb.ovsdb_monitor self._wait_startup_before_caching or
Jun 19 00:56:17.716737 np0000182250 neutron-rpc-server[104631]: ERROR neutron.plugins.ml2.drivers.ovn.mech_driver.ovsdb.ovsdb_monitor ^^^^^^^^^^^^^^^^^^^^^^^^^^^^^^^^^
Jun 19 00:56:17.716737 np0000182250 neutron-rpc-server[104631]: ERROR neutron.plugins.ml2.drivers.ovn.mech_driver.ovsdb.ovsdb_monitor
File "/opt/stack/neutron/neutron/common/ovn/hash_ring_manager.py", line 63, in _wait_startup_before_caching
Jun 19 00:56:17.716737 np0000182250 neutron-rpc-server[104631]: ERROR neutron.plugins.ml2.drivers.ovn.mech_driver.ovsdb.ovsdb_monitor raise RuntimeError(msg)
Jun 19 00:56:17.716737 np0000182250 neutron-rpc-server[104631]: ERROR neutron.plugins.ml2.drivers.ovn.mech_driver.ovsdb.ovsdb_monitor RuntimeError: The Neutron API workers count is zero
Jun 19 00:56:17.717100 np0000182250 neutron-rpc-server[104631]: ERROR neutron.plugins.ml2.drivers.ovn.mech_driver.ovsdb.ovsdb_monitor
Jun 19 00:56:17.717226 np0000182250 neutron-rpc-server[104683]: DEBUG cotyledon.oslo_config_glue [-] ml2.extension_drivers = ['port_security', 'qos'] {{(pid=104683) log_opt_values /opt/stack/data/venv/lib/python3.12/site-packages/oslo_config/cfg.py:3253}}
Jun 19 00:56:17.717324 np0000182250 neutron-rpc-server[104694]: DEBUG cotyledon.oslo_config_glue [-] enable_traditional_dhcp = True {{(pid=104694) log_opt_values /opt/stack/data/venv/lib/python3.12/site-packages/oslo_config/cfg.py:3242}}
Jun 19 00:56:17.717485 np0000182250 neutron-rpc-server[104631]: ERROR neutron.common.ovn.hash_ring_manager [None req-83e1dce1-e370-46a9-bce5-29ce5fcb6e37 None None] The Neutron API workers count is zero
Jun 19 00:56:17.717582 np0000182250 neutron-rpc-server[104694]: DEBUG cotyledon.oslo_config_glue [-] external_dns_driver = None {{(pid=104694) log_opt_values /opt/stack/data/venv/lib/python3.12/site-packages/oslo_config/cfg.py:3242}}
Jun 19 00:56:17.717713 np0000182250 neutron-rpc-server[104683]: DEBUG cotyledon.oslo_config_glue [-] ml2.external_network_type = None {{(pid=104683) log_opt_values /opt/stack/data/venv/lib/python3.12/site-packages/oslo_config/cfg.py:3253}}
Jun 19 00:56:17.717830 np0000182250 neutron-rpc-server[104694]: DEBUG cotyledon.oslo_config_glue [-] fatal_deprecations = False {{(pid=104694) log_opt_values /opt/stack/data/venv/lib/python3.12/site-packages/oslo_config/cfg.py:3242}}
Jun 19 00:56:17.717928 np0000182250 neutron-rpc-server[104641]: DEBUG ovsdbapp.backend.ovs_idl [None req-d9c6f6f2-5148-428b-a8f1-228a363f483c None None] Created lookup_table index Logical_Switch.name {{(pid=104641) autocreate_indices /opt/stack/data/venv/lib/python3.12/site-packages/ovsdbapp/backend/ovs_idl/__init__.py:87}}
Jun 19 00:56:17.718042 np0000182250 neutron-rpc-server[104683]: DEBUG cotyledon.oslo_config_glue [-] ml2.mechanism_drivers = ['ovn'] {{(pid=104683) log_opt_values /opt/stack/data/venv/lib/python3.12/site-packages/oslo_config/cfg.py:3253}}
Jun 19 00:56:17.718148 np0000182250 neutron-rpc-server[104694]: DEBUG cotyledon.oslo_config_glue [-] filter_validation = True {{(pid=104694) log_opt_values /opt/stack/data/venv/lib/python3.12/site-packages/oslo_config/cfg.py:3242}}
Jun 19 00:56:17.718256 np0000182250 neutron-rpc-server[104641]: DEBUG ovsdbapp.backend.ovs_idl [None req-d9c6f6f2-5148-428b-a8f1-228a363f483c None None] Created lookup_table index Logical_Router.name {{(pid=104641) autocreate_indices /opt/stack/data/venv/lib/python3.12/site-packages/ovsdbapp/backend/ovs_idl/__init__.py:87}}
Jun 19 00:56:17.718352 np0000182250 neutron-rpc-server[104683]: DEBUG cotyledon.oslo_config_glue [-] ml2.overlay_ip_version = 4 {{(pid=104683) log_opt_values /opt/stack/data/venv/lib/python3.12/site-packages/oslo_config/cfg.py:3253}}
Jun 19 00:56:17.718459 np0000182250 neutron-rpc-server[104631]: ERROR neutron.plugins.ml2.drivers.ovn.mech_driver.ovsdb.ovsdb_monitor [None req-83e1dce1-e370-46a9-bce5-29ce5fcb6e37 None None] The Neutron API workers count is zero: RuntimeError: The Neutron API workers count is zero
Jun 19 00:56:17.718459 np0000182250 neutron-rpc-server[104631]: ERROR neutron.plugins.ml2.drivers.ovn.mech_driver.ovsdb.ovsdb_monitor
Traceback (most recent call last):
Jun 19 00:56:17.718459 np0000182250 neutron-rpc-server[104631]: ERROR neutron.plugins.ml2.drivers.ovn.mech_driver.ovsdb.ovsdb_monitor
File "/opt/stack/neutron/neutron/plugins/ml2/drivers/ovn/mech_driver/ovsdb/ovsdb_monitor.py", line 989, in notify
Jun 19 00:56:17.718459 np0000182250 neutron-rpc-server[104631]: ERROR neutron.plugins.ml2.drivers.ovn.mech_driver.ovsdb.ovsdb_monitor target_node, node_last_touch = self._hash_ring.get_node(
Jun 19 00:56:17.718459 np0000182250 neutron-rpc-server[104631]: ERROR neutron.plugins.ml2.drivers.ovn.mech_driver.ovsdb.ovsdb_monitor ^^^^^^^^^^^^^^^^^^^^^^^^^
Jun 19 00:56:17.718459 np0000182250 neutron-rpc-server[104631]: ERROR neutron.plugins.ml2.drivers.ovn.mech_driver.ovsdb.ovsdb_monitor
File "/opt/stack/neutron/neutron/common/ovn/hash_ring_manager.py", line 117, in get_node
Jun 19 00:56:17.718459 np0000182250 neutron-rpc-server[104631]: ERROR neutron.plugins.ml2.drivers.ovn.mech_driver.ovsdb.ovsdb_monitor self._load_hash_ring()
Jun 19 00:56:17.718459 np0000182250 neutron-rpc-server[104631]: ERROR neutron.plugins.ml2.drivers.ovn.mech_driver.ovsdb.ovsdb_monitor
File "/opt/stack/neutron/neutron/common/ovn/hash_ring_manager.py", line 95, in _load_hash_ring
Jun 19 00:56:17.718459 np0000182250 neutron-rpc-server[104631]: ERROR neutron.plugins.ml2.drivers.ovn.mech_driver.ovsdb.ovsdb_monitor self._wait_startup_before_caching or
Jun 19 00:56:17.718459 np0000182250 neutron-rpc-server[104631]: ERROR neutron.plugins.ml2.drivers.ovn.mech_driver.ovsdb.ovsdb_monitor ^^^^^^^^^^^^^^^^^^^^^^^^^^^^^^^^^
Jun 19 00:56:17.718459 np0000182250 neutron-rpc-server[104631]: ERROR neutron.plugins.ml2.drivers.ovn.mech_driver.ovsdb.ovsdb_monitor
File "/opt/stack/neutron/neutron/common/ovn/hash_ring_manager.py", line 63, in _wait_startup_before_caching
Jun 19 00:56:17.718459 np0000182250 neutron-rpc-server[104631]: ERROR neutron.plugins.ml2.drivers.ovn.mech_driver.ovsdb.ovsdb_monitor raise RuntimeError(msg)
Jun 19 00:56:17.718459 np0000182250 neutron-rpc-server[104631]: ERROR neutron.plugins.ml2.drivers.ovn.mech_driver.ovsdb.ovsdb_monitor RuntimeError: The Neutron API workers count is zero
Jun 19 00:56:17.718789 np0000182250 neutron-rpc-server[104631]: ERROR neutron.plugins.ml2.drivers.ovn.mech_driver.ovsdb.ovsdb_monitor
Jun 19 00:56:17.718954 np0000182250 neutron-rpc-server[104694]: DEBUG cotyledon.oslo_config_glue [-] global_physnet_mtu = 1430 {{(pid=104694) log_opt_values /opt/stack/data/venv/lib/python3.12/site-packages/oslo_config/cfg.py:3242}}
Jun 19 00:56:17.719047 np0000182250 neutron-rpc-server[104641]: DEBUG ovsdbapp.backend.ovs_idl [None req-d9c6f6f2-5148-428b-a8f1-228a363f483c None None] Created lookup_table index Load_Balancer.name {{(pid=104641) autocreate_indices /opt/stack/data/venv/lib/python3.12/site-packages/ovsdbapp/backend/ovs_idl/__init__.py:87}}
Jun 19 00:56:17.719140 np0000182250 neutron-rpc-server[104694]: DEBUG cotyledon.oslo_config_glue [-] graceful_shutdown_timeout = 60 {{(pid=104694) log_opt_values /opt/stack/data/venv/lib/python3.12/site-packages/oslo_config/cfg.py:3242}}
Jun 19 00:56:17.719254 np0000182250 neutron-rpc-server[104683]: DEBUG cotyledon.oslo_config_glue [-] ml2.path_mtu = 0 {{(pid=104683) log_opt_values /opt/stack/data/venv/lib/python3.12/site-packages/oslo_config/cfg.py:3253}}
Jun 19 00:56:17.719364 np0000182250 neutron-rpc-server[104631]: ERROR neutron.common.ovn.hash_ring_manager [None req-83e1dce1-e370-46a9-bce5-29ce5fcb6e37 None None] The Neutron API workers count is zero
Jun 19 00:56:17.719459 np0000182250 neutron-rpc-server[104641]: DEBUG ovsdbapp.backend.ovs_idl [None req-d9c6f6f2-5148-428b-a8f1-228a363f483c None None] Created schema index Copp.name {{(pid=104641) autocreate_indices /opt/stack/data/venv/lib/python3.12/site-packages/ovsdbapp/backend/ovs_idl/__init__.py:106}}
Jun 19 00:56:17.719553 np0000182250 neutron-rpc-server[104683]: DEBUG cotyledon.oslo_config_glue [-] ml2.physical_network_mtus = {} {{(pid=104683) log_opt_values /opt/stack/data/venv/lib/python3.12/site-packages/oslo_config/cfg.py:3253}}
Jun 19 00:56:17.719655 np0000182250 neutron-rpc-server[104641]: DEBUG ovsdbapp.backend.ovs_idl [None req-d9c6f6f2-5148-428b-a8f1-228a363f483c None None] Created schema index Meter.name {{(pid=104641) autocreate_indices /opt/stack/data/venv/lib/python3.12/site-packages/ovsdbapp/backend/ovs_idl/__init__.py:106}}
Jun 19 00:56:17.719749 np0000182250 neutron-rpc-server[104683]: DEBUG cotyledon.oslo_config_glue [-] ml2.project_network_types = ['geneve'] {{(pid=104683) log_opt_values /opt/stack/data/venv/lib/python3.12/site-packages/oslo_config/cfg.py:3253}}
Jun 19 00:56:17.719858 np0000182250 neutron-rpc-server[104641]: DEBUG ovsdbapp.backend.ovs_idl [None req-d9c6f6f2-5148-428b-a8f1-228a363f483c None None] Created schema index Load_Balancer_Group.name {{(pid=104641) autocreate_indices /opt/stack/data/venv/lib/python3.12/site-packages/ovsdbapp/backend/ovs_idl/__init__.py:106}}
Jun 19 00:56:17.719964 np0000182250 neutron-rpc-server[104683]: DEBUG cotyledon.oslo_config_glue [-] ml2.tunnelled_network_rp_name = rp_tunnelled {{(pid=104683) log_opt_values /opt/stack/data/venv/lib/python3.12/site-packages/oslo_config/cfg.py:3253}}
Jun 19 00:56:17.720080 np0000182250 neutron-rpc-server[104631]: ERROR neutron.plugins.ml2.drivers.ovn.mech_driver.ovsdb.ovsdb_monitor [None req-83e1dce1-e370-46a9-bce5-29ce5fcb6e37 None None] The Neutron API workers count is zero: RuntimeError: The Neutron API workers count is zero
Jun 19 00:56:17.720080 np0000182250 neutron-rpc-server[104631]: ERROR neutron.plugins.ml2.drivers.ovn.mech_driver.ovsdb.ovsdb_monitor
Traceback (most recent call last):
Jun 19 00:56:17.720080 np0000182250 neutron-rpc-server[104631]: ERROR neutron.plugins.ml2.drivers.ovn.mech_driver.ovsdb.ovsdb_monitor
File "/opt/stack/neutron/neutron/plugins/ml2/drivers/ovn/mech_driver/ovsdb/ovsdb_monitor.py", line 989, in notify
Jun 19 00:56:17.720080 np0000182250 neutron-rpc-server[104631]: ERROR neutron.plugins.ml2.drivers.ovn.mech_driver.ovsdb.ovsdb_monitor target_node, node_last_touch = self._hash_ring.get_node(
Jun 19 00:56:17.720080 np0000182250 neutron-rpc-server[104631]: ERROR neutron.plugins.ml2.drivers.ovn.mech_driver.ovsdb.ovsdb_monitor ^^^^^^^^^^^^^^^^^^^^^^^^^
Jun 19 00:56:17.720080 np0000182250 neutron-rpc-server[104631]: ERROR neutron.plugins.ml2.drivers.ovn.mech_driver.ovsdb.ovsdb_monitor
File "/opt/stack/neutron/neutron/common/ovn/hash_ring_manager.py", line 117, in get_node
Jun 19 00:56:17.720080 np0000182250 neutron-rpc-server[104631]: ERROR neutron.plugins.ml2.drivers.ovn.mech_driver.ovsdb.ovsdb_monitor self._load_hash_ring()
Jun 19 00:56:17.720080 np0000182250 neutron-rpc-server[104631]: ERROR neutron.plugins.ml2.drivers.ovn.mech_driver.ovsdb.ovsdb_monitor
File "/opt/stack/neutron/neutron/common/ovn/hash_ring_manager.py", line 95, in _load_hash_ring
Jun 19 00:56:17.720080 np0000182250 neutron-rpc-server[104631]: ERROR neutron.plugins.ml2.drivers.ovn.mech_driver.ovsdb.ovsdb_monitor self._wait_startup_before_caching or
Jun 19 00:56:17.720080 np0000182250 neutron-rpc-server[104631]: ERROR neutron.plugins.ml2.drivers.ovn.mech_driver.ovsdb.ovsdb_monitor ^^^^^^^^^^^^^^^^^^^^^^^^^^^^^^^^^
Jun 19 00:56:17.720080 np0000182250 neutron-rpc-server[104631]: ERROR neutron.plugins.ml2.drivers.ovn.mech_driver.ovsdb.ovsdb_monitor
File "/opt/stack/neutron/neutron/common/ovn/hash_ring_manager.py", line 63, in _wait_startup_before_caching
Jun 19 00:56:17.720080 np0000182250 neutron-rpc-server[104631]: ERROR neutron.plugins.ml2.drivers.ovn.mech_driver.ovsdb.ovsdb_monitor raise RuntimeError(msg)
Jun 19 00:56:17.720080 np0000182250 neutron-rpc-server[104631]: ERROR neutron.plugins.ml2.drivers.ovn.mech_driver.ovsdb.ovsdb_monitor RuntimeError: The Neutron API workers count is zero
Jun 19 00:56:17.720452 np0000182250 neutron-rpc-server[104631]: ERROR neutron.plugins.ml2.drivers.ovn.mech_driver.ovsdb.ovsdb_monitor
Jun 19 00:56:17.720558 np0000182250 neutron-rpc-server[104641]: DEBUG ovsdbapp.backend.ovs_idl [None req-d9c6f6f2-5148-428b-a8f1-228a363f483c None None] Created schema index HA_Chassis_Group.name {{(pid=104641) autocreate_indices /opt/stack/data/venv/lib/python3.12/site-packages/ovsdbapp/backend/ovs_idl/__init__.py:106}}
Jun 19 00:56:17.720662 np0000182250 neutron-rpc-server[104683]: DEBUG cotyledon.oslo_config_glue [-] ml2.type_drivers = ['local', 'flat', 'vlan', 'geneve'] {{(pid=104683) log_opt_values /opt/stack/data/venv/lib/python3.12/site-packages/oslo_config/cfg.py:3253}}
Jun 19 00:56:17.720790 np0000182250 neutron-rpc-server[104631]: ERROR neutron.common.ovn.hash_ring_manager [None req-83e1dce1-e370-46a9-bce5-29ce5fcb6e37 None None] The Neutron API workers count is zero
Jun 19 00:56:17.720934 np0000182250 neutron-rpc-server[104641]: DEBUG ovsdbapp.backend.ovs_idl [None req-d9c6f6f2-5148-428b-a8f1-228a363f483c None None] Created schema index Address_Set.name {{(pid=104641) autocreate_indices /opt/stack/data/venv/lib/python3.12/site-packages/ovsdbapp/backend/ovs_idl/__init__.py:106}}
Jun 19 00:56:17.721040 np0000182250 neutron-rpc-server[104694]: DEBUG cotyledon.oslo_config_glue [-] host = np0000182250 {{(pid=104694) log_opt_values /opt/stack/data/venv/lib/python3.12/site-packages/oslo_config/cfg.py:3242}}
Jun 19 00:56:17.721135 np0000182250 neutron-rpc-server[104641]: DEBUG ovsdbapp.backend.ovs_idl [None req-d9c6f6f2-5148-428b-a8f1-228a363f483c None None] Created schema index Connection.target {{(pid=104641) autocreate_indices /opt/stack/data/venv/lib/python3.12/site-packages/ovsdbapp/backend/ovs_idl/__init__.py:106}}
Jun 19 00:56:17.721256 np0000182250 neutron-rpc-server[104683]: DEBUG cotyledon.oslo_config_glue [-] ml2_type_flat.flat_networks = ['public'] {{(pid=104683) log_opt_values /opt/stack/data/venv/lib/python3.12/site-packages/oslo_config/cfg.py:3253}}
Jun 19 00:56:17.721494 np0000182250 neutron-rpc-server[104694]: DEBUG cotyledon.oslo_config_glue [-] host_dvr_for_dhcp = True {{(pid=104694) log_opt_values /opt/stack/data/venv/lib/python3.12/site-packages/oslo_config/cfg.py:3242}}
Jun 19 00:56:17.721587 np0000182250 neutron-rpc-server[104641]: DEBUG ovsdbapp.backend.ovs_idl [None req-d9c6f6f2-5148-428b-a8f1-228a363f483c None None] Created schema index Gateway_Chassis.name {{(pid=104641) autocreate_indices /opt/stack/data/venv/lib/python3.12/site-packages/ovsdbapp/backend/ovs_idl/__init__.py:106}}
Jun 19 00:56:17.721687 np0000182250 neutron-rpc-server[104683]: DEBUG cotyledon.oslo_config_glue [-] ml2_type_geneve.max_header_size = 38 {{(pid=104683) log_opt_values /opt/stack/data/venv/lib/python3.12/site-packages/oslo_config/cfg.py:3253}}
Jun 19 00:56:17.721817 np0000182250 neutron-rpc-server[104641]: DEBUG ovsdbapp.backend.ovs_idl [None req-d9c6f6f2-5148-428b-a8f1-228a363f483c None None] Created schema index Mirror.name {{(pid=104641) autocreate_indices /opt/stack/data/venv/lib/python3.12/site-packages/ovsdbapp/backend/ovs_idl/__init__.py:106}}
Jun 19 00:56:17.721912 np0000182250 neutron-rpc-server[104694]: DEBUG cotyledon.oslo_config_glue [-] http_retries = 3 {{(pid=104694) log_opt_values /opt/stack/data/venv/lib/python3.12/site-packages/oslo_config/cfg.py:3242}}
Jun 19 00:56:17.722073 np0000182250 neutron-rpc-server[104631]: ERROR neutron.plugins.ml2.drivers.ovn.mech_driver.ovsdb.ovsdb_monitor [None req-83e1dce1-e370-46a9-bce5-29ce5fcb6e37 None None] The Neutron API workers count is zero: RuntimeError: The Neutron API workers count is zero
Jun 19 00:56:17.722073 np0000182250 neutron-rpc-server[104631]: ERROR neutron.plugins.ml2.drivers.ovn.mech_driver.ovsdb.ovsdb_monitor
Traceback (most recent call last):
Jun 19 00:56:17.722073 np0000182250 neutron-rpc-server[104631]: ERROR neutron.plugins.ml2.drivers.ovn.mech_driver.ovsdb.ovsdb_monitor
File "/opt/stack/neutron/neutron/plugins/ml2/drivers/ovn/mech_driver/ovsdb/ovsdb_monitor.py", line 989, in notify
Jun 19 00:56:17.722073 np0000182250 neutron-rpc-server[104631]: ERROR neutron.plugins.ml2.drivers.ovn.mech_driver.ovsdb.ovsdb_monitor target_node, node_last_touch = self._hash_ring.get_node(
Jun 19 00:56:17.722073 np0000182250 neutron-rpc-server[104631]: ERROR neutron.plugins.ml2.drivers.ovn.mech_driver.ovsdb.ovsdb_monitor ^^^^^^^^^^^^^^^^^^^^^^^^^
Jun 19 00:56:17.722073 np0000182250 neutron-rpc-server[104631]: ERROR neutron.plugins.ml2.drivers.ovn.mech_driver.ovsdb.ovsdb_monitor
File "/opt/stack/neutron/neutron/common/ovn/hash_ring_manager.py", line 117, in get_node
Jun 19 00:56:17.722073 np0000182250 neutron-rpc-server[104631]: ERROR neutron.plugins.ml2.drivers.ovn.mech_driver.ovsdb.ovsdb_monitor self._load_hash_ring()
Jun 19 00:56:17.722073 np0000182250 neutron-rpc-server[104631]: ERROR neutron.plugins.ml2.drivers.ovn.mech_driver.ovsdb.ovsdb_monitor
File "/opt/stack/neutron/neutron/common/ovn/hash_ring_manager.py", line 95, in _load_hash_ring
Jun 19 00:56:17.722073 np0000182250 neutron-rpc-server[104631]: ERROR neutron.plugins.ml2.drivers.ovn.mech_driver.ovsdb.ovsdb_monitor self._wait_startup_before_caching or
Jun 19 00:56:17.722073 np0000182250 neutron-rpc-server[104631]: ERROR neutron.plugins.ml2.drivers.ovn.mech_driver.ovsdb.ovsdb_monitor ^^^^^^^^^^^^^^^^^^^^^^^^^^^^^^^^^
Jun 19 00:56:17.722073 np0000182250 neutron-rpc-server[104631]: ERROR neutron.plugins.ml2.drivers.ovn.mech_driver.ovsdb.ovsdb_monitor
File "/opt/stack/neutron/neutron/common/ovn/hash_ring_manager.py", line 63, in _wait_startup_before_caching
Jun 19 00:56:17.722073 np0000182250 neutron-rpc-server[104631]: ERROR neutron.plugins.ml2.drivers.ovn.mech_driver.ovsdb.ovsdb_monitor raise RuntimeError(msg)
Jun 19 00:56:17.722073 np0000182250 neutron-rpc-server[104631]: ERROR neutron.plugins.ml2.drivers.ovn.mech_driver.ovsdb.ovsdb_monitor RuntimeError: The Neutron API workers count is zero
Jun 19 00:56:17.722459 np0000182250 neutron-rpc-server[104631]: ERROR neutron.plugins.ml2.drivers.ovn.mech_driver.ovsdb.ovsdb_monitor
Jun 19 00:56:17.722579 np0000182250 neutron-rpc-server[104641]: DEBUG ovsdbapp.backend.ovs_idl [None req-d9c6f6f2-5148-428b-a8f1-228a363f483c None None] Created schema index Chassis_Template_Var.chassis {{(pid=104641) autocreate_indices /opt/stack/data/venv/lib/python3.12/site-packages/ovsdbapp/backend/ovs_idl/__init__.py:106}}
Jun 19 00:56:17.722678 np0000182250 neutron-rpc-server[104683]: DEBUG cotyledon.oslo_config_glue [-] ml2_type_geneve.vni_ranges = ['1:65536'] {{(pid=104683) log_opt_values /opt/stack/data/venv/lib/python3.12/site-packages/oslo_config/cfg.py:3253}}
Jun 19 00:56:17.722777 np0000182250 neutron-rpc-server[104694]: DEBUG cotyledon.oslo_config_glue [-] instance_format = [instance: %(uuid)s] {{(pid=104694) log_opt_values /opt/stack/data/venv/lib/python3.12/site-packages/oslo_config/cfg.py:3242}}
Jun 19 00:56:17.722883 np0000182250 neutron-rpc-server[104631]: ERROR neutron.common.ovn.hash_ring_manager [None req-83e1dce1-e370-46a9-bce5-29ce5fcb6e37 None None] The Neutron API workers count is zero
Jun 19 00:56:17.723119 np0000182250 neutron-rpc-server[104641]: DEBUG ovsdbapp.backend.ovs_idl [None req-d9c6f6f2-5148-428b-a8f1-228a363f483c None None] Created schema index Logical_Router_Port.name {{(pid=104641) autocreate_indices /opt/stack/data/venv/lib/python3.12/site-packages/ovsdbapp/backend/ovs_idl/__init__.py:106}}
Jun 19 00:56:17.723236 np0000182250 neutron-rpc-server[104683]: DEBUG cotyledon.oslo_config_glue [-] ml2_type_vlan.network_vlan_ranges = ['public'] {{(pid=104683) log_opt_values /opt/stack/data/venv/lib/python3.12/site-packages/oslo_config/cfg.py:3253}}
Jun 19 00:56:17.723332 np0000182250 neutron-rpc-server[104641]: DEBUG ovsdbapp.backend.ovs_idl [None req-d9c6f6f2-5148-428b-a8f1-228a363f483c None None] Created schema index Port_Group.name {{(pid=104641) autocreate_indices /opt/stack/data/venv/lib/python3.12/site-packages/ovsdbapp/backend/ovs_idl/__init__.py:106}}
Jun 19 00:56:17.723332 np0000182250 neutron-rpc-server[104641]: DEBUG ovsdbapp.backend.ovs_idl [None req-d9c6f6f2-5148-428b-a8f1-228a363f483c None None] Created schema index Logical_Switch_Port.name {{(pid=104641) autocreate_indices /opt/stack/data/venv/lib/python3.12/site-packages/ovsdbapp/backend/ovs_idl/__init__.py:106}}
Jun 19 00:56:17.723568 np0000182250 neutron-rpc-server[104683]: DEBUG cotyledon.oslo_config_glue [-] network_log.burst_limit = 25 {{(pid=104683) log_opt_values /opt/stack/data/venv/lib/python3.12/site-packages/oslo_config/cfg.py:3253}}
Jun 19 00:56:17.723666 np0000182250 neutron-rpc-server[104631]: ERROR neutron.plugins.ml2.drivers.ovn.mech_driver.ovsdb.ovsdb_monitor [None req-83e1dce1-e370-46a9-bce5-29ce5fcb6e37 None None] The Neutron API workers count is zero: RuntimeError: The Neutron API workers count is zero
Jun 19 00:56:17.723666 np0000182250 neutron-rpc-server[104631]: ERROR neutron.plugins.ml2.drivers.ovn.mech_driver.ovsdb.ovsdb_monitor
Traceback (most recent call last):
Jun 19 00:56:17.723666 np0000182250 neutron-rpc-server[104631]: ERROR neutron.plugins.ml2.drivers.ovn.mech_driver.ovsdb.ovsdb_monitor
File "/opt/stack/neutron/neutron/plugins/ml2/drivers/ovn/mech_driver/ovsdb/ovsdb_monitor.py", line 989, in notify
Jun 19 00:56:17.723666 np0000182250 neutron-rpc-server[104631]: ERROR neutron.plugins.ml2.drivers.ovn.mech_driver.ovsdb.ovsdb_monitor target_node, node_last_touch = self._hash_ring.get_node(
Jun 19 00:56:17.723666 np0000182250 neutron-rpc-server[104631]: ERROR neutron.plugins.ml2.drivers.ovn.mech_driver.ovsdb.ovsdb_monitor ^^^^^^^^^^^^^^^^^^^^^^^^^
Jun 19 00:56:17.723666 np0000182250 neutron-rpc-server[104631]: ERROR neutron.plugins.ml2.drivers.ovn.mech_driver.ovsdb.ovsdb_monitor
File "/opt/stack/neutron/neutron/common/ovn/hash_ring_manager.py", line 117, in get_node
Jun 19 00:56:17.723666 np0000182250 neutron-rpc-server[104631]: ERROR neutron.plugins.ml2.drivers.ovn.mech_driver.ovsdb.ovsdb_monitor self._load_hash_ring()
Jun 19 00:56:17.723666 np0000182250 neutron-rpc-server[104631]: ERROR neutron.plugins.ml2.drivers.ovn.mech_driver.ovsdb.ovsdb_monitor
File "/opt/stack/neutron/neutron/common/ovn/hash_ring_manager.py", line 95, in _load_hash_ring
Jun 19 00:56:17.723666 np0000182250 neutron-rpc-server[104631]: ERROR neutron.plugins.ml2.drivers.ovn.mech_driver.ovsdb.ovsdb_monitor self._wait_startup_before_caching or
Jun 19 00:56:17.723666 np0000182250 neutron-rpc-server[104631]: ERROR neutron.plugins.ml2.drivers.ovn.mech_driver.ovsdb.ovsdb_monitor ^^^^^^^^^^^^^^^^^^^^^^^^^^^^^^^^^
Jun 19 00:56:17.723666 np0000182250 neutron-rpc-server[104631]: ERROR neutron.plugins.ml2.drivers.ovn.mech_driver.ovsdb.ovsdb_monitor
File "/opt/stack/neutron/neutron/common/ovn/hash_ring_manager.py", line 63, in _wait_startup_before_caching
Jun 19 00:56:17.723666 np0000182250 neutron-rpc-server[104631]: ERROR neutron.plugins.ml2.drivers.ovn.mech_driver.ovsdb.ovsdb_monitor raise RuntimeError(msg)
Jun 19 00:56:17.723666 np0000182250 neutron-rpc-server[104631]: ERROR neutron.plugins.ml2.drivers.ovn.mech_driver.ovsdb.ovsdb_monitor RuntimeError: The Neutron API workers count is zero
Jun 19 00:56:17.723997 np0000182250 neutron-rpc-server[104631]: ERROR neutron.plugins.ml2.drivers.ovn.mech_driver.ovsdb.ovsdb_monitor
Jun 19 00:56:17.724091 np0000182250 neutron-rpc-server[104683]: DEBUG cotyledon.oslo_config_glue [-] network_log.local_output_log_base = None {{(pid=104683) log_opt_values /opt/stack/data/venv/lib/python3.12/site-packages/oslo_config/cfg.py:3253}}
Jun 19 00:56:17.724091 np0000182250 neutron-rpc-server[104683]: DEBUG cotyledon.oslo_config_glue [-] network_log.rate_limit = 100 {{(pid=104683) log_opt_values /opt/stack/data/venv/lib/python3.12/site-packages/oslo_config/cfg.py:3253}}
Jun 19 00:56:17.724091 np0000182250 neutron-rpc-server[104683]: DEBUG cotyledon.oslo_config_glue [-] database.asyncio_connection = **** {{(pid=104683) log_opt_values /opt/stack/data/venv/lib/python3.12/site-packages/oslo_config/cfg.py:3253}}
Jun 19 00:56:17.724091 np0000182250 neutron-rpc-server[104683]: DEBUG cotyledon.oslo_config_glue [-] database.asyncio_slave_connection = **** {{(pid=104683) log_opt_values /opt/stack/data/venv/lib/python3.12/site-packages/oslo_config/cfg.py:3253}}
Jun 19 00:56:17.724091 np0000182250 neutron-rpc-server[104683]: DEBUG cotyledon.oslo_config_glue [-] database.backend = sqlalchemy {{(pid=104683) log_opt_values /opt/stack/data/venv/lib/python3.12/site-packages/oslo_config/cfg.py:3253}}
Jun 19 00:56:17.724091 np0000182250 neutron-rpc-server[104683]: DEBUG cotyledon.oslo_config_glue [-] database.connection = **** {{(pid=104683) log_opt_values /opt/stack/data/venv/lib/python3.12/site-packages/oslo_config/cfg.py:3253}}
Jun 19 00:56:17.724091 np0000182250 neutron-rpc-server[104683]: DEBUG cotyledon.oslo_config_glue [-] database.connection_debug = 0 {{(pid=104683) log_opt_values /opt/stack/data/venv/lib/python3.12/site-packages/oslo_config/cfg.py:3253}}
Jun 19 00:56:17.724353 np0000182250 neutron-rpc-server[104694]: DEBUG cotyledon.oslo_config_glue [-] instance_uuid_format = [instance: %(uuid)s] {{(pid=104694) log_opt_values /opt/stack/data/venv/lib/python3.12/site-packages/oslo_config/cfg.py:3242}}
Jun 19 00:56:17.724448 np0000182250 neutron-rpc-server[104683]: DEBUG cotyledon.oslo_config_glue [-] database.connection_parameters = {{(pid=104683) log_opt_values /opt/stack/data/venv/lib/python3.12/site-packages/oslo_config/cfg.py:3253}}
Jun 19 00:56:17.724542 np0000182250 neutron-rpc-server[104694]: DEBUG cotyledon.oslo_config_glue [-] ipam_driver = internal {{(pid=104694) log_opt_values /opt/stack/data/venv/lib/python3.12/site-packages/oslo_config/cfg.py:3242}}
Jun 19 00:56:17.724667 np0000182250 neutron-rpc-server[104683]: DEBUG cotyledon.oslo_config_glue [-] database.connection_recycle_time = 3600 {{(pid=104683) log_opt_values /opt/stack/data/venv/lib/python3.12/site-packages/oslo_config/cfg.py:3253}}
Jun 19 00:56:17.724790 np0000182250 neutron-rpc-server[104694]: DEBUG cotyledon.oslo_config_glue [-] ipv6_pd_enabled = False {{(pid=104694) log_opt_values /opt/stack/data/venv/lib/python3.12/site-packages/oslo_config/cfg.py:3242}}
Jun 19 00:56:17.724895 np0000182250 neutron-rpc-server[104683]: DEBUG cotyledon.oslo_config_glue [-] database.connection_trace = False {{(pid=104683) log_opt_values /opt/stack/data/venv/lib/python3.12/site-packages/oslo_config/cfg.py:3253}}
Jun 19 00:56:17.724986 np0000182250 neutron-rpc-server[104694]: DEBUG cotyledon.oslo_config_glue [-] l3_ha = False {{(pid=104694) log_opt_values /opt/stack/data/venv/lib/python3.12/site-packages/oslo_config/cfg.py:3242}}
Jun 19 00:56:17.725079 np0000182250 neutron-rpc-server[104683]: DEBUG cotyledon.oslo_config_glue [-] database.db_inc_retry_interval = True {{(pid=104683) log_opt_values /opt/stack/data/venv/lib/python3.12/site-packages/oslo_config/cfg.py:3253}}
Jun 19 00:56:17.725219 np0000182250 neutron-rpc-server[104650]: INFO ovsdbapp.backend.ovs_idl.vlog [None req-b1542019-9e94-4f2c-b4b6-4c55b9d79978 None None] ssl:199.204.45.242:6641: connecting...
Jun 19 00:56:17.725347 np0000182250 neutron-rpc-server[104683]: DEBUG cotyledon.oslo_config_glue [-] database.db_max_retries = 20 {{(pid=104683) log_opt_values /opt/stack/data/venv/lib/python3.12/site-packages/oslo_config/cfg.py:3253}}
Jun 19 00:56:17.725499 np0000182250 neutron-rpc-server[104694]: DEBUG cotyledon.oslo_config_glue [-] l3_ha_net_cidr = 169.254.192.0/18 {{(pid=104694) log_opt_values /opt/stack/data/venv/lib/python3.12/site-packages/oslo_config/cfg.py:3242}}
Jun 19 00:56:17.725499 np0000182250 neutron-rpc-server[104694]: DEBUG cotyledon.oslo_config_glue [-] l3_ha_network_physical_name = {{(pid=104694) log_opt_values /opt/stack/data/venv/lib/python3.12/site-packages/oslo_config/cfg.py:3242}}
Jun 19 00:56:17.725619 np0000182250 neutron-rpc-server[104683]: DEBUG cotyledon.oslo_config_glue [-] database.db_max_retry_interval = 10 {{(pid=104683) log_opt_values /opt/stack/data/venv/lib/python3.12/site-packages/oslo_config/cfg.py:3253}}
Jun 19 00:56:17.725619 np0000182250 neutron-rpc-server[104683]: DEBUG cotyledon.oslo_config_glue [-] database.db_retry_interval = 1 {{(pid=104683) log_opt_values /opt/stack/data/venv/lib/python3.12/site-packages/oslo_config/cfg.py:3253}}
Jun 19 00:56:17.725742 np0000182250 neutron-rpc-server[104694]: DEBUG cotyledon.oslo_config_glue [-] l3_ha_network_type = {{(pid=104694) log_opt_values /opt/stack/data/venv/lib/python3.12/site-packages/oslo_config/cfg.py:3242}}
Jun 19 00:56:17.725839 np0000182250 neutron-rpc-server[104683]: DEBUG cotyledon.oslo_config_glue [-] database.max_overflow = 50 {{(pid=104683) log_opt_values /opt/stack/data/venv/lib/python3.12/site-packages/oslo_config/cfg.py:3253}}
Jun 19 00:56:17.726052 np0000182250 neutron-rpc-server[104694]: DEBUG cotyledon.oslo_config_glue [-] log_color = False {{(pid=104694) log_opt_values /opt/stack/data/venv/lib/python3.12/site-packages/oslo_config/cfg.py:3242}}
Jun 19 00:56:17.726148 np0000182250 neutron-rpc-server[104683]: DEBUG cotyledon.oslo_config_glue [-] database.max_pool_size = 5 {{(pid=104683) log_opt_values /opt/stack/data/venv/lib/python3.12/site-packages/oslo_config/cfg.py:3253}}
Jun 19 00:56:17.726291 np0000182250 neutron-rpc-server[104694]: DEBUG cotyledon.oslo_config_glue [-] log_config_append = None {{(pid=104694) log_opt_values /opt/stack/data/venv/lib/python3.12/site-packages/oslo_config/cfg.py:3242}}
Jun 19 00:56:17.726449 np0000182250 neutron-rpc-server[104683]: DEBUG cotyledon.oslo_config_glue [-] database.max_retries = 10 {{(pid=104683) log_opt_values /opt/stack/data/venv/lib/python3.12/site-packages/oslo_config/cfg.py:3253}}
Jun 19 00:56:17.726554 np0000182250 neutron-rpc-server[104694]: DEBUG cotyledon.oslo_config_glue [-] log_date_format = %Y-%m-%d %H:%M:%S {{(pid=104694) log_opt_values /opt/stack/data/venv/lib/python3.12/site-packages/oslo_config/cfg.py:3242}}
Jun 19 00:56:17.726656 np0000182250 neutron-rpc-server[104683]: DEBUG cotyledon.oslo_config_glue [-] database.mysql_sql_mode = TRADITIONAL {{(pid=104683) log_opt_values /opt/stack/data/venv/lib/python3.12/site-packages/oslo_config/cfg.py:3253}}
Jun 19 00:56:17.726950 np0000182250 neutron-rpc-server[104694]: DEBUG cotyledon.oslo_config_glue [-] log_dir = None {{(pid=104694) log_opt_values /opt/stack/data/venv/lib/python3.12/site-packages/oslo_config/cfg.py:3242}}
Jun 19 00:56:17.726950 np0000182250 neutron-rpc-server[104694]: DEBUG cotyledon.oslo_config_glue [-] log_file = None {{(pid=104694) log_opt_values /opt/stack/data/venv/lib/python3.12/site-packages/oslo_config/cfg.py:3242}}
Jun 19 00:56:17.727089 np0000182250 neutron-rpc-server[104683]: DEBUG cotyledon.oslo_config_glue [-] database.mysql_wsrep_sync_wait = None {{(pid=104683) log_opt_values /opt/stack/data/venv/lib/python3.12/site-packages/oslo_config/cfg.py:3253}}
Jun 19 00:56:17.727321 np0000182250 neutron-rpc-server[104694]: DEBUG cotyledon.oslo_config_glue [-] log_options = True {{(pid=104694) log_opt_values /opt/stack/data/venv/lib/python3.12/site-packages/oslo_config/cfg.py:3242}}
Jun 19 00:56:17.727461 np0000182250 neutron-rpc-server[104683]: DEBUG cotyledon.oslo_config_glue [-] database.pool_timeout = None {{(pid=104683) log_opt_values /opt/stack/data/venv/lib/python3.12/site-packages/oslo_config/cfg.py:3253}}
Jun 19 00:56:17.727560 np0000182250 neutron-rpc-server[104694]: DEBUG cotyledon.oslo_config_glue [-] log_rotate_interval = 1 {{(pid=104694) log_opt_values /opt/stack/data/venv/lib/python3.12/site-packages/oslo_config/cfg.py:3242}}
Jun 19 00:56:17.727661 np0000182250 neutron-rpc-server[104683]: DEBUG cotyledon.oslo_config_glue [-] database.retry_interval = 10 {{(pid=104683) log_opt_values /opt/stack/data/venv/lib/python3.12/site-packages/oslo_config/cfg.py:3253}}
Jun 19 00:56:17.727799 np0000182250 neutron-rpc-server[104694]: DEBUG cotyledon.oslo_config_glue [-] log_rotate_interval_type = days {{(pid=104694) log_opt_values /opt/stack/data/venv/lib/python3.12/site-packages/oslo_config/cfg.py:3242}}
Jun 19 00:56:17.727799 np0000182250 neutron-rpc-server[104694]: DEBUG cotyledon.oslo_config_glue [-] log_rotation_type = none {{(pid=104694) log_opt_values /opt/stack/data/venv/lib/python3.12/site-packages/oslo_config/cfg.py:3242}}
Jun 19 00:56:17.727799 np0000182250 neutron-rpc-server[104694]: DEBUG cotyledon.oslo_config_glue [-] logging_context_format_string = %(color)s%(levelname)s %(name)s [%(global_request_id)s %(request_id)s %(project_name)s %(user_name)s%(color)s] %(instance)s%(color)s%(message)s {{(pid=104694) log_opt_values /opt/stack/data/venv/lib/python3.12/site-packages/oslo_config/cfg.py:3242}}
Jun 19 00:56:17.727950 np0000182250 neutron-rpc-server[104683]: DEBUG cotyledon.oslo_config_glue [-] database.slave_connection = **** {{(pid=104683) log_opt_values /opt/stack/data/venv/lib/python3.12/site-packages/oslo_config/cfg.py:3253}}
Jun 19 00:56:17.728075 np0000182250 neutron-rpc-server[104694]: DEBUG cotyledon.oslo_config_glue [-] logging_debug_format_suffix = {{(pid=%(process)d) %(funcName)s %(pathname)s:%(lineno)d}} {{(pid=104694) log_opt_values /opt/stack/data/venv/lib/python3.12/site-packages/oslo_config/cfg.py:3242}}
Jun 19 00:56:17.728210 np0000182250 neutron-rpc-server[104683]: DEBUG cotyledon.oslo_config_glue [-] database.sqlite_synchronous = True {{(pid=104683) log_opt_values /opt/stack/data/venv/lib/python3.12/site-packages/oslo_config/cfg.py:3253}}
