Mar 29 02:10:30.769169 np0000161185 neutron-periodic-workers[104325]: DEBUG cotyledon.oslo_config_glue [-] ml2.type_drivers = ['local', 'flat', 'vlan', 'geneve'] {{(pid=104325) log_opt_values /opt/stack/data/venv/lib/python3.12/site-packages/oslo_config/cfg.py:3006}}
Mar 29 02:10:30.769169 np0000161185 neutron-periodic-workers[104325]: DEBUG cotyledon.oslo_config_glue [-] ml2_type_flat.flat_networks = ['public'] {{(pid=104325) log_opt_values /opt/stack/data/venv/lib/python3.12/site-packages/oslo_config/cfg.py:3006}}
Mar 29 02:10:30.769169 np0000161185 neutron-periodic-workers[104325]: DEBUG cotyledon.oslo_config_glue [-] ml2_type_geneve.max_header_size = 38 {{(pid=104325) log_opt_values /opt/stack/data/venv/lib/python3.12/site-packages/oslo_config/cfg.py:3006}}
Mar 29 02:10:30.769169 np0000161185 neutron-periodic-workers[104325]: DEBUG cotyledon.oslo_config_glue [-] ml2_type_geneve.vni_ranges = ['1:65536'] {{(pid=104325) log_opt_values /opt/stack/data/venv/lib/python3.12/site-packages/oslo_config/cfg.py:3006}}
Mar 29 02:10:30.769169 np0000161185 neutron-periodic-workers[104325]: DEBUG cotyledon.oslo_config_glue [-] ml2_type_vlan.network_vlan_ranges = ['public'] {{(pid=104325) log_opt_values /opt/stack/data/venv/lib/python3.12/site-packages/oslo_config/cfg.py:3006}}
Mar 29 02:10:30.769169 np0000161185 neutron-periodic-workers[104325]: DEBUG cotyledon.oslo_config_glue [-] network_log.burst_limit = 25 {{(pid=104325) log_opt_values /opt/stack/data/venv/lib/python3.12/site-packages/oslo_config/cfg.py:3006}}
Mar 29 02:10:30.769384 np0000161185 neutron-periodic-workers[104325]: DEBUG cotyledon.oslo_config_glue [-] network_log.local_output_log_base = None {{(pid=104325) log_opt_values /opt/stack/data/venv/lib/python3.12/site-packages/oslo_config/cfg.py:3006}}
Mar 29 02:10:30.769384 np0000161185 neutron-periodic-workers[104325]: DEBUG cotyledon.oslo_config_glue [-] network_log.rate_limit = 100 {{(pid=104325) log_opt_values /opt/stack/data/venv/lib/python3.12/site-packages/oslo_config/cfg.py:3006}}
Mar 29 02:10:30.769384 np0000161185 neutron-periodic-workers[104325]: DEBUG cotyledon.oslo_config_glue [-] database.asyncio_connection = **** {{(pid=104325) log_opt_values /opt/stack/data/venv/lib/python3.12/site-packages/oslo_config/cfg.py:3006}}
Mar 29 02:10:30.769384 np0000161185 neutron-periodic-workers[104325]: DEBUG cotyledon.oslo_config_glue [-] database.asyncio_slave_connection = **** {{(pid=104325) log_opt_values /opt/stack/data/venv/lib/python3.12/site-packages/oslo_config/cfg.py:3006}}
Mar 29 02:10:30.769384 np0000161185 neutron-periodic-workers[104325]: DEBUG cotyledon.oslo_config_glue [-] database.backend = sqlalchemy {{(pid=104325) log_opt_values /opt/stack/data/venv/lib/python3.12/site-packages/oslo_config/cfg.py:3006}}
Mar 29 02:10:30.769384 np0000161185 neutron-periodic-workers[104325]: DEBUG cotyledon.oslo_config_glue [-] database.connection = **** {{(pid=104325) log_opt_values /opt/stack/data/venv/lib/python3.12/site-packages/oslo_config/cfg.py:3006}}
Mar 29 02:10:30.769384 np0000161185 neutron-periodic-workers[104325]: DEBUG cotyledon.oslo_config_glue [-] database.connection_debug = 0 {{(pid=104325) log_opt_values /opt/stack/data/venv/lib/python3.12/site-packages/oslo_config/cfg.py:3006}}
Mar 29 02:10:30.769384 np0000161185 neutron-periodic-workers[104325]: DEBUG cotyledon.oslo_config_glue [-] database.connection_parameters = {{(pid=104325) log_opt_values /opt/stack/data/venv/lib/python3.12/site-packages/oslo_config/cfg.py:3006}}
Mar 29 02:10:30.769384 np0000161185 neutron-periodic-workers[104325]: DEBUG cotyledon.oslo_config_glue [-] database.connection_recycle_time = 3600 {{(pid=104325) log_opt_values /opt/stack/data/venv/lib/python3.12/site-packages/oslo_config/cfg.py:3006}}
Mar 29 02:10:30.769620 np0000161185 neutron-periodic-workers[104325]: DEBUG cotyledon.oslo_config_glue [-] database.connection_trace = False {{(pid=104325) log_opt_values /opt/stack/data/venv/lib/python3.12/site-packages/oslo_config/cfg.py:3006}}
Mar 29 02:10:30.769620 np0000161185 neutron-periodic-workers[104325]: DEBUG cotyledon.oslo_config_glue [-] database.db_inc_retry_interval = True {{(pid=104325) log_opt_values /opt/stack/data/venv/lib/python3.12/site-packages/oslo_config/cfg.py:3006}}
Mar 29 02:10:30.769620 np0000161185 neutron-periodic-workers[104325]: DEBUG cotyledon.oslo_config_glue [-] database.db_max_retries = 20 {{(pid=104325) log_opt_values /opt/stack/data/venv/lib/python3.12/site-packages/oslo_config/cfg.py:3006}}
Mar 29 02:10:30.769620 np0000161185 neutron-periodic-workers[104325]: DEBUG cotyledon.oslo_config_glue [-] database.db_max_retry_interval = 10 {{(pid=104325) log_opt_values /opt/stack/data/venv/lib/python3.12/site-packages/oslo_config/cfg.py:3006}}
Mar 29 02:10:30.769620 np0000161185 neutron-periodic-workers[104325]: DEBUG cotyledon.oslo_config_glue [-] database.db_retry_interval = 1 {{(pid=104325) log_opt_values /opt/stack/data/venv/lib/python3.12/site-packages/oslo_config/cfg.py:3006}}
Mar 29 02:10:30.769620 np0000161185 neutron-periodic-workers[104325]: DEBUG cotyledon.oslo_config_glue [-] database.max_overflow = 50 {{(pid=104325) log_opt_values /opt/stack/data/venv/lib/python3.12/site-packages/oslo_config/cfg.py:3006}}
Mar 29 02:10:30.769620 np0000161185 neutron-periodic-workers[104325]: DEBUG cotyledon.oslo_config_glue [-] database.max_pool_size = 5 {{(pid=104325) log_opt_values /opt/stack/data/venv/lib/python3.12/site-packages/oslo_config/cfg.py:3006}}
Mar 29 02:10:30.769620 np0000161185 neutron-periodic-workers[104325]: DEBUG cotyledon.oslo_config_glue [-] database.max_retries = 10 {{(pid=104325) log_opt_values /opt/stack/data/venv/lib/python3.12/site-packages/oslo_config/cfg.py:3006}}
Mar 29 02:10:30.769620 np0000161185 neutron-periodic-workers[104325]: DEBUG cotyledon.oslo_config_glue [-] database.mysql_sql_mode = TRADITIONAL {{(pid=104325) log_opt_values /opt/stack/data/venv/lib/python3.12/site-packages/oslo_config/cfg.py:3006}}
Mar 29 02:10:30.769901 np0000161185 neutron-periodic-workers[104325]: DEBUG cotyledon.oslo_config_glue [-] database.mysql_wsrep_sync_wait = None {{(pid=104325) log_opt_values /opt/stack/data/venv/lib/python3.12/site-packages/oslo_config/cfg.py:3006}}
Mar 29 02:10:30.769901 np0000161185 neutron-periodic-workers[104325]: DEBUG cotyledon.oslo_config_glue [-] database.pool_timeout = None {{(pid=104325) log_opt_values /opt/stack/data/venv/lib/python3.12/site-packages/oslo_config/cfg.py:3006}}
Mar 29 02:10:30.769901 np0000161185 neutron-periodic-workers[104325]: DEBUG cotyledon.oslo_config_glue [-] database.retry_interval = 10 {{(pid=104325) log_opt_values /opt/stack/data/venv/lib/python3.12/site-packages/oslo_config/cfg.py:3006}}
Mar 29 02:10:30.769901 np0000161185 neutron-periodic-workers[104325]: DEBUG cotyledon.oslo_config_glue [-] database.slave_connection = **** {{(pid=104325) log_opt_values /opt/stack/data/venv/lib/python3.12/site-packages/oslo_config/cfg.py:3006}}
Mar 29 02:10:30.769901 np0000161185 neutron-periodic-workers[104325]: DEBUG cotyledon.oslo_config_glue [-] database.sqlite_synchronous = True {{(pid=104325) log_opt_values /opt/stack/data/venv/lib/python3.12/site-packages/oslo_config/cfg.py:3006}}
Mar 29 02:10:30.769901 np0000161185 neutron-periodic-workers[104325]: DEBUG cotyledon.oslo_config_glue [-] database.synchronous_reader = True {{(pid=104325) log_opt_values /opt/stack/data/venv/lib/python3.12/site-packages/oslo_config/cfg.py:3006}}
Mar 29 02:10:30.769901 np0000161185 neutron-periodic-workers[104325]: DEBUG cotyledon.oslo_config_glue [-] database.use_db_reconnect = False {{(pid=104325) log_opt_values /opt/stack/data/venv/lib/python3.12/site-packages/oslo_config/cfg.py:3006}}
Mar 29 02:10:30.769901 np0000161185 neutron-periodic-workers[104325]: DEBUG cotyledon.oslo_config_glue [-] ovn.bfd_min_rx = 1000 {{(pid=104325) log_opt_values /opt/stack/data/venv/lib/python3.12/site-packages/oslo_config/cfg.py:3006}}
Mar 29 02:10:30.769901 np0000161185 neutron-periodic-workers[104325]: DEBUG cotyledon.oslo_config_glue [-] ovn.bfd_min_tx = 100 {{(pid=104325) log_opt_values /opt/stack/data/venv/lib/python3.12/site-packages/oslo_config/cfg.py:3006}}
Mar 29 02:10:30.770126 np0000161185 neutron-periodic-workers[104325]: DEBUG cotyledon.oslo_config_glue [-] ovn.bfd_mult = 3 {{(pid=104325) log_opt_values /opt/stack/data/venv/lib/python3.12/site-packages/oslo_config/cfg.py:3006}}
Mar 29 02:10:30.770126 np0000161185 neutron-periodic-workers[104325]: DEBUG cotyledon.oslo_config_glue [-] ovn.broadcast_arps_to_all_routers = True {{(pid=104325) log_opt_values /opt/stack/data/venv/lib/python3.12/site-packages/oslo_config/cfg.py:3006}}
Mar 29 02:10:30.770126 np0000161185 neutron-periodic-workers[104325]: DEBUG cotyledon.oslo_config_glue [-] ovn.dhcp_default_lease_time = 43200 {{(pid=104325) log_opt_values /opt/stack/data/venv/lib/python3.12/site-packages/oslo_config/cfg.py:3006}}
Mar 29 02:10:30.770126 np0000161185 neutron-periodic-workers[104325]: DEBUG cotyledon.oslo_config_glue [-] ovn.disable_ovn_dhcp_for_baremetal_ports = False {{(pid=104325) log_opt_values /opt/stack/data/venv/lib/python3.12/site-packages/oslo_config/cfg.py:3006}}
Mar 29 02:10:30.770126 np0000161185 neutron-periodic-workers[104325]: DEBUG cotyledon.oslo_config_glue [-] ovn.dns_records_ovn_owned = False {{(pid=104325) log_opt_values /opt/stack/data/venv/lib/python3.12/site-packages/oslo_config/cfg.py:3006}}
Mar 29 02:10:30.770126 np0000161185 neutron-periodic-workers[104325]: DEBUG cotyledon.oslo_config_glue [-] ovn.dns_servers = [] {{(pid=104325) log_opt_values /opt/stack/data/venv/lib/python3.12/site-packages/oslo_config/cfg.py:3006}}
Mar 29 02:10:30.770126 np0000161185 neutron-periodic-workers[104325]: DEBUG cotyledon.oslo_config_glue [-] ovn.enable_distributed_floating_ip = False {{(pid=104325) log_opt_values /opt/stack/data/venv/lib/python3.12/site-packages/oslo_config/cfg.py:3006}}
Mar 29 02:10:30.770126 np0000161185 neutron-periodic-workers[104325]: DEBUG cotyledon.oslo_config_glue [-] ovn.fdb_age_threshold = 300 {{(pid=104325) log_opt_values /opt/stack/data/venv/lib/python3.12/site-packages/oslo_config/cfg.py:3006}}
Mar 29 02:10:30.770126 np0000161185 neutron-periodic-workers[104325]: DEBUG cotyledon.oslo_config_glue [-] ovn.ha_failover_strategy = normal {{(pid=104325) log_opt_values /opt/stack/data/venv/lib/python3.12/site-packages/oslo_config/cfg.py:3006}}
Mar 29 02:10:30.770354 np0000161185 neutron-periodic-workers[104325]: DEBUG cotyledon.oslo_config_glue [-] ovn.live_migration_activation_strategy = rarp {{(pid=104325) log_opt_values /opt/stack/data/venv/lib/python3.12/site-packages/oslo_config/cfg.py:3006}}
Mar 29 02:10:30.770354 np0000161185 neutron-periodic-workers[104325]: DEBUG cotyledon.oslo_config_glue [-] ovn.localnet_learn_fdb = False {{(pid=104325) log_opt_values /opt/stack/data/venv/lib/python3.12/site-packages/oslo_config/cfg.py:3006}}
Mar 29 02:10:30.770354 np0000161185 neutron-periodic-workers[104325]: DEBUG cotyledon.oslo_config_glue [-] ovn.mac_binding_age_threshold = 300 {{(pid=104325) log_opt_values /opt/stack/data/venv/lib/python3.12/site-packages/oslo_config/cfg.py:3006}}
Mar 29 02:10:30.770354 np0000161185 neutron-periodic-workers[104325]: DEBUG cotyledon.oslo_config_glue [-] ovn.neutron_sync_mode = log {{(pid=104325) log_opt_values /opt/stack/data/venv/lib/python3.12/site-packages/oslo_config/cfg.py:3006}}
Mar 29 02:10:30.770354 np0000161185 neutron-periodic-workers[104325]: DEBUG cotyledon.oslo_config_glue [-] ovn.ovn_dhcp4_global_options = {} {{(pid=104325) log_opt_values /opt/stack/data/venv/lib/python3.12/site-packages/oslo_config/cfg.py:3006}}
Mar 29 02:10:30.770354 np0000161185 neutron-periodic-workers[104325]: DEBUG cotyledon.oslo_config_glue [-] ovn.ovn_dhcp6_global_options = {} {{(pid=104325) log_opt_values /opt/stack/data/venv/lib/python3.12/site-packages/oslo_config/cfg.py:3006}}
Mar 29 02:10:30.770354 np0000161185 neutron-periodic-workers[104325]: DEBUG cotyledon.oslo_config_glue [-] ovn.ovn_l3_scheduler = leastloaded {{(pid=104325) log_opt_values /opt/stack/data/venv/lib/python3.12/site-packages/oslo_config/cfg.py:3006}}
Mar 29 02:10:30.770354 np0000161185 neutron-periodic-workers[104325]: DEBUG cotyledon.oslo_config_glue [-] ovn.ovn_metadata_enabled = True {{(pid=104325) log_opt_values /opt/stack/data/venv/lib/python3.12/site-packages/oslo_config/cfg.py:3006}}
Mar 29 02:10:30.770354 np0000161185 neutron-periodic-workers[104325]: DEBUG cotyledon.oslo_config_glue [-] ovn.ovn_nb_ca_cert = /opt/stack/data/CA/int-ca/ca-chain.pem {{(pid=104325) log_opt_values /opt/stack/data/venv/lib/python3.12/site-packages/oslo_config/cfg.py:3006}}
Mar 29 02:10:30.770582 np0000161185 neutron-periodic-workers[104325]: DEBUG cotyledon.oslo_config_glue [-] ovn.ovn_nb_certificate = /opt/stack/data/CA/int-ca/devstack-cert.crt {{(pid=104325) log_opt_values /opt/stack/data/venv/lib/python3.12/site-packages/oslo_config/cfg.py:3006}}
Mar 29 02:10:30.770582 np0000161185 neutron-periodic-workers[104325]: DEBUG cotyledon.oslo_config_glue [-] ovn.ovn_nb_connection = ['ssl:199.204.45.6:6641'] {{(pid=104325) log_opt_values /opt/stack/data/venv/lib/python3.12/site-packages/oslo_config/cfg.py:3006}}
Mar 29 02:10:30.770582 np0000161185 neutron-periodic-workers[104325]: DEBUG cotyledon.oslo_config_glue [-] ovn.ovn_nb_private_key = /opt/stack/data/CA/int-ca/private/devstack-cert.key {{(pid=104325) log_opt_values /opt/stack/data/venv/lib/python3.12/site-packages/oslo_config/cfg.py:3006}}
Mar 29 02:10:30.770582 np0000161185 neutron-periodic-workers[104325]: DEBUG cotyledon.oslo_config_glue [-] ovn.ovn_router_indirect_snat = False {{(pid=104325) log_opt_values /opt/stack/data/venv/lib/python3.12/site-packages/oslo_config/cfg.py:3006}}
Mar 29 02:10:30.770582 np0000161185 neutron-periodic-workers[104325]: DEBUG cotyledon.oslo_config_glue [-] ovn.ovn_sb_ca_cert = /opt/stack/data/CA/int-ca/ca-chain.pem {{(pid=104325) log_opt_values /opt/stack/data/venv/lib/python3.12/site-packages/oslo_config/cfg.py:3006}}
Mar 29 02:10:30.770582 np0000161185 neutron-periodic-workers[104325]: DEBUG cotyledon.oslo_config_glue [-] ovn.ovn_sb_certificate = /opt/stack/data/CA/int-ca/devstack-cert.crt {{(pid=104325) log_opt_values /opt/stack/data/venv/lib/python3.12/site-packages/oslo_config/cfg.py:3006}}
Mar 29 02:10:30.770582 np0000161185 neutron-periodic-workers[104325]: DEBUG cotyledon.oslo_config_glue [-] ovn.ovn_sb_connection = ['ssl:199.204.45.6:6642'] {{(pid=104325) log_opt_values /opt/stack/data/venv/lib/python3.12/site-packages/oslo_config/cfg.py:3006}}
Mar 29 02:10:30.770582 np0000161185 neutron-periodic-workers[104325]: DEBUG cotyledon.oslo_config_glue [-] ovn.ovn_sb_private_key = /opt/stack/data/CA/int-ca/private/devstack-cert.key {{(pid=104325) log_opt_values /opt/stack/data/venv/lib/python3.12/site-packages/oslo_config/cfg.py:3006}}
Mar 29 02:10:30.770804 np0000161185 neutron-periodic-workers[104325]: DEBUG cotyledon.oslo_config_glue [-] ovn.ovs_create_tap = False {{(pid=104325) log_opt_values /opt/stack/data/venv/lib/python3.12/site-packages/oslo_config/cfg.py:3006}}
Mar 29 02:10:30.770804 np0000161185 neutron-periodic-workers[104325]: DEBUG cotyledon.oslo_config_glue [-] ovn.ovsdb_connection_timeout = 180 {{(pid=104325) log_opt_values /opt/stack/data/venv/lib/python3.12/site-packages/oslo_config/cfg.py:3006}}
Mar 29 02:10:30.770804 np0000161185 neutron-periodic-workers[104325]: DEBUG cotyledon.oslo_config_glue [-] ovn.ovsdb_log_level = INFO {{(pid=104325) log_opt_values /opt/stack/data/venv/lib/python3.12/site-packages/oslo_config/cfg.py:3006}}
Mar 29 02:10:30.770804 np0000161185 neutron-periodic-workers[104325]: DEBUG cotyledon.oslo_config_glue [-] ovn.ovsdb_probe_interval = 60000 {{(pid=104325) log_opt_values /opt/stack/data/venv/lib/python3.12/site-packages/oslo_config/cfg.py:3006}}
Mar 29 02:10:30.770804 np0000161185 neutron-periodic-workers[104325]: DEBUG cotyledon.oslo_config_glue [-] ovn.ovsdb_retry_max_interval = 180 {{(pid=104325) log_opt_values /opt/stack/data/venv/lib/python3.12/site-packages/oslo_config/cfg.py:3006}}
Mar 29 02:10:30.770804 np0000161185 neutron-periodic-workers[104325]: DEBUG cotyledon.oslo_config_glue [-] ovn.stateless_nat_enabled = False {{(pid=104325) log_opt_values /opt/stack/data/venv/lib/python3.12/site-packages/oslo_config/cfg.py:3006}}
Mar 29 02:10:30.770804 np0000161185 neutron-periodic-workers[104325]: DEBUG cotyledon.oslo_config_glue [-] ovn.vhost_sock_dir = /var/run/openvswitch {{(pid=104325) log_opt_values /opt/stack/data/venv/lib/python3.12/site-packages/oslo_config/cfg.py:3006}}
Mar 29 02:10:30.770804 np0000161185 neutron-periodic-workers[104325]: DEBUG cotyledon.oslo_config_glue [-] OVS.bridge_mac_table_size = 50000 {{(pid=104325) log_opt_values /opt/stack/data/venv/lib/python3.12/site-packages/oslo_config/cfg.py:3006}}
Mar 29 02:10:30.770804 np0000161185 neutron-periodic-workers[104325]: DEBUG cotyledon.oslo_config_glue [-] OVS.igmp_flood = False {{(pid=104325) log_opt_values /opt/stack/data/venv/lib/python3.12/site-packages/oslo_config/cfg.py:3006}}
Mar 29 02:10:30.771029 np0000161185 neutron-periodic-workers[104325]: DEBUG cotyledon.oslo_config_glue [-] OVS.igmp_flood_reports = True {{(pid=104325) log_opt_values /opt/stack/data/venv/lib/python3.12/site-packages/oslo_config/cfg.py:3006}}
Mar 29 02:10:30.771029 np0000161185 neutron-periodic-workers[104325]: DEBUG cotyledon.oslo_config_glue [-] OVS.igmp_flood_unregistered = False {{(pid=104325) log_opt_values /opt/stack/data/venv/lib/python3.12/site-packages/oslo_config/cfg.py:3006}}
Mar 29 02:10:30.771029 np0000161185 neutron-periodic-workers[104325]: DEBUG cotyledon.oslo_config_glue [-] OVS.igmp_snooping_enable = False {{(pid=104325) log_opt_values /opt/stack/data/venv/lib/python3.12/site-packages/oslo_config/cfg.py:3006}}
Mar 29 02:10:30.771029 np0000161185 neutron-periodic-workers[104325]: DEBUG cotyledon.oslo_config_glue [-] OVS.ovsdb_timeout = 10 {{(pid=104325) log_opt_values /opt/stack/data/venv/lib/python3.12/site-packages/oslo_config/cfg.py:3006}}
Mar 29 02:10:30.771029 np0000161185 neutron-periodic-workers[104325]: DEBUG cotyledon.oslo_config_glue [-] ovn_nb_global.fdb_removal_limit = 0 {{(pid=104325) log_opt_values /opt/stack/data/venv/lib/python3.12/site-packages/oslo_config/cfg.py:3006}}
Mar 29 02:10:30.771029 np0000161185 neutron-periodic-workers[104325]: DEBUG cotyledon.oslo_config_glue [-] ovn_nb_global.ignore_lsp_down = False {{(pid=104325) log_opt_values /opt/stack/data/venv/lib/python3.12/site-packages/oslo_config/cfg.py:3006}}
Mar 29 02:10:30.771029 np0000161185 neutron-periodic-workers[104325]: DEBUG cotyledon.oslo_config_glue [-] ovn_nb_global.mac_binding_removal_limit = 0 {{(pid=104325) log_opt_values /opt/stack/data/venv/lib/python3.12/site-packages/oslo_config/cfg.py:3006}}
Mar 29 02:10:30.771029 np0000161185 neutron-periodic-workers[104325]: DEBUG cotyledon.oslo_config_glue [-] ******************************************************************************** {{(pid=104325) log_opt_values /opt/stack/data/venv/lib/python3.12/site-packages/oslo_config/cfg.py:3013}}
Mar 29 02:10:30.771029 np0000161185 neutron-periodic-workers[104325]: DEBUG cotyledon._service_worker [-] Run service ServiceWrapper(0) [104325] {{(pid=104325) wait_forever /opt/stack/data/venv/lib/python3.12/site-packages/cotyledon/_service_worker.py:218}}
Mar 29 02:10:40.425506 np0000161185 neutron-periodic-workers[103618]: DEBUG dbcounter [-] [103618] Writing DB stats neutron:SELECT=4 {{(pid=103618) stat_writer /opt/stack/data/venv/lib/python3.12/site-packages/dbcounter.py:115}}
Mar 29 02:11:36.723536 np0000161185 neutron-periodic-workers[104292]: DEBUG oslo_db.sqlalchemy.engines [None req-d9698846-3ebe-4e3b-a9e6-3601c9067bc9 None None] Parent process 103618 forked (104292) with an open database connection, which is being discarded and recreated. {{(pid=104292) checkout /opt/stack/data/venv/lib/python3.12/site-packages/oslo_db/sqlalchemy/engines.py:402}}
Mar 29 02:11:36.731228 np0000161185 neutron-periodic-workers[104292]: DEBUG dbcounter [-] [104292] Writer thread running {{(pid=104292) stat_writer /opt/stack/data/venv/lib/python3.12/site-packages/dbcounter.py:102}}
Mar 29 02:11:36.739212 np0000161185 neutron-periodic-workers[104292]: DEBUG oslo.service.backend._threading.loopingcall [None req-d9698846-3ebe-4e3b-a9e6-3601c9067bc9 None None] Fixed interval looping call 'neutron.plugins.ml2.plugin.DhcpAgentSchedulerDbMixin.remove_networks_from_down_agents' sleeping for 36.98 seconds {{(pid=104292) _run_loop /opt/stack/data/venv/lib/python3.12/site-packages/oslo_service/backend/_threading/loopingcall.py:125}}
Mar 29 02:11:39.757689 np0000161185 neutron-periodic-workers[104302]: DEBUG dbcounter [-] [104302] Writer thread running {{(pid=104302) stat_writer /opt/stack/data/venv/lib/python3.12/site-packages/dbcounter.py:102}}
Mar 29 02:11:39.760790 np0000161185 neutron-periodic-workers[104302]: DEBUG neutron.db.agents_db [None req-d7ce3be9-2d03-4d5c-93a8-df7d34c1590f None None] Agent healthcheck: found 0 active agents {{(pid=104302) agent_health_check /opt/stack/neutron/neutron/db/agents_db.py:317}}
Mar 29 02:11:39.760950 np0000161185 neutron-periodic-workers[104302]: DEBUG oslo.service.backend._threading.loopingcall [None req-d7ce3be9-2d03-4d5c-93a8-df7d34c1590f None None] Fixed interval looping call 'neutron.plugins.ml2.plugin.AgentDbMixin.agent_health_check' sleeping for 36.98 seconds {{(pid=104302) _run_loop /opt/stack/data/venv/lib/python3.12/site-packages/oslo_service/backend/_threading/loopingcall.py:125}}
Mar 29 02:11:46.738401 np0000161185 neutron-periodic-workers[104292]: DEBUG dbcounter [-] [104292] Writing DB stats neutron:SELECT=3 {{(pid=104292) stat_writer /opt/stack/data/venv/lib/python3.12/site-packages/dbcounter.py:115}}
Mar 29 02:11:49.758332 np0000161185 neutron-periodic-workers[104302]: DEBUG dbcounter [-] [104302] Writing DB stats neutron:SELECT=1 {{(pid=104302) stat_writer /opt/stack/data/venv/lib/python3.12/site-packages/dbcounter.py:115}}
Mar 29 02:12:13.728290 np0000161185 neutron-periodic-workers[104292]: DEBUG oslo.service.backend._threading.loopingcall [None req-d9698846-3ebe-4e3b-a9e6-3601c9067bc9 None None] Fixed interval looping call 'neutron.plugins.ml2.plugin.DhcpAgentSchedulerDbMixin.remove_networks_from_down_agents' sleeping for 36.99 seconds {{(pid=104292) _run_loop /opt/stack/data/venv/lib/python3.12/site-packages/oslo_service/backend/_threading/loopingcall.py:125}}
Mar 29 02:12:16.748757 np0000161185 neutron-periodic-workers[104302]: DEBUG neutron.db.agents_db [None req-d7ce3be9-2d03-4d5c-93a8-df7d34c1590f None None] Agent healthcheck: found 0 active agents {{(pid=104302) agent_health_check /opt/stack/neutron/neutron/db/agents_db.py:317}}
Mar 29 02:12:16.749423 np0000161185 neutron-periodic-workers[104302]: DEBUG oslo.service.backend._threading.loopingcall [None req-d7ce3be9-2d03-4d5c-93a8-df7d34c1590f None None] Fixed interval looping call 'neutron.plugins.ml2.plugin.AgentDbMixin.agent_health_check' sleeping for 36.99 seconds {{(pid=104302) _run_loop /opt/stack/data/venv/lib/python3.12/site-packages/oslo_service/backend/_threading/loopingcall.py:125}}
Mar 29 02:12:30.773134 np0000161185 neutron-periodic-workers[104315]: DEBUG dbcounter [-] [104315] Writer thread running {{(pid=104315) stat_writer /opt/stack/data/venv/lib/python3.12/site-packages/dbcounter.py:102}}
Mar 29 02:12:30.775501 np0000161185 neutron-periodic-workers[104315]: DEBUG oslo.service.backend._threading.loopingcall [None req-75421f65-04e6-4155-8171-7fea765d6276 None None] Fixed interval looping call 'neutron.db.quota.driver_nolock.DbQuotaNoLockDriver._remove_expired_reservations' sleeping for 119.98 seconds {{(pid=104315) _run_loop /opt/stack/data/venv/lib/python3.12/site-packages/oslo_service/backend/_threading/loopingcall.py:125}}
Mar 29 02:12:57.479314 np0000161185 neutron-periodic-workers[104292]: DEBUG dbcounter [-] [104292] Writing DB stats neutron:SELECT=3 {{(pid=104292) stat_writer /opt/stack/data/venv/lib/python3.12/site-packages/dbcounter.py:115}}
Mar 29 02:12:57.482133 np0000161185 neutron-periodic-workers[104302]: DEBUG dbcounter [-] [104302] Writing DB stats neutron:SELECT=1 {{(pid=104302) stat_writer /opt/stack/data/venv/lib/python3.12/site-packages/dbcounter.py:115}}
Mar 29 02:12:57.483996 np0000161185 neutron-periodic-workers[104315]: DEBUG dbcounter [-] [104315] Writing DB stats neutron:DELETE=1 {{(pid=104315) stat_writer /opt/stack/data/venv/lib/python3.12/site-packages/dbcounter.py:115}}
Mar 29 02:12:57.485334 np0000161185 neutron-periodic-workers[104292]: DEBUG oslo.service.backend._threading.loopingcall [None req-d9698846-3ebe-4e3b-a9e6-3601c9067bc9 None None] Fixed interval looping call 'neutron.plugins.ml2.plugin.DhcpAgentSchedulerDbMixin.remove_networks_from_down_agents' sleeping for 36.99 seconds {{(pid=104292) _run_loop /opt/stack/data/venv/lib/python3.12/site-packages/oslo_service/backend/_threading/loopingcall.py:125}}
Mar 29 02:12:57.486196 np0000161185 neutron-periodic-workers[104302]: DEBUG neutron.db.agents_db [None req-d7ce3be9-2d03-4d5c-93a8-df7d34c1590f None None] Agent healthcheck: found 0 active agents {{(pid=104302) agent_health_check /opt/stack/neutron/neutron/db/agents_db.py:317}}
Mar 29 02:12:57.486196 np0000161185 neutron-periodic-workers[104302]: DEBUG oslo.service.backend._threading.loopingcall [None req-d7ce3be9-2d03-4d5c-93a8-df7d34c1590f None None] Fixed interval looping call 'neutron.plugins.ml2.plugin.AgentDbMixin.agent_health_check' sleeping for 37.00 seconds {{(pid=104302) _run_loop /opt/stack/data/venv/lib/python3.12/site-packages/oslo_service/backend/_threading/loopingcall.py:125}}
Mar 29 02:13:10.807166 np0000161185 neutron-periodic-workers[104325]: DEBUG dbcounter [-] [104325] Writer thread running {{(pid=104325) stat_writer /opt/stack/data/venv/lib/python3.12/site-packages/dbcounter.py:102}}
Mar 29 02:13:10.821969 np0000161185 neutron-periodic-workers[104325]: DEBUG oslo.service.backend._threading.loopingcall [None req-81fc05df-58a6-4983-9d18-2cb7a601888f None None] Fixed interval looping call 'neutron.services.ovn_l3.plugin.L3_NAT_dbonly_mixin._clean_garbage' sleeping for 299.95 seconds {{(pid=104325) _run_loop /opt/stack/data/venv/lib/python3.12/site-packages/oslo_service/backend/_threading/loopingcall.py:125}}
Mar 29 02:13:19.286823 np0000161185 neutron-periodic-workers[104292]: DEBUG dbcounter [-] [104292] Writing DB stats neutron:SELECT=3 {{(pid=104292) stat_writer /opt/stack/data/venv/lib/python3.12/site-packages/dbcounter.py:115}}
Mar 29 02:13:20.807974 np0000161185 neutron-periodic-workers[104325]: DEBUG dbcounter [-] [104325] Writing DB stats neutron:SELECT=1 {{(pid=104325) stat_writer /opt/stack/data/venv/lib/python3.12/site-packages/dbcounter.py:115}}
Mar 29 02:13:27.727226 np0000161185 neutron-periodic-workers[104292]: DEBUG oslo.service.backend._threading.loopingcall [None req-d9698846-3ebe-4e3b-a9e6-3601c9067bc9 None None] Fixed interval looping call 'neutron.plugins.ml2.plugin.DhcpAgentSchedulerDbMixin.remove_networks_from_down_agents' sleeping for 36.99 seconds {{(pid=104292) _run_loop /opt/stack/data/venv/lib/python3.12/site-packages/oslo_service/backend/_threading/loopingcall.py:125}}
Mar 29 02:13:30.748692 np0000161185 neutron-periodic-workers[104302]: DEBUG neutron.db.agents_db [None req-d7ce3be9-2d03-4d5c-93a8-df7d34c1590f None None] Agent healthcheck: found 0 active agents {{(pid=104302) agent_health_check /opt/stack/neutron/neutron/db/agents_db.py:317}}
Mar 29 02:13:30.749498 np0000161185 neutron-periodic-workers[104302]: DEBUG oslo.service.backend._threading.loopingcall [None req-d7ce3be9-2d03-4d5c-93a8-df7d34c1590f None None] Fixed interval looping call 'neutron.plugins.ml2.plugin.AgentDbMixin.agent_health_check' sleeping for 37.00 seconds {{(pid=104302) _run_loop /opt/stack/data/venv/lib/python3.12/site-packages/oslo_service/backend/_threading/loopingcall.py:125}}
Mar 29 02:13:40.747332 np0000161185 neutron-periodic-workers[104302]: DEBUG dbcounter [-] [104302] Writing DB stats neutron:SELECT=2 {{(pid=104302) stat_writer /opt/stack/data/venv/lib/python3.12/site-packages/dbcounter.py:115}}
Mar 29 02:13:52.212794 np0000161185 neutron-periodic-workers[104292]: DEBUG dbcounter [-] [104292] Writing DB stats neutron:SELECT=3 {{(pid=104292) stat_writer /opt/stack/data/venv/lib/python3.12/site-packages/dbcounter.py:115}}
Mar 29 02:14:04.728473 np0000161185 neutron-periodic-workers[104292]: DEBUG oslo.service.backend._threading.loopingcall [None req-d9698846-3ebe-4e3b-a9e6-3601c9067bc9 None None] Fixed interval looping call 'neutron.plugins.ml2.plugin.DhcpAgentSchedulerDbMixin.remove_networks_from_down_agents' sleeping for 36.99 seconds {{(pid=104292) _run_loop /opt/stack/data/venv/lib/python3.12/site-packages/oslo_service/backend/_threading/loopingcall.py:125}}
Mar 29 02:14:07.759716 np0000161185 neutron-periodic-workers[104302]: DEBUG neutron.db.agents_db [None req-d7ce3be9-2d03-4d5c-93a8-df7d34c1590f None None] Agent healthcheck: found 0 active agents {{(pid=104302) agent_health_check /opt/stack/neutron/neutron/db/agents_db.py:317}}
Mar 29 02:14:07.760635 np0000161185 neutron-periodic-workers[104302]: DEBUG oslo.service.backend._threading.loopingcall [None req-d7ce3be9-2d03-4d5c-93a8-df7d34c1590f None None] Fixed interval looping call 'neutron.plugins.ml2.plugin.AgentDbMixin.agent_health_check' sleeping for 36.99 seconds {{(pid=104302) _run_loop /opt/stack/data/venv/lib/python3.12/site-packages/oslo_service/backend/_threading/loopingcall.py:125}}
Mar 29 02:14:14.726901 np0000161185 neutron-periodic-workers[104292]: DEBUG dbcounter [-] [104292] Writing DB stats neutron:SELECT=3 {{(pid=104292) stat_writer /opt/stack/data/venv/lib/python3.12/site-packages/dbcounter.py:115}}
Mar 29 02:14:17.754091 np0000161185 neutron-periodic-workers[104302]: DEBUG dbcounter [-] [104302] Writing DB stats neutron:SELECT=1 {{(pid=104302) stat_writer /opt/stack/data/venv/lib/python3.12/site-packages/dbcounter.py:115}}
Mar 29 02:14:30.796415 np0000161185 neutron-periodic-workers[104315]: DEBUG oslo.service.backend._threading.loopingcall [None req-75421f65-04e6-4155-8171-7fea765d6276 None None] Fixed interval looping call 'neutron.db.quota.driver_nolock.DbQuotaNoLockDriver._remove_expired_reservations' sleeping for 119.99 seconds {{(pid=104315) _run_loop /opt/stack/data/venv/lib/python3.12/site-packages/oslo_service/backend/_threading/loopingcall.py:125}}
Mar 29 02:14:40.794506 np0000161185 neutron-periodic-workers[104315]: DEBUG dbcounter [-] [104315] Writing DB stats neutron:DELETE=1 {{(pid=104315) stat_writer /opt/stack/data/venv/lib/python3.12/site-packages/dbcounter.py:115}}
Mar 29 02:14:41.730183 np0000161185 neutron-periodic-workers[104292]: DEBUG oslo.service.backend._threading.loopingcall [None req-d9698846-3ebe-4e3b-a9e6-3601c9067bc9 None None] Fixed interval looping call 'neutron.plugins.ml2.plugin.DhcpAgentSchedulerDbMixin.remove_networks_from_down_agents' sleeping for 36.99 seconds {{(pid=104292) _run_loop /opt/stack/data/venv/lib/python3.12/site-packages/oslo_service/backend/_threading/loopingcall.py:125}}
Mar 29 02:14:44.754834 np0000161185 neutron-periodic-workers[104302]: DEBUG neutron.db.agents_db [None req-d7ce3be9-2d03-4d5c-93a8-df7d34c1590f None None] Agent healthcheck: found 0 active agents {{(pid=104302) agent_health_check /opt/stack/neutron/neutron/db/agents_db.py:317}}
Mar 29 02:14:44.755305 np0000161185 neutron-periodic-workers[104302]: DEBUG oslo.service.backend._threading.loopingcall [None req-d7ce3be9-2d03-4d5c-93a8-df7d34c1590f None None] Fixed interval looping call 'neutron.plugins.ml2.plugin.AgentDbMixin.agent_health_check' sleeping for 37.00 seconds {{(pid=104302) _run_loop /opt/stack/data/venv/lib/python3.12/site-packages/oslo_service/backend/_threading/loopingcall.py:125}}
Mar 29 02:14:51.728687 np0000161185 neutron-periodic-workers[104292]: DEBUG dbcounter [-] [104292] Writing DB stats neutron:SELECT=3 {{(pid=104292) stat_writer /opt/stack/data/venv/lib/python3.12/site-packages/dbcounter.py:115}}
Mar 29 02:14:54.753227 np0000161185 neutron-periodic-workers[104302]: DEBUG dbcounter [-] [104302] Writing DB stats neutron:SELECT=1 {{(pid=104302) stat_writer /opt/stack/data/venv/lib/python3.12/site-packages/dbcounter.py:115}}
Mar 29 02:15:18.730756 np0000161185 neutron-periodic-workers[104292]: DEBUG oslo.service.backend._threading.loopingcall [None req-d9698846-3ebe-4e3b-a9e6-3601c9067bc9 None None] Fixed interval looping call 'neutron.plugins.ml2.plugin.DhcpAgentSchedulerDbMixin.remove_networks_from_down_agents' sleeping for 36.99 seconds {{(pid=104292) _run_loop /opt/stack/data/venv/lib/python3.12/site-packages/oslo_service/backend/_threading/loopingcall.py:125}}
Mar 29 02:15:21.760464 np0000161185 neutron-periodic-workers[104302]: DEBUG neutron.db.agents_db [None req-d7ce3be9-2d03-4d5c-93a8-df7d34c1590f None None] Agent healthcheck: found 0 active agents {{(pid=104302) agent_health_check /opt/stack/neutron/neutron/db/agents_db.py:317}}
Mar 29 02:15:21.761170 np0000161185 neutron-periodic-workers[104302]: DEBUG oslo.service.backend._threading.loopingcall [None req-d7ce3be9-2d03-4d5c-93a8-df7d34c1590f None None] Fixed interval looping call 'neutron.plugins.ml2.plugin.AgentDbMixin.agent_health_check' sleeping for 36.99 seconds {{(pid=104302) _run_loop /opt/stack/data/venv/lib/python3.12/site-packages/oslo_service/backend/_threading/loopingcall.py:125}}
Mar 29 02:15:28.729627 np0000161185 neutron-periodic-workers[104292]: DEBUG dbcounter [-] [104292] Writing DB stats neutron:SELECT=3 {{(pid=104292) stat_writer /opt/stack/data/venv/lib/python3.12/site-packages/dbcounter.py:115}}
Mar 29 02:15:31.758751 np0000161185 neutron-periodic-workers[104302]: DEBUG dbcounter [-] [104302] Writing DB stats neutron:SELECT=1 {{(pid=104302) stat_writer /opt/stack/data/venv/lib/python3.12/site-packages/dbcounter.py:115}}
Mar 29 02:15:55.731923 np0000161185 neutron-periodic-workers[104292]: DEBUG oslo.service.backend._threading.loopingcall [None req-d9698846-3ebe-4e3b-a9e6-3601c9067bc9 None None] Fixed interval looping call 'neutron.plugins.ml2.plugin.DhcpAgentSchedulerDbMixin.remove_networks_from_down_agents' sleeping for 36.99 seconds {{(pid=104292) _run_loop /opt/stack/data/venv/lib/python3.12/site-packages/oslo_service/backend/_threading/loopingcall.py:125}}
Mar 29 02:15:58.756119 np0000161185 neutron-periodic-workers[104302]: DEBUG neutron.db.agents_db [None req-d7ce3be9-2d03-4d5c-93a8-df7d34c1590f None None] Agent healthcheck: found 0 active agents {{(pid=104302) agent_health_check /opt/stack/neutron/neutron/db/agents_db.py:317}}
Mar 29 02:15:58.756119 np0000161185 neutron-periodic-workers[104302]: DEBUG oslo.service.backend._threading.loopingcall [None req-d7ce3be9-2d03-4d5c-93a8-df7d34c1590f None None] Fixed interval looping call 'neutron.plugins.ml2.plugin.AgentDbMixin.agent_health_check' sleeping for 36.99 seconds {{(pid=104302) _run_loop /opt/stack/data/venv/lib/python3.12/site-packages/oslo_service/backend/_threading/loopingcall.py:125}}
Mar 29 02:16:05.730415 np0000161185 neutron-periodic-workers[104292]: DEBUG dbcounter [-] [104292] Writing DB stats neutron:SELECT=3 {{(pid=104292) stat_writer /opt/stack/data/venv/lib/python3.12/site-packages/dbcounter.py:115}}
Mar 29 02:16:08.754929 np0000161185 neutron-periodic-workers[104302]: DEBUG dbcounter [-] [104302] Writing DB stats neutron:SELECT=1 {{(pid=104302) stat_writer /opt/stack/data/venv/lib/python3.12/site-packages/dbcounter.py:115}}
Mar 29 02:16:30.792450 np0000161185 neutron-periodic-workers[104315]: DEBUG oslo.service.backend._threading.loopingcall [None req-75421f65-04e6-4155-8171-7fea765d6276 None None] Fixed interval looping call 'neutron.db.quota.driver_nolock.DbQuotaNoLockDriver._remove_expired_reservations' sleeping for 119.99 seconds {{(pid=104315) _run_loop /opt/stack/data/venv/lib/python3.12/site-packages/oslo_service/backend/_threading/loopingcall.py:125}}
Mar 29 02:16:32.732278 np0000161185 neutron-periodic-workers[104292]: DEBUG oslo.service.backend._threading.loopingcall [None req-d9698846-3ebe-4e3b-a9e6-3601c9067bc9 None None] Fixed interval looping call 'neutron.plugins.ml2.plugin.DhcpAgentSchedulerDbMixin.remove_networks_from_down_agents' sleeping for 36.99 seconds {{(pid=104292) _run_loop /opt/stack/data/venv/lib/python3.12/site-packages/oslo_service/backend/_threading/loopingcall.py:125}}
Mar 29 02:16:35.749262 np0000161185 neutron-periodic-workers[104302]: DEBUG neutron.db.agents_db [None req-d7ce3be9-2d03-4d5c-93a8-df7d34c1590f None None] Agent healthcheck: found 0 active agents {{(pid=104302) agent_health_check /opt/stack/neutron/neutron/db/agents_db.py:317}}
Mar 29 02:16:35.749973 np0000161185 neutron-periodic-workers[104302]: DEBUG oslo.service.backend._threading.loopingcall [None req-d7ce3be9-2d03-4d5c-93a8-df7d34c1590f None None] Fixed interval looping call 'neutron.plugins.ml2.plugin.AgentDbMixin.agent_health_check' sleeping for 37.00 seconds {{(pid=104302) _run_loop /opt/stack/data/venv/lib/python3.12/site-packages/oslo_service/backend/_threading/loopingcall.py:125}}
Mar 29 02:16:40.790296 np0000161185 neutron-periodic-workers[104315]: DEBUG dbcounter [-] [104315] Writing DB stats neutron:DELETE=1 {{(pid=104315) stat_writer /opt/stack/data/venv/lib/python3.12/site-packages/dbcounter.py:115}}
Mar 29 02:16:42.730833 np0000161185 neutron-periodic-workers[104292]: DEBUG dbcounter [-] [104292] Writing DB stats neutron:SELECT=3 {{(pid=104292) stat_writer /opt/stack/data/venv/lib/python3.12/site-packages/dbcounter.py:115}}
Mar 29 02:16:45.748483 np0000161185 neutron-periodic-workers[104302]: DEBUG dbcounter [-] [104302] Writing DB stats neutron:SELECT=1 {{(pid=104302) stat_writer /opt/stack/data/venv/lib/python3.12/site-packages/dbcounter.py:115}}
Mar 29 02:17:09.731496 np0000161185 neutron-periodic-workers[104292]: DEBUG oslo.service.backend._threading.loopingcall [None req-d9698846-3ebe-4e3b-a9e6-3601c9067bc9 None None] Fixed interval looping call 'neutron.plugins.ml2.plugin.DhcpAgentSchedulerDbMixin.remove_networks_from_down_agents' sleeping for 36.99 seconds {{(pid=104292) _run_loop /opt/stack/data/venv/lib/python3.12/site-packages/oslo_service/backend/_threading/loopingcall.py:125}}
Mar 29 02:17:12.754908 np0000161185 neutron-periodic-workers[104302]: DEBUG neutron.db.agents_db [None req-d7ce3be9-2d03-4d5c-93a8-df7d34c1590f None None] Agent healthcheck: found 0 active agents {{(pid=104302) agent_health_check /opt/stack/neutron/neutron/db/agents_db.py:317}}
Mar 29 02:17:12.755475 np0000161185 neutron-periodic-workers[104302]: DEBUG oslo.service.backend._threading.loopingcall [None req-d7ce3be9-2d03-4d5c-93a8-df7d34c1590f None None] Fixed interval looping call 'neutron.plugins.ml2.plugin.AgentDbMixin.agent_health_check' sleeping for 36.99 seconds {{(pid=104302) _run_loop /opt/stack/data/venv/lib/python3.12/site-packages/oslo_service/backend/_threading/loopingcall.py:125}}
Mar 29 02:17:19.730270 np0000161185 neutron-periodic-workers[104292]: DEBUG dbcounter [-] [104292] Writing DB stats neutron:SELECT=3 {{(pid=104292) stat_writer /opt/stack/data/venv/lib/python3.12/site-packages/dbcounter.py:115}}
Mar 29 02:17:22.753702 np0000161185 neutron-periodic-workers[104302]: DEBUG dbcounter [-] [104302] Writing DB stats neutron:SELECT=1 {{(pid=104302) stat_writer /opt/stack/data/venv/lib/python3.12/site-packages/dbcounter.py:115}}
Mar 29 02:17:46.731291 np0000161185 neutron-periodic-workers[104292]: DEBUG oslo.service.backend._threading.loopingcall [None req-d9698846-3ebe-4e3b-a9e6-3601c9067bc9 None None] Fixed interval looping call 'neutron.plugins.ml2.plugin.DhcpAgentSchedulerDbMixin.remove_networks_from_down_agents' sleeping for 36.99 seconds {{(pid=104292) _run_loop /opt/stack/data/venv/lib/python3.12/site-packages/oslo_service/backend/_threading/loopingcall.py:125}}
Mar 29 02:17:49.750449 np0000161185 neutron-periodic-workers[104302]: DEBUG neutron.db.agents_db [None req-d7ce3be9-2d03-4d5c-93a8-df7d34c1590f None None] Agent healthcheck: found 0 active agents {{(pid=104302) agent_health_check /opt/stack/neutron/neutron/db/agents_db.py:317}}
Mar 29 02:17:49.751051 np0000161185 neutron-periodic-workers[104302]: DEBUG oslo.service.backend._threading.loopingcall [None req-d7ce3be9-2d03-4d5c-93a8-df7d34c1590f None None] Fixed interval looping call 'neutron.plugins.ml2.plugin.AgentDbMixin.agent_health_check' sleeping for 36.99 seconds {{(pid=104302) _run_loop /opt/stack/data/venv/lib/python3.12/site-packages/oslo_service/backend/_threading/loopingcall.py:125}}
Mar 29 02:17:56.730270 np0000161185 neutron-periodic-workers[104292]: DEBUG dbcounter [-] [104292] Writing DB stats neutron:SELECT=3 {{(pid=104292) stat_writer /opt/stack/data/venv/lib/python3.12/site-packages/dbcounter.py:115}}
Mar 29 02:17:59.748638 np0000161185 neutron-periodic-workers[104302]: DEBUG dbcounter [-] [104302] Writing DB stats neutron:SELECT=1 {{(pid=104302) stat_writer /opt/stack/data/venv/lib/python3.12/site-packages/dbcounter.py:115}}
Mar 29 02:18:10.783048 np0000161185 neutron-periodic-workers[104325]: DEBUG oslo.service.backend._threading.loopingcall [None req-81fc05df-58a6-4983-9d18-2cb7a601888f None None] Fixed interval looping call 'neutron.services.ovn_l3.plugin.L3_NAT_dbonly_mixin._clean_garbage' sleeping for 299.99 seconds {{(pid=104325) _run_loop /opt/stack/data/venv/lib/python3.12/site-packages/oslo_service/backend/_threading/loopingcall.py:125}}
Mar 29 02:18:20.776763 np0000161185 neutron-periodic-workers[104325]: DEBUG dbcounter [-] [104325] Writing DB stats neutron:SELECT=1 {{(pid=104325) stat_writer /opt/stack/data/venv/lib/python3.12/site-packages/dbcounter.py:115}}
Mar 29 02:18:23.731148 np0000161185 neutron-periodic-workers[104292]: DEBUG oslo.service.backend._threading.loopingcall [None req-d9698846-3ebe-4e3b-a9e6-3601c9067bc9 None None] Fixed interval looping call 'neutron.plugins.ml2.plugin.DhcpAgentSchedulerDbMixin.remove_networks_from_down_agents' sleeping for 36.99 seconds {{(pid=104292) _run_loop /opt/stack/data/venv/lib/python3.12/site-packages/oslo_service/backend/_threading/loopingcall.py:125}}
Mar 29 02:18:26.749223 np0000161185 neutron-periodic-workers[104302]: DEBUG neutron.db.agents_db [None req-d7ce3be9-2d03-4d5c-93a8-df7d34c1590f None None] Agent healthcheck: found 0 active agents {{(pid=104302) agent_health_check /opt/stack/neutron/neutron/db/agents_db.py:317}}
Mar 29 02:18:26.749978 np0000161185 neutron-periodic-workers[104302]: DEBUG oslo.service.backend._threading.loopingcall [None req-d7ce3be9-2d03-4d5c-93a8-df7d34c1590f None None] Fixed interval looping call 'neutron.plugins.ml2.plugin.AgentDbMixin.agent_health_check' sleeping for 36.99 seconds {{(pid=104302) _run_loop /opt/stack/data/venv/lib/python3.12/site-packages/oslo_service/backend/_threading/loopingcall.py:125}}
Mar 29 02:18:30.789309 np0000161185 neutron-periodic-workers[104315]: DEBUG oslo.service.backend._threading.loopingcall [None req-75421f65-04e6-4155-8171-7fea765d6276 None None] Fixed interval looping call 'neutron.db.quota.driver_nolock.DbQuotaNoLockDriver._remove_expired_reservations' sleeping for 119.99 seconds {{(pid=104315) _run_loop /opt/stack/data/venv/lib/python3.12/site-packages/oslo_service/backend/_threading/loopingcall.py:125}}
Mar 29 02:18:33.729912 np0000161185 neutron-periodic-workers[104292]: DEBUG dbcounter [-] [104292] Writing DB stats neutron:SELECT=3 {{(pid=104292) stat_writer /opt/stack/data/venv/lib/python3.12/site-packages/dbcounter.py:115}}
Mar 29 02:18:36.744806 np0000161185 neutron-periodic-workers[104302]: DEBUG dbcounter [-] [104302] Writing DB stats neutron:SELECT=1 {{(pid=104302) stat_writer /opt/stack/data/venv/lib/python3.12/site-packages/dbcounter.py:115}}
Mar 29 02:18:40.787064 np0000161185 neutron-periodic-workers[104315]: DEBUG dbcounter [-] [104315] Writing DB stats neutron:DELETE=1 {{(pid=104315) stat_writer /opt/stack/data/venv/lib/python3.12/site-packages/dbcounter.py:115}}
Mar 29 02:19:00.730604 np0000161185 neutron-periodic-workers[104292]: DEBUG oslo.service.backend._threading.loopingcall [None req-d9698846-3ebe-4e3b-a9e6-3601c9067bc9 None None] Fixed interval looping call 'neutron.plugins.ml2.plugin.DhcpAgentSchedulerDbMixin.remove_networks_from_down_agents' sleeping for 36.99 seconds {{(pid=104292) _run_loop /opt/stack/data/venv/lib/python3.12/site-packages/oslo_service/backend/_threading/loopingcall.py:125}}
Mar 29 02:19:03.745065 np0000161185 neutron-periodic-workers[104302]: DEBUG neutron.db.agents_db [None req-d7ce3be9-2d03-4d5c-93a8-df7d34c1590f None None] Agent healthcheck: found 0 active agents {{(pid=104302) agent_health_check /opt/stack/neutron/neutron/db/agents_db.py:317}}
Mar 29 02:19:03.745785 np0000161185 neutron-periodic-workers[104302]: DEBUG oslo.service.backend._threading.loopingcall [None req-d7ce3be9-2d03-4d5c-93a8-df7d34c1590f None None] Fixed interval looping call 'neutron.plugins.ml2.plugin.AgentDbMixin.agent_health_check' sleeping for 36.99 seconds {{(pid=104302) _run_loop /opt/stack/data/venv/lib/python3.12/site-packages/oslo_service/backend/_threading/loopingcall.py:125}}
Mar 29 02:19:10.729420 np0000161185 neutron-periodic-workers[104292]: DEBUG dbcounter [-] [104292] Writing DB stats neutron:SELECT=3 {{(pid=104292) stat_writer /opt/stack/data/venv/lib/python3.12/site-packages/dbcounter.py:115}}
Mar 29 02:19:13.743003 np0000161185 neutron-periodic-workers[104302]: DEBUG dbcounter [-] [104302] Writing DB stats neutron:SELECT=1 {{(pid=104302) stat_writer /opt/stack/data/venv/lib/python3.12/site-packages/dbcounter.py:115}}
Mar 29 02:19:37.728623 np0000161185 neutron-periodic-workers[104292]: DEBUG oslo.service.backend._threading.loopingcall [None req-d9698846-3ebe-4e3b-a9e6-3601c9067bc9 None None] Fixed interval looping call 'neutron.plugins.ml2.plugin.DhcpAgentSchedulerDbMixin.remove_networks_from_down_agents' sleeping for 36.99 seconds {{(pid=104292) _run_loop /opt/stack/data/venv/lib/python3.12/site-packages/oslo_service/backend/_threading/loopingcall.py:125}}
Mar 29 02:19:40.740413 np0000161185 neutron-periodic-workers[104302]: DEBUG neutron.db.agents_db [None req-d7ce3be9-2d03-4d5c-93a8-df7d34c1590f None None] Agent healthcheck: found 0 active agents {{(pid=104302) agent_health_check /opt/stack/neutron/neutron/db/agents_db.py:317}}
Mar 29 02:19:40.742200 np0000161185 neutron-periodic-workers[104302]: DEBUG oslo.service.backend._threading.loopingcall [None req-d7ce3be9-2d03-4d5c-93a8-df7d34c1590f None None] Fixed interval looping call 'neutron.plugins.ml2.plugin.AgentDbMixin.agent_health_check' sleeping for 37.00 seconds {{(pid=104302) _run_loop /opt/stack/data/venv/lib/python3.12/site-packages/oslo_service/backend/_threading/loopingcall.py:125}}
Mar 29 02:19:47.727809 np0000161185 neutron-periodic-workers[104292]: DEBUG dbcounter [-] [104292] Writing DB stats neutron:SELECT=3 {{(pid=104292) stat_writer /opt/stack/data/venv/lib/python3.12/site-packages/dbcounter.py:115}}
Mar 29 02:19:50.739254 np0000161185 neutron-periodic-workers[104302]: DEBUG dbcounter [-] [104302] Writing DB stats neutron:SELECT=1 {{(pid=104302) stat_writer /opt/stack/data/venv/lib/python3.12/site-packages/dbcounter.py:115}}
Mar 29 02:20:14.729906 np0000161185 neutron-periodic-workers[104292]: DEBUG oslo.service.backend._threading.loopingcall [None req-d9698846-3ebe-4e3b-a9e6-3601c9067bc9 None None] Fixed interval looping call 'neutron.plugins.ml2.plugin.DhcpAgentSchedulerDbMixin.remove_networks_from_down_agents' sleeping for 36.99 seconds {{(pid=104292) _run_loop /opt/stack/data/venv/lib/python3.12/site-packages/oslo_service/backend/_threading/loopingcall.py:125}}
Mar 29 02:20:17.746778 np0000161185 neutron-periodic-workers[104302]: DEBUG neutron.db.agents_db [None req-d7ce3be9-2d03-4d5c-93a8-df7d34c1590f None None] Agent healthcheck: found 0 active agents {{(pid=104302) agent_health_check /opt/stack/neutron/neutron/db/agents_db.py:317}}
Mar 29 02:20:17.747868 np0000161185 neutron-periodic-workers[104302]: DEBUG oslo.service.backend._threading.loopingcall [None req-d7ce3be9-2d03-4d5c-93a8-df7d34c1590f None None] Fixed interval looping call 'neutron.plugins.ml2.plugin.AgentDbMixin.agent_health_check' sleeping for 36.99 seconds {{(pid=104302) _run_loop /opt/stack/data/venv/lib/python3.12/site-packages/oslo_service/backend/_threading/loopingcall.py:125}}
Mar 29 02:20:24.728554 np0000161185 neutron-periodic-workers[104292]: DEBUG dbcounter [-] [104292] Writing DB stats neutron:SELECT=3 {{(pid=104292) stat_writer /opt/stack/data/venv/lib/python3.12/site-packages/dbcounter.py:115}}
Mar 29 02:20:27.746578 np0000161185 neutron-periodic-workers[104302]: DEBUG dbcounter [-] [104302] Writing DB stats neutron:SELECT=1 {{(pid=104302) stat_writer /opt/stack/data/venv/lib/python3.12/site-packages/dbcounter.py:115}}
Mar 29 02:20:30.787270 np0000161185 neutron-periodic-workers[104315]: DEBUG oslo.service.backend._threading.loopingcall [None req-75421f65-04e6-4155-8171-7fea765d6276 None None] Fixed interval looping call 'neutron.db.quota.driver_nolock.DbQuotaNoLockDriver._remove_expired_reservations' sleeping for 119.99 seconds {{(pid=104315) _run_loop /opt/stack/data/venv/lib/python3.12/site-packages/oslo_service/backend/_threading/loopingcall.py:125}}
Mar 29 02:20:40.784086 np0000161185 neutron-periodic-workers[104315]: DEBUG dbcounter [-] [104315] Writing DB stats neutron:DELETE=1 {{(pid=104315) stat_writer /opt/stack/data/venv/lib/python3.12/site-packages/dbcounter.py:115}}
Mar 29 02:20:51.729384 np0000161185 neutron-periodic-workers[104292]: DEBUG oslo.service.backend._threading.loopingcall [None req-d9698846-3ebe-4e3b-a9e6-3601c9067bc9 None None] Fixed interval looping call 'neutron.plugins.ml2.plugin.DhcpAgentSchedulerDbMixin.remove_networks_from_down_agents' sleeping for 36.99 seconds {{(pid=104292) _run_loop /opt/stack/data/venv/lib/python3.12/site-packages/oslo_service/backend/_threading/loopingcall.py:125}}
