Mar 29 02:10:30.605463 np0000161185 devstack@neutron-api.service[102633]: DEBUG neutron.api.extensions [None req-018e2b32-e9ba-4d15-b206-e3c9133c8da1 None None] Ext name="L3 Conntrack helper" alias="l3-conntrack-helper" description="Allow adding CT target rules for conntrack helper" updated="2019-04-04T10:00:00-00:00" {{(pid=102633) _check_extension /opt/stack/neutron/neutron/api/extensions.py:415}}
Mar 29 02:10:30.605463 np0000161185 devstack@neutron-api.service[102633]: INFO neutron.api.extensions [None req-018e2b32-e9ba-4d15-b206-e3c9133c8da1 None None] Extension l3-conntrack-helper not supported by any of loaded plugins
Mar 29 02:10:30.605578 np0000161185 devstack@neutron-api.service[102632]: INFO neutron.quota [None req-28a25c62-b44d-466e-8479-4f111c528ee4 None None] Loaded quota_driver: .
Mar 29 02:10:30.605607 np0000161185 devstack@neutron-api.service[102633]: DEBUG neutron.api.extensions [None req-018e2b32-e9ba-4d15-b206-e3c9133c8da1 None None] Loading extension file: l3_enable_default_route_bfd.py {{(pid=102633) _load_all_extensions_from_path /opt/stack/neutron/neutron/api/extensions.py:449}}
Mar 29 02:10:30.605637 np0000161185 devstack@neutron-api.service[102632]: INFO neutron.plugins.ml2.plugin [None req-28a25c62-b44d-466e-8479-4f111c528ee4 None None] Modular L2 Plugin initialization complete
Mar 29 02:10:30.605637 np0000161185 devstack@neutron-api.service[102632]: DEBUG neutron.manager [None req-28a25c62-b44d-466e-8479-4f111c528ee4 None None] Loading services supported by the core plugin {{(pid=102632) _load_services_from_core_plugin /opt/stack/neutron/neutron/manager.py:170}}
Mar 29 02:10:30.605723 np0000161185 devstack@neutron-api.service[102633]: DEBUG neutron.api.extensions [None req-018e2b32-e9ba-4d15-b206-e3c9133c8da1 None None] Ext name="Enable Default Route BFD" alias="enable-default-route-bfd" description="Enables configurable BFD behavior for default routes" updated="2023-02-27T00:00:00-00:00" {{(pid=102633) _check_extension /opt/stack/neutron/neutron/api/extensions.py:415}}
Mar 29 02:10:30.605723 np0000161185 devstack@neutron-api.service[102633]: INFO neutron.api.extensions [None req-018e2b32-e9ba-4d15-b206-e3c9133c8da1 None None] Loaded extension: enable-default-route-bfd
Mar 29 02:10:30.605780 np0000161185 devstack@neutron-api.service[102632]: INFO neutron.plugins.ml2.managers [None req-28a25c62-b44d-466e-8479-4f111c528ee4 None None] Got port-security extension from driver 'port_security'
Mar 29 02:10:30.605811 np0000161185 devstack@neutron-api.service[102633]: DEBUG neutron.api.extensions [None req-018e2b32-e9ba-4d15-b206-e3c9133c8da1 None None] Loading extension file: l3_enable_default_route_ecmp.py {{(pid=102633) _load_all_extensions_from_path /opt/stack/neutron/neutron/api/extensions.py:449}}
Mar 29 02:10:30.605842 np0000161185 devstack@neutron-api.service[102632]: DEBUG neutron.manager [None req-28a25c62-b44d-466e-8479-4f111c528ee4 None None] Loading service plugins: ['ovn-router', 'auto_allocate', 'tag', 'timestamp', 'network_ip_availability', 'flavors', 'revisions'] {{(pid=102632) _load_service_plugins /opt/stack/neutron/neutron/manager.py:195}}
Mar 29 02:10:30.605868 np0000161185 devstack@neutron-api.service[102633]: DEBUG neutron.api.extensions [None req-018e2b32-e9ba-4d15-b206-e3c9133c8da1 None None] Ext name="Enable Default Route ECMP" alias="enable-default-route-ecmp" description="Enables configurable ECMP behavior for default routes" updated="2023-02-27T00:00:00-00:00" {{(pid=102633) _check_extension /opt/stack/neutron/neutron/api/extensions.py:415}}
Mar 29 02:10:30.605895 np0000161185 devstack@neutron-api.service[102632]: INFO neutron.manager [None req-28a25c62-b44d-466e-8479-4f111c528ee4 None None] Loading Plugin: ovn-router
Mar 29 02:10:30.605920 np0000161185 devstack@neutron-api.service[102633]: INFO neutron.api.extensions [None req-018e2b32-e9ba-4d15-b206-e3c9133c8da1 None None] Loaded extension: enable-default-route-ecmp
Mar 29 02:10:30.605920 np0000161185 devstack@neutron-api.service[102633]: DEBUG neutron.api.extensions [None req-018e2b32-e9ba-4d15-b206-e3c9133c8da1 None None] Loading extension file: l3_ext_gw_mode.py {{(pid=102633) _load_all_extensions_from_path /opt/stack/neutron/neutron/api/extensions.py:449}}
Mar 29 02:10:30.605920 np0000161185 devstack@neutron-api.service[102633]: DEBUG neutron.api.extensions [None req-018e2b32-e9ba-4d15-b206-e3c9133c8da1 None None] Ext name="Neutron L3 Configurable external gateway mode" alias="ext-gw-mode" description="Extension of the router abstraction for specifying whether SNAT should occur on the external gateway" updated="2013-03-28T10:00:00-00:00" {{(pid=102633) _check_extension /opt/stack/neutron/neutron/api/extensions.py:415}}
Mar 29 02:10:30.605920 np0000161185 devstack@neutron-api.service[102633]: INFO neutron.api.extensions [None req-018e2b32-e9ba-4d15-b206-e3c9133c8da1 None None] Loaded extension: ext-gw-mode
Mar 29 02:10:30.605920 np0000161185 devstack@neutron-api.service[102633]: DEBUG neutron.api.extensions [None req-018e2b32-e9ba-4d15-b206-e3c9133c8da1 None None] Loading extension file: l3_ext_ha_mode.py {{(pid=102633) _load_all_extensions_from_path /opt/stack/neutron/neutron/api/extensions.py:449}}
Mar 29 02:10:30.605920 np0000161185 devstack@neutron-api.service[102633]: DEBUG neutron.api.extensions [None req-018e2b32-e9ba-4d15-b206-e3c9133c8da1 None None] Ext name="HA Router extension" alias="l3-ha" description="Adds HA capability to routers." updated="2014-04-26T00:00:00-00:00" {{(pid=102633) _check_extension /opt/stack/neutron/neutron/api/extensions.py:415}}
Mar 29 02:10:30.605920 np0000161185 devstack@neutron-api.service[102633]: INFO neutron.api.extensions [None req-018e2b32-e9ba-4d15-b206-e3c9133c8da1 None None] Loaded extension: l3-ha
Mar 29 02:10:30.605920 np0000161185 devstack@neutron-api.service[102633]: DEBUG neutron.api.extensions [None req-018e2b32-e9ba-4d15-b206-e3c9133c8da1 None None] Loading extension file: l3_ext_ndp_proxy.py {{(pid=102633) _load_all_extensions_from_path /opt/stack/neutron/neutron/api/extensions.py:449}}
Mar 29 02:10:30.606250 np0000161185 devstack@neutron-api.service[102633]: DEBUG neutron.api.extensions [None req-018e2b32-e9ba-4d15-b206-e3c9133c8da1 None None] Ext name="Router support to enable NDP proxy" alias="l3-ext-ndp-proxy" description="Router extension to enable ndp proxy" updated="2020-08-25T00:00:00-00:00" {{(pid=102633) _check_extension /opt/stack/neutron/neutron/api/extensions.py:415}}
Mar 29 02:10:30.606250 np0000161185 devstack@neutron-api.service[102633]: INFO neutron.api.extensions [None req-018e2b32-e9ba-4d15-b206-e3c9133c8da1 None None] Extension l3-ext-ndp-proxy not supported by any of loaded plugins
Mar 29 02:10:30.606250 np0000161185 devstack@neutron-api.service[102633]: DEBUG neutron.api.extensions [None req-018e2b32-e9ba-4d15-b206-e3c9133c8da1 None None] Loading extension file: l3_extra_gws.py {{(pid=102633) _load_all_extensions_from_path /opt/stack/neutron/neutron/api/extensions.py:449}}
Mar 29 02:10:30.606398 np0000161185 devstack@neutron-api.service[102633]: DEBUG neutron.api.extensions [None req-018e2b32-e9ba-4d15-b206-e3c9133c8da1 None None] Ext name="Neutron L3 External Gateway Multihoming" alias="external-gateway-multihoming" description="Allow multiple external gateway ports per router" updated="2023-01-18T00:00:00-00:00" {{(pid=102633) _check_extension /opt/stack/neutron/neutron/api/extensions.py:415}}
Mar 29 02:10:30.606493 np0000161185 devstack@neutron-api.service[102633]: INFO neutron.api.extensions [None req-018e2b32-e9ba-4d15-b206-e3c9133c8da1 None None] Loaded extension: external-gateway-multihoming
Mar 29 02:10:30.606584 np0000161185 devstack@neutron-api.service[102633]: DEBUG neutron.api.extensions [None req-018e2b32-e9ba-4d15-b206-e3c9133c8da1 None None] Loading extension file: l3_flavors.py {{(pid=102633) _load_all_extensions_from_path /opt/stack/neutron/neutron/api/extensions.py:449}}
Mar 29 02:10:30.606802 np0000161185 devstack@neutron-api.service[102633]: DEBUG neutron.api.extensions [None req-018e2b32-e9ba-4d15-b206-e3c9133c8da1 None None] Ext name="Router Flavor Extension" alias="l3-flavors" description="Flavor support for routers." updated="2016-05-17T00:00:00-00:00" {{(pid=102633) _check_extension /opt/stack/neutron/neutron/api/extensions.py:415}}
Mar 29 02:10:30.606999 np0000161185 devstack@neutron-api.service[102633]: INFO neutron.api.extensions [None req-018e2b32-e9ba-4d15-b206-e3c9133c8da1 None None] Loaded extension: l3-flavors
Mar 29 02:10:30.607062 np0000161185 devstack@neutron-api.service[102633]: DEBUG neutron.api.extensions [None req-018e2b32-e9ba-4d15-b206-e3c9133c8da1 None None] Loading extension file: l3_ndp_proxy.py {{(pid=102633) _load_all_extensions_from_path /opt/stack/neutron/neutron/api/extensions.py:449}}
Mar 29 02:10:30.607378 np0000161185 devstack@neutron-api.service[102633]: DEBUG neutron.api.extensions [None req-018e2b32-e9ba-4d15-b206-e3c9133c8da1 None None] Ext name="name" alias="l3-ndp-proxy" description="description" updated="2021-06-29T10:00:00-00:00" {{(pid=102633) _check_extension /opt/stack/neutron/neutron/api/extensions.py:415}}
Mar 29 02:10:30.607523 np0000161185 devstack@neutron-api.service[102633]: INFO neutron.api.extensions [None req-018e2b32-e9ba-4d15-b206-e3c9133c8da1 None None] Extension l3-ndp-proxy not supported by any of loaded plugins
Mar 29 02:10:30.607604 np0000161185 devstack@neutron-api.service[102633]: DEBUG neutron.api.extensions [None req-018e2b32-e9ba-4d15-b206-e3c9133c8da1 None None] Loading extension file: l3_port_ip_change_not_allowed.py {{(pid=102633) _load_all_extensions_from_path /opt/stack/neutron/neutron/api/extensions.py:449}}
Mar 29 02:10:30.607857 np0000161185 devstack@neutron-api.service[102633]: DEBUG neutron.api.extensions [None req-018e2b32-e9ba-4d15-b206-e3c9133c8da1 None None] Ext name="Prevent L3 router ports IP address change extension" alias="l3-port-ip-change-not-allowed" description="Prevent change of IP address for some L3 router ports" updated="2018-10-09T10:00:00-00:00" {{(pid=102633) _check_extension /opt/stack/neutron/neutron/api/extensions.py:415}}
Mar 29 02:10:30.608030 np0000161185 devstack@neutron-api.service[102633]: INFO neutron.api.extensions [None req-018e2b32-e9ba-4d15-b206-e3c9133c8da1 None None] Extension l3-port-ip-change-not-allowed not supported by any of loaded plugins
Mar 29 02:10:30.608123 np0000161185 devstack@neutron-api.service[102633]: DEBUG neutron.api.extensions [None req-018e2b32-e9ba-4d15-b206-e3c9133c8da1 None None] Loading extension file: l3agentscheduler.py {{(pid=102633) _load_all_extensions_from_path /opt/stack/neutron/neutron/api/extensions.py:449}}
Mar 29 02:10:30.608686 np0000161185 devstack@neutron-api.service[102633]: DEBUG neutron.api.extensions [None req-018e2b32-e9ba-4d15-b206-e3c9133c8da1 None None] Ext name="L3 Agent Scheduler" alias="l3_agent_scheduler" description="Schedule routers among l3 agents" updated="2013-02-07T10:00:00-00:00" {{(pid=102633) _check_extension /opt/stack/neutron/neutron/api/extensions.py:415}}
Mar 29 02:10:30.608875 np0000161185 devstack@neutron-api.service[102633]: INFO neutron.api.extensions [None req-018e2b32-e9ba-4d15-b206-e3c9133c8da1 None None] Extension l3_agent_scheduler not supported by any of loaded plugins
Mar 29 02:10:30.608973 np0000161185 devstack@neutron-api.service[102633]: DEBUG neutron.api.extensions [None req-018e2b32-e9ba-4d15-b206-e3c9133c8da1 None None] Loading extension file: local_ip.py {{(pid=102633) _load_all_extensions_from_path /opt/stack/neutron/neutron/api/extensions.py:449}}
Mar 29 02:10:30.609314 np0000161185 devstack@neutron-api.service[102633]: DEBUG neutron.api.extensions [None req-018e2b32-e9ba-4d15-b206-e3c9133c8da1 None None] Ext name="Local IP" alias="local_ip" description="Support Node Local Virtual IP" updated="2021-07-26T10:00:00-00:00" {{(pid=102633) _check_extension /opt/stack/neutron/neutron/api/extensions.py:415}}
Mar 29 02:10:30.609481 np0000161185 devstack@neutron-api.service[102633]: INFO neutron.api.extensions [None req-018e2b32-e9ba-4d15-b206-e3c9133c8da1 None None] Extension local_ip not supported by any of loaded plugins
Mar 29 02:10:30.609556 np0000161185 devstack@neutron-api.service[102633]: DEBUG neutron.api.extensions [None req-018e2b32-e9ba-4d15-b206-e3c9133c8da1 None None] Loading extension file: logging.py {{(pid=102633) _load_all_extensions_from_path /opt/stack/neutron/neutron/api/extensions.py:449}}
Mar 29 02:10:30.609871 np0000161185 devstack@neutron-api.service[102633]: DEBUG neutron.api.extensions [None req-018e2b32-e9ba-4d15-b206-e3c9133c8da1 None None] Ext name="Logging API Extension" alias="logging" description="Provides a logging API for resources such as security group and firewall." updated="2017-01-01T10:00:00-00:00" {{(pid=102633) _check_extension /opt/stack/neutron/neutron/api/extensions.py:415}}
Mar 29 02:10:30.610041 np0000161185 devstack@neutron-api.service[102633]: INFO neutron.api.extensions [None req-018e2b32-e9ba-4d15-b206-e3c9133c8da1 None None] Extension logging not supported by any of loaded plugins
Mar 29 02:10:30.610174 np0000161185 devstack@neutron-api.service[102633]: DEBUG neutron.api.extensions [None req-018e2b32-e9ba-4d15-b206-e3c9133c8da1 None None] Loading extension file: metering.py {{(pid=102633) _load_all_extensions_from_path /opt/stack/neutron/neutron/api/extensions.py:449}}
Mar 29 02:10:30.610556 np0000161185 devstack@neutron-api.service[102633]: DEBUG neutron.api.extensions [None req-018e2b32-e9ba-4d15-b206-e3c9133c8da1 None None] Ext name="Neutron Metering" alias="metering" description="Neutron Metering extension." updated="2013-06-12T10:00:00-00:00" {{(pid=102633) _check_extension /opt/stack/neutron/neutron/api/extensions.py:415}}
Mar 29 02:10:30.610763 np0000161185 devstack@neutron-api.service[102633]: INFO neutron.api.extensions [None req-018e2b32-e9ba-4d15-b206-e3c9133c8da1 None None] Extension metering not supported by any of loaded plugins
Mar 29 02:10:30.610873 np0000161185 devstack@neutron-api.service[102633]: DEBUG neutron.api.extensions [None req-018e2b32-e9ba-4d15-b206-e3c9133c8da1 None None] Loading extension file: metering_source_and_destination_fields.py {{(pid=102633) _load_all_extensions_from_path /opt/stack/neutron/neutron/api/extensions.py:449}}
Mar 29 02:10:30.611122 np0000161185 devstack@neutron-api.service[102633]: DEBUG neutron.api.extensions [None req-018e2b32-e9ba-4d15-b206-e3c9133c8da1 None None] Ext name="Neutron Metering with source and destination filtering" alias="metering_source_and_destination_fields" description="Neutron Metering extension that enables the use of source and destination IP prefixes to create metering label rules." updated="2020-08-21T08:12:00-00:00" {{(pid=102633) _check_extension /opt/stack/neutron/neutron/api/extensions.py:415}}
Mar 29 02:10:30.611332 np0000161185 devstack@neutron-api.service[102633]: INFO neutron.api.extensions [None req-018e2b32-e9ba-4d15-b206-e3c9133c8da1 None None] Extension metering_source_and_destination_fields not supported by any of loaded plugins
Mar 29 02:10:30.611480 np0000161185 devstack@neutron-api.service[102633]: DEBUG neutron.api.extensions [None req-018e2b32-e9ba-4d15-b206-e3c9133c8da1 None None] Loading extension file: multiprovidernet.py {{(pid=102633) _load_all_extensions_from_path /opt/stack/neutron/neutron/api/extensions.py:449}}
Mar 29 02:10:30.611924 np0000161185 devstack@neutron-api.service[102633]: DEBUG neutron.api.extensions [None req-018e2b32-e9ba-4d15-b206-e3c9133c8da1 None None] Ext name="Multi Provider Network" alias="multi-provider" description="Expose mapping of virtual networks to multiple physical networks" updated="2013-06-27T10:00:00-00:00" {{(pid=102633) _check_extension /opt/stack/neutron/neutron/api/extensions.py:415}}
Mar 29 02:10:30.612134 np0000161185 devstack@neutron-api.service[102633]: INFO neutron.api.extensions [None req-018e2b32-e9ba-4d15-b206-e3c9133c8da1 None None] Loaded extension: multi-provider
Mar 29 02:10:30.612258 np0000161185 devstack@neutron-api.service[102633]: DEBUG neutron.api.extensions [None req-018e2b32-e9ba-4d15-b206-e3c9133c8da1 None None] Loading extension file: netmtu.py {{(pid=102633) _load_all_extensions_from_path /opt/stack/neutron/neutron/api/extensions.py:449}}
Mar 29 02:10:30.612552 np0000161185 devstack@neutron-api.service[102633]: DEBUG neutron.api.extensions [None req-018e2b32-e9ba-4d15-b206-e3c9133c8da1 None None] Ext name="Network MTU" alias="net-mtu" description="Provides MTU attribute for a network resource." updated="2015-03-25T10:00:00-00:00" {{(pid=102633) _check_extension /opt/stack/neutron/neutron/api/extensions.py:415}}
Mar 29 02:10:30.612785 np0000161185 devstack@neutron-api.service[102633]: INFO neutron.api.extensions [None req-018e2b32-e9ba-4d15-b206-e3c9133c8da1 None None] Loaded extension: net-mtu
Mar 29 02:10:30.612916 np0000161185 devstack@neutron-api.service[102633]: DEBUG neutron.api.extensions [None req-018e2b32-e9ba-4d15-b206-e3c9133c8da1 None None] Loading extension file: netmtu_writable.py {{(pid=102633) _load_all_extensions_from_path /opt/stack/neutron/neutron/api/extensions.py:449}}
Mar 29 02:10:30.613199 np0000161185 devstack@neutron-api.service[102633]: DEBUG neutron.api.extensions [None req-018e2b32-e9ba-4d15-b206-e3c9133c8da1 None None] Ext name="Network MTU (writable)" alias="net-mtu-writable" description="Provides a writable MTU attribute for a network resource." updated="2017-07-12T00:00:00-00:00" {{(pid=102633) _check_extension /opt/stack/neutron/neutron/api/extensions.py:415}}
Mar 29 02:10:30.613430 np0000161185 devstack@neutron-api.service[102633]: INFO neutron.api.extensions [None req-018e2b32-e9ba-4d15-b206-e3c9133c8da1 None None] Loaded extension: net-mtu-writable
Mar 29 02:10:30.613561 np0000161185 devstack@neutron-api.service[102633]: DEBUG neutron.api.extensions [None req-018e2b32-e9ba-4d15-b206-e3c9133c8da1 None None] Loading extension file: network_availability_zone.py {{(pid=102633) _load_all_extensions_from_path /opt/stack/neutron/neutron/api/extensions.py:449}}
Mar 29 02:10:30.613860 np0000161185 devstack@neutron-api.service[102634]: INFO neutron.plugins.ml2.drivers.type_vlan [None req-21ef920b-92eb-4b77-ba17-4364b2b3bd82 None None] VlanTypeDriver initialization complete
Mar 29 02:10:30.614095 np0000161185 devstack@neutron-api.service[102633]: DEBUG neutron.api.extensions [None req-018e2b32-e9ba-4d15-b206-e3c9133c8da1 None None] Ext name="Network Availability Zone" alias="network_availability_zone" description="Availability zone support for network." updated="2015-01-01T10:00:00-00:00" {{(pid=102633) _check_extension /opt/stack/neutron/neutron/api/extensions.py:415}}
Mar 29 02:10:30.614133 np0000161185 devstack@neutron-api.service[102634]: INFO neutron.plugins.ml2.managers [None req-21ef920b-92eb-4b77-ba17-4364b2b3bd82 None None] Initializing extension driver 'port_security'
Mar 29 02:10:30.614133 np0000161185 devstack@neutron-api.service[102634]: INFO neutron.plugins.ml2.extensions.port_security [None req-21ef920b-92eb-4b77-ba17-4364b2b3bd82 None None] PortSecurityExtensionDriver initialization complete
Mar 29 02:10:30.614247 np0000161185 devstack@neutron-api.service[102633]: INFO neutron.api.extensions [None req-018e2b32-e9ba-4d15-b206-e3c9133c8da1 None None] Loaded extension: network_availability_zone
Mar 29 02:10:30.614296 np0000161185 devstack@neutron-api.service[102634]: INFO neutron.plugins.ml2.managers [None req-21ef920b-92eb-4b77-ba17-4364b2b3bd82 None None] Initializing extension driver 'qos'
Mar 29 02:10:30.614363 np0000161185 devstack@neutron-api.service[102633]: DEBUG neutron.api.extensions [None req-018e2b32-e9ba-4d15-b206-e3c9133c8da1 None None] Loading extension file: network_ha.py {{(pid=102633) _load_all_extensions_from_path /opt/stack/neutron/neutron/api/extensions.py:449}}
Mar 29 02:10:30.614427 np0000161185 devstack@neutron-api.service[102634]: DEBUG neutron.plugins.ml2.extensions.qos [None req-21ef920b-92eb-4b77-ba17-4364b2b3bd82 None None] QosExtensionDriver initialization complete {{(pid=102634) initialize /opt/stack/neutron/neutron/plugins/ml2/extensions/qos.py:31}}
Mar 29 02:10:30.614427 np0000161185 devstack@neutron-api.service[102634]: INFO neutron.plugins.ml2.managers [None req-21ef920b-92eb-4b77-ba17-4364b2b3bd82 None None] Initializing mechanism driver 'ovn'
Mar 29 02:10:30.614480 np0000161185 devstack@neutron-api.service[102634]: INFO neutron.plugins.ml2.drivers.ovn.mech_driver.mech_driver [None req-21ef920b-92eb-4b77-ba17-4364b2b3bd82 None None] Starting OVNMechanismDriver
Mar 29 02:10:30.614861 np0000161185 devstack@neutron-api.service[102633]: DEBUG neutron.api.extensions [None req-018e2b32-e9ba-4d15-b206-e3c9133c8da1 None None] Ext name="Network HA creation flag" alias="network_ha" description="Network high availability creation flag." updated="2023-04-27T10:00:00-00:00" {{(pid=102633) _check_extension /opt/stack/neutron/neutron/api/extensions.py:415}}
Mar 29 02:10:30.614861 np0000161185 devstack@neutron-api.service[102633]: INFO neutron.api.extensions [None req-018e2b32-e9ba-4d15-b206-e3c9133c8da1 None None] Extension network_ha not supported by any of loaded plugins
Mar 29 02:10:30.614961 np0000161185 devstack@neutron-api.service[102633]: DEBUG neutron.api.extensions [None req-018e2b32-e9ba-4d15-b206-e3c9133c8da1 None None] Loading extension file: network_ip_availability.py {{(pid=102633) _load_all_extensions_from_path /opt/stack/neutron/neutron/api/extensions.py:449}}
Mar 29 02:10:30.615224 np0000161185 devstack@neutron-api.service[102632]: DEBUG neutron_lib.callbacks.manager [None req-28a25c62-b44d-466e-8479-4f111c528ee4 None None] Subscribe: > router before_delete 55550000, False {{(pid=102632) subscribe /opt/stack/data/venv/lib/python3.12/site-packages/neutron_lib/callbacks/manager.py:52}}
Mar 29 02:10:30.615259 np0000161185 devstack@neutron-api.service[102632]: DEBUG neutron_lib.callbacks.manager [None req-28a25c62-b44d-466e-8479-4f111c528ee4 None None] Subscribe: port after_update 55550000, False {{(pid=102632) subscribe /opt/stack/data/venv/lib/python3.12/site-packages/neutron_lib/callbacks/manager.py:52}}
Mar 29 02:10:30.615299 np0000161185 devstack@neutron-api.service[102633]: DEBUG neutron.api.extensions [None req-018e2b32-e9ba-4d15-b206-e3c9133c8da1 None None] Ext name="Network IP Availability" alias="network-ip-availability" description="Provides IP availability data for each network and subnet." updated="2015-09-24T00:00:00-00:00" {{(pid=102633) _check_extension /opt/stack/neutron/neutron/api/extensions.py:415}}
Mar 29 02:10:30.615371 np0000161185 devstack@neutron-api.service[102632]: DEBUG neutron_lib.callbacks.manager [None req-28a25c62-b44d-466e-8479-4f111c528ee4 None None] Subscribe: port after_delete 55550000, False {{(pid=102632) subscribe /opt/stack/data/venv/lib/python3.12/site-packages/neutron_lib/callbacks/manager.py:52}}
Mar 29 02:10:30.615497 np0000161185 devstack@neutron-api.service[102632]: DEBUG neutron_lib.callbacks.manager [None req-28a25c62-b44d-466e-8479-4f111c528ee4 None None] Subscribe: subnet after_update 55550000, False {{(pid=102632) subscribe /opt/stack/data/venv/lib/python3.12/site-packages/neutron_lib/callbacks/manager.py:52}}
Mar 29 02:10:30.615531 np0000161185 devstack@neutron-api.service[102633]: INFO neutron.api.extensions [None req-018e2b32-e9ba-4d15-b206-e3c9133c8da1 None None] Loaded extension: network-ip-availability
Mar 29 02:10:30.615600 np0000161185 devstack@neutron-api.service[102632]: DEBUG neutron_lib.callbacks.manager [None req-28a25c62-b44d-466e-8479-4f111c528ee4 None None] Subscribe: subnetpool_address_scope after_update 55550000, False {{(pid=102632) subscribe /opt/stack/data/venv/lib/python3.12/site-packages/neutron_lib/callbacks/manager.py:52}}
Mar 29 02:10:30.615642 np0000161185 devstack@neutron-api.service[102633]: DEBUG neutron.api.extensions [None req-018e2b32-e9ba-4d15-b206-e3c9133c8da1 None None] Loading extension file: network_ip_availability_details.py {{(pid=102633) _load_all_extensions_from_path /opt/stack/neutron/neutron/api/extensions.py:449}}
Mar 29 02:10:30.615712 np0000161185 devstack@neutron-api.service[102632]: DEBUG neutron_lib.callbacks.manager [None req-28a25c62-b44d-466e-8479-4f111c528ee4 None None] Subscribe: port before_update 55550000, False {{(pid=102632) subscribe /opt/stack/data/venv/lib/python3.12/site-packages/neutron_lib/callbacks/manager.py:52}}
Mar 29 02:10:30.615807 np0000161185 devstack@neutron-api.service[102632]: DEBUG neutron_lib.callbacks.manager [None req-28a25c62-b44d-466e-8479-4f111c528ee4 None None] Subscribe: port after_update 55550000, False {{(pid=102632) subscribe /opt/stack/data/venv/lib/python3.12/site-packages/neutron_lib/callbacks/manager.py:52}}
Mar 29 02:10:30.615911 np0000161185 devstack@neutron-api.service[102632]: DEBUG neutron_lib.callbacks.manager [None req-28a25c62-b44d-466e-8479-4f111c528ee4 None None] Subscribe: > port precommit_delete 55550000, False {{(pid=102632) subscribe /opt/stack/data/venv/lib/python3.12/site-packages/neutron_lib/callbacks/manager.py:52}}
Mar 29 02:10:30.616004 np0000161185 devstack@neutron-api.service[102633]: DEBUG neutron.api.extensions [None req-018e2b32-e9ba-4d15-b206-e3c9133c8da1 None None] Ext name="Network IP Availability Details Extension" alias="network-ip-availability-details" description="Add ip_availability_details attribute to network-ip-availabilities resource." updated="2025-10-31T00:00:00-00:00" {{(pid=102633) _check_extension /opt/stack/neutron/neutron/api/extensions.py:415}}
Mar 29 02:10:30.616040 np0000161185 devstack@neutron-api.service[102632]: DEBUG neutron_lib.callbacks.manager [None req-28a25c62-b44d-466e-8479-4f111c528ee4 None None] Subscribe: port before_update 55550000, False {{(pid=102632) subscribe /opt/stack/data/venv/lib/python3.12/site-packages/neutron_lib/callbacks/manager.py:52}}
Mar 29 02:10:30.616129 np0000161185 devstack@neutron-api.service[102632]: DEBUG neutron_lib.callbacks.manager [None req-28a25c62-b44d-466e-8479-4f111c528ee4 None None] Subscribe: port before_delete 55550000, False {{(pid=102632) subscribe /opt/stack/data/venv/lib/python3.12/site-packages/neutron_lib/callbacks/manager.py:52}}
Mar 29 02:10:30.616160 np0000161185 devstack@neutron-api.service[102634]: DEBUG neutron_lib.callbacks.manager [None req-21ef920b-92eb-4b77-ba17-4364b2b3bd82 None None] Subscribe: > process before_spawn 55550000, False {{(pid=102634) subscribe /opt/stack/data/venv/lib/python3.12/site-packages/neutron_lib/callbacks/manager.py:52}}
Mar 29 02:10:30.616214 np0000161185 devstack@neutron-api.service[102632]: DEBUG neutron_lib.callbacks.manager [None req-28a25c62-b44d-466e-8479-4f111c528ee4 None None] Subscribe: > router precommit_create 55550000, False {{(pid=102632) subscribe /opt/stack/data/venv/lib/python3.12/site-packages/neutron_lib/callbacks/manager.py:52}}
Mar 29 02:10:30.616249 np0000161185 devstack@neutron-api.service[102633]: INFO neutron.api.extensions [None req-018e2b32-e9ba-4d15-b206-e3c9133c8da1 None None] Loaded extension: network-ip-availability-details
Mar 29 02:10:30.616346 np0000161185 devstack@neutron-api.service[102634]: DEBUG neutron_lib.callbacks.manager [None req-21ef920b-92eb-4b77-ba17-4364b2b3bd82 None None] Subscribe: > process after_init 55550000, True {{(pid=102634) subscribe /opt/stack/data/venv/lib/python3.12/site-packages/neutron_lib/callbacks/manager.py:52}}
Mar 29 02:10:30.616379 np0000161185 devstack@neutron-api.service[102632]: DEBUG neutron_lib.callbacks.manager [None req-28a25c62-b44d-466e-8479-4f111c528ee4 None None] Subscribe: > router precommit_create 55550000, False {{(pid=102632) subscribe /opt/stack/data/venv/lib/python3.12/site-packages/neutron_lib/callbacks/manager.py:52}}
Mar 29 02:10:30.616409 np0000161185 devstack@neutron-api.service[102633]: DEBUG neutron.api.extensions [None req-018e2b32-e9ba-4d15-b206-e3c9133c8da1 None None] Loading extension file: network_segment_range.py {{(pid=102633) _load_all_extensions_from_path /opt/stack/neutron/neutron/api/extensions.py:449}}
Mar 29 02:10:30.616441 np0000161185 devstack@neutron-api.service[102634]: DEBUG neutron_lib.callbacks.manager [None req-21ef920b-92eb-4b77-ba17-4364b2b3bd82 None None] Subscribe: > segment after_create 55550000, False {{(pid=102634) subscribe /opt/stack/data/venv/lib/python3.12/site-packages/neutron_lib/callbacks/manager.py:52}}
Mar 29 02:10:30.616473 np0000161185 devstack@neutron-api.service[102632]: DEBUG neutron_lib.callbacks.manager [None req-28a25c62-b44d-466e-8479-4f111c528ee4 None None] Subscribe: > router precommit_update 55550000, False {{(pid=102632) subscribe /opt/stack/data/venv/lib/python3.12/site-packages/neutron_lib/callbacks/manager.py:52}}
Mar 29 02:10:30.616548 np0000161185 devstack@neutron-api.service[102634]: DEBUG neutron_lib.callbacks.manager [None req-21ef920b-92eb-4b77-ba17-4364b2b3bd82 None None] Subscribe: > segment after_create 55550000, False {{(pid=102634) subscribe /opt/stack/data/venv/lib/python3.12/site-packages/neutron_lib/callbacks/manager.py:52}}
Mar 29 02:10:30.616581 np0000161185 devstack@neutron-api.service[102632]: DEBUG neutron_lib.callbacks.manager [None req-28a25c62-b44d-466e-8479-4f111c528ee4 None None] Subscribe: subnet after_update 55550000, False {{(pid=102632) subscribe /opt/stack/data/venv/lib/python3.12/site-packages/neutron_lib/callbacks/manager.py:52}}
Mar 29 02:10:30.616609 np0000161185 devstack@neutron-api.service[102634]: DEBUG neutron_lib.callbacks.manager [None req-21ef920b-92eb-4b77-ba17-4364b2b3bd82 None None] Subscribe: > segment after_delete 55550000, False {{(pid=102634) subscribe /opt/stack/data/venv/lib/python3.12/site-packages/neutron_lib/callbacks/manager.py:52}}
Mar 29 02:10:30.616727 np0000161185 devstack@neutron-api.service[102634]: DEBUG neutron_lib.callbacks.manager [None req-21ef920b-92eb-4b77-ba17-4364b2b3bd82 None None] Subscribe: > allowed_address_pair before_create 55550000, False {{(pid=102634) subscribe /opt/stack/data/venv/lib/python3.12/site-packages/neutron_lib/callbacks/manager.py:52}}
Mar 29 02:10:30.616844 np0000161185 devstack@neutron-api.service[102633]: DEBUG neutron.api.extensions [None req-018e2b32-e9ba-4d15-b206-e3c9133c8da1 None None] Ext name="Neutron Network Segment Range" alias="network-segment-range" description="Provides support for the network segment range management" updated="2018-11-29T00:00:00-00:00" {{(pid=102633) _check_extension /opt/stack/neutron/neutron/api/extensions.py:415}}
Mar 29 02:10:30.616884 np0000161185 devstack@neutron-api.service[102634]: DEBUG neutron_lib.callbacks.manager [None req-21ef920b-92eb-4b77-ba17-4364b2b3bd82 None None] Subscribe: > security_group precommit_create 55550000, False {{(pid=102634) subscribe /opt/stack/data/venv/lib/python3.12/site-packages/neutron_lib/callbacks/manager.py:52}}
Mar 29 02:10:30.616990 np0000161185 devstack@neutron-api.service[102634]: DEBUG neutron_lib.callbacks.manager [None req-21ef920b-92eb-4b77-ba17-4364b2b3bd82 None None] Subscribe: > security_group after_update 55550000, False {{(pid=102634) subscribe /opt/stack/data/venv/lib/python3.12/site-packages/neutron_lib/callbacks/manager.py:52}}
Mar 29 02:10:30.617097 np0000161185 devstack@neutron-api.service[102634]: DEBUG neutron_lib.callbacks.manager [None req-21ef920b-92eb-4b77-ba17-4364b2b3bd82 None None] Subscribe: > security_group after_create 55550000, False {{(pid=102634) subscribe /opt/stack/data/venv/lib/python3.12/site-packages/neutron_lib/callbacks/manager.py:52}}
Mar 29 02:10:30.617135 np0000161185 devstack@neutron-api.service[102633]: INFO neutron.api.extensions [None req-018e2b32-e9ba-4d15-b206-e3c9133c8da1 None None] Extension network-segment-range not supported by any of loaded plugins
Mar 29 02:10:30.617203 np0000161185 devstack@neutron-api.service[102634]: DEBUG neutron_lib.callbacks.manager [None req-21ef920b-92eb-4b77-ba17-4364b2b3bd82 None None] Subscribe: > security_group precommit_delete 55550000, False {{(pid=102634) subscribe /opt/stack/data/venv/lib/python3.12/site-packages/neutron_lib/callbacks/manager.py:52}}
Mar 29 02:10:30.617241 np0000161185 devstack@neutron-api.service[102633]: DEBUG neutron.api.extensions [None req-018e2b32-e9ba-4d15-b206-e3c9133c8da1 None None] Loading extension file: pagination.py {{(pid=102633) _load_all_extensions_from_path /opt/stack/neutron/neutron/api/extensions.py:449}}
Mar 29 02:10:30.617279 np0000161185 devstack@neutron-api.service[102632]: DEBUG neutron.quota.resource_registry [None req-28a25c62-b44d-466e-8479-4f111c528ee4 None None] Tracking information for resource: router configured {{(pid=102632) set_tracked_resource /opt/stack/neutron/neutron/quota/resource_registry.py:203}}
Mar 29 02:10:30.617309 np0000161185 devstack@neutron-api.service[102634]: DEBUG neutron_lib.callbacks.manager [None req-21ef920b-92eb-4b77-ba17-4364b2b3bd82 None None] Subscribe: > security_group after_delete 55550000, False {{(pid=102634) subscribe /opt/stack/data/venv/lib/python3.12/site-packages/neutron_lib/callbacks/manager.py:52}}
Mar 29 02:10:30.617360 np0000161185 devstack@neutron-api.service[102632]: DEBUG neutron.quota.resource_registry [None req-28a25c62-b44d-466e-8479-4f111c528ee4 None None] Tracking information for resource: floatingip configured {{(pid=102632) set_tracked_resource /opt/stack/neutron/neutron/quota/resource_registry.py:203}}
Mar 29 02:10:30.617411 np0000161185 devstack@neutron-api.service[102634]: DEBUG neutron_lib.callbacks.manager [None req-21ef920b-92eb-4b77-ba17-4364b2b3bd82 None None] Subscribe: > security_group_rule precommit_create 55550000, False {{(pid=102634) subscribe /opt/stack/data/venv/lib/python3.12/site-packages/neutron_lib/callbacks/manager.py:52}}
Mar 29 02:10:30.617459 np0000161185 devstack@neutron-api.service[102632]: INFO neutron.services.ovn_l3.plugin [None req-28a25c62-b44d-466e-8479-4f111c528ee4 None None] Starting OVNL3RouterPlugin
Mar 29 02:10:30.617517 np0000161185 devstack@neutron-api.service[102634]: DEBUG neutron_lib.callbacks.manager [None req-21ef920b-92eb-4b77-ba17-4364b2b3bd82 None None] Subscribe: > security_group_rule after_create 55550000, False {{(pid=102634) subscribe /opt/stack/data/venv/lib/python3.12/site-packages/neutron_lib/callbacks/manager.py:52}}
Mar 29 02:10:30.617551 np0000161185 devstack@neutron-api.service[102633]: DEBUG neutron.api.extensions [None req-018e2b32-e9ba-4d15-b206-e3c9133c8da1 None None] Ext name="Pagination support" alias="pagination" description="Extension that indicates that pagination is enabled." updated="2016-06-12T00:00:00-00:00" {{(pid=102633) _check_extension /opt/stack/neutron/neutron/api/extensions.py:415}}
Mar 29 02:10:30.617622 np0000161185 devstack@neutron-api.service[102634]: DEBUG neutron_lib.callbacks.manager [None req-21ef920b-92eb-4b77-ba17-4364b2b3bd82 None None] Subscribe: > security_group_rule before_delete 55550000, False {{(pid=102634) subscribe /opt/stack/data/venv/lib/python3.12/site-packages/neutron_lib/callbacks/manager.py:52}}
Mar 29 02:10:30.617699 np0000161185 devstack@neutron-api.service[102633]: INFO neutron.api.extensions [None req-018e2b32-e9ba-4d15-b206-e3c9133c8da1 None None] Loaded extension: pagination
Mar 29 02:10:30.617732 np0000161185 devstack@neutron-api.service[102632]: DEBUG neutron_lib.callbacks.manager [None req-28a25c62-b44d-466e-8479-4f111c528ee4 None None] Subscribe: > port_forwarding_plugin after_init 55550000, False {{(pid=102632) subscribe /opt/stack/data/venv/lib/python3.12/site-packages/neutron_lib/callbacks/manager.py:52}}
Mar 29 02:10:30.617765 np0000161185 devstack@neutron-api.service[102634]: DEBUG neutron_lib.callbacks.manager [None req-21ef920b-92eb-4b77-ba17-4364b2b3bd82 None None] Subscribe: > address_group after_create 55550000, False {{(pid=102634) subscribe /opt/stack/data/venv/lib/python3.12/site-packages/neutron_lib/callbacks/manager.py:52}}
Mar 29 02:10:30.617834 np0000161185 devstack@neutron-api.service[102633]: DEBUG neutron.api.extensions [None req-018e2b32-e9ba-4d15-b206-e3c9133c8da1 None None] Loading extension file: port_device_profile.py {{(pid=102633) _load_all_extensions_from_path /opt/stack/neutron/neutron/api/extensions.py:449}}
Mar 29 02:10:30.617867 np0000161185 devstack@neutron-api.service[102634]: DEBUG neutron_lib.callbacks.manager [None req-21ef920b-92eb-4b77-ba17-4364b2b3bd82 None None] Subscribe: > address_group after_update 55550000, False {{(pid=102634) subscribe /opt/stack/data/venv/lib/python3.12/site-packages/neutron_lib/callbacks/manager.py:52}}
Mar 29 02:10:30.617899 np0000161185 devstack@neutron-api.service[102632]: DEBUG neutron_lib.callbacks.manager [None req-28a25c62-b44d-466e-8479-4f111c528ee4 None None] Subscribe: > router before_create 55550100, False {{(pid=102632) subscribe /opt/stack/data/venv/lib/python3.12/site-packages/neutron_lib/callbacks/manager.py:52}}
Mar 29 02:10:30.618008 np0000161185 devstack@neutron-api.service[102634]: DEBUG neutron_lib.callbacks.manager [None req-21ef920b-92eb-4b77-ba17-4364b2b3bd82 None None] Subscribe: > address_group after_delete 55550000, False {{(pid=102634) subscribe /opt/stack/data/venv/lib/python3.12/site-packages/neutron_lib/callbacks/manager.py:52}}
Mar 29 02:10:30.618047 np0000161185 devstack@neutron-api.service[102632]: DEBUG neutron_lib.callbacks.manager [None req-28a25c62-b44d-466e-8479-4f111c528ee4 None None] Subscribe: > router precommit_delete 55550100, False {{(pid=102632) subscribe /opt/stack/data/venv/lib/python3.12/site-packages/neutron_lib/callbacks/manager.py:52}}
Mar 29 02:10:30.618108 np0000161185 devstack@neutron-api.service[102632]: DEBUG neutron_lib.callbacks.manager [None req-28a25c62-b44d-466e-8479-4f111c528ee4 None None] Subscribe: > router precommit_create 55550100, False {{(pid=102632) subscribe /opt/stack/data/venv/lib/python3.12/site-packages/neutron_lib/callbacks/manager.py:52}}
Mar 29 02:10:30.618146 np0000161185 devstack@neutron-api.service[102634]: DEBUG neutron_lib.callbacks.manager [None req-21ef920b-92eb-4b77-ba17-4364b2b3bd82 None None] Subscribe: > qos_plugin after_init 55550000, False {{(pid=102634) subscribe /opt/stack/data/venv/lib/python3.12/site-packages/neutron_lib/callbacks/manager.py:52}}
Mar 29 02:10:30.618181 np0000161185 devstack@neutron-api.service[102633]: DEBUG neutron.api.extensions [None req-018e2b32-e9ba-4d15-b206-e3c9133c8da1 None None] Ext name="Port device profile" alias="port-device-profile" description="Expose the port device profile (Cyborg)" updated="2020-12-17T10:00:00-00:00" {{(pid=102633) _check_extension /opt/stack/neutron/neutron/api/extensions.py:415}}
Mar 29 02:10:30.618278 np0000161185 devstack@neutron-api.service[102632]: DEBUG neutron_lib.callbacks.manager [None req-28a25c62-b44d-466e-8479-4f111c528ee4 None None] Subscribe: > router precommit_update 55550100, False {{(pid=102632) subscribe /opt/stack/data/venv/lib/python3.12/site-packages/neutron_lib/callbacks/manager.py:52}}
Mar 29 02:10:30.618317 np0000161185 devstack@neutron-api.service[102634]: DEBUG neutron_lib.callbacks.manager [None req-21ef920b-92eb-4b77-ba17-4364b2b3bd82 None None] Subscribe: > trunk_plugin after_init 55550000, False {{(pid=102634) subscribe /opt/stack/data/venv/lib/python3.12/site-packages/neutron_lib/callbacks/manager.py:52}}
Mar 29 02:10:30.618449 np0000161185 devstack@neutron-api.service[102633]: INFO neutron.api.extensions [None req-018e2b32-e9ba-4d15-b206-e3c9133c8da1 None None] Loaded extension: port-device-profile
Mar 29 02:10:30.618484 np0000161185 devstack@neutron-api.service[102634]: DEBUG neutron_lib.callbacks.manager [None req-21ef920b-92eb-4b77-ba17-4364b2b3bd82 None None] Subscribe: > logging-plugin after_init 55550000, False {{(pid=102634) subscribe /opt/stack/data/venv/lib/python3.12/site-packages/neutron_lib/callbacks/manager.py:52}}
Mar 29 02:10:30.618555 np0000161185 devstack@neutron-api.service[102633]: DEBUG neutron.api.extensions [None req-018e2b32-e9ba-4d15-b206-e3c9133c8da1 None None] Loading extension file: port_hardware_offload_type.py {{(pid=102633) _load_all_extensions_from_path /opt/stack/neutron/neutron/api/extensions.py:449}}
Mar 29 02:10:30.618825 np0000161185 devstack@neutron-api.service[102633]: DEBUG neutron.api.extensions [None req-018e2b32-e9ba-4d15-b206-e3c9133c8da1 None None] Ext name="Port hardware offload" alias="port-hardware-offload-type" description="Expose port hardware offload extension" updated="2023-05-09T10:00:00-00:00" {{(pid=102633) _check_extension /opt/stack/neutron/neutron/api/extensions.py:415}}
Mar 29 02:10:30.618976 np0000161185 devstack@neutron-api.service[102634]: INFO neutron.services.logapi.drivers.ovn.driver [None req-21ef920b-92eb-4b77-ba17-4364b2b3bd82 None None] OVN logging driver registered
Mar 29 02:10:30.619066 np0000161185 devstack@neutron-api.service[102633]: INFO neutron.api.extensions [None req-018e2b32-e9ba-4d15-b206-e3c9133c8da1 None None] Extension port-hardware-offload-type not supported by any of loaded plugins
Mar 29 02:10:30.619211 np0000161185 devstack@neutron-api.service[102633]: DEBUG neutron.api.extensions [None req-018e2b32-e9ba-4d15-b206-e3c9133c8da1 None None] Loading extension file: port_hint_ovs_tx_steering.py {{(pid=102633) _load_all_extensions_from_path /opt/stack/neutron/neutron/api/extensions.py:449}}
Mar 29 02:10:30.619501 np0000161185 devstack@neutron-api.service[102633]: DEBUG neutron.api.extensions [None req-018e2b32-e9ba-4d15-b206-e3c9133c8da1 None None] Ext name="Port hint: Open vSwitch Tx steering" alias="port-hint-ovs-tx-steering" description="Enable Port hint: Open vSwitch Tx steering" updated="2023-01-01T00:00:00-00:00" {{(pid=102633) _check_extension /opt/stack/neutron/neutron/api/extensions.py:415}}
Mar 29 02:10:30.619791 np0000161185 devstack@neutron-api.service[102633]: INFO neutron.api.extensions [None req-018e2b32-e9ba-4d15-b206-e3c9133c8da1 None None] Extension port-hint-ovs-tx-steering not supported by any of loaded plugins
Mar 29 02:10:30.619885 np0000161185 devstack@neutron-api.service[102633]: DEBUG neutron.api.extensions [None req-018e2b32-e9ba-4d15-b206-e3c9133c8da1 None None] Loading extension file: port_hints.py {{(pid=102633) _load_all_extensions_from_path /opt/stack/neutron/neutron/api/extensions.py:449}}
Mar 29 02:10:30.620214 np0000161185 devstack@neutron-api.service[102633]: DEBUG neutron.api.extensions [None req-018e2b32-e9ba-4d15-b206-e3c9133c8da1 None None] Ext name="Port hints" alias="port-hints" description="Backend specific port hints to allow backend specific tuning" updated="2023-01-01T00:00:00-00:00" {{(pid=102633) _check_extension /opt/stack/neutron/neutron/api/extensions.py:415}}
Mar 29 02:10:30.620434 np0000161185 devstack@neutron-api.service[102634]: DEBUG neutron.plugins.ml2.plugin [None req-21ef920b-92eb-4b77-ba17-4364b2b3bd82 None None] neutron.plugins.ml2.plugin.Ml2Plugin method _start_rpc_notifiers called with arguments () {} {{(pid=102634) wrapper /opt/stack/data/venv/lib/python3.12/site-packages/oslo_log/helpers.py:77}}
Mar 29 02:10:30.620497 np0000161185 devstack@neutron-api.service[102633]: INFO neutron.api.extensions [None req-018e2b32-e9ba-4d15-b206-e3c9133c8da1 None None] Extension port-hints not supported by any of loaded plugins
Mar 29 02:10:30.620617 np0000161185 devstack@neutron-api.service[102633]: DEBUG neutron.api.extensions [None req-018e2b32-e9ba-4d15-b206-e3c9133c8da1 None None] Loading extension file: port_mac_address_override.py {{(pid=102633) _load_all_extensions_from_path /opt/stack/neutron/neutron/api/extensions.py:449}}
Mar 29 02:10:30.620683 np0000161185 devstack@neutron-api.service[102634]: DEBUG neutron_lib.callbacks.manager [None req-21ef920b-92eb-4b77-ba17-4364b2b3bd82 None None] Subscribe: > port after_create 55550000, False {{(pid=102634) subscribe /opt/stack/data/venv/lib/python3.12/site-packages/neutron_lib/callbacks/manager.py:52}}
Mar 29 02:10:30.620912 np0000161185 devstack@neutron-api.service[102634]: DEBUG neutron_lib.callbacks.manager [None req-21ef920b-92eb-4b77-ba17-4364b2b3bd82 None None] Subscribe: > port after_update 55550000, False {{(pid=102634) subscribe /opt/stack/data/venv/lib/python3.12/site-packages/neutron_lib/callbacks/manager.py:52}}
Mar 29 02:10:30.621042 np0000161185 devstack@neutron-api.service[102633]: DEBUG neutron.api.extensions [None req-018e2b32-e9ba-4d15-b206-e3c9133c8da1 None None] Ext name="Neutron Port MAC address override" alias="port-mac-override" description="Allow overriding the MAC address of a direct-physical Port via the active binding profile" updated="2022-03-18T10:00:00-00:00" {{(pid=102633) _check_extension /opt/stack/neutron/neutron/api/extensions.py:415}}
Mar 29 02:10:30.621100 np0000161185 devstack@neutron-api.service[102634]: DEBUG neutron_lib.callbacks.manager [None req-21ef920b-92eb-4b77-ba17-4364b2b3bd82 None None] Subscribe: > port after_delete 55550000, False {{(pid=102634) subscribe /opt/stack/data/venv/lib/python3.12/site-packages/neutron_lib/callbacks/manager.py:52}}
Mar 29 02:10:30.621100 np0000161185 devstack@neutron-api.service[102634]: DEBUG neutron_lib.callbacks.manager [None req-21ef920b-92eb-4b77-ba17-4364b2b3bd82 None None] Subscribe: > subnet after_create 55550000, False {{(pid=102634) subscribe /opt/stack/data/venv/lib/python3.12/site-packages/neutron_lib/callbacks/manager.py:52}}
Mar 29 02:10:30.621346 np0000161185 devstack@neutron-api.service[102634]: DEBUG neutron_lib.callbacks.manager [None req-21ef920b-92eb-4b77-ba17-4364b2b3bd82 None None] Subscribe: > subnet after_update 55550000, False {{(pid=102634) subscribe /opt/stack/data/venv/lib/python3.12/site-packages/neutron_lib/callbacks/manager.py:52}}
Mar 29 02:10:30.621523 np0000161185 devstack@neutron-api.service[102633]: INFO neutron.api.extensions [None req-018e2b32-e9ba-4d15-b206-e3c9133c8da1 None None] Extension port-mac-override not supported by any of loaded plugins
Mar 29 02:10:30.621523 np0000161185 devstack@neutron-api.service[102633]: DEBUG neutron.api.extensions [None req-018e2b32-e9ba-4d15-b206-e3c9133c8da1 None None] Loading extension file: port_mac_address_regenerate.py {{(pid=102633) _load_all_extensions_from_path /opt/stack/neutron/neutron/api/extensions.py:449}}
Mar 29 02:10:30.621642 np0000161185 devstack@neutron-api.service[102634]: DEBUG neutron_lib.callbacks.manager [None req-21ef920b-92eb-4b77-ba17-4364b2b3bd82 None None] Subscribe: > subnet after_delete 55550000, False {{(pid=102634) subscribe /opt/stack/data/venv/lib/python3.12/site-packages/neutron_lib/callbacks/manager.py:52}}
Mar 29 02:10:30.621642 np0000161185 devstack@neutron-api.service[102634]: DEBUG neutron_lib.callbacks.manager [None req-21ef920b-92eb-4b77-ba17-4364b2b3bd82 None None] Subscribe: > network after_create 55550000, False {{(pid=102634) subscribe /opt/stack/data/venv/lib/python3.12/site-packages/neutron_lib/callbacks/manager.py:52}}
Mar 29 02:10:30.621773 np0000161185 devstack@neutron-api.service[102633]: DEBUG neutron.api.extensions [None req-018e2b32-e9ba-4d15-b206-e3c9133c8da1 None None] Ext name="Neutron Port MAC address regenerate" alias="port-mac-address-regenerate" description="Network port MAC address regenerate" updated="2018-05-03T10:00:00-00:00" {{(pid=102633) _check_extension /opt/stack/neutron/neutron/api/extensions.py:415}}
Mar 29 02:10:30.621809 np0000161185 devstack@neutron-api.service[102634]: DEBUG neutron_lib.callbacks.manager [None req-21ef920b-92eb-4b77-ba17-4364b2b3bd82 None None] Subscribe: > network after_update 55550000, False {{(pid=102634) subscribe /opt/stack/data/venv/lib/python3.12/site-packages/neutron_lib/callbacks/manager.py:52}}
Mar 29 02:10:30.621884 np0000161185 devstack@neutron-api.service[102633]: INFO neutron.api.extensions [None req-018e2b32-e9ba-4d15-b206-e3c9133c8da1 None None] Loaded extension: port-mac-address-regenerate
Mar 29 02:10:30.621955 np0000161185 devstack@neutron-api.service[102634]: DEBUG neutron_lib.callbacks.manager [None req-21ef920b-92eb-4b77-ba17-4364b2b3bd82 None None] Subscribe: > network after_delete 55550000, False {{(pid=102634) subscribe /opt/stack/data/venv/lib/python3.12/site-packages/neutron_lib/callbacks/manager.py:52}}
Mar 29 02:10:30.621955 np0000161185 devstack@neutron-api.service[102634]: DEBUG neutron_lib.callbacks.manager [None req-21ef920b-92eb-4b77-ba17-4364b2b3bd82 None None] Subscribe: > security_group after_create 55550000, False {{(pid=102634) subscribe /opt/stack/data/venv/lib/python3.12/site-packages/neutron_lib/callbacks/manager.py:52}}
Mar 29 02:10:30.622070 np0000161185 devstack@neutron-api.service[102633]: DEBUG neutron.api.extensions [None req-018e2b32-e9ba-4d15-b206-e3c9133c8da1 None None] Loading extension file: port_numa_affinity_policy.py {{(pid=102633) _load_all_extensions_from_path /opt/stack/neutron/neutron/api/extensions.py:449}}
Mar 29 02:10:30.622109 np0000161185 devstack@neutron-api.service[102634]: DEBUG neutron_lib.callbacks.manager [None req-21ef920b-92eb-4b77-ba17-4364b2b3bd82 None None] Subscribe: > security_group after_update 55550000, False {{(pid=102634) subscribe /opt/stack/data/venv/lib/python3.12/site-packages/neutron_lib/callbacks/manager.py:52}}
Mar 29 02:10:30.622109 np0000161185 devstack@neutron-api.service[102634]: DEBUG neutron_lib.callbacks.manager [None req-21ef920b-92eb-4b77-ba17-4364b2b3bd82 None None] Subscribe: > security_group after_delete 55550000, False {{(pid=102634) subscribe /opt/stack/data/venv/lib/python3.12/site-packages/neutron_lib/callbacks/manager.py:52}}
Mar 29 02:10:30.622233 np0000161185 devstack@neutron-api.service[102634]: DEBUG neutron_lib.callbacks.manager [None req-21ef920b-92eb-4b77-ba17-4364b2b3bd82 None None] Subscribe: > security_group_rule after_create 55550000, False {{(pid=102634) subscribe /opt/stack/data/venv/lib/python3.12/site-packages/neutron_lib/callbacks/manager.py:52}}
