2026-06-23 19:53:35.833 9 INFO neutron.wsgi [None req-3bdb4a03-b8b3-4810-8448-4ba40b58f884 01fbc114e8b84f78a818c6a46ad919fa 031dd669aec64d689550601962145cc5 - - default default] 10.0.0.230 "GET /v2.0/extensions HTTP/1.1" status: 200 len: 16980 time: 0.0064979
2026-06-23 19:53:35.858 10 INFO neutron.wsgi [None req-dd8e767b-29ca-4925-9f0f-5052b80b9966 0cc716575b314cdabc10db3562f4c803 d26ae78e59f4404d905b59f014e9ac24 - - default default] 10.0.0.134 "GET /v2.0/security-group-rules HTTP/1.1" status: 200 len: 4113 time: 0.0772300
2026-06-23 19:53:35.914 9 INFO neutron.services.segments.plugin [-] Segment 234ef190-fe17-4f14-abe8-ba5c417523eb resource provider aggregate not found
2026-06-23 19:53:35.918 9 INFO neutron.services.segments.plugin [-] Segment 234ef190-fe17-4f14-abe8-ba5c417523eb resource provider aggregate not found
2026-06-23 19:53:35.938 9 INFO neutron.services.segments.plugin [-] Segment 234ef190-fe17-4f14-abe8-ba5c417523eb resource provider not found; error: Placement Client Error (4xx): {"errors": [{"status": 404, "title": "Not Found", "detail": "The resource could not be found.\n\n No resource provider with uuid 234ef190-fe17-4f14-abe8-ba5c417523eb found for delete ", "request_id": "req-e4268f46-87a6-4eb3-abfb-3031a773b430"}]}
2026-06-23 19:53:35.939 9 INFO neutron.services.segments.plugin [-] Segment 234ef190-fe17-4f14-abe8-ba5c417523eb resource provider not found; error: Placement Client Error (4xx): {"errors": [{"status": 404, "title": "Not Found", "detail": "The resource could not be found.\n\n No resource provider with uuid 234ef190-fe17-4f14-abe8-ba5c417523eb found for delete ", "request_id": "req-4558ad5a-6627-4a1f-86cc-50b94b7f33ce"}]}
2026-06-23 19:53:35.974 9 INFO neutron.wsgi [None req-a6086508-c151-4bb8-80e2-574fade7ec9e 465d8c38d910460f8559b4a445713e40 1c52505e0fcb44d9ba46775c41d4d90f - - default default] 10.0.0.134 "DELETE /v2.0/networks/2a5ebfa8-f82d-457f-9d0e-72d6cded4c26 HTTP/1.1" status: 204 len: 168 time: 0.4638879
2026-06-23 19:53:36.024 9 INFO neutron.wsgi [None req-668e0db4-b9a6-4d7b-8c16-f604c96b3219 01fbc114e8b84f78a818c6a46ad919fa 031dd669aec64d689550601962145cc5 - - default default] 10.0.0.230 "GET /v2.0/quotas/031dd669aec64d689550601962145cc5/details HTTP/1.1" status: 200 len: 756 time: 0.1729910
2026-06-23 19:53:36.036 9 INFO neutron.wsgi [None req-eaa71106-4ca0-4ada-9ead-93f5491ba6b5 0cc716575b314cdabc10db3562f4c803 d26ae78e59f4404d905b59f014e9ac24 - - default default] 10.0.0.134 "DELETE /v2.0/security-group-rules/b6b5d72b-ee52-48c2-a913-28aaabe888a1 HTTP/1.1" status: 204 len: 168 time: 0.1732755
2026-06-23 19:53:36.069 10 INFO neutron.wsgi [None req-94e07225-040f-40b1-8566-8fac3566250e 48902f7d5bde445b83767247e8bc69d3 f2cd3876f32147bab76676776be96d36 - - default default] 10.0.0.134 "PUT /v2.0/routers/79dae318-8688-4f9c-883c-3951bcea7688/remove_router_interface HTTP/1.1" status: 200 len: 503 time: 0.8086126 /var/lib/openstack/lib/python3.10/site-packages/pycadf/identifier.py:71: UserWarning: Invalid uuid: neutron. To ensure interoperability, identifiers should be a valid uuid. warnings.warn(('Invalid uuid: %s. To ensure interoperability, '
2026-06-23 19:53:36.083 9 INFO neutron.wsgi [None req-555d46ba-cdc4-4d07-87d2-70095e7cac6e 0cc716575b314cdabc10db3562f4c803 d26ae78e59f4404d905b59f014e9ac24 - - default default] 10.0.0.134 "GET /v2.0/security-group-rules HTTP/1.1" status: 200 len: 3567 time: 0.0407054
2026-06-23 19:53:36.092 9 WARNING neutron_lib.context [None req-b6774488-ee70-4d38-8e56-6707fec8bc99 0cc716575b314cdabc10db3562f4c803 d26ae78e59f4404d905b59f014e9ac24 - - default default] Method 'is_advsvc' is deprecated since 2023.2 release (neutron-lib 3.8.0) and will be removed once support for the old RBAC API policies will be removed from Neutron. Please use method 'is_service_role' instead.
2026-06-23 19:53:36.118 9 INFO neutron.db.securitygroups_db [None req-b6774488-ee70-4d38-8e56-6707fec8bc99 0cc716575b314cdabc10db3562f4c803 d26ae78e59f4404d905b59f014e9ac24 - - default default] Project d26ae78e59f4404d905b59f014e9ac24 added a security group rule with legacy IPv6 ICMP protocol name icmp, ipv6-icmp should be used instead. It was automatically converted.
2026-06-23 19:53:36.178 10 INFO neutron.wsgi [None req-ad97499b-81ef-4de9-8810-0c71ff03b6a1 48902f7d5bde445b83767247e8bc69d3 f2cd3876f32147bab76676776be96d36 - - default default] 10.0.0.134 "GET /v2.0/ports/36249d5f-2dc7-40fc-b563-c0a22a70a8ed HTTP/1.1" status: 200 len: 1137 time: 0.1043377
2026-06-23 19:53:36.243 9 INFO neutron.db.ovn_revision_numbers_db [None req-b6774488-ee70-4d38-8e56-6707fec8bc99 0cc716575b314cdabc10db3562f4c803 d26ae78e59f4404d905b59f014e9ac24 - - default default] Successfully bumped revision number for resource 464be5df-4545-414b-9e93-d26098465f32 (type: security_group_rules) to 0
2026-06-23 19:53:36.280 9 INFO neutron.wsgi [None req-b6774488-ee70-4d38-8e56-6707fec8bc99 0cc716575b314cdabc10db3562f4c803 d26ae78e59f4404d905b59f014e9ac24 - - default default] 10.0.0.134 "POST /v2.0/security-group-rules HTTP/1.1" status: 201 len: 774 time: 0.1919799
2026-06-23 19:53:36.303 10 INFO neutron.wsgi [None req-505e2f22-40c6-481e-aa01-b479c6ef3e9a 0cc716575b314cdabc10db3562f4c803 d26ae78e59f4404d905b59f014e9ac24 - - default default] 10.0.0.134 "GET /v2.0/security-group-rules/464be5df-4545-414b-9e93-d26098465f32 HTTP/1.1" status: 200 len: 769 time: 0.0177584
2026-06-23 19:53:36.348 10 INFO neutron.wsgi [None req-4f435de6-0de2-4259-8d0a-acee65327ffb 0cc716575b314cdabc10db3562f4c803 d26ae78e59f4404d905b59f014e9ac24 - - default default] 10.0.0.134 "GET /v2.0/security-group-rules HTTP/1.1" status: 200 len: 4119 time: 0.0387259
2026-06-23 19:53:36.477 10 INFO neutron.wsgi [None req-a6b571ca-6742-4e60-adcf-bfc39d73f384 0cc716575b314cdabc10db3562f4c803 d26ae78e59f4404d905b59f014e9ac24 - - default default] 10.0.0.134 "DELETE /v2.0/security-group-rules/464be5df-4545-414b-9e93-d26098465f32 HTTP/1.1" status: 204 len: 168 time: 0.1233358
2026-06-23 19:53:36.522 10 INFO neutron.wsgi [None req-c017c887-fda3-435f-b6fa-2eb06639972d 0cc716575b314cdabc10db3562f4c803 d26ae78e59f4404d905b59f014e9ac24 - - default default] 10.0.0.134 "GET /v2.0/security-group-rules HTTP/1.1" status: 200 len: 3567 time: 0.0393353
2026-06-23 19:53:36.649 10 INFO neutron.wsgi [None req-c4fba4da-62d4-4561-860e-67aa6cd1dc9f 0cc716575b314cdabc10db3562f4c803 d26ae78e59f4404d905b59f014e9ac24 - - default default] 10.0.0.134 "DELETE /v2.0/security-groups/a334d298-cb69-4e5e-ab6e-49937ec74fdd HTTP/1.1" status: 204 len: 168 time: 0.1215627
2026-06-23 19:53:36.692 10 INFO neutron.wsgi [None req-09939edc-8eba-497d-a37a-580eee8a832f 0cc716575b314cdabc10db3562f4c803 d26ae78e59f4404d905b59f014e9ac24 - - default default] 10.0.0.134 "GET /v2.0/security-groups HTTP/1.1" status: 200 len: 2996 time: 0.0350668
2026-06-23 19:53:36.735 10 INFO neutron.wsgi [None req-518974be-b10d-4a28-976a-5a740822559f 0cc716575b314cdabc10db3562f4c803 d26ae78e59f4404d905b59f014e9ac24 - - default default] 10.0.0.134 "GET /v2.0/security-groups HTTP/1.1" status: 200 len: 2996 time: 0.0357826
2026-06-23 19:53:36.913 9 INFO neutron.wsgi [None req-bf094037-b083-4bde-95b4-ddd55f6f3bab 48902f7d5bde445b83767247e8bc69d3 f2cd3876f32147bab76676776be96d36 - - default default] 10.0.0.134 "PUT /v2.0/routers/79dae318-8688-4f9c-883c-3951bcea7688/remove_router_interface HTTP/1.1" status: 200 len: 503 time: 0.7296021
2026-06-23 19:53:36.940 10 INFO neutron.wsgi [None req-e69d2df3-3885-4041-b052-a6dd436586da 48902f7d5bde445b83767247e8bc69d3 f2cd3876f32147bab76676776be96d36 - - default default] 10.0.0.134 "GET /v2.0/ports?device_id=79dae318-8688-4f9c-883c-3951bcea7688 HTTP/1.1" status: 200 len: 205 time: 0.0217481
2026-06-23 19:53:36.977 9 INFO neutron.db.ovn_revision_numbers_db [None req-6c7b5c5e-398e-4b89-aeb6-e6eed5dc7b33 6f22c35928494171891429412d0878a7 961d8885eda1406b87c01267346839e8 - - default default] Successfully bumped revision number for resource fdd61fa1-db21-45ab-8e3a-971b0fe904a5 (type: security_groups) to 1
2026-06-23 19:53:36.992 9 INFO neutron.db.ovn_revision_numbers_db [None req-6c7b5c5e-398e-4b89-aeb6-e6eed5dc7b33 6f22c35928494171891429412d0878a7 961d8885eda1406b87c01267346839e8 - - default default] Successfully bumped revision number for resource 12cb7a03-bf9b-4363-8493-aa8f1508b8d1 (type: security_group_rules) to 0
2026-06-23 19:53:37.008 9 INFO neutron.db.ovn_revision_numbers_db [None req-6c7b5c5e-398e-4b89-aeb6-e6eed5dc7b33 6f22c35928494171891429412d0878a7 961d8885eda1406b87c01267346839e8 - - default default] Successfully bumped revision number for resource 49809cd8-7544-4985-8042-165c6b338271 (type: security_group_rules) to 0
2026-06-23 19:53:37.025 9 INFO neutron.db.ovn_revision_numbers_db [None req-6c7b5c5e-398e-4b89-aeb6-e6eed5dc7b33 6f22c35928494171891429412d0878a7 961d8885eda1406b87c01267346839e8 - - default default] Successfully bumped revision number for resource d7f96052-fa33-4807-bcfa-51a5aff7bc6e (type: security_group_rules) to 0
2026-06-23 19:53:37.050 9 INFO neutron.db.ovn_revision_numbers_db [None req-6c7b5c5e-398e-4b89-aeb6-e6eed5dc7b33 6f22c35928494171891429412d0878a7 961d8885eda1406b87c01267346839e8 - - default default] Successfully bumped revision number for resource f61aa557-a07a-44e9-8857-671e82abb29d (type: security_group_rules) to 0
2026-06-23 19:53:37.079 9 INFO neutron.wsgi [None req-6c7b5c5e-398e-4b89-aeb6-e6eed5dc7b33 6f22c35928494171891429412d0878a7 961d8885eda1406b87c01267346839e8 - - default default] 10.0.0.134 "GET /v2.0/security-groups?tenant_id=3d74fe8f8b0d49d695520aa43b8e4f8c&name=default HTTP/1.1" status: 200 len: 2996 time: 0.3915756
2026-06-23 19:53:37.259 10 INFO neutron.wsgi [None req-28956191-9476-4c39-8815-c49ad4e2ee12 48902f7d5bde445b83767247e8bc69d3 f2cd3876f32147bab76676776be96d36 - - default default] 10.0.0.134 "DELETE /v2.0/routers/79dae318-8688-4f9c-883c-3951bcea7688 HTTP/1.1" status: 204 len: 168 time: 0.3134971 /var/lib/openstack/lib/python3.10/site-packages/pycadf/identifier.py:71: UserWarning: Invalid uuid: neutron. To ensure interoperability, identifiers should be a valid uuid. warnings.warn(('Invalid uuid: %s. To ensure interoperability, '
2026-06-23 19:53:37.356 9 INFO neutron.wsgi [None req-cc12070c-dece-4ee9-bca7-f01a7f06210f 6f22c35928494171891429412d0878a7 961d8885eda1406b87c01267346839e8 - - default default] 10.0.0.134 "GET /v2.0/security-groups?tenant_id=d26ae78e59f4404d905b59f014e9ac24&name=default HTTP/1.1" status: 200 len: 2996 time: 0.1596665
2026-06-23 19:53:37.441 10 INFO neutron.wsgi [None req-4321cc4b-2060-4de6-933a-440b4f2fc28a 6f22c35928494171891429412d0878a7 961d8885eda1406b87c01267346839e8 - - default default] 10.0.0.134 "DELETE /v2.0/security-groups/fdd61fa1-db21-45ab-8e3a-971b0fe904a5 HTTP/1.1" status: 204 len: 168 time: 0.3568182
2026-06-23 19:53:37.532 10 INFO neutron.wsgi [None req-e67a46f0-6c69-40ec-b4c2-c1681a41fc4d 48902f7d5bde445b83767247e8bc69d3 f2cd3876f32147bab76676776be96d36 - - default default] 10.0.0.134 "DELETE /v2.0/subnets/6d82adbd-f058-4b22-8b8b-fc05d46700d1 HTTP/1.1" status: 204 len: 168 time: 0.2648504
2026-06-23 19:53:37.632 10 INFO neutron.wsgi [None req-76eba681-ef92-4815-835f-8a75a0e1d0cc 6f22c35928494171891429412d0878a7 961d8885eda1406b87c01267346839e8 - - default default] 10.0.0.134 "DELETE /v2.0/security-groups/1a8fe4a7-c411-4028-bdde-cb1595b59a3c HTTP/1.1" status: 204 len: 168 time: 0.2705321
2026-06-23 19:53:37.659 9 INFO neutron.wsgi [None req-f0781ddb-6f6f-4bb9-980a-0add306c9d03 6f22c35928494171891429412d0878a7 961d8885eda1406b87c01267346839e8 - - default default] 10.0.0.134 "GET /v2.0/security-groups?tenant_id=1c52505e0fcb44d9ba46775c41d4d90f&name=default HTTP/1.1" status: 200 len: 2996 time: 0.1006758
2026-06-23 19:53:37.795 9 INFO neutron.wsgi [None req-f0e73022-967a-4e4a-a9de-1772f662fd93 48902f7d5bde445b83767247e8bc69d3 f2cd3876f32147bab76676776be96d36 - - default default] 10.0.0.134 "DELETE /v2.0/subnets/a3643495-0c2f-4a72-855b-ef11c27218dc HTTP/1.1" status: 204 len: 168 time: 0.2573566
2026-06-23 19:53:37.868 10 INFO neutron.wsgi [None req-f338d2b2-f166-469e-ab5f-c37534d3ffa2 6f22c35928494171891429412d0878a7 961d8885eda1406b87c01267346839e8 - - default default] 10.0.0.134 "DELETE /v2.0/security-groups/728594de-994c-4a8b-b04b-ed962a88e41c HTTP/1.1" status: 204 len: 168 time: 0.1950877
2026-06-23 19:53:38.196 9 INFO neutron.services.segments.plugin [-] Segment c12c4d31-47ba-43b5-bbc9-3ce6aab38ea9 resource provider aggregate not found
2026-06-23 19:53:38.200 9 INFO neutron.services.segments.plugin [-] Segment c12c4d31-47ba-43b5-bbc9-3ce6aab38ea9 resource provider aggregate not found
2026-06-23 19:53:38.218 9 INFO neutron.services.segments.plugin [-] Segment c12c4d31-47ba-43b5-bbc9-3ce6aab38ea9 resource provider not found; error: Placement Client Error (4xx): {"errors": [{"status": 404, "title": "Not Found", "detail": "The resource could not be found.\n\n No resource provider with uuid c12c4d31-47ba-43b5-bbc9-3ce6aab38ea9 found for delete ", "request_id": "req-2a70613a-cbd8-4f09-ab1b-5aa7a378aa30"}]}
2026-06-23 19:53:38.220 9 INFO neutron.services.segments.plugin [-] Segment c12c4d31-47ba-43b5-bbc9-3ce6aab38ea9 resource provider not found; error: Placement Client Error (4xx): {"errors": [{"status": 404, "title": "Not Found", "detail": "The resource could not be found.\n\n No resource provider with uuid c12c4d31-47ba-43b5-bbc9-3ce6aab38ea9 found for delete ", "request_id": "req-c53f0a5a-19be-4fb0-b61a-b6248eff3431"}]}
2026-06-23 19:53:38.249 9 INFO neutron.wsgi [None req-f607fb94-a630-478d-989d-e55ad099c2c1 48902f7d5bde445b83767247e8bc69d3 f2cd3876f32147bab76676776be96d36 - - default default] 10.0.0.134 "DELETE /v2.0/networks/c37a9fd7-9c2f-42ab-82fc-55b39a67015e HTTP/1.1" status: 204 len: 168 time: 0.4484496
2026-06-23 19:53:38.610 9 INFO neutron.db.ovn_revision_numbers_db [None req-4d3fab60-4dc3-4879-b686-17a56a0758f3 6f22c35928494171891429412d0878a7 961d8885eda1406b87c01267346839e8 - - default default] Successfully bumped revision number for resource 9272cfb6-5305-4c4e-b769-3e1a5dee9fad (type: security_groups) to 1
2026-06-23 19:53:38.633 9 INFO neutron.db.ovn_revision_numbers_db [None req-4d3fab60-4dc3-4879-b686-17a56a0758f3 6f22c35928494171891429412d0878a7 961d8885eda1406b87c01267346839e8 - - default default] Successfully bumped revision number for resource 1214730d-7438-40cd-8bac-c77280da48e7 (type: security_group_rules) to 0
2026-06-23 19:53:38.658 9 INFO neutron.wsgi [None req-d5871131-0846-41cf-bb9e-97b3b18c2356 48902f7d5bde445b83767247e8bc69d3 f2cd3876f32147bab76676776be96d36 - - default default] 10.0.0.134 "DELETE /v2.0/networks/ebcb8188-c55a-4058-bef9-bc7bc50698d0 HTTP/1.1" status: 204 len: 168 time: 0.4012327
2026-06-23 19:53:38.660 9 INFO neutron.db.ovn_revision_numbers_db [None req-4d3fab60-4dc3-4879-b686-17a56a0758f3 6f22c35928494171891429412d0878a7 961d8885eda1406b87c01267346839e8 - - default default] Successfully bumped revision number for resource 357ad0fe-7ed0-4a96-8cd6-7bc88d08b7ec (type: security_group_rules) to 0
2026-06-23 19:53:38.673 10 WARNING neutron_lib.context [None req-239b2a23-926e-4fd6-bd7b-55b57d20d6c2 48902f7d5bde445b83767247e8bc69d3 f2cd3876f32147bab76676776be96d36 - - default default] Method 'is_advsvc' is deprecated since 2023.2 release (neutron-lib 3.8.0) and will be removed once support for the old RBAC API policies will be removed from Neutron. Please use method 'is_service_role' instead.
2026-06-23 19:53:38.675 9 INFO neutron.db.ovn_revision_numbers_db [None req-4d3fab60-4dc3-4879-b686-17a56a0758f3 6f22c35928494171891429412d0878a7 961d8885eda1406b87c01267346839e8 - - default default] Successfully bumped revision number for resource 5a2a6db4-4147-4c3f-8334-4fc561a592b2 (type: security_group_rules) to 0
2026-06-23 19:53:38.689 9 INFO neutron.db.ovn_revision_numbers_db [None req-4d3fab60-4dc3-4879-b686-17a56a0758f3 6f22c35928494171891429412d0878a7 961d8885eda1406b87c01267346839e8 - - default default] Successfully bumped revision number for resource df1f092d-6e8e-4d33-b871-513f180969c2 (type: security_group_rules) to 0
2026-06-23 19:53:38.714 9 INFO neutron.wsgi [None req-4d3fab60-4dc3-4879-b686-17a56a0758f3 6f22c35928494171891429412d0878a7 961d8885eda1406b87c01267346839e8 - - default default] 10.0.0.134 "GET /v2.0/security-groups?tenant_id=031dd669aec64d689550601962145cc5&name=default HTTP/1.1" status: 200 len: 2996 time: 0.3624322
2026-06-23 19:53:38.741 10 INFO neutron.db.segments_db [None req-239b2a23-926e-4fd6-bd7b-55b57d20d6c2 48902f7d5bde445b83767247e8bc69d3 f2cd3876f32147bab76676776be96d36 - - default default] Added segment 7571ac7d-4383-4777-b1a6-2f6da502ae73 of type geneve for network 50a202b6-0536-4f72-afa9-962c6818bef2
2026-06-23 19:53:38.880 10 INFO neutron.db.ovn_revision_numbers_db [None req-239b2a23-926e-4fd6-bd7b-55b57d20d6c2 48902f7d5bde445b83767247e8bc69d3 f2cd3876f32147bab76676776be96d36 - - default default] Successfully bumped revision number for resource 50a202b6-0536-4f72-afa9-962c6818bef2 (type: networks) to 1
2026-06-23 19:53:38.944 9 INFO neutron.wsgi [None req-9bd95409-ca4b-48c2-b884-3af192e50dd5 6f22c35928494171891429412d0878a7 961d8885eda1406b87c01267346839e8 - - default default] 10.0.0.134 "DELETE /v2.0/security-groups/9272cfb6-5305-4c4e-b769-3e1a5dee9fad HTTP/1.1" status: 204 len: 168 time: 0.2247958
2026-06-23 19:53:39.083 10 WARNING neutron.scheduler.dhcp_agent_scheduler [None req-239b2a23-926e-4fd6-bd7b-55b57d20d6c2 48902f7d5bde445b83767247e8bc69d3 f2cd3876f32147bab76676776be96d36 - - default default] No more DHCP agents
2026-06-23 19:53:39.086 10 WARNING neutron.api.rpc.agentnotifiers.dhcp_rpc_agent_api [None req-239b2a23-926e-4fd6-bd7b-55b57d20d6c2 48902f7d5bde445b83767247e8bc69d3 f2cd3876f32147bab76676776be96d36 - - default default] Unable to schedule network 50a202b6-0536-4f72-afa9-962c6818bef2: no agents available; will retry on subsequent port and subnet creation events.
2026-06-23 19:53:39.173 10 INFO neutron.db.ovn_revision_numbers_db [None req-239b2a23-926e-4fd6-bd7b-55b57d20d6c2 48902f7d5bde445b83767247e8bc69d3 f2cd3876f32147bab76676776be96d36 - - default default] Successfully bumped revision number for resource 08e11fa3-a436-412f-bbc8-a1105dd4fb40 (type: ports) to 1
2026-06-23 19:53:39.194 10 INFO neutron.wsgi [None req-239b2a23-926e-4fd6-bd7b-55b57d20d6c2 48902f7d5bde445b83767247e8bc69d3 f2cd3876f32147bab76676776be96d36 - - default default] 10.0.0.134 "POST /v2.0/networks HTTP/1.1" status: 201 len: 829 time: 0.5280039
2026-06-23 19:53:39.204 10 WARNING neutron_lib.context [None req-7e4e43fd-918c-4f35-ab54-ccd697a4faaf 48902f7d5bde445b83767247e8bc69d3 f2cd3876f32147bab76676776be96d36 - - default default] Method 'is_advsvc' is deprecated since 2023.2 release (neutron-lib 3.8.0) and will be removed once support for the old RBAC API policies will be removed from Neutron. Please use method 'is_service_role' instead.
2026-06-23 19:53:39.435 10 WARNING neutron.scheduler.dhcp_agent_scheduler [None req-7e4e43fd-918c-4f35-ab54-ccd697a4faaf 48902f7d5bde445b83767247e8bc69d3 f2cd3876f32147bab76676776be96d36 - - default default] No more DHCP agents
2026-06-23 19:53:39.437 10 WARNING neutron.api.rpc.agentnotifiers.dhcp_rpc_agent_api [None req-7e4e43fd-918c-4f35-ab54-ccd697a4faaf 48902f7d5bde445b83767247e8bc69d3 f2cd3876f32147bab76676776be96d36 - - default default] Unable to schedule network 50a202b6-0536-4f72-afa9-962c6818bef2: no agents available; will retry on subsequent port and subnet creation events.
2026-06-23 19:53:39.795 9 WARNING neutron.plugins.ml2.drivers.ovn.mech_driver.ovsdb.ovn_client [None req-795fba2b-7bfd-4e92-b3fb-b4f3ec7fd546 - - - - - -] No port found with ID f2a88684-ceb6-4023-be4b-2b63e83148ba: RuntimeError: No port found with ID f2a88684-ceb6-4023-be4b-2b63e83148ba
2026-06-23 19:53:39.921 10 INFO neutron.db.ovn_revision_numbers_db [None req-7e4e43fd-918c-4f35-ab54-ccd697a4faaf 48902f7d5bde445b83767247e8bc69d3 f2cd3876f32147bab76676776be96d36 - - default default] Successfully bumped revision number for resource 08e11fa3-a436-412f-bbc8-a1105dd4fb40 (type: ports) to 2
2026-06-23 19:53:39.964 10 INFO neutron.db.ovn_revision_numbers_db [None req-7e4e43fd-918c-4f35-ab54-ccd697a4faaf 48902f7d5bde445b83767247e8bc69d3 f2cd3876f32147bab76676776be96d36 - - default default] Successfully bumped revision number for resource 08d52588-7ffd-49b5-bd8c-4844fe9ab7d2 (type: subnets) to 0
2026-06-23 19:53:39.980 10 INFO neutron.wsgi [None req-7e4e43fd-918c-4f35-ab54-ccd697a4faaf 48902f7d5bde445b83767247e8bc69d3 f2cd3876f32147bab76676776be96d36 - - default default] 10.0.0.134 "POST /v2.0/subnets HTTP/1.1" status: 201 len: 801 time: 0.7802787
2026-06-23 19:53:39.989 10 WARNING neutron_lib.context [None req-733cc426-9bb7-400b-aaed-b5156f148125 48902f7d5bde445b83767247e8bc69d3 f2cd3876f32147bab76676776be96d36 - - default default] Method 'is_advsvc' is deprecated since 2023.2 release (neutron-lib 3.8.0) and will be removed once support for the old RBAC API policies will be removed from Neutron. Please use method 'is_service_role' instead.
2026-06-23 19:53:40.143 9 INFO neutron.db.ovn_revision_numbers_db [None req-18094241-d8b5-4b84-9acd-ad6c93efa002 6f22c35928494171891429412d0878a7 961d8885eda1406b87c01267346839e8 - - default default] Successfully bumped revision number for resource 471e2244-2fda-4c7f-b0a2-f8e4b5235aa6 (type: security_groups) to 1
2026-06-23 19:53:40.156 9 INFO neutron.db.ovn_revision_numbers_db [None req-18094241-d8b5-4b84-9acd-ad6c93efa002 6f22c35928494171891429412d0878a7 961d8885eda1406b87c01267346839e8 - - default default] Successfully bumped revision number for resource 10d23f5f-ec0f-475b-94c7-d9b7877f0964 (type: security_group_rules) to 0
2026-06-23 19:53:40.169 9 INFO neutron.db.ovn_revision_numbers_db [None req-18094241-d8b5-4b84-9acd-ad6c93efa002 6f22c35928494171891429412d0878a7 961d8885eda1406b87c01267346839e8 - - default default] Successfully bumped revision number for resource 73279c23-08ae-4151-92fe-36339ce98caa (type: security_group_rules) to 0
2026-06-23 19:53:40.185 9 INFO neutron.db.ovn_revision_numbers_db [None req-18094241-d8b5-4b84-9acd-ad6c93efa002 6f22c35928494171891429412d0878a7 961d8885eda1406b87c01267346839e8 - - default default] Successfully bumped revision number for resource d4d41413-8d7a-4e91-a846-c7b26f691513 (type: security_group_rules) to 0
2026-06-23 19:53:40.199 9 INFO neutron.db.ovn_revision_numbers_db [None req-18094241-d8b5-4b84-9acd-ad6c93efa002 6f22c35928494171891429412d0878a7 961d8885eda1406b87c01267346839e8 - - default default] Successfully bumped revision number for resource fb6ce07b-eeba-45cf-bb38-cb73d7248467 (type: security_group_rules) to 0
2026-06-23 19:53:40.230 9 INFO neutron.wsgi [None req-18094241-d8b5-4b84-9acd-ad6c93efa002 6f22c35928494171891429412d0878a7 961d8885eda1406b87c01267346839e8 - - default default] 10.0.0.134 "GET /v2.0/security-groups?tenant_id=bbe2d149c2a34fe198dd77665bdd8650&name=default HTTP/1.1" status: 200 len: 2996 time: 0.3643258
2026-06-23 19:53:40.237 9 INFO neutron.services.segments.plugin [-] Segment 528746f6-6230-4857-bb24-3ee32a605570 resource provider aggregate not found
2026-06-23 19:53:40.245 9 INFO neutron.services.segments.plugin [-] Segment 528746f6-6230-4857-bb24-3ee32a605570 resource provider aggregate not found
2026-06-23 19:53:40.255 9 INFO neutron.services.segments.plugin [-] Segment 528746f6-6230-4857-bb24-3ee32a605570 resource provider not found; error: Placement Client Error (4xx): {"errors": [{"status": 404, "title": "Not Found", "detail": "The resource could not be found.\n\n No resource provider with uuid 528746f6-6230-4857-bb24-3ee32a605570 found for delete ", "request_id": "req-c77baa48-de75-472f-a6ca-5e10f03ae407"}]}
2026-06-23 19:53:40.270 9 INFO neutron.services.segments.plugin [-] Segment 528746f6-6230-4857-bb24-3ee32a605570 resource provider not found; error: Placement Client Error (4xx): {"errors": [{"status": 404, "title": "Not Found", "detail": "The resource could not be found.\n\n No resource provider with uuid 528746f6-6230-4857-bb24-3ee32a605570 found for delete ", "request_id": "req-65ef0776-fdc6-49ee-af48-afb2df48b0ee"}]}
2026-06-23 19:53:40.399 10 INFO neutron.db.ovn_revision_numbers_db [None req-733cc426-9bb7-400b-aaed-b5156f148125 48902f7d5bde445b83767247e8bc69d3 f2cd3876f32147bab76676776be96d36 - - default default] Successfully bumped revision number for resource eeb75f7c-db16-45dd-9280-8c7177563a8e (type: routers) to 1
2026-06-23 19:53:40.414 10 INFO neutron.wsgi [None req-733cc426-9bb7-400b-aaed-b5156f148125 48902f7d5bde445b83767247e8bc69d3 f2cd3876f32147bab76676776be96d36 - - default default] 10.0.0.134 "POST /v2.0/routers HTTP/1.1" status: 201 len: 687 time: 0.4295359
2026-06-23 19:53:40.424 10 WARNING neutron_lib.context [None req-bebc5440-a800-4148-a349-26ccebcfce34 48902f7d5bde445b83767247e8bc69d3 f2cd3876f32147bab76676776be96d36 - - default default] Method 'is_advsvc' is deprecated since 2023.2 release (neutron-lib 3.8.0) and will be removed once support for the old RBAC API policies will be removed from Neutron. Please use method 'is_service_role' instead.
2026-06-23 19:53:40.431 9 INFO neutron.wsgi [None req-4623a8e9-5d55-474d-9b2a-acffd4a2de03 6f22c35928494171891429412d0878a7 961d8885eda1406b87c01267346839e8 - - default default] 10.0.0.134 "DELETE /v2.0/security-groups/471e2244-2fda-4c7f-b0a2-f8e4b5235aa6 HTTP/1.1" status: 204 len: 168 time: 0.1946864
2026-06-23 19:53:40.812 10 WARNING neutron.scheduler.dhcp_agent_scheduler [None req-bebc5440-a800-4148-a349-26ccebcfce34 48902f7d5bde445b83767247e8bc69d3 f2cd3876f32147bab76676776be96d36 - - default default] No more DHCP agents
2026-06-23 19:53:40.815 10 WARNING neutron.api.rpc.agentnotifiers.dhcp_rpc_agent_api [None req-bebc5440-a800-4148-a349-26ccebcfce34 48902f7d5bde445b83767247e8bc69d3 f2cd3876f32147bab76676776be96d36 - - default default] Unable to schedule network 50a202b6-0536-4f72-afa9-962c6818bef2: no agents available; will retry on subsequent port and subnet creation events.
2026-06-23 19:53:41.032 10 INFO neutron.db.ovn_revision_numbers_db [None req-bebc5440-a800-4148-a349-26ccebcfce34 48902f7d5bde445b83767247e8bc69d3 f2cd3876f32147bab76676776be96d36 - - default default] Successfully bumped revision number for resource 8202857e-177e-44bc-aebf-ef40fd491b21 (type: ports) to 1
2026-06-23 19:53:41.072 10 INFO neutron.wsgi [None req-bebc5440-a800-4148-a349-26ccebcfce34 48902f7d5bde445b83767247e8bc69d3 f2cd3876f32147bab76676776be96d36 - - default default] 10.0.0.134 "POST /v2.0/ports HTTP/1.1" status: 201 len: 1150 time: 0.6516559 /var/lib/openstack/lib/python3.10/site-packages/pycadf/identifier.py:71: UserWarning: Invalid uuid: neutron. To ensure interoperability, identifiers should be a valid uuid. warnings.warn(('Invalid uuid: %s. To ensure interoperability, '
2026-06-23 19:53:41.279 9 WARNING neutron_lib.context [None req-e7d8dad2-b350-4f50-b611-e7e1f31f0e56 4e29ffc8c50045b797ee12559f7687d3 6feec9b816e24ce1b9c8a0a58a232c6e - - default default] Method 'is_advsvc' is deprecated since 2023.2 release (neutron-lib 3.8.0) and will be removed once support for the old RBAC API policies will be removed from Neutron. Please use method 'is_service_role' instead.
2026-06-23 19:53:41.405 9 INFO neutron.db.ovn_revision_numbers_db [None req-e7d8dad2-b350-4f50-b611-e7e1f31f0e56 4e29ffc8c50045b797ee12559f7687d3 6feec9b816e24ce1b9c8a0a58a232c6e - - default default] Successfully bumped revision number for resource 85a3b1be-0e8f-4845-9e9a-0f70e7e90908 (type: security_groups) to 1
2026-06-23 19:53:41.417 9 INFO neutron.db.ovn_revision_numbers_db [None req-e7d8dad2-b350-4f50-b611-e7e1f31f0e56 4e29ffc8c50045b797ee12559f7687d3 6feec9b816e24ce1b9c8a0a58a232c6e - - default default] Successfully bumped revision number for resource 02e0b3dd-b889-487e-9a51-a4d1b541ee03 (type: security_group_rules) to 0
2026-06-23 19:53:41.428 9 INFO neutron.db.ovn_revision_numbers_db [None req-e7d8dad2-b350-4f50-b611-e7e1f31f0e56 4e29ffc8c50045b797ee12559f7687d3 6feec9b816e24ce1b9c8a0a58a232c6e - - default default] Successfully bumped revision number for resource 53358b29-6676-4510-adbe-98d1b96449ae (type: security_group_rules) to 0
2026-06-23 19:53:41.442 9 INFO neutron.db.ovn_revision_numbers_db [None req-e7d8dad2-b350-4f50-b611-e7e1f31f0e56 4e29ffc8c50045b797ee12559f7687d3 6feec9b816e24ce1b9c8a0a58a232c6e - - default default] Successfully bumped revision number for resource 8edac88b-95c9-4acf-bb91-06642bbd7aaa (type: security_group_rules) to 0
2026-06-23 19:53:41.450 10 INFO neutron.plugins.ml2.drivers.ovn.mech_driver.mech_driver [None req-255234ed-5436-4377-84db-ace65d1cfd18 - - - - - -] OVN reports status up for port: 8202857e-177e-44bc-aebf-ef40fd491b21
2026-06-23 19:53:41.457 9 INFO neutron.db.ovn_revision_numbers_db [None req-e7d8dad2-b350-4f50-b611-e7e1f31f0e56 4e29ffc8c50045b797ee12559f7687d3 6feec9b816e24ce1b9c8a0a58a232c6e - - default default] Successfully bumped revision number for resource ab41dce0-3187-4e1e-b41a-ba879b66a56b (type: security_group_rules) to 0
2026-06-23 19:53:41.472 10 INFO neutron.plugins.ml2.plugin [None req-255234ed-5436-4377-84db-ace65d1cfd18 - - - - - -] Attempt 1 to provision port 8202857e-177e-44bc-aebf-ef40fd491b21
2026-06-23 19:53:41.502 10 INFO neutron.db.ovn_revision_numbers_db [None req-3704aee8-669a-4934-a057-d91a2ff3e15a 48902f7d5bde445b83767247e8bc69d3 f2cd3876f32147bab76676776be96d36 - - default default] Successfully bumped revision number for resource 8202857e-177e-44bc-aebf-ef40fd491b21 (type: router_ports) to 2
2026-06-23 19:53:41.508 9 INFO neutron.db.segments_db [None req-e7d8dad2-b350-4f50-b611-e7e1f31f0e56 4e29ffc8c50045b797ee12559f7687d3 6feec9b816e24ce1b9c8a0a58a232c6e - - default default] Added segment da3d5315-54d0-4635-83a8-86cd4fc97fbe of type geneve for network 42a1132b-81f9-48d7-9510-c118903428e5
2026-06-23 19:53:41.675 9 INFO neutron.db.ovn_revision_numbers_db [None req-e7d8dad2-b350-4f50-b611-e7e1f31f0e56 4e29ffc8c50045b797ee12559f7687d3 6feec9b816e24ce1b9c8a0a58a232c6e - - default default] Successfully bumped revision number for resource 42a1132b-81f9-48d7-9510-c118903428e5 (type: networks) to 1
2026-06-23 19:53:41.730 10 INFO neutron.db.ovn_revision_numbers_db [None req-3704aee8-669a-4934-a057-d91a2ff3e15a 48902f7d5bde445b83767247e8bc69d3 f2cd3876f32147bab76676776be96d36 - - default default] Successfully bumped revision number for resource 8202857e-177e-44bc-aebf-ef40fd491b21 (type: ports) to 2
2026-06-23 19:53:41.836 9 WARNING neutron.scheduler.dhcp_agent_scheduler [None req-e7d8dad2-b350-4f50-b611-e7e1f31f0e56 4e29ffc8c50045b797ee12559f7687d3 6feec9b816e24ce1b9c8a0a58a232c6e - - default default] No more DHCP agents
2026-06-23 19:53:41.839 9 WARNING neutron.api.rpc.agentnotifiers.dhcp_rpc_agent_api [None req-e7d8dad2-b350-4f50-b611-e7e1f31f0e56 4e29ffc8c50045b797ee12559f7687d3 6feec9b816e24ce1b9c8a0a58a232c6e - - default default] Unable to schedule network 42a1132b-81f9-48d7-9510-c118903428e5: no agents available; will retry on subsequent port and subnet creation events.
2026-06-23 19:53:41.878 10 INFO neutron.db.ovn_revision_numbers_db [None req-255234ed-5436-4377-84db-ace65d1cfd18 - - - - - -] Successfully bumped revision number for resource 8202857e-177e-44bc-aebf-ef40fd491b21 (type: ports) to 3
2026-06-23 19:53:41.926 9 INFO neutron.db.ovn_revision_numbers_db [None req-e7d8dad2-b350-4f50-b611-e7e1f31f0e56 4e29ffc8c50045b797ee12559f7687d3 6feec9b816e24ce1b9c8a0a58a232c6e - - default default] Successfully bumped revision number for resource 24312ad4-efb1-406f-9d96-aae684d184bf (type: ports) to 1
2026-06-23 19:53:41.949 9 INFO neutron.wsgi [None req-e7d8dad2-b350-4f50-b611-e7e1f31f0e56 4e29ffc8c50045b797ee12559f7687d3 6feec9b816e24ce1b9c8a0a58a232c6e - - default default] 10.0.0.134 "POST /v2.0/networks HTTP/1.1" status: 201 len: 831 time: 0.7797382
2026-06-23 19:53:41.960 9 WARNING neutron_lib.context [None req-6347f8d1-752b-4c5b-9a19-72d24f725da7 4e29ffc8c50045b797ee12559f7687d3 6feec9b816e24ce1b9c8a0a58a232c6e - - default default] Method 'is_advsvc' is deprecated since 2023.2 release (neutron-lib 3.8.0) and will be removed once support for the old RBAC API policies will be removed from Neutron. Please use method 'is_service_role' instead.
2026-06-23 19:53:41.975 10 INFO neutron.db.ovn_revision_numbers_db [None req-255234ed-5436-4377-84db-ace65d1cfd18 - - - - - -] Successfully bumped revision number for resource 8202857e-177e-44bc-aebf-ef40fd491b21 (type: router_ports) to 3
2026-06-23 19:53:42.246 9 WARNING neutron.scheduler.dhcp_agent_scheduler [None req-6347f8d1-752b-4c5b-9a19-72d24f725da7 4e29ffc8c50045b797ee12559f7687d3 6feec9b816e24ce1b9c8a0a58a232c6e - - default default] No more DHCP agents
2026-06-23 19:53:42.249 9 WARNING neutron.api.rpc.agentnotifiers.dhcp_rpc_agent_api [None req-6347f8d1-752b-4c5b-9a19-72d24f725da7 4e29ffc8c50045b797ee12559f7687d3 6feec9b816e24ce1b9c8a0a58a232c6e - - default default] Unable to schedule network 42a1132b-81f9-48d7-9510-c118903428e5: no agents available; will retry on subsequent port and subnet creation events.
2026-06-23 19:53:42.323 9 INFO neutron.db.ovn_revision_numbers_db [None req-6347f8d1-752b-4c5b-9a19-72d24f725da7 4e29ffc8c50045b797ee12559f7687d3 6feec9b816e24ce1b9c8a0a58a232c6e - - default default] Successfully bumped revision number for resource cf947e5e-f52b-45f8-ab3d-0381589ba962 (type: ports) to 1
2026-06-23 19:53:42.348 9 INFO neutron.wsgi [None req-6347f8d1-752b-4c5b-9a19-72d24f725da7 4e29ffc8c50045b797ee12559f7687d3 6feec9b816e24ce1b9c8a0a58a232c6e - - default default] 10.0.0.134 "POST /v2.0/ports HTTP/1.1" status: 201 len: 942 time: 0.3924811 /var/lib/openstack/lib/python3.10/site-packages/pycadf/identifier.py:71: UserWarning: Invalid uuid: neutron. To ensure interoperability, identifiers should be a valid uuid. warnings.warn(('Invalid uuid: %s. To ensure interoperability, '
2026-06-23 19:53:42.398 9 INFO neutron.wsgi [None req-e6ca2929-4d37-4567-be43-6eba6ecd0093 4e29ffc8c50045b797ee12559f7687d3 6feec9b816e24ce1b9c8a0a58a232c6e - - default default] 10.0.0.134 "PUT /v2.0/ports/cf947e5e-f52b-45f8-ab3d-0381589ba962/tags HTTP/1.1" status: 200 len: 218 time: 0.0439303
2026-06-23 19:53:42.400 10 INFO neutron.db.ovn_revision_numbers_db [None req-3704aee8-669a-4934-a057-d91a2ff3e15a 48902f7d5bde445b83767247e8bc69d3 f2cd3876f32147bab76676776be96d36 - - default default] Successfully bumped revision number for resource 8202857e-177e-44bc-aebf-ef40fd491b21 (type: ports) to 3 /var/lib/openstack/lib/python3.10/site-packages/pycadf/identifier.py:71: UserWarning: Invalid uuid: neutron. To ensure interoperability, identifiers should be a valid uuid. warnings.warn(('Invalid uuid: %s. To ensure interoperability, '
2026-06-23 19:53:42.457 10 INFO neutron.wsgi [None req-ebac3c24-5f1d-4b65-9fbd-286002631d24 4e29ffc8c50045b797ee12559f7687d3 6feec9b816e24ce1b9c8a0a58a232c6e - - default default] 10.0.0.134 "GET /v2.0/ports/cf947e5e-f52b-45f8-ab3d-0381589ba962/tags HTTP/1.1" status: 200 len: 218 time: 0.0516729
2026-06-23 19:53:42.486 10 WARNING neutron.scheduler.dhcp_agent_scheduler [None req-3704aee8-669a-4934-a057-d91a2ff3e15a 48902f7d5bde445b83767247e8bc69d3 f2cd3876f32147bab76676776be96d36 - - default default] No more DHCP agents
2026-06-23 19:53:42.487 10 WARNING neutron.api.rpc.agentnotifiers.dhcp_rpc_agent_api [None req-3704aee8-669a-4934-a057-d91a2ff3e15a 48902f7d5bde445b83767247e8bc69d3 f2cd3876f32147bab76676776be96d36 - - default default] Unable to schedule network 50a202b6-0536-4f72-afa9-962c6818bef2: no agents available; will retry on subsequent port and subnet creation events.
2026-06-23 19:53:42.507 9 INFO neutron.wsgi [None req-9843c23a-3ea7-4f44-b1f4-09118c245fef 4e29ffc8c50045b797ee12559f7687d3 6feec9b816e24ce1b9c8a0a58a232c6e - - default default] 10.0.0.134 "PUT /v2.0/ports/cf947e5e-f52b-45f8-ab3d-0381589ba962/tags/green HTTP/1.1" status: 201 len: 201 time: 0.0455809
2026-06-23 19:53:42.549 9 INFO neutron.wsgi [None req-03b28c6c-00a9-4f85-a44b-54d7da7a7546 4e29ffc8c50045b797ee12559f7687d3 6feec9b816e24ce1b9c8a0a58a232c6e - - default default] 10.0.0.134 "GET /v2.0/ports/cf947e5e-f52b-45f8-ab3d-0381589ba962/tags HTTP/1.1" status: 200 len: 227 time: 0.0363910
2026-06-23 19:53:42.589 9 INFO neutron.wsgi [None req-b2a557ca-5e43-4c79-90d3-8d57d2daaa10 4e29ffc8c50045b797ee12559f7687d3 6feec9b816e24ce1b9c8a0a58a232c6e - - default default] 10.0.0.134 "PUT /v2.0/ports/cf947e5e-f52b-45f8-ab3d-0381589ba962/tags/red HTTP/1.1" status: 201 len: 201 time: 0.0354958
2026-06-23 19:53:42.624 10 INFO neutron.db.ovn_revision_numbers_db [None req-3704aee8-669a-4934-a057-d91a2ff3e15a 48902f7d5bde445b83767247e8bc69d3 f2cd3876f32147bab76676776be96d36 - - default default] Successfully bumped revision number for resource 8202857e-177e-44bc-aebf-ef40fd491b21 (type: router_ports) to 3
2026-06-23 19:53:42.628 10 INFO neutron.wsgi [None req-3704aee8-669a-4934-a057-d91a2ff3e15a 48902f7d5bde445b83767247e8bc69d3 f2cd3876f32147bab76676776be96d36 - - default default] 10.0.0.134 "PUT /v2.0/routers/eeb75f7c-db16-45dd-9280-8c7177563a8e/add_router_interface HTTP/1.1" status: 200 len: 503 time: 1.5497065
2026-06-23 19:53:42.641 9 INFO neutron.wsgi [None req-a955fb85-b076-4d44-8962-abe042a967e6 4e29ffc8c50045b797ee12559f7687d3 6feec9b816e24ce1b9c8a0a58a232c6e - - default default] 10.0.0.134 "GET /v2.0/ports/cf947e5e-f52b-45f8-ab3d-0381589ba962/tags HTTP/1.1" status: 200 len: 227 time: 0.0454223
2026-06-23 19:53:42.674 10 INFO neutron.wsgi [None req-d0218833-7eb0-44ca-9b73-5d7507c75908 48902f7d5bde445b83767247e8bc69d3 f2cd3876f32147bab76676776be96d36 - - default default] 10.0.0.134 "GET /v2.0/ports/8202857e-177e-44bc-aebf-ef40fd491b21 HTTP/1.1" status: 200 len: 1208 time: 0.0398734
2026-06-23 19:53:42.710 9 INFO neutron.wsgi [None req-13beec24-ba10-45e7-841b-2f2386f7f1be 4e29ffc8c50045b797ee12559f7687d3 6feec9b816e24ce1b9c8a0a58a232c6e - - default default] 10.0.0.134 "PUT /v2.0/ports/cf947e5e-f52b-45f8-ab3d-0381589ba962/tags/black.or.white HTTP/1.1" status: 201 len: 201 time: 0.0647562
2026-06-23 19:53:42.763 9 INFO neutron.wsgi [None req-6cec86b8-c103-47cc-9449-3e5a90e532aa 4e29ffc8c50045b797ee12559f7687d3 6feec9b816e24ce1b9c8a0a58a232c6e - - default default] 10.0.0.134 "GET /v2.0/ports/cf947e5e-f52b-45f8-ab3d-0381589ba962/tags HTTP/1.1" status: 200 len: 245 time: 0.0479352
2026-06-23 19:53:42.817 9 INFO neutron.wsgi [None req-22693120-cfe8-46a8-a509-9587a89efc41 4e29ffc8c50045b797ee12559f7687d3 6feec9b816e24ce1b9c8a0a58a232c6e - - default default] 10.0.0.134 "PUT /v2.0/ports/cf947e5e-f52b-45f8-ab3d-0381589ba962/tags HTTP/1.1" status: 200 len: 230 time: 0.0488284
2026-06-23 19:53:42.880 9 INFO neutron.wsgi [None req-24273ca8-df5c-45c3-bb9d-b1a01b5df149 4e29ffc8c50045b797ee12559f7687d3 6feec9b816e24ce1b9c8a0a58a232c6e - - default default] 10.0.0.134 "GET /v2.0/ports/cf947e5e-f52b-45f8-ab3d-0381589ba962/tags HTTP/1.1" status: 200 len: 230 time: 0.0434799
2026-06-23 19:53:42.894 9 INFO neutron.db.ovn_revision_numbers_db [None req-e6483f01-fd1a-4514-8e99-6b9584e9eaf9 6f22c35928494171891429412d0878a7 961d8885eda1406b87c01267346839e8 - - default default] Successfully bumped revision number for resource 74785790-beb7-4838-9849-61d388f83a2c (type: security_groups) to 1
2026-06-23 19:53:43.136 9 INFO neutron.wsgi [None req-c0823b58-a090-4290-9dd2-e1d643ba0a09 4e29ffc8c50045b797ee12559f7687d3 6feec9b816e24ce1b9c8a0a58a232c6e - - default default] 10.0.0.134 "GET /v2.0/ports/cf947e5e-f52b-45f8-ab3d-0381589ba962/tags/red HTTP/1.1" status: 204 len: 168 time: 0.2505028
2026-06-23 19:53:43.137 9 INFO neutron.db.ovn_revision_numbers_db [None req-e6483f01-fd1a-4514-8e99-6b9584e9eaf9 6f22c35928494171891429412d0878a7 961d8885eda1406b87c01267346839e8 - - default default] Successfully bumped revision number for resource 16e95117-ae43-4b93-a67d-a5146e69714a (type: security_group_rules) to 0
2026-06-23 19:53:43.158 9 INFO neutron.db.ovn_revision_numbers_db [None req-e6483f01-fd1a-4514-8e99-6b9584e9eaf9 6f22c35928494171891429412d0878a7 961d8885eda1406b87c01267346839e8 - - default default] Successfully bumped revision number for resource 3a3fcc6e-dd62-4f89-8648-f5568ca5a793 (type: security_group_rules) to 0
2026-06-23 19:53:43.180 9 INFO neutron.db.ovn_revision_numbers_db [None req-e6483f01-fd1a-4514-8e99-6b9584e9eaf9 6f22c35928494171891429412d0878a7 961d8885eda1406b87c01267346839e8 - - default default] Successfully bumped revision number for resource 6fcf5557-d058-420c-b5c4-5f05e9a545a6 (type: security_group_rules) to 0
2026-06-23 19:53:43.184 9 INFO neutron.api.v2.resource [None req-8d37657b-31fa-4115-bab4-fc0397830e4b 4e29ffc8c50045b797ee12559f7687d3 6feec9b816e24ce1b9c8a0a58a232c6e - - default default] show failed (client error): The resource could not be found.
2026-06-23 19:53:43.185 9 INFO neutron.wsgi [None req-8d37657b-31fa-4115-bab4-fc0397830e4b 4e29ffc8c50045b797ee12559f7687d3 6feec9b816e24ce1b9c8a0a58a232c6e - - default default] 10.0.0.134 "GET /v2.0/ports/cf947e5e-f52b-45f8-ab3d-0381589ba962/tags/green HTTP/1.1" status: 404 len: 299 time: 0.0441694
2026-06-23 19:53:43.202 9 INFO neutron.db.ovn_revision_numbers_db [None req-e6483f01-fd1a-4514-8e99-6b9584e9eaf9 6f22c35928494171891429412d0878a7 961d8885eda1406b87c01267346839e8 - - default default] Successfully bumped revision number for resource 7ce2f6a7-74ca-4056-975a-8ad42739256e (type: security_group_rules) to 0
2026-06-23 19:53:43.262 9 INFO neutron.db.segments_db [None req-e6483f01-fd1a-4514-8e99-6b9584e9eaf9 6f22c35928494171891429412d0878a7 961d8885eda1406b87c01267346839e8 - - default default] Added segment 7e16347c-e900-4c28-84e3-7096889058ea of type geneve for network 10925b09-9780-435f-9e34-5e466d893a70
2026-06-23 19:53:43.268 9 INFO neutron.wsgi [None req-a9566fce-8c2d-4b62-a41a-62de6ff0488a 4e29ffc8c50045b797ee12559f7687d3 6feec9b816e24ce1b9c8a0a58a232c6e - - default default] 10.0.0.134 "DELETE /v2.0/ports/cf947e5e-f52b-45f8-ab3d-0381589ba962/tags/red HTTP/1.1" status: 204 len: 168 time: 0.0783882
2026-06-23 19:53:43.322 9 INFO neutron.wsgi [None req-db20d667-4709-4559-9850-721acc688921 4e29ffc8c50045b797ee12559f7687d3 6feec9b816e24ce1b9c8a0a58a232c6e - - default default] 10.0.0.134 "GET /v2.0/ports/cf947e5e-f52b-45f8-ab3d-0381589ba962/tags HTTP/1.1" status: 200 len: 223 time: 0.0466843
2026-06-23 19:53:43.329 10 INFO neutron.wsgi [None req-d6c3005e-d7b4-4d5b-a6e3-d33e7eec6198 48902f7d5bde445b83767247e8bc69d3 f2cd3876f32147bab76676776be96d36 - - default default] 10.0.0.134 "PUT /v2.0/routers/eeb75f7c-db16-45dd-9280-8c7177563a8e/remove_router_interface HTTP/1.1" status: 200 len: 503 time: 0.6484230 /var/lib/openstack/lib/python3.10/site-packages/pycadf/identifier.py:71: UserWarning: Invalid uuid: neutron. To ensure interoperability, identifiers should be a valid uuid. warnings.warn(('Invalid uuid: %s. To ensure interoperability, '
2026-06-23 19:53:43.373 10 INFO neutron.api.v2.resource [None req-619da332-5594-4304-82e7-5fac2169d901 4e29ffc8c50045b797ee12559f7687d3 6feec9b816e24ce1b9c8a0a58a232c6e - - default default] delete failed (client error): The resource could not be found.
2026-06-23 19:53:43.374 10 INFO neutron.wsgi [None req-619da332-5594-4304-82e7-5fac2169d901 4e29ffc8c50045b797ee12559f7687d3 6feec9b816e24ce1b9c8a0a58a232c6e - - default default] 10.0.0.134 "DELETE /v2.0/ports/cf947e5e-f52b-45f8-ab3d-0381589ba962/tags/green HTTP/1.1" status: 404 len: 299 time: 0.0435088
2026-06-23 19:53:43.415 9 INFO neutron.api.v2.resource [None req-a96ce827-172b-4691-9d7d-fd19a7eabae4 48902f7d5bde445b83767247e8bc69d3 f2cd3876f32147bab76676776be96d36 - - default default] remove_router_interface failed (client error): The resource could not be found.
2026-06-23 19:53:43.416 9 INFO neutron.wsgi [None req-a96ce827-172b-4691-9d7d-fd19a7eabae4 48902f7d5bde445b83767247e8bc69d3 f2cd3876f32147bab76676776be96d36 - - default default] 10.0.0.134 "PUT /v2.0/routers/eeb75f7c-db16-45dd-9280-8c7177563a8e/remove_router_interface HTTP/1.1" status: 404 len: 398 time: 0.0817630
2026-06-23 19:53:43.455 10 INFO neutron.wsgi [None req-21772b99-4858-4bba-b3c7-086ac3e1240e 48902f7d5bde445b83767247e8bc69d3 f2cd3876f32147bab76676776be96d36 - - default default] 10.0.0.134 "GET /v2.0/ports?device_id=eeb75f7c-db16-45dd-9280-8c7177563a8e HTTP/1.1" status: 200 len: 205 time: 0.0307546
2026-06-23 19:53:43.457 10 INFO neutron.wsgi [None req-a3c1e651-7a8d-4c64-85ac-c0ef21551d7a 4e29ffc8c50045b797ee12559f7687d3 6feec9b816e24ce1b9c8a0a58a232c6e - - default default] 10.0.0.134 "DELETE /v2.0/ports/cf947e5e-f52b-45f8-ab3d-0381589ba962/tags HTTP/1.1" status: 204 len: 168 time: 0.0779903
2026-06-23 19:53:43.474 9 INFO neutron.db.ovn_revision_numbers_db [None req-e6483f01-fd1a-4514-8e99-6b9584e9eaf9 6f22c35928494171891429412d0878a7 961d8885eda1406b87c01267346839e8 - - default default] Successfully bumped revision number for resource 10925b09-9780-435f-9e34-5e466d893a70 (type: networks) to 1
2026-06-23 19:53:43.524 9 INFO neutron.wsgi [None req-7e443580-21e4-4c4f-b9a5-fc780dfbc496 4e29ffc8c50045b797ee12559f7687d3 6feec9b816e24ce1b9c8a0a58a232c6e - - default default] 10.0.0.134 "GET /v2.0/ports/cf947e5e-f52b-45f8-ab3d-0381589ba962/tags HTTP/1.1" status: 200 len: 205 time: 0.0575399
2026-06-23 19:53:43.645 9 INFO neutron.wsgi [None req-da9a7268-222d-4641-8eea-ee326db16f21 b083b493e63c4743aa7625d4f18599c8 8d815b74a3fe451fbf0cbc29a0b44f5b - - default default] 10.0.0.134 "POST /v2.0/qos/policies HTTP/1.1" status: 201 len: 558 time: 0.1918449
2026-06-23 19:53:43.715 9 INFO neutron.wsgi [None req-af52c85c-efb8-47ac-bc20-da3d7bed37c6 b083b493e63c4743aa7625d4f18599c8 8d815b74a3fe451fbf0cbc29a0b44f5b - - default default] 10.0.0.134 "POST /v2.0/qos/policies HTTP/1.1" status: 201 len: 558 time: 0.0641217
2026-06-23 19:53:43.749 9 WARNING neutron.scheduler.dhcp_agent_scheduler [None req-e6483f01-fd1a-4514-8e99-6b9584e9eaf9 6f22c35928494171891429412d0878a7 961d8885eda1406b87c01267346839e8 - - default default] No more DHCP agents
2026-06-23 19:53:43.756 9 WARNING neutron.api.rpc.agentnotifiers.dhcp_rpc_agent_api [None req-e6483f01-fd1a-4514-8e99-6b9584e9eaf9 6f22c35928494171891429412d0878a7 961d8885eda1406b87c01267346839e8 - - default default] Unable to schedule network 10925b09-9780-435f-9e34-5e466d893a70: no agents available; will retry on subsequent port and subnet creation events.
2026-06-23 19:53:43.807 9 INFO neutron.wsgi [None req-875b3f74-2044-4fb8-9909-ea5d9f8286d2 b083b493e63c4743aa7625d4f18599c8 8d815b74a3fe451fbf0cbc29a0b44f5b - - default default] 10.0.0.134 "POST /v2.0/qos/policies HTTP/1.1" status: 201 len: 558 time: 0.0842426
2026-06-23 19:53:43.893 9 INFO neutron.wsgi [None req-36b072ca-0af0-4078-9ca0-fee6ed808152 b083b493e63c4743aa7625d4f18599c8 8d815b74a3fe451fbf0cbc29a0b44f5b - - default default] 10.0.0.134 "POST /v2.0/qos/policies HTTP/1.1" status: 201 len: 558 time: 0.0770996
2026-06-23 19:53:43.931 9 INFO neutron.db.ovn_revision_numbers_db [None req-e6483f01-fd1a-4514-8e99-6b9584e9eaf9 6f22c35928494171891429412d0878a7 961d8885eda1406b87c01267346839e8 - - default default] Successfully bumped revision number for resource 9b044548-9d4f-4136-80f9-3609e4ab440c (type: ports) to 1
2026-06-23 19:53:43.961 9 INFO neutron.wsgi [None req-e6483f01-fd1a-4514-8e99-6b9584e9eaf9 6f22c35928494171891429412d0878a7 961d8885eda1406b87c01267346839e8 - - default default] 10.0.0.134 "POST /v2.0/networks HTTP/1.1" status: 201 len: 943 time: 1.4663563
2026-06-23 19:53:43.963 9 INFO neutron.wsgi [None req-5e426ee7-bc04-4a29-a20a-66af2aed98ca b083b493e63c4743aa7625d4f18599c8 8d815b74a3fe451fbf0cbc29a0b44f5b - - default default] 10.0.0.134 "POST /v2.0/qos/policies HTTP/1.1" status: 201 len: 558 time: 0.0657663
2026-06-23 19:53:43.972 9 INFO neutron.wsgi [None req-237b2f8a-dcfe-4585-aa03-63a36faaebe3 4e29ffc8c50045b797ee12559f7687d3 6feec9b816e24ce1b9c8a0a58a232c6e - - default default] 10.0.0.134 "DELETE /v2.0/ports/cf947e5e-f52b-45f8-ab3d-0381589ba962 HTTP/1.1" status: 204 len: 168 time: 0.4377391
2026-06-23 19:53:44.015 10 INFO neutron.wsgi [None req-e692c7f6-aa1f-4655-b713-23f0ff2c3dcd 48902f7d5bde445b83767247e8bc69d3 f2cd3876f32147bab76676776be96d36 - - default default] 10.0.0.134 "DELETE /v2.0/routers/eeb75f7c-db16-45dd-9280-8c7177563a8e HTTP/1.1" status: 204 len: 168 time: 0.5500944
2026-06-23 19:53:44.019 9 INFO neutron.wsgi [None req-88fc105f-91fa-405d-ae3b-4b8c2249d752 b083b493e63c4743aa7625d4f18599c8 8d815b74a3fe451fbf0cbc29a0b44f5b - - default default] 10.0.0.134 "PUT /v2.0/policies/fa9261a6-0396-4a61-820e-3cfeefb2299e/tags HTTP/1.1" status: 200 len: 210 time: 0.0457218
2026-06-23 19:53:44.064 10 INFO neutron.wsgi [None req-22d1569a-626e-412e-a079-a23d04a37bac b083b493e63c4743aa7625d4f18599c8 8d815b74a3fe451fbf0cbc29a0b44f5b - - default default] 10.0.0.134 "PUT /v2.0/policies/524f7c60-f6f1-43da-9646-2aa7118d69e0/tags HTTP/1.1" status: 200 len: 218 time: 0.0413530
2026-06-23 19:53:44.113 10 INFO neutron.wsgi [None req-3c7de148-bcbf-4775-a3fd-e46dca579d31 b083b493e63c4743aa7625d4f18599c8 8d815b74a3fe451fbf0cbc29a0b44f5b - - default default] 10.0.0.134 "PUT /v2.0/policies/10a33eff-8b03-4c10-aaff-f93ac9f20545/tags HTTP/1.1" status: 200 len: 227 time: 0.0428474
2026-06-23 19:53:44.150 10 INFO neutron.wsgi [None req-67ec3782-54e5-4574-b1e4-7bae438d593b b083b493e63c4743aa7625d4f18599c8 8d815b74a3fe451fbf0cbc29a0b44f5b - - default default] 10.0.0.134 "PUT /v2.0/policies/e0b44ec8-47b2-495e-a4e2-aa60fc8998cd/tags HTTP/1.1" status: 200 len: 212 time: 0.0304580
2026-06-23 19:53:44.288 9 WARNING neutron.scheduler.dhcp_agent_scheduler [None req-0bc0be7c-97a9-4ae5-b3f2-b5e0a4a86b59 6f22c35928494171891429412d0878a7 961d8885eda1406b87c01267346839e8 - - default default] No more DHCP agents
2026-06-23 19:53:44.294 9 WARNING neutron.api.rpc.agentnotifiers.dhcp_rpc_agent_api [None req-0bc0be7c-97a9-4ae5-b3f2-b5e0a4a86b59 6f22c35928494171891429412d0878a7 961d8885eda1406b87c01267346839e8 - - default default] Unable to schedule network 10925b09-9780-435f-9e34-5e466d893a70: no agents available; will retry on subsequent port and subnet creation events.
