2026-06-23 19:51:39.608 10 INFO neutron.wsgi [None req-6dffcc4c-0d32-4919-9ce6-41f4bd1ca53c 6f22c35928494171891429412d0878a7 961d8885eda1406b87c01267346839e8 - - default default] 10.0.0.134 "DELETE /v2.0/security-groups/effeb601-bdcc-4e9f-825d-3026dbd175bf HTTP/1.1" status: 204 len: 168 time: 0.2070968
2026-06-23 19:51:39.816 9 INFO neutron.db.ovn_revision_numbers_db [None req-aa7bc6c1-716b-4b24-97c5-eac3bc68adf5 6f22c35928494171891429412d0878a7 961d8885eda1406b87c01267346839e8 - - default default] Successfully bumped revision number for resource 051c1355-92da-4505-9210-3e572e1b1f5b (type: routers) to 2
2026-06-23 19:51:39.831 9 INFO neutron.wsgi [None req-aa7bc6c1-716b-4b24-97c5-eac3bc68adf5 6f22c35928494171891429412d0878a7 961d8885eda1406b87c01267346839e8 - - default default] 10.0.0.134 "POST /v2.0/routers HTTP/1.1" status: 201 len: 881 time: 1.5175409
2026-06-23 19:51:40.194 9 INFO neutron.db.ovn_revision_numbers_db [None req-be82ee03-7bd3-4947-a079-19b44e2df86a - - - - - -] Successfully bumped revision number for resource 1a4474fa-9db0-46c6-8678-eefb0d44e209 (type: ports) to 1
2026-06-23 19:51:40.332 10 WARNING neutron.scheduler.dhcp_agent_scheduler [None req-10aa88cf-8307-4240-8b32-23f50efdd621 6f22c35928494171891429412d0878a7 961d8885eda1406b87c01267346839e8 - - default default] No more DHCP agents
2026-06-23 19:51:40.335 10 WARNING neutron.api.rpc.agentnotifiers.dhcp_rpc_agent_api [None req-10aa88cf-8307-4240-8b32-23f50efdd621 6f22c35928494171891429412d0878a7 961d8885eda1406b87c01267346839e8 - - default default] Unable to schedule network 31c830c2-9726-4a79-a925-cbf22db35d78: no agents available; will retry on subsequent port and subnet creation events.
2026-06-23 19:51:40.430 9 INFO neutron.db.ovn_revision_numbers_db [None req-be82ee03-7bd3-4947-a079-19b44e2df86a - - - - - -] Successfully bumped revision number for resource 1a4474fa-9db0-46c6-8678-eefb0d44e209 (type: router_ports) to 3
2026-06-23 19:51:40.508 10 INFO neutron.db.ovn_revision_numbers_db [None req-10aa88cf-8307-4240-8b32-23f50efdd621 6f22c35928494171891429412d0878a7 961d8885eda1406b87c01267346839e8 - - default default] Successfully bumped revision number for resource 236f36c0-1aa8-4089-830a-164e7bb3bb9e (type: ports) to 1
2026-06-23 19:51:40.594 9 INFO neutron.db.ovn_revision_numbers_db [None req-be82ee03-7bd3-4947-a079-19b44e2df86a - - - - - -] Successfully bumped revision number for resource 1a4474fa-9db0-46c6-8678-eefb0d44e209 (type: ports) to 2
2026-06-23 19:51:40.835 9 INFO neutron.db.ovn_revision_numbers_db [None req-be82ee03-7bd3-4947-a079-19b44e2df86a - - - - - -] Successfully bumped revision number for resource 1a4474fa-9db0-46c6-8678-eefb0d44e209 (type: ports) to 4
2026-06-23 19:51:40.892 10 INFO neutron.db.ovn_revision_numbers_db [None req-10aa88cf-8307-4240-8b32-23f50efdd621 6f22c35928494171891429412d0878a7 961d8885eda1406b87c01267346839e8 - - default default] Successfully bumped revision number for resource 236f36c0-1aa8-4089-830a-164e7bb3bb9e (type: router_ports) to 1
2026-06-23 19:51:41.035 9 INFO neutron.db.ovn_revision_numbers_db [None req-be82ee03-7bd3-4947-a079-19b44e2df86a - - - - - -] Successfully bumped revision number for resource 1a4474fa-9db0-46c6-8678-eefb0d44e209 (type: router_ports) to 4
2026-06-23 19:51:41.104 10 INFO neutron.db.ovn_revision_numbers_db [None req-10aa88cf-8307-4240-8b32-23f50efdd621 6f22c35928494171891429412d0878a7 961d8885eda1406b87c01267346839e8 - - default default] Successfully bumped revision number for resource 236f36c0-1aa8-4089-830a-164e7bb3bb9e (type: ports) to 1
2026-06-23 19:51:41.187 10 WARNING neutron.scheduler.dhcp_agent_scheduler [None req-10aa88cf-8307-4240-8b32-23f50efdd621 6f22c35928494171891429412d0878a7 961d8885eda1406b87c01267346839e8 - - default default] No more DHCP agents
2026-06-23 19:51:41.189 10 WARNING neutron.api.rpc.agentnotifiers.dhcp_rpc_agent_api [None req-10aa88cf-8307-4240-8b32-23f50efdd621 6f22c35928494171891429412d0878a7 961d8885eda1406b87c01267346839e8 - - default default] Unable to schedule network 31c830c2-9726-4a79-a925-cbf22db35d78: no agents available; will retry on subsequent port and subnet creation events.
2026-06-23 19:51:41.899 10 INFO neutron.db.ovn_revision_numbers_db [None req-10aa88cf-8307-4240-8b32-23f50efdd621 6f22c35928494171891429412d0878a7 961d8885eda1406b87c01267346839e8 - - default default] Successfully bumped revision number for resource 236f36c0-1aa8-4089-830a-164e7bb3bb9e (type: router_ports) to 1
2026-06-23 19:51:41.901 10 INFO neutron.wsgi [None req-10aa88cf-8307-4240-8b32-23f50efdd621 6f22c35928494171891429412d0878a7 961d8885eda1406b87c01267346839e8 - - default default] 10.0.0.134 "PUT /v2.0/routers/051c1355-92da-4505-9210-3e572e1b1f5b/add_router_interface HTTP/1.1" status: 200 len: 503 time: 2.0630169
2026-06-23 19:51:42.094 9 INFO neutron.plugins.ml2.drivers.ovn.mech_driver.mech_driver [None req-795fba2b-7bfd-4e92-b3fb-b4f3ec7fd546 - - - - - -] OVN reports status up for port: 236f36c0-1aa8-4089-830a-164e7bb3bb9e
2026-06-23 19:51:42.116 9 INFO neutron.plugins.ml2.plugin [None req-795fba2b-7bfd-4e92-b3fb-b4f3ec7fd546 - - - - - -] Attempt 1 to provision port 236f36c0-1aa8-4089-830a-164e7bb3bb9e
2026-06-23 19:51:42.351 9 INFO neutron.db.ovn_revision_numbers_db [None req-795fba2b-7bfd-4e92-b3fb-b4f3ec7fd546 - - - - - -] Successfully bumped revision number for resource 236f36c0-1aa8-4089-830a-164e7bb3bb9e (type: ports) to 2
2026-06-23 19:51:42.424 9 INFO neutron.db.ovn_revision_numbers_db [None req-795fba2b-7bfd-4e92-b3fb-b4f3ec7fd546 - - - - - -] Successfully bumped revision number for resource 236f36c0-1aa8-4089-830a-164e7bb3bb9e (type: router_ports) to 2
2026-06-23 19:51:42.562 9 WARNING neutron_lib.context [None req-77d02aed-9d5e-4ab4-bc6d-728db3e82731 903e8d0da4094b0d8112b3f1e60f3fc5 1972507cc45644b2a8c4621c129e089b - - default default] Method 'is_advsvc' is deprecated since 2023.2 release (neutron-lib 3.8.0) and will be removed once support for the old RBAC API policies will be removed from Neutron. Please use method 'is_service_role' instead.
2026-06-23 19:51:42.683 9 INFO neutron.db.ovn_revision_numbers_db [None req-77d02aed-9d5e-4ab4-bc6d-728db3e82731 903e8d0da4094b0d8112b3f1e60f3fc5 1972507cc45644b2a8c4621c129e089b - - default default] Successfully bumped revision number for resource 59c4503d-c086-45e3-bc5c-6aaeced1d335 (type: security_groups) to 1
2026-06-23 19:51:42.700 9 INFO neutron.db.ovn_revision_numbers_db [None req-77d02aed-9d5e-4ab4-bc6d-728db3e82731 903e8d0da4094b0d8112b3f1e60f3fc5 1972507cc45644b2a8c4621c129e089b - - default default] Successfully bumped revision number for resource 04bbd666-8613-4ec0-91e2-b4d7836bffbc (type: security_group_rules) to 0
2026-06-23 19:51:42.717 9 INFO neutron.db.ovn_revision_numbers_db [None req-77d02aed-9d5e-4ab4-bc6d-728db3e82731 903e8d0da4094b0d8112b3f1e60f3fc5 1972507cc45644b2a8c4621c129e089b - - default default] Successfully bumped revision number for resource 6bd8acef-5258-41b8-9ea5-5b73132a4201 (type: security_group_rules) to 0
2026-06-23 19:51:42.739 9 INFO neutron.wsgi [None req-77d02aed-9d5e-4ab4-bc6d-728db3e82731 903e8d0da4094b0d8112b3f1e60f3fc5 1972507cc45644b2a8c4621c129e089b - - default default] 10.0.0.134 "POST /v2.0/security-groups HTTP/1.1" status: 201 len: 1797 time: 0.1812658
2026-06-23 19:51:42.752 9 WARNING neutron_lib.context [None req-0181d52f-e6ad-4f3b-9b1d-b3edfd5b5332 903e8d0da4094b0d8112b3f1e60f3fc5 1972507cc45644b2a8c4621c129e089b - - default default] Method 'is_advsvc' is deprecated since 2023.2 release (neutron-lib 3.8.0) and will be removed once support for the old RBAC API policies will be removed from Neutron. Please use method 'is_service_role' instead.
2026-06-23 19:51:42.882 9 INFO neutron.db.ovn_revision_numbers_db [None req-0181d52f-e6ad-4f3b-9b1d-b3edfd5b5332 903e8d0da4094b0d8112b3f1e60f3fc5 1972507cc45644b2a8c4621c129e089b - - default default] Successfully bumped revision number for resource 3d697474-aee8-478e-ada0-9a2beb97f339 (type: security_group_rules) to 0
2026-06-23 19:51:42.906 9 INFO neutron.wsgi [None req-0181d52f-e6ad-4f3b-9b1d-b3edfd5b5332 903e8d0da4094b0d8112b3f1e60f3fc5 1972507cc45644b2a8c4621c129e089b - - default default] 10.0.0.134 "POST /v2.0/security-group-rules HTTP/1.1" status: 201 len: 764 time: 0.1619349
2026-06-23 19:51:42.915 9 WARNING neutron_lib.context [None req-25cd676d-b2db-4a3b-9e56-0106c7fc0a98 903e8d0da4094b0d8112b3f1e60f3fc5 1972507cc45644b2a8c4621c129e089b - - default default] Method 'is_advsvc' is deprecated since 2023.2 release (neutron-lib 3.8.0) and will be removed once support for the old RBAC API policies will be removed from Neutron. Please use method 'is_service_role' instead.
2026-06-23 19:51:43.028 9 INFO neutron.db.ovn_revision_numbers_db [None req-25cd676d-b2db-4a3b-9e56-0106c7fc0a98 903e8d0da4094b0d8112b3f1e60f3fc5 1972507cc45644b2a8c4621c129e089b - - default default] Successfully bumped revision number for resource 48be0550-cbb0-4c5c-a045-b7c7dac2f95f (type: security_group_rules) to 0
2026-06-23 19:51:43.058 9 INFO neutron.wsgi [None req-25cd676d-b2db-4a3b-9e56-0106c7fc0a98 903e8d0da4094b0d8112b3f1e60f3fc5 1972507cc45644b2a8c4621c129e089b - - default default] 10.0.0.134 "POST /v2.0/security-group-rules HTTP/1.1" status: 201 len: 769 time: 0.1476097
2026-06-23 19:51:43.072 9 WARNING neutron_lib.context [None req-a8d8b245-7bd0-443c-8a4d-df12c03eb4dc 903e8d0da4094b0d8112b3f1e60f3fc5 1972507cc45644b2a8c4621c129e089b - - default default] Method 'is_advsvc' is deprecated since 2023.2 release (neutron-lib 3.8.0) and will be removed once support for the old RBAC API policies will be removed from Neutron. Please use method 'is_service_role' instead.
2026-06-23 19:51:43.336 9 WARNING neutron.scheduler.dhcp_agent_scheduler [None req-a8d8b245-7bd0-443c-8a4d-df12c03eb4dc 903e8d0da4094b0d8112b3f1e60f3fc5 1972507cc45644b2a8c4621c129e089b - - default default] No more DHCP agents
2026-06-23 19:51:43.338 9 WARNING neutron.api.rpc.agentnotifiers.dhcp_rpc_agent_api [None req-a8d8b245-7bd0-443c-8a4d-df12c03eb4dc 903e8d0da4094b0d8112b3f1e60f3fc5 1972507cc45644b2a8c4621c129e089b - - default default] Unable to schedule network 5ba94b83-72f9-4064-9ccb-c40368783405: no agents available; will retry on subsequent port and subnet creation events.
2026-06-23 19:51:43.685 9 INFO neutron.db.ovn_revision_numbers_db [None req-a8d8b245-7bd0-443c-8a4d-df12c03eb4dc 903e8d0da4094b0d8112b3f1e60f3fc5 1972507cc45644b2a8c4621c129e089b - - default default] Successfully bumped revision number for resource 58d9c741-aa13-4245-ba06-8beffa1848dc (type: floatingips) to 0
2026-06-23 19:51:43.699 9 INFO neutron.wsgi [None req-a8d8b245-7bd0-443c-8a4d-df12c03eb4dc 903e8d0da4094b0d8112b3f1e60f3fc5 1972507cc45644b2a8c4621c129e089b - - default default] 10.0.0.134 "POST /v2.0/floatingips HTTP/1.1" status: 201 len: 751 time: 0.6339512
2026-06-23 19:51:45.456 9 INFO neutron.wsgi [-] 10.0.0.202 "GET / HTTP/1.1" status: 200 len: 247 time: 0.0020661
2026-06-23 19:51:45.457 10 INFO neutron.wsgi [-] 10.0.0.202 "GET / HTTP/1.1" status: 200 len: 247 time: 0.0029166
2026-06-23 19:51:46.432 10 INFO neutron.wsgi [req-ab137977-73af-4e84-a090-21c560a644e2 req-d571157a-49d8-4a68-a2dc-73a6c2360a69 39537b15b6f64acc8738842b08f06cb9 e2d8cef52b21446aa0a6796a1833aab2 - - 6eb6ce9b6118458484f4d70dda1ea4c6 6eb6ce9b6118458484f4d70dda1ea4c6] 10.0.0.76 "GET /v2.0/ports?device_id=7f0425ba-40af-4c41-9192-2d531a74ab95 HTTP/1.1" status: 200 len: 1409 time: 0.2753172
2026-06-23 19:51:46.486 10 INFO neutron.wsgi [req-ab137977-73af-4e84-a090-21c560a644e2 req-5c1eccfa-93ac-4ccb-a56e-1d5949090d03 39537b15b6f64acc8738842b08f06cb9 e2d8cef52b21446aa0a6796a1833aab2 - - 6eb6ce9b6118458484f4d70dda1ea4c6 6eb6ce9b6118458484f4d70dda1ea4c6] 10.0.0.76 "GET /v2.0/security-groups?id=4e15aa83-1059-4f6f-b64d-88339bbdcc4b&fields=id&fields=name HTTP/1.1" status: 200 len: 313 time: 0.0502110
2026-06-23 19:51:46.520 9 INFO neutron.db.ovn_revision_numbers_db [None req-fc5263ec-1819-47a9-9103-2d5672c55f2e 6f22c35928494171891429412d0878a7 961d8885eda1406b87c01267346839e8 - - default default] Successfully bumped revision number for resource 4508777a-875c-418f-bff6-2b0c8aa07c48 (type: security_groups) to 1
2026-06-23 19:51:46.536 9 INFO neutron.db.ovn_revision_numbers_db [None req-fc5263ec-1819-47a9-9103-2d5672c55f2e 6f22c35928494171891429412d0878a7 961d8885eda1406b87c01267346839e8 - - default default] Successfully bumped revision number for resource 1d9ad3bc-e03c-480b-a824-b03fe023391f (type: security_group_rules) to 0
2026-06-23 19:51:46.554 9 INFO neutron.db.ovn_revision_numbers_db [None req-fc5263ec-1819-47a9-9103-2d5672c55f2e 6f22c35928494171891429412d0878a7 961d8885eda1406b87c01267346839e8 - - default default] Successfully bumped revision number for resource 24801f90-672b-4ca1-bc16-c71a10d11be5 (type: security_group_rules) to 0
2026-06-23 19:51:46.571 9 INFO neutron.db.ovn_revision_numbers_db [None req-fc5263ec-1819-47a9-9103-2d5672c55f2e 6f22c35928494171891429412d0878a7 961d8885eda1406b87c01267346839e8 - - default default] Successfully bumped revision number for resource 2933d8c5-abe9-414b-9748-889d63d7984b (type: security_group_rules) to 0
2026-06-23 19:51:46.587 9 INFO neutron.db.ovn_revision_numbers_db [None req-fc5263ec-1819-47a9-9103-2d5672c55f2e 6f22c35928494171891429412d0878a7 961d8885eda1406b87c01267346839e8 - - default default] Successfully bumped revision number for resource 314f485b-cdd3-4236-8042-7b1f1006a2e5 (type: security_group_rules) to 0
2026-06-23 19:51:46.613 9 INFO neutron.wsgi [None req-fc5263ec-1819-47a9-9103-2d5672c55f2e 6f22c35928494171891429412d0878a7 961d8885eda1406b87c01267346839e8 - - default default] 10.0.0.134 "GET /v2.0/security-groups?tenant_id=8b8e5e4b8a6e459585831786942eec22&name=default HTTP/1.1" status: 200 len: 2996 time: 0.3472979
2026-06-23 19:51:46.823 9 INFO neutron.wsgi [None req-a9be5f01-b3fb-474f-8c81-dd01ac7123d5 6f22c35928494171891429412d0878a7 961d8885eda1406b87c01267346839e8 - - default default] 10.0.0.134 "DELETE /v2.0/security-groups/4508777a-875c-418f-bff6-2b0c8aa07c48 HTTP/1.1" status: 204 len: 168 time: 0.2033100
2026-06-23 19:51:47.015 9 INFO neutron.db.ovn_revision_numbers_db [None req-148ff40e-7fc9-4a87-b1cc-1909f97b25b4 6f22c35928494171891429412d0878a7 961d8885eda1406b87c01267346839e8 - - default default] Successfully bumped revision number for resource 7e0cbdca-0fa7-47d4-ac05-fbbbff351cb0 (type: security_groups) to 1
2026-06-23 19:51:47.034 9 INFO neutron.db.ovn_revision_numbers_db [None req-148ff40e-7fc9-4a87-b1cc-1909f97b25b4 6f22c35928494171891429412d0878a7 961d8885eda1406b87c01267346839e8 - - default default] Successfully bumped revision number for resource 35554090-558e-4a09-8c9e-dc29ecbe9560 (type: security_group_rules) to 0
2026-06-23 19:51:47.046 9 INFO neutron.db.ovn_revision_numbers_db [None req-148ff40e-7fc9-4a87-b1cc-1909f97b25b4 6f22c35928494171891429412d0878a7 961d8885eda1406b87c01267346839e8 - - default default] Successfully bumped revision number for resource 3fdad623-3a8b-48a5-a18b-3d815be7a928 (type: security_group_rules) to 0
2026-06-23 19:51:47.068 9 INFO neutron.db.ovn_revision_numbers_db [None req-148ff40e-7fc9-4a87-b1cc-1909f97b25b4 6f22c35928494171891429412d0878a7 961d8885eda1406b87c01267346839e8 - - default default] Successfully bumped revision number for resource 6efebfcd-653a-46ac-bdbb-edcebe024a4c (type: security_group_rules) to 0
2026-06-23 19:51:47.084 9 INFO neutron.db.ovn_revision_numbers_db [None req-148ff40e-7fc9-4a87-b1cc-1909f97b25b4 6f22c35928494171891429412d0878a7 961d8885eda1406b87c01267346839e8 - - default default] Successfully bumped revision number for resource 71ff91d4-e578-4aff-81c8-ce2651ff2e28 (type: security_group_rules) to 0
2026-06-23 19:51:47.106 9 INFO neutron.wsgi [None req-148ff40e-7fc9-4a87-b1cc-1909f97b25b4 6f22c35928494171891429412d0878a7 961d8885eda1406b87c01267346839e8 - - default default] 10.0.0.134 "GET /v2.0/security-groups?tenant_id=89b0324157bf490bb70cfd761437591f&name=default HTTP/1.1" status: 200 len: 2996 time: 0.1857584
2026-06-23 19:51:47.313 9 INFO neutron.wsgi [None req-3e018f14-0730-4667-bc10-281daf8a64d3 6f22c35928494171891429412d0878a7 961d8885eda1406b87c01267346839e8 - - default default] 10.0.0.134 "DELETE /v2.0/security-groups/7e0cbdca-0fa7-47d4-ac05-fbbbff351cb0 HTTP/1.1" status: 204 len: 168 time: 0.1999097
2026-06-23 19:51:47.381 10 INFO neutron.wsgi [req-94b1d092-800c-4ff0-99fb-926475f212c7 req-8c0a35c2-505c-4d92-a66d-e1935d7e37b7 39537b15b6f64acc8738842b08f06cb9 e2d8cef52b21446aa0a6796a1833aab2 - - 6eb6ce9b6118458484f4d70dda1ea4c6 6eb6ce9b6118458484f4d70dda1ea4c6] 10.0.0.76 "GET /v2.0/ports?device_id=7c99dc8f-346f-4aca-9466-dc9cbdeeab1d HTTP/1.1" status: 200 len: 1413 time: 0.0328395
2026-06-23 19:51:47.420 10 INFO neutron.wsgi [req-94b1d092-800c-4ff0-99fb-926475f212c7 req-8ec77ada-ed22-417e-aee3-e5008b11f1be 39537b15b6f64acc8738842b08f06cb9 e2d8cef52b21446aa0a6796a1833aab2 - - 6eb6ce9b6118458484f4d70dda1ea4c6 6eb6ce9b6118458484f4d70dda1ea4c6] 10.0.0.76 "GET /v2.0/security-groups?id=52287099-07b8-4fee-8568-d1be4f28ea51&fields=id&fields=name HTTP/1.1" status: 200 len: 312 time: 0.0316744
2026-06-23 19:51:47.609 9 WARNING neutron.plugins.ml2.drivers.ovn.mech_driver.ovsdb.ovn_client [None req-795fba2b-7bfd-4e92-b3fb-b4f3ec7fd546 - - - - - -] No hosting information found for port 236f36c0-1aa8-4089-830a-164e7bb3bb9e: RuntimeError: No hosting information found for port 236f36c0-1aa8-4089-830a-164e7bb3bb9e
2026-06-23 19:51:48.665 10 INFO neutron.wsgi [req-3bb61447-3828-4401-9a13-2b03f1ab250a req-ce8bf19d-6391-403d-97f8-073ceadcab84 903e8d0da4094b0d8112b3f1e60f3fc5 1972507cc45644b2a8c4621c129e089b - - default default] 10.0.0.195 "GET /v2.0/security-groups?name=tempest-securitygroup--2132229765&fields=id&tenant_id=1972507cc45644b2a8c4621c129e089b HTTP/1.1" status: 200 len: 267 time: 0.0415888
2026-06-23 19:51:48.743 10 INFO neutron.wsgi [req-3bb61447-3828-4401-9a13-2b03f1ab250a req-8cae3c0b-d3b4-4600-9ddf-0beb1845ba0f 903e8d0da4094b0d8112b3f1e60f3fc5 1972507cc45644b2a8c4621c129e089b - - default default] 10.0.0.195 "GET /v2.0/networks?id=31c830c2-9726-4a79-a925-cbf22db35d78 HTTP/1.1" status: 200 len: 879 time: 0.0690570
2026-06-23 19:51:48.762 10 INFO neutron.wsgi [req-3bb61447-3828-4401-9a13-2b03f1ab250a req-9ba690e5-13d6-4ee2-8407-9008e07a7c9a 903e8d0da4094b0d8112b3f1e60f3fc5 1972507cc45644b2a8c4621c129e089b - - default default] 10.0.0.195 "GET /v2.0/quotas/1972507cc45644b2a8c4621c129e089b HTTP/1.1" status: 200 len: 386 time: 0.0102680
2026-06-23 19:51:48.863 10 INFO neutron.wsgi [req-3bb61447-3828-4401-9a13-2b03f1ab250a req-cdf74f22-c2ea-423f-b2e9-90d77a6f6d64 903e8d0da4094b0d8112b3f1e60f3fc5 1972507cc45644b2a8c4621c129e089b - - default default] 10.0.0.195 "GET /v2.0/ports?tenant_id=1972507cc45644b2a8c4621c129e089b&fields=id HTTP/1.1" status: 200 len: 302 time: 0.0936513
2026-06-23 19:51:49.365 10 INFO neutron.wsgi [req-3bb61447-3828-4401-9a13-2b03f1ab250a req-76514711-4977-4823-816a-cf7bf7887bda 39537b15b6f64acc8738842b08f06cb9 e2d8cef52b21446aa0a6796a1833aab2 - - 6eb6ce9b6118458484f4d70dda1ea4c6 6eb6ce9b6118458484f4d70dda1ea4c6] 10.0.0.195 "GET /v2.0/extensions HTTP/1.1" status: 200 len: 16980 time: 0.1043684
2026-06-23 19:51:49.637 10 INFO neutron.wsgi [req-3bb61447-3828-4401-9a13-2b03f1ab250a req-386f1bf6-cb2f-422e-8dfc-a69c77a1d10a 39537b15b6f64acc8738842b08f06cb9 e2d8cef52b21446aa0a6796a1833aab2 - - 6eb6ce9b6118458484f4d70dda1ea4c6 6eb6ce9b6118458484f4d70dda1ea4c6] 10.0.0.195 "GET /v2.0/networks/31c830c2-9726-4a79-a925-cbf22db35d78?fields=segments HTTP/1.1" status: 200 len: 212 time: 0.2659557
2026-06-23 19:51:49.705 10 INFO neutron.wsgi [req-3bb61447-3828-4401-9a13-2b03f1ab250a req-40fd2425-a8b8-41b9-abc0-401030154174 39537b15b6f64acc8738842b08f06cb9 e2d8cef52b21446aa0a6796a1833aab2 - - 6eb6ce9b6118458484f4d70dda1ea4c6 6eb6ce9b6118458484f4d70dda1ea4c6] 10.0.0.195 "GET /v2.0/networks/31c830c2-9726-4a79-a925-cbf22db35d78?fields=provider%3Aphysical_network&fields=provider%3Anetwork_type HTTP/1.1" status: 200 len: 277 time: 0.0602679
2026-06-23 19:51:50.030 10 INFO neutron.wsgi [req-79d8afd4-b78e-48a7-8cac-e5523fc76d70 req-a49da559-b15b-46fe-8572-6593af16b2fe 903e8d0da4094b0d8112b3f1e60f3fc5 1972507cc45644b2a8c4621c129e089b - - default default] 10.0.0.195 "GET /v2.0/ports?device_id=4879145c-1610-4ae4-a8ff-4a10a9225b8e HTTP/1.1" status: 200 len: 210 time: 0.0269759
2026-06-23 19:51:50.830 9 INFO neutron.wsgi [req-3bb61447-3828-4401-9a13-2b03f1ab250a req-16ec5471-7335-40b4-9fd7-2e57a69cf702 903e8d0da4094b0d8112b3f1e60f3fc5 1972507cc45644b2a8c4621c129e089b - - default default] 199.204.45.3 "GET /v2.0/networks?id=31c830c2-9726-4a79-a925-cbf22db35d78 HTTP/1.1" status: 200 len: 879 time: 0.0815873
2026-06-23 19:51:50.894 9 INFO neutron.wsgi [req-3bb61447-3828-4401-9a13-2b03f1ab250a req-75af584b-5910-440f-aacd-d05dd68159a5 903e8d0da4094b0d8112b3f1e60f3fc5 1972507cc45644b2a8c4621c129e089b - - default default] 199.204.45.3 "GET /v2.0/security-groups?fields=id&fields=name&tenant_id=1972507cc45644b2a8c4621c129e089b HTTP/1.1" status: 200 len: 380 time: 0.0555332
2026-06-23 19:51:50.908 9 WARNING neutron_lib.context [req-3bb61447-3828-4401-9a13-2b03f1ab250a req-766e5242-5d00-4aeb-a497-05b24c7cb1d8 903e8d0da4094b0d8112b3f1e60f3fc5 1972507cc45644b2a8c4621c129e089b - - default default] Method 'is_advsvc' is deprecated since 2023.2 release (neutron-lib 3.8.0) and will be removed once support for the old RBAC API policies will be removed from Neutron. Please use method 'is_service_role' instead.
2026-06-23 19:51:51.147 10 INFO neutron.wsgi [req-c509dd42-2d4f-4390-8522-959711c99f28 req-1aa84ce4-7855-4244-b9e2-b0ba8e60ccd7 903e8d0da4094b0d8112b3f1e60f3fc5 1972507cc45644b2a8c4621c129e089b - - default default] 10.0.0.195 "GET /v2.0/ports?device_id=4879145c-1610-4ae4-a8ff-4a10a9225b8e HTTP/1.1" status: 200 len: 210 time: 0.0268295
2026-06-23 19:51:51.364 9 WARNING neutron.scheduler.dhcp_agent_scheduler [req-3bb61447-3828-4401-9a13-2b03f1ab250a req-766e5242-5d00-4aeb-a497-05b24c7cb1d8 903e8d0da4094b0d8112b3f1e60f3fc5 1972507cc45644b2a8c4621c129e089b - - default default] No more DHCP agents
2026-06-23 19:51:51.366 9 WARNING neutron.api.rpc.agentnotifiers.dhcp_rpc_agent_api [req-3bb61447-3828-4401-9a13-2b03f1ab250a req-766e5242-5d00-4aeb-a497-05b24c7cb1d8 903e8d0da4094b0d8112b3f1e60f3fc5 1972507cc45644b2a8c4621c129e089b - - default default] Unable to schedule network 31c830c2-9726-4a79-a925-cbf22db35d78: no agents available; will retry on subsequent port and subnet creation events.
2026-06-23 19:51:51.583 10 INFO neutron.db.ovn_revision_numbers_db [None req-faae55fa-d81f-43df-8387-d48024135759 6f22c35928494171891429412d0878a7 961d8885eda1406b87c01267346839e8 - - default default] Successfully bumped revision number for resource 922b75fc-ddbc-40a9-bff2-fb028bf59ba3 (type: security_groups) to 1
2026-06-23 19:51:51.595 10 INFO neutron.db.ovn_revision_numbers_db [None req-faae55fa-d81f-43df-8387-d48024135759 6f22c35928494171891429412d0878a7 961d8885eda1406b87c01267346839e8 - - default default] Successfully bumped revision number for resource 108addca-9ed2-48ee-948f-59d2ca6a165b (type: security_group_rules) to 0
2026-06-23 19:51:51.608 10 INFO neutron.db.ovn_revision_numbers_db [None req-faae55fa-d81f-43df-8387-d48024135759 6f22c35928494171891429412d0878a7 961d8885eda1406b87c01267346839e8 - - default default] Successfully bumped revision number for resource 5fe6efc4-66db-4025-a512-9084a48bfb16 (type: security_group_rules) to 0
2026-06-23 19:51:51.623 10 INFO neutron.db.ovn_revision_numbers_db [None req-faae55fa-d81f-43df-8387-d48024135759 6f22c35928494171891429412d0878a7 961d8885eda1406b87c01267346839e8 - - default default] Successfully bumped revision number for resource 60b53ccc-8da6-4422-afad-d69687665c4c (type: security_group_rules) to 0
2026-06-23 19:51:51.652 10 INFO neutron.db.ovn_revision_numbers_db [None req-faae55fa-d81f-43df-8387-d48024135759 6f22c35928494171891429412d0878a7 961d8885eda1406b87c01267346839e8 - - default default] Successfully bumped revision number for resource c127ed79-abf8-4193-b0de-4e3f1b960823 (type: security_group_rules) to 0
2026-06-23 19:51:51.678 10 INFO neutron.wsgi [None req-faae55fa-d81f-43df-8387-d48024135759 6f22c35928494171891429412d0878a7 961d8885eda1406b87c01267346839e8 - - default default] 10.0.0.134 "GET /v2.0/security-groups?tenant_id=6c02fd5b4dab438b8fcfc0e867e4c3a3&name=default HTTP/1.1" status: 200 len: 2996 time: 0.3982999
2026-06-23 19:51:51.728 9 INFO neutron.db.ovn_revision_numbers_db [req-3bb61447-3828-4401-9a13-2b03f1ab250a req-766e5242-5d00-4aeb-a497-05b24c7cb1d8 903e8d0da4094b0d8112b3f1e60f3fc5 1972507cc45644b2a8c4621c129e089b - - default default] Successfully bumped revision number for resource 1f9ba65d-427c-46ec-9d03-63cc2c97ef28 (type: ports) to 1
2026-06-23 19:51:51.758 9 INFO neutron.wsgi [req-3bb61447-3828-4401-9a13-2b03f1ab250a req-766e5242-5d00-4aeb-a497-05b24c7cb1d8 903e8d0da4094b0d8112b3f1e60f3fc5 1972507cc45644b2a8c4621c129e089b - - default default] 199.204.45.3 "POST /v2.0/ports HTTP/1.1" status: 201 len: 1158 time: 0.8576331 /var/lib/openstack/lib/python3.10/site-packages/pycadf/identifier.py:71: UserWarning: Invalid uuid: neutron. To ensure interoperability, identifiers should be a valid uuid. warnings.warn(('Invalid uuid: %s. To ensure interoperability, '
2026-06-23 19:51:51.899 10 INFO neutron.wsgi [None req-495b743a-2879-4857-ae0b-aa846ad39d38 6f22c35928494171891429412d0878a7 961d8885eda1406b87c01267346839e8 - - default default] 10.0.0.134 "DELETE /v2.0/security-groups/922b75fc-ddbc-40a9-bff2-fb028bf59ba3 HTTP/1.1" status: 204 len: 168 time: 0.2167461
2026-06-23 19:51:52.149 10 INFO neutron.db.ovn_revision_numbers_db [None req-04442454-bf7c-4b4a-9133-b612725ac193 6f22c35928494171891429412d0878a7 961d8885eda1406b87c01267346839e8 - - default default] Successfully bumped revision number for resource a79b01d6-8b46-43bf-bff4-fc8eb8fc6967 (type: security_groups) to 1
2026-06-23 19:51:52.159 9 INFO neutron.db.ovn_revision_numbers_db [req-3bb61447-3828-4401-9a13-2b03f1ab250a req-92c865f5-dfb3-4610-be3f-c4f1b3c03384 39537b15b6f64acc8738842b08f06cb9 e2d8cef52b21446aa0a6796a1833aab2 - - 6eb6ce9b6118458484f4d70dda1ea4c6 6eb6ce9b6118458484f4d70dda1ea4c6] Successfully bumped revision number for resource 1f9ba65d-427c-46ec-9d03-63cc2c97ef28 (type: ports) to 2
2026-06-23 19:51:52.166 10 INFO neutron.db.ovn_revision_numbers_db [None req-04442454-bf7c-4b4a-9133-b612725ac193 6f22c35928494171891429412d0878a7 961d8885eda1406b87c01267346839e8 - - default default] Successfully bumped revision number for resource 52196ceb-0005-48f9-b1a5-33e01ea0bbc0 (type: security_group_rules) to 0
2026-06-23 19:51:52.182 10 INFO neutron.db.ovn_revision_numbers_db [None req-04442454-bf7c-4b4a-9133-b612725ac193 6f22c35928494171891429412d0878a7 961d8885eda1406b87c01267346839e8 - - default default] Successfully bumped revision number for resource 62905e22-93df-4a68-a9ed-20b93e1595f4 (type: security_group_rules) to 0
2026-06-23 19:51:52.200 10 INFO neutron.db.ovn_revision_numbers_db [None req-04442454-bf7c-4b4a-9133-b612725ac193 6f22c35928494171891429412d0878a7 961d8885eda1406b87c01267346839e8 - - default default] Successfully bumped revision number for resource 6bbcc2af-88ae-4208-8ddc-58df97664971 (type: security_group_rules) to 0
2026-06-23 19:51:52.215 10 INFO neutron.db.ovn_revision_numbers_db [None req-04442454-bf7c-4b4a-9133-b612725ac193 6f22c35928494171891429412d0878a7 961d8885eda1406b87c01267346839e8 - - default default] Successfully bumped revision number for resource d1d5a6e2-09d1-4305-8628-d7a2dec0ea8d (type: security_group_rules) to 0
2026-06-23 19:51:52.255 10 INFO neutron.wsgi [None req-04442454-bf7c-4b4a-9133-b612725ac193 6f22c35928494171891429412d0878a7 961d8885eda1406b87c01267346839e8 - - default default] 10.0.0.134 "GET /v2.0/security-groups?tenant_id=0e4e95b3561b45a096e9bc38cef62106&name=default HTTP/1.1" status: 200 len: 2996 time: 0.2509613 /var/lib/openstack/lib/python3.10/site-packages/pycadf/identifier.py:71: UserWarning: Invalid uuid: neutron. To ensure interoperability, identifiers should be a valid uuid. warnings.warn(('Invalid uuid: %s. To ensure interoperability, '
2026-06-23 19:51:52.281 10 INFO neutron.wsgi [req-55245c6e-f4fc-4af5-80fd-53a61edbf0fa req-b92b8a8c-069e-4de5-8e8f-70db7840f75c 903e8d0da4094b0d8112b3f1e60f3fc5 1972507cc45644b2a8c4621c129e089b - - default default] 10.0.0.195 "GET /v2.0/ports?device_id=4879145c-1610-4ae4-a8ff-4a10a9225b8e HTTP/1.1" status: 200 len: 1168 time: 0.0612814
2026-06-23 19:51:52.333 10 INFO neutron.wsgi [req-55245c6e-f4fc-4af5-80fd-53a61edbf0fa req-197fe360-d387-448e-b738-6566a23d86fb 903e8d0da4094b0d8112b3f1e60f3fc5 1972507cc45644b2a8c4621c129e089b - - default default] 10.0.0.195 "GET /v2.0/security-groups?id=59c4503d-c086-45e3-bc5c-6aaeced1d335&fields=id&fields=name HTTP/1.1" status: 200 len: 313 time: 0.0449877
2026-06-23 19:51:52.392 10 INFO neutron.wsgi [req-cfe8e8c6-890a-4221-8df5-115d12c46f9a req-d2dd3965-1154-4003-8df1-90e56490ce0c a9c821f1079546f89e3b9070b6da2567 f344339a669f45878ff417eeb2d031c7 - - default default] 10.0.0.195 "GET /v2.0/ports?device_id=7f0425ba-40af-4c41-9192-2d531a74ab95 HTTP/1.1" status: 200 len: 1170 time: 0.0852571
2026-06-23 19:51:52.403 9 INFO neutron.db.ovn_revision_numbers_db [req-3bb61447-3828-4401-9a13-2b03f1ab250a req-92c865f5-dfb3-4610-be3f-c4f1b3c03384 39537b15b6f64acc8738842b08f06cb9 e2d8cef52b21446aa0a6796a1833aab2 - - 6eb6ce9b6118458484f4d70dda1ea4c6 6eb6ce9b6118458484f4d70dda1ea4c6] Successfully bumped revision number for resource 1f9ba65d-427c-46ec-9d03-63cc2c97ef28 (type: ports) to 2
2026-06-23 19:51:52.427 9 INFO neutron.wsgi [req-3bb61447-3828-4401-9a13-2b03f1ab250a req-92c865f5-dfb3-4610-be3f-c4f1b3c03384 39537b15b6f64acc8738842b08f06cb9 e2d8cef52b21446aa0a6796a1833aab2 - - 6eb6ce9b6118458484f4d70dda1ea4c6 6eb6ce9b6118458484f4d70dda1ea4c6] 199.204.45.3 "PUT /v2.0/ports/1f9ba65d-427c-46ec-9d03-63cc2c97ef28 HTTP/1.1" status: 200 len: 1376 time: 0.6606529
2026-06-23 19:51:52.438 10 INFO neutron.wsgi [req-cfe8e8c6-890a-4221-8df5-115d12c46f9a req-b069b40a-c580-4205-a11d-1300ea9d57ce a9c821f1079546f89e3b9070b6da2567 f344339a669f45878ff417eeb2d031c7 - - default default] 10.0.0.195 "GET /v2.0/security-groups?id=4e15aa83-1059-4f6f-b64d-88339bbdcc4b&fields=id&fields=name HTTP/1.1" status: 200 len: 313 time: 0.0382953 /var/lib/openstack/lib/python3.10/site-packages/pycadf/identifier.py:71: UserWarning: Invalid uuid: neutron. To ensure interoperability, identifiers should be a valid uuid. warnings.warn(('Invalid uuid: %s. To ensure interoperability, '
2026-06-23 19:51:52.472 9 INFO neutron.notifiers.nova [-] Nova event matching ['req-a4e813c4-5ee1-4533-8793-7ed2b0b909ef'] response: {'name': 'network-changed', 'server_uuid': '4879145c-1610-4ae4-a8ff-4a10a9225b8e', 'tag': '1f9ba65d-427c-46ec-9d03-63cc2c97ef28', 'status': 'completed', 'code': 200}
2026-06-23 19:51:52.509 9 INFO neutron.wsgi [req-3bb61447-3828-4401-9a13-2b03f1ab250a req-ff0198d9-b570-4242-b6c1-7f733ab7fd5f 39537b15b6f64acc8738842b08f06cb9 e2d8cef52b21446aa0a6796a1833aab2 - - 6eb6ce9b6118458484f4d70dda1ea4c6 6eb6ce9b6118458484f4d70dda1ea4c6] 199.204.45.3 "GET /v2.0/ports?tenant_id=1972507cc45644b2a8c4621c129e089b&device_id=4879145c-1610-4ae4-a8ff-4a10a9225b8e HTTP/1.1" status: 200 len: 1407 time: 0.0474613
2026-06-23 19:51:52.546 9 INFO neutron.wsgi [req-3bb61447-3828-4401-9a13-2b03f1ab250a req-013505a5-822b-4940-9b4a-81a1d34372cc 39537b15b6f64acc8738842b08f06cb9 e2d8cef52b21446aa0a6796a1833aab2 - - 6eb6ce9b6118458484f4d70dda1ea4c6 6eb6ce9b6118458484f4d70dda1ea4c6] 199.204.45.3 "GET /v2.0/floatingips?fixed_ip_address=10.100.0.8&port_id=1f9ba65d-427c-46ec-9d03-63cc2c97ef28 HTTP/1.1" status: 200 len: 217 time: 0.0262361
2026-06-23 19:51:52.552 9 INFO neutron.wsgi [None req-457d442d-e5bd-4872-85f2-16b0a2444a09 6f22c35928494171891429412d0878a7 961d8885eda1406b87c01267346839e8 - - default default] 10.0.0.134 "DELETE /v2.0/security-groups/a79b01d6-8b46-43bf-bff4-fc8eb8fc6967 HTTP/1.1" status: 204 len: 168 time: 0.2878931
2026-06-23 19:51:52.563 10 INFO neutron.wsgi [req-355001fc-f48a-49db-854c-ba824e2445ea req-2ea22f57-ac6b-453f-8b70-362153b72a34 a9c821f1079546f89e3b9070b6da2567 f344339a669f45878ff417eeb2d031c7 - - default default] 10.0.0.195 "GET /v2.0/ports?device_id=7f0425ba-40af-4c41-9192-2d531a74ab95 HTTP/1.1" status: 200 len: 1170 time: 0.0419176
2026-06-23 19:51:52.589 9 INFO neutron.wsgi [req-3bb61447-3828-4401-9a13-2b03f1ab250a req-ea8bd9d3-ffdc-4290-a2cc-d9e1e1ec5be8 39537b15b6f64acc8738842b08f06cb9 e2d8cef52b21446aa0a6796a1833aab2 - - 6eb6ce9b6118458484f4d70dda1ea4c6 6eb6ce9b6118458484f4d70dda1ea4c6] 199.204.45.3 "GET /v2.0/subnets?id=ec999a99-2816-4083-b209-65038d2385a9 HTTP/1.1" status: 200 len: 873 time: 0.0354202
2026-06-23 19:51:52.616 9 INFO neutron.wsgi [req-3bb61447-3828-4401-9a13-2b03f1ab250a req-66ced235-33d0-48a4-9ae7-a03e5494cc6e 39537b15b6f64acc8738842b08f06cb9 e2d8cef52b21446aa0a6796a1833aab2 - - 6eb6ce9b6118458484f4d70dda1ea4c6 6eb6ce9b6118458484f4d70dda1ea4c6] 199.204.45.3 "GET /v2.0/ports?network_id=31c830c2-9726-4a79-a925-cbf22db35d78&device_owner=network%3Adhcp HTTP/1.1" status: 200 len: 210 time: 0.0190415
2026-06-23 19:51:52.628 10 INFO neutron.wsgi [req-355001fc-f48a-49db-854c-ba824e2445ea req-3b115d22-b63b-48d4-8c16-a7b468b13269 a9c821f1079546f89e3b9070b6da2567 f344339a669f45878ff417eeb2d031c7 - - default default] 10.0.0.195 "GET /v2.0/security-groups?id=4e15aa83-1059-4f6f-b64d-88339bbdcc4b&fields=id&fields=name HTTP/1.1" status: 200 len: 313 time: 0.0570886
2026-06-23 19:51:52.663 10 INFO neutron.wsgi [req-4e6ac791-d203-4170-8443-60deca9b65a5 req-48ad068a-4f84-45fe-848a-eb3f8b85f99f d5bc9706bc384242a88115606a98c26b 6bcbadcb9cbd463d9d57b9f20161b3c3 - - default default] 10.0.0.195 "GET /v2.0/ports?device_id=7c99dc8f-346f-4aca-9466-dc9cbdeeab1d HTTP/1.1" status: 200 len: 1174 time: 0.0992725
2026-06-23 19:51:52.683 9 INFO neutron.wsgi [req-3bb61447-3828-4401-9a13-2b03f1ab250a req-d160b74a-f4d2-45ef-a9f5-2eff8656d13d 39537b15b6f64acc8738842b08f06cb9 e2d8cef52b21446aa0a6796a1833aab2 - - 6eb6ce9b6118458484f4d70dda1ea4c6 6eb6ce9b6118458484f4d70dda1ea4c6] 199.204.45.3 "GET /v2.0/networks/31c830c2-9726-4a79-a925-cbf22db35d78?fields=segments HTTP/1.1" status: 200 len: 212 time: 0.0589037
2026-06-23 19:51:52.745 9 INFO neutron.wsgi [req-3bb61447-3828-4401-9a13-2b03f1ab250a req-03092420-44a5-4ae3-935b-0cae705dbcf2 39537b15b6f64acc8738842b08f06cb9 e2d8cef52b21446aa0a6796a1833aab2 - - 6eb6ce9b6118458484f4d70dda1ea4c6 6eb6ce9b6118458484f4d70dda1ea4c6] 199.204.45.3 "GET /v2.0/networks/31c830c2-9726-4a79-a925-cbf22db35d78?fields=provider%3Aphysical_network&fields=provider%3Anetwork_type HTTP/1.1" status: 200 len: 277 time: 0.0563643
2026-06-23 19:51:52.789 10 INFO neutron.wsgi [req-82c527e4-eb4d-4a38-8ca1-459a82f02110 req-7096d88e-c4ae-4292-8f04-5cdad5db7281 d5bc9706bc384242a88115606a98c26b 6bcbadcb9cbd463d9d57b9f20161b3c3 - - default default] 10.0.0.195 "GET /v2.0/ports/bc5fdc3f-c300-40d9-af71-373cee1e9b76 HTTP/1.1" status: 200 len: 1171 time: 0.0560927
2026-06-23 19:51:52.835 9 INFO neutron.wsgi [req-8ee1acba-6002-478d-ad20-f0451015bf3b req-13f73adb-6590-42c8-96e4-dc32b6e4250b 39537b15b6f64acc8738842b08f06cb9 e2d8cef52b21446aa0a6796a1833aab2 - - 6eb6ce9b6118458484f4d70dda1ea4c6 6eb6ce9b6118458484f4d70dda1ea4c6] 199.204.45.3 "GET /v2.0/ports?tenant_id=1972507cc45644b2a8c4621c129e089b&device_id=4879145c-1610-4ae4-a8ff-4a10a9225b8e HTTP/1.1" status: 200 len: 1407 time: 0.0411587
2026-06-23 19:51:52.921 9 INFO neutron.wsgi [req-8ee1acba-6002-478d-ad20-f0451015bf3b req-66545fa2-e0a1-4487-b685-45437e5c9fac 39537b15b6f64acc8738842b08f06cb9 e2d8cef52b21446aa0a6796a1833aab2 - - 6eb6ce9b6118458484f4d70dda1ea4c6 6eb6ce9b6118458484f4d70dda1ea4c6] 199.204.45.3 "GET /v2.0/networks?id=31c830c2-9726-4a79-a925-cbf22db35d78 HTTP/1.1" status: 200 len: 978 time: 0.0765612
2026-06-23 19:51:52.979 9 INFO neutron.wsgi [req-8ee1acba-6002-478d-ad20-f0451015bf3b req-772de9c4-015a-4f6b-a802-252191b0b91e 39537b15b6f64acc8738842b08f06cb9 e2d8cef52b21446aa0a6796a1833aab2 - - 6eb6ce9b6118458484f4d70dda1ea4c6 6eb6ce9b6118458484f4d70dda1ea4c6] 199.204.45.3 "GET /v2.0/floatingips?fixed_ip_address=10.100.0.8&port_id=1f9ba65d-427c-46ec-9d03-63cc2c97ef28 HTTP/1.1" status: 200 len: 217 time: 0.0462620
2026-06-23 19:51:53.021 9 INFO neutron.wsgi [req-9805fafa-2825-4260-acc4-8541d3b57cc1 req-af09e160-b0d7-4e49-9bd7-1946696d5715 d5bc9706bc384242a88115606a98c26b 6bcbadcb9cbd463d9d57b9f20161b3c3 - - default default] 199.204.45.3 "GET /v2.0/subnets?network_id=09f8e451-ca50-4dbf-b14a-afeb88baeabf HTTP/1.1" status: 200 len: 858 time: 0.0874217
2026-06-23 19:51:53.033 9 INFO neutron.wsgi [req-8ee1acba-6002-478d-ad20-f0451015bf3b req-9a153f54-ca42-49f3-8f79-e6bf3122a48a 39537b15b6f64acc8738842b08f06cb9 e2d8cef52b21446aa0a6796a1833aab2 - - 6eb6ce9b6118458484f4d70dda1ea4c6 6eb6ce9b6118458484f4d70dda1ea4c6] 199.204.45.3 "GET /v2.0/subnets?id=ec999a99-2816-4083-b209-65038d2385a9 HTTP/1.1" status: 200 len: 873 time: 0.0398085
2026-06-23 19:51:53.043 10 INFO neutron.wsgi [req-bd1e6750-ce63-4dec-82ca-309586da3b25 req-e754b25f-587c-4061-8c91-b8d8efaac442 a9c821f1079546f89e3b9070b6da2567 f344339a669f45878ff417eeb2d031c7 - - default default] 10.0.0.195 "GET /v2.0/ports?device_id=7f0425ba-40af-4c41-9192-2d531a74ab95 HTTP/1.1" status: 200 len: 1170 time: 0.0458238
2026-06-23 19:51:53.078 9 INFO neutron.wsgi [req-8ee1acba-6002-478d-ad20-f0451015bf3b req-6e52a28e-8da9-410f-ad01-ca5eeab478a7 39537b15b6f64acc8738842b08f06cb9 e2d8cef52b21446aa0a6796a1833aab2 - - 6eb6ce9b6118458484f4d70dda1ea4c6 6eb6ce9b6118458484f4d70dda1ea4c6] 199.204.45.3 "GET /v2.0/ports?network_id=31c830c2-9726-4a79-a925-cbf22db35d78&device_owner=network%3Adhcp HTTP/1.1" status: 200 len: 210 time: 0.0377512
2026-06-23 19:51:53.111 10 INFO neutron.wsgi [req-a5f754f5-4f39-473b-83a1-20beb6c4d2fa req-e2d8de68-6b2c-4f9e-b65d-ad2c7f668e01 39537b15b6f64acc8738842b08f06cb9 e2d8cef52b21446aa0a6796a1833aab2 - - 6eb6ce9b6118458484f4d70dda1ea4c6 6eb6ce9b6118458484f4d70dda1ea4c6] 199.204.45.3 "GET /v2.0/ports?tenant_id=f344339a669f45878ff417eeb2d031c7&device_id=7f0425ba-40af-4c41-9192-2d531a74ab95 HTTP/1.1" status: 200 len: 1409 time: 0.0621815
2026-06-23 19:51:53.127 10 INFO neutron.wsgi [req-bd1e6750-ce63-4dec-82ca-309586da3b25 req-55af0dd4-83ba-4f81-806c-bbabb8e805c9 a9c821f1079546f89e3b9070b6da2567 f344339a669f45878ff417eeb2d031c7 - - default default] 10.0.0.195 "GET /v2.0/security-groups?id=4e15aa83-1059-4f6f-b64d-88339bbdcc4b&fields=id&fields=name HTTP/1.1" status: 200 len: 313 time: 0.0573621
2026-06-23 19:51:53.164 9 INFO neutron.wsgi [req-8ee1acba-6002-478d-ad20-f0451015bf3b req-8a97e07b-aab3-41a0-acf2-65cecc23a431 39537b15b6f64acc8738842b08f06cb9 e2d8cef52b21446aa0a6796a1833aab2 - - 6eb6ce9b6118458484f4d70dda1ea4c6 6eb6ce9b6118458484f4d70dda1ea4c6] 199.204.45.3 "GET /v2.0/networks/31c830c2-9726-4a79-a925-cbf22db35d78?fields=segments HTTP/1.1" status: 200 len: 212 time: 0.0785007
2026-06-23 19:51:53.170 9 INFO neutron.wsgi [req-9805fafa-2825-4260-acc4-8541d3b57cc1 req-39e1ff05-8598-4d1e-9a27-bb4ae540c559 d5bc9706bc384242a88115606a98c26b 6bcbadcb9cbd463d9d57b9f20161b3c3 - - default default] 199.204.45.3 "GET /v2.0/ports?device_id=7c99dc8f-346f-4aca-9466-dc9cbdeeab1d&device_owner=compute%3Anova&network_id=09f8e451-ca50-4dbf-b14a-afeb88baeabf HTTP/1.1" status: 200 len: 1174 time: 0.1369717
2026-06-23 19:51:53.179 10 INFO neutron.wsgi [req-a5f754f5-4f39-473b-83a1-20beb6c4d2fa req-c2d5f020-9c66-4faf-a394-65c238080aea 39537b15b6f64acc8738842b08f06cb9 e2d8cef52b21446aa0a6796a1833aab2 - - 6eb6ce9b6118458484f4d70dda1ea4c6 6eb6ce9b6118458484f4d70dda1ea4c6] 199.204.45.3 "GET /v2.0/networks?id=bc3ccf68-c960-4f51-a76e-d489511b0897 HTTP/1.1" status: 200 len: 974 time: 0.0592856
2026-06-23 19:51:53.257 9 INFO neutron.wsgi [req-8ee1acba-6002-478d-ad20-f0451015bf3b req-4238eff5-443d-4f82-9ce8-3408d1336774 39537b15b6f64acc8738842b08f06cb9 e2d8cef52b21446aa0a6796a1833aab2 - - 6eb6ce9b6118458484f4d70dda1ea4c6 6eb6ce9b6118458484f4d70dda1ea4c6] 199.204.45.3 "GET /v2.0/networks/31c830c2-9726-4a79-a925-cbf22db35d78?fields=provider%3Aphysical_network&fields=provider%3Anetwork_type HTTP/1.1" status: 200 len: 277 time: 0.0856872
2026-06-23 19:51:53.259 10 INFO neutron.wsgi [req-a5f754f5-4f39-473b-83a1-20beb6c4d2fa req-a853a941-05f7-4525-8ad0-5efd925da386 39537b15b6f64acc8738842b08f06cb9 e2d8cef52b21446aa0a6796a1833aab2 - - 6eb6ce9b6118458484f4d70dda1ea4c6 6eb6ce9b6118458484f4d70dda1ea4c6] 199.204.45.3 "GET /v2.0/floatingips?fixed_ip_address=10.100.0.6&port_id=c0167044-01e3-4382-b005-5e5109b9cae0 HTTP/1.1" status: 200 len: 1059 time: 0.0735042
2026-06-23 19:51:53.314 10 INFO neutron.wsgi [req-a5f754f5-4f39-473b-83a1-20beb6c4d2fa req-e7693123-3b15-4077-81d8-7300dceb83b7 39537b15b6f64acc8738842b08f06cb9 e2d8cef52b21446aa0a6796a1833aab2 - - 6eb6ce9b6118458484f4d70dda1ea4c6 6eb6ce9b6118458484f4d70dda1ea4c6] 199.204.45.3 "GET /v2.0/subnets?id=5c3c9311-5096-454e-add1-5844db93552f HTTP/1.1" status: 200 len: 869 time: 0.0454404
2026-06-23 19:51:53.352 10 INFO neutron.wsgi [req-a5f754f5-4f39-473b-83a1-20beb6c4d2fa req-47d6e713-ca0d-4913-8db2-013b090c94c3 39537b15b6f64acc8738842b08f06cb9 e2d8cef52b21446aa0a6796a1833aab2 - - 6eb6ce9b6118458484f4d70dda1ea4c6 6eb6ce9b6118458484f4d70dda1ea4c6] 199.204.45.3 "GET /v2.0/ports?network_id=bc3ccf68-c960-4f51-a76e-d489511b0897&device_owner=network%3Adhcp HTTP/1.1" status: 200 len: 210 time: 0.0326309
2026-06-23 19:51:53.429 10 INFO neutron.wsgi [req-a5f754f5-4f39-473b-83a1-20beb6c4d2fa req-a000ff2f-b1d3-4f55-a9fa-2beb519ae536 39537b15b6f64acc8738842b08f06cb9 e2d8cef52b21446aa0a6796a1833aab2 - - 6eb6ce9b6118458484f4d70dda1ea4c6 6eb6ce9b6118458484f4d70dda1ea4c6] 199.204.45.3 "GET /v2.0/networks/bc3ccf68-c960-4f51-a76e-d489511b0897?fields=segments HTTP/1.1" status: 200 len: 212 time: 0.0708785
2026-06-23 19:51:53.433 10 INFO neutron.wsgi [req-7a4e7c51-3fe2-4dfb-9b55-ee9a941a8cda req-720b6d42-a5b3-4895-9fa7-d358343ff3bf 903e8d0da4094b0d8112b3f1e60f3fc5 1972507cc45644b2a8c4621c129e089b - - default default] 10.0.0.195 "GET /v2.0/ports?device_id=4879145c-1610-4ae4-a8ff-4a10a9225b8e HTTP/1.1" status: 200 len: 1168 time: 0.0379515
2026-06-23 19:51:53.492 10 INFO neutron.wsgi [req-7a4e7c51-3fe2-4dfb-9b55-ee9a941a8cda req-4d83b131-924a-43b6-be3b-d98f14f9865f 903e8d0da4094b0d8112b3f1e60f3fc5 1972507cc45644b2a8c4621c129e089b - - default default] 10.0.0.195 "GET /v2.0/security-groups?id=59c4503d-c086-45e3-bc5c-6aaeced1d335&fields=id&fields=name HTTP/1.1" status: 200 len: 313 time: 0.0473764
2026-06-23 19:51:53.505 10 INFO neutron.wsgi [req-a5f754f5-4f39-473b-83a1-20beb6c4d2fa req-7ff30eac-4aac-4b95-9b80-372415f5eae5 39537b15b6f64acc8738842b08f06cb9 e2d8cef52b21446aa0a6796a1833aab2 - - 6eb6ce9b6118458484f4d70dda1ea4c6 6eb6ce9b6118458484f4d70dda1ea4c6] 199.204.45.3 "GET /v2.0/networks/bc3ccf68-c960-4f51-a76e-d489511b0897?fields=provider%3Aphysical_network&fields=provider%3Anetwork_type HTTP/1.1" status: 200 len: 277 time: 0.0672398
2026-06-23 19:51:53.779 9 INFO neutron.plugins.ml2.drivers.ovn.mech_driver.mech_driver [None req-795fba2b-7bfd-4e92-b3fb-b4f3ec7fd546 - - - - - -] OVN reports status down for port: c0167044-01e3-4382-b005-5e5109b9cae0
2026-06-23 19:51:53.851 9 INFO neutron.db.ovn_revision_numbers_db [req-9805fafa-2825-4260-acc4-8541d3b57cc1 req-ddf3296a-6021-494e-8cd7-06a1efa176b7 d5bc9706bc384242a88115606a98c26b 6bcbadcb9cbd463d9d57b9f20161b3c3 - - default default] Successfully bumped revision number for resource bc5fdc3f-c300-40d9-af71-373cee1e9b76 (type: ports) to 5
2026-06-23 19:51:53.872 9 INFO neutron.wsgi [req-9805fafa-2825-4260-acc4-8541d3b57cc1 req-ddf3296a-6021-494e-8cd7-06a1efa176b7 d5bc9706bc384242a88115606a98c26b 6bcbadcb9cbd463d9d57b9f20161b3c3 - - default default] 199.204.45.3 "PUT /v2.0/ports/bc5fdc3f-c300-40d9-af71-373cee1e9b76 HTTP/1.1" status: 200 len: 1353 time: 0.6951044 /var/lib/openstack/lib/python3.10/site-packages/pycadf/identifier.py:71: UserWarning: Invalid uuid: neutron. To ensure interoperability, identifiers should be a valid uuid. warnings.warn(('Invalid uuid: %s. To ensure interoperability, '
2026-06-23 19:51:53.988 9 INFO neutron.wsgi [req-9805fafa-2825-4260-acc4-8541d3b57cc1 req-57f7be39-a289-4b59-bc2e-6d2cdd8cb64d 39537b15b6f64acc8738842b08f06cb9 e2d8cef52b21446aa0a6796a1833aab2 - - 6eb6ce9b6118458484f4d70dda1ea4c6 6eb6ce9b6118458484f4d70dda1ea4c6] 199.204.45.3 "GET /v2.0/ports?tenant_id=6bcbadcb9cbd463d9d57b9f20161b3c3&device_id=7c99dc8f-346f-4aca-9466-dc9cbdeeab1d HTTP/1.1" status: 200 len: 1594 time: 0.0780814
2026-06-23 19:51:54.088 9 INFO neutron.wsgi [req-9805fafa-2825-4260-acc4-8541d3b57cc1 req-a6694916-2480-4e14-ac84-d737be58b08f 39537b15b6f64acc8738842b08f06cb9 e2d8cef52b21446aa0a6796a1833aab2 - - 6eb6ce9b6118458484f4d70dda1ea4c6 6eb6ce9b6118458484f4d70dda1ea4c6] 199.204.45.3 "GET /v2.0/networks?id=09f8e451-ca50-4dbf-b14a-afeb88baeabf HTTP/1.1" status: 200 len: 981 time: 0.0910020
2026-06-23 19:51:54.160 9 INFO neutron.wsgi [req-9805fafa-2825-4260-acc4-8541d3b57cc1 req-879444ac-8c95-403c-bb40-5850e4af161a 39537b15b6f64acc8738842b08f06cb9 e2d8cef52b21446aa0a6796a1833aab2 - - 6eb6ce9b6118458484f4d70dda1ea4c6 6eb6ce9b6118458484f4d70dda1ea4c6] 199.204.45.3 "GET /v2.0/floatingips?fixed_ip_address=10.100.0.11&port_id=bc5fdc3f-c300-40d9-af71-373cee1e9b76 HTTP/1.1" status: 200 len: 1060 time: 0.0673964
2026-06-23 19:51:54.252 10 INFO neutron.wsgi [req-cf7d7fd4-04e0-4a11-ac28-34beddde5069 req-9d1515f1-fd98-482d-a28a-a32b09d0f0da a9c821f1079546f89e3b9070b6da2567 f344339a669f45878ff417eeb2d031c7 - - default default] 10.0.0.195 "GET /v2.0/ports?device_id=7f0425ba-40af-4c41-9192-2d531a74ab95 HTTP/1.1" status: 200 len: 1168 time: 0.0508022
2026-06-23 19:51:54.275 10 INFO neutron.plugins.ml2.drivers.ovn.mech_driver.mech_driver [None req-255234ed-5436-4377-84db-ace65d1cfd18 - - - - - -] OVN reports status up for port: 1f9ba65d-427c-46ec-9d03-63cc2c97ef28
2026-06-23 19:51:54.300 10 INFO neutron.plugins.ml2.plugin [None req-255234ed-5436-4377-84db-ace65d1cfd18 - - - - - -] Attempt 1 to provision port 1f9ba65d-427c-46ec-9d03-63cc2c97ef28
2026-06-23 19:51:54.328 10 INFO neutron.wsgi [req-cf7d7fd4-04e0-4a11-ac28-34beddde5069 req-885d7feb-aba7-4cb6-bc3e-eba6ece731c2 a9c821f1079546f89e3b9070b6da2567 f344339a669f45878ff417eeb2d031c7 - - default default] 10.0.0.195 "GET /v2.0/security-groups?id=4e15aa83-1059-4f6f-b64d-88339bbdcc4b&fields=id&fields=name HTTP/1.1" status: 200 len: 313 time: 0.0659425
2026-06-23 19:51:54.365 9 INFO neutron.wsgi [req-9805fafa-2825-4260-acc4-8541d3b57cc1 req-63619553-6d41-4db1-91a3-07e720cee97d 39537b15b6f64acc8738842b08f06cb9 e2d8cef52b21446aa0a6796a1833aab2 - - 6eb6ce9b6118458484f4d70dda1ea4c6 6eb6ce9b6118458484f4d70dda1ea4c6] 199.204.45.3 "GET /v2.0/floatingips?fixed_ip_address=10.100.0.12&port_id=bc5fdc3f-c300-40d9-af71-373cee1e9b76 HTTP/1.1" status: 200 len: 217 time: 0.1977696
2026-06-23 19:51:54.412 9 INFO neutron.wsgi [req-9805fafa-2825-4260-acc4-8541d3b57cc1 req-c9322bf1-9ad9-4deb-a786-15fc7bab3594 39537b15b6f64acc8738842b08f06cb9 e2d8cef52b21446aa0a6796a1833aab2 - - 6eb6ce9b6118458484f4d70dda1ea4c6 6eb6ce9b6118458484f4d70dda1ea4c6] 199.204.45.3 "GET /v2.0/subnets?id=a0a58e78-d01d-4d7e-b50a-2ca8d7be4440 HTTP/1.1" status: 200 len: 876 time: 0.0405161
2026-06-23 19:51:54.438 9 INFO neutron.wsgi [req-9805fafa-2825-4260-acc4-8541d3b57cc1 req-36606dec-e9a0-4797-892f-f0cf6b90ffae 39537b15b6f64acc8738842b08f06cb9 e2d8cef52b21446aa0a6796a1833aab2 - - 6eb6ce9b6118458484f4d70dda1ea4c6 6eb6ce9b6118458484f4d70dda1ea4c6] 199.204.45.3 "GET /v2.0/ports?network_id=09f8e451-ca50-4dbf-b14a-afeb88baeabf&device_owner=network%3Adhcp HTTP/1.1" status: 200 len: 210 time: 0.0196531
2026-06-23 19:51:54.453 9 INFO neutron.db.ovn_revision_numbers_db [None req-795fba2b-7bfd-4e92-b3fb-b4f3ec7fd546 - - - - - -] Successfully bumped revision number for resource c0167044-01e3-4382-b005-5e5109b9cae0 (type: ports) to 5
2026-06-23 19:51:54.505 10 INFO neutron.notifiers.nova [-] Nova event matching ['req-d2760d2e-c2b6-4873-85d3-9709056d5098'] response: {'server_uuid': '4879145c-1610-4ae4-a8ff-4a10a9225b8e', 'name': 'network-vif-plugged', 'status': 'completed', 'tag': '1f9ba65d-427c-46ec-9d03-63cc2c97ef28', 'code': 200}
2026-06-23 19:51:54.514 9 INFO neutron.plugins.ml2.drivers.ovn.mech_driver.mech_driver [None req-795fba2b-7bfd-4e92-b3fb-b4f3ec7fd546 - - - - - -] OVN reports status up for port: c0167044-01e3-4382-b005-5e5109b9cae0
2026-06-23 19:51:54.527 9 INFO neutron.notifiers.nova [-] Nova event matching ['req-b882adbf-3b8b-4826-80cf-38f755b850ee'] response: {'name': 'network-changed', 'server_uuid': '7c99dc8f-346f-4aca-9466-dc9cbdeeab1d', 'tag': 'bc5fdc3f-c300-40d9-af71-373cee1e9b76', 'status': 'completed', 'code': 200}
2026-06-23 19:51:54.527 9 INFO neutron.notifiers.nova [-] Nova event matching ['req-b882adbf-3b8b-4826-80cf-38f755b850ee'] response: {'server_uuid': '7f0425ba-40af-4c41-9192-2d531a74ab95', 'name': 'network-vif-unplugged', 'status': 'completed', 'tag': 'c0167044-01e3-4382-b005-5e5109b9cae0', 'code': 200}
2026-06-23 19:51:54.536 9 INFO neutron.plugins.ml2.plugin [None req-795fba2b-7bfd-4e92-b3fb-b4f3ec7fd546 - - - - - -] Attempt 1 to provision port c0167044-01e3-4382-b005-5e5109b9cae0
2026-06-23 19:51:54.559 9 INFO neutron.wsgi [req-9805fafa-2825-4260-acc4-8541d3b57cc1 req-f74614a2-3c02-42af-91bf-5f29b9c82317 39537b15b6f64acc8738842b08f06cb9 e2d8cef52b21446aa0a6796a1833aab2 - - 6eb6ce9b6118458484f4d70dda1ea4c6 6eb6ce9b6118458484f4d70dda1ea4c6] 199.204.45.3 "GET /v2.0/networks/09f8e451-ca50-4dbf-b14a-afeb88baeabf?fields=segments HTTP/1.1" status: 200 len: 212 time: 0.1146526 /var/lib/openstack/lib/python3.10/site-packages/pycadf/identifier.py:71: UserWarning: Invalid uuid: neutron. To ensure interoperability, identifiers should be a valid uuid. warnings.warn(('Invalid uuid: %s. To ensure interoperability, '
