2026-06-23 19:53:03.066 10 INFO neutron.db.ovn_revision_numbers_db [None req-e8f262ba-63e7-46b5-8dfb-045b144ebe97 7ee0fe9050d0438eb603830000114f57 fb9fceaed71842e0a0e6fe65fee81027 - - default default] Successfully bumped revision number for resource a0a6f10e-d9e6-4904-b1d8-709e8fe36a92 (type: security_groups) to 1
2026-06-23 19:53:03.082 10 INFO neutron.db.ovn_revision_numbers_db [None req-e8f262ba-63e7-46b5-8dfb-045b144ebe97 7ee0fe9050d0438eb603830000114f57 fb9fceaed71842e0a0e6fe65fee81027 - - default default] Successfully bumped revision number for resource 4e7ea672-7995-4789-a7c5-72a38505bb0e (type: security_group_rules) to 0
2026-06-23 19:53:03.107 10 INFO neutron.db.ovn_revision_numbers_db [None req-e8f262ba-63e7-46b5-8dfb-045b144ebe97 7ee0fe9050d0438eb603830000114f57 fb9fceaed71842e0a0e6fe65fee81027 - - default default] Successfully bumped revision number for resource 5469e7f3-745c-4e81-81b8-ba02f3c2d765 (type: security_group_rules) to 0
2026-06-23 19:53:03.120 9 INFO neutron.db.segments_db [None req-e016bd9d-4541-4a5d-8ae0-1d3d750d999a eb719f18e46b49fc9d5db82bfbe2323f e5607060da334c6a8716338f586b401d - - default default] Added segment 7de320c5-6be9-4ae1-919c-2f70af5fb798 of type geneve for network 8905a400-f998-4f2c-99ea-19a49859df08
2026-06-23 19:53:03.126 10 INFO neutron.wsgi [None req-e8f262ba-63e7-46b5-8dfb-045b144ebe97 7ee0fe9050d0438eb603830000114f57 fb9fceaed71842e0a0e6fe65fee81027 - - default default] 10.0.0.134 "POST /v2.0/security-groups HTTP/1.1" status: 201 len: 1737 time: 0.2265213
2026-06-23 19:53:03.134 10 WARNING neutron_lib.context [None req-4ce4052d-529a-42a2-bc73-cb65f314154b 7ee0fe9050d0438eb603830000114f57 fb9fceaed71842e0a0e6fe65fee81027 - - default default] Method 'is_advsvc' is deprecated since 2023.2 release (neutron-lib 3.8.0) and will be removed once support for the old RBAC API policies will be removed from Neutron. Please use method 'is_service_role' instead.
2026-06-23 19:53:03.264 10 INFO neutron.db.ovn_revision_numbers_db [None req-4ce4052d-529a-42a2-bc73-cb65f314154b 7ee0fe9050d0438eb603830000114f57 fb9fceaed71842e0a0e6fe65fee81027 - - default default] Successfully bumped revision number for resource 36e9c050-89a3-416b-8547-7f304c311362 (type: security_groups) to 1
2026-06-23 19:53:03.281 10 INFO neutron.db.ovn_revision_numbers_db [None req-4ce4052d-529a-42a2-bc73-cb65f314154b 7ee0fe9050d0438eb603830000114f57 fb9fceaed71842e0a0e6fe65fee81027 - - default default] Successfully bumped revision number for resource 4e488def-97aa-432f-8eb3-78d9f0d8ef61 (type: security_group_rules) to 0
2026-06-23 19:53:03.283 9 WARNING neutron.scheduler.dhcp_agent_scheduler [None req-4c6561cf-d6f1-457d-a8f8-460bd4e11938 8a5690b06ccc44d8b6b06d9898f63cc7 0c0eaa24cf93400bacd6742dedfae781 - - default default] No more DHCP agents
2026-06-23 19:53:03.293 9 WARNING neutron.api.rpc.agentnotifiers.dhcp_rpc_agent_api [None req-4c6561cf-d6f1-457d-a8f8-460bd4e11938 8a5690b06ccc44d8b6b06d9898f63cc7 0c0eaa24cf93400bacd6742dedfae781 - - default default] Unable to schedule network 76272559-3f3b-4b2f-8788-32f68a5bd024: no agents available; will retry on subsequent port and subnet creation events.
2026-06-23 19:53:03.298 10 INFO neutron.db.ovn_revision_numbers_db [None req-4ce4052d-529a-42a2-bc73-cb65f314154b 7ee0fe9050d0438eb603830000114f57 fb9fceaed71842e0a0e6fe65fee81027 - - default default] Successfully bumped revision number for resource c6abd151-a653-4575-88c0-6992f8ca6acf (type: security_group_rules) to 0
2026-06-23 19:53:03.315 10 INFO neutron.wsgi [None req-4ce4052d-529a-42a2-bc73-cb65f314154b 7ee0fe9050d0438eb603830000114f57 fb9fceaed71842e0a0e6fe65fee81027 - - default default] 10.0.0.134 "POST /v2.0/security-groups HTTP/1.1" status: 201 len: 1737 time: 0.1849914
2026-06-23 19:53:03.315 9 INFO neutron.db.ovn_revision_numbers_db [None req-e016bd9d-4541-4a5d-8ae0-1d3d750d999a eb719f18e46b49fc9d5db82bfbe2323f e5607060da334c6a8716338f586b401d - - default default] Successfully bumped revision number for resource 8905a400-f998-4f2c-99ea-19a49859df08 (type: networks) to 1
2026-06-23 19:53:03.322 10 WARNING neutron_lib.context [None req-3b91062f-cfbe-4cfe-ade6-529d6fa72555 7ee0fe9050d0438eb603830000114f57 fb9fceaed71842e0a0e6fe65fee81027 - - default default] Method 'is_advsvc' is deprecated since 2023.2 release (neutron-lib 3.8.0) and will be removed once support for the old RBAC API policies will be removed from Neutron. Please use method 'is_service_role' instead.
2026-06-23 19:53:03.333 9 INFO neutron.db.ovn_revision_numbers_db [None req-4c6561cf-d6f1-457d-a8f8-460bd4e11938 8a5690b06ccc44d8b6b06d9898f63cc7 0c0eaa24cf93400bacd6742dedfae781 - - default default] Successfully bumped revision number for resource b4028eee-4f1a-4330-8de9-089e9a827cb5 (type: subnets) to 0
2026-06-23 19:53:03.350 9 INFO neutron.wsgi [None req-4c6561cf-d6f1-457d-a8f8-460bd4e11938 8a5690b06ccc44d8b6b06d9898f63cc7 0c0eaa24cf93400bacd6742dedfae781 - - default default] 10.0.0.134 "POST /v2.0/subnets HTTP/1.1" status: 201 len: 802 time: 0.4337804
2026-06-23 19:53:03.360 10 WARNING neutron_lib.context [None req-41e27e44-70fd-4084-956e-76178c61f119 8a5690b06ccc44d8b6b06d9898f63cc7 0c0eaa24cf93400bacd6742dedfae781 - - default default] Method 'is_advsvc' is deprecated since 2023.2 release (neutron-lib 3.8.0) and will be removed once support for the old RBAC API policies will be removed from Neutron. Please use method 'is_service_role' instead.
2026-06-23 19:53:03.480 10 INFO neutron.db.ovn_revision_numbers_db [None req-3b91062f-cfbe-4cfe-ade6-529d6fa72555 7ee0fe9050d0438eb603830000114f57 fb9fceaed71842e0a0e6fe65fee81027 - - default default] Successfully bumped revision number for resource de783937-8a73-487f-a4e2-538c7b5c08d7 (type: security_groups) to 1
2026-06-23 19:53:03.506 9 WARNING neutron.scheduler.dhcp_agent_scheduler [None req-e016bd9d-4541-4a5d-8ae0-1d3d750d999a eb719f18e46b49fc9d5db82bfbe2323f e5607060da334c6a8716338f586b401d - - default default] No more DHCP agents
2026-06-23 19:53:03.508 9 WARNING neutron.api.rpc.agentnotifiers.dhcp_rpc_agent_api [None req-e016bd9d-4541-4a5d-8ae0-1d3d750d999a eb719f18e46b49fc9d5db82bfbe2323f e5607060da334c6a8716338f586b401d - - default default] Unable to schedule network 8905a400-f998-4f2c-99ea-19a49859df08: no agents available; will retry on subsequent port and subnet creation events.
2026-06-23 19:53:03.589 9 INFO neutron.db.ovn_revision_numbers_db [None req-e016bd9d-4541-4a5d-8ae0-1d3d750d999a eb719f18e46b49fc9d5db82bfbe2323f e5607060da334c6a8716338f586b401d - - default default] Successfully bumped revision number for resource 312bfd35-c58e-4e75-855e-789b8e7e7510 (type: ports) to 1
2026-06-23 19:53:03.612 9 INFO neutron.wsgi [None req-e016bd9d-4541-4a5d-8ae0-1d3d750d999a eb719f18e46b49fc9d5db82bfbe2323f e5607060da334c6a8716338f586b401d - - default default] 10.0.0.134 "POST /v2.0/networks HTTP/1.1" status: 201 len: 832 time: 0.6083806
2026-06-23 19:53:03.620 9 WARNING neutron_lib.context [None req-808d143a-18c2-4d57-8e02-2752fb721093 eb719f18e46b49fc9d5db82bfbe2323f e5607060da334c6a8716338f586b401d - - default default] Method 'is_advsvc' is deprecated since 2023.2 release (neutron-lib 3.8.0) and will be removed once support for the old RBAC API policies will be removed from Neutron. Please use method 'is_service_role' instead.
2026-06-23 19:53:03.693 10 INFO neutron.db.ovn_revision_numbers_db [None req-3b91062f-cfbe-4cfe-ade6-529d6fa72555 7ee0fe9050d0438eb603830000114f57 fb9fceaed71842e0a0e6fe65fee81027 - - default default] Successfully bumped revision number for resource 925ca2c6-7949-4d88-9bcb-4273141e20a3 (type: security_group_rules) to 0
2026-06-23 19:53:03.710 10 INFO neutron.db.ovn_revision_numbers_db [None req-3b91062f-cfbe-4cfe-ade6-529d6fa72555 7ee0fe9050d0438eb603830000114f57 fb9fceaed71842e0a0e6fe65fee81027 - - default default] Successfully bumped revision number for resource e1cae958-ff00-469c-a34c-c41b4807cc31 (type: security_group_rules) to 0
2026-06-23 19:53:03.744 10 INFO neutron.wsgi [None req-3b91062f-cfbe-4cfe-ade6-529d6fa72555 7ee0fe9050d0438eb603830000114f57 fb9fceaed71842e0a0e6fe65fee81027 - - default default] 10.0.0.134 "POST /v2.0/security-groups HTTP/1.1" status: 201 len: 1737 time: 0.4252510
2026-06-23 19:53:03.796 10 INFO neutron.wsgi [None req-7b6d876b-9c51-4398-b821-e6c6ccbe2147 7ee0fe9050d0438eb603830000114f57 fb9fceaed71842e0a0e6fe65fee81027 - - default default] 10.0.0.134 "PUT /v2.0/security-groups/b24d2b9b-6de1-4caf-b6ce-2639943b920c/tags HTTP/1.1" status: 200 len: 210 time: 0.0477021
2026-06-23 19:53:03.848 9 WARNING neutron.scheduler.dhcp_agent_scheduler [None req-808d143a-18c2-4d57-8e02-2752fb721093 eb719f18e46b49fc9d5db82bfbe2323f e5607060da334c6a8716338f586b401d - - default default] No more DHCP agents
2026-06-23 19:53:03.855 9 INFO neutron.wsgi [None req-ce014f7f-b1de-45cc-bcef-5d5ad6fb88b7 84896020def24678b79799d5b3a12005 e608844f9e81499e834b8b4cf3c185a5 - - default default] 10.0.0.134 "GET /v2.0/extensions HTTP/1.1" status: 200 len: 16975 time: 0.1725631
2026-06-23 19:53:03.856 9 WARNING neutron.api.rpc.agentnotifiers.dhcp_rpc_agent_api [None req-808d143a-18c2-4d57-8e02-2752fb721093 eb719f18e46b49fc9d5db82bfbe2323f e5607060da334c6a8716338f586b401d - - default default] Unable to schedule network 8905a400-f998-4f2c-99ea-19a49859df08: no agents available; will retry on subsequent port and subnet creation events.
2026-06-23 19:53:03.859 9 INFO neutron.wsgi [None req-2c4f79ef-ed29-4406-8d35-af2716e608d5 7ee0fe9050d0438eb603830000114f57 fb9fceaed71842e0a0e6fe65fee81027 - - default default] 10.0.0.134 "PUT /v2.0/security-groups/ebdf3ff5-9d6d-4773-b864-295af447f40e/tags HTTP/1.1" status: 200 len: 218 time: 0.0574772
2026-06-23 19:53:03.864 9 INFO neutron.wsgi [None req-97ae7bf1-7d7b-4e76-85b1-7a5537024da8 84896020def24678b79799d5b3a12005 e608844f9e81499e834b8b4cf3c185a5 - - default default] 10.0.0.134 "GET /v2.0/extensions/address-group HTTP/1.1" status: 200 len: 353 time: 0.0032818
2026-06-23 19:53:03.870 9 INFO neutron.wsgi [None req-dd2122dd-aa0a-423e-b183-1143371bf65d 84896020def24678b79799d5b3a12005 e608844f9e81499e834b8b4cf3c185a5 - - default default] 10.0.0.134 "GET /v2.0/extensions/address-scope HTTP/1.1" status: 200 len: 357 time: 0.0032287
2026-06-23 19:53:03.877 10 INFO neutron.wsgi [None req-50c1ab5b-a8c6-4116-806f-cd3132b3b292 84896020def24678b79799d5b3a12005 e608844f9e81499e834b8b4cf3c185a5 - - default default] 10.0.0.134 "GET /v2.0/extensions/agent HTTP/1.1" status: 200 len: 347 time: 0.0033491
2026-06-23 19:53:03.884 9 INFO neutron.wsgi [None req-da55c65f-b1a8-4dd0-a072-0b9d4c18878d 84896020def24678b79799d5b3a12005 e608844f9e81499e834b8b4cf3c185a5 - - default default] 10.0.0.134 "GET /v2.0/extensions/allowed-address-pairs HTTP/1.1" status: 200 len: 378 time: 0.0039694
2026-06-23 19:53:03.892 9 INFO neutron.wsgi [None req-e29f0c4d-4326-4245-991b-6106f87b7dbe 84896020def24678b79799d5b3a12005 e608844f9e81499e834b8b4cf3c185a5 - - default default] 10.0.0.134 "GET /v2.0/extensions/auto-allocated-topology HTTP/1.1" status: 200 len: 394 time: 0.0045278
2026-06-23 19:53:03.899 9 INFO neutron.wsgi [None req-a3af048b-2141-4ce9-bb3b-0af60db1728a 84896020def24678b79799d5b3a12005 e608844f9e81499e834b8b4cf3c185a5 - - default default] 10.0.0.134 "GET /v2.0/extensions/availability_zone HTTP/1.1" status: 200 len: 372 time: 0.0034654
2026-06-23 19:53:03.900 9 INFO neutron.db.ovn_revision_numbers_db [None req-808d143a-18c2-4d57-8e02-2752fb721093 eb719f18e46b49fc9d5db82bfbe2323f e5607060da334c6a8716338f586b401d - - default default] Successfully bumped revision number for resource 28d90500-357c-42e2-8d7d-161d811fe755 (type: subnets) to 0
2026-06-23 19:53:03.910 10 INFO neutron.wsgi [None req-e6e459f8-0941-46bb-8531-0b8beeaa8be0 84896020def24678b79799d5b3a12005 e608844f9e81499e834b8b4cf3c185a5 - - default default] 10.0.0.134 "GET /v2.0/extensions/default-subnetpools HTTP/1.1" status: 200 len: 405 time: 0.0048749
2026-06-23 19:53:03.914 9 INFO neutron.wsgi [None req-808d143a-18c2-4d57-8e02-2752fb721093 eb719f18e46b49fc9d5db82bfbe2323f e5607060da334c6a8716338f586b401d - - default default] 10.0.0.134 "POST /v2.0/subnets HTTP/1.1" status: 201 len: 821 time: 0.2986977
2026-06-23 19:53:03.914 10 INFO neutron.wsgi [None req-4cb4699d-9a32-4947-b1f6-f21492847453 7ee0fe9050d0438eb603830000114f57 fb9fceaed71842e0a0e6fe65fee81027 - - default default] 10.0.0.134 "PUT /v2.0/security-groups/a0a6f10e-d9e6-4904-b1d8-709e8fe36a92/tags HTTP/1.1" status: 200 len: 227 time: 0.0487032
2026-06-23 19:53:03.919 9 INFO neutron.wsgi [None req-7891911e-3049-4525-8915-a5d1f6851f8e 84896020def24678b79799d5b3a12005 e608844f9e81499e834b8b4cf3c185a5 - - default default] 10.0.0.134 "GET /v2.0/extensions/dhcp_agent_scheduler HTTP/1.1" status: 200 len: 381 time: 0.0044885
2026-06-23 19:53:03.927 9 INFO neutron.wsgi [None req-0cab68b2-9bdb-4764-bc1d-e592194280f3 84896020def24678b79799d5b3a12005 e608844f9e81499e834b8b4cf3c185a5 - - default default] 10.0.0.134 "GET /v2.0/extensions/dns-integration HTTP/1.1" status: 200 len: 366 time: 0.0039816
2026-06-23 19:53:03.927 10 WARNING neutron_lib.context [None req-a9197ac3-de8b-4d42-8ec5-7c8b28efb45e eb719f18e46b49fc9d5db82bfbe2323f e5607060da334c6a8716338f586b401d - - default default] Method 'is_advsvc' is deprecated since 2023.2 release (neutron-lib 3.8.0) and will be removed once support for the old RBAC API policies will be removed from Neutron. Please use method 'is_service_role' instead.
2026-06-23 19:53:03.934 9 INFO neutron.wsgi [None req-f9d37f65-9726-484b-a9c1-8d2e29eefbb9 84896020def24678b79799d5b3a12005 e608844f9e81499e834b8b4cf3c185a5 - - default default] 10.0.0.134 "GET /v2.0/extensions/dns-domain-ports HTTP/1.1" status: 200 len: 399 time: 0.0040171
2026-06-23 19:53:03.941 9 INFO neutron.wsgi [None req-bb84d461-47e4-42ac-9a76-edf8fc96b0b7 84896020def24678b79799d5b3a12005 e608844f9e81499e834b8b4cf3c185a5 - - default default] 10.0.0.134 "GET /v2.0/extensions/dns-integration-domain-keywords HTTP/1.1" status: 200 len: 477 time: 0.0044348
2026-06-23 19:53:03.948 9 INFO neutron.wsgi [None req-18cf1a3f-2838-41f6-b7bf-70635887fe22 84896020def24678b79799d5b3a12005 e608844f9e81499e834b8b4cf3c185a5 - - default default] 10.0.0.134 "GET /v2.0/extensions/empty-string-filtering HTTP/1.1" status: 200 len: 413 time: 0.0040166
2026-06-23 19:53:03.956 9 INFO neutron.wsgi [None req-54f42290-8655-4cbb-aa36-2989b6415024 84896020def24678b79799d5b3a12005 e608844f9e81499e834b8b4cf3c185a5 - - default default] 10.0.0.134 "GET /v2.0/extensions/external-net HTTP/1.1" status: 200 len: 394 time: 0.0041475
2026-06-23 19:53:03.965 9 INFO neutron.wsgi [None req-da38a051-bbaf-43d6-8fb2-bf6d622c1ac3 84896020def24678b79799d5b3a12005 e608844f9e81499e834b8b4cf3c185a5 - - default default] 10.0.0.134 "GET /v2.0/extensions/extra_dhcp_opt HTTP/1.1" status: 200 len: 498 time: 0.0040970
2026-06-23 19:53:03.973 9 INFO neutron.wsgi [None req-588dfea0-a81d-4537-ac8f-b62ac934dd24 84896020def24678b79799d5b3a12005 e608844f9e81499e834b8b4cf3c185a5 - - default default] 10.0.0.134 "GET /v2.0/extensions/extraroute HTTP/1.1" status: 200 len: 375 time: 0.0042660
2026-06-23 19:53:03.980 9 INFO neutron.wsgi [None req-0bee81b0-f46b-46ab-9052-de16ac777cd0 84896020def24678b79799d5b3a12005 e608844f9e81499e834b8b4cf3c185a5 - - default default] 10.0.0.134 "GET /v2.0/extensions/filter-validation HTTP/1.1" status: 200 len: 392 time: 0.0042417
2026-06-23 19:53:03.989 9 INFO neutron.wsgi [None req-f4612666-07ac-4112-aca6-2a6c680d98d2 84896020def24678b79799d5b3a12005 e608844f9e81499e834b8b4cf3c185a5 - - default default] 10.0.0.134 "GET /v2.0/extensions/floating-ip-port-forwarding-detail HTTP/1.1" status: 200 len: 465 time: 0.0042839
2026-06-23 19:53:03.989 10 INFO neutron.wsgi [None req-f902b0c2-83f8-4271-ad24-ba7e31f38429 7ee0fe9050d0438eb603830000114f57 fb9fceaed71842e0a0e6fe65fee81027 - - default default] 10.0.0.134 "PUT /v2.0/security-groups/36e9c050-89a3-416b-8547-7f304c311362/tags HTTP/1.1" status: 200 len: 212 time: 0.0702298
2026-06-23 19:53:03.996 9 INFO neutron.wsgi [None req-1f629a97-34fd-444f-bd89-89549b72ab60 84896020def24678b79799d5b3a12005 e608844f9e81499e834b8b4cf3c185a5 - - default default] 10.0.0.134 "GET /v2.0/extensions/fip-port-details HTTP/1.1" status: 200 len: 406 time: 0.0042717
2026-06-23 19:53:04.008 10 INFO neutron.wsgi [None req-aee8db94-48d6-4152-b30c-25e22ba8caf2 84896020def24678b79799d5b3a12005 e608844f9e81499e834b8b4cf3c185a5 - - default default] 10.0.0.134 "GET /v2.0/extensions/flavors HTTP/1.1" status: 200 len: 387 time: 0.0052996
2026-06-23 19:53:04.019 10 INFO neutron.wsgi [None req-22560996-5daa-476d-8048-4f43f7db07c3 84896020def24678b79799d5b3a12005 e608844f9e81499e834b8b4cf3c185a5 - - default default] 10.0.0.134 "GET /v2.0/extensions/floatingip-pools HTTP/1.1" status: 200 len: 382 time: 0.0068831
2026-06-23 19:53:04.028 9 INFO neutron.wsgi [None req-9b064907-9c4c-4f96-93de-4d3379608af1 84896020def24678b79799d5b3a12005 e608844f9e81499e834b8b4cf3c185a5 - - default default] 10.0.0.134 "GET /v2.0/extensions/ip_allocation HTTP/1.1" status: 200 len: 356 time: 0.0042069
2026-06-23 19:53:04.035 9 INFO neutron.wsgi [None req-7452e087-8ec3-44ba-9986-83c141717485 84896020def24678b79799d5b3a12005 e608844f9e81499e834b8b4cf3c185a5 - - default default] 10.0.0.134 "GET /v2.0/extensions/l2_adjacency HTTP/1.1" status: 200 len: 372 time: 0.0036681
2026-06-23 19:53:04.047 9 INFO neutron.wsgi [None req-5c773918-43ee-4087-bcfe-41af896f5451 84896020def24678b79799d5b3a12005 e608844f9e81499e834b8b4cf3c185a5 - - default default] 10.0.0.134 "GET /v2.0/extensions/router HTTP/1.1" status: 200 len: 450 time: 0.0040846
2026-06-23 19:53:04.053 9 INFO neutron.wsgi [None req-7f7caac1-6b3a-4408-be01-e58cbf306648 7ee0fe9050d0438eb603830000114f57 fb9fceaed71842e0a0e6fe65fee81027 - - default default] 10.0.0.134 "GET /v2.0/security-groups?tags=red HTTP/1.1" status: 200 len: 4813 time: 0.0556412
2026-06-23 19:53:04.057 9 INFO neutron.wsgi [None req-32b2d156-19c4-4517-9b50-483fd6e9a147 84896020def24678b79799d5b3a12005 e608844f9e81499e834b8b4cf3c185a5 - - default default] 10.0.0.134 "GET /v2.0/extensions/ext-gw-mode HTTP/1.1" status: 200 len: 462 time: 0.0035801
2026-06-23 19:53:04.064 9 INFO neutron.wsgi [None req-46157d11-e3a7-4eaf-a8bf-d4cbef9f61a8 84896020def24678b79799d5b3a12005 e608844f9e81499e834b8b4cf3c185a5 - - default default] 10.0.0.134 "GET /v2.0/extensions/logging HTTP/1.1" status: 200 len: 407 time: 0.0036979
2026-06-23 19:53:04.071 9 INFO neutron.wsgi [None req-e31b7aa0-48ca-44de-a3ad-2f04e1f9c88d 84896020def24678b79799d5b3a12005 e608844f9e81499e834b8b4cf3c185a5 - - default default] 10.0.0.134 "GET /v2.0/extensions/multi-provider HTTP/1.1" status: 200 len: 406 time: 0.0039935
2026-06-23 19:53:04.082 9 INFO neutron.wsgi [None req-51f51f7f-bbd4-4717-bcc1-d3521a91b886 84896020def24678b79799d5b3a12005 e608844f9e81499e834b8b4cf3c185a5 - - default default] 10.0.0.134 "GET /v2.0/extensions/net-mtu HTTP/1.1" status: 200 len: 370 time: 0.0075285
2026-06-23 19:53:04.093 9 INFO neutron.wsgi [None req-8d842dbe-8cd4-4de3-85cd-60a5fac7af64 84896020def24678b79799d5b3a12005 e608844f9e81499e834b8b4cf3c185a5 - - default default] 10.0.0.134 "GET /v2.0/extensions/net-mtu-writable HTTP/1.1" status: 200 len: 401 time: 0.0041673
2026-06-23 19:53:04.101 9 INFO neutron.wsgi [None req-25b544a7-2d23-44b2-9ef4-ca8c34152d3d 84896020def24678b79799d5b3a12005 e608844f9e81499e834b8b4cf3c185a5 - - default default] 10.0.0.134 "GET /v2.0/extensions/network_availability_zone HTTP/1.1" status: 200 len: 394 time: 0.0041497
2026-06-23 19:53:04.110 9 INFO neutron.wsgi [None req-009ed4e3-73f0-4e71-928b-834a884df01a 84896020def24678b79799d5b3a12005 e608844f9e81499e834b8b4cf3c185a5 - - default default] 10.0.0.134 "GET /v2.0/extensions/network-ip-availability HTTP/1.1" status: 200 len: 410 time: 0.0048959
2026-06-23 19:53:04.119 9 INFO neutron.wsgi [None req-97653452-5338-47f2-8fca-ea8c5e718389 84896020def24678b79799d5b3a12005 e608844f9e81499e834b8b4cf3c185a5 - - default default] 10.0.0.134 "GET /v2.0/extensions/pagination HTTP/1.1" status: 200 len: 386 time: 0.0048342
2026-06-23 19:53:04.128 9 INFO neutron.wsgi [None req-7ca03ff5-f243-4b3f-bf28-f1816ddc610f 84896020def24678b79799d5b3a12005 e608844f9e81499e834b8b4cf3c185a5 - - default default] 10.0.0.134 "GET /v2.0/extensions/port-device-profile HTTP/1.1" status: 200 len: 383 time: 0.0049386
2026-06-23 19:53:04.136 9 INFO neutron.wsgi [None req-e206d178-9130-4e12-89d0-7a8b65fbcaa5 84896020def24678b79799d5b3a12005 e608844f9e81499e834b8b4cf3c185a5 - - default default] 10.0.0.134 "GET /v2.0/extensions/port-mac-address-regenerate HTTP/1.1" status: 200 len: 403 time: 0.0045419
2026-06-23 19:53:04.144 9 INFO neutron.wsgi [None req-dcddb450-a5ad-4673-9b37-a447e22f8076 84896020def24678b79799d5b3a12005 e608844f9e81499e834b8b4cf3c185a5 - - default default] 10.0.0.134 "GET /v2.0/extensions/port-numa-affinity-policy HTTP/1.1" status: 200 len: 392 time: 0.0043082
2026-06-23 19:53:04.151 9 INFO neutron.wsgi [None req-7fe3f6c7-5f26-483e-9384-a599b2fa9665 84896020def24678b79799d5b3a12005 e608844f9e81499e834b8b4cf3c185a5 - - default default] 10.0.0.134 "GET /v2.0/extensions/port-resource-request HTTP/1.1" status: 200 len: 379 time: 0.0043898
2026-06-23 19:53:04.159 9 INFO neutron.wsgi [None req-74acad37-662f-45ee-a31b-4408b60792a0 84896020def24678b79799d5b3a12005 e608844f9e81499e834b8b4cf3c185a5 - - default default] 10.0.0.134 "GET /v2.0/extensions/port-resource-request-groups HTTP/1.1" status: 200 len: 465 time: 0.0040078
2026-06-23 19:53:04.162 10 INFO neutron.wsgi [None req-b3cc2458-b220-4a32-82cc-68e2dcf71757 7ee0fe9050d0438eb603830000114f57 fb9fceaed71842e0a0e6fe65fee81027 - - default default] 10.0.0.134 "GET /v2.0/security-groups?tags=red%2Cblue HTTP/1.1" status: 200 len: 3289 time: 0.1030595
2026-06-23 19:53:04.164 10 INFO neutron.db.ovn_revision_numbers_db [None req-a9197ac3-de8b-4d42-8ec5-7c8b28efb45e eb719f18e46b49fc9d5db82bfbe2323f e5607060da334c6a8716338f586b401d - - default default] Successfully bumped revision number for resource 7f880de8-ed8c-4d81-93d9-c20e632e3e62 (type: routers) to 1
2026-06-23 19:53:04.169 9 INFO neutron.wsgi [None req-3114fcec-c384-4737-8599-e8546440f291 84896020def24678b79799d5b3a12005 e608844f9e81499e834b8b4cf3c185a5 - - default default] 10.0.0.134 "GET /v2.0/extensions/binding HTTP/1.1" status: 200 len: 387 time: 0.0044377
2026-06-23 19:53:04.177 9 INFO neutron.wsgi [None req-e44e535a-fe6f-45e5-8aa4-8ad86198f232 84896020def24678b79799d5b3a12005 e608844f9e81499e834b8b4cf3c185a5 - - default default] 10.0.0.134 "GET /v2.0/extensions/binding-extended HTTP/1.1" status: 200 len: 406 time: 0.0043788
2026-06-23 19:53:04.183 10 WARNING neutron.scheduler.dhcp_agent_scheduler [None req-41e27e44-70fd-4084-956e-76178c61f119 8a5690b06ccc44d8b6b06d9898f63cc7 0c0eaa24cf93400bacd6742dedfae781 - - default default] No more DHCP agents
2026-06-23 19:53:04.186 9 INFO neutron.wsgi [None req-3523fc49-a667-48b8-b9b2-48306bd93080 84896020def24678b79799d5b3a12005 e608844f9e81499e834b8b4cf3c185a5 - - default default] 10.0.0.134 "GET /v2.0/extensions/port-security HTTP/1.1" status: 200 len: 354 time: 0.0057299
2026-06-23 19:53:04.187 10 WARNING neutron.api.rpc.agentnotifiers.dhcp_rpc_agent_api [None req-41e27e44-70fd-4084-956e-76178c61f119 8a5690b06ccc44d8b6b06d9898f63cc7 0c0eaa24cf93400bacd6742dedfae781 - - default default] Unable to schedule network 5ba94b83-72f9-4064-9ccb-c40368783405: no agents available; will retry on subsequent port and subnet creation events.
2026-06-23 19:53:04.193 10 INFO neutron.wsgi [None req-a9197ac3-de8b-4d42-8ec5-7c8b28efb45e eb719f18e46b49fc9d5db82bfbe2323f e5607060da334c6a8716338f586b401d - - default default] 10.0.0.134 "POST /v2.0/routers HTTP/1.1" status: 201 len: 689 time: 0.2741373
2026-06-23 19:53:04.194 9 INFO neutron.wsgi [None req-75dfb722-e90a-4a1e-8287-f80c04943ffc 84896020def24678b79799d5b3a12005 e608844f9e81499e834b8b4cf3c185a5 - - default default] 10.0.0.134 "GET /v2.0/extensions/project-id HTTP/1.1" status: 200 len: 398 time: 0.0044804
2026-06-23 19:53:04.202 9 WARNING neutron_lib.context [None req-2141c227-bc6d-405c-978c-9bf1051decd9 eb719f18e46b49fc9d5db82bfbe2323f e5607060da334c6a8716338f586b401d - - default default] Method 'is_advsvc' is deprecated since 2023.2 release (neutron-lib 3.8.0) and will be removed once support for the old RBAC API policies will be removed from Neutron. Please use method 'is_service_role' instead.
2026-06-23 19:53:04.209 9 INFO neutron.wsgi [None req-6d9a61a6-148c-4e7f-992c-1dc0e3cfefc7 84896020def24678b79799d5b3a12005 e608844f9e81499e834b8b4cf3c185a5 - - default default] 10.0.0.134 "GET /v2.0/extensions/provider HTTP/1.1" status: 200 len: 385 time: 0.0120604
2026-06-23 19:53:04.221 9 INFO neutron.wsgi [None req-ae133e46-03dd-46b5-ab0c-e2586142df0b 84896020def24678b79799d5b3a12005 e608844f9e81499e834b8b4cf3c185a5 - - default default] 10.0.0.134 "GET /v2.0/extensions/qos HTTP/1.1" status: 200 len: 360 time: 0.0058446
2026-06-23 19:53:04.227 10 INFO neutron.wsgi [None req-454d7a69-0758-47cf-8625-91b8bf48e3c6 7ee0fe9050d0438eb603830000114f57 fb9fceaed71842e0a0e6fe65fee81027 - - default default] 10.0.0.134 "GET /v2.0/security-groups?tags-any=blue HTTP/1.1" status: 200 len: 3289 time: 0.0598595
2026-06-23 19:53:04.229 9 INFO neutron.wsgi [None req-477260ce-9f3a-4a1d-b194-3b7fce097d7b 84896020def24678b79799d5b3a12005 e608844f9e81499e834b8b4cf3c185a5 - - default default] 10.0.0.134 "GET /v2.0/extensions/qos-bw-limit-direction HTTP/1.1" status: 200 len: 452 time: 0.0047975
2026-06-23 19:53:04.241 10 INFO neutron.wsgi [None req-904cde11-1283-446b-9a30-39c3eb2c1915 84896020def24678b79799d5b3a12005 e608844f9e81499e834b8b4cf3c185a5 - - default default] 10.0.0.134 "GET /v2.0/extensions/qos-bw-minimum-ingress HTTP/1.1" status: 200 len: 445 time: 0.0054457
2026-06-23 19:53:04.249 9 INFO neutron.wsgi [None req-4e10fbc1-290f-413e-9965-4c23736bb340 84896020def24678b79799d5b3a12005 e608844f9e81499e834b8b4cf3c185a5 - - default default] 10.0.0.134 "GET /v2.0/extensions/qos-default HTTP/1.1" status: 200 len: 377 time: 0.0046043
2026-06-23 19:53:04.258 9 INFO neutron.wsgi [None req-08066fb0-a0b0-4324-9c99-6d0b681deda8 84896020def24678b79799d5b3a12005 e608844f9e81499e834b8b4cf3c185a5 - - default default] 10.0.0.134 "GET /v2.0/extensions/qos-fip HTTP/1.1" status: 200 len: 372 time: 0.0055025
2026-06-23 19:53:04.271 10 INFO neutron.wsgi [None req-24eb76ce-44e2-42d2-9be0-9c867a4af180 84896020def24678b79799d5b3a12005 e608844f9e81499e834b8b4cf3c185a5 - - default default] 10.0.0.134 "GET /v2.0/extensions/qos-gateway-ip HTTP/1.1" status: 200 len: 391 time: 0.0095148
2026-06-23 19:53:04.283 9 INFO neutron.wsgi [None req-a4ad0183-f113-4e50-819a-a97b6b8a2b02 84896020def24678b79799d5b3a12005 e608844f9e81499e834b8b4cf3c185a5 - - default default] 10.0.0.134 "GET /v2.0/extensions/qos-port-network-policy HTTP/1.1" status: 200 len: 403 time: 0.0076628
2026-06-23 19:53:04.292 10 INFO neutron.wsgi [None req-e29f3f0c-ed71-431c-9250-daf0159325bf 84896020def24678b79799d5b3a12005 e608844f9e81499e834b8b4cf3c185a5 - - default default] 10.0.0.134 "GET /v2.0/extensions/qos-pps-minimum HTTP/1.1" status: 200 len: 397 time: 0.0041287
2026-06-23 19:53:04.298 10 INFO neutron.wsgi [None req-d0af09af-f19a-4654-a3a5-63c613e5e447 7ee0fe9050d0438eb603830000114f57 fb9fceaed71842e0a0e6fe65fee81027 - - default default] 10.0.0.134 "GET /v2.0/security-groups?tags-any=red%2Cblue HTTP/1.1" status: 200 len: 4813 time: 0.0631878
2026-06-23 19:53:04.313 10 INFO neutron.wsgi [None req-7edeba89-9769-47cb-9ce5-0c17338043c4 84896020def24678b79799d5b3a12005 e608844f9e81499e834b8b4cf3c185a5 - - default default] 10.0.0.134 "GET /v2.0/extensions/qos-pps-minimum-rule-alias HTTP/1.1" status: 200 len: 471 time: 0.0042059
2026-06-23 19:53:04.325 9 INFO neutron.wsgi [None req-757253d8-0294-437d-be71-68ba31341c90 84896020def24678b79799d5b3a12005 e608844f9e81499e834b8b4cf3c185a5 - - default default] 10.0.0.134 "GET /v2.0/extensions/qos-pps HTTP/1.1" status: 200 len: 389 time: 0.0033705
2026-06-23 19:53:04.333 10 INFO neutron.wsgi [None req-c0cb5d5c-79c9-4a3e-89fb-19d512664580 84896020def24678b79799d5b3a12005 e608844f9e81499e834b8b4cf3c185a5 - - default default] 10.0.0.134 "GET /v2.0/extensions/qos-rule-type-details HTTP/1.1" status: 200 len: 423 time: 0.0043144
2026-06-23 19:53:04.347 9 INFO neutron.wsgi [None req-fb5331bb-1003-4ed2-8d04-bae85d6fc938 84896020def24678b79799d5b3a12005 e608844f9e81499e834b8b4cf3c185a5 - - default default] 10.0.0.134 "GET /v2.0/extensions/qos-rule-type-filter HTTP/1.1" status: 200 len: 567 time: 0.0042260
2026-06-23 19:53:04.355 9 INFO neutron.wsgi [None req-08893dd9-26f1-4a50-a404-fdf9766c6578 84896020def24678b79799d5b3a12005 e608844f9e81499e834b8b4cf3c185a5 - - default default] 10.0.0.134 "GET /v2.0/extensions/qos-rules-alias HTTP/1.1" status: 200 len: 448 time: 0.0046942
2026-06-23 19:53:04.370 9 INFO neutron.wsgi [None req-777b35c6-4f93-4bb2-b828-c8ba02d9e75c 84896020def24678b79799d5b3a12005 e608844f9e81499e834b8b4cf3c185a5 - - default default] 10.0.0.134 "GET /v2.0/extensions/quota-check-limit HTTP/1.1" status: 200 len: 420 time: 0.0096405
2026-06-23 19:53:04.380 9 INFO neutron.wsgi [None req-db8a99c8-4242-4ad1-a288-77cd9f98070d 84896020def24678b79799d5b3a12005 e608844f9e81499e834b8b4cf3c185a5 - - default default] 10.0.0.134 "GET /v2.0/extensions/quotas HTTP/1.1" status: 200 len: 386 time: 0.0050554
2026-06-23 19:53:04.390 10 INFO neutron.wsgi [None req-374dfc7a-0ae8-4977-9bdf-b6fe05346289 84896020def24678b79799d5b3a12005 e608844f9e81499e834b8b4cf3c185a5 - - default default] 10.0.0.134 "GET /v2.0/extensions/quota_details HTTP/1.1" status: 200 len: 407 time: 0.0059371
2026-06-23 19:53:04.399 9 INFO neutron.wsgi [None req-f3604919-3b9a-4c07-b7e3-ac61ef6ec0fb 7ee0fe9050d0438eb603830000114f57 fb9fceaed71842e0a0e6fe65fee81027 - - default default] 10.0.0.134 "GET /v2.0/security-groups?not-tags=red HTTP/1.1" status: 200 len: 6041 time: 0.0851250
2026-06-23 19:53:04.400 10 INFO neutron.wsgi [None req-49b91c42-f7a1-4c8a-892d-0a41fb414b2f 84896020def24678b79799d5b3a12005 e608844f9e81499e834b8b4cf3c185a5 - - default default] 10.0.0.134 "GET /v2.0/extensions/rbac-policies HTTP/1.1" status: 200 len: 417 time: 0.0041347
2026-06-23 19:53:04.408 9 INFO neutron.wsgi [None req-31199855-6610-41b8-b7e2-49d85ba010d1 84896020def24678b79799d5b3a12005 e608844f9e81499e834b8b4cf3c185a5 - - default default] 10.0.0.134 "GET /v2.0/extensions/rbac-address-scope HTTP/1.1" status: 200 len: 384 time: 0.0036206
2026-06-23 19:53:04.410 10 INFO neutron.db.ovn_revision_numbers_db [None req-41e27e44-70fd-4084-956e-76178c61f119 8a5690b06ccc44d8b6b06d9898f63cc7 0c0eaa24cf93400bacd6742dedfae781 - - default default] Successfully bumped revision number for resource 3c4fc8b1-1e96-43cc-8492-b7392b8f7de6 (type: ports) to 1
2026-06-23 19:53:04.419 9 INFO neutron.wsgi [None req-a5d0154e-f3c2-4cf4-9263-e3504c23ec8d 84896020def24678b79799d5b3a12005 e608844f9e81499e834b8b4cf3c185a5 - - default default] 10.0.0.134 "GET /v2.0/extensions/rbac-security-groups HTTP/1.1" status: 200 len: 404 time: 0.0043757
2026-06-23 19:53:04.426 9 INFO neutron.wsgi [None req-22b5b13d-e946-47d9-92f3-90c276efe573 84896020def24678b79799d5b3a12005 e608844f9e81499e834b8b4cf3c185a5 - - default default] 10.0.0.134 "GET /v2.0/extensions/revision-if-match HTTP/1.1" status: 200 len: 441 time: 0.0039778
2026-06-23 19:53:04.434 10 INFO neutron.wsgi [None req-183c3672-55d7-44a2-bb44-ba4b88a95bb8 84896020def24678b79799d5b3a12005 e608844f9e81499e834b8b4cf3c185a5 - - default default] 10.0.0.134 "GET /v2.0/extensions/standard-attr-revisions HTTP/1.1" status: 200 len: 423 time: 0.0046971
2026-06-23 19:53:04.438 10 INFO neutron.services.segments.plugin [-] Segment 072b83d6-4175-4765-b417-dcb0556a98d7 resource provider aggregate not found
2026-06-23 19:53:04.444 9 INFO neutron.wsgi [None req-ed6ce6b9-0ce8-41e6-9f56-abf4d2308ac4 84896020def24678b79799d5b3a12005 e608844f9e81499e834b8b4cf3c185a5 - - default default] 10.0.0.134 "GET /v2.0/extensions/router_availability_zone HTTP/1.1" status: 200 len: 391 time: 0.0040805
2026-06-23 19:53:04.450 9 INFO neutron.wsgi [None req-f609be38-2399-4c43-975d-d84a02ecc524 84896020def24678b79799d5b3a12005 e608844f9e81499e834b8b4cf3c185a5 - - default default] 10.0.0.134 "GET /v2.0/extensions/security-groups-default-rules HTTP/1.1" status: 200 len: 456 time: 0.0032637
2026-06-23 19:53:04.457 9 INFO neutron.wsgi [None req-e19580e7-f127-416c-a090-749946d98551 84896020def24678b79799d5b3a12005 e608844f9e81499e834b8b4cf3c185a5 - - default default] 10.0.0.134 "GET /v2.0/extensions/security-groups-normalized-cidr HTTP/1.1" status: 200 len: 445 time: 0.0036604
2026-06-23 19:53:04.459 10 INFO neutron.services.segments.plugin [-] Segment 072b83d6-4175-4765-b417-dcb0556a98d7 resource provider aggregate not found
2026-06-23 19:53:04.464 10 INFO neutron.services.segments.plugin [-] Segment 072b83d6-4175-4765-b417-dcb0556a98d7 resource provider not found; error: Placement Client Error (4xx): {"errors": [{"status": 404, "title": "Not Found", "detail": "The resource could not be found.\n\n No resource provider with uuid 072b83d6-4175-4765-b417-dcb0556a98d7 found for delete ", "request_id": "req-067f7f63-4b99-461b-ae98-b76e504fa726"}]}
2026-06-23 19:53:04.464 9 INFO neutron.wsgi [None req-88298d90-92fe-4271-86bf-37cc9cff9470 84896020def24678b79799d5b3a12005 e608844f9e81499e834b8b4cf3c185a5 - - default default] 10.0.0.134 "GET /v2.0/extensions/security-groups-remote-address-group HTTP/1.1" status: 200 len: 448 time: 0.0040562
2026-06-23 19:53:04.472 9 INFO neutron.wsgi [None req-d57eb12b-650c-45a1-9187-b82016d5625b 84896020def24678b79799d5b3a12005 e608844f9e81499e834b8b4cf3c185a5 - - default default] 10.0.0.134 "GET /v2.0/extensions/security-groups-shared-filtering HTTP/1.1" status: 200 len: 435 time: 0.0049844
2026-06-23 19:53:04.479 9 INFO neutron.wsgi [None req-f9739dbd-4b09-4abe-a76f-83dfc051b4a6 84896020def24678b79799d5b3a12005 e608844f9e81499e834b8b4cf3c185a5 - - default default] 10.0.0.134 "GET /v2.0/extensions/security-group HTTP/1.1" status: 200 len: 364 time: 0.0031273
2026-06-23 19:53:04.481 10 INFO neutron.services.segments.plugin [-] Segment 072b83d6-4175-4765-b417-dcb0556a98d7 resource provider not found; error: Placement Client Error (4xx): {"errors": [{"status": 404, "title": "Not Found", "detail": "The resource could not be found.\n\n No resource provider with uuid 072b83d6-4175-4765-b417-dcb0556a98d7 found for delete ", "request_id": "req-ee0236e9-93e7-48b0-83a2-9ddcd606cbce"}]}
2026-06-23 19:53:04.490 10 INFO neutron.wsgi [None req-58296f01-1ddd-4dbf-bfb2-a996e36d2eb0 84896020def24678b79799d5b3a12005 e608844f9e81499e834b8b4cf3c185a5 - - default default] 10.0.0.134 "GET /v2.0/extensions/segment HTTP/1.1" status: 200 len: 339 time: 0.0062771
2026-06-23 19:53:04.501 9 INFO neutron.wsgi [None req-df0e032c-cbf6-4876-9ec6-25e3eab93793 84896020def24678b79799d5b3a12005 e608844f9e81499e834b8b4cf3c185a5 - - default default] 10.0.0.134 "GET /v2.0/extensions/segments-peer-subnet-host-routes HTTP/1.1" status: 200 len: 427 time: 0.0044005
2026-06-23 19:53:04.510 10 INFO neutron.wsgi [None req-f22dc321-3dde-40d6-b8d1-4ba45797212d 7ee0fe9050d0438eb603830000114f57 fb9fceaed71842e0a0e6fe65fee81027 - - default default] 10.0.0.134 "GET /v2.0/security-groups?not-tags=red%2Cblue HTTP/1.1" status: 200 len: 7565 time: 0.1056724
2026-06-23 19:53:04.514 10 INFO neutron.wsgi [None req-1c6802ec-b90c-434e-9789-7a22249fbbb6 84896020def24678b79799d5b3a12005 e608844f9e81499e834b8b4cf3c185a5 - - default default] 10.0.0.134 "GET /v2.0/extensions/service-type HTTP/1.1" status: 200 len: 415 time: 0.0092103
2026-06-23 19:53:04.528 10 INFO neutron.wsgi [None req-13f86ed3-a5ca-480f-a29a-2e66c2ff0b9b 84896020def24678b79799d5b3a12005 e608844f9e81499e834b8b4cf3c185a5 - - default default] 10.0.0.134 "GET /v2.0/extensions/sorting HTTP/1.1" status: 200 len: 377 time: 0.0049186
2026-06-23 19:53:04.543 10 INFO neutron.wsgi [None req-c5a6a407-37d5-4079-8710-5661da945ab2 84896020def24678b79799d5b3a12005 e608844f9e81499e834b8b4cf3c185a5 - - default default] 10.0.0.134 "GET /v2.0/extensions/standard-attr-segment HTTP/1.1" status: 200 len: 406 time: 0.0035470
2026-06-23 19:53:04.555 9 INFO neutron.wsgi [None req-2d7c64bb-d17a-4942-8185-e9cf57c955c2 84896020def24678b79799d5b3a12005 e608844f9e81499e834b8b4cf3c185a5 - - default default] 10.0.0.134 "GET /v2.0/extensions/standard-attr-description HTTP/1.1" status: 200 len: 408 time: 0.0065844
2026-06-23 19:53:04.564 9 INFO neutron.wsgi [None req-5944caf5-b08f-476c-81a0-c5da5596b750 84896020def24678b79799d5b3a12005 e608844f9e81499e834b8b4cf3c185a5 - - default default] 10.0.0.134 "GET /v2.0/extensions/stateful-security-group HTTP/1.1" status: 200 len: 402 time: 0.0033753
2026-06-23 19:53:04.584 10 INFO neutron.wsgi [None req-ae238d43-9d34-4b56-8f50-03b9a3ad1584 84896020def24678b79799d5b3a12005 e608844f9e81499e834b8b4cf3c185a5 - - default default] 10.0.0.134 "GET /v2.0/extensions/subnet-dns-publish-fixed-ip HTTP/1.1" status: 200 len: 421 time: 0.0145969
2026-06-23 19:53:04.593 9 INFO neutron.wsgi [None req-e3a1fcb7-6a10-4c33-9bda-a4d0fa940393 84896020def24678b79799d5b3a12005 e608844f9e81499e834b8b4cf3c185a5 - - default default] 10.0.0.134 "GET /v2.0/extensions/subnet-segmentid-writable HTTP/1.1" status: 200 len: 421 time: 0.0045140
2026-06-23 19:53:04.598 10 INFO neutron.wsgi [None req-1a703d04-95f4-4976-b2fb-ce68ebf8833f 7ee0fe9050d0438eb603830000114f57 fb9fceaed71842e0a0e6fe65fee81027 - - default default] 10.0.0.134 "GET /v2.0/security-groups?not-tags-any=blue HTTP/1.1" status: 200 len: 7565 time: 0.0820472
2026-06-23 19:53:04.599 9 INFO neutron.wsgi [None req-12c98722-e6cf-4219-a4dc-eecce141acc4 84896020def24678b79799d5b3a12005 e608844f9e81499e834b8b4cf3c185a5 - - default default] 10.0.0.134 "GET /v2.0/extensions/subnet-service-types HTTP/1.1" status: 200 len: 400 time: 0.0031512 /var/lib/openstack/lib/python3.10/site-packages/pycadf/identifier.py:71: UserWarning: Invalid uuid: neutron. To ensure interoperability, identifiers should be a valid uuid. warnings.warn(('Invalid uuid: %s. To ensure interoperability, '
2026-06-23 19:53:04.612 10 INFO neutron.wsgi [None req-a8eb3cda-c3f5-47f8-9353-62be603558a4 84896020def24678b79799d5b3a12005 e608844f9e81499e834b8b4cf3c185a5 - - default default] 10.0.0.134 "GET /v2.0/extensions/subnet_allocation HTTP/1.1" status: 200 len: 388 time: 0.0058062
2026-06-23 19:53:04.623 9 INFO neutron.wsgi [None req-62626423-0548-4ec8-bcdb-a8fd44034adb 84896020def24678b79799d5b3a12005 e608844f9e81499e834b8b4cf3c185a5 - - default default] 10.0.0.134 "GET /v2.0/extensions/subnetpool-prefix-ops HTTP/1.1" status: 200 len: 418 time: 0.0049603
2026-06-23 19:53:04.631 10 INFO neutron.wsgi [None req-f1d1172b-d81a-481b-911c-8c3ded282bfb 84896020def24678b79799d5b3a12005 e608844f9e81499e834b8b4cf3c185a5 - - default default] 10.0.0.134 "GET /v2.0/extensions/standard-attr-tag HTTP/1.1" status: 200 len: 537 time: 0.0034554
2026-06-23 19:53:04.647 9 INFO neutron.wsgi [None req-cf154992-bfbb-4365-bcfa-ee60d121648c 84896020def24678b79799d5b3a12005 e608844f9e81499e834b8b4cf3c185a5 - - default default] 10.0.0.134 "GET /v2.0/extensions/standard-attr-timestamp HTTP/1.1" status: 200 len: 449 time: 0.0109906
2026-06-23 19:53:04.661 9 INFO neutron.wsgi [None req-10fa6ecb-c61c-4159-a259-3b1aedf8d2d5 84896020def24678b79799d5b3a12005 e608844f9e81499e834b8b4cf3c185a5 - - default default] 10.0.0.134 "GET /v2.0/extensions/trunk HTTP/1.1" status: 200 len: 358 time: 0.0049219
2026-06-23 19:53:04.668 9 WARNING neutron.scheduler.dhcp_agent_scheduler [None req-2141c227-bc6d-405c-978c-9bf1051decd9 eb719f18e46b49fc9d5db82bfbe2323f e5607060da334c6a8716338f586b401d - - default default] No more DHCP agents
2026-06-23 19:53:04.668 10 INFO neutron.wsgi [None req-15538583-1a8e-4a22-afee-2c9078763c52 84896020def24678b79799d5b3a12005 e608844f9e81499e834b8b4cf3c185a5 - - default default] 10.0.0.134 "GET /v2.0/extensions/trunk-details HTTP/1.1" status: 200 len: 362 time: 0.0042574
2026-06-23 19:53:04.672 9 WARNING neutron.api.rpc.agentnotifiers.dhcp_rpc_agent_api [None req-2141c227-bc6d-405c-978c-9bf1051decd9 eb719f18e46b49fc9d5db82bfbe2323f e5607060da334c6a8716338f586b401d - - default default] Unable to schedule network 8905a400-f998-4f2c-99ea-19a49859df08: no agents available; will retry on subsequent port and subnet creation events.
2026-06-23 19:53:04.680 9 INFO neutron.wsgi [None req-03176275-61b0-4ba4-ad48-f0536fc0f7bf 7ee0fe9050d0438eb603830000114f57 fb9fceaed71842e0a0e6fe65fee81027 - - default default] 10.0.0.134 "GET /v2.0/security-groups?not-tags-any=red%2Cblue HTTP/1.1" status: 200 len: 6041 time: 0.0764787
2026-06-23 19:53:04.803 9 INFO neutron.db.ovn_revision_numbers_db [None req-2141c227-bc6d-405c-978c-9bf1051decd9 eb719f18e46b49fc9d5db82bfbe2323f e5607060da334c6a8716338f586b401d - - default default] Successfully bumped revision number for resource 97b6e36b-4d5d-4e1d-a22c-886e93777233 (type: ports) to 1
2026-06-23 19:53:04.824 9 INFO neutron.wsgi [None req-2141c227-bc6d-405c-978c-9bf1051decd9 eb719f18e46b49fc9d5db82bfbe2323f e5607060da334c6a8716338f586b401d - - default default] 10.0.0.134 "POST /v2.0/ports HTTP/1.1" status: 201 len: 1162 time: 0.6259704
2026-06-23 19:53:04.885 10 WARNING neutron.plugins.ml2.drivers.ovn.mech_driver.ovsdb.ovn_client [None req-255234ed-5436-4377-84db-ace65d1cfd18 - - - - - -] No port found with ID b61786f6-d5c8-42b2-b667-6c36dfcdd7bf: RuntimeError: No port found with ID b61786f6-d5c8-42b2-b667-6c36dfcdd7bf
2026-06-23 19:53:04.917 10 INFO neutron.wsgi [None req-3f2428ed-d42c-4270-9d91-4e1a9b050567 7ee0fe9050d0438eb603830000114f57 fb9fceaed71842e0a0e6fe65fee81027 - - default default] 10.0.0.134 "DELETE /v2.0/security-groups/b24d2b9b-6de1-4caf-b6ce-2639943b920c HTTP/1.1" status: 204 len: 168 time: 0.2312624 /var/lib/openstack/lib/python3.10/site-packages/pycadf/identifier.py:71: UserWarning: Invalid uuid: neutron. To ensure interoperability, identifiers should be a valid uuid. warnings.warn(('Invalid uuid: %s. To ensure interoperability, '
2026-06-23 19:53:05.054 9 INFO neutron.wsgi [None req-8c4721e9-2828-4269-a0d4-b3ddcd406059 7ee0fe9050d0438eb603830000114f57 fb9fceaed71842e0a0e6fe65fee81027 - - default default] 10.0.0.134 "DELETE /v2.0/security-groups/ebdf3ff5-9d6d-4773-b864-295af447f40e HTTP/1.1" status: 204 len: 168 time: 0.1288767
2026-06-23 19:53:05.200 9 INFO neutron.wsgi [None req-11e04a24-01ba-4242-ad41-2f5a6b4191be 7ee0fe9050d0438eb603830000114f57 fb9fceaed71842e0a0e6fe65fee81027 - - default default] 10.0.0.134 "DELETE /v2.0/security-groups/a0a6f10e-d9e6-4904-b1d8-709e8fe36a92 HTTP/1.1" status: 204 len: 168 time: 0.1397250
2026-06-23 19:53:05.204 9 INFO neutron.plugins.ml2.drivers.ovn.mech_driver.mech_driver [None req-795fba2b-7bfd-4e92-b3fb-b4f3ec7fd546 - - - - - -] OVN reports status up for port: 3c4fc8b1-1e96-43cc-8492-b7392b8f7de6
2026-06-23 19:53:05.219 9 INFO neutron.plugins.ml2.plugin [None req-795fba2b-7bfd-4e92-b3fb-b4f3ec7fd546 - - - - - -] Attempt 1 to provision port 3c4fc8b1-1e96-43cc-8492-b7392b8f7de6
2026-06-23 19:53:05.349 9 INFO neutron.wsgi [None req-d600aa58-f092-408b-969d-ad394835387a 7ee0fe9050d0438eb603830000114f57 fb9fceaed71842e0a0e6fe65fee81027 - - default default] 10.0.0.134 "DELETE /v2.0/security-groups/36e9c050-89a3-416b-8547-7f304c311362 HTTP/1.1" status: 204 len: 168 time: 0.1424122
2026-06-23 19:53:05.466 10 INFO neutron.db.ovn_revision_numbers_db [None req-41e27e44-70fd-4084-956e-76178c61f119 8a5690b06ccc44d8b6b06d9898f63cc7 0c0eaa24cf93400bacd6742dedfae781 - - default default] Successfully bumped revision number for resource 3c4fc8b1-1e96-43cc-8492-b7392b8f7de6 (type: router_ports) to 1
2026-06-23 19:53:05.485 9 INFO neutron.db.ovn_revision_numbers_db [None req-a63eef0b-4b2f-4147-a545-d20818449eaf 6f22c35928494171891429412d0878a7 961d8885eda1406b87c01267346839e8 - - default default] Successfully bumped revision number for resource 726af3c9-80a1-4b9a-9e77-3eab7283be09 (type: security_groups) to 1
2026-06-23 19:53:05.490 9 INFO neutron.wsgi [None req-37131fcf-59f2-423f-8409-e3c495c6eee6 7ee0fe9050d0438eb603830000114f57 fb9fceaed71842e0a0e6fe65fee81027 - - default default] 10.0.0.134 "DELETE /v2.0/security-groups/de783937-8a73-487f-a4e2-538c7b5c08d7 HTTP/1.1" status: 204 len: 168 time: 0.1343234
2026-06-23 19:53:05.502 9 INFO neutron.db.ovn_revision_numbers_db [None req-a63eef0b-4b2f-4147-a545-d20818449eaf 6f22c35928494171891429412d0878a7 961d8885eda1406b87c01267346839e8 - - default default] Successfully bumped revision number for resource 35e210a2-70d6-442b-8abf-a2466301bf65 (type: security_group_rules) to 0
2026-06-23 19:53:05.515 9 INFO neutron.db.ovn_revision_numbers_db [None req-a63eef0b-4b2f-4147-a545-d20818449eaf 6f22c35928494171891429412d0878a7 961d8885eda1406b87c01267346839e8 - - default default] Successfully bumped revision number for resource 8a974a47-69fd-4d99-adf4-b4c5253a437c (type: security_group_rules) to 0
2026-06-23 19:53:05.534 9 INFO neutron.db.ovn_revision_numbers_db [None req-a63eef0b-4b2f-4147-a545-d20818449eaf 6f22c35928494171891429412d0878a7 961d8885eda1406b87c01267346839e8 - - default default] Successfully bumped revision number for resource 8d060c72-d652-4e47-959f-4b6b804aa2e1 (type: security_group_rules) to 0
2026-06-23 19:53:05.552 10 INFO neutron.plugins.ml2.drivers.ovn.mech_driver.mech_driver [None req-255234ed-5436-4377-84db-ace65d1cfd18 - - - - - -] OVN reports status up for port: 97b6e36b-4d5d-4e1d-a22c-886e93777233
2026-06-23 19:53:05.553 9 INFO neutron.db.ovn_revision_numbers_db [None req-a63eef0b-4b2f-4147-a545-d20818449eaf 6f22c35928494171891429412d0878a7 961d8885eda1406b87c01267346839e8 - - default default] Successfully bumped revision number for resource a8109182-3f17-4205-9948-3f87c44f3e3f (type: security_group_rules) to 0
2026-06-23 19:53:05.572 10 INFO neutron.plugins.ml2.plugin [None req-255234ed-5436-4377-84db-ace65d1cfd18 - - - - - -] Attempt 1 to provision port 97b6e36b-4d5d-4e1d-a22c-886e93777233
2026-06-23 19:53:05.576 9 INFO neutron.wsgi [None req-a63eef0b-4b2f-4147-a545-d20818449eaf 6f22c35928494171891429412d0878a7 961d8885eda1406b87c01267346839e8 - - default default] 10.0.0.134 "GET /v2.0/security-groups?tenant_id=e608844f9e81499e834b8b4cf3c185a5&name=default HTTP/1.1" status: 200 len: 2996 time: 0.3450229
2026-06-23 19:53:05.576 10 INFO neutron.db.ovn_revision_numbers_db [None req-41e27e44-70fd-4084-956e-76178c61f119 8a5690b06ccc44d8b6b06d9898f63cc7 0c0eaa24cf93400bacd6742dedfae781 - - default default] Successfully bumped revision number for resource 984b0194-0cbb-4736-9457-d49f8df45537 (type: routers) to 2
2026-06-23 19:53:05.597 10 INFO neutron.db.ovn_revision_numbers_db [None req-c184a269-6ceb-40d1-bfd1-5a8bd21d347f eb719f18e46b49fc9d5db82bfbe2323f e5607060da334c6a8716338f586b401d - - default default] Successfully bumped revision number for resource 97b6e36b-4d5d-4e1d-a22c-886e93777233 (type: router_ports) to 2
2026-06-23 19:53:05.603 10 INFO neutron.wsgi [None req-41e27e44-70fd-4084-956e-76178c61f119 8a5690b06ccc44d8b6b06d9898f63cc7 0c0eaa24cf93400bacd6742dedfae781 - - default default] 10.0.0.134 "POST /v2.0/routers HTTP/1.1" status: 201 len: 875 time: 2.2492354
2026-06-23 19:53:05.799 10 INFO neutron.db.ovn_revision_numbers_db [None req-c184a269-6ceb-40d1-bfd1-5a8bd21d347f eb719f18e46b49fc9d5db82bfbe2323f e5607060da334c6a8716338f586b401d - - default default] Successfully bumped revision number for resource 97b6e36b-4d5d-4e1d-a22c-886e93777233 (type: ports) to 2
2026-06-23 19:53:05.893 9 INFO neutron.wsgi [None req-97fb90ea-2a67-4eef-a0a0-57157f7a53a5 6f22c35928494171891429412d0878a7 961d8885eda1406b87c01267346839e8 - - default default] 10.0.0.134 "DELETE /v2.0/security-groups/726af3c9-80a1-4b9a-9e77-3eab7283be09 HTTP/1.1" status: 204 len: 168 time: 0.3128049
2026-06-23 19:53:06.008 10 INFO neutron.db.ovn_revision_numbers_db [None req-255234ed-5436-4377-84db-ace65d1cfd18 - - - - - -] Successfully bumped revision number for resource 97b6e36b-4d5d-4e1d-a22c-886e93777233 (type: ports) to 3
2026-06-23 19:53:06.149 10 INFO neutron.db.ovn_revision_numbers_db [None req-255234ed-5436-4377-84db-ace65d1cfd18 - - - - - -] Successfully bumped revision number for resource 97b6e36b-4d5d-4e1d-a22c-886e93777233 (type: router_ports) to 3
2026-06-23 19:53:06.229 9 WARNING neutron.scheduler.dhcp_agent_scheduler [None req-006bfab7-0191-4229-9ce7-d4cfba31f13f 8a5690b06ccc44d8b6b06d9898f63cc7 0c0eaa24cf93400bacd6742dedfae781 - - default default] No more DHCP agents
2026-06-23 19:53:06.231 9 WARNING neutron.api.rpc.agentnotifiers.dhcp_rpc_agent_api [None req-006bfab7-0191-4229-9ce7-d4cfba31f13f 8a5690b06ccc44d8b6b06d9898f63cc7 0c0eaa24cf93400bacd6742dedfae781 - - default default] Unable to schedule network 76272559-3f3b-4b2f-8788-32f68a5bd024: no agents available; will retry on subsequent port and subnet creation events.
2026-06-23 19:53:06.384 9 INFO neutron.db.ovn_revision_numbers_db [None req-006bfab7-0191-4229-9ce7-d4cfba31f13f 8a5690b06ccc44d8b6b06d9898f63cc7 0c0eaa24cf93400bacd6742dedfae781 - - default default] Successfully bumped revision number for resource a86cd8ca-b46e-4739-a66f-d524a889da69 (type: ports) to 1 /var/lib/openstack/lib/python3.10/site-packages/pycadf/identifier.py:71: UserWarning: Invalid uuid: neutron. To ensure interoperability, identifiers should be a valid uuid. warnings.warn(('Invalid uuid: %s. To ensure interoperability, '
2026-06-23 19:53:06.484 10 INFO neutron.wsgi [None req-0d6d9f44-cad6-4004-a8fd-3ddaa244e800 6f22c35928494171891429412d0878a7 961d8885eda1406b87c01267346839e8 - - default default] 10.0.0.134 "GET /v2.0/security-groups?tenant_id=fb9fceaed71842e0a0e6fe65fee81027&name=default HTTP/1.1" status: 200 len: 2996 time: 0.1868379
2026-06-23 19:53:06.486 10 INFO neutron.db.ovn_revision_numbers_db [None req-c184a269-6ceb-40d1-bfd1-5a8bd21d347f eb719f18e46b49fc9d5db82bfbe2323f e5607060da334c6a8716338f586b401d - - default default] Successfully bumped revision number for resource 97b6e36b-4d5d-4e1d-a22c-886e93777233 (type: ports) to 3
