2026-06-23 19:55:21.347 9 INFO neutron.wsgi [req-78d3a2ef-95c4-43e2-892f-84f074c15ebb req-5db47ef6-8902-48fc-bf6b-c9984ccf0547 39537b15b6f64acc8738842b08f06cb9 e2d8cef52b21446aa0a6796a1833aab2 - - 6eb6ce9b6118458484f4d70dda1ea4c6 6eb6ce9b6118458484f4d70dda1ea4c6] 199.204.45.3 "GET /v2.0/subnets?id=35365649-ff7b-45ce-b311-4cf5c1b333b7 HTTP/1.1" status: 200 len: 853 time: 0.0453036
2026-06-23 19:55:21.377 9 INFO neutron.wsgi [req-78d3a2ef-95c4-43e2-892f-84f074c15ebb req-a5c5e6aa-2f46-4fc9-809b-8ffe037a9dfd 39537b15b6f64acc8738842b08f06cb9 e2d8cef52b21446aa0a6796a1833aab2 - - 6eb6ce9b6118458484f4d70dda1ea4c6 6eb6ce9b6118458484f4d70dda1ea4c6] 199.204.45.3 "GET /v2.0/ports?network_id=462b6cb3-77d8-4915-a737-9df27e57c628&device_owner=network%3Adhcp HTTP/1.1" status: 200 len: 210 time: 0.0226798
2026-06-23 19:55:21.461 9 INFO neutron.wsgi [req-78d3a2ef-95c4-43e2-892f-84f074c15ebb req-983433dd-6695-4503-9658-fe84ca08e1b0 39537b15b6f64acc8738842b08f06cb9 e2d8cef52b21446aa0a6796a1833aab2 - - 6eb6ce9b6118458484f4d70dda1ea4c6 6eb6ce9b6118458484f4d70dda1ea4c6] 199.204.45.3 "GET /v2.0/networks/462b6cb3-77d8-4915-a737-9df27e57c628?fields=segments HTTP/1.1" status: 200 len: 212 time: 0.0760150
2026-06-23 19:55:21.527 9 INFO neutron.wsgi [req-78d3a2ef-95c4-43e2-892f-84f074c15ebb req-7cfcf47a-604e-4dbc-a23a-fc1d11489174 39537b15b6f64acc8738842b08f06cb9 e2d8cef52b21446aa0a6796a1833aab2 - - 6eb6ce9b6118458484f4d70dda1ea4c6 6eb6ce9b6118458484f4d70dda1ea4c6] 199.204.45.3 "GET /v2.0/networks/462b6cb3-77d8-4915-a737-9df27e57c628?fields=provider%3Aphysical_network&fields=provider%3Anetwork_type HTTP/1.1" status: 200 len: 277 time: 0.0581486
2026-06-23 19:55:25.943 10 INFO neutron.wsgi [req-a658b214-e02b-4ecf-9bc8-fe726ed1de09 req-186b7059-9e1b-437c-bcf9-803ac4c765b3 f2145ae66ae440a1b76b2598ee1cf878 f7d8c4147bc14cf2a7c7e5e7df542007 - - default default] 10.0.0.195 "GET /v2.0/ports?device_id=e2137227-39a1-4653-a50d-97f3b793cb7c HTTP/1.1" status: 200 len: 1396 time: 0.1078837
2026-06-23 19:55:25.984 10 INFO neutron.wsgi [req-a658b214-e02b-4ecf-9bc8-fe726ed1de09 req-66c523f6-12d7-4684-ac45-5c0fda5c5599 f2145ae66ae440a1b76b2598ee1cf878 f7d8c4147bc14cf2a7c7e5e7df542007 - - default default] 10.0.0.195 "GET /v2.0/security-groups?id=a7bb2092-fada-4cec-9962-29dbdd82ffa5&fields=id&fields=name HTTP/1.1" status: 200 len: 311 time: 0.0359983
2026-06-23 19:55:26.105 10 INFO neutron.wsgi [None req-f6ef9ff5-14ac-444b-a85c-20b203d37021 f2145ae66ae440a1b76b2598ee1cf878 f7d8c4147bc14cf2a7c7e5e7df542007 - - default default] 10.0.0.134 "GET /v2.0/ports?network_id=251e77ef-b7be-4bed-8a84-cac079d66797&mac_address=fa%3A16%3A3e%3A32%3Ae4%3Aba HTTP/1.1" status: 200 len: 1391 time: 0.0841968
2026-06-23 19:55:26.114 10 WARNING neutron_lib.context [None req-889b2843-c90a-464d-a83d-f54535c15400 f2145ae66ae440a1b76b2598ee1cf878 f7d8c4147bc14cf2a7c7e5e7df542007 - - default default] Method 'is_advsvc' is deprecated since 2023.2 release (neutron-lib 3.8.0) and will be removed once support for the old RBAC API policies will be removed from Neutron. Please use method 'is_service_role' instead.
2026-06-23 19:55:26.419 10 WARNING neutron.scheduler.dhcp_agent_scheduler [None req-889b2843-c90a-464d-a83d-f54535c15400 f2145ae66ae440a1b76b2598ee1cf878 f7d8c4147bc14cf2a7c7e5e7df542007 - - default default] No more DHCP agents
2026-06-23 19:55:26.421 10 WARNING neutron.api.rpc.agentnotifiers.dhcp_rpc_agent_api [None req-889b2843-c90a-464d-a83d-f54535c15400 f2145ae66ae440a1b76b2598ee1cf878 f7d8c4147bc14cf2a7c7e5e7df542007 - - default default] Unable to schedule network 5ba94b83-72f9-4064-9ccb-c40368783405: no agents available; will retry on subsequent port and subnet creation events.
2026-06-23 19:55:26.825 10 INFO neutron.db.l3_db [None req-889b2843-c90a-464d-a83d-f54535c15400 f2145ae66ae440a1b76b2598ee1cf878 f7d8c4147bc14cf2a7c7e5e7df542007 - - default default] Floating IP 89f23814-423d-4abf-963a-fa80493d1340 associated. External IP: 10.96.250.216, port: 1cbeca20-3f05-4919-80c8-5185cebf6360.
2026-06-23 19:55:27.092 10 INFO neutron.db.ovn_revision_numbers_db [None req-889b2843-c90a-464d-a83d-f54535c15400 f2145ae66ae440a1b76b2598ee1cf878 f7d8c4147bc14cf2a7c7e5e7df542007 - - default default] Successfully bumped revision number for resource 89f23814-423d-4abf-963a-fa80493d1340 (type: floatingips) to 0
2026-06-23 19:55:27.240 10 INFO neutron.db.ovn_revision_numbers_db [None req-889b2843-c90a-464d-a83d-f54535c15400 f2145ae66ae440a1b76b2598ee1cf878 f7d8c4147bc14cf2a7c7e5e7df542007 - - default default] Successfully bumped revision number for resource 89f23814-423d-4abf-963a-fa80493d1340 (type: floatingips) to 1
2026-06-23 19:55:27.281 10 INFO neutron.wsgi [None req-889b2843-c90a-464d-a83d-f54535c15400 f2145ae66ae440a1b76b2598ee1cf878 f7d8c4147bc14cf2a7c7e5e7df542007 - - default default] 10.0.0.134 "POST /v2.0/floatingips HTTP/1.1" status: 201 len: 1053 time: 1.1721680
2026-06-23 19:55:27.317 10 INFO neutron.notifiers.nova [-] Nova event matching ['req-6a1e853b-7f2a-4225-9502-47303b89056f'] response: {'name': 'network-changed', 'server_uuid': 'e2137227-39a1-4653-a50d-97f3b793cb7c', 'tag': '1cbeca20-3f05-4919-80c8-5185cebf6360', 'status': 'completed', 'code': 200} /var/lib/openstack/lib/python3.10/site-packages/pycadf/identifier.py:71: UserWarning: Invalid uuid: neutron. To ensure interoperability, identifiers should be a valid uuid. warnings.warn(('Invalid uuid: %s. To ensure interoperability, '
2026-06-23 19:55:27.389 9 INFO neutron.wsgi [req-431eda68-f6ff-4680-9c7a-8ac898cfcdd6 req-db1e471e-5aa1-4417-b707-779e261c6557 39537b15b6f64acc8738842b08f06cb9 e2d8cef52b21446aa0a6796a1833aab2 - - 6eb6ce9b6118458484f4d70dda1ea4c6 6eb6ce9b6118458484f4d70dda1ea4c6] 199.204.45.3 "GET /v2.0/ports?tenant_id=f7d8c4147bc14cf2a7c7e5e7df542007&device_id=e2137227-39a1-4653-a50d-97f3b793cb7c HTTP/1.1" status: 200 len: 1634 time: 0.0390840
2026-06-23 19:55:27.400 10 INFO neutron.wsgi [req-10719949-6a91-4c94-987c-ca083f24adde req-ddab9858-4207-4b51-97b3-58f1008a7eac f2145ae66ae440a1b76b2598ee1cf878 f7d8c4147bc14cf2a7c7e5e7df542007 - - default default] 10.0.0.195 "GET /v2.0/security-groups?name=tempest-lb_member_SG-1215260307&fields=id&tenant_id=f7d8c4147bc14cf2a7c7e5e7df542007 HTTP/1.1" status: 200 len: 267 time: 0.0464084
2026-06-23 19:55:27.460 9 INFO neutron.wsgi [req-431eda68-f6ff-4680-9c7a-8ac898cfcdd6 req-588b8297-e6e4-4a14-ace0-854b14def9c8 39537b15b6f64acc8738842b08f06cb9 e2d8cef52b21446aa0a6796a1833aab2 - - 6eb6ce9b6118458484f4d70dda1ea4c6 6eb6ce9b6118458484f4d70dda1ea4c6] 199.204.45.3 "GET /v2.0/networks?id=251e77ef-b7be-4bed-8a84-cac079d66797 HTTP/1.1" status: 200 len: 1002 time: 0.0597873
2026-06-23 19:55:27.478 10 INFO neutron.wsgi [req-10719949-6a91-4c94-987c-ca083f24adde req-6655b077-4801-4864-b011-68c42f6cba56 f2145ae66ae440a1b76b2598ee1cf878 f7d8c4147bc14cf2a7c7e5e7df542007 - - default default] 10.0.0.195 "GET /v2.0/networks?id=4b670e33-3ad6-4826-9be9-7552ece6b744 HTTP/1.1" status: 200 len: 903 time: 0.0708706
2026-06-23 19:55:27.497 10 INFO neutron.wsgi [req-10719949-6a91-4c94-987c-ca083f24adde req-d820f8da-1d0c-447f-96b9-cc79c34dd37f f2145ae66ae440a1b76b2598ee1cf878 f7d8c4147bc14cf2a7c7e5e7df542007 - - default default] 10.0.0.195 "GET /v2.0/quotas/f7d8c4147bc14cf2a7c7e5e7df542007 HTTP/1.1" status: 200 len: 386 time: 0.0130990
2026-06-23 19:55:27.516 9 INFO neutron.wsgi [req-431eda68-f6ff-4680-9c7a-8ac898cfcdd6 req-d034ed06-8814-40d3-ab39-6a41ccc06bc9 39537b15b6f64acc8738842b08f06cb9 e2d8cef52b21446aa0a6796a1833aab2 - - 6eb6ce9b6118458484f4d70dda1ea4c6 6eb6ce9b6118458484f4d70dda1ea4c6] 199.204.45.3 "GET /v2.0/floatingips?fixed_ip_address=10.2.1.66&port_id=1cbeca20-3f05-4919-80c8-5185cebf6360 HTTP/1.1" status: 200 len: 1058 time: 0.0500042
2026-06-23 19:55:27.551 9 INFO neutron.wsgi [req-431eda68-f6ff-4680-9c7a-8ac898cfcdd6 req-69a70084-181c-476c-9af9-713f9d89bd98 39537b15b6f64acc8738842b08f06cb9 e2d8cef52b21446aa0a6796a1833aab2 - - 6eb6ce9b6118458484f4d70dda1ea4c6 6eb6ce9b6118458484f4d70dda1ea4c6] 199.204.45.3 "GET /v2.0/floatingips?fixed_ip_address=fd7b%3Af9f7%3Afff%3A4eca%3A%3A2bd&port_id=1cbeca20-3f05-4919-80c8-5185cebf6360 HTTP/1.1" status: 200 len: 217 time: 0.0270586
2026-06-23 19:55:27.598 9 INFO neutron.wsgi [req-431eda68-f6ff-4680-9c7a-8ac898cfcdd6 req-3d88dd46-0bf6-477f-8b14-08532589ab83 39537b15b6f64acc8738842b08f06cb9 e2d8cef52b21446aa0a6796a1833aab2 - - 6eb6ce9b6118458484f4d70dda1ea4c6 6eb6ce9b6118458484f4d70dda1ea4c6] 199.204.45.3 "GET /v2.0/subnets?id=b3471c10-eac4-4c76-8643-a8473bfe2896&id=b58eeed8-298c-407e-b881-e048d03b44a4 HTTP/1.1" status: 200 len: 1562 time: 0.0404699
2026-06-23 19:55:27.631 9 INFO neutron.wsgi [req-431eda68-f6ff-4680-9c7a-8ac898cfcdd6 req-553f9ac9-720d-46f7-8a80-1b485295625b 39537b15b6f64acc8738842b08f06cb9 e2d8cef52b21446aa0a6796a1833aab2 - - 6eb6ce9b6118458484f4d70dda1ea4c6 6eb6ce9b6118458484f4d70dda1ea4c6] 199.204.45.3 "GET /v2.0/ports?network_id=251e77ef-b7be-4bed-8a84-cac079d66797&device_owner=network%3Adhcp HTTP/1.1" status: 200 len: 210 time: 0.0254157
2026-06-23 19:55:27.658 10 INFO neutron.wsgi [req-10719949-6a91-4c94-987c-ca083f24adde req-23ffd08b-eb78-46a4-96e0-2dcbf2410baf f2145ae66ae440a1b76b2598ee1cf878 f7d8c4147bc14cf2a7c7e5e7df542007 - - default default] 10.0.0.195 "GET /v2.0/ports?tenant_id=f7d8c4147bc14cf2a7c7e5e7df542007&fields=id HTTP/1.1" status: 200 len: 532 time: 0.1563110
2026-06-23 19:55:27.664 9 INFO neutron.wsgi [req-431eda68-f6ff-4680-9c7a-8ac898cfcdd6 req-2abbabc6-05d3-424e-ab62-35e737c48601 39537b15b6f64acc8738842b08f06cb9 e2d8cef52b21446aa0a6796a1833aab2 - - 6eb6ce9b6118458484f4d70dda1ea4c6 6eb6ce9b6118458484f4d70dda1ea4c6] 199.204.45.3 "GET /v2.0/ports?network_id=251e77ef-b7be-4bed-8a84-cac079d66797&device_owner=network%3Adhcp HTTP/1.1" status: 200 len: 210 time: 0.0244479
2026-06-23 19:55:27.726 10 INFO neutron.wsgi [req-10719949-6a91-4c94-987c-ca083f24adde req-998c6307-c702-4f5b-80be-9e01d751e8fe 39537b15b6f64acc8738842b08f06cb9 e2d8cef52b21446aa0a6796a1833aab2 - - 6eb6ce9b6118458484f4d70dda1ea4c6 6eb6ce9b6118458484f4d70dda1ea4c6] 10.0.0.195 "GET /v2.0/networks/4b670e33-3ad6-4826-9be9-7552ece6b744?fields=segments HTTP/1.1" status: 200 len: 212 time: 0.0566139
2026-06-23 19:55:27.744 9 INFO neutron.wsgi [req-431eda68-f6ff-4680-9c7a-8ac898cfcdd6 req-885cc1ae-8081-4d91-b13d-bab84cef2da3 39537b15b6f64acc8738842b08f06cb9 e2d8cef52b21446aa0a6796a1833aab2 - - 6eb6ce9b6118458484f4d70dda1ea4c6 6eb6ce9b6118458484f4d70dda1ea4c6] 199.204.45.3 "GET /v2.0/networks/251e77ef-b7be-4bed-8a84-cac079d66797?fields=segments HTTP/1.1" status: 200 len: 212 time: 0.0725319
2026-06-23 19:55:27.810 10 INFO neutron.wsgi [req-10719949-6a91-4c94-987c-ca083f24adde req-8f67bfb5-5ad1-4999-8cff-b94a0073dc9f 39537b15b6f64acc8738842b08f06cb9 e2d8cef52b21446aa0a6796a1833aab2 - - 6eb6ce9b6118458484f4d70dda1ea4c6 6eb6ce9b6118458484f4d70dda1ea4c6] 10.0.0.195 "GET /v2.0/networks/4b670e33-3ad6-4826-9be9-7552ece6b744?fields=provider%3Aphysical_network&fields=provider%3Anetwork_type HTTP/1.1" status: 200 len: 277 time: 0.0753765
2026-06-23 19:55:27.826 9 INFO neutron.wsgi [req-431eda68-f6ff-4680-9c7a-8ac898cfcdd6 req-92fd26b1-7f38-48d8-9a29-83ad9a390b13 39537b15b6f64acc8738842b08f06cb9 e2d8cef52b21446aa0a6796a1833aab2 - - 6eb6ce9b6118458484f4d70dda1ea4c6 6eb6ce9b6118458484f4d70dda1ea4c6] 199.204.45.3 "GET /v2.0/networks/251e77ef-b7be-4bed-8a84-cac079d66797?fields=provider%3Aphysical_network&fields=provider%3Anetwork_type HTTP/1.1" status: 200 len: 277 time: 0.0748692
2026-06-23 19:55:27.932 10 INFO neutron.wsgi [req-eaaf02d0-1f71-493b-b7ce-dc64ab4d1f0b req-91a246e2-4ed1-4935-95fd-63a605ad63fc f2145ae66ae440a1b76b2598ee1cf878 f7d8c4147bc14cf2a7c7e5e7df542007 - - default default] 10.0.0.195 "GET /v2.0/ports?device_id=54bcfa2f-595d-48da-aaeb-1214a9f539df HTTP/1.1" status: 200 len: 210 time: 0.0244377
2026-06-23 19:55:28.713 9 INFO neutron.wsgi [req-10719949-6a91-4c94-987c-ca083f24adde req-a4ad41a8-9e29-480d-85af-3a9e8e5b4b87 f2145ae66ae440a1b76b2598ee1cf878 f7d8c4147bc14cf2a7c7e5e7df542007 - - default default] 199.204.45.3 "GET /v2.0/networks?id=4b670e33-3ad6-4826-9be9-7552ece6b744 HTTP/1.1" status: 200 len: 903 time: 0.0872247
2026-06-23 19:55:28.771 9 INFO neutron.wsgi [req-10719949-6a91-4c94-987c-ca083f24adde req-dbfdd508-1652-45b4-8db3-bac40de8dc6b f2145ae66ae440a1b76b2598ee1cf878 f7d8c4147bc14cf2a7c7e5e7df542007 - - default default] 199.204.45.3 "GET /v2.0/security-groups?fields=id&fields=name&tenant_id=f7d8c4147bc14cf2a7c7e5e7df542007 HTTP/1.1" status: 200 len: 378 time: 0.0482876
2026-06-23 19:55:28.794 9 WARNING neutron_lib.context [req-10719949-6a91-4c94-987c-ca083f24adde req-14409091-8e99-45c5-a225-7ebeeb78e371 f2145ae66ae440a1b76b2598ee1cf878 f7d8c4147bc14cf2a7c7e5e7df542007 - - default default] Method 'is_advsvc' is deprecated since 2023.2 release (neutron-lib 3.8.0) and will be removed once support for the old RBAC API policies will be removed from Neutron. Please use method 'is_service_role' instead. /var/lib/openstack/lib/python3.10/site-packages/pycadf/identifier.py:71: UserWarning: Invalid uuid: neutron. To ensure interoperability, identifiers should be a valid uuid. warnings.warn(('Invalid uuid: %s. To ensure interoperability, '
2026-06-23 19:55:29.218 9 INFO neutron.wsgi [req-f4e75827-3432-4a96-b691-5a67f5d6ea0b req-0c7581ed-3a62-4901-8aec-ff366cd80023 39537b15b6f64acc8738842b08f06cb9 e2d8cef52b21446aa0a6796a1833aab2 - - 6eb6ce9b6118458484f4d70dda1ea4c6 6eb6ce9b6118458484f4d70dda1ea4c6] 10.0.0.76 "GET /v2.0/ports?device_id=aa3a59d2-2df0-49ec-b74f-cb96f60a6502 HTTP/1.1" status: 200 len: 1409 time: 0.0503533
2026-06-23 19:55:29.221 9 WARNING neutron.scheduler.dhcp_agent_scheduler [req-10719949-6a91-4c94-987c-ca083f24adde req-14409091-8e99-45c5-a225-7ebeeb78e371 f2145ae66ae440a1b76b2598ee1cf878 f7d8c4147bc14cf2a7c7e5e7df542007 - - default default] No more DHCP agents
2026-06-23 19:55:29.223 9 WARNING neutron.api.rpc.agentnotifiers.dhcp_rpc_agent_api [req-10719949-6a91-4c94-987c-ca083f24adde req-14409091-8e99-45c5-a225-7ebeeb78e371 f2145ae66ae440a1b76b2598ee1cf878 f7d8c4147bc14cf2a7c7e5e7df542007 - - default default] Unable to schedule network 4b670e33-3ad6-4826-9be9-7552ece6b744: no agents available; will retry on subsequent port and subnet creation events. /var/lib/openstack/lib/python3.10/site-packages/pycadf/identifier.py:71: UserWarning: Invalid uuid: neutron. To ensure interoperability, identifiers should be a valid uuid. warnings.warn(('Invalid uuid: %s. To ensure interoperability, '
2026-06-23 19:55:29.280 9 INFO neutron.wsgi [req-f4e75827-3432-4a96-b691-5a67f5d6ea0b req-895d82ee-460e-4a04-b404-c666f4090357 39537b15b6f64acc8738842b08f06cb9 e2d8cef52b21446aa0a6796a1833aab2 - - 6eb6ce9b6118458484f4d70dda1ea4c6 6eb6ce9b6118458484f4d70dda1ea4c6] 10.0.0.76 "GET /v2.0/security-groups?id=894dc2ec-f910-4cf7-80c3-438e50531505&fields=id&fields=name HTTP/1.1" status: 200 len: 313 time: 0.0549548
2026-06-23 19:55:29.408 9 INFO neutron.db.ovn_revision_numbers_db [req-10719949-6a91-4c94-987c-ca083f24adde req-14409091-8e99-45c5-a225-7ebeeb78e371 f2145ae66ae440a1b76b2598ee1cf878 f7d8c4147bc14cf2a7c7e5e7df542007 - - default default] Successfully bumped revision number for resource bb340da5-9567-45ca-9213-171e3d097d57 (type: ports) to 1
2026-06-23 19:55:29.434 9 INFO neutron.wsgi [req-10719949-6a91-4c94-987c-ca083f24adde req-14409091-8e99-45c5-a225-7ebeeb78e371 f2145ae66ae440a1b76b2598ee1cf878 f7d8c4147bc14cf2a7c7e5e7df542007 - - default default] 199.204.45.3 "POST /v2.0/ports HTTP/1.1" status: 201 len: 1392 time: 0.6481359
2026-06-23 19:55:29.865 9 INFO neutron.db.ovn_revision_numbers_db [req-10719949-6a91-4c94-987c-ca083f24adde req-a440a02f-1a3d-45c4-a592-80d34dae89ef 39537b15b6f64acc8738842b08f06cb9 e2d8cef52b21446aa0a6796a1833aab2 - - 6eb6ce9b6118458484f4d70dda1ea4c6 6eb6ce9b6118458484f4d70dda1ea4c6] Successfully bumped revision number for resource bb340da5-9567-45ca-9213-171e3d097d57 (type: ports) to 2
2026-06-23 19:55:30.118 9 INFO neutron.db.ovn_revision_numbers_db [req-10719949-6a91-4c94-987c-ca083f24adde req-a440a02f-1a3d-45c4-a592-80d34dae89ef 39537b15b6f64acc8738842b08f06cb9 e2d8cef52b21446aa0a6796a1833aab2 - - 6eb6ce9b6118458484f4d70dda1ea4c6 6eb6ce9b6118458484f4d70dda1ea4c6] Successfully bumped revision number for resource bb340da5-9567-45ca-9213-171e3d097d57 (type: ports) to 2
2026-06-23 19:55:30.138 9 INFO neutron.wsgi [req-10719949-6a91-4c94-987c-ca083f24adde req-a440a02f-1a3d-45c4-a592-80d34dae89ef 39537b15b6f64acc8738842b08f06cb9 e2d8cef52b21446aa0a6796a1833aab2 - - 6eb6ce9b6118458484f4d70dda1ea4c6 6eb6ce9b6118458484f4d70dda1ea4c6] 199.204.45.3 "PUT /v2.0/ports/bb340da5-9567-45ca-9213-171e3d097d57 HTTP/1.1" status: 200 len: 1609 time: 0.6946349
2026-06-23 19:55:30.177 9 INFO neutron.notifiers.nova [-] Nova event matching ['req-b63f4dc0-7347-4e86-b53c-99e185b7845a'] response: {'name': 'network-changed', 'server_uuid': '54bcfa2f-595d-48da-aaeb-1214a9f539df', 'tag': 'bb340da5-9567-45ca-9213-171e3d097d57', 'status': 'completed', 'code': 200} /var/lib/openstack/lib/python3.10/site-packages/pycadf/identifier.py:71: UserWarning: Invalid uuid: neutron. To ensure interoperability, identifiers should be a valid uuid. warnings.warn(('Invalid uuid: %s. To ensure interoperability, '
2026-06-23 19:55:30.215 9 INFO neutron.wsgi [req-10719949-6a91-4c94-987c-ca083f24adde req-44ab8863-385c-4023-a854-30e9b51e5586 39537b15b6f64acc8738842b08f06cb9 e2d8cef52b21446aa0a6796a1833aab2 - - 6eb6ce9b6118458484f4d70dda1ea4c6 6eb6ce9b6118458484f4d70dda1ea4c6] 199.204.45.3 "GET /v2.0/ports?tenant_id=f7d8c4147bc14cf2a7c7e5e7df542007&device_id=54bcfa2f-595d-48da-aaeb-1214a9f539df HTTP/1.1" status: 200 len: 1640 time: 0.0364783
2026-06-23 19:55:30.243 9 INFO neutron.wsgi [req-10719949-6a91-4c94-987c-ca083f24adde req-38fd795a-9bfb-4e4d-981b-6ec920efd6eb 39537b15b6f64acc8738842b08f06cb9 e2d8cef52b21446aa0a6796a1833aab2 - - 6eb6ce9b6118458484f4d70dda1ea4c6 6eb6ce9b6118458484f4d70dda1ea4c6] 199.204.45.3 "GET /v2.0/floatingips?fixed_ip_address=10.2.2.215&port_id=bb340da5-9567-45ca-9213-171e3d097d57 HTTP/1.1" status: 200 len: 217 time: 0.0210006
2026-06-23 19:55:30.275 9 INFO neutron.wsgi [req-10719949-6a91-4c94-987c-ca083f24adde req-c29e6b26-dc47-4057-926b-0d2421aa7235 39537b15b6f64acc8738842b08f06cb9 e2d8cef52b21446aa0a6796a1833aab2 - - 6eb6ce9b6118458484f4d70dda1ea4c6 6eb6ce9b6118458484f4d70dda1ea4c6] 199.204.45.3 "GET /v2.0/floatingips?fixed_ip_address=fd77%3A1457%3A4cf0%3A26a8%3A%3A1d4&port_id=bb340da5-9567-45ca-9213-171e3d097d57 HTTP/1.1" status: 200 len: 217 time: 0.0228415
2026-06-23 19:55:30.317 9 INFO neutron.wsgi [req-10719949-6a91-4c94-987c-ca083f24adde req-7a328e8d-4b23-4b85-8b7e-979f165c621d 39537b15b6f64acc8738842b08f06cb9 e2d8cef52b21446aa0a6796a1833aab2 - - 6eb6ce9b6118458484f4d70dda1ea4c6 6eb6ce9b6118458484f4d70dda1ea4c6] 199.204.45.3 "GET /v2.0/subnets?id=20ff5e2f-bebe-4aa5-8dd0-b98839e946bf&id=ef7ac88e-3de6-41c3-a518-2bf75bf1880a HTTP/1.1" status: 200 len: 1565 time: 0.0350931
2026-06-23 19:55:30.349 9 INFO neutron.wsgi [req-10719949-6a91-4c94-987c-ca083f24adde req-654b7c3e-5820-4bb2-8090-0d2e2e76a442 39537b15b6f64acc8738842b08f06cb9 e2d8cef52b21446aa0a6796a1833aab2 - - 6eb6ce9b6118458484f4d70dda1ea4c6 6eb6ce9b6118458484f4d70dda1ea4c6] 199.204.45.3 "GET /v2.0/ports?network_id=4b670e33-3ad6-4826-9be9-7552ece6b744&device_owner=network%3Adhcp HTTP/1.1" status: 200 len: 210 time: 0.0266085
2026-06-23 19:55:30.378 9 INFO neutron.wsgi [req-10719949-6a91-4c94-987c-ca083f24adde req-05c4d54e-dadd-4077-bf1f-db2c67be5591 39537b15b6f64acc8738842b08f06cb9 e2d8cef52b21446aa0a6796a1833aab2 - - 6eb6ce9b6118458484f4d70dda1ea4c6 6eb6ce9b6118458484f4d70dda1ea4c6] 199.204.45.3 "GET /v2.0/ports?network_id=4b670e33-3ad6-4826-9be9-7552ece6b744&device_owner=network%3Adhcp HTTP/1.1" status: 200 len: 210 time: 0.0220518
2026-06-23 19:55:30.453 9 INFO neutron.wsgi [req-10719949-6a91-4c94-987c-ca083f24adde req-1f42762a-4cd1-40e7-a934-f1614aca9aa0 39537b15b6f64acc8738842b08f06cb9 e2d8cef52b21446aa0a6796a1833aab2 - - 6eb6ce9b6118458484f4d70dda1ea4c6 6eb6ce9b6118458484f4d70dda1ea4c6] 199.204.45.3 "GET /v2.0/networks/4b670e33-3ad6-4826-9be9-7552ece6b744?fields=segments HTTP/1.1" status: 200 len: 212 time: 0.0664499
2026-06-23 19:55:30.458 10 INFO neutron.wsgi [-] 10.0.0.202 "GET / HTTP/1.1" status: 200 len: 247 time: 0.0025177
2026-06-23 19:55:30.461 10 INFO neutron.wsgi [-] 10.0.0.202 "GET / HTTP/1.1" status: 200 len: 247 time: 0.0019851
2026-06-23 19:55:30.513 9 INFO neutron.wsgi [req-10719949-6a91-4c94-987c-ca083f24adde req-f13630c3-33bd-47de-b5a5-fb6a22f19745 39537b15b6f64acc8738842b08f06cb9 e2d8cef52b21446aa0a6796a1833aab2 - - 6eb6ce9b6118458484f4d70dda1ea4c6 6eb6ce9b6118458484f4d70dda1ea4c6] 199.204.45.3 "GET /v2.0/networks/4b670e33-3ad6-4826-9be9-7552ece6b744?fields=provider%3Aphysical_network&fields=provider%3Anetwork_type HTTP/1.1" status: 200 len: 277 time: 0.0509410
2026-06-23 19:55:30.593 9 INFO neutron.wsgi [req-fa456d75-282b-405d-8439-ff7913d1eddc req-ef2b6ecb-6fa1-4c01-b985-5f5887da64c4 39537b15b6f64acc8738842b08f06cb9 e2d8cef52b21446aa0a6796a1833aab2 - - 6eb6ce9b6118458484f4d70dda1ea4c6 6eb6ce9b6118458484f4d70dda1ea4c6] 199.204.45.3 "GET /v2.0/ports?tenant_id=f7d8c4147bc14cf2a7c7e5e7df542007&device_id=54bcfa2f-595d-48da-aaeb-1214a9f539df HTTP/1.1" status: 200 len: 1640 time: 0.0408659
2026-06-23 19:55:30.668 9 INFO neutron.wsgi [req-fa456d75-282b-405d-8439-ff7913d1eddc req-4640e8c7-9df2-4dd8-8f98-53d05ccec302 39537b15b6f64acc8738842b08f06cb9 e2d8cef52b21446aa0a6796a1833aab2 - - 6eb6ce9b6118458484f4d70dda1ea4c6 6eb6ce9b6118458484f4d70dda1ea4c6] 199.204.45.3 "GET /v2.0/networks?id=4b670e33-3ad6-4826-9be9-7552ece6b744 HTTP/1.1" status: 200 len: 1002 time: 0.0688150
2026-06-23 19:55:30.706 9 INFO neutron.wsgi [req-fa456d75-282b-405d-8439-ff7913d1eddc req-68c3af29-7156-44de-b9f4-76119cd9e046 39537b15b6f64acc8738842b08f06cb9 e2d8cef52b21446aa0a6796a1833aab2 - - 6eb6ce9b6118458484f4d70dda1ea4c6 6eb6ce9b6118458484f4d70dda1ea4c6] 199.204.45.3 "GET /v2.0/floatingips?fixed_ip_address=10.2.2.215&port_id=bb340da5-9567-45ca-9213-171e3d097d57 HTTP/1.1" status: 200 len: 217 time: 0.0304487
2026-06-23 19:55:30.711 9 INFO neutron.plugins.ml2.drivers.ovn.mech_driver.mech_driver [None req-795fba2b-7bfd-4e92-b3fb-b4f3ec7fd546 - - - - - -] OVN reports status up for port: bb340da5-9567-45ca-9213-171e3d097d57
2026-06-23 19:55:30.737 9 INFO neutron.wsgi [req-fa456d75-282b-405d-8439-ff7913d1eddc req-3c7fde3a-ff31-4020-b6e9-0010257e2ed1 39537b15b6f64acc8738842b08f06cb9 e2d8cef52b21446aa0a6796a1833aab2 - - 6eb6ce9b6118458484f4d70dda1ea4c6 6eb6ce9b6118458484f4d70dda1ea4c6] 199.204.45.3 "GET /v2.0/floatingips?fixed_ip_address=fd77%3A1457%3A4cf0%3A26a8%3A%3A1d4&port_id=bb340da5-9567-45ca-9213-171e3d097d57 HTTP/1.1" status: 200 len: 217 time: 0.0226152
2026-06-23 19:55:30.741 9 INFO neutron.plugins.ml2.plugin [None req-795fba2b-7bfd-4e92-b3fb-b4f3ec7fd546 - - - - - -] Attempt 1 to provision port bb340da5-9567-45ca-9213-171e3d097d57
2026-06-23 19:55:30.788 9 INFO neutron.wsgi [req-fa456d75-282b-405d-8439-ff7913d1eddc req-028aa932-b60b-4405-b972-c4aef62e15d9 39537b15b6f64acc8738842b08f06cb9 e2d8cef52b21446aa0a6796a1833aab2 - - 6eb6ce9b6118458484f4d70dda1ea4c6 6eb6ce9b6118458484f4d70dda1ea4c6] 199.204.45.3 "GET /v2.0/subnets?id=20ff5e2f-bebe-4aa5-8dd0-b98839e946bf&id=ef7ac88e-3de6-41c3-a518-2bf75bf1880a HTTP/1.1" status: 200 len: 1565 time: 0.0437052
2026-06-23 19:55:30.816 9 INFO neutron.wsgi [req-fa456d75-282b-405d-8439-ff7913d1eddc req-9a41bab2-5ce6-428d-9edb-08391eaf362b 39537b15b6f64acc8738842b08f06cb9 e2d8cef52b21446aa0a6796a1833aab2 - - 6eb6ce9b6118458484f4d70dda1ea4c6 6eb6ce9b6118458484f4d70dda1ea4c6] 199.204.45.3 "GET /v2.0/ports?network_id=4b670e33-3ad6-4826-9be9-7552ece6b744&device_owner=network%3Adhcp HTTP/1.1" status: 200 len: 210 time: 0.0193701
2026-06-23 19:55:30.844 9 INFO neutron.wsgi [req-fa456d75-282b-405d-8439-ff7913d1eddc req-63eb26de-fde0-42d5-8dfb-d226dc1b8648 39537b15b6f64acc8738842b08f06cb9 e2d8cef52b21446aa0a6796a1833aab2 - - 6eb6ce9b6118458484f4d70dda1ea4c6 6eb6ce9b6118458484f4d70dda1ea4c6] 199.204.45.3 "GET /v2.0/ports?network_id=4b670e33-3ad6-4826-9be9-7552ece6b744&device_owner=network%3Adhcp HTTP/1.1" status: 200 len: 210 time: 0.0199687
2026-06-23 19:55:31.409 9 INFO neutron.wsgi [req-fa456d75-282b-405d-8439-ff7913d1eddc req-c61e1778-e2ae-4a41-a45b-17bda59b652a 39537b15b6f64acc8738842b08f06cb9 e2d8cef52b21446aa0a6796a1833aab2 - - 6eb6ce9b6118458484f4d70dda1ea4c6 6eb6ce9b6118458484f4d70dda1ea4c6] 199.204.45.3 "GET /v2.0/networks/4b670e33-3ad6-4826-9be9-7552ece6b744?fields=segments HTTP/1.1" status: 200 len: 212 time: 0.5598190
2026-06-23 19:55:31.499 9 INFO neutron.wsgi [req-fa456d75-282b-405d-8439-ff7913d1eddc req-7af1c028-881d-4e6f-8421-1e3d400dfa87 39537b15b6f64acc8738842b08f06cb9 e2d8cef52b21446aa0a6796a1833aab2 - - 6eb6ce9b6118458484f4d70dda1ea4c6 6eb6ce9b6118458484f4d70dda1ea4c6] 199.204.45.3 "GET /v2.0/networks/4b670e33-3ad6-4826-9be9-7552ece6b744?fields=provider%3Aphysical_network&fields=provider%3Anetwork_type HTTP/1.1" status: 200 len: 277 time: 0.0738561
2026-06-23 19:55:31.600 9 INFO neutron.db.ovn_revision_numbers_db [None req-795fba2b-7bfd-4e92-b3fb-b4f3ec7fd546 - - - - - -] Successfully bumped revision number for resource bb340da5-9567-45ca-9213-171e3d097d57 (type: ports) to 4
2026-06-23 19:55:31.750 9 INFO neutron.plugins.ml2.drivers.ovn.mech_driver.mech_driver [None req-795fba2b-7bfd-4e92-b3fb-b4f3ec7fd546 - - - - - -] OVN reports status down for port: e3995964-b5e1-4d08-bd34-37fc38d5ef36 /var/lib/openstack/lib/python3.10/site-packages/pycadf/identifier.py:71: UserWarning: Invalid uuid: neutron. To ensure interoperability, identifiers should be a valid uuid. warnings.warn(('Invalid uuid: %s. To ensure interoperability, '
2026-06-23 19:55:32.057 10 INFO neutron.wsgi [req-6613b3f3-8c1a-4916-9671-07a35b3d47ed req-b680cdb8-3f3f-430f-ae0f-7d5b4e008e2c d5dc867f4d1b4a48b4a2e5915daa8ced 52cf06367fc941799821e1f6516327aa - - default default] 10.0.0.195 "GET /v2.0/ports?device_id=aa3a59d2-2df0-49ec-b74f-cb96f60a6502 HTTP/1.1" status: 200 len: 1170 time: 0.3729613
2026-06-23 19:55:32.105 10 INFO neutron.wsgi [req-6613b3f3-8c1a-4916-9671-07a35b3d47ed req-516f28e3-df21-4f01-9827-81a1f5fdd9e1 d5dc867f4d1b4a48b4a2e5915daa8ced 52cf06367fc941799821e1f6516327aa - - default default] 10.0.0.195 "GET /v2.0/security-groups?id=894dc2ec-f910-4cf7-80c3-438e50531505&fields=id&fields=name HTTP/1.1" status: 200 len: 313 time: 0.0423400
2026-06-23 19:55:32.128 9 INFO neutron.db.ovn_revision_numbers_db [None req-795fba2b-7bfd-4e92-b3fb-b4f3ec7fd546 - - - - - -] Successfully bumped revision number for resource e3995964-b5e1-4d08-bd34-37fc38d5ef36 (type: ports) to 5
2026-06-23 19:55:32.154 9 INFO neutron.wsgi [req-978eefd8-ef19-40ca-916f-5ed627ea9a62 req-7347bac5-6227-4a4c-bcd5-ba5e8e9d5867 d5dc867f4d1b4a48b4a2e5915daa8ced 52cf06367fc941799821e1f6516327aa - - default default] 199.204.45.3 "GET /v2.0/ports?device_id=aa3a59d2-2df0-49ec-b74f-cb96f60a6502 HTTP/1.1" status: 200 len: 1168 time: 0.1610560
2026-06-23 19:55:32.234 9 INFO neutron.notifiers.nova [-] Nova event matching ['req-0962a2c4-e7fd-4cae-a984-52a0230b9143'] response: {'server_uuid': '54bcfa2f-595d-48da-aaeb-1214a9f539df', 'name': 'network-vif-plugged', 'status': 'completed', 'tag': 'bb340da5-9567-45ca-9213-171e3d097d57', 'code': 200}
2026-06-23 19:55:32.234 9 INFO neutron.notifiers.nova [-] Nova event matching ['req-0962a2c4-e7fd-4cae-a984-52a0230b9143'] response: {'server_uuid': '54bcfa2f-595d-48da-aaeb-1214a9f539df', 'name': 'network-vif-plugged', 'status': 'completed', 'tag': 'bb340da5-9567-45ca-9213-171e3d097d57', 'code': 200}
2026-06-23 19:55:32.234 9 INFO neutron.notifiers.nova [-] Nova event matching ['req-0962a2c4-e7fd-4cae-a984-52a0230b9143'] response: {'server_uuid': 'aa3a59d2-2df0-49ec-b74f-cb96f60a6502', 'name': 'network-vif-unplugged', 'status': 'completed', 'tag': 'e3995964-b5e1-4d08-bd34-37fc38d5ef36', 'code': 200}
2026-06-23 19:55:32.235 9 INFO neutron.notifiers.nova [-] Nova event matching ['req-0962a2c4-e7fd-4cae-a984-52a0230b9143'] response: {'server_uuid': 'aa3a59d2-2df0-49ec-b74f-cb96f60a6502', 'name': 'network-vif-plugged', 'status': 'completed', 'tag': 'e3995964-b5e1-4d08-bd34-37fc38d5ef36', 'code': 200}
2026-06-23 19:55:32.519 9 INFO neutron.db.l3_db [req-978eefd8-ef19-40ca-916f-5ed627ea9a62 req-c24b9a02-0ac2-487d-88dd-6228c3da039e d5dc867f4d1b4a48b4a2e5915daa8ced 52cf06367fc941799821e1f6516327aa - - default default] Floating IP 41df047b-ce23-4206-ab34-bdd356fa8c18 disassociated. External IP: 10.96.250.214, port: e3995964-b5e1-4d08-bd34-37fc38d5ef36.
2026-06-23 19:55:32.756 9 INFO neutron.wsgi [req-978eefd8-ef19-40ca-916f-5ed627ea9a62 req-c24b9a02-0ac2-487d-88dd-6228c3da039e d5dc867f4d1b4a48b4a2e5915daa8ced 52cf06367fc941799821e1f6516327aa - - default default] 199.204.45.3 "DELETE /v2.0/ports/e3995964-b5e1-4d08-bd34-37fc38d5ef36 HTTP/1.1" status: 204 len: 173 time: 0.5915816
2026-06-23 19:55:33.155 10 INFO neutron.wsgi [req-558e2d61-2d3e-4ecb-9510-44d72f707879 req-92a960c8-c5d5-4c0d-9637-56b4ec995ff8 f2145ae66ae440a1b76b2598ee1cf878 f7d8c4147bc14cf2a7c7e5e7df542007 - - default default] 10.0.0.195 "GET /v2.0/ports?device_id=54bcfa2f-595d-48da-aaeb-1214a9f539df HTTP/1.1" status: 200 len: 1404 time: 0.1438379 /var/lib/openstack/lib/python3.10/site-packages/pycadf/identifier.py:71: UserWarning: Invalid uuid: neutron. To ensure interoperability, identifiers should be a valid uuid. warnings.warn(('Invalid uuid: %s. To ensure interoperability, '
2026-06-23 19:55:33.212 10 INFO neutron.wsgi [req-558e2d61-2d3e-4ecb-9510-44d72f707879 req-d258495e-3d6c-45c7-ae4a-79673b923abe f2145ae66ae440a1b76b2598ee1cf878 f7d8c4147bc14cf2a7c7e5e7df542007 - - default default] 10.0.0.195 "GET /v2.0/security-groups?id=a7bb2092-fada-4cec-9962-29dbdd82ffa5&fields=id&fields=name HTTP/1.1" status: 200 len: 311 time: 0.0465260
2026-06-23 19:55:33.230 9 INFO neutron.wsgi [req-9c5fa3b8-369a-4b9e-9f3c-439b47139a76 req-2e61d866-7d5d-4619-9af2-9283550db958 39537b15b6f64acc8738842b08f06cb9 e2d8cef52b21446aa0a6796a1833aab2 - - 6eb6ce9b6118458484f4d70dda1ea4c6 6eb6ce9b6118458484f4d70dda1ea4c6] 10.0.0.76 "GET /v2.0/ports?device_id=e2137227-39a1-4653-a50d-97f3b793cb7c HTTP/1.1" status: 200 len: 1634 time: 0.0609219
2026-06-23 19:55:33.242 10 INFO neutron.wsgi [req-3159bc45-a22f-4349-b230-b6f5289cd406 req-5e46f85f-f873-4081-8d43-8e14aac3e372 d5dc867f4d1b4a48b4a2e5915daa8ced 52cf06367fc941799821e1f6516327aa - - default default] 10.0.0.195 "GET /v2.0/ports?device_id=aa3a59d2-2df0-49ec-b74f-cb96f60a6502 HTTP/1.1" status: 200 len: 210 time: 0.0262814
2026-06-23 19:55:33.271 10 INFO neutron.wsgi [None req-7f40e43b-0f38-4c1f-a9a8-bef6ab8f815c f2145ae66ae440a1b76b2598ee1cf878 f7d8c4147bc14cf2a7c7e5e7df542007 - - default default] 10.0.0.134 "GET /v2.0/ports?network_id=4b670e33-3ad6-4826-9be9-7552ece6b744&mac_address=fa%3A16%3A3e%3A53%3A6a%3A69 HTTP/1.1" status: 200 len: 1399 time: 0.0360208
2026-06-23 19:55:33.280 9 INFO neutron.wsgi [req-9c5fa3b8-369a-4b9e-9f3c-439b47139a76 req-45e20230-1244-4887-a065-8f7234560bc0 39537b15b6f64acc8738842b08f06cb9 e2d8cef52b21446aa0a6796a1833aab2 - - 6eb6ce9b6118458484f4d70dda1ea4c6 6eb6ce9b6118458484f4d70dda1ea4c6] 10.0.0.76 "GET /v2.0/security-groups?id=a7bb2092-fada-4cec-9962-29dbdd82ffa5&fields=id&fields=name HTTP/1.1" status: 200 len: 311 time: 0.0405254
2026-06-23 19:55:33.288 9 WARNING neutron_lib.context [None req-7596ece9-f0f4-4451-bcdf-00472a9bdb26 f2145ae66ae440a1b76b2598ee1cf878 f7d8c4147bc14cf2a7c7e5e7df542007 - - default default] Method 'is_advsvc' is deprecated since 2023.2 release (neutron-lib 3.8.0) and will be removed once support for the old RBAC API policies will be removed from Neutron. Please use method 'is_service_role' instead.
2026-06-23 19:55:33.618 9 WARNING neutron.scheduler.dhcp_agent_scheduler [None req-7596ece9-f0f4-4451-bcdf-00472a9bdb26 f2145ae66ae440a1b76b2598ee1cf878 f7d8c4147bc14cf2a7c7e5e7df542007 - - default default] No more DHCP agents
2026-06-23 19:55:33.620 9 WARNING neutron.api.rpc.agentnotifiers.dhcp_rpc_agent_api [None req-7596ece9-f0f4-4451-bcdf-00472a9bdb26 f2145ae66ae440a1b76b2598ee1cf878 f7d8c4147bc14cf2a7c7e5e7df542007 - - default default] Unable to schedule network 5ba94b83-72f9-4064-9ccb-c40368783405: no agents available; will retry on subsequent port and subnet creation events.
2026-06-23 19:55:34.020 9 INFO neutron.db.l3_db [None req-7596ece9-f0f4-4451-bcdf-00472a9bdb26 f2145ae66ae440a1b76b2598ee1cf878 f7d8c4147bc14cf2a7c7e5e7df542007 - - default default] Floating IP 38b1935d-77f8-4fac-b3d8-37941a94e370 associated. External IP: 10.96.250.207, port: bb340da5-9567-45ca-9213-171e3d097d57.
2026-06-23 19:55:34.424 9 INFO neutron.notifiers.nova [-] Nova event matching ['req-88b700e2-013f-44e6-a76c-776ce1ae7b56'] response: {'server_uuid': 'aa3a59d2-2df0-49ec-b74f-cb96f60a6502', 'name': 'network-vif-deleted', 'tag': 'e3995964-b5e1-4d08-bd34-37fc38d5ef36', 'status': 'completed', 'code': 200}
2026-06-23 19:55:34.485 9 INFO neutron.db.ovn_revision_numbers_db [None req-7596ece9-f0f4-4451-bcdf-00472a9bdb26 f2145ae66ae440a1b76b2598ee1cf878 f7d8c4147bc14cf2a7c7e5e7df542007 - - default default] Successfully bumped revision number for resource 38b1935d-77f8-4fac-b3d8-37941a94e370 (type: floatingips) to 0
2026-06-23 19:55:34.487 10 INFO neutron.wsgi [None req-94387d28-23aa-4a94-a5e0-ab20bbf53a75 d5dc867f4d1b4a48b4a2e5915daa8ced 52cf06367fc941799821e1f6516327aa - - default default] 10.0.0.134 "DELETE /v2.0/security-groups/894dc2ec-f910-4cf7-80c3-438e50531505 HTTP/1.1" status: 204 len: 168 time: 0.1895053 /var/lib/openstack/lib/python3.10/site-packages/pycadf/identifier.py:71: UserWarning: Invalid uuid: neutron. To ensure interoperability, identifiers should be a valid uuid. warnings.warn(('Invalid uuid: %s. To ensure interoperability, '
2026-06-23 19:55:34.606 9 INFO neutron.db.ovn_revision_numbers_db [None req-7596ece9-f0f4-4451-bcdf-00472a9bdb26 f2145ae66ae440a1b76b2598ee1cf878 f7d8c4147bc14cf2a7c7e5e7df542007 - - default default] Successfully bumped revision number for resource 38b1935d-77f8-4fac-b3d8-37941a94e370 (type: floatingips) to 1
2026-06-23 19:55:34.640 9 INFO neutron.wsgi [None req-7596ece9-f0f4-4451-bcdf-00472a9bdb26 f2145ae66ae440a1b76b2598ee1cf878 f7d8c4147bc14cf2a7c7e5e7df542007 - - default default] 10.0.0.134 "POST /v2.0/floatingips HTTP/1.1" status: 201 len: 1054 time: 1.3570092
2026-06-23 19:55:34.892 10 INFO neutron.wsgi [None req-0802f066-8892-4bc0-84b3-08d54780b4fe d5dc867f4d1b4a48b4a2e5915daa8ced 52cf06367fc941799821e1f6516327aa - - default default] 10.0.0.134 "DELETE /v2.0/floatingips/41df047b-ce23-4206-ab34-bdd356fa8c18 HTTP/1.1" status: 204 len: 168 time: 0.3571734
2026-06-23 19:55:35.127 9 INFO neutron.plugins.ml2.drivers.ovn.mech_driver.mech_driver [None req-795fba2b-7bfd-4e92-b3fb-b4f3ec7fd546 - - - - - -] OVN reports status down for port: f091c444-6bef-4821-8d80-5d04a97e5b10
2026-06-23 19:55:35.159 10 INFO neutron.wsgi [req-2d872b8c-d04e-4a93-b44f-37325b1ec11c req-6f254ad8-7f65-4105-8485-be9a40f2d4a4 d5dc867f4d1b4a48b4a2e5915daa8ced 52cf06367fc941799821e1f6516327aa - - default default] 10.0.0.195 "GET /v2.0/ports?device_id=012fbd6d-6f73-4f9a-b7b4-82520946c190 HTTP/1.1" status: 200 len: 1174 time: 0.1114149
2026-06-23 19:55:35.216 10 INFO neutron.wsgi [req-2d872b8c-d04e-4a93-b44f-37325b1ec11c req-9c93adf8-c0ef-42d9-bcaf-0c62bd42f7a1 d5dc867f4d1b4a48b4a2e5915daa8ced 52cf06367fc941799821e1f6516327aa - - default default] 10.0.0.195 "GET /v2.0/security-groups?id=e2d5ea8e-9ad7-46db-b5cc-504779d50f5b&fields=id&fields=name HTTP/1.1" status: 200 len: 312 time: 0.0503974
2026-06-23 19:55:35.427 9 INFO neutron.wsgi [req-7ecfa7cd-81ed-4d67-bdff-64a6495b3a02 req-7d717719-69be-4de5-aae4-0112f39ef888 d5dc867f4d1b4a48b4a2e5915daa8ced 52cf06367fc941799821e1f6516327aa - - default default] 199.204.45.3 "GET /v2.0/ports?device_id=012fbd6d-6f73-4f9a-b7b4-82520946c190 HTTP/1.1" status: 200 len: 1172 time: 0.0457740
2026-06-23 19:55:35.487 9 INFO neutron.db.ovn_revision_numbers_db [None req-795fba2b-7bfd-4e92-b3fb-b4f3ec7fd546 - - - - - -] Successfully bumped revision number for resource f091c444-6bef-4821-8d80-5d04a97e5b10 (type: ports) to 5
2026-06-23 19:55:35.758 9 INFO neutron.wsgi [req-7ecfa7cd-81ed-4d67-bdff-64a6495b3a02 req-999edfa3-5466-42f6-9d93-b46ed333623c d5dc867f4d1b4a48b4a2e5915daa8ced 52cf06367fc941799821e1f6516327aa - - default default] 199.204.45.3 "DELETE /v2.0/ports/f091c444-6bef-4821-8d80-5d04a97e5b10 HTTP/1.1" status: 204 len: 173 time: 0.3193705 /var/lib/openstack/lib/python3.10/site-packages/pycadf/identifier.py:71: UserWarning: Invalid uuid: neutron. To ensure interoperability, identifiers should be a valid uuid. warnings.warn(('Invalid uuid: %s. To ensure interoperability, '
2026-06-23 19:55:36.448 9 INFO neutron.wsgi [None req-06208713-3d0d-47be-bd31-e394a340b972 d5dc867f4d1b4a48b4a2e5915daa8ced 52cf06367fc941799821e1f6516327aa - - default default] 10.0.0.134 "DELETE /v2.0/security-groups/e2d5ea8e-9ad7-46db-b5cc-504779d50f5b HTTP/1.1" status: 204 len: 168 time: 0.1579111
2026-06-23 19:55:36.459 9 INFO neutron.notifiers.nova [-] Nova event matching ['req-70398f5e-9327-40ad-915a-f1ae225dceb2'] response: {'name': 'network-changed', 'server_uuid': '54bcfa2f-595d-48da-aaeb-1214a9f539df', 'tag': 'bb340da5-9567-45ca-9213-171e3d097d57', 'status': 'completed', 'code': 200}
2026-06-23 19:55:36.460 9 INFO neutron.notifiers.nova [-] Nova event matching ['req-70398f5e-9327-40ad-915a-f1ae225dceb2'] response: {'server_uuid': '012fbd6d-6f73-4f9a-b7b4-82520946c190', 'name': 'network-vif-unplugged', 'status': 'completed', 'tag': 'f091c444-6bef-4821-8d80-5d04a97e5b10', 'code': 200}
2026-06-23 19:55:36.460 9 INFO neutron.notifiers.nova [-] Nova event matching ['req-70398f5e-9327-40ad-915a-f1ae225dceb2'] response: {'server_uuid': '012fbd6d-6f73-4f9a-b7b4-82520946c190', 'name': 'network-vif-plugged', 'status': 'completed', 'tag': 'f091c444-6bef-4821-8d80-5d04a97e5b10', 'code': 200}
2026-06-23 19:55:36.460 9 INFO neutron.notifiers.nova [-] Nova event matching ['req-70398f5e-9327-40ad-915a-f1ae225dceb2'] response: {'server_uuid': '012fbd6d-6f73-4f9a-b7b4-82520946c190', 'name': 'network-vif-deleted', 'tag': 'f091c444-6bef-4821-8d80-5d04a97e5b10', 'status': 'completed', 'code': 200}
2026-06-23 19:55:36.565 9 INFO neutron.wsgi [req-4b4d3622-934b-4831-92b8-8e37e22d417f req-f3f79e9c-5568-452d-b7b4-04bbefd654dc 39537b15b6f64acc8738842b08f06cb9 e2d8cef52b21446aa0a6796a1833aab2 - - 6eb6ce9b6118458484f4d70dda1ea4c6 6eb6ce9b6118458484f4d70dda1ea4c6] 199.204.45.3 "GET /v2.0/ports?tenant_id=f7d8c4147bc14cf2a7c7e5e7df542007&device_id=54bcfa2f-595d-48da-aaeb-1214a9f539df HTTP/1.1" status: 200 len: 1642 time: 0.0739768
2026-06-23 19:55:36.690 9 INFO neutron.wsgi [req-4b4d3622-934b-4831-92b8-8e37e22d417f req-551003e6-5ebd-45c9-b1c3-9ef05765b3d5 39537b15b6f64acc8738842b08f06cb9 e2d8cef52b21446aa0a6796a1833aab2 - - 6eb6ce9b6118458484f4d70dda1ea4c6 6eb6ce9b6118458484f4d70dda1ea4c6] 199.204.45.3 "GET /v2.0/networks?id=4b670e33-3ad6-4826-9be9-7552ece6b744 HTTP/1.1" status: 200 len: 1002 time: 0.1148326
2026-06-23 19:55:36.765 9 INFO neutron.wsgi [req-4b4d3622-934b-4831-92b8-8e37e22d417f req-743fe759-943f-4782-968b-c17b852d720e 39537b15b6f64acc8738842b08f06cb9 e2d8cef52b21446aa0a6796a1833aab2 - - 6eb6ce9b6118458484f4d70dda1ea4c6 6eb6ce9b6118458484f4d70dda1ea4c6] 199.204.45.3 "GET /v2.0/floatingips?fixed_ip_address=10.2.2.215&port_id=bb340da5-9567-45ca-9213-171e3d097d57 HTTP/1.1" status: 200 len: 1059 time: 0.0687988
2026-06-23 19:55:36.809 9 INFO neutron.wsgi [req-4b4d3622-934b-4831-92b8-8e37e22d417f req-f23b520b-ee63-44a3-b7b6-8289729276af 39537b15b6f64acc8738842b08f06cb9 e2d8cef52b21446aa0a6796a1833aab2 - - 6eb6ce9b6118458484f4d70dda1ea4c6 6eb6ce9b6118458484f4d70dda1ea4c6] 199.204.45.3 "GET /v2.0/floatingips?fixed_ip_address=fd77%3A1457%3A4cf0%3A26a8%3A%3A1d4&port_id=bb340da5-9567-45ca-9213-171e3d097d57 HTTP/1.1" status: 200 len: 217 time: 0.0344713
2026-06-23 19:55:36.856 9 INFO neutron.wsgi [req-4b4d3622-934b-4831-92b8-8e37e22d417f req-0b834bef-f96f-48da-a301-b038493a789c 39537b15b6f64acc8738842b08f06cb9 e2d8cef52b21446aa0a6796a1833aab2 - - 6eb6ce9b6118458484f4d70dda1ea4c6 6eb6ce9b6118458484f4d70dda1ea4c6] 199.204.45.3 "GET /v2.0/subnets?id=20ff5e2f-bebe-4aa5-8dd0-b98839e946bf&id=ef7ac88e-3de6-41c3-a518-2bf75bf1880a HTTP/1.1" status: 200 len: 1565 time: 0.0378029
2026-06-23 19:55:36.888 9 INFO neutron.wsgi [req-4b4d3622-934b-4831-92b8-8e37e22d417f req-20a7e8d9-3f47-43a7-adab-1b55e6cacf33 39537b15b6f64acc8738842b08f06cb9 e2d8cef52b21446aa0a6796a1833aab2 - - 6eb6ce9b6118458484f4d70dda1ea4c6 6eb6ce9b6118458484f4d70dda1ea4c6] 199.204.45.3 "GET /v2.0/ports?network_id=4b670e33-3ad6-4826-9be9-7552ece6b744&device_owner=network%3Adhcp HTTP/1.1" status: 200 len: 210 time: 0.0257049
2026-06-23 19:55:36.914 9 INFO neutron.wsgi [req-4b4d3622-934b-4831-92b8-8e37e22d417f req-e9b98ec4-df22-4233-b1da-788a078c10aa 39537b15b6f64acc8738842b08f06cb9 e2d8cef52b21446aa0a6796a1833aab2 - - 6eb6ce9b6118458484f4d70dda1ea4c6 6eb6ce9b6118458484f4d70dda1ea4c6] 199.204.45.3 "GET /v2.0/ports?network_id=4b670e33-3ad6-4826-9be9-7552ece6b744&device_owner=network%3Adhcp HTTP/1.1" status: 200 len: 210 time: 0.0198331
2026-06-23 19:55:36.995 9 INFO neutron.wsgi [req-4b4d3622-934b-4831-92b8-8e37e22d417f req-afda1756-5037-4c72-a039-c934c4e07b1c 39537b15b6f64acc8738842b08f06cb9 e2d8cef52b21446aa0a6796a1833aab2 - - 6eb6ce9b6118458484f4d70dda1ea4c6 6eb6ce9b6118458484f4d70dda1ea4c6] 199.204.45.3 "GET /v2.0/networks/4b670e33-3ad6-4826-9be9-7552ece6b744?fields=segments HTTP/1.1" status: 200 len: 212 time: 0.0716903
2026-06-23 19:55:37.109 9 INFO neutron.wsgi [req-4b4d3622-934b-4831-92b8-8e37e22d417f req-084adebd-a007-4de8-8f99-5f32b1662198 39537b15b6f64acc8738842b08f06cb9 e2d8cef52b21446aa0a6796a1833aab2 - - 6eb6ce9b6118458484f4d70dda1ea4c6 6eb6ce9b6118458484f4d70dda1ea4c6] 199.204.45.3 "GET /v2.0/networks/4b670e33-3ad6-4826-9be9-7552ece6b744?fields=provider%3Aphysical_network&fields=provider%3Anetwork_type HTTP/1.1" status: 200 len: 277 time: 0.1022837
2026-06-23 19:55:37.605 9 INFO neutron.wsgi [None req-7ba78636-9747-4d84-a458-0708ce62aaad d5dc867f4d1b4a48b4a2e5915daa8ced 52cf06367fc941799821e1f6516327aa - - default default] 10.0.0.134 "PUT /v2.0/routers/eac3732c-8a1b-495c-a011-97fbd56e416a/remove_router_interface HTTP/1.1" status: 200 len: 503 time: 1.1225076
2026-06-23 19:55:37.827 10 INFO neutron.wsgi [None req-49d4eb59-c676-4133-a784-8884b4f35823 d5dc867f4d1b4a48b4a2e5915daa8ced 52cf06367fc941799821e1f6516327aa - - default default] 10.0.0.134 "DELETE /v2.0/subnets/35365649-ff7b-45ce-b311-4cf5c1b333b7 HTTP/1.1" status: 204 len: 168 time: 0.2159889
2026-06-23 19:55:38.868 10 INFO neutron.wsgi [None req-d425ca22-7473-4126-8fbf-e5bd0a1b5e75 d5dc867f4d1b4a48b4a2e5915daa8ced 52cf06367fc941799821e1f6516327aa - - default default] 10.0.0.134 "DELETE /v2.0/routers/eac3732c-8a1b-495c-a011-97fbd56e416a HTTP/1.1" status: 204 len: 168 time: 1.0342228 /var/lib/openstack/lib/python3.10/site-packages/pycadf/identifier.py:71: UserWarning: Invalid uuid: neutron. To ensure interoperability, identifiers should be a valid uuid. warnings.warn(('Invalid uuid: %s. To ensure interoperability, '
2026-06-23 19:55:39.513 9 INFO neutron.services.segments.plugin [-] Segment 7ec52ce6-15eb-4339-a2f1-c86dcce1c4d1 resource provider aggregate not found
2026-06-23 19:55:39.518 9 INFO neutron.services.segments.plugin [-] Segment 7ec52ce6-15eb-4339-a2f1-c86dcce1c4d1 resource provider aggregate not found
2026-06-23 19:55:39.537 9 INFO neutron.services.segments.plugin [-] Segment 7ec52ce6-15eb-4339-a2f1-c86dcce1c4d1 resource provider not found; error: Placement Client Error (4xx): {"errors": [{"status": 404, "title": "Not Found", "detail": "The resource could not be found.\n\n No resource provider with uuid 7ec52ce6-15eb-4339-a2f1-c86dcce1c4d1 found for delete ", "request_id": "req-ce0dc17c-982c-4c32-ba0e-448fa98c9355"}]}
2026-06-23 19:55:39.538 9 INFO neutron.services.segments.plugin [-] Segment 7ec52ce6-15eb-4339-a2f1-c86dcce1c4d1 resource provider not found; error: Placement Client Error (4xx): {"errors": [{"status": 404, "title": "Not Found", "detail": "The resource could not be found.\n\n No resource provider with uuid 7ec52ce6-15eb-4339-a2f1-c86dcce1c4d1 found for delete ", "request_id": "req-1b2a59bf-69e3-4663-b404-1f843b966f5b"}]}
2026-06-23 19:55:39.569 9 INFO neutron.wsgi [None req-b8dd0c6a-c08a-45c3-ab88-fdab89b872f3 d5dc867f4d1b4a48b4a2e5915daa8ced 52cf06367fc941799821e1f6516327aa - - default default] 10.0.0.134 "DELETE /v2.0/networks/462b6cb3-77d8-4915-a737-9df27e57c628 HTTP/1.1" status: 204 len: 168 time: 0.6939716
2026-06-23 19:55:40.460 10 INFO neutron.db.ovn_revision_numbers_db [None req-8b33210a-3424-43b6-b3ad-4e9755d749e7 6f22c35928494171891429412d0878a7 961d8885eda1406b87c01267346839e8 - - default default] Successfully bumped revision number for resource 277c3e64-354a-4e42-b2e0-746e40ea38a6 (type: security_groups) to 1
2026-06-23 19:55:40.475 10 INFO neutron.db.ovn_revision_numbers_db [None req-8b33210a-3424-43b6-b3ad-4e9755d749e7 6f22c35928494171891429412d0878a7 961d8885eda1406b87c01267346839e8 - - default default] Successfully bumped revision number for resource 1e6ade76-55fe-4b0f-813d-f4f4a0631042 (type: security_group_rules) to 0
2026-06-23 19:55:40.493 10 INFO neutron.db.ovn_revision_numbers_db [None req-8b33210a-3424-43b6-b3ad-4e9755d749e7 6f22c35928494171891429412d0878a7 961d8885eda1406b87c01267346839e8 - - default default] Successfully bumped revision number for resource 3f34ef18-73e8-4127-87b5-bbb44997166b (type: security_group_rules) to 0
2026-06-23 19:55:40.508 10 INFO neutron.db.ovn_revision_numbers_db [None req-8b33210a-3424-43b6-b3ad-4e9755d749e7 6f22c35928494171891429412d0878a7 961d8885eda1406b87c01267346839e8 - - default default] Successfully bumped revision number for resource 78530269-4753-46e1-87d7-f8eb3ff48490 (type: security_group_rules) to 0
2026-06-23 19:55:40.523 10 INFO neutron.db.ovn_revision_numbers_db [None req-8b33210a-3424-43b6-b3ad-4e9755d749e7 6f22c35928494171891429412d0878a7 961d8885eda1406b87c01267346839e8 - - default default] Successfully bumped revision number for resource c2aa10be-eccf-453c-817b-8180e59fab60 (type: security_group_rules) to 0
2026-06-23 19:55:40.548 10 INFO neutron.wsgi [None req-8b33210a-3424-43b6-b3ad-4e9755d749e7 6f22c35928494171891429412d0878a7 961d8885eda1406b87c01267346839e8 - - default default] 10.0.0.134 "GET /v2.0/security-groups?tenant_id=58424e44d6d24ea4b61b643d809f09f6&name=default HTTP/1.1" status: 200 len: 3000 time: 0.3334429
2026-06-23 19:55:40.755 10 INFO neutron.wsgi [None req-b41fed87-6f7e-4292-9546-cab7a123e910 6f22c35928494171891429412d0878a7 961d8885eda1406b87c01267346839e8 - - default default] 10.0.0.134 "DELETE /v2.0/security-groups/277c3e64-354a-4e42-b2e0-746e40ea38a6 HTTP/1.1" status: 204 len: 168 time: 0.2018507
2026-06-23 19:55:40.889 9 INFO neutron.wsgi [None req-c27f868b-468c-4a0c-852c-bf808c0cf782 6f22c35928494171891429412d0878a7 961d8885eda1406b87c01267346839e8 - - default default] 10.0.0.134 "GET /v2.0/security-groups?tenant_id=52cf06367fc941799821e1f6516327aa&name=default HTTP/1.1" status: 200 len: 2996 time: 0.0406063
2026-06-23 19:55:41.131 9 INFO neutron.wsgi [None req-579af3d6-d4de-47c6-925a-94e51112253d 6f22c35928494171891429412d0878a7 961d8885eda1406b87c01267346839e8 - - default default] 10.0.0.134 "DELETE /v2.0/security-groups/aefac4f5-9119-45a0-8cb3-4ae04e0e453e HTTP/1.1" status: 204 len: 168 time: 0.2372639
2026-06-23 19:55:43.207 9 INFO neutron.db.ovn_revision_numbers_db [None req-1be3730d-daa1-49f2-82ab-afd9a7f0cbcd 6f22c35928494171891429412d0878a7 961d8885eda1406b87c01267346839e8 - - default default] Successfully bumped revision number for resource 9e64d6ed-7439-4a59-bb55-8452ba876628 (type: security_groups) to 1
2026-06-23 19:55:43.226 9 INFO neutron.db.ovn_revision_numbers_db [None req-1be3730d-daa1-49f2-82ab-afd9a7f0cbcd 6f22c35928494171891429412d0878a7 961d8885eda1406b87c01267346839e8 - - default default] Successfully bumped revision number for resource 2e61df5a-634e-48b0-94f6-4366e7de7810 (type: security_group_rules) to 0
2026-06-23 19:55:43.240 9 INFO neutron.db.ovn_revision_numbers_db [None req-1be3730d-daa1-49f2-82ab-afd9a7f0cbcd 6f22c35928494171891429412d0878a7 961d8885eda1406b87c01267346839e8 - - default default] Successfully bumped revision number for resource 3a7300b8-1bfa-427a-b4dd-aeb22f098ae6 (type: security_group_rules) to 0
2026-06-23 19:55:43.254 9 INFO neutron.db.ovn_revision_numbers_db [None req-1be3730d-daa1-49f2-82ab-afd9a7f0cbcd 6f22c35928494171891429412d0878a7 961d8885eda1406b87c01267346839e8 - - default default] Successfully bumped revision number for resource a193e42d-11b5-4f5a-98ac-381709d65c1d (type: security_group_rules) to 0
2026-06-23 19:55:43.266 9 INFO neutron.db.ovn_revision_numbers_db [None req-1be3730d-daa1-49f2-82ab-afd9a7f0cbcd 6f22c35928494171891429412d0878a7 961d8885eda1406b87c01267346839e8 - - default default] Successfully bumped revision number for resource aa29ac14-2b42-401e-960b-7b5c4e3e37f0 (type: security_group_rules) to 0
2026-06-23 19:55:43.323 9 INFO neutron.db.segments_db [None req-1be3730d-daa1-49f2-82ab-afd9a7f0cbcd 6f22c35928494171891429412d0878a7 961d8885eda1406b87c01267346839e8 - - default default] Added segment 13c212c6-4c68-4112-9593-eaa99dd33fab of type geneve for network 18285d39-4b4d-40ec-a96d-9b7768f32664
2026-06-23 19:55:43.476 9 INFO neutron.db.ovn_revision_numbers_db [None req-1be3730d-daa1-49f2-82ab-afd9a7f0cbcd 6f22c35928494171891429412d0878a7 961d8885eda1406b87c01267346839e8 - - default default] Successfully bumped revision number for resource 18285d39-4b4d-40ec-a96d-9b7768f32664 (type: networks) to 1
2026-06-23 19:55:43.636 9 WARNING neutron.scheduler.dhcp_agent_scheduler [None req-1be3730d-daa1-49f2-82ab-afd9a7f0cbcd 6f22c35928494171891429412d0878a7 961d8885eda1406b87c01267346839e8 - - default default] No more DHCP agents
