2026-06-23 19:51:54.645 9 INFO neutron.wsgi [req-9805fafa-2825-4260-acc4-8541d3b57cc1 req-284b85eb-fa17-461a-9cb4-307aaf4a9422 39537b15b6f64acc8738842b08f06cb9 e2d8cef52b21446aa0a6796a1833aab2 - - 6eb6ce9b6118458484f4d70dda1ea4c6 6eb6ce9b6118458484f4d70dda1ea4c6] 199.204.45.3 "GET /v2.0/networks/09f8e451-ca50-4dbf-b14a-afeb88baeabf?fields=provider%3Aphysical_network&fields=provider%3Anetwork_type HTTP/1.1" status: 200 len: 277 time: 0.0810163
2026-06-23 19:51:54.750 10 INFO neutron.wsgi [req-60c1f2a7-c19d-494b-b7a8-1e6a3c1ca8b2 req-04372409-9c05-4bc4-9ef4-11942275beee 903e8d0da4094b0d8112b3f1e60f3fc5 1972507cc45644b2a8c4621c129e089b - - default default] 10.0.0.195 "GET /v2.0/ports?device_id=4879145c-1610-4ae4-a8ff-4a10a9225b8e HTTP/1.1" status: 200 len: 1170 time: 0.1724789
2026-06-23 19:51:54.765 9 INFO neutron.wsgi [req-2ccd5035-5e4f-4f00-a81a-22fad3e9086f req-18aed709-81f6-4978-b586-ee980ee4ab7e 39537b15b6f64acc8738842b08f06cb9 e2d8cef52b21446aa0a6796a1833aab2 - - 6eb6ce9b6118458484f4d70dda1ea4c6 6eb6ce9b6118458484f4d70dda1ea4c6] 199.204.45.3 "GET /v2.0/ports?tenant_id=6bcbadcb9cbd463d9d57b9f20161b3c3&device_id=7c99dc8f-346f-4aca-9466-dc9cbdeeab1d HTTP/1.1" status: 200 len: 1594 time: 0.0613225
2026-06-23 19:51:54.801 10 INFO neutron.db.ovn_revision_numbers_db [None req-255234ed-5436-4377-84db-ace65d1cfd18 - - - - - -] Successfully bumped revision number for resource 1f9ba65d-427c-46ec-9d03-63cc2c97ef28 (type: ports) to 4
2026-06-23 19:51:54.830 10 INFO neutron.wsgi [req-60c1f2a7-c19d-494b-b7a8-1e6a3c1ca8b2 req-8bf0fe6f-2cc2-4c56-9927-a589fd1f2113 903e8d0da4094b0d8112b3f1e60f3fc5 1972507cc45644b2a8c4621c129e089b - - default default] 10.0.0.195 "GET /v2.0/security-groups?id=59c4503d-c086-45e3-bc5c-6aaeced1d335&fields=id&fields=name HTTP/1.1" status: 200 len: 313 time: 0.0744507
2026-06-23 19:51:54.842 9 INFO neutron.wsgi [req-2ccd5035-5e4f-4f00-a81a-22fad3e9086f req-289bde38-e169-43b3-9f14-68682e658f32 39537b15b6f64acc8738842b08f06cb9 e2d8cef52b21446aa0a6796a1833aab2 - - 6eb6ce9b6118458484f4d70dda1ea4c6 6eb6ce9b6118458484f4d70dda1ea4c6] 199.204.45.3 "GET /v2.0/networks?id=09f8e451-ca50-4dbf-b14a-afeb88baeabf HTTP/1.1" status: 200 len: 981 time: 0.0726058
2026-06-23 19:51:54.913 9 INFO neutron.wsgi [req-2ccd5035-5e4f-4f00-a81a-22fad3e9086f req-f915046f-61ae-4ed4-8be2-5b1deb27d1e6 39537b15b6f64acc8738842b08f06cb9 e2d8cef52b21446aa0a6796a1833aab2 - - 6eb6ce9b6118458484f4d70dda1ea4c6 6eb6ce9b6118458484f4d70dda1ea4c6] 199.204.45.3 "GET /v2.0/floatingips?fixed_ip_address=10.100.0.11&port_id=bc5fdc3f-c300-40d9-af71-373cee1e9b76 HTTP/1.1" status: 200 len: 1060 time: 0.0659089
2026-06-23 19:51:54.940 9 INFO neutron.wsgi [req-2ccd5035-5e4f-4f00-a81a-22fad3e9086f req-af4ccd90-a05b-493a-b2c8-daf4187b7c80 39537b15b6f64acc8738842b08f06cb9 e2d8cef52b21446aa0a6796a1833aab2 - - 6eb6ce9b6118458484f4d70dda1ea4c6 6eb6ce9b6118458484f4d70dda1ea4c6] 199.204.45.3 "GET /v2.0/floatingips?fixed_ip_address=10.100.0.12&port_id=bc5fdc3f-c300-40d9-af71-373cee1e9b76 HTTP/1.1" status: 200 len: 217 time: 0.0237446
2026-06-23 19:51:54.990 9 INFO neutron.wsgi [req-2ccd5035-5e4f-4f00-a81a-22fad3e9086f req-20640caf-f81b-4261-8af2-c6f303dd5353 39537b15b6f64acc8738842b08f06cb9 e2d8cef52b21446aa0a6796a1833aab2 - - 6eb6ce9b6118458484f4d70dda1ea4c6 6eb6ce9b6118458484f4d70dda1ea4c6] 199.204.45.3 "GET /v2.0/subnets?id=a0a58e78-d01d-4d7e-b50a-2ca8d7be4440 HTTP/1.1" status: 200 len: 876 time: 0.0466144
2026-06-23 19:51:54.991 9 INFO neutron.db.ovn_revision_numbers_db [None req-795fba2b-7bfd-4e92-b3fb-b4f3ec7fd546 - - - - - -] Successfully bumped revision number for resource c0167044-01e3-4382-b005-5e5109b9cae0 (type: ports) to 6
2026-06-23 19:51:55.015 9 INFO neutron.wsgi [req-2ccd5035-5e4f-4f00-a81a-22fad3e9086f req-c1282558-2a54-41cd-9675-a55af6de9394 39537b15b6f64acc8738842b08f06cb9 e2d8cef52b21446aa0a6796a1833aab2 - - 6eb6ce9b6118458484f4d70dda1ea4c6 6eb6ce9b6118458484f4d70dda1ea4c6] 199.204.45.3 "GET /v2.0/ports?network_id=09f8e451-ca50-4dbf-b14a-afeb88baeabf&device_owner=network%3Adhcp HTTP/1.1" status: 200 len: 210 time: 0.0197825 /var/lib/openstack/lib/python3.10/site-packages/pycadf/identifier.py:71: UserWarning: Invalid uuid: neutron. To ensure interoperability, identifiers should be a valid uuid. warnings.warn(('Invalid uuid: %s. To ensure interoperability, '
2026-06-23 19:51:55.108 9 INFO neutron.wsgi [req-2ccd5035-5e4f-4f00-a81a-22fad3e9086f req-aadcfde9-0ed0-4aeb-878e-54f6d3c5bffc 39537b15b6f64acc8738842b08f06cb9 e2d8cef52b21446aa0a6796a1833aab2 - - 6eb6ce9b6118458484f4d70dda1ea4c6 6eb6ce9b6118458484f4d70dda1ea4c6] 199.204.45.3 "GET /v2.0/networks/09f8e451-ca50-4dbf-b14a-afeb88baeabf?fields=segments HTTP/1.1" status: 200 len: 212 time: 0.0798178 /var/lib/openstack/lib/python3.10/site-packages/pycadf/identifier.py:71: UserWarning: Invalid uuid: neutron. To ensure interoperability, identifiers should be a valid uuid. warnings.warn(('Invalid uuid: %s. To ensure interoperability, '
2026-06-23 19:51:55.172 10 INFO neutron.wsgi [req-4c35e340-c189-4677-bdb7-f2259756a996 req-be33cd2b-acf2-4761-a1a9-efd3a1016ea4 d5bc9706bc384242a88115606a98c26b 6bcbadcb9cbd463d9d57b9f20161b3c3 - - default default] 10.0.0.195 "GET /v2.0/ports?device_id=7c99dc8f-346f-4aca-9466-dc9cbdeeab1d HTTP/1.1" status: 200 len: 1356 time: 0.0678952
2026-06-23 19:51:55.180 9 INFO neutron.wsgi [req-2ccd5035-5e4f-4f00-a81a-22fad3e9086f req-50598c24-0b60-4464-92f1-9fce259a3a53 39537b15b6f64acc8738842b08f06cb9 e2d8cef52b21446aa0a6796a1833aab2 - - 6eb6ce9b6118458484f4d70dda1ea4c6 6eb6ce9b6118458484f4d70dda1ea4c6] 199.204.45.3 "GET /v2.0/networks/09f8e451-ca50-4dbf-b14a-afeb88baeabf?fields=provider%3Aphysical_network&fields=provider%3Anetwork_type HTTP/1.1" status: 200 len: 277 time: 0.0644178
2026-06-23 19:51:55.224 10 INFO neutron.wsgi [req-4c35e340-c189-4677-bdb7-f2259756a996 req-e0621c82-e10c-4afb-8158-1014f8eaeafe d5bc9706bc384242a88115606a98c26b 6bcbadcb9cbd463d9d57b9f20161b3c3 - - default default] 10.0.0.195 "GET /v2.0/security-groups?id=52287099-07b8-4fee-8568-d1be4f28ea51&fields=id&fields=name HTTP/1.1" status: 200 len: 312 time: 0.0459268
2026-06-23 19:51:55.397 9 INFO neutron.wsgi [req-6bbc63ae-2d72-4843-9d24-58f4bedf31fc req-dbea921f-6d82-456b-a365-c3de49cd7bb7 d5bc9706bc384242a88115606a98c26b 6bcbadcb9cbd463d9d57b9f20161b3c3 - - default default] 199.204.45.3 "GET /v2.0/ports?device_id=7c99dc8f-346f-4aca-9466-dc9cbdeeab1d&device_owner=compute%3Anova&fixed_ips=ip_address%3D10.100.0.12 HTTP/1.1" status: 200 len: 1356 time: 0.0585225
2026-06-23 19:51:55.471 10 INFO neutron.wsgi [req-50fc1381-b45e-4897-99f7-dae512eae3ab req-2f5583f2-2fae-40db-b86a-148dd116140a a9c821f1079546f89e3b9070b6da2567 f344339a669f45878ff417eeb2d031c7 - - default default] 10.0.0.195 "GET /v2.0/ports?device_id=7f0425ba-40af-4c41-9192-2d531a74ab95 HTTP/1.1" status: 200 len: 1170 time: 0.0582452
2026-06-23 19:51:55.541 10 INFO neutron.wsgi [req-50fc1381-b45e-4897-99f7-dae512eae3ab req-3eb1df27-9439-41d6-918d-32825e62d228 a9c821f1079546f89e3b9070b6da2567 f344339a669f45878ff417eeb2d031c7 - - default default] 10.0.0.195 "GET /v2.0/security-groups?id=4e15aa83-1059-4f6f-b64d-88339bbdcc4b&fields=id&fields=name HTTP/1.1" status: 200 len: 313 time: 0.0578396
2026-06-23 19:51:55.967 9 INFO neutron.db.ovn_revision_numbers_db [req-6bbc63ae-2d72-4843-9d24-58f4bedf31fc req-81a8805d-1d7f-430a-bfd6-5c8748c2e777 d5bc9706bc384242a88115606a98c26b 6bcbadcb9cbd463d9d57b9f20161b3c3 - - default default] Successfully bumped revision number for resource bc5fdc3f-c300-40d9-af71-373cee1e9b76 (type: ports) to 6
2026-06-23 19:51:55.980 9 INFO neutron.wsgi [req-6bbc63ae-2d72-4843-9d24-58f4bedf31fc req-81a8805d-1d7f-430a-bfd6-5c8748c2e777 d5bc9706bc384242a88115606a98c26b 6bcbadcb9cbd463d9d57b9f20161b3c3 - - default default] 199.204.45.3 "PUT /v2.0/ports/bc5fdc3f-c300-40d9-af71-373cee1e9b76 HTTP/1.1" status: 200 len: 1171 time: 0.5757089
2026-06-23 19:51:55.982 10 INFO neutron.wsgi [req-95daf4fc-456c-4dce-8d72-06a53dee28ac req-6abc01cc-2b5f-4fc7-aabd-5f0ebb874835 903e8d0da4094b0d8112b3f1e60f3fc5 1972507cc45644b2a8c4621c129e089b - - default default] 10.0.0.195 "GET /v2.0/ports?device_id=4879145c-1610-4ae4-a8ff-4a10a9225b8e HTTP/1.1" status: 200 len: 1170 time: 0.0701268 /var/lib/openstack/lib/python3.10/site-packages/pycadf/identifier.py:71: UserWarning: Invalid uuid: neutron. To ensure interoperability, identifiers should be a valid uuid. warnings.warn(('Invalid uuid: %s. To ensure interoperability, '
2026-06-23 19:51:56.039 9 INFO neutron.wsgi [req-6bbc63ae-2d72-4843-9d24-58f4bedf31fc req-f66b81dd-0643-47ca-ad16-59d3b92647b7 39537b15b6f64acc8738842b08f06cb9 e2d8cef52b21446aa0a6796a1833aab2 - - 6eb6ce9b6118458484f4d70dda1ea4c6 6eb6ce9b6118458484f4d70dda1ea4c6] 199.204.45.3 "GET /v2.0/ports?tenant_id=6bcbadcb9cbd463d9d57b9f20161b3c3&device_id=7c99dc8f-346f-4aca-9466-dc9cbdeeab1d HTTP/1.1" status: 200 len: 1413 time: 0.0392830
2026-06-23 19:51:56.041 10 INFO neutron.wsgi [req-95daf4fc-456c-4dce-8d72-06a53dee28ac req-13ef8505-5563-400f-9163-30c755908459 903e8d0da4094b0d8112b3f1e60f3fc5 1972507cc45644b2a8c4621c129e089b - - default default] 10.0.0.195 "GET /v2.0/security-groups?id=59c4503d-c086-45e3-bc5c-6aaeced1d335&fields=id&fields=name HTTP/1.1" status: 200 len: 313 time: 0.0518975
2026-06-23 19:51:56.113 9 INFO neutron.wsgi [req-6bbc63ae-2d72-4843-9d24-58f4bedf31fc req-fd34370b-6e48-4eca-86e7-5504c3a9185e 39537b15b6f64acc8738842b08f06cb9 e2d8cef52b21446aa0a6796a1833aab2 - - 6eb6ce9b6118458484f4d70dda1ea4c6 6eb6ce9b6118458484f4d70dda1ea4c6] 199.204.45.3 "GET /v2.0/networks?id=09f8e451-ca50-4dbf-b14a-afeb88baeabf HTTP/1.1" status: 200 len: 981 time: 0.0692117
2026-06-23 19:51:56.167 10 INFO neutron.wsgi [req-c4defd7b-35d1-4c90-8b3a-e6694f504f35 req-f03a8990-9b99-421f-8a28-6ae5555a1580 903e8d0da4094b0d8112b3f1e60f3fc5 1972507cc45644b2a8c4621c129e089b - - default default] 10.0.0.195 "GET /v2.0/ports?device_id=4879145c-1610-4ae4-a8ff-4a10a9225b8e HTTP/1.1" status: 200 len: 1170 time: 0.0468998
2026-06-23 19:51:56.171 9 INFO neutron.wsgi [req-6bbc63ae-2d72-4843-9d24-58f4bedf31fc req-18c3aa06-0079-48aa-af1d-c709208794ca 39537b15b6f64acc8738842b08f06cb9 e2d8cef52b21446aa0a6796a1833aab2 - - 6eb6ce9b6118458484f4d70dda1ea4c6 6eb6ce9b6118458484f4d70dda1ea4c6] 199.204.45.3 "GET /v2.0/floatingips?fixed_ip_address=10.100.0.11&port_id=bc5fdc3f-c300-40d9-af71-373cee1e9b76 HTTP/1.1" status: 200 len: 1060 time: 0.0527244
2026-06-23 19:51:56.213 9 INFO neutron.wsgi [req-6bbc63ae-2d72-4843-9d24-58f4bedf31fc req-4bce942d-2a6d-4c2e-8c06-4c5d9b4efd02 39537b15b6f64acc8738842b08f06cb9 e2d8cef52b21446aa0a6796a1833aab2 - - 6eb6ce9b6118458484f4d70dda1ea4c6 6eb6ce9b6118458484f4d70dda1ea4c6] 199.204.45.3 "GET /v2.0/subnets?id=a0a58e78-d01d-4d7e-b50a-2ca8d7be4440 HTTP/1.1" status: 200 len: 876 time: 0.0354316
2026-06-23 19:51:56.242 9 INFO neutron.wsgi [req-6bbc63ae-2d72-4843-9d24-58f4bedf31fc req-3cf9a1de-7baf-4fae-9284-571d91cdbb2f 39537b15b6f64acc8738842b08f06cb9 e2d8cef52b21446aa0a6796a1833aab2 - - 6eb6ce9b6118458484f4d70dda1ea4c6 6eb6ce9b6118458484f4d70dda1ea4c6] 199.204.45.3 "GET /v2.0/ports?network_id=09f8e451-ca50-4dbf-b14a-afeb88baeabf&device_owner=network%3Adhcp HTTP/1.1" status: 200 len: 210 time: 0.0215006
2026-06-23 19:51:56.313 9 INFO neutron.wsgi [req-6bbc63ae-2d72-4843-9d24-58f4bedf31fc req-de7a3979-66c1-4cd8-86e5-c6196fab501f 39537b15b6f64acc8738842b08f06cb9 e2d8cef52b21446aa0a6796a1833aab2 - - 6eb6ce9b6118458484f4d70dda1ea4c6 6eb6ce9b6118458484f4d70dda1ea4c6] 199.204.45.3 "GET /v2.0/networks/09f8e451-ca50-4dbf-b14a-afeb88baeabf?fields=segments HTTP/1.1" status: 200 len: 212 time: 0.0643265
2026-06-23 19:51:56.393 9 INFO neutron.wsgi [req-6bbc63ae-2d72-4843-9d24-58f4bedf31fc req-35a6c127-35cb-41ef-a804-7dafd8db1685 39537b15b6f64acc8738842b08f06cb9 e2d8cef52b21446aa0a6796a1833aab2 - - 6eb6ce9b6118458484f4d70dda1ea4c6 6eb6ce9b6118458484f4d70dda1ea4c6] 199.204.45.3 "GET /v2.0/networks/09f8e451-ca50-4dbf-b14a-afeb88baeabf?fields=provider%3Aphysical_network&fields=provider%3Anetwork_type HTTP/1.1" status: 200 len: 277 time: 0.0757453
2026-06-23 19:51:56.437 10 INFO neutron.db.l3_db [None req-53f54aa0-631c-405a-84c2-0f5731a3d536 903e8d0da4094b0d8112b3f1e60f3fc5 1972507cc45644b2a8c4621c129e089b - - default default] Floating IP 58d9c741-aa13-4245-ba06-8beffa1848dc associated. External IP: 10.96.250.219, port: 1f9ba65d-427c-46ec-9d03-63cc2c97ef28.
2026-06-23 19:51:56.565 10 INFO neutron.notifiers.nova [-] Nova event matching ['req-2e8dfc9b-9277-4348-a9f3-8aad0c2f30e7'] response: {'server_uuid': '4879145c-1610-4ae4-a8ff-4a10a9225b8e', 'name': 'network-vif-plugged', 'status': 'completed', 'tag': '1f9ba65d-427c-46ec-9d03-63cc2c97ef28', 'code': 200}
2026-06-23 19:51:56.579 9 INFO neutron.notifiers.nova [-] Nova event matching ['req-45405fec-4c2d-44e3-addb-f5c094a30ccf'] response: {'server_uuid': '7f0425ba-40af-4c41-9192-2d531a74ab95', 'name': 'network-vif-plugged', 'status': 'completed', 'tag': 'c0167044-01e3-4382-b005-5e5109b9cae0', 'code': 200}
2026-06-23 19:51:56.580 9 INFO neutron.notifiers.nova [-] Nova event matching ['req-45405fec-4c2d-44e3-addb-f5c094a30ccf'] response: {'server_uuid': '7f0425ba-40af-4c41-9192-2d531a74ab95', 'name': 'network-vif-plugged', 'status': 'completed', 'tag': 'c0167044-01e3-4382-b005-5e5109b9cae0', 'code': 200}
2026-06-23 19:51:56.580 9 INFO neutron.notifiers.nova [-] Nova event matching ['req-45405fec-4c2d-44e3-addb-f5c094a30ccf'] response: {'server_uuid': '7f0425ba-40af-4c41-9192-2d531a74ab95', 'name': 'network-vif-plugged', 'status': 'completed', 'tag': 'c0167044-01e3-4382-b005-5e5109b9cae0', 'code': 200}
2026-06-23 19:51:56.580 9 INFO neutron.notifiers.nova [-] Nova event matching ['req-45405fec-4c2d-44e3-addb-f5c094a30ccf'] response: {'name': 'network-changed', 'server_uuid': '7c99dc8f-346f-4aca-9466-dc9cbdeeab1d', 'tag': 'bc5fdc3f-c300-40d9-af71-373cee1e9b76', 'status': 'completed', 'code': 200}
2026-06-23 19:51:56.685 9 INFO neutron.wsgi [req-d441172a-8c2d-4705-b25a-f4c336b4b889 req-4b668f02-c298-4b76-b14f-36d5340fbb95 39537b15b6f64acc8738842b08f06cb9 e2d8cef52b21446aa0a6796a1833aab2 - - 6eb6ce9b6118458484f4d70dda1ea4c6 6eb6ce9b6118458484f4d70dda1ea4c6] 199.204.45.3 "GET /v2.0/ports?tenant_id=6bcbadcb9cbd463d9d57b9f20161b3c3&device_id=7c99dc8f-346f-4aca-9466-dc9cbdeeab1d HTTP/1.1" status: 200 len: 1413 time: 0.0854118
2026-06-23 19:51:56.685 10 INFO neutron.db.ovn_revision_numbers_db [None req-53f54aa0-631c-405a-84c2-0f5731a3d536 903e8d0da4094b0d8112b3f1e60f3fc5 1972507cc45644b2a8c4621c129e089b - - default default] Successfully bumped revision number for resource 58d9c741-aa13-4245-ba06-8beffa1848dc (type: floatingips) to 1 /var/lib/openstack/lib/python3.10/site-packages/pycadf/identifier.py:71: UserWarning: Invalid uuid: neutron. To ensure interoperability, identifiers should be a valid uuid. warnings.warn(('Invalid uuid: %s. To ensure interoperability, '
2026-06-23 19:51:56.771 9 INFO neutron.wsgi [req-d441172a-8c2d-4705-b25a-f4c336b4b889 req-395c85d2-cc78-40b6-a5c0-4347871e308e 39537b15b6f64acc8738842b08f06cb9 e2d8cef52b21446aa0a6796a1833aab2 - - 6eb6ce9b6118458484f4d70dda1ea4c6 6eb6ce9b6118458484f4d70dda1ea4c6] 199.204.45.3 "GET /v2.0/networks?id=09f8e451-ca50-4dbf-b14a-afeb88baeabf HTTP/1.1" status: 200 len: 981 time: 0.0793130
2026-06-23 19:51:56.821 9 INFO neutron.wsgi [req-d441172a-8c2d-4705-b25a-f4c336b4b889 req-a5db4a2f-a021-4027-a426-c5611cf9514c 39537b15b6f64acc8738842b08f06cb9 e2d8cef52b21446aa0a6796a1833aab2 - - 6eb6ce9b6118458484f4d70dda1ea4c6 6eb6ce9b6118458484f4d70dda1ea4c6] 199.204.45.3 "GET /v2.0/floatingips?fixed_ip_address=10.100.0.11&port_id=bc5fdc3f-c300-40d9-af71-373cee1e9b76 HTTP/1.1" status: 200 len: 1060 time: 0.0435832
2026-06-23 19:51:56.824 10 INFO neutron.db.ovn_revision_numbers_db [None req-53f54aa0-631c-405a-84c2-0f5731a3d536 903e8d0da4094b0d8112b3f1e60f3fc5 1972507cc45644b2a8c4621c129e089b - - default default] Successfully bumped revision number for resource 58d9c741-aa13-4245-ba06-8beffa1848dc (type: floatingips) to 2
2026-06-23 19:51:56.854 10 INFO neutron.wsgi [None req-53f54aa0-631c-405a-84c2-0f5731a3d536 903e8d0da4094b0d8112b3f1e60f3fc5 1972507cc45644b2a8c4621c129e089b - - default default] 10.0.0.134 "PUT /v2.0/floatingips/58d9c741-aa13-4245-ba06-8beffa1848dc HTTP/1.1" status: 200 len: 1049 time: 0.6731644
2026-06-23 19:51:56.858 9 INFO neutron.wsgi [req-d441172a-8c2d-4705-b25a-f4c336b4b889 req-87fe1233-a580-4325-bb89-b945432d27c6 39537b15b6f64acc8738842b08f06cb9 e2d8cef52b21446aa0a6796a1833aab2 - - 6eb6ce9b6118458484f4d70dda1ea4c6 6eb6ce9b6118458484f4d70dda1ea4c6] 199.204.45.3 "GET /v2.0/subnets?id=a0a58e78-d01d-4d7e-b50a-2ca8d7be4440 HTTP/1.1" status: 200 len: 876 time: 0.0307348
2026-06-23 19:51:56.885 9 INFO neutron.wsgi [req-d441172a-8c2d-4705-b25a-f4c336b4b889 req-e4a47bf3-e04b-48ec-ae33-8ba1cbce8564 39537b15b6f64acc8738842b08f06cb9 e2d8cef52b21446aa0a6796a1833aab2 - - 6eb6ce9b6118458484f4d70dda1ea4c6 6eb6ce9b6118458484f4d70dda1ea4c6] 199.204.45.3 "GET /v2.0/ports?network_id=09f8e451-ca50-4dbf-b14a-afeb88baeabf&device_owner=network%3Adhcp HTTP/1.1" status: 200 len: 210 time: 0.0216932
2026-06-23 19:51:56.948 9 INFO neutron.wsgi [req-d441172a-8c2d-4705-b25a-f4c336b4b889 req-4f5e17a9-feea-4625-8e42-272ad832487e 39537b15b6f64acc8738842b08f06cb9 e2d8cef52b21446aa0a6796a1833aab2 - - 6eb6ce9b6118458484f4d70dda1ea4c6 6eb6ce9b6118458484f4d70dda1ea4c6] 199.204.45.3 "GET /v2.0/networks/09f8e451-ca50-4dbf-b14a-afeb88baeabf?fields=segments HTTP/1.1" status: 200 len: 212 time: 0.0571303
2026-06-23 19:51:56.955 10 INFO neutron.wsgi [req-8ae28534-ef6d-40a0-9817-236804b618ba req-aa9212b0-b311-4bb4-b1ca-8e82d0cfe826 903e8d0da4094b0d8112b3f1e60f3fc5 1972507cc45644b2a8c4621c129e089b - - default default] 10.0.0.195 "GET /v2.0/ports?device_id=4879145c-1610-4ae4-a8ff-4a10a9225b8e HTTP/1.1" status: 200 len: 1170 time: 0.0436642
2026-06-23 19:51:57.011 9 INFO neutron.wsgi [req-d441172a-8c2d-4705-b25a-f4c336b4b889 req-db38c8df-c2f2-4ab8-8963-804ca2733261 39537b15b6f64acc8738842b08f06cb9 e2d8cef52b21446aa0a6796a1833aab2 - - 6eb6ce9b6118458484f4d70dda1ea4c6 6eb6ce9b6118458484f4d70dda1ea4c6] 199.204.45.3 "GET /v2.0/networks/09f8e451-ca50-4dbf-b14a-afeb88baeabf?fields=provider%3Aphysical_network&fields=provider%3Anetwork_type HTTP/1.1" status: 200 len: 277 time: 0.0564713
2026-06-23 19:51:57.014 10 INFO neutron.wsgi [req-8ae28534-ef6d-40a0-9817-236804b618ba req-5a109399-ca0e-45ad-905e-6706f26c9acc 903e8d0da4094b0d8112b3f1e60f3fc5 1972507cc45644b2a8c4621c129e089b - - default default] 10.0.0.195 "GET /v2.0/security-groups?id=59c4503d-c086-45e3-bc5c-6aaeced1d335&fields=id&fields=name HTTP/1.1" status: 200 len: 313 time: 0.0515144
2026-06-23 19:51:57.436 10 INFO neutron.wsgi [req-65221145-95ad-4d50-a95a-cc0742f8097a req-f364f678-c5a6-426c-9df8-9b14dc667248 903e8d0da4094b0d8112b3f1e60f3fc5 1972507cc45644b2a8c4621c129e089b - - default default] 10.0.0.195 "GET /v2.0/ports?device_id=4879145c-1610-4ae4-a8ff-4a10a9225b8e HTTP/1.1" status: 200 len: 1170 time: 0.0535717
2026-06-23 19:51:57.440 10 INFO neutron.plugins.ml2.drivers.ovn.mech_driver.mech_driver [None req-255234ed-5436-4377-84db-ace65d1cfd18 - - - - - -] OVN reports status down for port: 1f9ba65d-427c-46ec-9d03-63cc2c97ef28
2026-06-23 19:51:57.494 10 INFO neutron.wsgi [req-65221145-95ad-4d50-a95a-cc0742f8097a req-51cd6610-bda9-4b20-9ad9-7d91c9d3dcee 903e8d0da4094b0d8112b3f1e60f3fc5 1972507cc45644b2a8c4621c129e089b - - default default] 10.0.0.195 "GET /v2.0/security-groups?id=59c4503d-c086-45e3-bc5c-6aaeced1d335&fields=id&fields=name HTTP/1.1" status: 200 len: 313 time: 0.0510085
2026-06-23 19:51:57.699 9 INFO neutron.plugins.ml2.drivers.ovn.mech_driver.mech_driver [None req-795fba2b-7bfd-4e92-b3fb-b4f3ec7fd546 - - - - - -] OVN reports status down for port: bc5fdc3f-c300-40d9-af71-373cee1e9b76
2026-06-23 19:51:57.872 9 INFO neutron.wsgi [req-78ca50fd-f07c-42b8-b4f3-9cd8396583ce req-95537a91-d7b8-45fb-9a10-a046a7ed3859 903e8d0da4094b0d8112b3f1e60f3fc5 1972507cc45644b2a8c4621c129e089b - - default default] 199.204.45.3 "GET /v2.0/ports?device_id=4879145c-1610-4ae4-a8ff-4a10a9225b8e HTTP/1.1" status: 200 len: 1168 time: 0.1527472
2026-06-23 19:51:57.879 10 INFO neutron.wsgi [req-2621ad2d-2b68-4ebf-9f61-e863b3c67c76 req-53e162ad-a5e0-4109-b6b6-8d50ccb714db d5bc9706bc384242a88115606a98c26b 6bcbadcb9cbd463d9d57b9f20161b3c3 - - default default] 10.0.0.195 "GET /v2.0/ports?device_id=7c99dc8f-346f-4aca-9466-dc9cbdeeab1d HTTP/1.1" status: 200 len: 1174 time: 0.2640364
2026-06-23 19:51:57.940 10 INFO neutron.wsgi [req-2621ad2d-2b68-4ebf-9f61-e863b3c67c76 req-a4260805-cab6-47ac-9b10-4258bb360acd d5bc9706bc384242a88115606a98c26b 6bcbadcb9cbd463d9d57b9f20161b3c3 - - default default] 10.0.0.195 "GET /v2.0/security-groups?id=52287099-07b8-4fee-8568-d1be4f28ea51&fields=id&fields=name HTTP/1.1" status: 200 len: 312 time: 0.0525041
2026-06-23 19:51:57.986 10 INFO neutron.db.ovn_revision_numbers_db [None req-255234ed-5436-4377-84db-ace65d1cfd18 - - - - - -] Successfully bumped revision number for resource 1f9ba65d-427c-46ec-9d03-63cc2c97ef28 (type: ports) to 5
2026-06-23 19:51:58.023 10 INFO neutron.wsgi [req-e58f0ad4-040c-4f87-9e76-5901524147e6 req-72c48007-1c6f-4e48-a8bf-f0303d7604f2 d5bc9706bc384242a88115606a98c26b 6bcbadcb9cbd463d9d57b9f20161b3c3 - - default default] 199.204.45.3 "GET /v2.0/ports?device_id=7c99dc8f-346f-4aca-9466-dc9cbdeeab1d HTTP/1.1" status: 200 len: 1172 time: 0.0350525
2026-06-23 19:51:58.187 9 INFO neutron.db.ovn_revision_numbers_db [None req-795fba2b-7bfd-4e92-b3fb-b4f3ec7fd546 - - - - - -] Successfully bumped revision number for resource bc5fdc3f-c300-40d9-af71-373cee1e9b76 (type: ports) to 7
2026-06-23 19:51:58.283 9 INFO neutron.db.l3_db [req-78ca50fd-f07c-42b8-b4f3-9cd8396583ce req-4e9e22a7-b084-4f6a-8b28-ab1039f62dae 903e8d0da4094b0d8112b3f1e60f3fc5 1972507cc45644b2a8c4621c129e089b - - default default] Floating IP 58d9c741-aa13-4245-ba06-8beffa1848dc disassociated. External IP: 10.96.250.219, port: 1f9ba65d-427c-46ec-9d03-63cc2c97ef28.
2026-06-23 19:51:58.420 10 INFO neutron.db.l3_db [req-e58f0ad4-040c-4f87-9e76-5901524147e6 req-5008639a-7cf1-4ad4-aa4c-d6aaed2efd95 d5bc9706bc384242a88115606a98c26b 6bcbadcb9cbd463d9d57b9f20161b3c3 - - default default] Floating IP 240ed3c8-9113-4e6a-bcc6-64e49a1ac466 disassociated. External IP: 10.96.250.213, port: bc5fdc3f-c300-40d9-af71-373cee1e9b76.
2026-06-23 19:51:58.496 9 INFO neutron.wsgi [req-78ca50fd-f07c-42b8-b4f3-9cd8396583ce req-4e9e22a7-b084-4f6a-8b28-ab1039f62dae 903e8d0da4094b0d8112b3f1e60f3fc5 1972507cc45644b2a8c4621c129e089b - - default default] 199.204.45.3 "DELETE /v2.0/ports/1f9ba65d-427c-46ec-9d03-63cc2c97ef28 HTTP/1.1" status: 204 len: 173 time: 0.6189115 /var/lib/openstack/lib/python3.10/site-packages/pycadf/identifier.py:71: UserWarning: Invalid uuid: neutron. To ensure interoperability, identifiers should be a valid uuid. warnings.warn(('Invalid uuid: %s. To ensure interoperability, '
2026-06-23 19:51:58.587 10 INFO neutron.wsgi [req-163e5a31-2c33-4688-bb2d-80b10862a215 req-e0db161d-988e-49a3-9bba-2ba4b71d938d 903e8d0da4094b0d8112b3f1e60f3fc5 1972507cc45644b2a8c4621c129e089b - - default default] 10.0.0.195 "GET /v2.0/ports?device_id=4879145c-1610-4ae4-a8ff-4a10a9225b8e HTTP/1.1" status: 200 len: 210 time: 0.0320928
2026-06-23 19:51:58.604 10 INFO neutron.notifiers.nova [-] Nova event matching ['req-7bcc1b4f-64cf-4ccb-978c-bc138f10dca1'] response: {'name': 'network-changed', 'server_uuid': '4879145c-1610-4ae4-a8ff-4a10a9225b8e', 'tag': '1f9ba65d-427c-46ec-9d03-63cc2c97ef28', 'status': 'completed', 'code': 200}
2026-06-23 19:51:58.604 10 INFO neutron.notifiers.nova [-] Nova event matching ['req-7bcc1b4f-64cf-4ccb-978c-bc138f10dca1'] response: {'server_uuid': '4879145c-1610-4ae4-a8ff-4a10a9225b8e', 'name': 'network-vif-unplugged', 'status': 'completed', 'tag': '1f9ba65d-427c-46ec-9d03-63cc2c97ef28', 'code': 200}
2026-06-23 19:51:58.604 10 INFO neutron.notifiers.nova [-] Nova event matching ['req-7bcc1b4f-64cf-4ccb-978c-bc138f10dca1'] response: {'server_uuid': '4879145c-1610-4ae4-a8ff-4a10a9225b8e', 'name': 'network-vif-plugged', 'status': 'completed', 'tag': '1f9ba65d-427c-46ec-9d03-63cc2c97ef28', 'code': 200} /var/lib/openstack/lib/python3.10/site-packages/pycadf/identifier.py:71: UserWarning: Invalid uuid: neutron. To ensure interoperability, identifiers should be a valid uuid. warnings.warn(('Invalid uuid: %s. To ensure interoperability, '
2026-06-23 19:51:58.633 9 INFO neutron.notifiers.nova [-] Nova event matching ['req-72e86721-31d8-4867-980f-2b5ac622daed'] response: {'server_uuid': '7c99dc8f-346f-4aca-9466-dc9cbdeeab1d', 'name': 'network-vif-unplugged', 'status': 'completed', 'tag': 'bc5fdc3f-c300-40d9-af71-373cee1e9b76', 'code': 200}
2026-06-23 19:51:58.633 9 INFO neutron.notifiers.nova [-] Nova event matching ['req-72e86721-31d8-4867-980f-2b5ac622daed'] response: {'server_uuid': '7c99dc8f-346f-4aca-9466-dc9cbdeeab1d', 'name': 'network-vif-plugged', 'status': 'completed', 'tag': 'bc5fdc3f-c300-40d9-af71-373cee1e9b76', 'code': 200}
2026-06-23 19:51:58.633 9 INFO neutron.notifiers.nova [-] Nova event matching ['req-72e86721-31d8-4867-980f-2b5ac622daed'] response: {'server_uuid': '4879145c-1610-4ae4-a8ff-4a10a9225b8e', 'name': 'network-vif-deleted', 'tag': '1f9ba65d-427c-46ec-9d03-63cc2c97ef28', 'status': 'completed', 'code': 200}
2026-06-23 19:51:58.644 9 INFO neutron.wsgi [req-cdd5d4c8-2bc1-4558-934f-e41b5f812eab req-0718fd28-3fa6-42e6-a8c8-e29bc38f438d 39537b15b6f64acc8738842b08f06cb9 e2d8cef52b21446aa0a6796a1833aab2 - - 6eb6ce9b6118458484f4d70dda1ea4c6 6eb6ce9b6118458484f4d70dda1ea4c6] 199.204.45.3 "GET /v2.0/ports?tenant_id=1972507cc45644b2a8c4621c129e089b&device_id=4879145c-1610-4ae4-a8ff-4a10a9225b8e HTTP/1.1" status: 200 len: 210 time: 0.0252662
2026-06-23 19:51:58.679 10 INFO neutron.wsgi [req-e58f0ad4-040c-4f87-9e76-5901524147e6 req-5008639a-7cf1-4ad4-aa4c-d6aaed2efd95 d5bc9706bc384242a88115606a98c26b 6bcbadcb9cbd463d9d57b9f20161b3c3 - - default default] 199.204.45.3 "DELETE /v2.0/ports/bc5fdc3f-c300-40d9-af71-373cee1e9b76 HTTP/1.1" status: 204 len: 173 time: 0.6509273
2026-06-23 19:51:58.962 9 INFO neutron.wsgi [req-cdd5d4c8-2bc1-4558-934f-e41b5f812eab req-d2e9843a-9f15-4ea3-8ce5-7f9bffce6cf3 39537b15b6f64acc8738842b08f06cb9 e2d8cef52b21446aa0a6796a1833aab2 - - 6eb6ce9b6118458484f4d70dda1ea4c6 6eb6ce9b6118458484f4d70dda1ea4c6] 199.204.45.3 "GET /v2.0/networks?tenant_id=1972507cc45644b2a8c4621c129e089b&shared=False HTTP/1.1" status: 200 len: 978 time: 0.3102882
2026-06-23 19:51:59.073 10 INFO neutron.wsgi [req-a3ed1bd7-f8c1-48c1-b9a1-01689f06fe6b req-4548cca9-7df6-4671-9efe-03d8ecb1fe63 d5bc9706bc384242a88115606a98c26b 6bcbadcb9cbd463d9d57b9f20161b3c3 - - default default] 10.0.0.195 "GET /v2.0/ports?device_id=7c99dc8f-346f-4aca-9466-dc9cbdeeab1d HTTP/1.1" status: 200 len: 210 time: 0.0291970
2026-06-23 19:51:59.105 9 INFO neutron.wsgi [req-cdd5d4c8-2bc1-4558-934f-e41b5f812eab req-5bd2fea0-1616-48d4-9ed4-1ce7b9eeaec7 39537b15b6f64acc8738842b08f06cb9 e2d8cef52b21446aa0a6796a1833aab2 - - 6eb6ce9b6118458484f4d70dda1ea4c6 6eb6ce9b6118458484f4d70dda1ea4c6] 199.204.45.3 "GET /v2.0/networks?shared=True HTTP/1.1" status: 200 len: 952 time: 0.1295483
2026-06-23 19:51:59.717 10 INFO neutron.db.ovn_revision_numbers_db [None req-a4e2e9a1-4147-4b04-baee-03560f12c4cf 6f22c35928494171891429412d0878a7 961d8885eda1406b87c01267346839e8 - - default default] Successfully bumped revision number for resource 678ae1c0-9ab5-429b-8e00-87406a3fc6af (type: security_groups) to 1
2026-06-23 19:51:59.733 10 INFO neutron.db.ovn_revision_numbers_db [None req-a4e2e9a1-4147-4b04-baee-03560f12c4cf 6f22c35928494171891429412d0878a7 961d8885eda1406b87c01267346839e8 - - default default] Successfully bumped revision number for resource 716b167c-e728-4906-886e-2525e21db382 (type: security_group_rules) to 0
2026-06-23 19:51:59.751 10 INFO neutron.db.ovn_revision_numbers_db [None req-a4e2e9a1-4147-4b04-baee-03560f12c4cf 6f22c35928494171891429412d0878a7 961d8885eda1406b87c01267346839e8 - - default default] Successfully bumped revision number for resource 895a2fc7-2f53-47b0-94b5-a019caa1727f (type: security_group_rules) to 0
2026-06-23 19:51:59.768 10 INFO neutron.db.ovn_revision_numbers_db [None req-a4e2e9a1-4147-4b04-baee-03560f12c4cf 6f22c35928494171891429412d0878a7 961d8885eda1406b87c01267346839e8 - - default default] Successfully bumped revision number for resource d9a165f8-70c5-481c-9194-8a8dc3269ed4 (type: security_group_rules) to 0
2026-06-23 19:51:59.780 10 INFO neutron.db.ovn_revision_numbers_db [None req-a4e2e9a1-4147-4b04-baee-03560f12c4cf 6f22c35928494171891429412d0878a7 961d8885eda1406b87c01267346839e8 - - default default] Successfully bumped revision number for resource e0d23d4e-f327-463d-a4aa-e9beb4ab13e8 (type: security_group_rules) to 0
2026-06-23 19:51:59.809 10 INFO neutron.wsgi [None req-a4e2e9a1-4147-4b04-baee-03560f12c4cf 6f22c35928494171891429412d0878a7 961d8885eda1406b87c01267346839e8 - - default default] 10.0.0.134 "GET /v2.0/security-groups?tenant_id=ea69acf6f1d2446d830050d1a138547d&name=default HTTP/1.1" status: 200 len: 2996 time: 0.3846827
2026-06-23 19:51:59.836 10 INFO neutron.wsgi [None req-fe5c5e20-70a6-481f-828b-ef2a4df4dc40 903e8d0da4094b0d8112b3f1e60f3fc5 1972507cc45644b2a8c4621c129e089b - - default default] 10.0.0.134 "DELETE /v2.0/security-groups/59c4503d-c086-45e3-bc5c-6aaeced1d335 HTTP/1.1" status: 204 len: 168 time: 0.1587183
2026-06-23 19:51:59.854 9 INFO neutron.api.v2.resource [None req-f5338122-d132-4afd-90ed-0156de349d64 903e8d0da4094b0d8112b3f1e60f3fc5 1972507cc45644b2a8c4621c129e089b - - default default] show failed (client error): The resource could not be found.
2026-06-23 19:51:59.856 9 INFO neutron.wsgi [None req-f5338122-d132-4afd-90ed-0156de349d64 903e8d0da4094b0d8112b3f1e60f3fc5 1972507cc45644b2a8c4621c129e089b - - default default] 10.0.0.134 "GET /v2.0/security-groups/59c4503d-c086-45e3-bc5c-6aaeced1d335 HTTP/1.1" status: 404 len: 347 time: 0.0142829
2026-06-23 19:52:00.019 10 INFO neutron.wsgi [None req-f9ff1e9b-6d25-49b8-86f4-1eb57c792b58 6f22c35928494171891429412d0878a7 961d8885eda1406b87c01267346839e8 - - default default] 10.0.0.134 "DELETE /v2.0/security-groups/678ae1c0-9ab5-429b-8e00-87406a3fc6af HTTP/1.1" status: 204 len: 168 time: 0.2049618
2026-06-23 19:52:00.238 9 INFO neutron.wsgi [None req-5da995c7-38fc-4932-9f2e-2c3452b8ce19 903e8d0da4094b0d8112b3f1e60f3fc5 1972507cc45644b2a8c4621c129e089b - - default default] 10.0.0.134 "DELETE /v2.0/floatingips/58d9c741-aa13-4245-ba06-8beffa1848dc HTTP/1.1" status: 204 len: 168 time: 0.3767173
2026-06-23 19:52:00.279 10 INFO neutron.db.ovn_revision_numbers_db [None req-6dca2a6a-8aa8-425f-a158-ef9c7f191ecb 6f22c35928494171891429412d0878a7 961d8885eda1406b87c01267346839e8 - - default default] Successfully bumped revision number for resource 0dfffeb3-8ebc-4113-a601-6ccecb0a933d (type: security_groups) to 1
2026-06-23 19:52:00.295 10 INFO neutron.db.ovn_revision_numbers_db [None req-6dca2a6a-8aa8-425f-a158-ef9c7f191ecb 6f22c35928494171891429412d0878a7 961d8885eda1406b87c01267346839e8 - - default default] Successfully bumped revision number for resource 006d8d3e-988f-42d5-97ff-553bc1a45af4 (type: security_group_rules) to 0
2026-06-23 19:52:00.311 10 INFO neutron.db.ovn_revision_numbers_db [None req-6dca2a6a-8aa8-425f-a158-ef9c7f191ecb 6f22c35928494171891429412d0878a7 961d8885eda1406b87c01267346839e8 - - default default] Successfully bumped revision number for resource 0dfd037f-fced-44a9-86bc-23f61c7fbe43 (type: security_group_rules) to 0
2026-06-23 19:52:00.316 10 INFO neutron.wsgi [None req-4e328fff-82f2-4c5a-b96d-1a2923213eb9 d5bc9706bc384242a88115606a98c26b 6bcbadcb9cbd463d9d57b9f20161b3c3 - - default default] 10.0.0.134 "DELETE /v2.0/security-groups/52287099-07b8-4fee-8568-d1be4f28ea51 HTTP/1.1" status: 204 len: 168 time: 0.1561937
2026-06-23 19:52:00.329 10 INFO neutron.api.v2.resource [None req-bfb5d47d-62f6-445a-a0fb-5ea44b366a79 d5bc9706bc384242a88115606a98c26b 6bcbadcb9cbd463d9d57b9f20161b3c3 - - default default] show failed (client error): The resource could not be found.
2026-06-23 19:52:00.330 10 INFO neutron.wsgi [None req-bfb5d47d-62f6-445a-a0fb-5ea44b366a79 d5bc9706bc384242a88115606a98c26b 6bcbadcb9cbd463d9d57b9f20161b3c3 - - default default] 10.0.0.134 "GET /v2.0/security-groups/52287099-07b8-4fee-8568-d1be4f28ea51 HTTP/1.1" status: 404 len: 347 time: 0.0104060
2026-06-23 19:52:00.332 10 INFO neutron.db.ovn_revision_numbers_db [None req-6dca2a6a-8aa8-425f-a158-ef9c7f191ecb 6f22c35928494171891429412d0878a7 961d8885eda1406b87c01267346839e8 - - default default] Successfully bumped revision number for resource 6f4b2065-ead2-45e8-9514-b71d46151fdf (type: security_group_rules) to 0
2026-06-23 19:52:00.344 10 INFO neutron.db.ovn_revision_numbers_db [None req-6dca2a6a-8aa8-425f-a158-ef9c7f191ecb 6f22c35928494171891429412d0878a7 961d8885eda1406b87c01267346839e8 - - default default] Successfully bumped revision number for resource 7c7afc38-7885-41f1-8955-ac0d0ef5df13 (type: security_group_rules) to 0
2026-06-23 19:52:00.367 10 INFO neutron.wsgi [None req-6dca2a6a-8aa8-425f-a158-ef9c7f191ecb 6f22c35928494171891429412d0878a7 961d8885eda1406b87c01267346839e8 - - default default] 10.0.0.134 "GET /v2.0/security-groups?tenant_id=d63cc86f1d27435ab9906722c04e87ad&name=default HTTP/1.1" status: 200 len: 2996 time: 0.2349539
2026-06-23 19:52:00.455 10 INFO neutron.wsgi [-] 10.0.0.202 "GET / HTTP/1.1" status: 200 len: 247 time: 0.0012450
2026-06-23 19:52:00.457 10 INFO neutron.wsgi [-] 10.0.0.202 "GET / HTTP/1.1" status: 200 len: 247 time: 0.0015781
2026-06-23 19:52:00.559 10 INFO neutron.wsgi [None req-bea5311a-62c0-4a18-bb55-e967a280ee3c 6f22c35928494171891429412d0878a7 961d8885eda1406b87c01267346839e8 - - default default] 10.0.0.134 "DELETE /v2.0/security-groups/0dfffeb3-8ebc-4113-a601-6ccecb0a933d HTTP/1.1" status: 204 len: 168 time: 0.1865959
2026-06-23 19:52:00.637 10 INFO neutron.notifiers.nova [-] Nova event matching ['req-62944af8-5dee-401f-807c-06e5bd5cc80e'] response: {'server_uuid': '7c99dc8f-346f-4aca-9466-dc9cbdeeab1d', 'name': 'network-vif-deleted', 'tag': 'bc5fdc3f-c300-40d9-af71-373cee1e9b76', 'status': 'completed', 'code': 200}
2026-06-23 19:52:00.866 9 INFO neutron.wsgi [None req-d196c6f0-7d1b-4246-99f0-89b1685365db d5bc9706bc384242a88115606a98c26b 6bcbadcb9cbd463d9d57b9f20161b3c3 - - default default] 10.0.0.134 "DELETE /v2.0/floatingips/240ed3c8-9113-4e6a-bcc6-64e49a1ac466 HTTP/1.1" status: 204 len: 168 time: 0.5310979
2026-06-23 19:52:01.195 10 INFO neutron.wsgi [None req-83a9edbe-5fda-4594-ae14-64c07b81b233 6f22c35928494171891429412d0878a7 961d8885eda1406b87c01267346839e8 - - default default] 10.0.0.226 "GET /v2.0/network-ip-availabilities HTTP/1.1" status: 200 len: 2736 time: 0.1355629
2026-06-23 19:52:01.276 10 INFO neutron.wsgi [None req-ce43747a-7320-47f4-8ff2-f65a764cdd66 6f22c35928494171891429412d0878a7 961d8885eda1406b87c01267346839e8 - - default default] 10.0.0.226 "GET /v2.0/security-groups HTTP/1.1" status: 200 len: 27877 time: 0.0795941
2026-06-23 19:52:01.390 10 INFO neutron.wsgi [None req-f14dab5d-d438-4b62-8d29-754cc37934c8 6f22c35928494171891429412d0878a7 961d8885eda1406b87c01267346839e8 - - default default] 10.0.0.226 "GET /v2.0/ports HTTP/1.1" status: 200 len: 16164 time: 0.1026039
2026-06-23 19:52:01.513 10 INFO neutron.wsgi [None req-17e28380-69b5-4aa9-9bae-556f92ebf79d 6f22c35928494171891429412d0878a7 961d8885eda1406b87c01267346839e8 - - default default] 10.0.0.226 "GET /v2.0/routers HTTP/1.1" status: 200 len: 2222 time: 0.1158023
2026-06-23 19:52:01.545 10 INFO neutron.wsgi [None req-550a2735-9c70-4a9b-921e-0021c4ac44a5 6f22c35928494171891429412d0878a7 961d8885eda1406b87c01267346839e8 - - default default] 10.0.0.226 "GET /v2.0/agents?binary=ovn-controller HTTP/1.1" status: 200 len: 591 time: 0.0298357
2026-06-23 19:52:01.559 10 INFO neutron.wsgi [None req-d857f99a-350e-4e35-9343-5c124f997b3f 6f22c35928494171891429412d0878a7 961d8885eda1406b87c01267346839e8 - - default default] 10.0.0.226 "GET /v2.0/agents HTTP/1.1" status: 200 len: 997 time: 0.0119016
2026-06-23 19:52:01.609 10 INFO neutron.wsgi [None req-13276b42-e6da-4ef2-97c7-1e6415c47a9b 6f22c35928494171891429412d0878a7 961d8885eda1406b87c01267346839e8 - - default default] 10.0.0.226 "GET /v2.0/subnets HTTP/1.1" status: 200 len: 3419 time: 0.0490966
2026-06-23 19:52:01.617 10 INFO neutron.wsgi [None req-383fa081-76b6-4191-a64b-85e602420516 6f22c35928494171891429412d0878a7 961d8885eda1406b87c01267346839e8 - - default default] 10.0.0.226 "GET /v2.0/subnetpools HTTP/1.1" status: 200 len: 193 time: 0.0068805
2026-06-23 19:52:01.711 10 INFO neutron.wsgi [None req-9bdd95df-2622-410b-b250-4f8363b93bb6 6f22c35928494171891429412d0878a7 961d8885eda1406b87c01267346839e8 - - default default] 10.0.0.226 "GET /v2.0/networks HTTP/1.1" status: 200 len: 4644 time: 0.0935268
2026-06-23 19:52:01.752 10 INFO neutron.wsgi [None req-2ec784e1-3656-471b-ab18-44c72712d122 6f22c35928494171891429412d0878a7 961d8885eda1406b87c01267346839e8 - - default default] 10.0.0.226 "GET /v2.0/subnets HTTP/1.1" status: 200 len: 3419 time: 0.0369117
2026-06-23 19:52:01.803 10 INFO neutron.wsgi [None req-857ebfaa-d380-419c-9ce3-5c14503a935b 6f22c35928494171891429412d0878a7 961d8885eda1406b87c01267346839e8 - - default default] 10.0.0.226 "GET /v2.0/floatingips HTTP/1.1" status: 200 len: 1035 time: 0.0496805
2026-06-23 19:52:02.101 9 INFO neutron.wsgi [None req-8530f176-10b1-4d12-88c3-55bc5a70e5be 6f22c35928494171891429412d0878a7 961d8885eda1406b87c01267346839e8 - - default default] 10.0.0.134 "PUT /v2.0/routers/051c1355-92da-4505-9210-3e572e1b1f5b/remove_router_interface HTTP/1.1" status: 200 len: 503 time: 1.8584824 /var/lib/openstack/lib/python3.10/site-packages/pycadf/identifier.py:71: UserWarning: Invalid uuid: neutron. To ensure interoperability, identifiers should be a valid uuid. warnings.warn(('Invalid uuid: %s. To ensure interoperability, '
2026-06-23 19:52:02.896 9 INFO neutron.wsgi [None req-7cef5f3f-3dce-4607-a1ed-8905204bf085 6f22c35928494171891429412d0878a7 961d8885eda1406b87c01267346839e8 - - default default] 10.0.0.134 "PUT /v2.0/routers/3e0eaf78-69d3-4d8d-8e6c-fa4f79e036d8/remove_router_interface HTTP/1.1" status: 200 len: 503 time: 1.9356358 /var/lib/openstack/lib/python3.10/site-packages/pycadf/identifier.py:71: UserWarning: Invalid uuid: neutron. To ensure interoperability, identifiers should be a valid uuid. warnings.warn(('Invalid uuid: %s. To ensure interoperability, '
2026-06-23 19:52:03.378 9 INFO neutron.wsgi [None req-1c07fcd0-ef92-44b3-b890-7dc650b891d4 6f22c35928494171891429412d0878a7 961d8885eda1406b87c01267346839e8 - - default default] 10.0.0.134 "DELETE /v2.0/routers/051c1355-92da-4505-9210-3e572e1b1f5b HTTP/1.1" status: 204 len: 168 time: 1.2730660
2026-06-23 19:52:03.617 9 INFO neutron.wsgi [None req-4fc24fd5-4666-41e0-a5e2-5d29e81a8e16 6f22c35928494171891429412d0878a7 961d8885eda1406b87c01267346839e8 - - default default] 10.0.0.134 "DELETE /v2.0/subnets/ec999a99-2816-4083-b209-65038d2385a9 HTTP/1.1" status: 204 len: 168 time: 0.2339530
2026-06-23 19:52:04.062 9 INFO neutron.wsgi [None req-566a48cb-bc8e-420f-ba7b-0252d99e8a31 6f22c35928494171891429412d0878a7 961d8885eda1406b87c01267346839e8 - - default default] 10.0.0.134 "DELETE /v2.0/routers/3e0eaf78-69d3-4d8d-8e6c-fa4f79e036d8 HTTP/1.1" status: 204 len: 168 time: 1.1607273
2026-06-23 19:52:04.129 9 INFO neutron.services.segments.plugin [-] Segment c0be9f06-107d-409a-99f6-775e4f31aade resource provider aggregate not found
2026-06-23 19:52:04.140 9 INFO neutron.services.segments.plugin [-] Segment c0be9f06-107d-409a-99f6-775e4f31aade resource provider aggregate not found
2026-06-23 19:52:04.162 9 INFO neutron.services.segments.plugin [-] Segment c0be9f06-107d-409a-99f6-775e4f31aade resource provider not found; error: Placement Client Error (4xx): {"errors": [{"status": 404, "title": "Not Found", "detail": "The resource could not be found.\n\n No resource provider with uuid c0be9f06-107d-409a-99f6-775e4f31aade found for delete ", "request_id": "req-9e5dbbfd-b4cf-44e3-8e6b-f16617121d60"}]}
2026-06-23 19:52:04.168 9 INFO neutron.services.segments.plugin [-] Segment c0be9f06-107d-409a-99f6-775e4f31aade resource provider not found; error: Placement Client Error (4xx): {"errors": [{"status": 404, "title": "Not Found", "detail": "The resource could not be found.\n\n No resource provider with uuid c0be9f06-107d-409a-99f6-775e4f31aade found for delete ", "request_id": "req-673c8190-3d6b-4fad-9b38-556a30c9834e"}]}
2026-06-23 19:52:04.215 9 INFO neutron.wsgi [None req-0a03adc5-61da-457b-a23e-45702695879a 6f22c35928494171891429412d0878a7 961d8885eda1406b87c01267346839e8 - - default default] 10.0.0.134 "DELETE /v2.0/networks/31c830c2-9726-4a79-a925-cbf22db35d78 HTTP/1.1" status: 204 len: 168 time: 0.5941768
2026-06-23 19:52:04.289 10 INFO neutron.wsgi [None req-45d01ab3-8536-4cc1-b467-b85331690690 6f22c35928494171891429412d0878a7 961d8885eda1406b87c01267346839e8 - - default default] 10.0.0.134 "DELETE /v2.0/subnets/a0a58e78-d01d-4d7e-b50a-2ca8d7be4440 HTTP/1.1" status: 204 len: 168 time: 0.2173307
2026-06-23 19:52:04.437 9 INFO neutron.wsgi [None req-3b344282-8c66-4312-a962-214bf60667c4 6f22c35928494171891429412d0878a7 961d8885eda1406b87c01267346839e8 - - default default] 10.0.0.134 "GET /v2.0/security-groups?tenant_id=1972507cc45644b2a8c4621c129e089b&name=default HTTP/1.1" status: 200 len: 2996 time: 0.0388880
2026-06-23 19:52:04.618 10 INFO neutron.services.segments.plugin [-] Segment 96219fc0-b985-40c5-9aa9-77fb675d00c2 resource provider aggregate not found
2026-06-23 19:52:04.623 10 INFO neutron.services.segments.plugin [-] Segment 96219fc0-b985-40c5-9aa9-77fb675d00c2 resource provider aggregate not found
2026-06-23 19:52:04.636 10 INFO neutron.services.segments.plugin [-] Segment 96219fc0-b985-40c5-9aa9-77fb675d00c2 resource provider not found; error: Placement Client Error (4xx): {"errors": [{"status": 404, "title": "Not Found", "detail": "The resource could not be found.\n\n No resource provider with uuid 96219fc0-b985-40c5-9aa9-77fb675d00c2 found for delete ", "request_id": "req-6bdfd6cb-85ea-44d0-8ce7-fbd873ee18a5"}]}
2026-06-23 19:52:04.642 9 INFO neutron.wsgi [None req-9648a2c3-7169-4eea-96b0-13e441c967d6 6f22c35928494171891429412d0878a7 961d8885eda1406b87c01267346839e8 - - default default] 10.0.0.134 "DELETE /v2.0/security-groups/96bb17d1-f5a1-48b6-9a96-1709be50e552 HTTP/1.1" status: 204 len: 168 time: 0.1995838
2026-06-23 19:52:04.647 10 INFO neutron.services.segments.plugin [-] Segment 96219fc0-b985-40c5-9aa9-77fb675d00c2 resource provider not found; error: Placement Client Error (4xx): {"errors": [{"status": 404, "title": "Not Found", "detail": "The resource could not be found.\n\n No resource provider with uuid 96219fc0-b985-40c5-9aa9-77fb675d00c2 found for delete ", "request_id": "req-5a65728a-c777-48be-8fbc-59063a520060"}]}
2026-06-23 19:52:04.664 9 INFO neutron.db.ovn_revision_numbers_db [None req-3d00dfc8-42d7-48a1-8c3f-d0a4f84f6e5c 6f22c35928494171891429412d0878a7 961d8885eda1406b87c01267346839e8 - - default default] Successfully bumped revision number for resource e8699244-e544-471d-9ef8-40a70676fa8c (type: security_groups) to 1
2026-06-23 19:52:04.672 10 INFO neutron.wsgi [None req-48990698-8f00-483d-97e1-2229fe51dd72 6f22c35928494171891429412d0878a7 961d8885eda1406b87c01267346839e8 - - default default] 10.0.0.134 "DELETE /v2.0/networks/09f8e451-ca50-4dbf-b14a-afeb88baeabf HTTP/1.1" status: 204 len: 168 time: 0.3762383
2026-06-23 19:52:04.674 9 INFO neutron.db.ovn_revision_numbers_db [None req-3d00dfc8-42d7-48a1-8c3f-d0a4f84f6e5c 6f22c35928494171891429412d0878a7 961d8885eda1406b87c01267346839e8 - - default default] Successfully bumped revision number for resource 029699d8-4c13-4fc4-a759-1ca1d28609c3 (type: security_group_rules) to 0
2026-06-23 19:52:04.685 9 INFO neutron.db.ovn_revision_numbers_db [None req-3d00dfc8-42d7-48a1-8c3f-d0a4f84f6e5c 6f22c35928494171891429412d0878a7 961d8885eda1406b87c01267346839e8 - - default default] Successfully bumped revision number for resource 0b4dc647-3943-4f7e-ab94-3cc28396f960 (type: security_group_rules) to 0
2026-06-23 19:52:04.696 9 INFO neutron.db.ovn_revision_numbers_db [None req-3d00dfc8-42d7-48a1-8c3f-d0a4f84f6e5c 6f22c35928494171891429412d0878a7 961d8885eda1406b87c01267346839e8 - - default default] Successfully bumped revision number for resource 2da132c4-7954-4cbd-aa25-92683d0156b8 (type: security_group_rules) to 0
2026-06-23 19:52:04.711 9 INFO neutron.db.ovn_revision_numbers_db [None req-3d00dfc8-42d7-48a1-8c3f-d0a4f84f6e5c 6f22c35928494171891429412d0878a7 961d8885eda1406b87c01267346839e8 - - default default] Successfully bumped revision number for resource 66a1a784-d142-467c-9705-b60bd87aca26 (type: security_group_rules) to 0
2026-06-23 19:52:04.733 9 INFO neutron.wsgi [None req-3d00dfc8-42d7-48a1-8c3f-d0a4f84f6e5c 6f22c35928494171891429412d0878a7 961d8885eda1406b87c01267346839e8 - - default default] 10.0.0.134 "GET /v2.0/security-groups?tenant_id=4d983bd384644ed8a72b7f4403b8e2a4&name=default HTTP/1.1" status: 200 len: 2996 time: 0.4197612
2026-06-23 19:52:04.809 10 INFO neutron.wsgi [None req-f6450b71-2f96-404b-a972-2473f074966d 6f22c35928494171891429412d0878a7 961d8885eda1406b87c01267346839e8 - - default default] 10.0.0.134 "GET /v2.0/security-groups?tenant_id=6bcbadcb9cbd463d9d57b9f20161b3c3&name=default HTTP/1.1" status: 200 len: 2992 time: 0.0401957
2026-06-23 19:52:04.931 10 INFO neutron.wsgi [None req-aedef5c1-4479-4cf9-8b2f-e7d7692e6582 6f22c35928494171891429412d0878a7 961d8885eda1406b87c01267346839e8 - - default default] 10.0.0.134 "DELETE /v2.0/security-groups/e8699244-e544-471d-9ef8-40a70676fa8c HTTP/1.1" status: 204 len: 168 time: 0.1919043
2026-06-23 19:52:04.999 9 INFO neutron.wsgi [None req-67eb2875-8fcc-4d95-b8b4-22962c1a41c0 6f22c35928494171891429412d0878a7 961d8885eda1406b87c01267346839e8 - - default default] 10.0.0.134 "DELETE /v2.0/security-groups/1995920f-8ed2-4b13-a6d1-a411a1fbef4f HTTP/1.1" status: 204 len: 168 time: 0.1824543
2026-06-23 19:52:05.210 10 INFO neutron.db.ovn_revision_numbers_db [None req-00588bb7-da36-4023-afe0-52b446b8b0e2 6f22c35928494171891429412d0878a7 961d8885eda1406b87c01267346839e8 - - default default] Successfully bumped revision number for resource a6ee030b-e3f8-4191-ad23-114d397b9eed (type: security_groups) to 1
2026-06-23 19:52:05.225 10 INFO neutron.db.ovn_revision_numbers_db [None req-00588bb7-da36-4023-afe0-52b446b8b0e2 6f22c35928494171891429412d0878a7 961d8885eda1406b87c01267346839e8 - - default default] Successfully bumped revision number for resource 103d7dbd-8070-4687-b686-bbda573ca132 (type: security_group_rules) to 0
2026-06-23 19:52:05.240 10 INFO neutron.db.ovn_revision_numbers_db [None req-00588bb7-da36-4023-afe0-52b446b8b0e2 6f22c35928494171891429412d0878a7 961d8885eda1406b87c01267346839e8 - - default default] Successfully bumped revision number for resource 166f1f0c-90b0-42a1-acde-32c2f842dcfd (type: security_group_rules) to 0
2026-06-23 19:52:05.256 10 INFO neutron.db.ovn_revision_numbers_db [None req-00588bb7-da36-4023-afe0-52b446b8b0e2 6f22c35928494171891429412d0878a7 961d8885eda1406b87c01267346839e8 - - default default] Successfully bumped revision number for resource 2ebd6f58-b62d-424b-8cfb-80d299d7e53b (type: security_group_rules) to 0
2026-06-23 19:52:05.273 10 INFO neutron.db.ovn_revision_numbers_db [None req-00588bb7-da36-4023-afe0-52b446b8b0e2 6f22c35928494171891429412d0878a7 961d8885eda1406b87c01267346839e8 - - default default] Successfully bumped revision number for resource 51e991df-db91-4c5e-be5b-908dd65f8f6d (type: security_group_rules) to 0
2026-06-23 19:52:05.297 10 INFO neutron.wsgi [None req-00588bb7-da36-4023-afe0-52b446b8b0e2 6f22c35928494171891429412d0878a7 961d8885eda1406b87c01267346839e8 - - default default] 10.0.0.134 "GET /v2.0/security-groups?tenant_id=8d2a0f03298e4ac1bbdc8f5016f6cb77&name=default HTTP/1.1" status: 200 len: 2996 time: 0.1823311
2026-06-23 19:52:05.503 10 INFO neutron.wsgi [None req-bd9baa8f-5faf-468c-bf85-2a05ad680cda 6f22c35928494171891429412d0878a7 961d8885eda1406b87c01267346839e8 - - default default] 10.0.0.134 "DELETE /v2.0/security-groups/a6ee030b-e3f8-4191-ad23-114d397b9eed HTTP/1.1" status: 204 len: 168 time: 0.2029212
2026-06-23 19:52:06.632 10 INFO neutron.db.ovn_revision_numbers_db [None req-26028732-a6cc-4aa7-a185-581194b9b566 6f22c35928494171891429412d0878a7 961d8885eda1406b87c01267346839e8 - - default default] Successfully bumped revision number for resource dc3a385c-884c-4289-97b5-a8ab1b6f4888 (type: security_groups) to 1
2026-06-23 19:52:06.645 10 INFO neutron.db.ovn_revision_numbers_db [None req-26028732-a6cc-4aa7-a185-581194b9b566 6f22c35928494171891429412d0878a7 961d8885eda1406b87c01267346839e8 - - default default] Successfully bumped revision number for resource 2373155d-3ebb-4567-a734-f37d36757a61 (type: security_group_rules) to 0
2026-06-23 19:52:06.658 10 INFO neutron.db.ovn_revision_numbers_db [None req-26028732-a6cc-4aa7-a185-581194b9b566 6f22c35928494171891429412d0878a7 961d8885eda1406b87c01267346839e8 - - default default] Successfully bumped revision number for resource 8b9c63a2-8794-4c7f-9ae0-25018877b3ab (type: security_group_rules) to 0
2026-06-23 19:52:06.675 10 INFO neutron.db.ovn_revision_numbers_db [None req-26028732-a6cc-4aa7-a185-581194b9b566 6f22c35928494171891429412d0878a7 961d8885eda1406b87c01267346839e8 - - default default] Successfully bumped revision number for resource aba1ec13-9721-4725-80fe-2f7ff0803cf6 (type: security_group_rules) to 0
2026-06-23 19:52:06.690 10 INFO neutron.db.ovn_revision_numbers_db [None req-26028732-a6cc-4aa7-a185-581194b9b566 6f22c35928494171891429412d0878a7 961d8885eda1406b87c01267346839e8 - - default default] Successfully bumped revision number for resource fb9a5f11-3ce1-48bb-9a40-6e48aa484cd9 (type: security_group_rules) to 0
