2026-06-23 19:55:43.640 9 WARNING neutron.api.rpc.agentnotifiers.dhcp_rpc_agent_api [None req-1be3730d-daa1-49f2-82ab-afd9a7f0cbcd 6f22c35928494171891429412d0878a7 961d8885eda1406b87c01267346839e8 - - default default] Unable to schedule network 18285d39-4b4d-40ec-a96d-9b7768f32664: no agents available; will retry on subsequent port and subnet creation events.
2026-06-23 19:55:43.736 9 INFO neutron.db.ovn_revision_numbers_db [None req-1be3730d-daa1-49f2-82ab-afd9a7f0cbcd 6f22c35928494171891429412d0878a7 961d8885eda1406b87c01267346839e8 - - default default] Successfully bumped revision number for resource 9815b825-391c-4295-8d71-db54ae33b95f (type: ports) to 1
2026-06-23 19:55:43.761 9 INFO neutron.wsgi [None req-1be3730d-daa1-49f2-82ab-afd9a7f0cbcd 6f22c35928494171891429412d0878a7 961d8885eda1406b87c01267346839e8 - - default default] 10.0.0.134 "POST /v2.0/networks HTTP/1.1" status: 201 len: 942 time: 0.8837800
2026-06-23 19:55:43.940 9 WARNING neutron.scheduler.dhcp_agent_scheduler [None req-e85fa6ad-337d-4ad4-96e2-ee15ba0c1239 6f22c35928494171891429412d0878a7 961d8885eda1406b87c01267346839e8 - - default default] No more DHCP agents
2026-06-23 19:55:43.941 9 WARNING neutron.api.rpc.agentnotifiers.dhcp_rpc_agent_api [None req-e85fa6ad-337d-4ad4-96e2-ee15ba0c1239 6f22c35928494171891429412d0878a7 961d8885eda1406b87c01267346839e8 - - default default] Unable to schedule network 18285d39-4b4d-40ec-a96d-9b7768f32664: no agents available; will retry on subsequent port and subnet creation events.
2026-06-23 19:55:44.453 9 INFO neutron.db.ovn_revision_numbers_db [None req-e85fa6ad-337d-4ad4-96e2-ee15ba0c1239 6f22c35928494171891429412d0878a7 961d8885eda1406b87c01267346839e8 - - default default] Successfully bumped revision number for resource 9815b825-391c-4295-8d71-db54ae33b95f (type: ports) to 2
2026-06-23 19:55:44.500 9 INFO neutron.db.ovn_revision_numbers_db [None req-e85fa6ad-337d-4ad4-96e2-ee15ba0c1239 6f22c35928494171891429412d0878a7 961d8885eda1406b87c01267346839e8 - - default default] Successfully bumped revision number for resource 5a0bb62e-eafa-4c68-bc02-a8f258ed1e11 (type: subnets) to 0
2026-06-23 19:55:44.518 9 INFO neutron.wsgi [req-f62585ff-51af-4e3e-9df4-63918803a4b7 req-41ac02bf-dff1-4112-a63d-60333ce815ec 39537b15b6f64acc8738842b08f06cb9 e2d8cef52b21446aa0a6796a1833aab2 - - 6eb6ce9b6118458484f4d70dda1ea4c6 6eb6ce9b6118458484f4d70dda1ea4c6] 10.0.0.76 "GET /v2.0/ports?device_id=54bcfa2f-595d-48da-aaeb-1214a9f539df HTTP/1.1" status: 200 len: 1642 time: 0.0376554
2026-06-23 19:55:44.520 9 INFO neutron.wsgi [None req-e85fa6ad-337d-4ad4-96e2-ee15ba0c1239 6f22c35928494171891429412d0878a7 961d8885eda1406b87c01267346839e8 - - default default] 10.0.0.134 "POST /v2.0/subnets HTTP/1.1" status: 201 len: 863 time: 0.7529197
2026-06-23 19:55:44.574 9 INFO neutron.wsgi [req-f62585ff-51af-4e3e-9df4-63918803a4b7 req-23758fef-ef65-4f79-ad0e-0a0e8ba1eb93 39537b15b6f64acc8738842b08f06cb9 e2d8cef52b21446aa0a6796a1833aab2 - - 6eb6ce9b6118458484f4d70dda1ea4c6 6eb6ce9b6118458484f4d70dda1ea4c6] 10.0.0.76 "GET /v2.0/security-groups?id=a7bb2092-fada-4cec-9962-29dbdd82ffa5&fields=id&fields=name HTTP/1.1" status: 200 len: 311 time: 0.0418823
2026-06-23 19:55:44.962 9 WARNING neutron.scheduler.dhcp_agent_scheduler [None req-5ecb9f9d-039b-45c5-a375-fe716b11f159 6f22c35928494171891429412d0878a7 961d8885eda1406b87c01267346839e8 - - default default] No more DHCP agents
2026-06-23 19:55:44.972 9 WARNING neutron.api.rpc.agentnotifiers.dhcp_rpc_agent_api [None req-5ecb9f9d-039b-45c5-a375-fe716b11f159 6f22c35928494171891429412d0878a7 961d8885eda1406b87c01267346839e8 - - default default] Unable to schedule network 5ba94b83-72f9-4064-9ccb-c40368783405: no agents available; will retry on subsequent port and subnet creation events.
2026-06-23 19:55:45.166 9 INFO neutron.db.ovn_revision_numbers_db [None req-5ecb9f9d-039b-45c5-a375-fe716b11f159 6f22c35928494171891429412d0878a7 961d8885eda1406b87c01267346839e8 - - default default] Successfully bumped revision number for resource 0286ff69-df5b-4238-b74d-64fcf224ea27 (type: ports) to 1
2026-06-23 19:55:45.455 9 INFO neutron.wsgi [-] 10.0.0.202 "GET / HTTP/1.1" status: 200 len: 247 time: 0.0016108
2026-06-23 19:55:45.456 10 INFO neutron.wsgi [-] 10.0.0.202 "GET / HTTP/1.1" status: 200 len: 247 time: 0.0023561
2026-06-23 19:55:45.750 9 INFO neutron.plugins.ml2.drivers.ovn.mech_driver.mech_driver [None req-795fba2b-7bfd-4e92-b3fb-b4f3ec7fd546 - - - - - -] OVN reports status up for port: 0286ff69-df5b-4238-b74d-64fcf224ea27
2026-06-23 19:55:45.772 9 INFO neutron.plugins.ml2.drivers.ovn.mech_driver.ovsdb.ovsdb_monitor [None req-be82ee03-7bd3-4947-a079-19b44e2df86a - - - - - -] Router c08e5c65-ab7f-43d5-8961-ef8906bbb0bb is bound to host instance
2026-06-23 19:55:45.775 9 INFO neutron.plugins.ml2.plugin [None req-795fba2b-7bfd-4e92-b3fb-b4f3ec7fd546 - - - - - -] Attempt 1 to provision port 0286ff69-df5b-4238-b74d-64fcf224ea27
2026-06-23 19:55:45.800 9 INFO neutron.db.ovn_revision_numbers_db [None req-5ecb9f9d-039b-45c5-a375-fe716b11f159 6f22c35928494171891429412d0878a7 961d8885eda1406b87c01267346839e8 - - default default] Successfully bumped revision number for resource 0286ff69-df5b-4238-b74d-64fcf224ea27 (type: router_ports) to 1
2026-06-23 19:55:46.191 9 INFO neutron.db.ovn_revision_numbers_db [None req-5ecb9f9d-039b-45c5-a375-fe716b11f159 6f22c35928494171891429412d0878a7 961d8885eda1406b87c01267346839e8 - - default default] Successfully bumped revision number for resource c08e5c65-ab7f-43d5-8961-ef8906bbb0bb (type: routers) to 2
2026-06-23 19:55:46.209 9 INFO neutron.wsgi [None req-5ecb9f9d-039b-45c5-a375-fe716b11f159 6f22c35928494171891429412d0878a7 961d8885eda1406b87c01267346839e8 - - default default] 10.0.0.134 "POST /v2.0/routers HTTP/1.1" status: 201 len: 874 time: 1.6844199
2026-06-23 19:55:46.583 9 INFO neutron.db.ovn_revision_numbers_db [None req-be82ee03-7bd3-4947-a079-19b44e2df86a - - - - - -] Successfully bumped revision number for resource 0286ff69-df5b-4238-b74d-64fcf224ea27 (type: ports) to 1
2026-06-23 19:55:46.654 10 WARNING neutron.scheduler.dhcp_agent_scheduler [None req-a832efed-a443-4b89-98bf-8c054a3ee852 6f22c35928494171891429412d0878a7 961d8885eda1406b87c01267346839e8 - - default default] No more DHCP agents
2026-06-23 19:55:46.657 10 WARNING neutron.api.rpc.agentnotifiers.dhcp_rpc_agent_api [None req-a832efed-a443-4b89-98bf-8c054a3ee852 6f22c35928494171891429412d0878a7 961d8885eda1406b87c01267346839e8 - - default default] Unable to schedule network 18285d39-4b4d-40ec-a96d-9b7768f32664: no agents available; will retry on subsequent port and subnet creation events.
2026-06-23 19:55:46.807 9 INFO neutron.db.ovn_revision_numbers_db [None req-be82ee03-7bd3-4947-a079-19b44e2df86a - - - - - -] Successfully bumped revision number for resource 0286ff69-df5b-4238-b74d-64fcf224ea27 (type: router_ports) to 3
2026-06-23 19:55:46.874 10 INFO neutron.db.ovn_revision_numbers_db [None req-a832efed-a443-4b89-98bf-8c054a3ee852 6f22c35928494171891429412d0878a7 961d8885eda1406b87c01267346839e8 - - default default] Successfully bumped revision number for resource acc58123-f91b-4f7a-8450-774f0bfe676d (type: ports) to 1
2026-06-23 19:55:46.991 9 INFO neutron.db.ovn_revision_numbers_db [None req-be82ee03-7bd3-4947-a079-19b44e2df86a - - - - - -] Successfully bumped revision number for resource 0286ff69-df5b-4238-b74d-64fcf224ea27 (type: ports) to 2
2026-06-23 19:55:47.292 9 INFO neutron.db.ovn_revision_numbers_db [None req-be82ee03-7bd3-4947-a079-19b44e2df86a - - - - - -] Successfully bumped revision number for resource 0286ff69-df5b-4238-b74d-64fcf224ea27 (type: ports) to 4
2026-06-23 19:55:47.355 10 INFO neutron.db.ovn_revision_numbers_db [None req-a832efed-a443-4b89-98bf-8c054a3ee852 6f22c35928494171891429412d0878a7 961d8885eda1406b87c01267346839e8 - - default default] Successfully bumped revision number for resource acc58123-f91b-4f7a-8450-774f0bfe676d (type: router_ports) to 1
2026-06-23 19:55:47.486 9 INFO neutron.db.ovn_revision_numbers_db [None req-be82ee03-7bd3-4947-a079-19b44e2df86a - - - - - -] Successfully bumped revision number for resource 0286ff69-df5b-4238-b74d-64fcf224ea27 (type: router_ports) to 4
2026-06-23 19:55:47.527 10 INFO neutron.db.ovn_revision_numbers_db [None req-a832efed-a443-4b89-98bf-8c054a3ee852 6f22c35928494171891429412d0878a7 961d8885eda1406b87c01267346839e8 - - default default] Successfully bumped revision number for resource acc58123-f91b-4f7a-8450-774f0bfe676d (type: ports) to 1
2026-06-23 19:55:47.602 10 WARNING neutron.scheduler.dhcp_agent_scheduler [None req-a832efed-a443-4b89-98bf-8c054a3ee852 6f22c35928494171891429412d0878a7 961d8885eda1406b87c01267346839e8 - - default default] No more DHCP agents
2026-06-23 19:55:47.604 10 WARNING neutron.api.rpc.agentnotifiers.dhcp_rpc_agent_api [None req-a832efed-a443-4b89-98bf-8c054a3ee852 6f22c35928494171891429412d0878a7 961d8885eda1406b87c01267346839e8 - - default default] Unable to schedule network 18285d39-4b4d-40ec-a96d-9b7768f32664: no agents available; will retry on subsequent port and subnet creation events.
2026-06-23 19:55:48.722 10 INFO neutron.db.ovn_revision_numbers_db [None req-a832efed-a443-4b89-98bf-8c054a3ee852 6f22c35928494171891429412d0878a7 961d8885eda1406b87c01267346839e8 - - default default] Successfully bumped revision number for resource acc58123-f91b-4f7a-8450-774f0bfe676d (type: router_ports) to 1
2026-06-23 19:55:48.725 10 INFO neutron.wsgi [None req-a832efed-a443-4b89-98bf-8c054a3ee852 6f22c35928494171891429412d0878a7 961d8885eda1406b87c01267346839e8 - - default default] 10.0.0.134 "PUT /v2.0/routers/c08e5c65-ab7f-43d5-8961-ef8906bbb0bb/add_router_interface HTTP/1.1" status: 200 len: 503 time: 2.5107872
2026-06-23 19:55:48.925 9 INFO neutron.plugins.ml2.drivers.ovn.mech_driver.mech_driver [None req-795fba2b-7bfd-4e92-b3fb-b4f3ec7fd546 - - - - - -] OVN reports status up for port: acc58123-f91b-4f7a-8450-774f0bfe676d
2026-06-23 19:55:48.933 9 INFO neutron.plugins.ml2.plugin [None req-795fba2b-7bfd-4e92-b3fb-b4f3ec7fd546 - - - - - -] Attempt 1 to provision port acc58123-f91b-4f7a-8450-774f0bfe676d
2026-06-23 19:55:49.234 9 INFO neutron.db.ovn_revision_numbers_db [None req-795fba2b-7bfd-4e92-b3fb-b4f3ec7fd546 - - - - - -] Successfully bumped revision number for resource acc58123-f91b-4f7a-8450-774f0bfe676d (type: ports) to 2
2026-06-23 19:55:49.312 9 INFO neutron.db.ovn_revision_numbers_db [None req-795fba2b-7bfd-4e92-b3fb-b4f3ec7fd546 - - - - - -] Successfully bumped revision number for resource acc58123-f91b-4f7a-8450-774f0bfe676d (type: router_ports) to 2
2026-06-23 19:55:49.904 10 INFO neutron.db.ovn_revision_numbers_db [None req-74017fd6-d264-4474-839a-feb2dff11edc 6f22c35928494171891429412d0878a7 961d8885eda1406b87c01267346839e8 - - default default] Successfully bumped revision number for resource 2bf82f6d-39e3-46d3-9b9a-450385b60889 (type: security_groups) to 1
2026-06-23 19:55:49.918 10 INFO neutron.db.ovn_revision_numbers_db [None req-74017fd6-d264-4474-839a-feb2dff11edc 6f22c35928494171891429412d0878a7 961d8885eda1406b87c01267346839e8 - - default default] Successfully bumped revision number for resource 60159077-924f-4108-b0af-410554403f50 (type: security_group_rules) to 0
2026-06-23 19:55:49.933 10 INFO neutron.db.ovn_revision_numbers_db [None req-74017fd6-d264-4474-839a-feb2dff11edc 6f22c35928494171891429412d0878a7 961d8885eda1406b87c01267346839e8 - - default default] Successfully bumped revision number for resource 8bf1afe1-b17f-4918-9957-8ae670c6d96d (type: security_group_rules) to 0
2026-06-23 19:55:49.946 10 INFO neutron.db.ovn_revision_numbers_db [None req-74017fd6-d264-4474-839a-feb2dff11edc 6f22c35928494171891429412d0878a7 961d8885eda1406b87c01267346839e8 - - default default] Successfully bumped revision number for resource cccf7599-abbd-49c8-8c88-ad47d7d66ac3 (type: security_group_rules) to 0
2026-06-23 19:55:49.959 10 INFO neutron.db.ovn_revision_numbers_db [None req-74017fd6-d264-4474-839a-feb2dff11edc 6f22c35928494171891429412d0878a7 961d8885eda1406b87c01267346839e8 - - default default] Successfully bumped revision number for resource d5b84f7f-65b6-4396-94d9-0feb49ad69f2 (type: security_group_rules) to 0
2026-06-23 19:55:50.014 10 INFO neutron.db.segments_db [None req-74017fd6-d264-4474-839a-feb2dff11edc 6f22c35928494171891429412d0878a7 961d8885eda1406b87c01267346839e8 - - default default] Added segment f537e3a7-84ca-4bc5-bd6f-6bc6bc2388f9 of type geneve for network ab6c0ddd-9d57-4908-a768-20dac2c4dfc8
2026-06-23 19:55:50.217 10 INFO neutron.db.ovn_revision_numbers_db [None req-74017fd6-d264-4474-839a-feb2dff11edc 6f22c35928494171891429412d0878a7 961d8885eda1406b87c01267346839e8 - - default default] Successfully bumped revision number for resource ab6c0ddd-9d57-4908-a768-20dac2c4dfc8 (type: networks) to 1
2026-06-23 19:55:50.392 10 WARNING neutron.scheduler.dhcp_agent_scheduler [None req-74017fd6-d264-4474-839a-feb2dff11edc 6f22c35928494171891429412d0878a7 961d8885eda1406b87c01267346839e8 - - default default] No more DHCP agents
2026-06-23 19:55:50.394 10 WARNING neutron.api.rpc.agentnotifiers.dhcp_rpc_agent_api [None req-74017fd6-d264-4474-839a-feb2dff11edc 6f22c35928494171891429412d0878a7 961d8885eda1406b87c01267346839e8 - - default default] Unable to schedule network ab6c0ddd-9d57-4908-a768-20dac2c4dfc8: no agents available; will retry on subsequent port and subnet creation events.
2026-06-23 19:55:50.488 10 INFO neutron.db.ovn_revision_numbers_db [None req-74017fd6-d264-4474-839a-feb2dff11edc 6f22c35928494171891429412d0878a7 961d8885eda1406b87c01267346839e8 - - default default] Successfully bumped revision number for resource 5fc4255b-acca-4431-b019-dc284056a1c1 (type: ports) to 1
2026-06-23 19:55:50.512 10 INFO neutron.wsgi [None req-74017fd6-d264-4474-839a-feb2dff11edc 6f22c35928494171891429412d0878a7 961d8885eda1406b87c01267346839e8 - - default default] 10.0.0.134 "POST /v2.0/networks HTTP/1.1" status: 201 len: 943 time: 0.7565737
2026-06-23 19:55:50.675 10 WARNING neutron.scheduler.dhcp_agent_scheduler [None req-42b0ab35-1901-4322-abdc-6a8d301d8cf1 6f22c35928494171891429412d0878a7 961d8885eda1406b87c01267346839e8 - - default default] No more DHCP agents
2026-06-23 19:55:50.677 10 WARNING neutron.api.rpc.agentnotifiers.dhcp_rpc_agent_api [None req-42b0ab35-1901-4322-abdc-6a8d301d8cf1 6f22c35928494171891429412d0878a7 961d8885eda1406b87c01267346839e8 - - default default] Unable to schedule network ab6c0ddd-9d57-4908-a768-20dac2c4dfc8: no agents available; will retry on subsequent port and subnet creation events.
2026-06-23 19:55:51.271 10 INFO neutron.db.ovn_revision_numbers_db [None req-42b0ab35-1901-4322-abdc-6a8d301d8cf1 6f22c35928494171891429412d0878a7 961d8885eda1406b87c01267346839e8 - - default default] Successfully bumped revision number for resource 5fc4255b-acca-4431-b019-dc284056a1c1 (type: ports) to 2
2026-06-23 19:55:51.337 10 INFO neutron.db.ovn_revision_numbers_db [None req-42b0ab35-1901-4322-abdc-6a8d301d8cf1 6f22c35928494171891429412d0878a7 961d8885eda1406b87c01267346839e8 - - default default] Successfully bumped revision number for resource f1d538cb-e277-4e47-b47b-dde8252efb59 (type: subnets) to 0
2026-06-23 19:55:51.350 10 INFO neutron.wsgi [None req-42b0ab35-1901-4322-abdc-6a8d301d8cf1 6f22c35928494171891429412d0878a7 961d8885eda1406b87c01267346839e8 - - default default] 10.0.0.134 "POST /v2.0/subnets HTTP/1.1" status: 201 len: 863 time: 0.8312163
2026-06-23 19:55:51.782 10 WARNING neutron.scheduler.dhcp_agent_scheduler [None req-bcf1538e-190a-4ff7-b1ab-f2dd2c0294ef 6f22c35928494171891429412d0878a7 961d8885eda1406b87c01267346839e8 - - default default] No more DHCP agents
2026-06-23 19:55:51.785 10 WARNING neutron.api.rpc.agentnotifiers.dhcp_rpc_agent_api [None req-bcf1538e-190a-4ff7-b1ab-f2dd2c0294ef 6f22c35928494171891429412d0878a7 961d8885eda1406b87c01267346839e8 - - default default] Unable to schedule network 5ba94b83-72f9-4064-9ccb-c40368783405: no agents available; will retry on subsequent port and subnet creation events.
2026-06-23 19:55:51.877 9 INFO neutron.wsgi [None req-01350fee-292a-4f45-8150-6bab83f17e5c 541ebbc5f436420d8a66edf04db178a8 5c458f7e0f954e20a6b6cb38129667b0 - - default default] 10.0.0.134 "GET /v2.0/subnets/e13255ac-d4d9-4650-8994-b901d5358a39 HTTP/1.1" status: 200 len: 846 time: 0.0364604
2026-06-23 19:55:51.936 10 INFO neutron.db.ovn_revision_numbers_db [None req-bcf1538e-190a-4ff7-b1ab-f2dd2c0294ef 6f22c35928494171891429412d0878a7 961d8885eda1406b87c01267346839e8 - - default default] Successfully bumped revision number for resource 1d615074-2ea8-4dd1-9bec-9bd33ff5cc5b (type: ports) to 1
2026-06-23 19:55:52.699 10 INFO neutron.plugins.ml2.drivers.ovn.mech_driver.mech_driver [None req-255234ed-5436-4377-84db-ace65d1cfd18 - - - - - -] OVN reports status up for port: 1d615074-2ea8-4dd1-9bec-9bd33ff5cc5b
2026-06-23 19:55:52.719 10 INFO neutron.plugins.ml2.drivers.ovn.mech_driver.ovsdb.ovsdb_monitor [None req-4f1edff2-fd6e-49b9-a487-581d6cd2b22c - - - - - -] Router 5747348b-3d6d-45fb-b6d7-a281b4a899f8 is bound to host instance
2026-06-23 19:55:52.733 10 INFO neutron.plugins.ml2.plugin [None req-255234ed-5436-4377-84db-ace65d1cfd18 - - - - - -] Attempt 1 to provision port 1d615074-2ea8-4dd1-9bec-9bd33ff5cc5b
2026-06-23 19:55:52.781 10 INFO neutron.db.ovn_revision_numbers_db [None req-bcf1538e-190a-4ff7-b1ab-f2dd2c0294ef 6f22c35928494171891429412d0878a7 961d8885eda1406b87c01267346839e8 - - default default] Successfully bumped revision number for resource 1d615074-2ea8-4dd1-9bec-9bd33ff5cc5b (type: router_ports) to 1
2026-06-23 19:55:52.897 10 INFO neutron.db.ovn_revision_numbers_db [None req-bcf1538e-190a-4ff7-b1ab-f2dd2c0294ef 6f22c35928494171891429412d0878a7 961d8885eda1406b87c01267346839e8 - - default default] Successfully bumped revision number for resource 5747348b-3d6d-45fb-b6d7-a281b4a899f8 (type: routers) to 2
2026-06-23 19:55:52.922 10 INFO neutron.wsgi [None req-bcf1538e-190a-4ff7-b1ab-f2dd2c0294ef 6f22c35928494171891429412d0878a7 961d8885eda1406b87c01267346839e8 - - default default] 10.0.0.134 "POST /v2.0/routers HTTP/1.1" status: 201 len: 874 time: 1.5663412
2026-06-23 19:55:52.924 9 INFO neutron.wsgi [None req-53f3e3ab-dc0e-4200-beb7-e87e91448df7 6f22c35928494171891429412d0878a7 961d8885eda1406b87c01267346839e8 - - default default] 10.0.0.103 "GET /v2.0/extensions/security-group HTTP/1.1" status: 200 len: 369 time: 0.1721706
2026-06-23 19:55:52.937 9 INFO neutron.wsgi [None req-4341960f-fead-4470-b2d7-d8f047e2fe3d 6f22c35928494171891429412d0878a7 961d8885eda1406b87c01267346839e8 - - default default] 10.0.0.103 "GET /v2.0/extensions/dns-integration HTTP/1.1" status: 200 len: 371 time: 0.0046794
2026-06-23 19:55:52.954 9 INFO neutron.wsgi [None req-9c99af13-6ea2-4c93-9800-a877a0d74b80 6f22c35928494171891429412d0878a7 961d8885eda1406b87c01267346839e8 - - default default] 10.0.0.103 "GET /v2.0/extensions/qos HTTP/1.1" status: 200 len: 365 time: 0.0035853
2026-06-23 19:55:52.978 9 INFO neutron.wsgi [None req-eec443ca-6788-4cea-b00e-c75c416d45e1 6f22c35928494171891429412d0878a7 961d8885eda1406b87c01267346839e8 - - default default] 10.0.0.103 "GET /v2.0/extensions/allowed-address-pairs HTTP/1.1" status: 200 len: 383 time: 0.0044475
2026-06-23 19:55:53.314 10 INFO neutron.db.ovn_revision_numbers_db [None req-4f1edff2-fd6e-49b9-a487-581d6cd2b22c - - - - - -] Successfully bumped revision number for resource 1d615074-2ea8-4dd1-9bec-9bd33ff5cc5b (type: ports) to 1
2026-06-23 19:55:53.430 9 WARNING neutron.scheduler.dhcp_agent_scheduler [None req-d8161afe-9d48-43be-a6a2-e0fe0a5658bd 6f22c35928494171891429412d0878a7 961d8885eda1406b87c01267346839e8 - - default default] No more DHCP agents
2026-06-23 19:55:53.433 9 WARNING neutron.api.rpc.agentnotifiers.dhcp_rpc_agent_api [None req-d8161afe-9d48-43be-a6a2-e0fe0a5658bd 6f22c35928494171891429412d0878a7 961d8885eda1406b87c01267346839e8 - - default default] Unable to schedule network ab6c0ddd-9d57-4908-a768-20dac2c4dfc8: no agents available; will retry on subsequent port and subnet creation events.
2026-06-23 19:55:53.458 9 INFO neutron.wsgi [-] 10.0.0.103 "GET / HTTP/1.1" status: 200 len: 284 time: 0.0030682
2026-06-23 19:55:53.533 10 INFO neutron.wsgi [None req-c3f469c6-65db-4073-9d08-28f11227fd17 f2145ae66ae440a1b76b2598ee1cf878 f7d8c4147bc14cf2a7c7e5e7df542007 - - default default] 10.0.0.103 "GET /v2.0/subnets/e13255ac-d4d9-4650-8994-b901d5358a39 HTTP/1.1" status: 200 len: 833 time: 0.0572596
2026-06-23 19:55:53.546 9 INFO neutron.wsgi [None req-630efe78-619a-4ad6-a66f-6a557f172f6b 6f22c35928494171891429412d0878a7 961d8885eda1406b87c01267346839e8 - - default default] 10.0.0.103 "GET /v2.0/extensions/security-group HTTP/1.1" status: 200 len: 369 time: 0.0069795
2026-06-23 19:55:53.555 9 INFO neutron.wsgi [None req-4d984b74-4f15-45f3-87bc-b528e3ab9f63 6f22c35928494171891429412d0878a7 961d8885eda1406b87c01267346839e8 - - default default] 10.0.0.103 "GET /v2.0/extensions/dns-integration HTTP/1.1" status: 200 len: 371 time: 0.0039673
2026-06-23 19:55:53.564 9 INFO neutron.wsgi [None req-8863c287-b893-463a-8b5c-11532c70b20a 6f22c35928494171891429412d0878a7 961d8885eda1406b87c01267346839e8 - - default default] 10.0.0.103 "GET /v2.0/extensions/qos HTTP/1.1" status: 200 len: 365 time: 0.0042880
2026-06-23 19:55:53.572 9 INFO neutron.wsgi [None req-5df4a2a9-ccea-4956-a6fb-44b338bf53ac 6f22c35928494171891429412d0878a7 961d8885eda1406b87c01267346839e8 - - default default] 10.0.0.103 "GET /v2.0/extensions/allowed-address-pairs HTTP/1.1" status: 200 len: 383 time: 0.0031614
2026-06-23 19:55:53.592 10 INFO neutron.db.ovn_revision_numbers_db [None req-4f1edff2-fd6e-49b9-a487-581d6cd2b22c - - - - - -] Successfully bumped revision number for resource 1d615074-2ea8-4dd1-9bec-9bd33ff5cc5b (type: router_ports) to 3
2026-06-23 19:55:53.617 9 INFO neutron.wsgi [None req-c8d7f719-fc37-4afe-91ba-00cac5e533bc 6f22c35928494171891429412d0878a7 961d8885eda1406b87c01267346839e8 - - default default] 10.0.0.103 "GET /v2.0/subnets/e13255ac-d4d9-4650-8994-b901d5358a39 HTTP/1.1" status: 200 len: 851 time: 0.0386598
2026-06-23 19:55:53.622 9 INFO neutron.db.ovn_revision_numbers_db [None req-d8161afe-9d48-43be-a6a2-e0fe0a5658bd 6f22c35928494171891429412d0878a7 961d8885eda1406b87c01267346839e8 - - default default] Successfully bumped revision number for resource a568824e-e7de-4a0b-8076-1d9ed6d31aca (type: ports) to 1
2026-06-23 19:55:53.699 9 INFO neutron.wsgi [None req-6c8e1236-cc52-454b-9af9-06621743613c 6f22c35928494171891429412d0878a7 961d8885eda1406b87c01267346839e8 - - default default] 10.0.0.103 "GET /v2.0/extensions/security-group HTTP/1.1" status: 200 len: 369 time: 0.0078194
2026-06-23 19:55:53.710 9 INFO neutron.wsgi [None req-5b3cda1a-d847-4392-9a80-62042ff6d36f 6f22c35928494171891429412d0878a7 961d8885eda1406b87c01267346839e8 - - default default] 10.0.0.103 "GET /v2.0/extensions/dns-integration HTTP/1.1" status: 200 len: 371 time: 0.0057025
2026-06-23 19:55:53.722 9 INFO neutron.wsgi [None req-3498ab5b-f62e-4d10-8878-7700b86dad3a 6f22c35928494171891429412d0878a7 961d8885eda1406b87c01267346839e8 - - default default] 10.0.0.103 "GET /v2.0/extensions/qos HTTP/1.1" status: 200 len: 365 time: 0.0051551
2026-06-23 19:55:53.741 9 INFO neutron.wsgi [None req-de7125a2-bfe6-46b5-8f1d-c319600350d7 6f22c35928494171891429412d0878a7 961d8885eda1406b87c01267346839e8 - - default default] 10.0.0.103 "GET /v2.0/extensions/allowed-address-pairs HTTP/1.1" status: 200 len: 383 time: 0.0060275
2026-06-23 19:55:53.766 10 INFO neutron.db.ovn_revision_numbers_db [None req-4f1edff2-fd6e-49b9-a487-581d6cd2b22c - - - - - -] Successfully bumped revision number for resource 1d615074-2ea8-4dd1-9bec-9bd33ff5cc5b (type: ports) to 2
2026-06-23 19:55:53.837 9 INFO neutron.wsgi [None req-e32f5427-8364-41dd-88cb-d2f5c5610833 6f22c35928494171891429412d0878a7 961d8885eda1406b87c01267346839e8 - - default default] 10.0.0.103 "GET /v2.0/networks/c19b327c-f79e-49e3-bf4b-908e34c2573c HTTP/1.1" status: 200 len: 1002 time: 0.0871425
2026-06-23 19:55:53.852 9 INFO neutron.wsgi [None req-b8ff2537-348a-4630-a4fd-62d9933029bd 6f22c35928494171891429412d0878a7 961d8885eda1406b87c01267346839e8 - - default default] 10.0.0.103 "GET /v2.0/extensions/project-id HTTP/1.1" status: 200 len: 403 time: 0.0065086
2026-06-23 19:55:54.023 10 INFO neutron.db.ovn_revision_numbers_db [None req-4f1edff2-fd6e-49b9-a487-581d6cd2b22c - - - - - -] Successfully bumped revision number for resource 1d615074-2ea8-4dd1-9bec-9bd33ff5cc5b (type: ports) to 4
2026-06-23 19:55:54.193 9 INFO neutron.db.ovn_revision_numbers_db [None req-d8161afe-9d48-43be-a6a2-e0fe0a5658bd 6f22c35928494171891429412d0878a7 961d8885eda1406b87c01267346839e8 - - default default] Successfully bumped revision number for resource a568824e-e7de-4a0b-8076-1d9ed6d31aca (type: router_ports) to 1
2026-06-23 19:55:54.243 10 INFO neutron.db.ovn_revision_numbers_db [None req-4f1edff2-fd6e-49b9-a487-581d6cd2b22c - - - - - -] Successfully bumped revision number for resource 1d615074-2ea8-4dd1-9bec-9bd33ff5cc5b (type: router_ports) to 4
2026-06-23 19:55:54.523 9 WARNING neutron.scheduler.dhcp_agent_scheduler [None req-6c8afff9-fadd-4d7d-a02c-95f8ae8b7d5f 6f22c35928494171891429412d0878a7 961d8885eda1406b87c01267346839e8 - - default default] No more DHCP agents
2026-06-23 19:55:54.529 9 WARNING neutron.api.rpc.agentnotifiers.dhcp_rpc_agent_api [None req-6c8afff9-fadd-4d7d-a02c-95f8ae8b7d5f 6f22c35928494171891429412d0878a7 961d8885eda1406b87c01267346839e8 - - default default] Unable to schedule network c19b327c-f79e-49e3-bf4b-908e34c2573c: no agents available; will retry on subsequent port and subnet creation events.
2026-06-23 19:55:54.646 9 INFO neutron.db.ovn_revision_numbers_db [None req-d8161afe-9d48-43be-a6a2-e0fe0a5658bd 6f22c35928494171891429412d0878a7 961d8885eda1406b87c01267346839e8 - - default default] Successfully bumped revision number for resource a568824e-e7de-4a0b-8076-1d9ed6d31aca (type: ports) to 1
2026-06-23 19:55:54.746 9 INFO neutron.db.ovn_revision_numbers_db [None req-6c8afff9-fadd-4d7d-a02c-95f8ae8b7d5f 6f22c35928494171891429412d0878a7 961d8885eda1406b87c01267346839e8 - - default default] Successfully bumped revision number for resource 52bfca42-2f39-4b0c-ad6f-1b09cb9aa00b (type: ports) to 1
2026-06-23 19:55:54.758 9 WARNING neutron.scheduler.dhcp_agent_scheduler [None req-d8161afe-9d48-43be-a6a2-e0fe0a5658bd 6f22c35928494171891429412d0878a7 961d8885eda1406b87c01267346839e8 - - default default] No more DHCP agents
2026-06-23 19:55:54.764 9 WARNING neutron.api.rpc.agentnotifiers.dhcp_rpc_agent_api [None req-d8161afe-9d48-43be-a6a2-e0fe0a5658bd 6f22c35928494171891429412d0878a7 961d8885eda1406b87c01267346839e8 - - default default] Unable to schedule network ab6c0ddd-9d57-4908-a768-20dac2c4dfc8: no agents available; will retry on subsequent port and subnet creation events.
2026-06-23 19:55:54.767 9 INFO neutron.wsgi [None req-6c8afff9-fadd-4d7d-a02c-95f8ae8b7d5f 6f22c35928494171891429412d0878a7 961d8885eda1406b87c01267346839e8 - - default default] 10.0.0.103 "POST /v2.0/ports HTTP/1.1" status: 201 len: 1337 time: 0.9045658
2026-06-23 19:55:54.992 10 INFO neutron.plugins.ml2.drivers.ovn.mech_driver.mech_driver [None req-255234ed-5436-4377-84db-ace65d1cfd18 - - - - - -] OVN reports status up for port: a568824e-e7de-4a0b-8076-1d9ed6d31aca
2026-06-23 19:55:55.000 10 INFO neutron.plugins.ml2.plugin [None req-255234ed-5436-4377-84db-ace65d1cfd18 - - - - - -] Attempt 1 to provision port a568824e-e7de-4a0b-8076-1d9ed6d31aca
2026-06-23 19:55:55.305 10 INFO neutron.db.ovn_revision_numbers_db [None req-255234ed-5436-4377-84db-ace65d1cfd18 - - - - - -] Successfully bumped revision number for resource a568824e-e7de-4a0b-8076-1d9ed6d31aca (type: ports) to 2
2026-06-23 19:55:55.323 9 WARNING neutron.plugins.ml2.drivers.ovn.mech_driver.ovsdb.ovn_client [None req-795fba2b-7bfd-4e92-b3fb-b4f3ec7fd546 - - - - - -] No hosting information found for port acc58123-f91b-4f7a-8450-774f0bfe676d: RuntimeError: No hosting information found for port acc58123-f91b-4f7a-8450-774f0bfe676d
2026-06-23 19:55:55.379 10 INFO neutron.db.ovn_revision_numbers_db [None req-255234ed-5436-4377-84db-ace65d1cfd18 - - - - - -] Successfully bumped revision number for resource a568824e-e7de-4a0b-8076-1d9ed6d31aca (type: router_ports) to 2
2026-06-23 19:55:55.499 9 INFO neutron.wsgi [None req-d8161afe-9d48-43be-a6a2-e0fe0a5658bd 6f22c35928494171891429412d0878a7 961d8885eda1406b87c01267346839e8 - - default default] 10.0.0.134 "PUT /v2.0/routers/5747348b-3d6d-45fb-b6d7-a281b4a899f8/add_router_interface HTTP/1.1" status: 200 len: 503 time: 2.5707481
2026-06-23 19:55:56.131 10 WARNING neutron_lib.context [None req-813e00de-70be-4e2c-acaf-576d209c5e54 ab7612cdb77642b4b95bc4b4ed6b476d 3fd32c38d11e4e4c99ca6fe1e2ec1781 - - default default] Method 'is_advsvc' is deprecated since 2023.2 release (neutron-lib 3.8.0) and will be removed once support for the old RBAC API policies will be removed from Neutron. Please use method 'is_service_role' instead.
2026-06-23 19:55:56.256 10 INFO neutron.db.ovn_revision_numbers_db [None req-813e00de-70be-4e2c-acaf-576d209c5e54 ab7612cdb77642b4b95bc4b4ed6b476d 3fd32c38d11e4e4c99ca6fe1e2ec1781 - - default default] Successfully bumped revision number for resource 9b712f8f-e2fb-4a00-ad5d-d5865e1c35d0 (type: security_groups) to 1
2026-06-23 19:55:56.269 10 INFO neutron.db.ovn_revision_numbers_db [None req-813e00de-70be-4e2c-acaf-576d209c5e54 ab7612cdb77642b4b95bc4b4ed6b476d 3fd32c38d11e4e4c99ca6fe1e2ec1781 - - default default] Successfully bumped revision number for resource d5802ed3-a4ac-4c02-997c-f6c478e909e2 (type: security_group_rules) to 0
2026-06-23 19:55:56.281 10 INFO neutron.db.ovn_revision_numbers_db [None req-813e00de-70be-4e2c-acaf-576d209c5e54 ab7612cdb77642b4b95bc4b4ed6b476d 3fd32c38d11e4e4c99ca6fe1e2ec1781 - - default default] Successfully bumped revision number for resource ff0015bc-8f26-4350-916e-5beab73acfeb (type: security_group_rules) to 0
2026-06-23 19:55:56.299 10 INFO neutron.wsgi [None req-813e00de-70be-4e2c-acaf-576d209c5e54 ab7612cdb77642b4b95bc4b4ed6b476d 3fd32c38d11e4e4c99ca6fe1e2ec1781 - - default default] 10.0.0.134 "POST /v2.0/security-groups HTTP/1.1" status: 201 len: 1811 time: 0.1738966
2026-06-23 19:55:56.309 10 WARNING neutron_lib.context [None req-c0ae232a-0a36-4744-aa45-df73d8eb8e39 ab7612cdb77642b4b95bc4b4ed6b476d 3fd32c38d11e4e4c99ca6fe1e2ec1781 - - default default] Method 'is_advsvc' is deprecated since 2023.2 release (neutron-lib 3.8.0) and will be removed once support for the old RBAC API policies will be removed from Neutron. Please use method 'is_service_role' instead.
2026-06-23 19:55:56.423 10 INFO neutron.db.ovn_revision_numbers_db [None req-c0ae232a-0a36-4744-aa45-df73d8eb8e39 ab7612cdb77642b4b95bc4b4ed6b476d 3fd32c38d11e4e4c99ca6fe1e2ec1781 - - default default] Successfully bumped revision number for resource 80df46ad-c5b2-4308-82de-e4108612026c (type: security_group_rules) to 0
2026-06-23 19:55:56.446 10 INFO neutron.wsgi [None req-c0ae232a-0a36-4744-aa45-df73d8eb8e39 ab7612cdb77642b4b95bc4b4ed6b476d 3fd32c38d11e4e4c99ca6fe1e2ec1781 - - default default] 10.0.0.134 "POST /v2.0/security-group-rules HTTP/1.1" status: 201 len: 764 time: 0.1403635
2026-06-23 19:55:56.456 10 WARNING neutron_lib.context [None req-258fe755-12f1-44f0-88b5-99502f1dfabb ab7612cdb77642b4b95bc4b4ed6b476d 3fd32c38d11e4e4c99ca6fe1e2ec1781 - - default default] Method 'is_advsvc' is deprecated since 2023.2 release (neutron-lib 3.8.0) and will be removed once support for the old RBAC API policies will be removed from Neutron. Please use method 'is_service_role' instead.
2026-06-23 19:55:56.561 10 INFO neutron.db.ovn_revision_numbers_db [None req-258fe755-12f1-44f0-88b5-99502f1dfabb ab7612cdb77642b4b95bc4b4ed6b476d 3fd32c38d11e4e4c99ca6fe1e2ec1781 - - default default] Successfully bumped revision number for resource 5153c10d-c5a7-476b-86ab-1092e699192c (type: security_group_rules) to 0
2026-06-23 19:55:56.586 10 INFO neutron.wsgi [None req-258fe755-12f1-44f0-88b5-99502f1dfabb ab7612cdb77642b4b95bc4b4ed6b476d 3fd32c38d11e4e4c99ca6fe1e2ec1781 - - default default] 10.0.0.134 "POST /v2.0/security-group-rules HTTP/1.1" status: 201 len: 763 time: 0.1344254
2026-06-23 19:55:56.595 10 WARNING neutron_lib.context [None req-dca64a18-d1e7-48c7-84bc-24729298fc20 ab7612cdb77642b4b95bc4b4ed6b476d 3fd32c38d11e4e4c99ca6fe1e2ec1781 - - default default] Method 'is_advsvc' is deprecated since 2023.2 release (neutron-lib 3.8.0) and will be removed once support for the old RBAC API policies will be removed from Neutron. Please use method 'is_service_role' instead.
2026-06-23 19:55:56.701 10 INFO neutron.db.ovn_revision_numbers_db [None req-dca64a18-d1e7-48c7-84bc-24729298fc20 ab7612cdb77642b4b95bc4b4ed6b476d 3fd32c38d11e4e4c99ca6fe1e2ec1781 - - default default] Successfully bumped revision number for resource 18065cb9-68aa-40ca-a0c8-2503ffdd180b (type: security_group_rules) to 0
2026-06-23 19:55:56.726 10 INFO neutron.wsgi [None req-dca64a18-d1e7-48c7-84bc-24729298fc20 ab7612cdb77642b4b95bc4b4ed6b476d 3fd32c38d11e4e4c99ca6fe1e2ec1781 - - default default] 10.0.0.134 "POST /v2.0/security-group-rules HTTP/1.1" status: 201 len: 769 time: 0.1353467
2026-06-23 19:55:56.737 10 WARNING neutron_lib.context [None req-ffc58897-0d93-4820-870b-75c1340f92a1 ab7612cdb77642b4b95bc4b4ed6b476d 3fd32c38d11e4e4c99ca6fe1e2ec1781 - - default default] Method 'is_advsvc' is deprecated since 2023.2 release (neutron-lib 3.8.0) and will be removed once support for the old RBAC API policies will be removed from Neutron. Please use method 'is_service_role' instead.
2026-06-23 19:55:56.838 10 INFO neutron.db.ovn_revision_numbers_db [None req-ffc58897-0d93-4820-870b-75c1340f92a1 ab7612cdb77642b4b95bc4b4ed6b476d 3fd32c38d11e4e4c99ca6fe1e2ec1781 - - default default] Successfully bumped revision number for resource 9adb42ea-5a49-4441-8a12-47c611e3a25b (type: security_group_rules) to 0
2026-06-23 19:55:56.860 10 INFO neutron.wsgi [None req-ffc58897-0d93-4820-870b-75c1340f92a1 ab7612cdb77642b4b95bc4b4ed6b476d 3fd32c38d11e4e4c99ca6fe1e2ec1781 - - default default] 10.0.0.134 "POST /v2.0/security-group-rules HTTP/1.1" status: 201 len: 768 time: 0.1282780 /var/lib/openstack/lib/python3.10/site-packages/pycadf/identifier.py:71: UserWarning: Invalid uuid: neutron. To ensure interoperability, identifiers should be a valid uuid. warnings.warn(('Invalid uuid: %s. To ensure interoperability, '
2026-06-23 19:55:56.872 9 WARNING neutron_lib.context [None req-7c0a7b31-0679-4c24-9da8-c0147d69d7cf ab7612cdb77642b4b95bc4b4ed6b476d 3fd32c38d11e4e4c99ca6fe1e2ec1781 - - default default] Method 'is_advsvc' is deprecated since 2023.2 release (neutron-lib 3.8.0) and will be removed once support for the old RBAC API policies will be removed from Neutron. Please use method 'is_service_role' instead.
2026-06-23 19:55:56.909 9 INFO neutron.db.securitygroups_db [None req-7c0a7b31-0679-4c24-9da8-c0147d69d7cf ab7612cdb77642b4b95bc4b4ed6b476d 3fd32c38d11e4e4c99ca6fe1e2ec1781 - - default default] Project 3fd32c38d11e4e4c99ca6fe1e2ec1781 added a security group rule with legacy IPv6 ICMP protocol name icmp, ipv6-icmp should be used instead. It was automatically converted.
2026-06-23 19:55:56.919 10 INFO neutron.wsgi [None req-d2c1dc65-e7eb-49aa-82a4-b031d57d7c4d 6f22c35928494171891429412d0878a7 961d8885eda1406b87c01267346839e8 - - default default] 199.204.45.3 "GET /v2.0/extensions/security-group HTTP/1.1" status: 200 len: 369 time: 0.0531650
2026-06-23 19:55:56.932 10 INFO neutron.wsgi [None req-747c39f5-ce27-413c-9761-95cfa7cf00f7 6f22c35928494171891429412d0878a7 961d8885eda1406b87c01267346839e8 - - default default] 199.204.45.3 "GET /v2.0/extensions/dns-integration HTTP/1.1" status: 200 len: 371 time: 0.0062308
2026-06-23 19:55:56.942 10 INFO neutron.wsgi [None req-824ab09c-4bdc-4e46-b12e-263ed9bc4fe9 6f22c35928494171891429412d0878a7 961d8885eda1406b87c01267346839e8 - - default default] 199.204.45.3 "GET /v2.0/extensions/qos HTTP/1.1" status: 200 len: 365 time: 0.0064170
2026-06-23 19:55:56.951 10 INFO neutron.wsgi [None req-bc60a020-a1b7-49e6-b1e8-1866393f9a3d 6f22c35928494171891429412d0878a7 961d8885eda1406b87c01267346839e8 - - default default] 199.204.45.3 "GET /v2.0/extensions/allowed-address-pairs HTTP/1.1" status: 200 len: 383 time: 0.0055511
2026-06-23 19:55:57.005 10 INFO neutron.wsgi [None req-b39d749e-2e22-4d0f-81fa-c173954caf46 6f22c35928494171891429412d0878a7 961d8885eda1406b87c01267346839e8 - - default default] 199.204.45.3 "GET /v2.0/ports/52bfca42-2f39-4b0c-ad6f-1b09cb9aa00b HTTP/1.1" status: 200 len: 1332 time: 0.0463526
2026-06-23 19:55:57.043 9 INFO neutron.db.ovn_revision_numbers_db [None req-7c0a7b31-0679-4c24-9da8-c0147d69d7cf ab7612cdb77642b4b95bc4b4ed6b476d 3fd32c38d11e4e4c99ca6fe1e2ec1781 - - default default] Successfully bumped revision number for resource 401e5b42-c770-4bee-90e1-0f0d9f85a3c5 (type: security_group_rules) to 0
2026-06-23 19:55:57.082 9 INFO neutron.wsgi [None req-7c0a7b31-0679-4c24-9da8-c0147d69d7cf ab7612cdb77642b4b95bc4b4ed6b476d 3fd32c38d11e4e4c99ca6fe1e2ec1781 - - default default] 10.0.0.134 "POST /v2.0/security-group-rules HTTP/1.1" status: 201 len: 774 time: 0.2154925
2026-06-23 19:55:57.093 9 WARNING neutron_lib.context [None req-3175bd03-51f3-4137-9a2f-ce5d6bdf83d6 ab7612cdb77642b4b95bc4b4ed6b476d 3fd32c38d11e4e4c99ca6fe1e2ec1781 - - default default] Method 'is_advsvc' is deprecated since 2023.2 release (neutron-lib 3.8.0) and will be removed once support for the old RBAC API policies will be removed from Neutron. Please use method 'is_service_role' instead.
2026-06-23 19:55:57.110 9 INFO neutron.db.securitygroups_db [None req-3175bd03-51f3-4137-9a2f-ce5d6bdf83d6 ab7612cdb77642b4b95bc4b4ed6b476d 3fd32c38d11e4e4c99ca6fe1e2ec1781 - - default default] Project 3fd32c38d11e4e4c99ca6fe1e2ec1781 added a security group rule with legacy IPv6 ICMP protocol name icmp, ipv6-icmp should be used instead. It was automatically converted.
2026-06-23 19:55:57.232 9 INFO neutron.db.ovn_revision_numbers_db [None req-3175bd03-51f3-4137-9a2f-ce5d6bdf83d6 ab7612cdb77642b4b95bc4b4ed6b476d 3fd32c38d11e4e4c99ca6fe1e2ec1781 - - default default] Successfully bumped revision number for resource c085064b-e004-4a72-9d78-dcfca4a29e27 (type: security_group_rules) to 0
2026-06-23 19:55:57.259 9 INFO neutron.wsgi [None req-3175bd03-51f3-4137-9a2f-ce5d6bdf83d6 ab7612cdb77642b4b95bc4b4ed6b476d 3fd32c38d11e4e4c99ca6fe1e2ec1781 - - default default] 10.0.0.134 "POST /v2.0/security-group-rules HTTP/1.1" status: 201 len: 773 time: 0.1704395
2026-06-23 19:55:57.273 10 INFO neutron.wsgi [None req-7d240571-6a7d-4f6f-8f80-edaac355c50d 6f22c35928494171891429412d0878a7 961d8885eda1406b87c01267346839e8 - - default default] 199.204.45.3 "GET /v2.0/extensions/security-group HTTP/1.1" status: 200 len: 369 time: 0.0068660
2026-06-23 19:55:57.282 10 INFO neutron.wsgi [None req-0e0e2e90-4494-474a-bb5a-d2d5bb2b72b2 6f22c35928494171891429412d0878a7 961d8885eda1406b87c01267346839e8 - - default default] 199.204.45.3 "GET /v2.0/extensions/dns-integration HTTP/1.1" status: 200 len: 371 time: 0.0045056
2026-06-23 19:55:57.290 10 INFO neutron.wsgi [None req-7cabbe25-cdf4-4231-bfff-58dcf2701b78 6f22c35928494171891429412d0878a7 961d8885eda1406b87c01267346839e8 - - default default] 199.204.45.3 "GET /v2.0/extensions/qos HTTP/1.1" status: 200 len: 365 time: 0.0041213
2026-06-23 19:55:57.298 10 INFO neutron.wsgi [None req-6b184e07-8ba9-4e4b-b849-c42d20b63d54 6f22c35928494171891429412d0878a7 961d8885eda1406b87c01267346839e8 - - default default] 199.204.45.3 "GET /v2.0/extensions/allowed-address-pairs HTTP/1.1" status: 200 len: 383 time: 0.0044866
2026-06-23 19:55:57.321 10 INFO neutron.api.v2.resource [None req-ff76e48d-5f89-42bb-807b-20b34efe3aa1 6f22c35928494171891429412d0878a7 961d8885eda1406b87c01267346839e8 - - default default] show failed (client error): The resource could not be found.
2026-06-23 19:55:57.322 10 INFO neutron.wsgi [None req-ff76e48d-5f89-42bb-807b-20b34efe3aa1 6f22c35928494171891429412d0878a7 961d8885eda1406b87c01267346839e8 - - default default] 199.204.45.3 "GET /v2.0/security-groups/lb-8207df54-ee14-4805-a897-758cb94355d3 HTTP/1.1" status: 404 len: 355 time: 0.0185270
2026-06-23 19:55:57.349 10 INFO neutron.wsgi [None req-42da8d90-218f-4407-a887-185f22d5f887 6f22c35928494171891429412d0878a7 961d8885eda1406b87c01267346839e8 - - default default] 199.204.45.3 "GET /v2.0/security-groups?name=lb-8207df54-ee14-4805-a897-758cb94355d3 HTTP/1.1" status: 200 len: 221 time: 0.0228715
2026-06-23 19:55:57.467 10 INFO neutron.db.ovn_revision_numbers_db [None req-c77ec230-922f-499c-b30f-b4904521ff30 6f22c35928494171891429412d0878a7 961d8885eda1406b87c01267346839e8 - - default default] Successfully bumped revision number for resource 3183a887-354a-4ddc-a237-b35a0d407fd9 (type: security_groups) to 1
2026-06-23 19:55:57.480 10 INFO neutron.db.ovn_revision_numbers_db [None req-c77ec230-922f-499c-b30f-b4904521ff30 6f22c35928494171891429412d0878a7 961d8885eda1406b87c01267346839e8 - - default default] Successfully bumped revision number for resource 2dd7e644-9298-4f29-81e8-381e600ebfa2 (type: security_group_rules) to 0
2026-06-23 19:55:57.494 10 INFO neutron.db.ovn_revision_numbers_db [None req-c77ec230-922f-499c-b30f-b4904521ff30 6f22c35928494171891429412d0878a7 961d8885eda1406b87c01267346839e8 - - default default] Successfully bumped revision number for resource eff3c9f7-5e15-49e7-8087-089203fe1b80 (type: security_group_rules) to 0
2026-06-23 19:55:57.512 10 INFO neutron.wsgi [None req-c77ec230-922f-499c-b30f-b4904521ff30 6f22c35928494171891429412d0878a7 961d8885eda1406b87c01267346839e8 - - default default] 199.204.45.3 "POST /v2.0/security-groups HTTP/1.1" status: 201 len: 1779 time: 0.1580031
2026-06-23 19:55:57.546 10 INFO neutron.wsgi [None req-100f3d28-4498-4a79-9eec-b61da40a2129 6f22c35928494171891429412d0878a7 961d8885eda1406b87c01267346839e8 - - default default] 199.204.45.3 "GET /v2.0/security-group-rules?security_group_id=3183a887-354a-4ddc-a237-b35a0d407fd9 HTTP/1.1" status: 200 len: 1318 time: 0.0284209
2026-06-23 19:55:57.631 9 WARNING neutron_lib.context [None req-46262fdd-f2c4-4a8d-91ac-3a49242a0299 ab7612cdb77642b4b95bc4b4ed6b476d 3fd32c38d11e4e4c99ca6fe1e2ec1781 - - default default] Method 'is_advsvc' is deprecated since 2023.2 release (neutron-lib 3.8.0) and will be removed once support for the old RBAC API policies will be removed from Neutron. Please use method 'is_service_role' instead.
2026-06-23 19:55:57.742 9 INFO neutron.db.ovn_revision_numbers_db [None req-46262fdd-f2c4-4a8d-91ac-3a49242a0299 ab7612cdb77642b4b95bc4b4ed6b476d 3fd32c38d11e4e4c99ca6fe1e2ec1781 - - default default] Successfully bumped revision number for resource 64649ae4-4130-484d-b8a9-b66b81445fcf (type: security_groups) to 1
2026-06-23 19:55:57.756 9 INFO neutron.db.ovn_revision_numbers_db [None req-46262fdd-f2c4-4a8d-91ac-3a49242a0299 ab7612cdb77642b4b95bc4b4ed6b476d 3fd32c38d11e4e4c99ca6fe1e2ec1781 - - default default] Successfully bumped revision number for resource 40b1eb0d-7d7c-4faa-8a67-eed3a837d6d1 (type: security_group_rules) to 0
2026-06-23 19:55:57.769 9 INFO neutron.db.ovn_revision_numbers_db [None req-46262fdd-f2c4-4a8d-91ac-3a49242a0299 ab7612cdb77642b4b95bc4b4ed6b476d 3fd32c38d11e4e4c99ca6fe1e2ec1781 - - default default] Successfully bumped revision number for resource 5fc66823-129d-4a92-ab96-447c29a2c9aa (type: security_group_rules) to 0
2026-06-23 19:55:57.792 9 INFO neutron.wsgi [None req-46262fdd-f2c4-4a8d-91ac-3a49242a0299 ab7612cdb77642b4b95bc4b4ed6b476d 3fd32c38d11e4e4c99ca6fe1e2ec1781 - - default default] 10.0.0.134 "POST /v2.0/security-groups HTTP/1.1" status: 201 len: 1797 time: 0.1662707
2026-06-23 19:55:57.803 9 WARNING neutron_lib.context [None req-1e16caac-dc2f-4dc4-903a-bc36b9ba7139 ab7612cdb77642b4b95bc4b4ed6b476d 3fd32c38d11e4e4c99ca6fe1e2ec1781 - - default default] Method 'is_advsvc' is deprecated since 2023.2 release (neutron-lib 3.8.0) and will be removed once support for the old RBAC API policies will be removed from Neutron. Please use method 'is_service_role' instead.
2026-06-23 19:55:57.937 9 INFO neutron.db.ovn_revision_numbers_db [None req-1e16caac-dc2f-4dc4-903a-bc36b9ba7139 ab7612cdb77642b4b95bc4b4ed6b476d 3fd32c38d11e4e4c99ca6fe1e2ec1781 - - default default] Successfully bumped revision number for resource d3ecefea-a856-48c0-a60d-0c21a88dd84c (type: security_group_rules) to 0
2026-06-23 19:55:57.961 9 INFO neutron.wsgi [None req-1e16caac-dc2f-4dc4-903a-bc36b9ba7139 ab7612cdb77642b4b95bc4b4ed6b476d 3fd32c38d11e4e4c99ca6fe1e2ec1781 - - default default] 10.0.0.134 "POST /v2.0/security-group-rules HTTP/1.1" status: 201 len: 764 time: 0.1625032
2026-06-23 19:55:57.962 10 INFO neutron.db.ovn_revision_numbers_db [None req-dbb85d6e-b4b7-49ca-b3b8-2d8b37b262c0 6f22c35928494171891429412d0878a7 961d8885eda1406b87c01267346839e8 - - default default] Successfully bumped revision number for resource 52bfca42-2f39-4b0c-ad6f-1b09cb9aa00b (type: ports) to 2
2026-06-23 19:55:57.971 9 WARNING neutron_lib.context [None req-d91a9872-24f3-45f6-8232-c21c2fbd2daf ab7612cdb77642b4b95bc4b4ed6b476d 3fd32c38d11e4e4c99ca6fe1e2ec1781 - - default default] Method 'is_advsvc' is deprecated since 2023.2 release (neutron-lib 3.8.0) and will be removed once support for the old RBAC API policies will be removed from Neutron. Please use method 'is_service_role' instead.
2026-06-23 19:55:57.972 10 INFO neutron.wsgi [None req-dbb85d6e-b4b7-49ca-b3b8-2d8b37b262c0 6f22c35928494171891429412d0878a7 961d8885eda1406b87c01267346839e8 - - default default] 199.204.45.3 "PUT /v2.0/ports/52bfca42-2f39-4b0c-ad6f-1b09cb9aa00b HTTP/1.1" status: 200 len: 1332 time: 0.4152377 /var/lib/openstack/lib/python3.10/site-packages/pycadf/identifier.py:71: UserWarning: Invalid uuid: neutron. To ensure interoperability, identifiers should be a valid uuid. warnings.warn(('Invalid uuid: %s. To ensure interoperability, '
2026-06-23 19:55:58.045 10 INFO neutron.wsgi [None req-48479387-25db-4047-865f-734012e61ccb 6f22c35928494171891429412d0878a7 961d8885eda1406b87c01267346839e8 - - default default] 199.204.45.3 "GET /v2.0/extensions/security-group HTTP/1.1" status: 200 len: 369 time: 0.0085771
2026-06-23 19:55:58.064 10 INFO neutron.wsgi [None req-37b8ecfc-4b85-4413-a3b8-e4bbddc6b3d9 6f22c35928494171891429412d0878a7 961d8885eda1406b87c01267346839e8 - - default default] 199.204.45.3 "GET /v2.0/extensions/dns-integration HTTP/1.1" status: 200 len: 371 time: 0.0065441
2026-06-23 19:55:58.074 10 INFO neutron.wsgi [None req-394fa711-4970-46af-bf37-9c6c5ca986bf 6f22c35928494171891429412d0878a7 961d8885eda1406b87c01267346839e8 - - default default] 199.204.45.3 "GET /v2.0/extensions/qos HTTP/1.1" status: 200 len: 365 time: 0.0053787
2026-06-23 19:55:58.085 10 INFO neutron.wsgi [None req-dd032713-9a2b-4e3d-a0c0-f75f155a4d29 6f22c35928494171891429412d0878a7 961d8885eda1406b87c01267346839e8 - - default default] 199.204.45.3 "GET /v2.0/extensions/allowed-address-pairs HTTP/1.1" status: 200 len: 383 time: 0.0038567
2026-06-23 19:55:58.108 9 INFO neutron.db.ovn_revision_numbers_db [None req-d91a9872-24f3-45f6-8232-c21c2fbd2daf ab7612cdb77642b4b95bc4b4ed6b476d 3fd32c38d11e4e4c99ca6fe1e2ec1781 - - default default] Successfully bumped revision number for resource 44f59097-adc1-428e-be4c-6beb50216ae3 (type: security_group_rules) to 0
2026-06-23 19:55:58.133 9 INFO neutron.wsgi [None req-d91a9872-24f3-45f6-8232-c21c2fbd2daf ab7612cdb77642b4b95bc4b4ed6b476d 3fd32c38d11e4e4c99ca6fe1e2ec1781 - - default default] 10.0.0.134 "POST /v2.0/security-group-rules HTTP/1.1" status: 201 len: 769 time: 0.1672614
2026-06-23 19:55:58.135 10 INFO neutron.wsgi [None req-22e4b461-fc82-4808-9b8a-758da149f789 6f22c35928494171891429412d0878a7 961d8885eda1406b87c01267346839e8 - - default default] 199.204.45.3 "GET /v2.0/subnets/e13255ac-d4d9-4650-8994-b901d5358a39 HTTP/1.1" status: 200 len: 851 time: 0.0445478
2026-06-23 19:55:58.154 10 WARNING neutron_lib.context [None req-7942a163-6249-43c3-8a27-cdec3e3be87d ab7612cdb77642b4b95bc4b4ed6b476d 3fd32c38d11e4e4c99ca6fe1e2ec1781 - - default default] Method 'is_advsvc' is deprecated since 2023.2 release (neutron-lib 3.8.0) and will be removed once support for the old RBAC API policies will be removed from Neutron. Please use method 'is_service_role' instead.
2026-06-23 19:55:58.449 10 WARNING neutron.scheduler.dhcp_agent_scheduler [None req-7942a163-6249-43c3-8a27-cdec3e3be87d ab7612cdb77642b4b95bc4b4ed6b476d 3fd32c38d11e4e4c99ca6fe1e2ec1781 - - default default] No more DHCP agents
2026-06-23 19:55:58.451 10 WARNING neutron.api.rpc.agentnotifiers.dhcp_rpc_agent_api [None req-7942a163-6249-43c3-8a27-cdec3e3be87d ab7612cdb77642b4b95bc4b4ed6b476d 3fd32c38d11e4e4c99ca6fe1e2ec1781 - - default default] Unable to schedule network 5ba94b83-72f9-4064-9ccb-c40368783405: no agents available; will retry on subsequent port and subnet creation events.
2026-06-23 19:55:58.752 10 INFO neutron.db.ovn_revision_numbers_db [None req-7942a163-6249-43c3-8a27-cdec3e3be87d ab7612cdb77642b4b95bc4b4ed6b476d 3fd32c38d11e4e4c99ca6fe1e2ec1781 - - default default] Successfully bumped revision number for resource debfb3d5-a2c1-4160-ba40-5fd48ddf899b (type: floatingips) to 0
2026-06-23 19:55:58.767 10 INFO neutron.wsgi [None req-7942a163-6249-43c3-8a27-cdec3e3be87d ab7612cdb77642b4b95bc4b4ed6b476d 3fd32c38d11e4e4c99ca6fe1e2ec1781 - - default default] 10.0.0.134 "POST /v2.0/floatingips HTTP/1.1" status: 201 len: 751 time: 0.6226699
2026-06-23 19:55:58.889 10 INFO neutron.wsgi [req-d0b2440b-ba1c-440e-a1cf-316a606a1687 req-6ca2501a-74f9-4030-841e-14250915b509 ab7612cdb77642b4b95bc4b4ed6b476d 3fd32c38d11e4e4c99ca6fe1e2ec1781 - - default default] 10.0.0.195 "GET /v2.0/security-groups?name=tempest-securitygroup--1986153451&fields=id&tenant_id=3fd32c38d11e4e4c99ca6fe1e2ec1781 HTTP/1.1" status: 200 len: 267 time: 0.0404320
