2026-06-23 19:45:01.381 10 INFO neutron.wsgi [None req-892f3008-933c-41f5-bfd7-57a0ded3453d 6f22c35928494171891429412d0878a7 961d8885eda1406b87c01267346839e8 - - default default] 10.0.0.226 "GET /v2.0/subnets HTTP/1.1" status: 200 len: 1437 time: 0.0298250
2026-06-23 19:45:01.403 10 INFO neutron.wsgi [None req-ad4973f6-d296-416d-acf6-2fa50a631d55 6f22c35928494171891429412d0878a7 961d8885eda1406b87c01267346839e8 - - default default] 10.0.0.226 "GET /v2.0/routers HTTP/1.1" status: 200 len: 189 time: 0.0206108
2026-06-23 19:45:01.412 10 INFO neutron.wsgi [None req-414486b7-e3f6-462d-a4ff-d76db08f716e 6f22c35928494171891429412d0878a7 961d8885eda1406b87c01267346839e8 - - default default] 10.0.0.226 "GET /v2.0/agents?binary=ovn-controller HTTP/1.1" status: 200 len: 591 time: 0.0088298
2026-06-23 19:45:15.456 10 INFO neutron.wsgi [-] 10.0.0.202 "GET / HTTP/1.1" status: 200 len: 247 time: 0.0023263
2026-06-23 19:45:15.457 9 INFO neutron.wsgi [-] 10.0.0.202 "GET / HTTP/1.1" status: 200 len: 247 time: 0.0026352
2026-06-23 19:45:30.457 10 INFO neutron.wsgi [-] 10.0.0.202 "GET / HTTP/1.1" status: 200 len: 247 time: 0.0024939
2026-06-23 19:45:30.459 9 INFO neutron.wsgi [-] 10.0.0.202 "GET / HTTP/1.1" status: 200 len: 247 time: 0.0030496
2026-06-23 19:45:45.455 10 INFO neutron.wsgi [-] 10.0.0.202 "GET / HTTP/1.1" status: 200 len: 247 time: 0.0018311
2026-06-23 19:45:45.457 9 INFO neutron.wsgi [-] 10.0.0.202 "GET / HTTP/1.1" status: 200 len: 247 time: 0.0031669
2026-06-23 19:46:00.456 9 INFO neutron.wsgi [-] 10.0.0.202 "GET / HTTP/1.1" status: 200 len: 247 time: 0.0028229
2026-06-23 19:46:00.457 10 INFO neutron.wsgi [-] 10.0.0.202 "GET / HTTP/1.1" status: 200 len: 247 time: 0.0023022
2026-06-23 19:46:01.226 10 INFO neutron.wsgi [None req-9638ca1e-1033-4bd6-9836-c35f19696a2d 6f22c35928494171891429412d0878a7 961d8885eda1406b87c01267346839e8 - - default default] 10.0.0.226 "GET /v2.0/security-groups HTTP/1.1" status: 200 len: 16803 time: 0.2258475
2026-06-23 19:46:01.284 10 INFO neutron.wsgi [None req-a5925dfd-8b7e-4a95-b06f-fc6942c7fab9 6f22c35928494171891429412d0878a7 961d8885eda1406b87c01267346839e8 - - default default] 10.0.0.226 "GET /v2.0/ports HTTP/1.1" status: 200 len: 5351 time: 0.0494332
2026-06-23 19:46:01.321 10 INFO neutron.wsgi [None req-776d6f27-c5ae-449d-8243-7b9b287c4e47 6f22c35928494171891429412d0878a7 961d8885eda1406b87c01267346839e8 - - default default] 10.0.0.226 "GET /v2.0/agents HTTP/1.1" status: 200 len: 997 time: 0.0328789
2026-06-23 19:46:01.342 10 INFO neutron.wsgi [None req-ebe19308-75a1-49dc-8876-663eabee7a27 6f22c35928494171891429412d0878a7 961d8885eda1406b87c01267346839e8 - - default default] 10.0.0.226 "GET /v2.0/floatingips HTTP/1.1" status: 200 len: 193 time: 0.0200667
2026-06-23 19:46:01.356 10 INFO neutron.wsgi [None req-7fbcfd43-8478-433d-aac1-eac7bb5a5f6f 6f22c35928494171891429412d0878a7 961d8885eda1406b87c01267346839e8 - - default default] 10.0.0.226 "GET /v2.0/network-ip-availabilities HTTP/1.1" status: 200 len: 1280 time: 0.0124800
2026-06-23 19:46:01.377 10 INFO neutron.wsgi [None req-d772be1d-84fb-4bf0-a8e9-d3071a6a2334 6f22c35928494171891429412d0878a7 961d8885eda1406b87c01267346839e8 - - default default] 10.0.0.226 "GET /v2.0/routers HTTP/1.1" status: 200 len: 189 time: 0.0202150
2026-06-23 19:46:01.389 10 INFO neutron.wsgi [None req-535f17ce-d45c-4af2-83e2-9b7282e8ef83 6f22c35928494171891429412d0878a7 961d8885eda1406b87c01267346839e8 - - default default] 10.0.0.226 "GET /v2.0/agents?binary=ovn-controller HTTP/1.1" status: 200 len: 591 time: 0.0104427
2026-06-23 19:46:01.455 10 INFO neutron.wsgi [None req-feb9f874-4f83-4bb3-8573-69f3bd89776a 6f22c35928494171891429412d0878a7 961d8885eda1406b87c01267346839e8 - - default default] 10.0.0.226 "GET /v2.0/networks HTTP/1.1" status: 200 len: 2350 time: 0.0656571
2026-06-23 19:46:01.488 10 INFO neutron.wsgi [None req-c61993f1-227a-4e3c-87f3-a46371fdc95a 6f22c35928494171891429412d0878a7 961d8885eda1406b87c01267346839e8 - - default default] 10.0.0.226 "GET /v2.0/subnets HTTP/1.1" status: 200 len: 1437 time: 0.0307145
2026-06-23 19:46:01.525 10 INFO neutron.wsgi [None req-0e2eb0fd-3e0e-4019-8ecb-95a35c49d05f 6f22c35928494171891429412d0878a7 961d8885eda1406b87c01267346839e8 - - default default] 10.0.0.226 "GET /v2.0/subnets HTTP/1.1" status: 200 len: 1437 time: 0.0351365
2026-06-23 19:46:01.538 10 INFO neutron.wsgi [None req-26bb1f9c-168d-4005-8266-61727ec432ad 6f22c35928494171891429412d0878a7 961d8885eda1406b87c01267346839e8 - - default default] 10.0.0.226 "GET /v2.0/subnetpools HTTP/1.1" status: 200 len: 193 time: 0.0120528
2026-06-23 19:46:15.457 9 INFO neutron.wsgi [-] 10.0.0.202 "GET / HTTP/1.1" status: 200 len: 247 time: 0.0024383
2026-06-23 19:46:15.457 10 INFO neutron.wsgi [-] 10.0.0.202 "GET / HTTP/1.1" status: 200 len: 247 time: 0.0025451
2026-06-23 19:46:30.456 9 INFO neutron.wsgi [-] 10.0.0.202 "GET / HTTP/1.1" status: 200 len: 247 time: 0.0016706
2026-06-23 19:46:30.458 9 INFO neutron.wsgi [-] 10.0.0.202 "GET / HTTP/1.1" status: 200 len: 247 time: 0.0014384
2026-06-23 19:46:45.457 9 INFO neutron.wsgi [-] 10.0.0.202 "GET / HTTP/1.1" status: 200 len: 247 time: 0.0030887
2026-06-23 19:46:45.458 10 INFO neutron.wsgi [-] 10.0.0.202 "GET / HTTP/1.1" status: 200 len: 247 time: 0.0035551
2026-06-23 19:47:00.456 9 INFO neutron.wsgi [-] 10.0.0.202 "GET / HTTP/1.1" status: 200 len: 247 time: 0.0022988
2026-06-23 19:47:00.458 10 INFO neutron.wsgi [-] 10.0.0.202 "GET / HTTP/1.1" status: 200 len: 247 time: 0.0035574
2026-06-23 19:47:01.061 10 INFO neutron.wsgi [None req-bee7453d-3a00-418d-b3fe-7306dec55772 6f22c35928494171891429412d0878a7 961d8885eda1406b87c01267346839e8 - - default default] 10.0.0.226 "GET /v2.0/floatingips HTTP/1.1" status: 200 len: 193 time: 0.0729425
2026-06-23 19:47:01.120 10 INFO neutron.wsgi [None req-11bcfadf-56d8-4bb6-ae23-f70e4c8a0c10 6f22c35928494171891429412d0878a7 961d8885eda1406b87c01267346839e8 - - default default] 10.0.0.226 "GET /v2.0/ports HTTP/1.1" status: 200 len: 5351 time: 0.0587900
2026-06-23 19:47:01.150 10 INFO neutron.wsgi [None req-a574c8ca-f846-4751-a9c0-d25a4675e0a1 6f22c35928494171891429412d0878a7 961d8885eda1406b87c01267346839e8 - - default default] 10.0.0.226 "GET /v2.0/routers HTTP/1.1" status: 200 len: 189 time: 0.0275972
2026-06-23 19:47:01.177 10 INFO neutron.wsgi [None req-dada9ea6-13f4-4f99-a1b1-019f6fe40a7e 6f22c35928494171891429412d0878a7 961d8885eda1406b87c01267346839e8 - - default default] 10.0.0.226 "GET /v2.0/agents?binary=ovn-controller HTTP/1.1" status: 200 len: 591 time: 0.0256128
2026-06-23 19:47:01.190 10 INFO neutron.wsgi [None req-a9bfd919-b771-452c-9171-03f8852f29aa 6f22c35928494171891429412d0878a7 961d8885eda1406b87c01267346839e8 - - default default] 10.0.0.226 "GET /v2.0/network-ip-availabilities HTTP/1.1" status: 200 len: 1280 time: 0.0125690
2026-06-23 19:47:01.229 10 INFO neutron.wsgi [None req-307b95a0-1f80-4d39-a9d9-877e645c2243 6f22c35928494171891429412d0878a7 961d8885eda1406b87c01267346839e8 - - default default] 10.0.0.226 "GET /v2.0/subnets HTTP/1.1" status: 200 len: 1437 time: 0.0349629
2026-06-23 19:47:01.241 10 INFO neutron.wsgi [None req-6f99bdca-38f5-449f-b511-fadd5c8e0196 6f22c35928494171891429412d0878a7 961d8885eda1406b87c01267346839e8 - - default default] 10.0.0.226 "GET /v2.0/agents HTTP/1.1" status: 200 len: 997 time: 0.0093255
2026-06-23 19:47:01.296 10 INFO neutron.wsgi [None req-02121e44-d8c6-4e67-b463-e2598b2e963c 6f22c35928494171891429412d0878a7 961d8885eda1406b87c01267346839e8 - - default default] 10.0.0.226 "GET /v2.0/security-groups HTTP/1.1" status: 200 len: 16803 time: 0.0538311
2026-06-23 19:47:01.354 10 INFO neutron.wsgi [None req-f435d0b6-563a-4a97-99a3-74f27f3887c4 6f22c35928494171891429412d0878a7 961d8885eda1406b87c01267346839e8 - - default default] 10.0.0.226 "GET /v2.0/subnets HTTP/1.1" status: 200 len: 1437 time: 0.0534618
2026-06-23 19:47:01.365 10 INFO neutron.wsgi [None req-1ecf0ee0-d979-4e21-bbf9-abea4e107163 6f22c35928494171891429412d0878a7 961d8885eda1406b87c01267346839e8 - - default default] 10.0.0.226 "GET /v2.0/subnetpools HTTP/1.1" status: 200 len: 193 time: 0.0097456
2026-06-23 19:47:01.436 10 INFO neutron.wsgi [None req-87fc4bb0-e324-4a08-96dd-620f43c84041 6f22c35928494171891429412d0878a7 961d8885eda1406b87c01267346839e8 - - default default] 10.0.0.226 "GET /v2.0/networks HTTP/1.1" status: 200 len: 2350 time: 0.0700588
2026-06-23 19:47:15.457 10 INFO neutron.wsgi [-] 10.0.0.202 "GET / HTTP/1.1" status: 200 len: 247 time: 0.0025437
2026-06-23 19:47:15.457 9 INFO neutron.wsgi [-] 10.0.0.202 "GET / HTTP/1.1" status: 200 len: 247 time: 0.0029149
2026-06-23 19:47:25.095 10 INFO neutron.pecan_wsgi.hooks.translation [None req-319bdda1-0eb7-4e0c-b989-4e13163cdd46 6f22c35928494171891429412d0878a7 961d8885eda1406b87c01267346839e8 - - default default] GET failed (client error): The resource could not be found.
2026-06-23 19:47:25.097 10 INFO neutron.wsgi [None req-319bdda1-0eb7-4e0c-b989-4e13163cdd46 6f22c35928494171891429412d0878a7 961d8885eda1406b87c01267346839e8 - - default default] 199.204.45.3,10.0.0.202 "GET /v2.0/networks/public HTTP/1.1" status: 404 len: 290 time: 0.0593209
2026-06-23 19:47:25.196 10 INFO neutron.wsgi [None req-2801f2a7-9e75-4c8f-99aa-3521189fa4ef 6f22c35928494171891429412d0878a7 961d8885eda1406b87c01267346839e8 - - default default] 199.204.45.3,10.0.0.202 "GET /v2.0/networks?name=public HTTP/1.1" status: 200 len: 928 time: 0.0940738
2026-06-23 19:47:26.501 10 INFO neutron.pecan_wsgi.hooks.translation [None req-4429f549-8522-4f0f-b314-58e8f2402576 6f22c35928494171891429412d0878a7 961d8885eda1406b87c01267346839e8 - - default default] GET failed (client error): The resource could not be found.
2026-06-23 19:47:26.503 10 INFO neutron.wsgi [None req-4429f549-8522-4f0f-b314-58e8f2402576 6f22c35928494171891429412d0878a7 961d8885eda1406b87c01267346839e8 - - default default] 199.204.45.3,10.0.0.202 "GET /v2.0/networks/public HTTP/1.1" status: 404 len: 290 time: 0.0515771
2026-06-23 19:47:26.559 10 INFO neutron.wsgi [None req-324e3698-3777-492f-b78e-62fd09e03cc1 6f22c35928494171891429412d0878a7 961d8885eda1406b87c01267346839e8 - - default default] 199.204.45.3,10.0.0.202 "GET /v2.0/networks?name=public HTTP/1.1" status: 200 len: 928 time: 0.0527983
2026-06-23 19:47:26.580 10 INFO neutron.pecan_wsgi.hooks.translation [None req-6fcd5491-5a54-4b79-bd59-6f0edb378603 6f22c35928494171891429412d0878a7 961d8885eda1406b87c01267346839e8 - - default default] GET failed (client error): The resource could not be found.
2026-06-23 19:47:26.581 10 INFO neutron.wsgi [None req-6fcd5491-5a54-4b79-bd59-6f0edb378603 6f22c35928494171891429412d0878a7 961d8885eda1406b87c01267346839e8 - - default default] 199.204.45.3,10.0.0.202 "GET /v2.0/subnets/public-subnet?network_id=5ba94b83-72f9-4064-9ccb-c40368783405 HTTP/1.1" status: 404 len: 295 time: 0.0150113
2026-06-23 19:47:26.671 10 INFO neutron.wsgi [None req-82042698-ccef-4631-a92a-f504dff74c4e 6f22c35928494171891429412d0878a7 961d8885eda1406b87c01267346839e8 - - default default] 199.204.45.3,10.0.0.202 "GET /v2.0/subnets?name=public-subnet&network_id=5ba94b83-72f9-4064-9ccb-c40368783405 HTTP/1.1" status: 200 len: 819 time: 0.0867705
2026-06-23 19:47:30.459 10 INFO neutron.wsgi [-] 10.0.0.202 "GET / HTTP/1.1" status: 200 len: 247 time: 0.0042830
2026-06-23 19:47:30.462 10 INFO neutron.wsgi [-] 10.0.0.202 "GET / HTTP/1.1" status: 200 len: 247 time: 0.0021126
2026-06-23 19:47:45.456 10 INFO neutron.wsgi [-] 10.0.0.202 "GET / HTTP/1.1" status: 200 len: 247 time: 0.0016780
2026-06-23 19:47:45.458 9 INFO neutron.wsgi [-] 10.0.0.202 "GET / HTTP/1.1" status: 200 len: 247 time: 0.0044785
2026-06-23 19:47:59.287 10 INFO neutron.pecan_wsgi.hooks.translation [None req-3ff8f1d7-4cf5-4517-a794-11ffce0d1a9c 6f22c35928494171891429412d0878a7 961d8885eda1406b87c01267346839e8 - - default default] GET failed (client error): The resource could not be found.
2026-06-23 19:47:59.288 10 INFO neutron.wsgi [None req-3ff8f1d7-4cf5-4517-a794-11ffce0d1a9c 6f22c35928494171891429412d0878a7 961d8885eda1406b87c01267346839e8 - - default default] 199.204.45.3,10.0.0.202 "GET /v2.0/networks/lb-mgmt-net HTTP/1.1" status: 404 len: 295 time: 0.0569019
2026-06-23 19:47:59.354 10 INFO neutron.wsgi [None req-edaa759f-088c-40e1-a0e3-c37ebb51b413 6f22c35928494171891429412d0878a7 961d8885eda1406b87c01267346839e8 - - default default] 199.204.45.3,10.0.0.202 "GET /v2.0/networks?name=lb-mgmt-net HTTP/1.1" status: 200 len: 913 time: 0.0614731
2026-06-23 19:48:00.270 10 INFO neutron.pecan_wsgi.hooks.translation [None req-4e1ec5d2-c714-452e-9af6-ababe5b00ad2 6f22c35928494171891429412d0878a7 961d8885eda1406b87c01267346839e8 - - default default] GET failed (client error): The resource could not be found.
2026-06-23 19:48:00.272 10 INFO neutron.wsgi [None req-4e1ec5d2-c714-452e-9af6-ababe5b00ad2 6f22c35928494171891429412d0878a7 961d8885eda1406b87c01267346839e8 - - default default] 199.204.45.3,10.0.0.202 "GET /v2.0/networks/lb-mgmt-net HTTP/1.1" status: 404 len: 295 time: 0.0511096
2026-06-23 19:48:00.327 10 INFO neutron.wsgi [None req-b0702c2b-0ed3-4f28-bc71-2c062d69d037 6f22c35928494171891429412d0878a7 961d8885eda1406b87c01267346839e8 - - default default] 199.204.45.3,10.0.0.202 "GET /v2.0/networks?name=lb-mgmt-net HTTP/1.1" status: 200 len: 913 time: 0.0507679
2026-06-23 19:48:00.350 10 INFO neutron.pecan_wsgi.hooks.translation [None req-127791da-7cce-4e01-a565-cb9ea419d984 6f22c35928494171891429412d0878a7 961d8885eda1406b87c01267346839e8 - - default default] GET failed (client error): The resource could not be found.
2026-06-23 19:48:00.352 10 INFO neutron.wsgi [None req-127791da-7cce-4e01-a565-cb9ea419d984 6f22c35928494171891429412d0878a7 961d8885eda1406b87c01267346839e8 - - default default] 199.204.45.3,10.0.0.202 "GET /v2.0/subnets/lb-mgmt-subnet?network_id=491f3bc4-2a36-457b-9307-902ce06fdb0f HTTP/1.1" status: 404 len: 296 time: 0.0162723
2026-06-23 19:48:00.381 10 INFO neutron.wsgi [None req-c6b9a8dc-f28e-4ee6-8c49-39b6860f9f83 6f22c35928494171891429412d0878a7 961d8885eda1406b87c01267346839e8 - - default default] 199.204.45.3,10.0.0.202 "GET /v2.0/subnets?name=lb-mgmt-subnet&network_id=491f3bc4-2a36-457b-9307-902ce06fdb0f HTTP/1.1" status: 200 len: 805 time: 0.0265768
2026-06-23 19:48:00.458 10 INFO neutron.wsgi [-] 10.0.0.202 "GET / HTTP/1.1" status: 200 len: 247 time: 0.0027454
2026-06-23 19:48:00.458 9 INFO neutron.wsgi [-] 10.0.0.202 "GET / HTTP/1.1" status: 200 len: 247 time: 0.0027902
2026-06-23 19:48:01.120 10 INFO neutron.wsgi [None req-c1a2981a-fde5-49cc-83e0-4ac9a9eb229b 6f22c35928494171891429412d0878a7 961d8885eda1406b87c01267346839e8 - - default default] 10.0.0.226 "GET /v2.0/security-groups HTTP/1.1" status: 200 len: 16803 time: 0.1185036
2026-06-23 19:48:01.167 10 INFO neutron.wsgi [None req-cdaa501d-04bb-49be-a4b1-11816761d5af 6f22c35928494171891429412d0878a7 961d8885eda1406b87c01267346839e8 - - default default] 10.0.0.226 "GET /v2.0/subnets HTTP/1.1" status: 200 len: 1437 time: 0.0376925
2026-06-23 19:48:01.184 10 INFO neutron.wsgi [None req-20ff4975-19c3-437b-a5dc-eb3389152342 6f22c35928494171891429412d0878a7 961d8885eda1406b87c01267346839e8 - - default default] 10.0.0.226 "GET /v2.0/subnetpools HTTP/1.1" status: 200 len: 193 time: 0.0158174
2026-06-23 19:48:01.208 10 INFO neutron.wsgi [None req-e34bcca4-5160-4d3e-9b79-d1c4a45fb410 6f22c35928494171891429412d0878a7 961d8885eda1406b87c01267346839e8 - - default default] 10.0.0.226 "GET /v2.0/floatingips HTTP/1.1" status: 200 len: 193 time: 0.0234737
2026-06-23 19:48:01.287 10 INFO neutron.wsgi [None req-e70df6f7-2574-4744-9400-7b46c14eea35 6f22c35928494171891429412d0878a7 961d8885eda1406b87c01267346839e8 - - default default] 10.0.0.226 "GET /v2.0/networks HTTP/1.1" status: 200 len: 2350 time: 0.0774207
2026-06-23 19:48:01.324 10 INFO neutron.wsgi [None req-507a3cda-e770-47ca-a170-64734e795017 6f22c35928494171891429412d0878a7 961d8885eda1406b87c01267346839e8 - - default default] 10.0.0.226 "GET /v2.0/subnets HTTP/1.1" status: 200 len: 1437 time: 0.0356112
2026-06-23 19:48:01.372 10 INFO neutron.wsgi [None req-b829bc82-08da-49a9-a3ba-8a1be11efe99 6f22c35928494171891429412d0878a7 961d8885eda1406b87c01267346839e8 - - default default] 10.0.0.226 "GET /v2.0/ports HTTP/1.1" status: 200 len: 5351 time: 0.0458794
2026-06-23 19:48:01.396 10 INFO neutron.wsgi [None req-ec5cc65b-00ae-43f5-b4dd-4c253504c596 6f22c35928494171891429412d0878a7 961d8885eda1406b87c01267346839e8 - - default default] 10.0.0.226 "GET /v2.0/routers HTTP/1.1" status: 200 len: 189 time: 0.0213203
2026-06-23 19:48:01.417 10 INFO neutron.wsgi [None req-a623e7a0-f8b4-46d2-ab9a-40e00bf54e10 6f22c35928494171891429412d0878a7 961d8885eda1406b87c01267346839e8 - - default default] 10.0.0.226 "GET /v2.0/agents?binary=ovn-controller HTTP/1.1" status: 200 len: 591 time: 0.0201361
2026-06-23 19:48:01.428 10 INFO neutron.wsgi [None req-abf46fdf-dfd1-4ef3-85c2-72c4dcd0301d 6f22c35928494171891429412d0878a7 961d8885eda1406b87c01267346839e8 - - default default] 10.0.0.226 "GET /v2.0/agents HTTP/1.1" status: 200 len: 997 time: 0.0096483
2026-06-23 19:48:01.438 10 INFO neutron.wsgi [None req-cd1b1e91-bacf-4137-a4f3-921cbc6cc639 6f22c35928494171891429412d0878a7 961d8885eda1406b87c01267346839e8 - - default default] 10.0.0.226 "GET /v2.0/network-ip-availabilities HTTP/1.1" status: 200 len: 1280 time: 0.0086551
2026-06-23 19:48:01.544 10 INFO neutron.api.v2.resource [None req-bb45652e-4f8c-49b7-8eb8-05fd39222587 6f22c35928494171891429412d0878a7 961d8885eda1406b87c01267346839e8 - - default default] show failed (client error): The resource could not be found.
2026-06-23 19:48:01.545 10 INFO neutron.wsgi [None req-bb45652e-4f8c-49b7-8eb8-05fd39222587 6f22c35928494171891429412d0878a7 961d8885eda1406b87c01267346839e8 - - default default] 199.204.45.3,10.0.0.202 "GET /v2.0/security-groups/lb-health-mgr-sec-grp HTTP/1.1" status: 404 len: 313 time: 0.0485201
2026-06-23 19:48:01.585 10 INFO neutron.wsgi [None req-0b8a91fb-c4c1-4409-88d4-541526b06d1c 6f22c35928494171891429412d0878a7 961d8885eda1406b87c01267346839e8 - - default default] 199.204.45.3,10.0.0.202 "GET /v2.0/security-groups?name=lb-health-mgr-sec-grp HTTP/1.1" status: 200 len: 4649 time: 0.0353684
2026-06-23 19:48:02.790 10 INFO neutron.wsgi [None req-feaa9518-b0f6-42b4-8ef3-2006ab1012e8 6f22c35928494171891429412d0878a7 961d8885eda1406b87c01267346839e8 - - default default] 199.204.45.3,10.0.0.202 "GET /v2.0/security-groups/06f4c6d1-d607-4113-9444-49cb42b81fca HTTP/1.1" status: 200 len: 4646 time: 0.0733750
2026-06-23 19:48:02.827 10 INFO neutron.wsgi [None req-06f8d864-c4d8-479e-bb54-2513c5e4a487 6f22c35928494171891429412d0878a7 961d8885eda1406b87c01267346839e8 - - default default] 199.204.45.3,10.0.0.202 "GET /v2.0/security-groups/06f4c6d1-d607-4113-9444-49cb42b81fca HTTP/1.1" status: 200 len: 4646 time: 0.0297356
2026-06-23 19:48:02.847 10 INFO neutron.wsgi [None req-8fae1292-ba06-41e2-8969-a0a2c5399daf 6f22c35928494171891429412d0878a7 961d8885eda1406b87c01267346839e8 - - default default] 199.204.45.3,10.0.0.202 "GET /v2.0/security-group-rules/86bf8168-6f40-4d18-bc17-1539d1854fa2 HTTP/1.1" status: 200 len: 744 time: 0.0139914
2026-06-23 19:48:03.775 10 INFO neutron.wsgi [None req-062d044f-dd95-42ff-bd61-239014d3cece 6f22c35928494171891429412d0878a7 961d8885eda1406b87c01267346839e8 - - default default] 199.204.45.3,10.0.0.202 "GET /v2.0/security-groups/06f4c6d1-d607-4113-9444-49cb42b81fca HTTP/1.1" status: 200 len: 4646 time: 0.0641432
2026-06-23 19:48:03.810 10 INFO neutron.wsgi [None req-7f44a85e-53e5-43ef-80ff-f87f2ff84481 6f22c35928494171891429412d0878a7 961d8885eda1406b87c01267346839e8 - - default default] 199.204.45.3,10.0.0.202 "GET /v2.0/security-groups/06f4c6d1-d607-4113-9444-49cb42b81fca HTTP/1.1" status: 200 len: 4646 time: 0.0314031
2026-06-23 19:48:03.834 10 INFO neutron.wsgi [None req-deb3d2c1-9ce7-496b-916f-54e6b667fa3e 6f22c35928494171891429412d0878a7 961d8885eda1406b87c01267346839e8 - - default default] 199.204.45.3,10.0.0.202 "GET /v2.0/security-group-rules/52f5204a-2861-46b6-b634-36d3cd763af7 HTTP/1.1" status: 200 len: 746 time: 0.0176091
2026-06-23 19:48:04.726 10 INFO neutron.wsgi [None req-4605e642-e42f-40fe-ba8b-9e4448d178e6 6f22c35928494171891429412d0878a7 961d8885eda1406b87c01267346839e8 - - default default] 199.204.45.3,10.0.0.202 "GET /v2.0/security-groups/06f4c6d1-d607-4113-9444-49cb42b81fca HTTP/1.1" status: 200 len: 4646 time: 0.0689416
2026-06-23 19:48:04.770 10 INFO neutron.wsgi [None req-1cbac159-58fc-4a07-9933-e12b4c2dbf39 6f22c35928494171891429412d0878a7 961d8885eda1406b87c01267346839e8 - - default default] 199.204.45.3,10.0.0.202 "GET /v2.0/security-groups/06f4c6d1-d607-4113-9444-49cb42b81fca HTTP/1.1" status: 200 len: 4646 time: 0.0359097
2026-06-23 19:48:04.794 10 INFO neutron.wsgi [None req-cc3e4ec4-9638-488b-ab0d-e30ade045c07 6f22c35928494171891429412d0878a7 961d8885eda1406b87c01267346839e8 - - default default] 199.204.45.3,10.0.0.202 "GET /v2.0/security-group-rules/fcf99e08-bb7c-4768-85c8-24d1efcb0a47 HTTP/1.1" status: 200 len: 746 time: 0.0154924
2026-06-23 19:48:05.661 10 INFO neutron.wsgi [None req-f0040ff8-46db-49c9-9832-5e1159e50201 6f22c35928494171891429412d0878a7 961d8885eda1406b87c01267346839e8 - - default default] 199.204.45.3,10.0.0.202 "GET /v2.0/security-groups/06f4c6d1-d607-4113-9444-49cb42b81fca HTTP/1.1" status: 200 len: 4646 time: 0.0660644
2026-06-23 19:48:05.706 10 INFO neutron.wsgi [None req-0b73e03b-e025-4656-b4c4-3e8b12b18597 6f22c35928494171891429412d0878a7 961d8885eda1406b87c01267346839e8 - - default default] 199.204.45.3,10.0.0.202 "GET /v2.0/security-groups/06f4c6d1-d607-4113-9444-49cb42b81fca HTTP/1.1" status: 200 len: 4646 time: 0.0371826
2026-06-23 19:48:05.729 10 INFO neutron.wsgi [None req-80a3f450-df7c-448d-8161-7f5b14a08ffe 6f22c35928494171891429412d0878a7 961d8885eda1406b87c01267346839e8 - - default default] 199.204.45.3,10.0.0.202 "GET /v2.0/security-group-rules/64e30893-4f21-4a51-900a-01c4b0e5494e HTTP/1.1" status: 200 len: 746 time: 0.0157926
2026-06-23 19:48:06.646 10 INFO neutron.wsgi [None req-0ad8b4c9-ae71-4987-9790-25d7198bf27f 6f22c35928494171891429412d0878a7 961d8885eda1406b87c01267346839e8 - - default default] 199.204.45.3,10.0.0.202 "GET /v2.0/security-groups/06f4c6d1-d607-4113-9444-49cb42b81fca HTTP/1.1" status: 200 len: 4646 time: 0.0860150
2026-06-23 19:48:06.682 10 INFO neutron.wsgi [None req-186105be-0366-448d-b696-039df1f97bae 6f22c35928494171891429412d0878a7 961d8885eda1406b87c01267346839e8 - - default default] 199.204.45.3,10.0.0.202 "GET /v2.0/security-groups/06f4c6d1-d607-4113-9444-49cb42b81fca HTTP/1.1" status: 200 len: 4646 time: 0.0306261
2026-06-23 19:48:06.711 10 INFO neutron.wsgi [None req-99e1ae44-5a20-491a-b7c0-130d75c98547 6f22c35928494171891429412d0878a7 961d8885eda1406b87c01267346839e8 - - default default] 199.204.45.3,10.0.0.202 "GET /v2.0/security-group-rules/21d565af-041a-42bb-ba1a-39922916a0ac HTTP/1.1" status: 200 len: 746 time: 0.0209787
2026-06-23 19:48:08.098 10 INFO neutron.wsgi [None req-b2bab095-d82c-4490-b7d1-02a3a003157f 6f22c35928494171891429412d0878a7 961d8885eda1406b87c01267346839e8 - - default default] 199.204.45.3,10.0.0.202 "GET /v2.0/networks/491f3bc4-2a36-457b-9307-902ce06fdb0f HTTP/1.1" status: 200 len: 910 time: 0.1421900
2026-06-23 19:48:08.130 10 INFO neutron.pecan_wsgi.hooks.translation [None req-a843fd6f-4a27-45b6-86b0-8f95b1b40f5d 6f22c35928494171891429412d0878a7 961d8885eda1406b87c01267346839e8 - - default default] GET failed (client error): The resource could not be found.
2026-06-23 19:48:08.131 10 INFO neutron.wsgi [None req-a843fd6f-4a27-45b6-86b0-8f95b1b40f5d 6f22c35928494171891429412d0878a7 961d8885eda1406b87c01267346839e8 - - default default] 199.204.45.3,10.0.0.202 "GET /v2.0/ports/octavia-health-manager-port-instance?network_id=491f3bc4-2a36-457b-9307-902ce06fdb0f HTTP/1.1" status: 404 len: 314 time: 0.0235953
2026-06-23 19:48:08.192 10 INFO neutron.wsgi [None req-22365820-f395-4ce2-bd68-330bf638417e 6f22c35928494171891429412d0878a7 961d8885eda1406b87c01267346839e8 - - default default] 199.204.45.3,10.0.0.202 "GET /v2.0/ports?name=octavia-health-manager-port-instance&network_id=491f3bc4-2a36-457b-9307-902ce06fdb0f HTTP/1.1" status: 200 len: 1399 time: 0.0563438
2026-06-23 19:48:08.239 10 INFO neutron.wsgi [None req-982ec341-d2dc-4a7e-bdc5-5bab107f2994 6f22c35928494171891429412d0878a7 961d8885eda1406b87c01267346839e8 - - default default] 199.204.45.3,10.0.0.202 "GET /v2.0/security-groups/06f4c6d1-d607-4113-9444-49cb42b81fca HTTP/1.1" status: 200 len: 4646 time: 0.0358241
2026-06-23 19:48:15.037 10 INFO neutron.pecan_wsgi.hooks.translation [None req-47104aa4-4082-49f6-8ad0-c09be5883d93 6f22c35928494171891429412d0878a7 961d8885eda1406b87c01267346839e8 - - default default] GET failed (client error): The resource could not be found.
2026-06-23 19:48:15.039 10 INFO neutron.wsgi [None req-47104aa4-4082-49f6-8ad0-c09be5883d93 6f22c35928494171891429412d0878a7 961d8885eda1406b87c01267346839e8 - - default default] 199.204.45.3,10.0.0.202 "GET /v2.0/ports/octavia-health-manager-port-instance HTTP/1.1" status: 404 len: 314 time: 0.0679865
2026-06-23 19:48:15.090 10 INFO neutron.wsgi [None req-6ab3b417-02a8-43a9-8fe4-9ceeca7d1c9c 6f22c35928494171891429412d0878a7 961d8885eda1406b87c01267346839e8 - - default default] 199.204.45.3,10.0.0.202 "GET /v2.0/ports?name=octavia-health-manager-port-instance HTTP/1.1" status: 200 len: 1399 time: 0.0484197
2026-06-23 19:48:15.456 10 INFO neutron.wsgi [-] 10.0.0.202 "GET / HTTP/1.1" status: 200 len: 247 time: 0.0020285
2026-06-23 19:48:15.456 9 INFO neutron.wsgi [-] 10.0.0.202 "GET / HTTP/1.1" status: 200 len: 247 time: 0.0023069
2026-06-23 19:48:16.593 10 INFO neutron.wsgi [None req-29805b75-ca2f-4d46-bca2-2a013e168b9d 6f22c35928494171891429412d0878a7 961d8885eda1406b87c01267346839e8 - - default default] 199.204.45.3,10.0.0.202 "GET /v2.0/ports HTTP/1.1" status: 200 len: 5351 time: 0.0909266
2026-06-23 19:48:17.591 10 INFO neutron.api.v2.resource [None req-77b300e8-20f4-4520-9bb5-2fc1c7a6d304 6f22c35928494171891429412d0878a7 961d8885eda1406b87c01267346839e8 - - default default] show failed (client error): The resource could not be found.
2026-06-23 19:48:17.592 10 INFO neutron.wsgi [None req-77b300e8-20f4-4520-9bb5-2fc1c7a6d304 6f22c35928494171891429412d0878a7 961d8885eda1406b87c01267346839e8 - - default default] 199.204.45.3,10.0.0.202 "GET /v2.0/security-groups/lb-mgmt-sec-grp HTTP/1.1" status: 404 len: 307 time: 0.0456665
2026-06-23 19:48:17.633 10 INFO neutron.wsgi [None req-68d2502f-3064-4309-8f3f-400ca329dc14 6f22c35928494171891429412d0878a7 961d8885eda1406b87c01267346839e8 - - default default] 199.204.45.3,10.0.0.202 "GET /v2.0/security-groups?name=lb-mgmt-sec-grp HTTP/1.1" status: 200 len: 2937 time: 0.0372190
2026-06-23 19:48:18.582 10 INFO neutron.wsgi [None req-3c4c87b5-4139-475d-b1a5-6f74171fc327 6f22c35928494171891429412d0878a7 961d8885eda1406b87c01267346839e8 - - default default] 199.204.45.3,10.0.0.202 "GET /v2.0/security-groups/29bc304c-63a9-4270-8d4d-8727d60f60c3 HTTP/1.1" status: 200 len: 2934 time: 0.0688899
2026-06-23 19:48:18.618 10 INFO neutron.wsgi [None req-c6df9d3c-1a61-4a7a-974b-c09aee0293ec 6f22c35928494171891429412d0878a7 961d8885eda1406b87c01267346839e8 - - default default] 199.204.45.3,10.0.0.202 "GET /v2.0/security-groups/29bc304c-63a9-4270-8d4d-8727d60f60c3 HTTP/1.1" status: 200 len: 2934 time: 0.0280712
2026-06-23 19:48:18.640 10 INFO neutron.wsgi [None req-7faa2e56-cd90-448c-b942-42f7994b5e99 6f22c35928494171891429412d0878a7 961d8885eda1406b87c01267346839e8 - - default default] 199.204.45.3,10.0.0.202 "GET /v2.0/security-group-rules/d40cdad5-905b-4438-8c20-57fa132e7c4e HTTP/1.1" status: 200 len: 766 time: 0.0140433
2026-06-23 19:48:19.525 10 INFO neutron.wsgi [None req-9023f781-86fe-4621-9ffe-6e1caf5900cf 6f22c35928494171891429412d0878a7 961d8885eda1406b87c01267346839e8 - - default default] 199.204.45.3,10.0.0.202 "GET /v2.0/security-groups/29bc304c-63a9-4270-8d4d-8727d60f60c3 HTTP/1.1" status: 200 len: 2934 time: 0.0795286
2026-06-23 19:48:19.570 10 INFO neutron.wsgi [None req-3facfc92-5d8f-4e4c-8ed1-56e19d6de245 6f22c35928494171891429412d0878a7 961d8885eda1406b87c01267346839e8 - - default default] 199.204.45.3,10.0.0.202 "GET /v2.0/security-groups/29bc304c-63a9-4270-8d4d-8727d60f60c3 HTTP/1.1" status: 200 len: 2934 time: 0.0372570
2026-06-23 19:48:19.591 10 INFO neutron.wsgi [None req-516dd330-f78f-4584-963b-0b03f8c344a1 6f22c35928494171891429412d0878a7 961d8885eda1406b87c01267346839e8 - - default default] 199.204.45.3,10.0.0.202 "GET /v2.0/security-group-rules/67407ab5-eb08-4040-916f-171243d47738 HTTP/1.1" status: 200 len: 770 time: 0.0137630
2026-06-23 19:48:30.456 9 INFO neutron.wsgi [-] 10.0.0.202 "GET / HTTP/1.1" status: 200 len: 247 time: 0.0022810
2026-06-23 19:48:30.458 10 INFO neutron.wsgi [-] 10.0.0.202 "GET / HTTP/1.1" status: 200 len: 247 time: 0.0030603
2026-06-23 19:48:31.837 10 INFO neutron.wsgi [None req-7c398327-977c-46d6-ae88-c5a7fa17b21b 6f22c35928494171891429412d0878a7 961d8885eda1406b87c01267346839e8 - - default default] 199.204.45.3,10.0.0.202 "GET /v2.0/quotas/961d8885eda1406b87c01267346839e8 HTTP/1.1" status: 200 len: 361 time: 0.0125251
2026-06-23 19:48:45.456 10 INFO neutron.wsgi [-] 10.0.0.202 "GET / HTTP/1.1" status: 200 len: 247 time: 0.0023742
2026-06-23 19:48:45.460 10 INFO neutron.wsgi [-] 10.0.0.202 "GET / HTTP/1.1" status: 200 len: 247 time: 0.0026548
2026-06-23 19:49:00.457 9 INFO neutron.wsgi [-] 10.0.0.202 "GET / HTTP/1.1" status: 200 len: 247 time: 0.0024831
2026-06-23 19:49:00.458 10 INFO neutron.wsgi [-] 10.0.0.202 "GET / HTTP/1.1" status: 200 len: 247 time: 0.0027020
2026-06-23 19:49:01.132 10 INFO neutron.wsgi [None req-f710d7c8-5d86-4d66-b40c-20837caebac4 6f22c35928494171891429412d0878a7 961d8885eda1406b87c01267346839e8 - - default default] 10.0.0.226 "GET /v2.0/networks HTTP/1.1" status: 200 len: 2350 time: 0.1340587
2026-06-23 19:49:01.183 10 INFO neutron.wsgi [None req-2d8d6515-21a5-4ecd-adae-98749cbbb03f 6f22c35928494171891429412d0878a7 961d8885eda1406b87c01267346839e8 - - default default] 10.0.0.226 "GET /v2.0/agents HTTP/1.1" status: 200 len: 997 time: 0.0490820
2026-06-23 19:49:01.203 10 INFO neutron.wsgi [None req-0dee5cbd-ea2c-47fd-938e-5c8835d1cbee 6f22c35928494171891429412d0878a7 961d8885eda1406b87c01267346839e8 - - default default] 10.0.0.226 "GET /v2.0/floatingips HTTP/1.1" status: 200 len: 193 time: 0.0190001
2026-06-23 19:49:01.224 10 INFO neutron.wsgi [None req-095b46c1-38ad-4c2f-9103-193bcad384eb 6f22c35928494171891429412d0878a7 961d8885eda1406b87c01267346839e8 - - default default] 10.0.0.226 "GET /v2.0/routers HTTP/1.1" status: 200 len: 189 time: 0.0198770
2026-06-23 19:49:01.233 10 INFO neutron.wsgi [None req-57fc1864-d270-4e7d-86fe-f7172573b83a 6f22c35928494171891429412d0878a7 961d8885eda1406b87c01267346839e8 - - default default] 10.0.0.226 "GET /v2.0/agents?binary=ovn-controller HTTP/1.1" status: 200 len: 591 time: 0.0085046
2026-06-23 19:49:01.258 10 INFO neutron.wsgi [None req-c305155a-9072-4ba9-ba21-3c08ed541681 6f22c35928494171891429412d0878a7 961d8885eda1406b87c01267346839e8 - - default default] 10.0.0.226 "GET /v2.0/subnets HTTP/1.1" status: 200 len: 1437 time: 0.0244322
2026-06-23 19:49:01.269 10 INFO neutron.wsgi [None req-3c182575-d6fe-43a6-ae28-4bb6feba4247 6f22c35928494171891429412d0878a7 961d8885eda1406b87c01267346839e8 - - default default] 10.0.0.226 "GET /v2.0/network-ip-availabilities HTTP/1.1" status: 200 len: 1280 time: 0.0095892
2026-06-23 19:49:01.297 10 INFO neutron.wsgi [None req-9e821576-ce2b-4697-8060-21576ac602cb 6f22c35928494171891429412d0878a7 961d8885eda1406b87c01267346839e8 - - default default] 10.0.0.226 "GET /v2.0/subnets HTTP/1.1" status: 200 len: 1437 time: 0.0279408
2026-06-23 19:49:01.307 10 INFO neutron.wsgi [None req-d433f563-d3d1-4ba6-b881-daebc01b5d49 6f22c35928494171891429412d0878a7 961d8885eda1406b87c01267346839e8 - - default default] 10.0.0.226 "GET /v2.0/subnetpools HTTP/1.1" status: 200 len: 193 time: 0.0085571
2026-06-23 19:49:01.364 10 INFO neutron.wsgi [None req-45b4d221-2d1d-458f-a023-40efc282e99f 6f22c35928494171891429412d0878a7 961d8885eda1406b87c01267346839e8 - - default default] 10.0.0.226 "GET /v2.0/security-groups HTTP/1.1" status: 200 len: 16803 time: 0.0568118
2026-06-23 19:49:01.467 10 INFO neutron.wsgi [None req-2392a52c-4ac5-4aa1-9479-d39ccc70d02d 6f22c35928494171891429412d0878a7 961d8885eda1406b87c01267346839e8 - - default default] 10.0.0.226 "GET /v2.0/ports HTTP/1.1" status: 200 len: 5351 time: 0.0974381
2026-06-23 19:49:15.456 9 INFO neutron.wsgi [-] 10.0.0.202 "GET / HTTP/1.1" status: 200 len: 247 time: 0.0024865
2026-06-23 19:49:15.456 10 INFO neutron.wsgi [-] 10.0.0.202 "GET / HTTP/1.1" status: 200 len: 247 time: 0.0024877
2026-06-23 19:49:22.285 10 INFO neutron.api.v2.resource [None req-fdf8bb0d-cb58-46e4-ad67-31c601cd9cbb 6f22c35928494171891429412d0878a7 961d8885eda1406b87c01267346839e8 - - default default] show failed (client error): The resource could not be found.
2026-06-23 19:49:22.286 10 INFO neutron.wsgi [None req-fdf8bb0d-cb58-46e4-ad67-31c601cd9cbb 6f22c35928494171891429412d0878a7 961d8885eda1406b87c01267346839e8 - - default default] 199.204.45.3,10.0.0.202 "GET /v2.0/security-groups/manila-service-security-group?project_id=e2d8cef52b21446aa0a6796a1833aab2 HTTP/1.1" status: 404 len: 321 time: 0.0491719
2026-06-23 19:49:22.323 10 INFO neutron.wsgi [None req-ba74a54f-1081-4d17-9503-0a3ad0423940 6f22c35928494171891429412d0878a7 961d8885eda1406b87c01267346839e8 - - default default] 199.204.45.3,10.0.0.202 "GET /v2.0/security-groups?name=manila-service-security-group&project_id=e2d8cef52b21446aa0a6796a1833aab2 HTTP/1.1" status: 200 len: 4062 time: 0.0336690
2026-06-23 19:49:23.333 9 INFO neutron.wsgi [None req-20534b58-583d-4588-8f63-b55871777bae 6f22c35928494171891429412d0878a7 961d8885eda1406b87c01267346839e8 - - default default] 199.204.45.3,10.0.0.202 "GET /v2.0/security-groups/20b28df4-fd71-4c4e-b70c-289e57ae02ad?project_id=e2d8cef52b21446aa0a6796a1833aab2 HTTP/1.1" status: 200 len: 4059 time: 0.0790768
2026-06-23 19:49:23.387 9 INFO neutron.wsgi [None req-9a1901c7-79a9-42c5-bfee-a88c3e6b0778 6f22c35928494171891429412d0878a7 961d8885eda1406b87c01267346839e8 - - default default] 199.204.45.3,10.0.0.202 "GET /v2.0/security-groups/20b28df4-fd71-4c4e-b70c-289e57ae02ad HTTP/1.1" status: 200 len: 4059 time: 0.0475175
2026-06-23 19:49:23.410 9 INFO neutron.wsgi [None req-84fda636-4030-491a-8324-d19adfcc4288 6f22c35928494171891429412d0878a7 961d8885eda1406b87c01267346839e8 - - default default] 199.204.45.3,10.0.0.202 "GET /v2.0/security-group-rules/781e6ec5-8ab8-4f48-b154-19f414a0d258 HTTP/1.1" status: 200 len: 740 time: 0.0153470
2026-06-23 19:49:24.372 10 INFO neutron.wsgi [None req-e66d0ee4-3fd2-46ab-b446-4802e5b19401 6f22c35928494171891429412d0878a7 961d8885eda1406b87c01267346839e8 - - default default] 199.204.45.3,10.0.0.202 "GET /v2.0/security-groups/20b28df4-fd71-4c4e-b70c-289e57ae02ad?project_id=e2d8cef52b21446aa0a6796a1833aab2 HTTP/1.1" status: 200 len: 4059 time: 0.0756471
2026-06-23 19:49:24.410 10 INFO neutron.wsgi [None req-918d7e3c-64eb-48c7-8407-e32a84cd9f32 6f22c35928494171891429412d0878a7 961d8885eda1406b87c01267346839e8 - - default default] 199.204.45.3,10.0.0.202 "GET /v2.0/security-groups/20b28df4-fd71-4c4e-b70c-289e57ae02ad HTTP/1.1" status: 200 len: 4059 time: 0.0304556
2026-06-23 19:49:24.432 10 INFO neutron.wsgi [None req-f8c30baa-55eb-454d-9c4a-30289b028578 6f22c35928494171891429412d0878a7 961d8885eda1406b87c01267346839e8 - - default default] 199.204.45.3,10.0.0.202 "GET /v2.0/security-group-rules/7bd19c4b-f17f-44df-9f0f-3928d57c5e9f HTTP/1.1" status: 200 len: 742 time: 0.0154307
2026-06-23 19:49:25.393 10 INFO neutron.wsgi [None req-92e50140-959f-4bef-87e2-0cb2dbbece6a 6f22c35928494171891429412d0878a7 961d8885eda1406b87c01267346839e8 - - default default] 199.204.45.3,10.0.0.202 "GET /v2.0/security-groups/20b28df4-fd71-4c4e-b70c-289e57ae02ad?project_id=e2d8cef52b21446aa0a6796a1833aab2 HTTP/1.1" status: 200 len: 4059 time: 0.0723069
2026-06-23 19:49:25.431 10 INFO neutron.wsgi [None req-0e408f67-24e4-4133-86d3-6628165bf12e 6f22c35928494171891429412d0878a7 961d8885eda1406b87c01267346839e8 - - default default] 199.204.45.3,10.0.0.202 "GET /v2.0/security-groups/20b28df4-fd71-4c4e-b70c-289e57ae02ad HTTP/1.1" status: 200 len: 4059 time: 0.0307734
2026-06-23 19:49:25.455 10 INFO neutron.wsgi [None req-346c607b-063c-4368-aa2f-fe6dee2469b7 6f22c35928494171891429412d0878a7 961d8885eda1406b87c01267346839e8 - - default default] 199.204.45.3,10.0.0.202 "GET /v2.0/security-group-rules/da08a823-ac60-4313-90b4-326ad88a0a03 HTTP/1.1" status: 200 len: 744 time: 0.0175872
2026-06-23 19:49:26.480 10 INFO neutron.wsgi [None req-e04bcb24-cb40-4831-88a8-5bb57cff6b70 6f22c35928494171891429412d0878a7 961d8885eda1406b87c01267346839e8 - - default default] 199.204.45.3,10.0.0.202 "GET /v2.0/security-groups/20b28df4-fd71-4c4e-b70c-289e57ae02ad?project_id=e2d8cef52b21446aa0a6796a1833aab2 HTTP/1.1" status: 200 len: 4059 time: 0.0688396
2026-06-23 19:49:26.518 10 INFO neutron.wsgi [None req-e48be343-bfb9-475a-bfc8-42f4b54842ba 6f22c35928494171891429412d0878a7 961d8885eda1406b87c01267346839e8 - - default default] 199.204.45.3,10.0.0.202 "GET /v2.0/security-groups/20b28df4-fd71-4c4e-b70c-289e57ae02ad HTTP/1.1" status: 200 len: 4059 time: 0.0299125
2026-06-23 19:49:26.540 10 INFO neutron.wsgi [None req-cf73de97-9809-4282-a63e-d2fd186ee690 6f22c35928494171891429412d0878a7 961d8885eda1406b87c01267346839e8 - - default default] 199.204.45.3,10.0.0.202 "GET /v2.0/security-group-rules/f0ff2544-40eb-4880-acd2-ff999a6252ab HTTP/1.1" status: 200 len: 745 time: 0.0166934
2026-06-23 19:49:30.454 9 INFO neutron.wsgi [-] 10.0.0.202 "GET / HTTP/1.1" status: 200 len: 247 time: 0.0012603
2026-06-23 19:49:30.456 9 INFO neutron.wsgi [-] 10.0.0.202 "GET / HTTP/1.1" status: 200 len: 247 time: 0.0008705
2026-06-23 19:49:33.790 10 INFO neutron.wsgi [None req-46a9f494-5af9-44d1-8612-789a27605b0a 6f22c35928494171891429412d0878a7 961d8885eda1406b87c01267346839e8 - - default default] 199.204.45.3,10.0.0.202 "GET /v2.0/quotas/e2d8cef52b21446aa0a6796a1833aab2 HTTP/1.1" status: 200 len: 361 time: 0.0150368
2026-06-23 19:49:45.457 10 INFO neutron.wsgi [-] 10.0.0.202 "GET / HTTP/1.1" status: 200 len: 247 time: 0.0026741
2026-06-23 19:49:45.460 10 INFO neutron.wsgi [-] 10.0.0.202 "GET / HTTP/1.1" status: 200 len: 247 time: 0.0021000
2026-06-23 19:50:00.457 9 INFO neutron.wsgi [-] 10.0.0.202 "GET / HTTP/1.1" status: 200 len: 247 time: 0.0030615
2026-06-23 19:50:00.459 9 INFO neutron.wsgi [-] 10.0.0.202 "GET / HTTP/1.1" status: 200 len: 247 time: 0.0014346
2026-06-23 19:50:01.224 10 INFO neutron.wsgi [None req-19e972b0-48e9-458d-8987-ee68226e0661 6f22c35928494171891429412d0878a7 961d8885eda1406b87c01267346839e8 - - default default] 10.0.0.226 "GET /v2.0/subnets HTTP/1.1" status: 200 len: 1437 time: 0.0970099
2026-06-23 19:50:01.247 10 INFO neutron.wsgi [None req-80722e35-172d-45f8-9640-763fe890711f 6f22c35928494171891429412d0878a7 961d8885eda1406b87c01267346839e8 - - default default] 10.0.0.226 "GET /v2.0/routers HTTP/1.1" status: 200 len: 189 time: 0.0218973
2026-06-23 19:50:01.277 10 INFO neutron.wsgi [None req-3a35788f-2fa4-4176-ae78-9f09e37a8f61 6f22c35928494171891429412d0878a7 961d8885eda1406b87c01267346839e8 - - default default] 10.0.0.226 "GET /v2.0/agents?binary=ovn-controller HTTP/1.1" status: 200 len: 591 time: 0.0286579
2026-06-23 19:50:01.308 10 INFO neutron.wsgi [None req-e1cec36b-ee5e-4f09-9db5-3a4b87176993 6f22c35928494171891429412d0878a7 961d8885eda1406b87c01267346839e8 - - default default] 10.0.0.226 "GET /v2.0/subnets HTTP/1.1" status: 200 len: 1437 time: 0.0304060
2026-06-23 19:50:01.320 10 INFO neutron.wsgi [None req-c7e24f4c-708e-446d-b8a9-829fc07575ef 6f22c35928494171891429412d0878a7 961d8885eda1406b87c01267346839e8 - - default default] 10.0.0.226 "GET /v2.0/subnetpools HTTP/1.1" status: 200 len: 193 time: 0.0101397
2026-06-23 19:50:01.352 10 INFO neutron.wsgi [None req-15baa5ad-9f40-4a66-acfe-dc3b4050bf5c 6f22c35928494171891429412d0878a7 961d8885eda1406b87c01267346839e8 - - default default] 10.0.0.226 "GET /v2.0/floatingips HTTP/1.1" status: 200 len: 193 time: 0.0305727
2026-06-23 19:50:01.422 10 INFO neutron.wsgi [None req-a268f584-c784-4aa7-95f1-c6b8fd1e5d79 6f22c35928494171891429412d0878a7 961d8885eda1406b87c01267346839e8 - - default default] 10.0.0.226 "GET /v2.0/networks HTTP/1.1" status: 200 len: 2350 time: 0.0694411
2026-06-23 19:50:01.439 10 INFO neutron.wsgi [None req-bf211399-5a2c-4ef8-88a5-8d55698d761d 6f22c35928494171891429412d0878a7 961d8885eda1406b87c01267346839e8 - - default default] 10.0.0.226 "GET /v2.0/agents HTTP/1.1" status: 200 len: 997 time: 0.0151265
2026-06-23 19:50:01.493 10 INFO neutron.wsgi [None req-9b4795fe-5c9d-448c-b675-2bc1b00a172a 6f22c35928494171891429412d0878a7 961d8885eda1406b87c01267346839e8 - - default default] 10.0.0.226 "GET /v2.0/security-groups HTTP/1.1" status: 200 len: 16803 time: 0.0521429
2026-06-23 19:50:01.553 10 INFO neutron.wsgi [None req-512efb0f-a0c7-448a-b83b-b4dc662abef0 6f22c35928494171891429412d0878a7 961d8885eda1406b87c01267346839e8 - - default default] 10.0.0.226 "GET /v2.0/ports HTTP/1.1" status: 200 len: 5351 time: 0.0543671
2026-06-23 19:50:01.573 10 INFO neutron.wsgi [None req-ed8917df-f3e1-42dc-9395-67cb1bebc560 6f22c35928494171891429412d0878a7 961d8885eda1406b87c01267346839e8 - - default default] 10.0.0.226 "GET /v2.0/network-ip-availabilities HTTP/1.1" status: 200 len: 1280 time: 0.0123935
2026-06-23 19:50:15.456 10 INFO neutron.wsgi [-] 10.0.0.202 "GET / HTTP/1.1" status: 200 len: 247 time: 0.0016797
2026-06-23 19:50:15.456 9 INFO neutron.wsgi [-] 10.0.0.202 "GET / HTTP/1.1" status: 200 len: 247 time: 0.0024545
2026-06-23 19:50:24.016 10 INFO neutron.wsgi [None req-b8509c1d-c374-42f5-bfc5-9545d8518a85 6f22c35928494171891429412d0878a7 961d8885eda1406b87c01267346839e8 - - default default] 199.204.45.3,10.0.0.202 "GET /v2.0/networks?name=public HTTP/1.1" status: 200 len: 928 time: 0.1009681
2026-06-23 19:50:30.457 9 INFO neutron.wsgi [-] 10.0.0.202 "GET / HTTP/1.1" status: 200 len: 247 time: 0.0025389
2026-06-23 19:50:30.459 10 INFO neutron.wsgi [-] 10.0.0.202 "GET / HTTP/1.1" status: 200 len: 247 time: 0.0028625
2026-06-23 19:50:45.456 10 INFO neutron.wsgi [-] 10.0.0.202 "GET / HTTP/1.1" status: 200 len: 247 time: 0.0018141
2026-06-23 19:50:45.457 9 INFO neutron.wsgi [-] 10.0.0.202 "GET / HTTP/1.1" status: 200 len: 247 time: 0.0033181
2026-06-23 19:51:00.457 10 INFO neutron.wsgi [-] 10.0.0.202 "GET / HTTP/1.1" status: 200 len: 247 time: 0.0027382
2026-06-23 19:51:00.458 9 INFO neutron.wsgi [-] 10.0.0.202 "GET / HTTP/1.1" status: 200 len: 247 time: 0.0028007
2026-06-23 19:51:01.276 10 INFO neutron.wsgi [None req-684531a6-670e-4e1f-8abe-1e027e6902a7 6f22c35928494171891429412d0878a7 961d8885eda1406b87c01267346839e8 - - default default] 10.0.0.226 "GET /v2.0/security-groups HTTP/1.1" status: 200 len: 16803 time: 0.1783934
2026-06-23 19:51:01.354 10 INFO neutron.wsgi [None req-5a499373-8f59-4a88-a6fb-0d5e2a6b250c 6f22c35928494171891429412d0878a7 961d8885eda1406b87c01267346839e8 - - default default] 10.0.0.226 "GET /v2.0/ports HTTP/1.1" status: 200 len: 5351 time: 0.0728571
2026-06-23 19:51:01.387 10 INFO neutron.wsgi [None req-aace9882-5a21-477b-9c52-9a85e34da7ca 6f22c35928494171891429412d0878a7 961d8885eda1406b87c01267346839e8 - - default default] 10.0.0.226 "GET /v2.0/subnets HTTP/1.1" status: 200 len: 1437 time: 0.0275300
2026-06-23 19:51:01.397 10 INFO neutron.wsgi [None req-2474319e-4e6b-4cf4-89f5-5c603cf895ef 6f22c35928494171891429412d0878a7 961d8885eda1406b87c01267346839e8 - - default default] 10.0.0.226 "GET /v2.0/subnetpools HTTP/1.1" status: 200 len: 193 time: 0.0092046
2026-06-23 19:51:01.428 10 INFO neutron.wsgi [None req-32c26807-aa2f-4042-b394-9529d03ffc78 6f22c35928494171891429412d0878a7 961d8885eda1406b87c01267346839e8 - - default default] 10.0.0.226 "GET /v2.0/subnets HTTP/1.1" status: 200 len: 1437 time: 0.0297916
2026-06-23 19:51:01.448 10 INFO neutron.wsgi [None req-95dc3d3a-d61c-4ea7-93ee-a3d66142524a 6f22c35928494171891429412d0878a7 961d8885eda1406b87c01267346839e8 - - default default] 10.0.0.226 "GET /v2.0/routers HTTP/1.1" status: 200 len: 189 time: 0.0188448
2026-06-23 19:51:01.486 10 INFO neutron.wsgi [None req-ee53f734-840c-4daf-8808-53ff79dad50a 6f22c35928494171891429412d0878a7 961d8885eda1406b87c01267346839e8 - - default default] 10.0.0.226 "GET /v2.0/agents?binary=ovn-controller HTTP/1.1" status: 200 len: 591 time: 0.0377483
2026-06-23 19:51:01.504 10 INFO neutron.wsgi [None req-6e8e7c0e-e56f-4b10-b609-d3579cfdef45 6f22c35928494171891429412d0878a7 961d8885eda1406b87c01267346839e8 - - default default] 10.0.0.226 "GET /v2.0/network-ip-availabilities HTTP/1.1" status: 200 len: 1280 time: 0.0172081
2026-06-23 19:51:01.528 10 INFO neutron.wsgi [None req-344df08e-d902-4482-a7ec-58349eac14ec 6f22c35928494171891429412d0878a7 961d8885eda1406b87c01267346839e8 - - default default] 10.0.0.226 "GET /v2.0/floatingips HTTP/1.1" status: 200 len: 193 time: 0.0229025
2026-06-23 19:51:01.589 10 INFO neutron.wsgi [None req-62bc4dfd-e03d-4733-b1a7-e716a5f5f12a 6f22c35928494171891429412d0878a7 961d8885eda1406b87c01267346839e8 - - default default] 10.0.0.226 "GET /v2.0/networks HTTP/1.1" status: 200 len: 2350 time: 0.0594471
2026-06-23 19:51:01.601 10 INFO neutron.wsgi [None req-9c8a3d59-f020-48fd-a72c-c6ea08dd1c02 6f22c35928494171891429412d0878a7 961d8885eda1406b87c01267346839e8 - - default default] 10.0.0.226 "GET /v2.0/agents HTTP/1.1" status: 200 len: 997 time: 0.0103147
2026-06-23 19:51:03.665 9 INFO neutron.wsgi [None req-78142fba-fa6d-4ab0-933d-f936ef4af510 6f22c35928494171891429412d0878a7 961d8885eda1406b87c01267346839e8 - - default default] 10.0.0.134 "GET /v2.0/networks HTTP/1.1" status: 200 len: 2369 time: 0.1406696
2026-06-23 19:51:04.814 10 INFO neutron.wsgi [None req-98316472-159a-4337-8b8c-d86042a3f7fc 6f22c35928494171891429412d0878a7 961d8885eda1406b87c01267346839e8 - - default default] 10.0.0.134 "GET /v2.0/floatingips HTTP/1.1" status: 200 len: 212 time: 0.0251684
2026-06-23 19:51:04.850 9 INFO neutron.wsgi [None req-a63dba28-0392-4daa-8304-faa00008c34f 6f22c35928494171891429412d0878a7 961d8885eda1406b87c01267346839e8 - - default default] 10.0.0.134 "GET /v2.0/routers HTTP/1.1" status: 200 len: 208 time: 0.0300739
2026-06-23 19:51:04.899 9 INFO neutron.wsgi [None req-22dd38db-b125-405a-952f-cb45145c836e 6f22c35928494171891429412d0878a7 961d8885eda1406b87c01267346839e8 - - default default] 10.0.0.134 "GET /v2.0/ports HTTP/1.1" status: 200 len: 5370 time: 0.0450177
2026-06-23 19:51:04.951 9 INFO neutron.wsgi [None req-2a1b43b8-1105-480c-8b83-60e6e557aa9c 6f22c35928494171891429412d0878a7 961d8885eda1406b87c01267346839e8 - - default default] 10.0.0.134 "GET /v2.0/subnets HTTP/1.1" status: 200 len: 1456 time: 0.0474293
2026-06-23 19:51:05.023 9 INFO neutron.wsgi [None req-93924e90-2d65-4c9b-9618-03df0facb94a 6f22c35928494171891429412d0878a7 961d8885eda1406b87c01267346839e8 - - default default] 10.0.0.134 "GET /v2.0/networks HTTP/1.1" status: 200 len: 2369 time: 0.0662260
2026-06-23 19:51:05.081 9 INFO neutron.wsgi [None req-83321841-bae4-4fac-b5e4-b98a94044b88 6f22c35928494171891429412d0878a7 961d8885eda1406b87c01267346839e8 - - default default] 10.0.0.134 "GET /v2.0/security-groups HTTP/1.1" status: 200 len: 16822 time: 0.0536773
2026-06-23 19:51:05.106 9 INFO neutron.wsgi [None req-a41a065c-f159-45da-a2e6-97f9bea323c5 6f22c35928494171891429412d0878a7 961d8885eda1406b87c01267346839e8 - - default default] 10.0.0.134 "GET /v2.0/subnetpools HTTP/1.1" status: 200 len: 212 time: 0.0161479
2026-06-23 19:51:15.458 9 INFO neutron.wsgi [-] 10.0.0.202 "GET / HTTP/1.1" status: 200 len: 247 time: 0.0036421
2026-06-23 19:51:15.461 9 INFO neutron.wsgi [-] 10.0.0.202 "GET / HTTP/1.1" status: 200 len: 247 time: 0.0016804
2026-06-23 19:51:15.820 10 INFO neutron.db.ovn_revision_numbers_db [None req-030fec8c-8e4a-4e8f-9ac7-b174c497ed25 6f22c35928494171891429412d0878a7 961d8885eda1406b87c01267346839e8 - - default default] Successfully bumped revision number for resource d9526f55-c72c-41ae-8cab-39576419b842 (type: security_groups) to 1
2026-06-23 19:51:15.852 10 INFO neutron.db.ovn_revision_numbers_db [None req-030fec8c-8e4a-4e8f-9ac7-b174c497ed25 6f22c35928494171891429412d0878a7 961d8885eda1406b87c01267346839e8 - - default default] Successfully bumped revision number for resource 207f31e4-8e82-4394-8377-ffed283448c2 (type: security_group_rules) to 0
2026-06-23 19:51:15.873 10 INFO neutron.db.ovn_revision_numbers_db [None req-030fec8c-8e4a-4e8f-9ac7-b174c497ed25 6f22c35928494171891429412d0878a7 961d8885eda1406b87c01267346839e8 - - default default] Successfully bumped revision number for resource 35d69564-9a08-4e5e-80c3-32ac14f67070 (type: security_group_rules) to 0
2026-06-23 19:51:15.887 9 INFO neutron.db.ovn_revision_numbers_db [None req-f4b1f15d-0c52-4adb-aaa7-e075957d98db 6f22c35928494171891429412d0878a7 961d8885eda1406b87c01267346839e8 - - default default] Successfully bumped revision number for resource 613cc0b2-964e-49a5-8e6f-30310bd0560d (type: security_groups) to 1
2026-06-23 19:51:15.888 10 INFO neutron.db.ovn_revision_numbers_db [None req-030fec8c-8e4a-4e8f-9ac7-b174c497ed25 6f22c35928494171891429412d0878a7 961d8885eda1406b87c01267346839e8 - - default default] Successfully bumped revision number for resource 3655501d-2dd5-4e72-ba02-5f62b66abc50 (type: security_group_rules) to 0
2026-06-23 19:51:15.903 9 INFO neutron.db.ovn_revision_numbers_db [None req-f4b1f15d-0c52-4adb-aaa7-e075957d98db 6f22c35928494171891429412d0878a7 961d8885eda1406b87c01267346839e8 - - default default] Successfully bumped revision number for resource 33aac979-17b0-40a7-8615-8afe0b4951c1 (type: security_group_rules) to 0
