2026-06-23 19:54:12.073 9 INFO neutron.db.ovn_revision_numbers_db [None req-a709f179-0c72-47ec-a7bd-0ebdf31b465c 6f22c35928494171891429412d0878a7 961d8885eda1406b87c01267346839e8 - - default default] Successfully bumped revision number for resource 99c6c9f5-418a-47eb-93fb-ca163da8cd53 (type: security_group_rules) to 0
2026-06-23 19:54:12.119 9 INFO neutron.db.ovn_revision_numbers_db [None req-a709f179-0c72-47ec-a7bd-0ebdf31b465c 6f22c35928494171891429412d0878a7 961d8885eda1406b87c01267346839e8 - - default default] Successfully bumped revision number for resource 9c832ea6-0900-4452-afa0-a0e00243732e (type: security_group_rules) to 0
2026-06-23 19:54:12.145 9 INFO neutron.db.ovn_revision_numbers_db [None req-a709f179-0c72-47ec-a7bd-0ebdf31b465c 6f22c35928494171891429412d0878a7 961d8885eda1406b87c01267346839e8 - - default default] Successfully bumped revision number for resource ef5dbac1-e5ac-4720-a8b0-983c3856db40 (type: security_group_rules) to 0
2026-06-23 19:54:12.166 9 INFO neutron.wsgi [None req-a709f179-0c72-47ec-a7bd-0ebdf31b465c 6f22c35928494171891429412d0878a7 961d8885eda1406b87c01267346839e8 - - default default] 10.0.0.134 "GET /v2.0/security-groups?tenant_id=b69399e541b04f8ab1a8dd3c6685dea6&name=default HTTP/1.1" status: 200 len: 2996 time: 0.2510066
2026-06-23 19:54:12.192 10 INFO neutron.wsgi [None req-b8605011-436d-48ef-aa50-560ebc5bb628 6f22c35928494171891429412d0878a7 961d8885eda1406b87c01267346839e8 - - default default] 10.0.0.134 "DELETE /v2.0/security-groups/2fd23f1e-86d6-4239-be0c-6d51a5083377 HTTP/1.1" status: 204 len: 168 time: 0.2229776
2026-06-23 19:54:12.391 9 INFO neutron.wsgi [None req-5fb90457-c315-4812-a31a-67525a8a5baa 6f22c35928494171891429412d0878a7 961d8885eda1406b87c01267346839e8 - - default default] 10.0.0.134 "DELETE /v2.0/security-groups/24cd57f7-2d30-4581-be5d-899a3178a5c9 HTTP/1.1" status: 204 len: 168 time: 0.2185578
2026-06-23 19:54:12.902 10 WARNING neutron_lib.context [None req-d0f37eea-ce7f-4962-92e1-e112b85e4c27 27bf9890b34f484ca38e48f4b5831d62 871a2ab9e6bd42709894391810ae3a10 - - default default] Method 'is_advsvc' is deprecated since 2023.2 release (neutron-lib 3.8.0) and will be removed once support for the old RBAC API policies will be removed from Neutron. Please use method 'is_service_role' instead.
2026-06-23 19:54:13.042 10 INFO neutron.db.ovn_revision_numbers_db [None req-d0f37eea-ce7f-4962-92e1-e112b85e4c27 27bf9890b34f484ca38e48f4b5831d62 871a2ab9e6bd42709894391810ae3a10 - - default default] Successfully bumped revision number for resource 3d7a9b57-59a0-49b9-a921-f5cb5fdf4726 (type: security_groups) to 1
2026-06-23 19:54:13.056 10 INFO neutron.db.ovn_revision_numbers_db [None req-d0f37eea-ce7f-4962-92e1-e112b85e4c27 27bf9890b34f484ca38e48f4b5831d62 871a2ab9e6bd42709894391810ae3a10 - - default default] Successfully bumped revision number for resource 2d72d562-194f-4989-bae8-928e0a606054 (type: security_group_rules) to 0
2026-06-23 19:54:13.067 10 INFO neutron.db.ovn_revision_numbers_db [None req-d0f37eea-ce7f-4962-92e1-e112b85e4c27 27bf9890b34f484ca38e48f4b5831d62 871a2ab9e6bd42709894391810ae3a10 - - default default] Successfully bumped revision number for resource 41f89c6b-a5e8-4d85-8aeb-7ce7cdb19317 (type: security_group_rules) to 0
2026-06-23 19:54:13.087 10 INFO neutron.db.ovn_revision_numbers_db [None req-d0f37eea-ce7f-4962-92e1-e112b85e4c27 27bf9890b34f484ca38e48f4b5831d62 871a2ab9e6bd42709894391810ae3a10 - - default default] Successfully bumped revision number for resource 59886f6c-68b5-4cec-acfe-23d895bc3223 (type: security_group_rules) to 0
2026-06-23 19:54:13.106 10 INFO neutron.db.ovn_revision_numbers_db [None req-d0f37eea-ce7f-4962-92e1-e112b85e4c27 27bf9890b34f484ca38e48f4b5831d62 871a2ab9e6bd42709894391810ae3a10 - - default default] Successfully bumped revision number for resource b6131509-d7fd-4e19-a37a-c1e0acc6ff97 (type: security_group_rules) to 0
2026-06-23 19:54:13.175 10 INFO neutron.db.segments_db [None req-d0f37eea-ce7f-4962-92e1-e112b85e4c27 27bf9890b34f484ca38e48f4b5831d62 871a2ab9e6bd42709894391810ae3a10 - - default default] Added segment a61030a6-74d1-43c2-a460-3f8bc44886df of type geneve for network 6489ca26-4ede-422f-a150-cc3a58823f70
2026-06-23 19:54:13.321 10 INFO neutron.db.ovn_revision_numbers_db [None req-d0f37eea-ce7f-4962-92e1-e112b85e4c27 27bf9890b34f484ca38e48f4b5831d62 871a2ab9e6bd42709894391810ae3a10 - - default default] Successfully bumped revision number for resource 6489ca26-4ede-422f-a150-cc3a58823f70 (type: networks) to 1
2026-06-23 19:54:13.535 10 WARNING neutron.scheduler.dhcp_agent_scheduler [None req-d0f37eea-ce7f-4962-92e1-e112b85e4c27 27bf9890b34f484ca38e48f4b5831d62 871a2ab9e6bd42709894391810ae3a10 - - default default] No more DHCP agents
2026-06-23 19:54:13.537 10 WARNING neutron.api.rpc.agentnotifiers.dhcp_rpc_agent_api [None req-d0f37eea-ce7f-4962-92e1-e112b85e4c27 27bf9890b34f484ca38e48f4b5831d62 871a2ab9e6bd42709894391810ae3a10 - - default default] Unable to schedule network 6489ca26-4ede-422f-a150-cc3a58823f70: no agents available; will retry on subsequent port and subnet creation events.
2026-06-23 19:54:13.625 10 INFO neutron.db.ovn_revision_numbers_db [None req-d0f37eea-ce7f-4962-92e1-e112b85e4c27 27bf9890b34f484ca38e48f4b5831d62 871a2ab9e6bd42709894391810ae3a10 - - default default] Successfully bumped revision number for resource b04bd6b5-b88a-4f21-95a3-94f6c3416e37 (type: ports) to 1
2026-06-23 19:54:13.648 10 INFO neutron.wsgi [None req-d0f37eea-ce7f-4962-92e1-e112b85e4c27 27bf9890b34f484ca38e48f4b5831d62 871a2ab9e6bd42709894391810ae3a10 - - default default] 10.0.0.134 "POST /v2.0/networks HTTP/1.1" status: 201 len: 829 time: 0.8748641
2026-06-23 19:54:13.656 10 WARNING neutron_lib.context [None req-28fff372-ab26-4953-89b8-09f8329f0e40 27bf9890b34f484ca38e48f4b5831d62 871a2ab9e6bd42709894391810ae3a10 - - default default] Method 'is_advsvc' is deprecated since 2023.2 release (neutron-lib 3.8.0) and will be removed once support for the old RBAC API policies will be removed from Neutron. Please use method 'is_service_role' instead.
2026-06-23 19:54:13.896 10 WARNING neutron.scheduler.dhcp_agent_scheduler [None req-28fff372-ab26-4953-89b8-09f8329f0e40 27bf9890b34f484ca38e48f4b5831d62 871a2ab9e6bd42709894391810ae3a10 - - default default] No more DHCP agents
2026-06-23 19:54:13.900 10 WARNING neutron.api.rpc.agentnotifiers.dhcp_rpc_agent_api [None req-28fff372-ab26-4953-89b8-09f8329f0e40 27bf9890b34f484ca38e48f4b5831d62 871a2ab9e6bd42709894391810ae3a10 - - default default] Unable to schedule network 6489ca26-4ede-422f-a150-cc3a58823f70: no agents available; will retry on subsequent port and subnet creation events.
2026-06-23 19:54:14.004 10 INFO neutron.db.ovn_revision_numbers_db [None req-28fff372-ab26-4953-89b8-09f8329f0e40 27bf9890b34f484ca38e48f4b5831d62 871a2ab9e6bd42709894391810ae3a10 - - default default] Successfully bumped revision number for resource dbbc4d55-98c9-42a5-b964-7f175ff8d06d (type: ports) to 1
2026-06-23 19:54:14.031 10 INFO neutron.wsgi [None req-28fff372-ab26-4953-89b8-09f8329f0e40 27bf9890b34f484ca38e48f4b5831d62 871a2ab9e6bd42709894391810ae3a10 - - default default] 10.0.0.134 "POST /v2.0/ports HTTP/1.1" status: 201 len: 942 time: 0.3788390 /var/lib/openstack/lib/python3.10/site-packages/pycadf/identifier.py:71: UserWarning: Invalid uuid: neutron. To ensure interoperability, identifiers should be a valid uuid. warnings.warn(('Invalid uuid: %s. To ensure interoperability, '
2026-06-23 19:54:14.040 10 WARNING neutron_lib.context [None req-b3a1ba1c-4c19-4193-a047-2025c0adaea2 27bf9890b34f484ca38e48f4b5831d62 871a2ab9e6bd42709894391810ae3a10 - - default default] Method 'is_advsvc' is deprecated since 2023.2 release (neutron-lib 3.8.0) and will be removed once support for the old RBAC API policies will be removed from Neutron. Please use method 'is_service_role' instead.
2026-06-23 19:54:14.133 10 INFO neutron.db.segments_db [None req-b3a1ba1c-4c19-4193-a047-2025c0adaea2 27bf9890b34f484ca38e48f4b5831d62 871a2ab9e6bd42709894391810ae3a10 - - default default] Added segment b0118b9c-d525-4bd4-8c30-a7b062badd5c of type geneve for network dd9c4d95-8b6b-426d-a958-c442f3742411
2026-06-23 19:54:14.290 10 INFO neutron.db.ovn_revision_numbers_db [None req-b3a1ba1c-4c19-4193-a047-2025c0adaea2 27bf9890b34f484ca38e48f4b5831d62 871a2ab9e6bd42709894391810ae3a10 - - default default] Successfully bumped revision number for resource dd9c4d95-8b6b-426d-a958-c442f3742411 (type: networks) to 1
2026-06-23 19:54:14.465 10 WARNING neutron.scheduler.dhcp_agent_scheduler [None req-b3a1ba1c-4c19-4193-a047-2025c0adaea2 27bf9890b34f484ca38e48f4b5831d62 871a2ab9e6bd42709894391810ae3a10 - - default default] No more DHCP agents
2026-06-23 19:54:14.468 10 WARNING neutron.api.rpc.agentnotifiers.dhcp_rpc_agent_api [None req-b3a1ba1c-4c19-4193-a047-2025c0adaea2 27bf9890b34f484ca38e48f4b5831d62 871a2ab9e6bd42709894391810ae3a10 - - default default] Unable to schedule network dd9c4d95-8b6b-426d-a958-c442f3742411: no agents available; will retry on subsequent port and subnet creation events.
2026-06-23 19:54:14.543 10 INFO neutron.db.ovn_revision_numbers_db [None req-b3a1ba1c-4c19-4193-a047-2025c0adaea2 27bf9890b34f484ca38e48f4b5831d62 871a2ab9e6bd42709894391810ae3a10 - - default default] Successfully bumped revision number for resource 23945169-b615-4385-bdf0-2cb2c56ae49c (type: ports) to 1
2026-06-23 19:54:14.569 10 INFO neutron.wsgi [None req-b3a1ba1c-4c19-4193-a047-2025c0adaea2 27bf9890b34f484ca38e48f4b5831d62 871a2ab9e6bd42709894391810ae3a10 - - default default] 10.0.0.134 "POST /v2.0/networks HTTP/1.1" status: 201 len: 831 time: 0.5339258
2026-06-23 19:54:14.582 10 WARNING neutron_lib.context [None req-6afc54a1-d215-4676-9f73-c76fafc40d28 27bf9890b34f484ca38e48f4b5831d62 871a2ab9e6bd42709894391810ae3a10 - - default default] Method 'is_advsvc' is deprecated since 2023.2 release (neutron-lib 3.8.0) and will be removed once support for the old RBAC API policies will be removed from Neutron. Please use method 'is_service_role' instead.
2026-06-23 19:54:14.871 10 WARNING neutron.scheduler.dhcp_agent_scheduler [None req-6afc54a1-d215-4676-9f73-c76fafc40d28 27bf9890b34f484ca38e48f4b5831d62 871a2ab9e6bd42709894391810ae3a10 - - default default] No more DHCP agents
2026-06-23 19:54:14.877 10 WARNING neutron.api.rpc.agentnotifiers.dhcp_rpc_agent_api [None req-6afc54a1-d215-4676-9f73-c76fafc40d28 27bf9890b34f484ca38e48f4b5831d62 871a2ab9e6bd42709894391810ae3a10 - - default default] Unable to schedule network dd9c4d95-8b6b-426d-a958-c442f3742411: no agents available; will retry on subsequent port and subnet creation events.
2026-06-23 19:54:14.995 10 INFO neutron.db.ovn_revision_numbers_db [None req-6afc54a1-d215-4676-9f73-c76fafc40d28 27bf9890b34f484ca38e48f4b5831d62 871a2ab9e6bd42709894391810ae3a10 - - default default] Successfully bumped revision number for resource c1dca0cd-557d-4752-b89f-f9c9735cabb1 (type: ports) to 1
2026-06-23 19:54:15.024 10 INFO neutron.wsgi [None req-6afc54a1-d215-4676-9f73-c76fafc40d28 27bf9890b34f484ca38e48f4b5831d62 871a2ab9e6bd42709894391810ae3a10 - - default default] 10.0.0.134 "POST /v2.0/ports HTTP/1.1" status: 201 len: 942 time: 0.4480526 /var/lib/openstack/lib/python3.10/site-packages/pycadf/identifier.py:71: UserWarning: Invalid uuid: neutron. To ensure interoperability, identifiers should be a valid uuid. warnings.warn(('Invalid uuid: %s. To ensure interoperability, '
2026-06-23 19:54:15.037 10 WARNING neutron_lib.context [None req-ad4a09b4-d10e-4063-b097-021d64eaec7e 27bf9890b34f484ca38e48f4b5831d62 871a2ab9e6bd42709894391810ae3a10 - - default default] Method 'is_advsvc' is deprecated since 2023.2 release (neutron-lib 3.8.0) and will be removed once support for the old RBAC API policies will be removed from Neutron. Please use method 'is_service_role' instead.
2026-06-23 19:54:15.121 10 INFO neutron.db.segments_db [None req-ad4a09b4-d10e-4063-b097-021d64eaec7e 27bf9890b34f484ca38e48f4b5831d62 871a2ab9e6bd42709894391810ae3a10 - - default default] Added segment 04702a7b-efe2-4280-a852-bb399fa3da2e of type geneve for network 1707010a-ce71-4e9c-98c2-305d6fe92343
2026-06-23 19:54:15.278 10 INFO neutron.db.ovn_revision_numbers_db [None req-ad4a09b4-d10e-4063-b097-021d64eaec7e 27bf9890b34f484ca38e48f4b5831d62 871a2ab9e6bd42709894391810ae3a10 - - default default] Successfully bumped revision number for resource 1707010a-ce71-4e9c-98c2-305d6fe92343 (type: networks) to 1
2026-06-23 19:54:15.456 10 INFO neutron.wsgi [-] 10.0.0.202 "GET / HTTP/1.1" status: 200 len: 247 time: 0.0016668
2026-06-23 19:54:15.457 9 INFO neutron.wsgi [-] 10.0.0.202 "GET / HTTP/1.1" status: 200 len: 247 time: 0.0028014
2026-06-23 19:54:15.476 10 WARNING neutron.scheduler.dhcp_agent_scheduler [None req-ad4a09b4-d10e-4063-b097-021d64eaec7e 27bf9890b34f484ca38e48f4b5831d62 871a2ab9e6bd42709894391810ae3a10 - - default default] No more DHCP agents
2026-06-23 19:54:15.478 10 WARNING neutron.api.rpc.agentnotifiers.dhcp_rpc_agent_api [None req-ad4a09b4-d10e-4063-b097-021d64eaec7e 27bf9890b34f484ca38e48f4b5831d62 871a2ab9e6bd42709894391810ae3a10 - - default default] Unable to schedule network 1707010a-ce71-4e9c-98c2-305d6fe92343: no agents available; will retry on subsequent port and subnet creation events.
2026-06-23 19:54:15.563 10 INFO neutron.db.ovn_revision_numbers_db [None req-ad4a09b4-d10e-4063-b097-021d64eaec7e 27bf9890b34f484ca38e48f4b5831d62 871a2ab9e6bd42709894391810ae3a10 - - default default] Successfully bumped revision number for resource 993ebc67-43e9-4ace-bd16-0d8a64f8fe40 (type: ports) to 1
2026-06-23 19:54:15.585 10 INFO neutron.wsgi [None req-ad4a09b4-d10e-4063-b097-021d64eaec7e 27bf9890b34f484ca38e48f4b5831d62 871a2ab9e6bd42709894391810ae3a10 - - default default] 10.0.0.134 "POST /v2.0/networks HTTP/1.1" status: 201 len: 830 time: 0.5553966
2026-06-23 19:54:15.599 10 WARNING neutron_lib.context [None req-7c82d43d-54d3-4f11-aa67-4fd2f458c873 27bf9890b34f484ca38e48f4b5831d62 871a2ab9e6bd42709894391810ae3a10 - - default default] Method 'is_advsvc' is deprecated since 2023.2 release (neutron-lib 3.8.0) and will be removed once support for the old RBAC API policies will be removed from Neutron. Please use method 'is_service_role' instead.
2026-06-23 19:54:15.785 10 WARNING neutron_lib.context [None req-78cc3892-3827-4d3a-b6f6-933d24fa833c 226489225586495c858ec8100a21b392 49709cc7ebe04a1687f5d0aa6de9a060 - - default default] Method 'is_advsvc' is deprecated since 2023.2 release (neutron-lib 3.8.0) and will be removed once support for the old RBAC API policies will be removed from Neutron. Please use method 'is_service_role' instead.
2026-06-23 19:54:15.859 10 WARNING neutron.scheduler.dhcp_agent_scheduler [None req-7c82d43d-54d3-4f11-aa67-4fd2f458c873 27bf9890b34f484ca38e48f4b5831d62 871a2ab9e6bd42709894391810ae3a10 - - default default] No more DHCP agents
2026-06-23 19:54:15.863 10 WARNING neutron.api.rpc.agentnotifiers.dhcp_rpc_agent_api [None req-7c82d43d-54d3-4f11-aa67-4fd2f458c873 27bf9890b34f484ca38e48f4b5831d62 871a2ab9e6bd42709894391810ae3a10 - - default default] Unable to schedule network 1707010a-ce71-4e9c-98c2-305d6fe92343: no agents available; will retry on subsequent port and subnet creation events.
2026-06-23 19:54:15.987 10 INFO neutron.db.ovn_revision_numbers_db [None req-7c82d43d-54d3-4f11-aa67-4fd2f458c873 27bf9890b34f484ca38e48f4b5831d62 871a2ab9e6bd42709894391810ae3a10 - - default default] Successfully bumped revision number for resource f20e76d8-5210-4281-a7c6-6cd6bc108052 (type: ports) to 1
2026-06-23 19:54:16.022 10 INFO neutron.wsgi [None req-7c82d43d-54d3-4f11-aa67-4fd2f458c873 27bf9890b34f484ca38e48f4b5831d62 871a2ab9e6bd42709894391810ae3a10 - - default default] 10.0.0.134 "POST /v2.0/ports HTTP/1.1" status: 201 len: 942 time: 0.4314904 /var/lib/openstack/lib/python3.10/site-packages/pycadf/identifier.py:71: UserWarning: Invalid uuid: neutron. To ensure interoperability, identifiers should be a valid uuid. warnings.warn(('Invalid uuid: %s. To ensure interoperability, '
2026-06-23 19:54:16.033 10 WARNING neutron_lib.context [None req-501891f8-14db-471d-a809-e97122b171b6 27bf9890b34f484ca38e48f4b5831d62 871a2ab9e6bd42709894391810ae3a10 - - default default] Method 'is_advsvc' is deprecated since 2023.2 release (neutron-lib 3.8.0) and will be removed once support for the old RBAC API policies will be removed from Neutron. Please use method 'is_service_role' instead.
2026-06-23 19:54:16.135 10 INFO neutron.db.segments_db [None req-501891f8-14db-471d-a809-e97122b171b6 27bf9890b34f484ca38e48f4b5831d62 871a2ab9e6bd42709894391810ae3a10 - - default default] Added segment 6ca9160e-2ff7-424c-b3dd-3ba770340b48 of type geneve for network 743d78e7-8e58-45c2-a9dd-52efed4de0c4
2026-06-23 19:54:16.150 10 WARNING neutron.scheduler.dhcp_agent_scheduler [None req-78cc3892-3827-4d3a-b6f6-933d24fa833c 226489225586495c858ec8100a21b392 49709cc7ebe04a1687f5d0aa6de9a060 - - default default] No more DHCP agents
2026-06-23 19:54:16.154 10 WARNING neutron.api.rpc.agentnotifiers.dhcp_rpc_agent_api [None req-78cc3892-3827-4d3a-b6f6-933d24fa833c 226489225586495c858ec8100a21b392 49709cc7ebe04a1687f5d0aa6de9a060 - - default default] Unable to schedule network 5ba94b83-72f9-4064-9ccb-c40368783405: no agents available; will retry on subsequent port and subnet creation events.
2026-06-23 19:54:16.310 10 INFO neutron.db.ovn_revision_numbers_db [None req-501891f8-14db-471d-a809-e97122b171b6 27bf9890b34f484ca38e48f4b5831d62 871a2ab9e6bd42709894391810ae3a10 - - default default] Successfully bumped revision number for resource 743d78e7-8e58-45c2-a9dd-52efed4de0c4 (type: networks) to 1
2026-06-23 19:54:16.740 10 WARNING neutron.scheduler.dhcp_agent_scheduler [None req-501891f8-14db-471d-a809-e97122b171b6 27bf9890b34f484ca38e48f4b5831d62 871a2ab9e6bd42709894391810ae3a10 - - default default] No more DHCP agents
2026-06-23 19:54:16.749 10 WARNING neutron.api.rpc.agentnotifiers.dhcp_rpc_agent_api [None req-501891f8-14db-471d-a809-e97122b171b6 27bf9890b34f484ca38e48f4b5831d62 871a2ab9e6bd42709894391810ae3a10 - - default default] Unable to schedule network 743d78e7-8e58-45c2-a9dd-52efed4de0c4: no agents available; will retry on subsequent port and subnet creation events.
2026-06-23 19:54:16.848 10 INFO neutron.db.ovn_revision_numbers_db [None req-78cc3892-3827-4d3a-b6f6-933d24fa833c 226489225586495c858ec8100a21b392 49709cc7ebe04a1687f5d0aa6de9a060 - - default default] Successfully bumped revision number for resource b5ff822b-b836-4787-996c-5c21500046d8 (type: floatingips) to 0
2026-06-23 19:54:16.862 10 INFO neutron.wsgi [None req-78cc3892-3827-4d3a-b6f6-933d24fa833c 226489225586495c858ec8100a21b392 49709cc7ebe04a1687f5d0aa6de9a060 - - default default] 10.0.0.134 "POST /v2.0/floatingips HTTP/1.1" status: 201 len: 751 time: 1.2702758
2026-06-23 19:54:16.873 10 INFO neutron.db.ovn_revision_numbers_db [None req-501891f8-14db-471d-a809-e97122b171b6 27bf9890b34f484ca38e48f4b5831d62 871a2ab9e6bd42709894391810ae3a10 - - default default] Successfully bumped revision number for resource d733af52-50d4-497b-a261-708d642300a5 (type: ports) to 1
2026-06-23 19:54:16.919 10 INFO neutron.wsgi [None req-501891f8-14db-471d-a809-e97122b171b6 27bf9890b34f484ca38e48f4b5831d62 871a2ab9e6bd42709894391810ae3a10 - - default default] 10.0.0.134 "POST /v2.0/networks HTTP/1.1" status: 201 len: 831 time: 0.8921397
2026-06-23 19:54:16.923 10 INFO neutron.wsgi [None req-d861082c-3bb1-4143-81d7-0d4276979511 226489225586495c858ec8100a21b392 49709cc7ebe04a1687f5d0aa6de9a060 - - default default] 10.0.0.134 "PUT /v2.0/floatingips/b5ff822b-b836-4787-996c-5c21500046d8/tags HTTP/1.1" status: 200 len: 218 time: 0.0552361
2026-06-23 19:54:16.930 9 WARNING neutron_lib.context [None req-5c0f6395-45c8-4977-997d-7407040357e9 27bf9890b34f484ca38e48f4b5831d62 871a2ab9e6bd42709894391810ae3a10 - - default default] Method 'is_advsvc' is deprecated since 2023.2 release (neutron-lib 3.8.0) and will be removed once support for the old RBAC API policies will be removed from Neutron. Please use method 'is_service_role' instead.
2026-06-23 19:54:16.960 10 INFO neutron.wsgi [None req-4b919d0a-19f1-40e4-b623-d75132fb839e 226489225586495c858ec8100a21b392 49709cc7ebe04a1687f5d0aa6de9a060 - - default default] 10.0.0.134 "GET /v2.0/floatingips/b5ff822b-b836-4787-996c-5c21500046d8/tags HTTP/1.1" status: 200 len: 218 time: 0.0307505
2026-06-23 19:54:17.014 10 INFO neutron.wsgi [None req-1e598b96-9be8-45ab-a475-46d3777fd3de 226489225586495c858ec8100a21b392 49709cc7ebe04a1687f5d0aa6de9a060 - - default default] 10.0.0.134 "PUT /v2.0/floatingips/b5ff822b-b836-4787-996c-5c21500046d8/tags/green HTTP/1.1" status: 201 len: 201 time: 0.0493574
2026-06-23 19:54:17.065 10 INFO neutron.wsgi [None req-005da55e-fd05-47f4-b416-3891270ed777 226489225586495c858ec8100a21b392 49709cc7ebe04a1687f5d0aa6de9a060 - - default default] 10.0.0.134 "GET /v2.0/floatingips/b5ff822b-b836-4787-996c-5c21500046d8/tags HTTP/1.1" status: 200 len: 227 time: 0.0436211
2026-06-23 19:54:17.106 10 INFO neutron.wsgi [None req-37a21486-886b-4f81-a176-74bd2c8a92b9 226489225586495c858ec8100a21b392 49709cc7ebe04a1687f5d0aa6de9a060 - - default default] 10.0.0.134 "PUT /v2.0/floatingips/b5ff822b-b836-4787-996c-5c21500046d8/tags/red HTTP/1.1" status: 201 len: 201 time: 0.0348983
2026-06-23 19:54:17.147 10 INFO neutron.wsgi [None req-b1771c13-c9da-4105-b676-cc5bd16658ea 226489225586495c858ec8100a21b392 49709cc7ebe04a1687f5d0aa6de9a060 - - default default] 10.0.0.134 "GET /v2.0/floatingips/b5ff822b-b836-4787-996c-5c21500046d8/tags HTTP/1.1" status: 200 len: 227 time: 0.0357647
2026-06-23 19:54:17.200 10 INFO neutron.wsgi [None req-f55e6f0b-73fb-40aa-bcc1-62bfd06ee4eb 226489225586495c858ec8100a21b392 49709cc7ebe04a1687f5d0aa6de9a060 - - default default] 10.0.0.134 "PUT /v2.0/floatingips/b5ff822b-b836-4787-996c-5c21500046d8/tags/black.or.white HTTP/1.1" status: 201 len: 201 time: 0.0482578
2026-06-23 19:54:17.235 9 WARNING neutron.scheduler.dhcp_agent_scheduler [None req-5c0f6395-45c8-4977-997d-7407040357e9 27bf9890b34f484ca38e48f4b5831d62 871a2ab9e6bd42709894391810ae3a10 - - default default] No more DHCP agents
2026-06-23 19:54:17.236 10 INFO neutron.wsgi [None req-2ee0d881-1d6d-4441-b187-e89311a593ca 226489225586495c858ec8100a21b392 49709cc7ebe04a1687f5d0aa6de9a060 - - default default] 10.0.0.134 "GET /v2.0/floatingips/b5ff822b-b836-4787-996c-5c21500046d8/tags HTTP/1.1" status: 200 len: 245 time: 0.0310774
2026-06-23 19:54:17.237 9 WARNING neutron.api.rpc.agentnotifiers.dhcp_rpc_agent_api [None req-5c0f6395-45c8-4977-997d-7407040357e9 27bf9890b34f484ca38e48f4b5831d62 871a2ab9e6bd42709894391810ae3a10 - - default default] Unable to schedule network 743d78e7-8e58-45c2-a9dd-52efed4de0c4: no agents available; will retry on subsequent port and subnet creation events.
2026-06-23 19:54:17.285 10 INFO neutron.wsgi [None req-2c39feac-d41f-4cae-8079-0b7c44105f37 226489225586495c858ec8100a21b392 49709cc7ebe04a1687f5d0aa6de9a060 - - default default] 10.0.0.134 "PUT /v2.0/floatingips/b5ff822b-b836-4787-996c-5c21500046d8/tags HTTP/1.1" status: 200 len: 230 time: 0.0449872
2026-06-23 19:54:17.324 10 INFO neutron.wsgi [None req-8693cd6b-261c-4f68-bad6-448fde6bee35 226489225586495c858ec8100a21b392 49709cc7ebe04a1687f5d0aa6de9a060 - - default default] 10.0.0.134 "GET /v2.0/floatingips/b5ff822b-b836-4787-996c-5c21500046d8/tags HTTP/1.1" status: 200 len: 230 time: 0.0347736
2026-06-23 19:54:17.332 9 INFO neutron.db.ovn_revision_numbers_db [None req-5c0f6395-45c8-4977-997d-7407040357e9 27bf9890b34f484ca38e48f4b5831d62 871a2ab9e6bd42709894391810ae3a10 - - default default] Successfully bumped revision number for resource 1d5bd15a-f0b9-40cd-9965-e6559e074e44 (type: ports) to 1
2026-06-23 19:54:17.354 9 INFO neutron.wsgi [None req-5c0f6395-45c8-4977-997d-7407040357e9 27bf9890b34f484ca38e48f4b5831d62 871a2ab9e6bd42709894391810ae3a10 - - default default] 10.0.0.134 "POST /v2.0/ports HTTP/1.1" status: 201 len: 942 time: 0.4297748
2026-06-23 19:54:17.360 10 INFO neutron.wsgi [None req-2f54fb3a-20a7-4e85-8c50-4343b9a7a826 226489225586495c858ec8100a21b392 49709cc7ebe04a1687f5d0aa6de9a060 - - default default] 10.0.0.134 "GET /v2.0/floatingips/b5ff822b-b836-4787-996c-5c21500046d8/tags/red HTTP/1.1" status: 204 len: 168 time: 0.0304368
2026-06-23 19:54:17.363 10 WARNING neutron_lib.context [None req-950d8a49-2056-4e82-8fb3-205b6ca33765 27bf9890b34f484ca38e48f4b5831d62 871a2ab9e6bd42709894391810ae3a10 - - default default] Method 'is_advsvc' is deprecated since 2023.2 release (neutron-lib 3.8.0) and will be removed once support for the old RBAC API policies will be removed from Neutron. Please use method 'is_service_role' instead. /var/lib/openstack/lib/python3.10/site-packages/pycadf/identifier.py:71: UserWarning: Invalid uuid: neutron. To ensure interoperability, identifiers should be a valid uuid. warnings.warn(('Invalid uuid: %s. To ensure interoperability, '
2026-06-23 19:54:17.412 9 INFO neutron.api.v2.resource [None req-a4eb6d62-f37e-4b6a-b756-b941df05327e 226489225586495c858ec8100a21b392 49709cc7ebe04a1687f5d0aa6de9a060 - - default default] show failed (client error): The resource could not be found.
2026-06-23 19:54:17.413 9 INFO neutron.wsgi [None req-a4eb6d62-f37e-4b6a-b756-b941df05327e 226489225586495c858ec8100a21b392 49709cc7ebe04a1687f5d0aa6de9a060 - - default default] 10.0.0.134 "GET /v2.0/floatingips/b5ff822b-b836-4787-996c-5c21500046d8/tags/green HTTP/1.1" status: 404 len: 299 time: 0.0501089
2026-06-23 19:54:17.440 10 INFO neutron.db.segments_db [None req-950d8a49-2056-4e82-8fb3-205b6ca33765 27bf9890b34f484ca38e48f4b5831d62 871a2ab9e6bd42709894391810ae3a10 - - default default] Added segment 83594a22-ebff-4fa3-8910-9e79272b3ec5 of type geneve for network 4b159f28-b41b-44b1-96e1-0062795d9606
2026-06-23 19:54:17.463 9 INFO neutron.wsgi [None req-4fb82e9f-167d-4252-976f-c4fa56dc5fbf 226489225586495c858ec8100a21b392 49709cc7ebe04a1687f5d0aa6de9a060 - - default default] 10.0.0.134 "DELETE /v2.0/floatingips/b5ff822b-b836-4787-996c-5c21500046d8/tags/red HTTP/1.1" status: 204 len: 168 time: 0.0447595
2026-06-23 19:54:17.500 9 INFO neutron.wsgi [None req-63a11097-8ab0-48d9-ba07-86c79230661b 226489225586495c858ec8100a21b392 49709cc7ebe04a1687f5d0aa6de9a060 - - default default] 10.0.0.134 "GET /v2.0/floatingips/b5ff822b-b836-4787-996c-5c21500046d8/tags HTTP/1.1" status: 200 len: 223 time: 0.0313416
2026-06-23 19:54:17.540 9 INFO neutron.api.v2.resource [None req-120dc949-07bc-476a-ad0d-36d47dd981a3 226489225586495c858ec8100a21b392 49709cc7ebe04a1687f5d0aa6de9a060 - - default default] delete failed (client error): The resource could not be found.
2026-06-23 19:54:17.541 9 INFO neutron.wsgi [None req-120dc949-07bc-476a-ad0d-36d47dd981a3 226489225586495c858ec8100a21b392 49709cc7ebe04a1687f5d0aa6de9a060 - - default default] 10.0.0.134 "DELETE /v2.0/floatingips/b5ff822b-b836-4787-996c-5c21500046d8/tags/green HTTP/1.1" status: 404 len: 299 time: 0.0339668
2026-06-23 19:54:17.578 10 INFO neutron.db.ovn_revision_numbers_db [None req-950d8a49-2056-4e82-8fb3-205b6ca33765 27bf9890b34f484ca38e48f4b5831d62 871a2ab9e6bd42709894391810ae3a10 - - default default] Successfully bumped revision number for resource 4b159f28-b41b-44b1-96e1-0062795d9606 (type: networks) to 1
2026-06-23 19:54:17.593 9 INFO neutron.wsgi [None req-de683f12-c2ba-48c4-861f-702f96fe5869 226489225586495c858ec8100a21b392 49709cc7ebe04a1687f5d0aa6de9a060 - - default default] 10.0.0.134 "DELETE /v2.0/floatingips/b5ff822b-b836-4787-996c-5c21500046d8/tags HTTP/1.1" status: 204 len: 168 time: 0.0462468
2026-06-23 19:54:17.634 9 INFO neutron.wsgi [None req-1e5ecd88-185e-4007-acb2-f98f44661cbb 226489225586495c858ec8100a21b392 49709cc7ebe04a1687f5d0aa6de9a060 - - default default] 10.0.0.134 "GET /v2.0/floatingips/b5ff822b-b836-4787-996c-5c21500046d8/tags HTTP/1.1" status: 200 len: 205 time: 0.0346446
2026-06-23 19:54:17.755 10 WARNING neutron.scheduler.dhcp_agent_scheduler [None req-950d8a49-2056-4e82-8fb3-205b6ca33765 27bf9890b34f484ca38e48f4b5831d62 871a2ab9e6bd42709894391810ae3a10 - - default default] No more DHCP agents
2026-06-23 19:54:17.756 10 WARNING neutron.api.rpc.agentnotifiers.dhcp_rpc_agent_api [None req-950d8a49-2056-4e82-8fb3-205b6ca33765 27bf9890b34f484ca38e48f4b5831d62 871a2ab9e6bd42709894391810ae3a10 - - default default] Unable to schedule network 4b159f28-b41b-44b1-96e1-0062795d9606: no agents available; will retry on subsequent port and subnet creation events.
2026-06-23 19:54:17.834 10 INFO neutron.db.ovn_revision_numbers_db [None req-950d8a49-2056-4e82-8fb3-205b6ca33765 27bf9890b34f484ca38e48f4b5831d62 871a2ab9e6bd42709894391810ae3a10 - - default default] Successfully bumped revision number for resource 7d70b0a1-6041-4999-9d07-4a5f85f884e7 (type: ports) to 1
2026-06-23 19:54:17.852 10 INFO neutron.wsgi [None req-950d8a49-2056-4e82-8fb3-205b6ca33765 27bf9890b34f484ca38e48f4b5831d62 871a2ab9e6bd42709894391810ae3a10 - - default default] 10.0.0.134 "POST /v2.0/networks HTTP/1.1" status: 201 len: 830 time: 0.4940856
2026-06-23 19:54:17.860 10 WARNING neutron_lib.context [None req-1d6f87fa-06f0-41af-961b-c6f281fb042d 27bf9890b34f484ca38e48f4b5831d62 871a2ab9e6bd42709894391810ae3a10 - - default default] Method 'is_advsvc' is deprecated since 2023.2 release (neutron-lib 3.8.0) and will be removed once support for the old RBAC API policies will be removed from Neutron. Please use method 'is_service_role' instead.
2026-06-23 19:54:17.938 9 INFO neutron.wsgi [None req-8ba2adea-6c65-4cf9-80b9-bbe139a910a6 226489225586495c858ec8100a21b392 49709cc7ebe04a1687f5d0aa6de9a060 - - default default] 10.0.0.134 "DELETE /v2.0/floatingips/b5ff822b-b836-4787-996c-5c21500046d8 HTTP/1.1" status: 204 len: 168 time: 0.2973847
2026-06-23 19:54:18.059 10 WARNING neutron.scheduler.dhcp_agent_scheduler [None req-1d6f87fa-06f0-41af-961b-c6f281fb042d 27bf9890b34f484ca38e48f4b5831d62 871a2ab9e6bd42709894391810ae3a10 - - default default] No more DHCP agents
2026-06-23 19:54:18.061 10 WARNING neutron.api.rpc.agentnotifiers.dhcp_rpc_agent_api [None req-1d6f87fa-06f0-41af-961b-c6f281fb042d 27bf9890b34f484ca38e48f4b5831d62 871a2ab9e6bd42709894391810ae3a10 - - default default] Unable to schedule network 4b159f28-b41b-44b1-96e1-0062795d9606: no agents available; will retry on subsequent port and subnet creation events.
2026-06-23 19:54:18.161 10 INFO neutron.db.ovn_revision_numbers_db [None req-1d6f87fa-06f0-41af-961b-c6f281fb042d 27bf9890b34f484ca38e48f4b5831d62 871a2ab9e6bd42709894391810ae3a10 - - default default] Successfully bumped revision number for resource 9852e29f-2068-4a2c-92ba-13ec31226fa6 (type: ports) to 1
2026-06-23 19:54:18.183 10 INFO neutron.wsgi [None req-1d6f87fa-06f0-41af-961b-c6f281fb042d 27bf9890b34f484ca38e48f4b5831d62 871a2ab9e6bd42709894391810ae3a10 - - default default] 10.0.0.134 "POST /v2.0/ports HTTP/1.1" status: 201 len: 942 time: 0.3263826 /var/lib/openstack/lib/python3.10/site-packages/pycadf/identifier.py:71: UserWarning: Invalid uuid: neutron. To ensure interoperability, identifiers should be a valid uuid. warnings.warn(('Invalid uuid: %s. To ensure interoperability, '
2026-06-23 19:54:18.227 10 INFO neutron.wsgi [None req-416ef2aa-d567-4c26-9c9b-720b4face839 27bf9890b34f484ca38e48f4b5831d62 871a2ab9e6bd42709894391810ae3a10 - - default default] 10.0.0.134 "PUT /v2.0/ports/dbbc4d55-98c9-42a5-b964-7f175ff8d06d/tags HTTP/1.1" status: 200 len: 210 time: 0.0374348
2026-06-23 19:54:18.276 10 INFO neutron.wsgi [None req-a740206f-f37d-41b6-afdd-30b913389d0a 27bf9890b34f484ca38e48f4b5831d62 871a2ab9e6bd42709894391810ae3a10 - - default default] 10.0.0.134 "PUT /v2.0/ports/c1dca0cd-557d-4752-b89f-f9c9735cabb1/tags HTTP/1.1" status: 200 len: 218 time: 0.0446098
2026-06-23 19:54:18.338 10 INFO neutron.wsgi [None req-8773ef55-56d3-41ae-ad77-b0c3dd09ef6e 27bf9890b34f484ca38e48f4b5831d62 871a2ab9e6bd42709894391810ae3a10 - - default default] 10.0.0.134 "PUT /v2.0/ports/f20e76d8-5210-4281-a7c6-6cd6bc108052/tags HTTP/1.1" status: 200 len: 227 time: 0.0567238
2026-06-23 19:54:18.384 9 INFO neutron.wsgi [None req-add967d8-2063-4103-916f-f532ce45503c 27bf9890b34f484ca38e48f4b5831d62 871a2ab9e6bd42709894391810ae3a10 - - default default] 10.0.0.134 "PUT /v2.0/ports/1d5bd15a-f0b9-40cd-9965-e6559e074e44/tags HTTP/1.1" status: 200 len: 212 time: 0.0397797
2026-06-23 19:54:18.599 9 INFO neutron.wsgi [None req-3a724466-6e06-47b4-bcc9-9225685da2b0 27bf9890b34f484ca38e48f4b5831d62 871a2ab9e6bd42709894391810ae3a10 - - default default] 10.0.0.134 "GET /v2.0/ports?tags=red HTTP/1.1" status: 200 len: 2448 time: 0.2112715
2026-06-23 19:54:18.672 9 INFO neutron.wsgi [None req-0ea7d911-3861-42c3-b4f9-2c375ac742d5 27bf9890b34f484ca38e48f4b5831d62 871a2ab9e6bd42709894391810ae3a10 - - default default] 10.0.0.134 "GET /v2.0/ports?tags=red%2Cblue HTTP/1.1" status: 200 len: 1708 time: 0.0681157
2026-06-23 19:54:18.746 9 INFO neutron.wsgi [None req-f7287e6e-1d34-456c-a279-81615ae85f6e 27bf9890b34f484ca38e48f4b5831d62 871a2ab9e6bd42709894391810ae3a10 - - default default] 10.0.0.134 "GET /v2.0/ports?tags-any=blue HTTP/1.1" status: 200 len: 1708 time: 0.0686841
2026-06-23 19:54:18.796 9 INFO neutron.wsgi [None req-92d55e76-3f0d-48de-a999-fa2b83740e56 27bf9890b34f484ca38e48f4b5831d62 871a2ab9e6bd42709894391810ae3a10 - - default default] 10.0.0.134 "GET /v2.0/ports?tags-any=red%2Cblue HTTP/1.1" status: 200 len: 2448 time: 0.0450428
2026-06-23 19:54:18.849 10 INFO neutron.db.ovn_revision_numbers_db [None req-781715e9-3988-44d1-9823-f1c512ba7d5e 6f22c35928494171891429412d0878a7 961d8885eda1406b87c01267346839e8 - - default default] Successfully bumped revision number for resource 858002fc-b2f8-4a4f-ae5e-5ccb813d1daf (type: security_groups) to 1
2026-06-23 19:54:18.863 10 INFO neutron.db.ovn_revision_numbers_db [None req-781715e9-3988-44d1-9823-f1c512ba7d5e 6f22c35928494171891429412d0878a7 961d8885eda1406b87c01267346839e8 - - default default] Successfully bumped revision number for resource 450544e9-fb57-481e-b30a-e49d1d0e23a4 (type: security_group_rules) to 0
2026-06-23 19:54:18.878 10 INFO neutron.db.ovn_revision_numbers_db [None req-781715e9-3988-44d1-9823-f1c512ba7d5e 6f22c35928494171891429412d0878a7 961d8885eda1406b87c01267346839e8 - - default default] Successfully bumped revision number for resource d02b7828-587e-44fd-a632-35981668735c (type: security_group_rules) to 0
2026-06-23 19:54:18.892 10 INFO neutron.db.ovn_revision_numbers_db [None req-781715e9-3988-44d1-9823-f1c512ba7d5e 6f22c35928494171891429412d0878a7 961d8885eda1406b87c01267346839e8 - - default default] Successfully bumped revision number for resource e700791a-6128-48ca-9a00-4126b7ba9139 (type: security_group_rules) to 0
2026-06-23 19:54:18.904 10 INFO neutron.db.ovn_revision_numbers_db [None req-781715e9-3988-44d1-9823-f1c512ba7d5e 6f22c35928494171891429412d0878a7 961d8885eda1406b87c01267346839e8 - - default default] Successfully bumped revision number for resource f468238a-9139-41b5-abcc-2cc9547b2869 (type: security_group_rules) to 0
2026-06-23 19:54:18.926 10 INFO neutron.wsgi [None req-781715e9-3988-44d1-9823-f1c512ba7d5e 6f22c35928494171891429412d0878a7 961d8885eda1406b87c01267346839e8 - - default default] 10.0.0.134 "GET /v2.0/security-groups?tenant_id=82a15638125f4a589ceca854a8da46aa&name=default HTTP/1.1" status: 200 len: 2996 time: 0.2951107
2026-06-23 19:54:18.963 9 INFO neutron.wsgi [None req-d31e571a-0c09-4bbd-87a6-467c9dccc167 27bf9890b34f484ca38e48f4b5831d62 871a2ab9e6bd42709894391810ae3a10 - - default default] 10.0.0.134 "GET /v2.0/ports?not-tags=red HTTP/1.1" status: 200 len: 5463 time: 0.1615641
2026-06-23 19:54:19.056 9 INFO neutron.wsgi [None req-1ffdf279-0a50-4031-a0cb-988773791ad4 27bf9890b34f484ca38e48f4b5831d62 871a2ab9e6bd42709894391810ae3a10 - - default default] 10.0.0.134 "GET /v2.0/ports?not-tags=red%2Cblue HTTP/1.1" status: 200 len: 6203 time: 0.0864747
2026-06-23 19:54:19.136 10 INFO neutron.wsgi [None req-8bde3b1b-b72e-4aca-b7f7-a06fac6c881c 6f22c35928494171891429412d0878a7 961d8885eda1406b87c01267346839e8 - - default default] 10.0.0.134 "DELETE /v2.0/security-groups/858002fc-b2f8-4a4f-ae5e-5ccb813d1daf HTTP/1.1" status: 204 len: 168 time: 0.2049186
2026-06-23 19:54:19.143 9 INFO neutron.wsgi [None req-53d6dee4-e371-4480-88e3-f37cb9b3c8c5 27bf9890b34f484ca38e48f4b5831d62 871a2ab9e6bd42709894391810ae3a10 - - default default] 10.0.0.134 "GET /v2.0/ports?not-tags-any=blue HTTP/1.1" status: 200 len: 6203 time: 0.0830369
2026-06-23 19:54:19.203 9 INFO neutron.wsgi [None req-ae606614-d5fc-46d6-850e-2d3528bb8d8d 27bf9890b34f484ca38e48f4b5831d62 871a2ab9e6bd42709894391810ae3a10 - - default default] 10.0.0.134 "GET /v2.0/ports?not-tags-any=red%2Cblue HTTP/1.1" status: 200 len: 5463 time: 0.0571034
2026-06-23 19:54:19.344 10 INFO neutron.db.ovn_revision_numbers_db [None req-cdef37d1-c61b-4248-995e-ad0432ed56d5 6f22c35928494171891429412d0878a7 961d8885eda1406b87c01267346839e8 - - default default] Successfully bumped revision number for resource a7fa19ce-cc91-467f-b665-8757a536d2ea (type: security_groups) to 1
2026-06-23 19:54:19.361 10 INFO neutron.db.ovn_revision_numbers_db [None req-cdef37d1-c61b-4248-995e-ad0432ed56d5 6f22c35928494171891429412d0878a7 961d8885eda1406b87c01267346839e8 - - default default] Successfully bumped revision number for resource 75f0b83b-456a-47e5-a37a-76f3fc65ea4f (type: security_group_rules) to 0
2026-06-23 19:54:19.377 10 INFO neutron.db.ovn_revision_numbers_db [None req-cdef37d1-c61b-4248-995e-ad0432ed56d5 6f22c35928494171891429412d0878a7 961d8885eda1406b87c01267346839e8 - - default default] Successfully bumped revision number for resource b048b04f-39e0-4ff9-be1b-57a9916aad72 (type: security_group_rules) to 0
2026-06-23 19:54:19.390 10 INFO neutron.db.ovn_revision_numbers_db [None req-cdef37d1-c61b-4248-995e-ad0432ed56d5 6f22c35928494171891429412d0878a7 961d8885eda1406b87c01267346839e8 - - default default] Successfully bumped revision number for resource c8a60e70-c583-4543-9714-eaa85390f496 (type: security_group_rules) to 0
2026-06-23 19:54:19.404 10 INFO neutron.db.ovn_revision_numbers_db [None req-cdef37d1-c61b-4248-995e-ad0432ed56d5 6f22c35928494171891429412d0878a7 961d8885eda1406b87c01267346839e8 - - default default] Successfully bumped revision number for resource cf820a0e-638a-40e8-812d-31d7c27cfc80 (type: security_group_rules) to 0
2026-06-23 19:54:19.428 10 INFO neutron.wsgi [None req-cdef37d1-c61b-4248-995e-ad0432ed56d5 6f22c35928494171891429412d0878a7 961d8885eda1406b87c01267346839e8 - - default default] 10.0.0.134 "GET /v2.0/security-groups?tenant_id=49709cc7ebe04a1687f5d0aa6de9a060&name=default HTTP/1.1" status: 200 len: 2996 time: 0.1951714
2026-06-23 19:54:19.448 9 INFO neutron.wsgi [None req-6b9142be-6501-4cea-8ea4-47773275585d 27bf9890b34f484ca38e48f4b5831d62 871a2ab9e6bd42709894391810ae3a10 - - default default] 10.0.0.134 "DELETE /v2.0/ports/dbbc4d55-98c9-42a5-b964-7f175ff8d06d HTTP/1.1" status: 204 len: 168 time: 0.2389886
2026-06-23 19:54:19.695 9 INFO neutron.wsgi [None req-bcb451fa-6775-4fca-8e72-a65ef9692c5c 6f22c35928494171891429412d0878a7 961d8885eda1406b87c01267346839e8 - - default default] 10.0.0.134 "DELETE /v2.0/security-groups/a7fa19ce-cc91-467f-b665-8757a536d2ea HTTP/1.1" status: 204 len: 168 time: 0.2618492
2026-06-23 19:54:19.701 9 INFO neutron.wsgi [None req-8b8549ef-e7e9-463b-a57b-ec2a51e8a386 27bf9890b34f484ca38e48f4b5831d62 871a2ab9e6bd42709894391810ae3a10 - - default default] 10.0.0.134 "DELETE /v2.0/ports/c1dca0cd-557d-4752-b89f-f9c9735cabb1 HTTP/1.1" status: 204 len: 168 time: 0.2467613
2026-06-23 19:54:19.914 9 INFO neutron.wsgi [None req-fd679968-224f-4f7b-8feb-ac1563a29420 27bf9890b34f484ca38e48f4b5831d62 871a2ab9e6bd42709894391810ae3a10 - - default default] 10.0.0.134 "DELETE /v2.0/ports/f20e76d8-5210-4281-a7c6-6cd6bc108052 HTTP/1.1" status: 204 len: 168 time: 0.2086797
2026-06-23 19:54:20.422 9 INFO neutron.wsgi [None req-3ff8a728-a80f-4a3b-a560-06484dad8f7b 27bf9890b34f484ca38e48f4b5831d62 871a2ab9e6bd42709894391810ae3a10 - - default default] 10.0.0.134 "DELETE /v2.0/ports/1d5bd15a-f0b9-40cd-9965-e6559e074e44 HTTP/1.1" status: 204 len: 168 time: 0.5025494
2026-06-23 19:54:20.677 9 INFO neutron.wsgi [None req-b4b88f1b-1a6b-433c-93bc-ffbc7771a949 27bf9890b34f484ca38e48f4b5831d62 871a2ab9e6bd42709894391810ae3a10 - - default default] 10.0.0.134 "DELETE /v2.0/ports/9852e29f-2068-4a2c-92ba-13ec31226fa6 HTTP/1.1" status: 204 len: 168 time: 0.2500222
2026-06-23 19:54:21.064 9 INFO neutron.services.segments.plugin [-] Segment a61030a6-74d1-43c2-a460-3f8bc44886df resource provider aggregate not found
2026-06-23 19:54:21.069 9 INFO neutron.services.segments.plugin [-] Segment a61030a6-74d1-43c2-a460-3f8bc44886df resource provider aggregate not found
2026-06-23 19:54:21.086 9 INFO neutron.services.segments.plugin [-] Segment a61030a6-74d1-43c2-a460-3f8bc44886df resource provider not found; error: Placement Client Error (4xx): {"errors": [{"status": 404, "title": "Not Found", "detail": "The resource could not be found.\n\n No resource provider with uuid a61030a6-74d1-43c2-a460-3f8bc44886df found for delete ", "request_id": "req-912f9b90-87f9-4415-a92d-582c1e7b8c1b"}]}
2026-06-23 19:54:21.096 9 INFO neutron.services.segments.plugin [-] Segment a61030a6-74d1-43c2-a460-3f8bc44886df resource provider not found; error: Placement Client Error (4xx): {"errors": [{"status": 404, "title": "Not Found", "detail": "The resource could not be found.\n\n No resource provider with uuid a61030a6-74d1-43c2-a460-3f8bc44886df found for delete ", "request_id": "req-b74d41fc-af13-45fe-b763-bf457f411534"}]}
2026-06-23 19:54:21.133 9 INFO neutron.wsgi [None req-ac7f64bc-6875-44ab-b8c7-8d9e6eb975db 27bf9890b34f484ca38e48f4b5831d62 871a2ab9e6bd42709894391810ae3a10 - - default default] 10.0.0.134 "DELETE /v2.0/networks/6489ca26-4ede-422f-a150-cc3a58823f70 HTTP/1.1" status: 204 len: 168 time: 0.4527850
2026-06-23 19:54:21.547 10 INFO neutron.services.segments.plugin [-] Segment b0118b9c-d525-4bd4-8c30-a7b062badd5c resource provider aggregate not found
2026-06-23 19:54:21.552 10 INFO neutron.services.segments.plugin [-] Segment b0118b9c-d525-4bd4-8c30-a7b062badd5c resource provider aggregate not found
2026-06-23 19:54:21.564 10 INFO neutron.services.segments.plugin [-] Segment b0118b9c-d525-4bd4-8c30-a7b062badd5c resource provider not found; error: Placement Client Error (4xx): {"errors": [{"status": 404, "title": "Not Found", "detail": "The resource could not be found.\n\n No resource provider with uuid b0118b9c-d525-4bd4-8c30-a7b062badd5c found for delete ", "request_id": "req-5d6076c7-4587-45ce-83fe-5ded3e0ff69e"}]}
2026-06-23 19:54:21.575 10 INFO neutron.services.segments.plugin [-] Segment b0118b9c-d525-4bd4-8c30-a7b062badd5c resource provider not found; error: Placement Client Error (4xx): {"errors": [{"status": 404, "title": "Not Found", "detail": "The resource could not be found.\n\n No resource provider with uuid b0118b9c-d525-4bd4-8c30-a7b062badd5c found for delete ", "request_id": "req-bf5c9a48-cb68-4b89-94de-73816ac25736"}]}
2026-06-23 19:54:21.597 10 INFO neutron.wsgi [None req-62e5335e-840e-4c7d-acfc-00688fbb7d0b 27bf9890b34f484ca38e48f4b5831d62 871a2ab9e6bd42709894391810ae3a10 - - default default] 10.0.0.134 "DELETE /v2.0/networks/dd9c4d95-8b6b-426d-a958-c442f3742411 HTTP/1.1" status: 204 len: 168 time: 0.4561460
2026-06-23 19:54:21.994 9 INFO neutron.wsgi [None req-a98d1f3c-d714-41d3-8f07-1e82e03c0bf7 27bf9890b34f484ca38e48f4b5831d62 871a2ab9e6bd42709894391810ae3a10 - - default default] 10.0.0.134 "DELETE /v2.0/networks/1707010a-ce71-4e9c-98c2-305d6fe92343 HTTP/1.1" status: 204 len: 168 time: 0.3911707
2026-06-23 19:54:22.402 9 INFO neutron.wsgi [None req-10de7487-b1a4-497d-b682-a8ddd16e2425 27bf9890b34f484ca38e48f4b5831d62 871a2ab9e6bd42709894391810ae3a10 - - default default] 10.0.0.134 "DELETE /v2.0/networks/743d78e7-8e58-45c2-a9dd-52efed4de0c4 HTTP/1.1" status: 204 len: 168 time: 0.4015367
2026-06-23 19:54:22.793 10 INFO neutron.wsgi [None req-4e2ab3d9-b0b8-4f5d-ba19-e2b2070bcd36 27bf9890b34f484ca38e48f4b5831d62 871a2ab9e6bd42709894391810ae3a10 - - default default] 10.0.0.134 "DELETE /v2.0/networks/4b159f28-b41b-44b1-96e1-0062795d9606 HTTP/1.1" status: 204 len: 168 time: 0.3858399
2026-06-23 19:54:23.108 9 INFO neutron.services.segments.plugin [-] Segment 04702a7b-efe2-4280-a852-bb399fa3da2e resource provider aggregate not found
2026-06-23 19:54:23.121 9 INFO neutron.services.segments.plugin [-] Segment 04702a7b-efe2-4280-a852-bb399fa3da2e resource provider aggregate not found
2026-06-23 19:54:23.126 9 INFO neutron.services.segments.plugin [-] Segment 04702a7b-efe2-4280-a852-bb399fa3da2e resource provider not found; error: Placement Client Error (4xx): {"errors": [{"status": 404, "title": "Not Found", "detail": "The resource could not be found.\n\n No resource provider with uuid 04702a7b-efe2-4280-a852-bb399fa3da2e found for delete ", "request_id": "req-d3139579-cb15-4f86-b621-6d1915e76660"}]}
2026-06-23 19:54:23.135 9 INFO neutron.services.segments.plugin [-] Segment 04702a7b-efe2-4280-a852-bb399fa3da2e resource provider not found; error: Placement Client Error (4xx): {"errors": [{"status": 404, "title": "Not Found", "detail": "The resource could not be found.\n\n No resource provider with uuid 04702a7b-efe2-4280-a852-bb399fa3da2e found for delete ", "request_id": "req-0fa08609-39c0-469c-93f7-8ef009e0029b"}]}
2026-06-23 19:54:23.148 9 INFO neutron.services.segments.plugin [-] Segment 6ca9160e-2ff7-424c-b3dd-3ba770340b48 resource provider aggregate not found
2026-06-23 19:54:23.155 9 INFO neutron.services.segments.plugin [-] Segment 6ca9160e-2ff7-424c-b3dd-3ba770340b48 resource provider aggregate not found
2026-06-23 19:54:23.172 9 INFO neutron.services.segments.plugin [-] Segment 6ca9160e-2ff7-424c-b3dd-3ba770340b48 resource provider not found; error: Placement Client Error (4xx): {"errors": [{"status": 404, "title": "Not Found", "detail": "The resource could not be found.\n\n No resource provider with uuid 6ca9160e-2ff7-424c-b3dd-3ba770340b48 found for delete ", "request_id": "req-cdbeac4b-8e0a-472c-8bfd-05f508cfe9f6"}]}
2026-06-23 19:54:23.175 9 INFO neutron.services.segments.plugin [-] Segment 6ca9160e-2ff7-424c-b3dd-3ba770340b48 resource provider not found; error: Placement Client Error (4xx): {"errors": [{"status": 404, "title": "Not Found", "detail": "The resource could not be found.\n\n No resource provider with uuid 6ca9160e-2ff7-424c-b3dd-3ba770340b48 found for delete ", "request_id": "req-63318d8a-ebf6-4521-9d30-57b7c1cd5d57"}]}
2026-06-23 19:54:23.265 10 WARNING neutron_lib.context [None req-ee9e6ec7-350a-47a4-b8b3-85c5fb404fc9 fb93ebf0b5ad4f1f80c0990a7b5e86d3 630885d5ca1b4c22ab01486ad86cd8ab - - default default] Method 'is_advsvc' is deprecated since 2023.2 release (neutron-lib 3.8.0) and will be removed once support for the old RBAC API policies will be removed from Neutron. Please use method 'is_service_role' instead.
2026-06-23 19:54:23.400 10 INFO neutron.db.ovn_revision_numbers_db [None req-ee9e6ec7-350a-47a4-b8b3-85c5fb404fc9 fb93ebf0b5ad4f1f80c0990a7b5e86d3 630885d5ca1b4c22ab01486ad86cd8ab - - default default] Successfully bumped revision number for resource c0e11c85-ca8e-4bfa-bc59-ef520fc7d9ab (type: security_groups) to 1
2026-06-23 19:54:23.414 10 INFO neutron.db.ovn_revision_numbers_db [None req-ee9e6ec7-350a-47a4-b8b3-85c5fb404fc9 fb93ebf0b5ad4f1f80c0990a7b5e86d3 630885d5ca1b4c22ab01486ad86cd8ab - - default default] Successfully bumped revision number for resource 2cc04562-846b-4c2b-8932-e1d1e3c007e1 (type: security_group_rules) to 0
2026-06-23 19:54:23.427 10 INFO neutron.db.ovn_revision_numbers_db [None req-ee9e6ec7-350a-47a4-b8b3-85c5fb404fc9 fb93ebf0b5ad4f1f80c0990a7b5e86d3 630885d5ca1b4c22ab01486ad86cd8ab - - default default] Successfully bumped revision number for resource 41334e54-cd14-49ca-9ad2-bf4ee1cc5295 (type: security_group_rules) to 0
2026-06-23 19:54:23.440 10 INFO neutron.db.ovn_revision_numbers_db [None req-ee9e6ec7-350a-47a4-b8b3-85c5fb404fc9 fb93ebf0b5ad4f1f80c0990a7b5e86d3 630885d5ca1b4c22ab01486ad86cd8ab - - default default] Successfully bumped revision number for resource 95f438be-31b1-49cd-bfa1-673669b1189d (type: security_group_rules) to 0
2026-06-23 19:54:23.453 10 INFO neutron.db.ovn_revision_numbers_db [None req-ee9e6ec7-350a-47a4-b8b3-85c5fb404fc9 fb93ebf0b5ad4f1f80c0990a7b5e86d3 630885d5ca1b4c22ab01486ad86cd8ab - - default default] Successfully bumped revision number for resource f0d1c1a2-de20-44f8-93ec-5b06b4a42c57 (type: security_group_rules) to 0
2026-06-23 19:54:23.549 10 INFO neutron.db.ovn_revision_numbers_db [None req-ee9e6ec7-350a-47a4-b8b3-85c5fb404fc9 fb93ebf0b5ad4f1f80c0990a7b5e86d3 630885d5ca1b4c22ab01486ad86cd8ab - - default default] Successfully bumped revision number for resource ee3a84eb-ecdb-482b-a8e2-b7fcc42c29a8 (type: security_groups) to 1
2026-06-23 19:54:23.563 10 INFO neutron.db.ovn_revision_numbers_db [None req-ee9e6ec7-350a-47a4-b8b3-85c5fb404fc9 fb93ebf0b5ad4f1f80c0990a7b5e86d3 630885d5ca1b4c22ab01486ad86cd8ab - - default default] Successfully bumped revision number for resource 08d55eb3-601d-4259-8446-acfb98df0b87 (type: security_group_rules) to 0
2026-06-23 19:54:23.587 10 INFO neutron.db.ovn_revision_numbers_db [None req-ee9e6ec7-350a-47a4-b8b3-85c5fb404fc9 fb93ebf0b5ad4f1f80c0990a7b5e86d3 630885d5ca1b4c22ab01486ad86cd8ab - - default default] Successfully bumped revision number for resource 2f6ec930-5ae9-466f-a318-9bdde1ce6d95 (type: security_group_rules) to 0
2026-06-23 19:54:23.592 10 INFO neutron.services.segments.plugin [-] Segment 83594a22-ebff-4fa3-8910-9e79272b3ec5 resource provider aggregate not found
2026-06-23 19:54:23.597 10 INFO neutron.services.segments.plugin [-] Segment 83594a22-ebff-4fa3-8910-9e79272b3ec5 resource provider aggregate not found
