2026-06-23 19:55:58.937 10 INFO neutron.wsgi [req-d0b2440b-ba1c-440e-a1cf-316a606a1687 req-6abe556b-3ca6-46ed-afe5-5fd6118e8da8 ab7612cdb77642b4b95bc4b4ed6b476d 3fd32c38d11e4e4c99ca6fe1e2ec1781 - - default default] 10.0.0.195 "GET /v2.0/security-groups?name=tempest-secgroup-smoke-888831840&fields=id&tenant_id=3fd32c38d11e4e4c99ca6fe1e2ec1781 HTTP/1.1" status: 200 len: 267 time: 0.0419967
2026-06-23 19:55:59.011 10 INFO neutron.wsgi [req-d0b2440b-ba1c-440e-a1cf-316a606a1687 req-18e4e966-8f0e-49aa-b2dc-500ec42ef515 ab7612cdb77642b4b95bc4b4ed6b476d 3fd32c38d11e4e4c99ca6fe1e2ec1781 - - default default] 10.0.0.195 "GET /v2.0/networks?id=18285d39-4b4d-40ec-a96d-9b7768f32664 HTTP/1.1" status: 200 len: 872 time: 0.0675161
2026-06-23 19:55:59.037 10 INFO neutron.wsgi [req-d0b2440b-ba1c-440e-a1cf-316a606a1687 req-11eb4e78-5662-46a9-950f-421b0b4b2263 ab7612cdb77642b4b95bc4b4ed6b476d 3fd32c38d11e4e4c99ca6fe1e2ec1781 - - default default] 10.0.0.195 "GET /v2.0/quotas/3fd32c38d11e4e4c99ca6fe1e2ec1781 HTTP/1.1" status: 200 len: 386 time: 0.0196354
2026-06-23 19:55:59.377 10 INFO neutron.wsgi [req-d0b2440b-ba1c-440e-a1cf-316a606a1687 req-79c3582e-f2ee-424e-a41e-3402e19c230a ab7612cdb77642b4b95bc4b4ed6b476d 3fd32c38d11e4e4c99ca6fe1e2ec1781 - - default default] 10.0.0.195 "GET /v2.0/ports?tenant_id=3fd32c38d11e4e4c99ca6fe1e2ec1781&fields=id HTTP/1.1" status: 200 len: 302 time: 0.3341367
2026-06-23 19:55:59.452 10 INFO neutron.wsgi [req-d0b2440b-ba1c-440e-a1cf-316a606a1687 req-355e15a7-2df6-4bf7-8ed3-88714616b8a5 39537b15b6f64acc8738842b08f06cb9 e2d8cef52b21446aa0a6796a1833aab2 - - 6eb6ce9b6118458484f4d70dda1ea4c6 6eb6ce9b6118458484f4d70dda1ea4c6] 10.0.0.195 "GET /v2.0/networks/18285d39-4b4d-40ec-a96d-9b7768f32664?fields=segments HTTP/1.1" status: 200 len: 212 time: 0.0629838
2026-06-23 19:55:59.526 10 INFO neutron.wsgi [req-d0b2440b-ba1c-440e-a1cf-316a606a1687 req-f2e10d0e-05b2-42d4-84da-10cd38cfa0b4 39537b15b6f64acc8738842b08f06cb9 e2d8cef52b21446aa0a6796a1833aab2 - - 6eb6ce9b6118458484f4d70dda1ea4c6 6eb6ce9b6118458484f4d70dda1ea4c6] 10.0.0.195 "GET /v2.0/networks/18285d39-4b4d-40ec-a96d-9b7768f32664?fields=provider%3Aphysical_network&fields=provider%3Anetwork_type HTTP/1.1" status: 200 len: 277 time: 0.0658081
2026-06-23 19:55:59.685 10 INFO neutron.wsgi [req-56d6b700-8a9b-4083-a30e-aaf504d8f2b5 req-c1e83545-4ce6-46bf-a49c-99f4211d76a6 ab7612cdb77642b4b95bc4b4ed6b476d 3fd32c38d11e4e4c99ca6fe1e2ec1781 - - default default] 10.0.0.195 "GET /v2.0/ports?device_id=01a57a9e-b469-4c8d-9746-ce0f9a1d183f HTTP/1.1" status: 200 len: 210 time: 0.0216994
2026-06-23 19:56:00.301 10 WARNING neutron.plugins.ml2.drivers.ovn.mech_driver.ovsdb.ovn_client [None req-255234ed-5436-4377-84db-ace65d1cfd18 - - - - - -] No hosting information found for port a568824e-e7de-4a0b-8076-1d9ed6d31aca: RuntimeError: No hosting information found for port a568824e-e7de-4a0b-8076-1d9ed6d31aca
2026-06-23 19:56:00.460 10 INFO neutron.wsgi [-] 10.0.0.202 "GET / HTTP/1.1" status: 200 len: 247 time: 0.0031810
2026-06-23 19:56:00.462 10 INFO neutron.wsgi [-] 10.0.0.202 "GET / HTTP/1.1" status: 200 len: 247 time: 0.0013707
2026-06-23 19:56:00.509 9 INFO neutron.wsgi [req-d0b2440b-ba1c-440e-a1cf-316a606a1687 req-b856f60f-d904-4ec4-adc7-227afd488e1f ab7612cdb77642b4b95bc4b4ed6b476d 3fd32c38d11e4e4c99ca6fe1e2ec1781 - - default default] 199.204.45.3 "GET /v2.0/networks?id=18285d39-4b4d-40ec-a96d-9b7768f32664 HTTP/1.1" status: 200 len: 872 time: 0.0807586
2026-06-23 19:56:00.567 9 INFO neutron.wsgi [req-d0b2440b-ba1c-440e-a1cf-316a606a1687 req-f7eee2b9-de81-4de2-8f84-5947c70ed3cb ab7612cdb77642b4b95bc4b4ed6b476d 3fd32c38d11e4e4c99ca6fe1e2ec1781 - - default default] 199.204.45.3 "GET /v2.0/security-groups?fields=id&fields=name&tenant_id=3fd32c38d11e4e4c99ca6fe1e2ec1781 HTTP/1.1" status: 200 len: 472 time: 0.0517113
2026-06-23 19:56:00.581 9 WARNING neutron_lib.context [req-d0b2440b-ba1c-440e-a1cf-316a606a1687 req-776cbbac-8bd0-4e04-97be-366241ff49d7 ab7612cdb77642b4b95bc4b4ed6b476d 3fd32c38d11e4e4c99ca6fe1e2ec1781 - - default default] Method 'is_advsvc' is deprecated since 2023.2 release (neutron-lib 3.8.0) and will be removed once support for the old RBAC API policies will be removed from Neutron. Please use method 'is_service_role' instead.
2026-06-23 19:56:00.778 10 INFO neutron.wsgi [req-7944e147-3749-448e-ab65-49221424ccf2 req-3d3eef3a-126a-4e7d-9a4d-021659833ba7 ab7612cdb77642b4b95bc4b4ed6b476d 3fd32c38d11e4e4c99ca6fe1e2ec1781 - - default default] 10.0.0.195 "GET /v2.0/ports?device_id=01a57a9e-b469-4c8d-9746-ce0f9a1d183f HTTP/1.1" status: 200 len: 210 time: 0.0264013
2026-06-23 19:56:00.860 9 WARNING neutron.scheduler.dhcp_agent_scheduler [req-d0b2440b-ba1c-440e-a1cf-316a606a1687 req-776cbbac-8bd0-4e04-97be-366241ff49d7 ab7612cdb77642b4b95bc4b4ed6b476d 3fd32c38d11e4e4c99ca6fe1e2ec1781 - - default default] No more DHCP agents
2026-06-23 19:56:00.864 9 WARNING neutron.api.rpc.agentnotifiers.dhcp_rpc_agent_api [req-d0b2440b-ba1c-440e-a1cf-316a606a1687 req-776cbbac-8bd0-4e04-97be-366241ff49d7 ab7612cdb77642b4b95bc4b4ed6b476d 3fd32c38d11e4e4c99ca6fe1e2ec1781 - - default default] Unable to schedule network 18285d39-4b4d-40ec-a96d-9b7768f32664: no agents available; will retry on subsequent port and subnet creation events.
2026-06-23 19:56:01.048 9 INFO neutron.db.ovn_revision_numbers_db [req-d0b2440b-ba1c-440e-a1cf-316a606a1687 req-776cbbac-8bd0-4e04-97be-366241ff49d7 ab7612cdb77642b4b95bc4b4ed6b476d 3fd32c38d11e4e4c99ca6fe1e2ec1781 - - default default] Successfully bumped revision number for resource 75200ec0-eae1-461a-bdbd-c919056973ea (type: ports) to 1
2026-06-23 19:56:01.082 9 INFO neutron.wsgi [req-d0b2440b-ba1c-440e-a1cf-316a606a1687 req-776cbbac-8bd0-4e04-97be-366241ff49d7 ab7612cdb77642b4b95bc4b4ed6b476d 3fd32c38d11e4e4c99ca6fe1e2ec1781 - - default default] 199.204.45.3 "POST /v2.0/ports HTTP/1.1" status: 201 len: 1201 time: 0.5075815 /var/lib/openstack/lib/python3.10/site-packages/pycadf/identifier.py:71: UserWarning: Invalid uuid: neutron. To ensure interoperability, identifiers should be a valid uuid. warnings.warn(('Invalid uuid: %s. To ensure interoperability, '
2026-06-23 19:56:01.165 10 INFO neutron.wsgi [None req-4dbe16a1-4e8d-4aa4-93a0-5f5c2361458a 6f22c35928494171891429412d0878a7 961d8885eda1406b87c01267346839e8 - - default default] 10.0.0.226 "GET /v2.0/routers HTTP/1.1" status: 200 len: 2193 time: 0.1702418
2026-06-23 19:56:01.191 10 INFO neutron.wsgi [None req-a217b24e-c754-4647-b512-8f6b014c31e9 6f22c35928494171891429412d0878a7 961d8885eda1406b87c01267346839e8 - - default default] 10.0.0.226 "GET /v2.0/agents?binary=ovn-controller HTTP/1.1" status: 200 len: 591 time: 0.0244362
2026-06-23 19:56:01.203 10 INFO neutron.wsgi [None req-21e74615-fea5-454a-bb90-66279190d125 6f22c35928494171891429412d0878a7 961d8885eda1406b87c01267346839e8 - - default default] 10.0.0.226 "GET /v2.0/agents HTTP/1.1" status: 200 len: 997 time: 0.0108628
2026-06-23 19:56:01.267 10 INFO neutron.wsgi [None req-fa2c3c64-7765-4ab1-84b1-40622660860c 6f22c35928494171891429412d0878a7 961d8885eda1406b87c01267346839e8 - - default default] 10.0.0.226 "GET /v2.0/subnets HTTP/1.1" status: 200 len: 6803 time: 0.0624206
2026-06-23 19:56:01.395 10 INFO neutron.wsgi [None req-8119d0f4-c781-48ba-b036-803c212b8899 6f22c35928494171891429412d0878a7 961d8885eda1406b87c01267346839e8 - - default default] 10.0.0.226 "GET /v2.0/ports HTTP/1.1" status: 200 len: 27260 time: 0.1253242
2026-06-23 19:56:01.454 10 INFO neutron.wsgi [None req-1dfb1127-248f-4ef8-9f89-ccc0e1210bfd 6f22c35928494171891429412d0878a7 961d8885eda1406b87c01267346839e8 - - default default] 10.0.0.226 "GET /v2.0/subnets HTTP/1.1" status: 200 len: 6803 time: 0.0446107
2026-06-23 19:56:01.465 10 INFO neutron.wsgi [None req-b342178e-c4cb-41da-9bf6-dbd16cd0ad3e 6f22c35928494171891429412d0878a7 961d8885eda1406b87c01267346839e8 - - default default] 10.0.0.226 "GET /v2.0/subnetpools HTTP/1.1" status: 200 len: 193 time: 0.0096602
2026-06-23 19:56:01.536 9 INFO neutron.db.ovn_revision_numbers_db [req-d0b2440b-ba1c-440e-a1cf-316a606a1687 req-1b74b570-dcf3-4d2e-b669-cef6318e5c3a 39537b15b6f64acc8738842b08f06cb9 e2d8cef52b21446aa0a6796a1833aab2 - - 6eb6ce9b6118458484f4d70dda1ea4c6 6eb6ce9b6118458484f4d70dda1ea4c6] Successfully bumped revision number for resource 75200ec0-eae1-461a-bdbd-c919056973ea (type: ports) to 2
2026-06-23 19:56:01.549 10 INFO neutron.wsgi [None req-fd51a77b-a1db-4cc1-a438-4d553f5b8849 6f22c35928494171891429412d0878a7 961d8885eda1406b87c01267346839e8 - - default default] 10.0.0.226 "GET /v2.0/security-groups HTTP/1.1" status: 200 len: 42496 time: 0.0828166
2026-06-23 19:56:01.605 10 INFO neutron.wsgi [None req-f90a015d-49d0-4740-b624-f14072e5cee3 6f22c35928494171891429412d0878a7 961d8885eda1406b87c01267346839e8 - - default default] 10.0.0.226 "GET /v2.0/floatingips HTTP/1.1" status: 200 len: 2416 time: 0.0437932
2026-06-23 19:56:01.622 10 INFO neutron.wsgi [None req-6de1b707-61da-40c8-ae80-80dee96d7977 6f22c35928494171891429412d0878a7 961d8885eda1406b87c01267346839e8 - - default default] 10.0.0.226 "GET /v2.0/network-ip-availabilities HTTP/1.1" status: 200 len: 4305 time: 0.0146132
2026-06-23 19:56:01.709 10 INFO neutron.wsgi [None req-fdc6dc46-47f0-4648-959a-039e8bd12059 6f22c35928494171891429412d0878a7 961d8885eda1406b87c01267346839e8 - - default default] 10.0.0.226 "GET /v2.0/networks HTTP/1.1" status: 200 len: 6235 time: 0.0856202
2026-06-23 19:56:01.776 9 INFO neutron.db.ovn_revision_numbers_db [req-d0b2440b-ba1c-440e-a1cf-316a606a1687 req-1b74b570-dcf3-4d2e-b669-cef6318e5c3a 39537b15b6f64acc8738842b08f06cb9 e2d8cef52b21446aa0a6796a1833aab2 - - 6eb6ce9b6118458484f4d70dda1ea4c6 6eb6ce9b6118458484f4d70dda1ea4c6] Successfully bumped revision number for resource 75200ec0-eae1-461a-bdbd-c919056973ea (type: ports) to 2
2026-06-23 19:56:01.794 9 INFO neutron.wsgi [req-d0b2440b-ba1c-440e-a1cf-316a606a1687 req-1b74b570-dcf3-4d2e-b669-cef6318e5c3a 39537b15b6f64acc8738842b08f06cb9 e2d8cef52b21446aa0a6796a1833aab2 - - 6eb6ce9b6118458484f4d70dda1ea4c6 6eb6ce9b6118458484f4d70dda1ea4c6] 199.204.45.3 "PUT /v2.0/ports/75200ec0-eae1-461a-bdbd-c919056973ea HTTP/1.1" status: 200 len: 1419 time: 0.7037098
2026-06-23 19:56:01.830 9 INFO neutron.notifiers.nova [-] Nova event matching ['req-dbcbfa38-a2ef-4060-aeb0-70c59d4d5373'] response: {'name': 'network-changed', 'server_uuid': '01a57a9e-b469-4c8d-9746-ce0f9a1d183f', 'tag': '75200ec0-eae1-461a-bdbd-c919056973ea', 'status': 'completed', 'code': 200} /var/lib/openstack/lib/python3.10/site-packages/pycadf/identifier.py:71: UserWarning: Invalid uuid: neutron. To ensure interoperability, identifiers should be a valid uuid. warnings.warn(('Invalid uuid: %s. To ensure interoperability, '
2026-06-23 19:56:01.875 9 INFO neutron.wsgi [req-d0b2440b-ba1c-440e-a1cf-316a606a1687 req-3a878404-615e-465a-8c19-0c548778a2e4 39537b15b6f64acc8738842b08f06cb9 e2d8cef52b21446aa0a6796a1833aab2 - - 6eb6ce9b6118458484f4d70dda1ea4c6 6eb6ce9b6118458484f4d70dda1ea4c6] 199.204.45.3 "GET /v2.0/ports?tenant_id=3fd32c38d11e4e4c99ca6fe1e2ec1781&device_id=01a57a9e-b469-4c8d-9746-ce0f9a1d183f HTTP/1.1" status: 200 len: 1450 time: 0.0383496
2026-06-23 19:56:01.882 10 INFO neutron.wsgi [req-5865f9fc-07b5-422e-a703-df6d70d16240 req-fab77f6d-f226-43f3-9bb3-aa6d82401387 ab7612cdb77642b4b95bc4b4ed6b476d 3fd32c38d11e4e4c99ca6fe1e2ec1781 - - default default] 10.0.0.195 "GET /v2.0/ports?device_id=01a57a9e-b469-4c8d-9746-ce0f9a1d183f HTTP/1.1" status: 200 len: 1212 time: 0.0400870
2026-06-23 19:56:01.907 9 INFO neutron.wsgi [req-d0b2440b-ba1c-440e-a1cf-316a606a1687 req-3fa2e851-214d-4975-96e1-50e7f0a6c23d 39537b15b6f64acc8738842b08f06cb9 e2d8cef52b21446aa0a6796a1833aab2 - - 6eb6ce9b6118458484f4d70dda1ea4c6 6eb6ce9b6118458484f4d70dda1ea4c6] 199.204.45.3 "GET /v2.0/floatingips?fixed_ip_address=10.100.0.14&port_id=75200ec0-eae1-461a-bdbd-c919056973ea HTTP/1.1" status: 200 len: 217 time: 0.0248523
2026-06-23 19:56:01.931 10 INFO neutron.wsgi [req-5865f9fc-07b5-422e-a703-df6d70d16240 req-94d2631f-8a46-4cc0-b38e-38b43140c86c ab7612cdb77642b4b95bc4b4ed6b476d 3fd32c38d11e4e4c99ca6fe1e2ec1781 - - default default] 10.0.0.195 "GET /v2.0/security-groups?id=9b712f8f-e2fb-4a00-ad5d-d5865e1c35d0&id=64649ae4-4130-484d-b8a9-b66b81445fcf&fields=id&fields=name HTTP/1.1" status: 200 len: 405 time: 0.0400517
2026-06-23 19:56:01.946 9 INFO neutron.wsgi [req-d0b2440b-ba1c-440e-a1cf-316a606a1687 req-efb10e45-015d-4ea0-bfe1-b86db67bf683 39537b15b6f64acc8738842b08f06cb9 e2d8cef52b21446aa0a6796a1833aab2 - - 6eb6ce9b6118458484f4d70dda1ea4c6 6eb6ce9b6118458484f4d70dda1ea4c6] 199.204.45.3 "GET /v2.0/subnets?id=5a0bb62e-eafa-4c68-bc02-a8f258ed1e11 HTTP/1.1" status: 200 len: 866 time: 0.0337796
2026-06-23 19:56:01.968 9 INFO neutron.wsgi [req-d0b2440b-ba1c-440e-a1cf-316a606a1687 req-08229a92-165e-4f27-abde-6b390cc5557f 39537b15b6f64acc8738842b08f06cb9 e2d8cef52b21446aa0a6796a1833aab2 - - 6eb6ce9b6118458484f4d70dda1ea4c6 6eb6ce9b6118458484f4d70dda1ea4c6] 199.204.45.3 "GET /v2.0/ports?network_id=18285d39-4b4d-40ec-a96d-9b7768f32664&device_owner=network%3Adhcp HTTP/1.1" status: 200 len: 210 time: 0.0188651
2026-06-23 19:56:02.034 9 INFO neutron.wsgi [req-d0b2440b-ba1c-440e-a1cf-316a606a1687 req-ba6d8318-5f00-4b8f-83f9-1e1c00caf626 39537b15b6f64acc8738842b08f06cb9 e2d8cef52b21446aa0a6796a1833aab2 - - 6eb6ce9b6118458484f4d70dda1ea4c6 6eb6ce9b6118458484f4d70dda1ea4c6] 199.204.45.3 "GET /v2.0/networks/18285d39-4b4d-40ec-a96d-9b7768f32664?fields=segments HTTP/1.1" status: 200 len: 212 time: 0.0609105
2026-06-23 19:56:02.109 9 INFO neutron.wsgi [req-d0b2440b-ba1c-440e-a1cf-316a606a1687 req-5326bbce-1be3-4963-bb92-0908b22e61b1 39537b15b6f64acc8738842b08f06cb9 e2d8cef52b21446aa0a6796a1833aab2 - - 6eb6ce9b6118458484f4d70dda1ea4c6 6eb6ce9b6118458484f4d70dda1ea4c6] 199.204.45.3 "GET /v2.0/networks/18285d39-4b4d-40ec-a96d-9b7768f32664?fields=provider%3Aphysical_network&fields=provider%3Anetwork_type HTTP/1.1" status: 200 len: 277 time: 0.0648460
2026-06-23 19:56:02.212 9 INFO neutron.wsgi [req-2931ca29-f1cb-4858-8e2d-c3d8228a2e8d req-85dc3b3e-b678-463a-9b1e-a523aefe0e54 39537b15b6f64acc8738842b08f06cb9 e2d8cef52b21446aa0a6796a1833aab2 - - 6eb6ce9b6118458484f4d70dda1ea4c6 6eb6ce9b6118458484f4d70dda1ea4c6] 199.204.45.3 "GET /v2.0/ports?tenant_id=3fd32c38d11e4e4c99ca6fe1e2ec1781&device_id=01a57a9e-b469-4c8d-9746-ce0f9a1d183f HTTP/1.1" status: 200 len: 1450 time: 0.0490983
2026-06-23 19:56:02.290 9 INFO neutron.wsgi [req-2931ca29-f1cb-4858-8e2d-c3d8228a2e8d req-a7a0a5d3-fc41-4805-a649-7868c70b3a61 39537b15b6f64acc8738842b08f06cb9 e2d8cef52b21446aa0a6796a1833aab2 - - 6eb6ce9b6118458484f4d70dda1ea4c6 6eb6ce9b6118458484f4d70dda1ea4c6] 199.204.45.3 "GET /v2.0/networks?id=18285d39-4b4d-40ec-a96d-9b7768f32664 HTTP/1.1" status: 200 len: 970 time: 0.0715837
2026-06-23 19:56:02.323 9 INFO neutron.wsgi [req-2931ca29-f1cb-4858-8e2d-c3d8228a2e8d req-e2828b0b-282d-4c34-85a4-2d348bf25afc 39537b15b6f64acc8738842b08f06cb9 e2d8cef52b21446aa0a6796a1833aab2 - - 6eb6ce9b6118458484f4d70dda1ea4c6 6eb6ce9b6118458484f4d70dda1ea4c6] 199.204.45.3 "GET /v2.0/floatingips?fixed_ip_address=10.100.0.14&port_id=75200ec0-eae1-461a-bdbd-c919056973ea HTTP/1.1" status: 200 len: 217 time: 0.0272956
2026-06-23 19:56:02.340 10 INFO neutron.wsgi [req-d8da4643-dbd7-436d-bc5c-17adb42b1ba8 req-27d88097-7147-4aba-a593-c7149771cff7 39537b15b6f64acc8738842b08f06cb9 e2d8cef52b21446aa0a6796a1833aab2 - - 6eb6ce9b6118458484f4d70dda1ea4c6 6eb6ce9b6118458484f4d70dda1ea4c6] 199.204.45.3 "GET /v2.0/ports?device_id=01a57a9e-b469-4c8d-9746-ce0f9a1d183f HTTP/1.1" status: 200 len: 1450 time: 0.0610008
2026-06-23 19:56:02.363 9 INFO neutron.wsgi [req-2931ca29-f1cb-4858-8e2d-c3d8228a2e8d req-7bacb33e-3fd5-405a-a0d4-7bb4514398eb 39537b15b6f64acc8738842b08f06cb9 e2d8cef52b21446aa0a6796a1833aab2 - - 6eb6ce9b6118458484f4d70dda1ea4c6 6eb6ce9b6118458484f4d70dda1ea4c6] 199.204.45.3 "GET /v2.0/subnets?id=5a0bb62e-eafa-4c68-bc02-a8f258ed1e11 HTTP/1.1" status: 200 len: 866 time: 0.0340598
2026-06-23 19:56:02.387 9 INFO neutron.wsgi [req-2931ca29-f1cb-4858-8e2d-c3d8228a2e8d req-38f96c00-9f9c-4d33-ab49-744a81ff4294 39537b15b6f64acc8738842b08f06cb9 e2d8cef52b21446aa0a6796a1833aab2 - - 6eb6ce9b6118458484f4d70dda1ea4c6 6eb6ce9b6118458484f4d70dda1ea4c6] 199.204.45.3 "GET /v2.0/ports?network_id=18285d39-4b4d-40ec-a96d-9b7768f32664&device_owner=network%3Adhcp HTTP/1.1" status: 200 len: 210 time: 0.0181830
2026-06-23 19:56:02.402 10 INFO neutron.wsgi [req-d8da4643-dbd7-436d-bc5c-17adb42b1ba8 req-bbce8097-c89f-4745-b60a-91e81c503d21 39537b15b6f64acc8738842b08f06cb9 e2d8cef52b21446aa0a6796a1833aab2 - - 6eb6ce9b6118458484f4d70dda1ea4c6 6eb6ce9b6118458484f4d70dda1ea4c6] 199.204.45.3 "GET /v2.0/security-groups?id=9b712f8f-e2fb-4a00-ad5d-d5865e1c35d0&id=64649ae4-4130-484d-b8a9-b66b81445fcf&fields=id&fields=name HTTP/1.1" status: 200 len: 405 time: 0.0570130
2026-06-23 19:56:02.447 9 INFO neutron.wsgi [req-2931ca29-f1cb-4858-8e2d-c3d8228a2e8d req-e0713572-323d-4b74-b666-9d73e1229913 39537b15b6f64acc8738842b08f06cb9 e2d8cef52b21446aa0a6796a1833aab2 - - 6eb6ce9b6118458484f4d70dda1ea4c6 6eb6ce9b6118458484f4d70dda1ea4c6] 199.204.45.3 "GET /v2.0/networks/18285d39-4b4d-40ec-a96d-9b7768f32664?fields=segments HTTP/1.1" status: 200 len: 212 time: 0.0530651
2026-06-23 19:56:02.508 10 INFO neutron.plugins.ml2.drivers.ovn.mech_driver.mech_driver [None req-255234ed-5436-4377-84db-ace65d1cfd18 - - - - - -] OVN reports status up for port: 75200ec0-eae1-461a-bdbd-c919056973ea
2026-06-23 19:56:02.532 10 INFO neutron.plugins.ml2.plugin [None req-255234ed-5436-4377-84db-ace65d1cfd18 - - - - - -] Attempt 1 to provision port 75200ec0-eae1-461a-bdbd-c919056973ea
2026-06-23 19:56:02.544 9 INFO neutron.wsgi [req-2931ca29-f1cb-4858-8e2d-c3d8228a2e8d req-d25fbf87-d83f-4ad3-9d6c-24424504c33f 39537b15b6f64acc8738842b08f06cb9 e2d8cef52b21446aa0a6796a1833aab2 - - 6eb6ce9b6118458484f4d70dda1ea4c6 6eb6ce9b6118458484f4d70dda1ea4c6] 199.204.45.3 "GET /v2.0/networks/18285d39-4b4d-40ec-a96d-9b7768f32664?fields=provider%3Aphysical_network&fields=provider%3Anetwork_type HTTP/1.1" status: 200 len: 277 time: 0.0894556
2026-06-23 19:56:02.728 10 INFO neutron.notifiers.nova [-] Nova event matching ['req-a2bf608a-e51c-44fc-8d10-4be83c30a10c'] response: {'server_uuid': '01a57a9e-b469-4c8d-9746-ce0f9a1d183f', 'name': 'network-vif-plugged', 'status': 'completed', 'tag': '75200ec0-eae1-461a-bdbd-c919056973ea', 'code': 200}
2026-06-23 19:56:02.895 10 INFO neutron.db.ovn_revision_numbers_db [None req-255234ed-5436-4377-84db-ace65d1cfd18 - - - - - -] Successfully bumped revision number for resource 75200ec0-eae1-461a-bdbd-c919056973ea (type: ports) to 4 /var/lib/openstack/lib/python3.10/site-packages/pycadf/identifier.py:71: UserWarning: Invalid uuid: neutron. To ensure interoperability, identifiers should be a valid uuid. warnings.warn(('Invalid uuid: %s. To ensure interoperability, '
2026-06-23 19:56:03.040 10 INFO neutron.wsgi [req-9a127285-d621-401d-823d-45da46ef6c4a req-bb3b72d5-be26-4da4-bff8-f2fac29e2618 ab7612cdb77642b4b95bc4b4ed6b476d 3fd32c38d11e4e4c99ca6fe1e2ec1781 - - default default] 10.0.0.195 "GET /v2.0/ports?device_id=01a57a9e-b469-4c8d-9746-ce0f9a1d183f HTTP/1.1" status: 200 len: 1214 time: 0.0417454
2026-06-23 19:56:03.090 10 INFO neutron.wsgi [req-9a127285-d621-401d-823d-45da46ef6c4a req-10acdfcb-b7fc-4149-b042-4c05aa5d550d ab7612cdb77642b4b95bc4b4ed6b476d 3fd32c38d11e4e4c99ca6fe1e2ec1781 - - default default] 10.0.0.195 "GET /v2.0/security-groups?id=9b712f8f-e2fb-4a00-ad5d-d5865e1c35d0&id=64649ae4-4130-484d-b8a9-b66b81445fcf&fields=id&fields=name HTTP/1.1" status: 200 len: 405 time: 0.0447474
2026-06-23 19:56:04.207 10 INFO neutron.wsgi [req-602f5f61-a121-4ac5-93de-1421d7d53fb6 req-32bbaff4-d683-4830-a210-f5037f56445d ab7612cdb77642b4b95bc4b4ed6b476d 3fd32c38d11e4e4c99ca6fe1e2ec1781 - - default default] 10.0.0.195 "GET /v2.0/ports?device_id=01a57a9e-b469-4c8d-9746-ce0f9a1d183f HTTP/1.1" status: 200 len: 1214 time: 0.0405326
2026-06-23 19:56:04.259 10 INFO neutron.wsgi [req-602f5f61-a121-4ac5-93de-1421d7d53fb6 req-de9a85e3-d405-4b99-bdbb-ec4f1cf53414 ab7612cdb77642b4b95bc4b4ed6b476d 3fd32c38d11e4e4c99ca6fe1e2ec1781 - - default default] 10.0.0.195 "GET /v2.0/security-groups?id=9b712f8f-e2fb-4a00-ad5d-d5865e1c35d0&id=64649ae4-4130-484d-b8a9-b66b81445fcf&fields=id&fields=name HTTP/1.1" status: 200 len: 405 time: 0.0433698
2026-06-23 19:56:04.363 10 INFO neutron.wsgi [req-20b7ee08-ea26-4481-9a28-532559a6665b req-0dbd6f66-4aec-47c4-b49a-e652c92142e8 ab7612cdb77642b4b95bc4b4ed6b476d 3fd32c38d11e4e4c99ca6fe1e2ec1781 - - default default] 10.0.0.195 "GET /v2.0/ports?device_id=01a57a9e-b469-4c8d-9746-ce0f9a1d183f HTTP/1.1" status: 200 len: 1214 time: 0.0391977
2026-06-23 19:56:04.642 10 INFO neutron.db.l3_db [None req-90fb59b6-4dad-4ec6-a9e7-447137478eea ab7612cdb77642b4b95bc4b4ed6b476d 3fd32c38d11e4e4c99ca6fe1e2ec1781 - - default default] Floating IP debfb3d5-a2c1-4160-ba40-5fd48ddf899b associated. External IP: 10.96.250.211, port: 75200ec0-eae1-461a-bdbd-c919056973ea.
2026-06-23 19:56:04.775 10 INFO neutron.notifiers.nova [-] Nova event matching ['req-453b42aa-3c3c-4f45-8b7c-f9fcb69bad54'] response: {'server_uuid': '01a57a9e-b469-4c8d-9746-ce0f9a1d183f', 'name': 'network-vif-plugged', 'status': 'completed', 'tag': '75200ec0-eae1-461a-bdbd-c919056973ea', 'code': 200}
2026-06-23 19:56:04.895 10 INFO neutron.db.ovn_revision_numbers_db [None req-90fb59b6-4dad-4ec6-a9e7-447137478eea ab7612cdb77642b4b95bc4b4ed6b476d 3fd32c38d11e4e4c99ca6fe1e2ec1781 - - default default] Successfully bumped revision number for resource debfb3d5-a2c1-4160-ba40-5fd48ddf899b (type: floatingips) to 1
2026-06-23 19:56:05.017 10 INFO neutron.db.ovn_revision_numbers_db [None req-90fb59b6-4dad-4ec6-a9e7-447137478eea ab7612cdb77642b4b95bc4b4ed6b476d 3fd32c38d11e4e4c99ca6fe1e2ec1781 - - default default] Successfully bumped revision number for resource debfb3d5-a2c1-4160-ba40-5fd48ddf899b (type: floatingips) to 2
2026-06-23 19:56:05.047 10 INFO neutron.wsgi [None req-90fb59b6-4dad-4ec6-a9e7-447137478eea ab7612cdb77642b4b95bc4b4ed6b476d 3fd32c38d11e4e4c99ca6fe1e2ec1781 - - default default] 10.0.0.134 "PUT /v2.0/floatingips/debfb3d5-a2c1-4160-ba40-5fd48ddf899b HTTP/1.1" status: 200 len: 1050 time: 0.6747792 /var/lib/openstack/lib/python3.10/site-packages/pycadf/identifier.py:71: UserWarning: Invalid uuid: neutron. To ensure interoperability, identifiers should be a valid uuid. warnings.warn(('Invalid uuid: %s. To ensure interoperability, '
2026-06-23 19:56:05.515 10 INFO neutron.wsgi [req-35ff079b-95bb-4e18-8c1d-e70bcab75584 req-dba6d3e2-1b75-4884-8312-d16f5eea9636 6f22c35928494171891429412d0878a7 961d8885eda1406b87c01267346839e8 - - default default] 10.0.0.195 "GET /v2.0/security-groups?id=29bc304c-63a9-4270-8d4d-8727d60f60c3&fields=id HTTP/1.1" status: 200 len: 267 time: 0.0392716
2026-06-23 19:56:05.577 10 INFO neutron.wsgi [req-35ff079b-95bb-4e18-8c1d-e70bcab75584 req-18506582-3428-45bd-8e2b-144c0e101676 6f22c35928494171891429412d0878a7 961d8885eda1406b87c01267346839e8 - - default default] 10.0.0.195 "GET /v2.0/networks?id=491f3bc4-2a36-457b-9307-902ce06fdb0f HTTP/1.1" status: 200 len: 937 time: 0.0564127
2026-06-23 19:56:05.597 10 INFO neutron.wsgi [req-35ff079b-95bb-4e18-8c1d-e70bcab75584 req-bfc1b52a-9275-48e1-8a3b-73b73bf031c4 6f22c35928494171891429412d0878a7 961d8885eda1406b87c01267346839e8 - - default default] 10.0.0.195 "GET /v2.0/quotas/961d8885eda1406b87c01267346839e8 HTTP/1.1" status: 200 len: 385 time: 0.0137227
2026-06-23 19:56:05.657 10 INFO neutron.wsgi [req-35ff079b-95bb-4e18-8c1d-e70bcab75584 req-b396a923-a476-45f4-ad7a-0065b1d13862 6f22c35928494171891429412d0878a7 961d8885eda1406b87c01267346839e8 - - default default] 10.0.0.195 "GET /v2.0/ports?tenant_id=961d8885eda1406b87c01267346839e8&fields=id HTTP/1.1" status: 200 len: 348 time: 0.0541203
2026-06-23 19:56:05.742 10 INFO neutron.wsgi [req-35ff079b-95bb-4e18-8c1d-e70bcab75584 req-54e45ba8-f004-4273-bf4a-bd3aaee0fec7 39537b15b6f64acc8738842b08f06cb9 e2d8cef52b21446aa0a6796a1833aab2 - - 6eb6ce9b6118458484f4d70dda1ea4c6 6eb6ce9b6118458484f4d70dda1ea4c6] 10.0.0.195 "GET /v2.0/networks/491f3bc4-2a36-457b-9307-902ce06fdb0f?fields=segments HTTP/1.1" status: 200 len: 212 time: 0.0636611
2026-06-23 19:56:05.811 10 INFO neutron.wsgi [req-35ff079b-95bb-4e18-8c1d-e70bcab75584 req-8a812eb9-3ea7-4aac-b474-3bb65584366e 39537b15b6f64acc8738842b08f06cb9 e2d8cef52b21446aa0a6796a1833aab2 - - 6eb6ce9b6118458484f4d70dda1ea4c6 6eb6ce9b6118458484f4d70dda1ea4c6] 10.0.0.195 "GET /v2.0/networks/491f3bc4-2a36-457b-9307-902ce06fdb0f?fields=provider%3Aphysical_network&fields=provider%3Anetwork_type HTTP/1.1" status: 200 len: 277 time: 0.0613992
2026-06-23 19:56:06.358 10 INFO neutron.wsgi [req-bbe6c9ca-438b-494d-ab58-c78b95a5a081 req-fd31de9c-c3d3-48b3-9ca7-47733ec91ed0 6f22c35928494171891429412d0878a7 961d8885eda1406b87c01267346839e8 - - default default] 10.0.0.195 "GET /v2.0/ports?device_id=27d60356-1cd2-48db-baa7-9eb1b12df775 HTTP/1.1" status: 200 len: 210 time: 0.0218701
2026-06-23 19:56:06.470 10 INFO neutron.wsgi [req-29e7f320-5c2a-4216-a71f-33cabb01bbbc req-d19c80ba-30ae-465a-8e52-adb30a6ff961 6f22c35928494171891429412d0878a7 961d8885eda1406b87c01267346839e8 - - default default] 10.0.0.195 "GET /v2.0/ports?device_id=27d60356-1cd2-48db-baa7-9eb1b12df775 HTTP/1.1" status: 200 len: 210 time: 0.0223517
2026-06-23 19:56:06.815 10 INFO neutron.notifiers.nova [-] Nova event matching ['req-add0755e-94b2-4eda-8dee-965bf895e7d0'] response: {'name': 'network-changed', 'server_uuid': '01a57a9e-b469-4c8d-9746-ce0f9a1d183f', 'tag': '75200ec0-eae1-461a-bdbd-c919056973ea', 'status': 'completed', 'code': 200}
2026-06-23 19:56:06.870 9 INFO neutron.wsgi [req-165943ad-2b51-424e-bf92-9016c11b2600 req-8d36c199-614e-4b4d-bfea-174714888dd4 39537b15b6f64acc8738842b08f06cb9 e2d8cef52b21446aa0a6796a1833aab2 - - 6eb6ce9b6118458484f4d70dda1ea4c6 6eb6ce9b6118458484f4d70dda1ea4c6] 199.204.45.3 "GET /v2.0/ports?tenant_id=3fd32c38d11e4e4c99ca6fe1e2ec1781&device_id=01a57a9e-b469-4c8d-9746-ce0f9a1d183f HTTP/1.1" status: 200 len: 1452 time: 0.0421684
2026-06-23 19:56:06.912 10 INFO neutron.wsgi [req-35ff079b-95bb-4e18-8c1d-e70bcab75584 req-1cf17c21-7605-4535-8b1c-6e11e43f8f8a 6f22c35928494171891429412d0878a7 961d8885eda1406b87c01267346839e8 - - default default] 199.204.45.3 "GET /v2.0/networks?id=491f3bc4-2a36-457b-9307-902ce06fdb0f HTTP/1.1" status: 200 len: 937 time: 0.0577652
2026-06-23 19:56:06.956 9 INFO neutron.wsgi [req-165943ad-2b51-424e-bf92-9016c11b2600 req-d6157fb6-1fc0-4a5c-b1e8-36f18d444683 39537b15b6f64acc8738842b08f06cb9 e2d8cef52b21446aa0a6796a1833aab2 - - 6eb6ce9b6118458484f4d70dda1ea4c6 6eb6ce9b6118458484f4d70dda1ea4c6] 199.204.45.3 "GET /v2.0/networks?id=18285d39-4b4d-40ec-a96d-9b7768f32664 HTTP/1.1" status: 200 len: 970 time: 0.0787792
2026-06-23 19:56:06.984 10 INFO neutron.wsgi [req-35ff079b-95bb-4e18-8c1d-e70bcab75584 req-f4f4f66a-a6a2-4aec-aa71-d93a155b8758 6f22c35928494171891429412d0878a7 961d8885eda1406b87c01267346839e8 - - default default] 199.204.45.3 "GET /v2.0/security-groups?fields=id&fields=name&tenant_id=961d8885eda1406b87c01267346839e8 HTTP/1.1" status: 200 len: 542 time: 0.0680475
2026-06-23 19:56:07.012 9 INFO neutron.wsgi [req-165943ad-2b51-424e-bf92-9016c11b2600 req-df5c5c7f-1271-4814-b1ad-e7900716674b 39537b15b6f64acc8738842b08f06cb9 e2d8cef52b21446aa0a6796a1833aab2 - - 6eb6ce9b6118458484f4d70dda1ea4c6 6eb6ce9b6118458484f4d70dda1ea4c6] 199.204.45.3 "GET /v2.0/floatingips?fixed_ip_address=10.100.0.14&port_id=75200ec0-eae1-461a-bdbd-c919056973ea HTTP/1.1" status: 200 len: 1060 time: 0.0512953
2026-06-23 19:56:07.057 9 INFO neutron.wsgi [req-165943ad-2b51-424e-bf92-9016c11b2600 req-108108e4-8463-42f6-bab5-64ae248cb858 39537b15b6f64acc8738842b08f06cb9 e2d8cef52b21446aa0a6796a1833aab2 - - 6eb6ce9b6118458484f4d70dda1ea4c6 6eb6ce9b6118458484f4d70dda1ea4c6] 199.204.45.3 "GET /v2.0/subnets?id=5a0bb62e-eafa-4c68-bc02-a8f258ed1e11 HTTP/1.1" status: 200 len: 866 time: 0.0379410
2026-06-23 19:56:07.087 9 INFO neutron.wsgi [req-165943ad-2b51-424e-bf92-9016c11b2600 req-0a8bc17f-f9d2-466c-91da-f9f6dc1ffe75 39537b15b6f64acc8738842b08f06cb9 e2d8cef52b21446aa0a6796a1833aab2 - - 6eb6ce9b6118458484f4d70dda1ea4c6 6eb6ce9b6118458484f4d70dda1ea4c6] 199.204.45.3 "GET /v2.0/ports?network_id=18285d39-4b4d-40ec-a96d-9b7768f32664&device_owner=network%3Adhcp HTTP/1.1" status: 200 len: 210 time: 0.0233855
2026-06-23 19:56:07.200 9 INFO neutron.wsgi [req-165943ad-2b51-424e-bf92-9016c11b2600 req-6edbc5d8-5b44-4f2b-adb0-d6e88ad8201b 39537b15b6f64acc8738842b08f06cb9 e2d8cef52b21446aa0a6796a1833aab2 - - 6eb6ce9b6118458484f4d70dda1ea4c6 6eb6ce9b6118458484f4d70dda1ea4c6] 199.204.45.3 "GET /v2.0/networks/18285d39-4b4d-40ec-a96d-9b7768f32664?fields=segments HTTP/1.1" status: 200 len: 212 time: 0.1067667
2026-06-23 19:56:07.289 9 INFO neutron.wsgi [req-165943ad-2b51-424e-bf92-9016c11b2600 req-db46f662-b716-42c5-ab5e-541db5cec111 39537b15b6f64acc8738842b08f06cb9 e2d8cef52b21446aa0a6796a1833aab2 - - 6eb6ce9b6118458484f4d70dda1ea4c6 6eb6ce9b6118458484f4d70dda1ea4c6] 199.204.45.3 "GET /v2.0/networks/18285d39-4b4d-40ec-a96d-9b7768f32664?fields=provider%3Aphysical_network&fields=provider%3Anetwork_type HTTP/1.1" status: 200 len: 277 time: 0.0825577
2026-06-23 19:56:07.326 10 WARNING neutron.scheduler.dhcp_agent_scheduler [req-35ff079b-95bb-4e18-8c1d-e70bcab75584 req-09d2552d-a489-4a34-8a75-3ea021c62e04 6f22c35928494171891429412d0878a7 961d8885eda1406b87c01267346839e8 - - default default] No more DHCP agents
2026-06-23 19:56:07.329 10 WARNING neutron.api.rpc.agentnotifiers.dhcp_rpc_agent_api [req-35ff079b-95bb-4e18-8c1d-e70bcab75584 req-09d2552d-a489-4a34-8a75-3ea021c62e04 6f22c35928494171891429412d0878a7 961d8885eda1406b87c01267346839e8 - - default default] Unable to schedule network 491f3bc4-2a36-457b-9307-902ce06fdb0f: no agents available; will retry on subsequent port and subnet creation events.
2026-06-23 19:56:07.532 10 INFO neutron.db.ovn_revision_numbers_db [req-35ff079b-95bb-4e18-8c1d-e70bcab75584 req-09d2552d-a489-4a34-8a75-3ea021c62e04 6f22c35928494171891429412d0878a7 961d8885eda1406b87c01267346839e8 - - default default] Successfully bumped revision number for resource 10cf4bd5-b6ce-4f99-aa8d-037729c813db (type: ports) to 1
2026-06-23 19:56:07.557 10 INFO neutron.wsgi [req-35ff079b-95bb-4e18-8c1d-e70bcab75584 req-09d2552d-a489-4a34-8a75-3ea021c62e04 6f22c35928494171891429412d0878a7 961d8885eda1406b87c01267346839e8 - - default default] 199.204.45.3 "POST /v2.0/ports HTTP/1.1" status: 201 len: 1283 time: 0.5667160 /var/lib/openstack/lib/python3.10/site-packages/pycadf/identifier.py:71: UserWarning: Invalid uuid: neutron. To ensure interoperability, identifiers should be a valid uuid. warnings.warn(('Invalid uuid: %s. To ensure interoperability, '
2026-06-23 19:56:07.992 10 INFO neutron.db.ovn_revision_numbers_db [req-35ff079b-95bb-4e18-8c1d-e70bcab75584 req-c5395365-b097-4d07-b25d-d96351ba023a 39537b15b6f64acc8738842b08f06cb9 e2d8cef52b21446aa0a6796a1833aab2 - - 6eb6ce9b6118458484f4d70dda1ea4c6 6eb6ce9b6118458484f4d70dda1ea4c6] Successfully bumped revision number for resource 10cf4bd5-b6ce-4f99-aa8d-037729c813db (type: ports) to 2
2026-06-23 19:56:08.211 10 INFO neutron.db.ovn_revision_numbers_db [req-35ff079b-95bb-4e18-8c1d-e70bcab75584 req-c5395365-b097-4d07-b25d-d96351ba023a 39537b15b6f64acc8738842b08f06cb9 e2d8cef52b21446aa0a6796a1833aab2 - - 6eb6ce9b6118458484f4d70dda1ea4c6 6eb6ce9b6118458484f4d70dda1ea4c6] Successfully bumped revision number for resource 10cf4bd5-b6ce-4f99-aa8d-037729c813db (type: ports) to 2
2026-06-23 19:56:08.230 10 INFO neutron.wsgi [req-35ff079b-95bb-4e18-8c1d-e70bcab75584 req-c5395365-b097-4d07-b25d-d96351ba023a 39537b15b6f64acc8738842b08f06cb9 e2d8cef52b21446aa0a6796a1833aab2 - - 6eb6ce9b6118458484f4d70dda1ea4c6 6eb6ce9b6118458484f4d70dda1ea4c6] 199.204.45.3 "PUT /v2.0/ports/10cf4bd5-b6ce-4f99-aa8d-037729c813db HTTP/1.1" status: 200 len: 1380 time: 0.6652515 /var/lib/openstack/lib/python3.10/site-packages/pycadf/identifier.py:71: UserWarning: Invalid uuid: neutron. To ensure interoperability, identifiers should be a valid uuid. warnings.warn(('Invalid uuid: %s. To ensure interoperability, '
2026-06-23 19:56:08.296 10 INFO neutron.wsgi [req-35ff079b-95bb-4e18-8c1d-e70bcab75584 req-18d2089e-403f-413d-b8e8-5911aa21a4a3 39537b15b6f64acc8738842b08f06cb9 e2d8cef52b21446aa0a6796a1833aab2 - - 6eb6ce9b6118458484f4d70dda1ea4c6 6eb6ce9b6118458484f4d70dda1ea4c6] 199.204.45.3 "GET /v2.0/ports?tenant_id=961d8885eda1406b87c01267346839e8&device_id=27d60356-1cd2-48db-baa7-9eb1b12df775 HTTP/1.1" status: 200 len: 1411 time: 0.0301476
2026-06-23 19:56:08.326 10 INFO neutron.wsgi [req-35ff079b-95bb-4e18-8c1d-e70bcab75584 req-74210e99-93e3-48a6-ac3b-2b0f06c70fde 39537b15b6f64acc8738842b08f06cb9 e2d8cef52b21446aa0a6796a1833aab2 - - 6eb6ce9b6118458484f4d70dda1ea4c6 6eb6ce9b6118458484f4d70dda1ea4c6] 199.204.45.3 "GET /v2.0/floatingips?fixed_ip_address=172.24.2.35&port_id=10cf4bd5-b6ce-4f99-aa8d-037729c813db HTTP/1.1" status: 200 len: 217 time: 0.0262630
2026-06-23 19:56:08.372 10 INFO neutron.wsgi [req-35ff079b-95bb-4e18-8c1d-e70bcab75584 req-c8748784-2906-4057-90c5-64136ee7d4c7 39537b15b6f64acc8738842b08f06cb9 e2d8cef52b21446aa0a6796a1833aab2 - - 6eb6ce9b6118458484f4d70dda1ea4c6 6eb6ce9b6118458484f4d70dda1ea4c6] 199.204.45.3 "GET /v2.0/subnets?id=deaff4bc-d71c-4db8-aec4-040055a99889 HTTP/1.1" status: 200 len: 829 time: 0.0361555
2026-06-23 19:56:08.400 10 INFO neutron.wsgi [req-35ff079b-95bb-4e18-8c1d-e70bcab75584 req-8fdb958b-3413-4028-afda-9f8d11243d47 39537b15b6f64acc8738842b08f06cb9 e2d8cef52b21446aa0a6796a1833aab2 - - 6eb6ce9b6118458484f4d70dda1ea4c6 6eb6ce9b6118458484f4d70dda1ea4c6] 199.204.45.3 "GET /v2.0/ports?network_id=491f3bc4-2a36-457b-9307-902ce06fdb0f&device_owner=network%3Adhcp HTTP/1.1" status: 200 len: 210 time: 0.0201848
2026-06-23 19:56:08.474 10 INFO neutron.wsgi [req-35ff079b-95bb-4e18-8c1d-e70bcab75584 req-ef2b3bc8-d7af-4028-bbef-2a292facad73 39537b15b6f64acc8738842b08f06cb9 e2d8cef52b21446aa0a6796a1833aab2 - - 6eb6ce9b6118458484f4d70dda1ea4c6 6eb6ce9b6118458484f4d70dda1ea4c6] 199.204.45.3 "GET /v2.0/networks/491f3bc4-2a36-457b-9307-902ce06fdb0f?fields=segments HTTP/1.1" status: 200 len: 212 time: 0.0670109
2026-06-23 19:56:08.555 10 INFO neutron.wsgi [req-35ff079b-95bb-4e18-8c1d-e70bcab75584 req-ccda6122-f440-45f6-b473-00b5b06cee0e 39537b15b6f64acc8738842b08f06cb9 e2d8cef52b21446aa0a6796a1833aab2 - - 6eb6ce9b6118458484f4d70dda1ea4c6 6eb6ce9b6118458484f4d70dda1ea4c6] 199.204.45.3 "GET /v2.0/networks/491f3bc4-2a36-457b-9307-902ce06fdb0f?fields=provider%3Aphysical_network&fields=provider%3Anetwork_type HTTP/1.1" status: 200 len: 277 time: 0.0704720
2026-06-23 19:56:08.796 10 INFO neutron.wsgi [req-e391b8dd-328d-4902-8339-5157bb3939da req-38a5d1cd-4e17-445e-8206-34156c62220b 39537b15b6f64acc8738842b08f06cb9 e2d8cef52b21446aa0a6796a1833aab2 - - 6eb6ce9b6118458484f4d70dda1ea4c6 6eb6ce9b6118458484f4d70dda1ea4c6] 199.204.45.3 "GET /v2.0/ports?device_id=27d60356-1cd2-48db-baa7-9eb1b12df775 HTTP/1.1" status: 200 len: 1411 time: 0.0700719
2026-06-23 19:56:08.853 10 INFO neutron.wsgi [req-e391b8dd-328d-4902-8339-5157bb3939da req-6756fdcf-f0b5-4834-8ffe-935278c39f91 39537b15b6f64acc8738842b08f06cb9 e2d8cef52b21446aa0a6796a1833aab2 - - 6eb6ce9b6118458484f4d70dda1ea4c6 6eb6ce9b6118458484f4d70dda1ea4c6] 199.204.45.3 "GET /v2.0/security-groups?id=29bc304c-63a9-4270-8d4d-8727d60f60c3&fields=id&fields=name HTTP/1.1" status: 200 len: 294 time: 0.0512896
2026-06-23 19:56:08.854 10 INFO neutron.notifiers.nova [-] Nova event matching ['req-2e3e3fb0-04e2-4648-9007-a8a6ccc6fe5f'] response: {'name': 'network-changed', 'server_uuid': '27d60356-1cd2-48db-baa7-9eb1b12df775', 'tag': '10cf4bd5-b6ce-4f99-aa8d-037729c813db', 'status': 'completed', 'code': 200}
2026-06-23 19:56:08.950 10 INFO neutron.wsgi [req-421a640d-a7f0-42b8-b0ac-26d9366fca97 req-2d45aa0f-836a-4a8a-829f-b439aae8d3de 39537b15b6f64acc8738842b08f06cb9 e2d8cef52b21446aa0a6796a1833aab2 - - 6eb6ce9b6118458484f4d70dda1ea4c6 6eb6ce9b6118458484f4d70dda1ea4c6] 199.204.45.3 "GET /v2.0/ports?tenant_id=961d8885eda1406b87c01267346839e8&device_id=27d60356-1cd2-48db-baa7-9eb1b12df775 HTTP/1.1" status: 200 len: 1411 time: 0.0638630
2026-06-23 19:56:08.955 10 INFO neutron.plugins.ml2.drivers.ovn.mech_driver.mech_driver [None req-255234ed-5436-4377-84db-ace65d1cfd18 - - - - - -] OVN reports status up for port: 10cf4bd5-b6ce-4f99-aa8d-037729c813db
2026-06-23 19:56:08.984 10 INFO neutron.plugins.ml2.plugin [None req-255234ed-5436-4377-84db-ace65d1cfd18 - - - - - -] Attempt 1 to provision port 10cf4bd5-b6ce-4f99-aa8d-037729c813db
2026-06-23 19:56:09.049 10 INFO neutron.wsgi [req-421a640d-a7f0-42b8-b0ac-26d9366fca97 req-013222ef-d0b0-40f4-bfbe-bbb2d5c6b65f 39537b15b6f64acc8738842b08f06cb9 e2d8cef52b21446aa0a6796a1833aab2 - - 6eb6ce9b6118458484f4d70dda1ea4c6 6eb6ce9b6118458484f4d70dda1ea4c6] 199.204.45.3 "GET /v2.0/networks?id=491f3bc4-2a36-457b-9307-902ce06fdb0f HTTP/1.1" status: 200 len: 937 time: 0.0906568
2026-06-23 19:56:09.092 10 INFO neutron.wsgi [req-421a640d-a7f0-42b8-b0ac-26d9366fca97 req-96a7033f-db71-4c84-ac96-f03b6546691b 39537b15b6f64acc8738842b08f06cb9 e2d8cef52b21446aa0a6796a1833aab2 - - 6eb6ce9b6118458484f4d70dda1ea4c6 6eb6ce9b6118458484f4d70dda1ea4c6] 199.204.45.3 "GET /v2.0/floatingips?fixed_ip_address=172.24.2.35&port_id=10cf4bd5-b6ce-4f99-aa8d-037729c813db HTTP/1.1" status: 200 len: 217 time: 0.0354621
2026-06-23 19:56:09.144 10 INFO neutron.wsgi [req-421a640d-a7f0-42b8-b0ac-26d9366fca97 req-6e039455-fa25-4570-b60f-4223ce52407e 39537b15b6f64acc8738842b08f06cb9 e2d8cef52b21446aa0a6796a1833aab2 - - 6eb6ce9b6118458484f4d70dda1ea4c6 6eb6ce9b6118458484f4d70dda1ea4c6] 199.204.45.3 "GET /v2.0/subnets?id=deaff4bc-d71c-4db8-aec4-040055a99889 HTTP/1.1" status: 200 len: 829 time: 0.0452206
2026-06-23 19:56:09.183 10 INFO neutron.wsgi [req-421a640d-a7f0-42b8-b0ac-26d9366fca97 req-586e4926-f2a8-45e2-bef0-fa1be633c12b 39537b15b6f64acc8738842b08f06cb9 e2d8cef52b21446aa0a6796a1833aab2 - - 6eb6ce9b6118458484f4d70dda1ea4c6 6eb6ce9b6118458484f4d70dda1ea4c6] 199.204.45.3 "GET /v2.0/ports?network_id=491f3bc4-2a36-457b-9307-902ce06fdb0f&device_owner=network%3Adhcp HTTP/1.1" status: 200 len: 210 time: 0.0286205
2026-06-23 19:56:09.253 10 INFO neutron.wsgi [req-421a640d-a7f0-42b8-b0ac-26d9366fca97 req-26591a82-97bf-4f20-9cd7-062311f06253 39537b15b6f64acc8738842b08f06cb9 e2d8cef52b21446aa0a6796a1833aab2 - - 6eb6ce9b6118458484f4d70dda1ea4c6 6eb6ce9b6118458484f4d70dda1ea4c6] 199.204.45.3 "GET /v2.0/networks/491f3bc4-2a36-457b-9307-902ce06fdb0f?fields=segments HTTP/1.1" status: 200 len: 212 time: 0.0644748
2026-06-23 19:56:09.331 10 INFO neutron.wsgi [req-421a640d-a7f0-42b8-b0ac-26d9366fca97 req-87acdcce-a0a3-454a-ac94-a4a108577aad 39537b15b6f64acc8738842b08f06cb9 e2d8cef52b21446aa0a6796a1833aab2 - - 6eb6ce9b6118458484f4d70dda1ea4c6 6eb6ce9b6118458484f4d70dda1ea4c6] 199.204.45.3 "GET /v2.0/networks/491f3bc4-2a36-457b-9307-902ce06fdb0f?fields=provider%3Aphysical_network&fields=provider%3Anetwork_type HTTP/1.1" status: 200 len: 277 time: 0.0716381
2026-06-23 19:56:09.364 10 INFO neutron.db.ovn_revision_numbers_db [None req-255234ed-5436-4377-84db-ace65d1cfd18 - - - - - -] Successfully bumped revision number for resource 10cf4bd5-b6ce-4f99-aa8d-037729c813db (type: ports) to 4
2026-06-23 19:56:09.438 10 INFO neutron.wsgi [req-8e8df9d7-0e37-4951-969f-479331a1a961 req-396c346c-c933-4be7-8a72-ac5b9a1a8cde 6f22c35928494171891429412d0878a7 961d8885eda1406b87c01267346839e8 - - default default] 10.0.0.195 "GET /v2.0/ports?device_id=27d60356-1cd2-48db-baa7-9eb1b12df775 HTTP/1.1" status: 200 len: 1413 time: 0.0534985 /var/lib/openstack/lib/python3.10/site-packages/pycadf/identifier.py:71: UserWarning: Invalid uuid: neutron. To ensure interoperability, identifiers should be a valid uuid. warnings.warn(('Invalid uuid: %s. To ensure interoperability, '
2026-06-23 19:56:09.479 10 INFO neutron.wsgi [req-8e8df9d7-0e37-4951-969f-479331a1a961 req-075a5ebf-a203-4045-88e0-19aec01f143c 6f22c35928494171891429412d0878a7 961d8885eda1406b87c01267346839e8 - - default default] 10.0.0.195 "GET /v2.0/security-groups?id=29bc304c-63a9-4270-8d4d-8727d60f60c3&fields=id&fields=name HTTP/1.1" status: 200 len: 294 time: 0.0357056
2026-06-23 19:56:09.572 10 INFO neutron.wsgi [req-f08d98e2-0944-4cf6-87a9-d2f75cdbfcf3 req-b360f1dc-3b3e-48d5-8a19-070c5b91e397 6f22c35928494171891429412d0878a7 961d8885eda1406b87c01267346839e8 - - default default] 10.0.0.195 "GET /v2.0/ports?device_id=27d60356-1cd2-48db-baa7-9eb1b12df775 HTTP/1.1" status: 200 len: 1413 time: 0.0403063
2026-06-23 19:56:10.904 10 INFO neutron.notifiers.nova [-] Nova event matching ['req-49a42f08-057c-4084-8571-57c5a780e466'] response: {'server_uuid': '27d60356-1cd2-48db-baa7-9eb1b12df775', 'name': 'network-vif-plugged', 'status': 'completed', 'tag': '10cf4bd5-b6ce-4f99-aa8d-037729c813db', 'code': 200}
2026-06-23 19:56:10.904 10 INFO neutron.notifiers.nova [-] Nova event matching ['req-49a42f08-057c-4084-8571-57c5a780e466'] response: {'server_uuid': '27d60356-1cd2-48db-baa7-9eb1b12df775', 'name': 'network-vif-plugged', 'status': 'completed', 'tag': '10cf4bd5-b6ce-4f99-aa8d-037729c813db', 'code': 200}
2026-06-23 19:56:12.434 10 INFO neutron.wsgi [req-f079fb62-d9df-46e2-9450-33180a1a383a req-55c9b041-08a1-42dd-8ed1-281c6578b96e 6f22c35928494171891429412d0878a7 961d8885eda1406b87c01267346839e8 - - default default] 10.0.0.195 "GET /v2.0/ports?device_id=27d60356-1cd2-48db-baa7-9eb1b12df775 HTTP/1.1" status: 200 len: 1413 time: 0.0439777
2026-06-23 19:56:12.485 10 INFO neutron.wsgi [req-f079fb62-d9df-46e2-9450-33180a1a383a req-b519fa54-46f3-4267-bfc0-27fad63b548a 6f22c35928494171891429412d0878a7 961d8885eda1406b87c01267346839e8 - - default default] 10.0.0.195 "GET /v2.0/security-groups?id=29bc304c-63a9-4270-8d4d-8727d60f60c3&fields=id&fields=name HTTP/1.1" status: 200 len: 294 time: 0.0361767
2026-06-23 19:56:12.577 10 INFO neutron.wsgi [req-1b430c66-2961-46e4-a0f0-76a814d36adb req-ffc6fafd-79e7-496c-a794-96a872378a81 6f22c35928494171891429412d0878a7 961d8885eda1406b87c01267346839e8 - - default default] 10.0.0.195 "GET /v2.0/ports?device_id=27d60356-1cd2-48db-baa7-9eb1b12df775 HTTP/1.1" status: 200 len: 1413 time: 0.0379083
2026-06-23 19:56:15.462 10 INFO neutron.wsgi [-] 10.0.0.202 "GET / HTTP/1.1" status: 200 len: 247 time: 0.0065789
2026-06-23 19:56:15.466 10 INFO neutron.wsgi [-] 10.0.0.202 "GET / HTTP/1.1" status: 200 len: 247 time: 0.0028641
2026-06-23 19:56:20.676 10 INFO neutron.wsgi [req-a5423dc8-c6e9-4926-a9da-b5ff2e2535d2 req-0cfa815e-1892-4074-b4c5-c37a390acf59 ab7612cdb77642b4b95bc4b4ed6b476d 3fd32c38d11e4e4c99ca6fe1e2ec1781 - - default default] 10.0.0.195 "GET /v2.0/ports?device_id=01a57a9e-b469-4c8d-9746-ce0f9a1d183f HTTP/1.1" status: 200 len: 1214 time: 0.1048088
2026-06-23 19:56:20.730 10 INFO neutron.wsgi [req-a5423dc8-c6e9-4926-a9da-b5ff2e2535d2 req-ce7e24f0-424f-410c-9ce0-8d0e632d7dfc ab7612cdb77642b4b95bc4b4ed6b476d 3fd32c38d11e4e4c99ca6fe1e2ec1781 - - default default] 10.0.0.195 "GET /v2.0/security-groups?id=9b712f8f-e2fb-4a00-ad5d-d5865e1c35d0&id=64649ae4-4130-484d-b8a9-b66b81445fcf&fields=id&fields=name HTTP/1.1" status: 200 len: 405 time: 0.0448658
2026-06-23 19:56:20.866 9 INFO neutron.wsgi [None req-eb77f0f8-e14c-4650-ab68-e3b61f24f32b d46174d670a641dea6634775f9fd5411 828a3dd5377645f4b6987619c3bf51cc - - default default] 10.0.0.134 "GET /v2.0/ports?device_id=01a57a9e-b469-4c8d-9746-ce0f9a1d183f HTTP/1.1" status: 200 len: 1447 time: 0.1048944
2026-06-23 19:56:20.935 9 INFO neutron.wsgi [None req-f39cdf1f-0a04-42cf-9abc-59a297720cbe ab7612cdb77642b4b95bc4b4ed6b476d 3fd32c38d11e4e4c99ca6fe1e2ec1781 - - default default] 10.0.0.134 "GET /v2.0/floatingips?floating_network_id=5ba94b83-72f9-4064-9ccb-c40368783405&port_id=75200ec0-eae1-461a-bdbd-c919056973ea HTTP/1.1" status: 200 len: 1055 time: 0.0636852
2026-06-23 19:56:21.185 9 INFO neutron.wsgi [req-60d22cae-f183-4bc2-9bfc-88958b313987 req-f6a6a8d6-3619-434b-bf3e-633994f33fda 39537b15b6f64acc8738842b08f06cb9 e2d8cef52b21446aa0a6796a1833aab2 - - 6eb6ce9b6118458484f4d70dda1ea4c6 6eb6ce9b6118458484f4d70dda1ea4c6] 10.0.0.76 "GET /v2.0/ports?device_id=01a57a9e-b469-4c8d-9746-ce0f9a1d183f HTTP/1.1" status: 200 len: 1452 time: 0.0419426
2026-06-23 19:56:21.238 9 INFO neutron.wsgi [req-60d22cae-f183-4bc2-9bfc-88958b313987 req-983321c6-a2fb-4488-921d-5055f9fa1929 39537b15b6f64acc8738842b08f06cb9 e2d8cef52b21446aa0a6796a1833aab2 - - 6eb6ce9b6118458484f4d70dda1ea4c6 6eb6ce9b6118458484f4d70dda1ea4c6] 10.0.0.76 "GET /v2.0/security-groups?id=9b712f8f-e2fb-4a00-ad5d-d5865e1c35d0&id=64649ae4-4130-484d-b8a9-b66b81445fcf&fields=id&fields=name HTTP/1.1" status: 200 len: 405 time: 0.0469956
2026-06-23 19:56:23.291 10 INFO neutron.wsgi [req-3fcba8fd-023b-4cee-98b2-c6df597d14d6 req-b1b527f8-b858-44ce-b84b-59b8d22461bc ab7612cdb77642b4b95bc4b4ed6b476d 3fd32c38d11e4e4c99ca6fe1e2ec1781 - - default default] 10.0.0.195 "GET /v2.0/ports?device_id=01a57a9e-b469-4c8d-9746-ce0f9a1d183f HTTP/1.1" status: 200 len: 1214 time: 0.0669873
2026-06-23 19:56:23.323 10 INFO neutron.plugins.ml2.drivers.ovn.mech_driver.mech_driver [None req-255234ed-5436-4377-84db-ace65d1cfd18 - - - - - -] OVN reports status down for port: 75200ec0-eae1-461a-bdbd-c919056973ea
2026-06-23 19:56:23.625 10 INFO neutron.wsgi [req-3fcba8fd-023b-4cee-98b2-c6df597d14d6 req-91dd4f6c-1fef-48dd-b40a-34fa94af0fb9 ab7612cdb77642b4b95bc4b4ed6b476d 3fd32c38d11e4e4c99ca6fe1e2ec1781 - - default default] 10.0.0.195 "GET /v2.0/security-groups?id=9b712f8f-e2fb-4a00-ad5d-d5865e1c35d0&id=64649ae4-4130-484d-b8a9-b66b81445fcf&fields=id&fields=name HTTP/1.1" status: 200 len: 405 time: 0.3249316
2026-06-23 19:56:23.654 10 INFO neutron.wsgi [req-b8d49647-c4f3-431e-9df8-6bb96de64526 req-836d20c0-f187-4f4b-ad1c-3d5c4a5c76a1 ab7612cdb77642b4b95bc4b4ed6b476d 3fd32c38d11e4e4c99ca6fe1e2ec1781 - - default default] 199.204.45.3 "GET /v2.0/ports?device_id=01a57a9e-b469-4c8d-9746-ce0f9a1d183f HTTP/1.1" status: 200 len: 1214 time: 0.0490017
2026-06-23 19:56:23.769 10 INFO neutron.notifiers.nova [-] Nova event matching ['req-2ff9ba69-72d2-47af-99a9-6af75bb83eec'] response: {'server_uuid': '01a57a9e-b469-4c8d-9746-ce0f9a1d183f', 'name': 'network-vif-unplugged', 'status': 'completed', 'tag': '75200ec0-eae1-461a-bdbd-c919056973ea', 'code': 200}
2026-06-23 19:56:24.027 10 INFO neutron.db.ovn_revision_numbers_db [None req-255234ed-5436-4377-84db-ace65d1cfd18 - - - - - -] Successfully bumped revision number for resource 75200ec0-eae1-461a-bdbd-c919056973ea (type: ports) to 5
2026-06-23 19:56:24.078 10 INFO neutron.db.l3_db [req-b8d49647-c4f3-431e-9df8-6bb96de64526 req-2c6c79a0-8259-4632-8147-86c8715f2116 ab7612cdb77642b4b95bc4b4ed6b476d 3fd32c38d11e4e4c99ca6fe1e2ec1781 - - default default] Floating IP debfb3d5-a2c1-4160-ba40-5fd48ddf899b disassociated. External IP: 10.96.250.211, port: 75200ec0-eae1-461a-bdbd-c919056973ea.
2026-06-23 19:56:24.293 10 INFO neutron.wsgi [req-b8d49647-c4f3-431e-9df8-6bb96de64526 req-2c6c79a0-8259-4632-8147-86c8715f2116 ab7612cdb77642b4b95bc4b4ed6b476d 3fd32c38d11e4e4c99ca6fe1e2ec1781 - - default default] 199.204.45.3 "DELETE /v2.0/ports/75200ec0-eae1-461a-bdbd-c919056973ea HTTP/1.1" status: 204 len: 173 time: 0.6341908 /var/lib/openstack/lib/python3.10/site-packages/pycadf/identifier.py:71: UserWarning: Invalid uuid: neutron. To ensure interoperability, identifiers should be a valid uuid. warnings.warn(('Invalid uuid: %s. To ensure interoperability, '
2026-06-23 19:56:24.900 10 INFO neutron.wsgi [None req-4e851e0a-d6ec-4f45-b72c-99e3036cc4aa ab7612cdb77642b4b95bc4b4ed6b476d 3fd32c38d11e4e4c99ca6fe1e2ec1781 - - default default] 10.0.0.134 "DELETE /v2.0/security-groups/64649ae4-4130-484d-b8a9-b66b81445fcf HTTP/1.1" status: 204 len: 168 time: 0.1236813
2026-06-23 19:56:24.924 10 INFO neutron.api.v2.resource [None req-a977fe81-24e3-4130-bbd8-3c240488b9f1 ab7612cdb77642b4b95bc4b4ed6b476d 3fd32c38d11e4e4c99ca6fe1e2ec1781 - - default default] show failed (client error): The resource could not be found.
2026-06-23 19:56:24.926 10 INFO neutron.wsgi [None req-a977fe81-24e3-4130-bbd8-3c240488b9f1 ab7612cdb77642b4b95bc4b4ed6b476d 3fd32c38d11e4e4c99ca6fe1e2ec1781 - - default default] 10.0.0.134 "GET /v2.0/security-groups/64649ae4-4130-484d-b8a9-b66b81445fcf HTTP/1.1" status: 404 len: 347 time: 0.0211854
2026-06-23 19:56:25.351 10 INFO neutron.wsgi [None req-f30da80f-679f-4fc2-8c04-26e155cb5ee6 ab7612cdb77642b4b95bc4b4ed6b476d 3fd32c38d11e4e4c99ca6fe1e2ec1781 - - default default] 10.0.0.134 "DELETE /v2.0/floatingips/debfb3d5-a2c1-4160-ba40-5fd48ddf899b HTTP/1.1" status: 204 len: 168 time: 0.4204409
2026-06-23 19:56:25.493 10 INFO neutron.wsgi [None req-4eb1950d-dda4-48ce-b1ac-38fbc1b5b1be ab7612cdb77642b4b95bc4b4ed6b476d 3fd32c38d11e4e4c99ca6fe1e2ec1781 - - default default] 10.0.0.134 "DELETE /v2.0/security-groups/9b712f8f-e2fb-4a00-ad5d-d5865e1c35d0 HTTP/1.1" status: 204 len: 168 time: 0.1381392
2026-06-23 19:56:25.812 10 INFO neutron.notifiers.nova [-] Nova event matching ['req-47040645-70f0-490d-b057-c6c38f2745e3'] response: {'server_uuid': '01a57a9e-b469-4c8d-9746-ce0f9a1d183f', 'name': 'network-vif-plugged', 'status': 'completed', 'tag': '75200ec0-eae1-461a-bdbd-c919056973ea', 'code': 200}
2026-06-23 19:56:25.812 10 INFO neutron.notifiers.nova [-] Nova event matching ['req-47040645-70f0-490d-b057-c6c38f2745e3'] response: {'server_uuid': '01a57a9e-b469-4c8d-9746-ce0f9a1d183f', 'name': 'network-vif-deleted', 'tag': '75200ec0-eae1-461a-bdbd-c919056973ea', 'status': 'completed', 'code': 200}
