2026-06-23 19:51:24.725 10 INFO neutron.db.ovn_revision_numbers_db [None req-6fc06e0c-f627-49a0-bf44-d4746f1b7119 d5bc9706bc384242a88115606a98c26b 6bcbadcb9cbd463d9d57b9f20161b3c3 - - default default] Successfully bumped revision number for resource f289042f-ef08-4ecc-91f6-57e8ef7ad223 (type: security_group_rules) to 0
2026-06-23 19:51:24.730 10 INFO neutron.wsgi [req-402875e7-9612-4ad1-8f60-f79dedf2b5f7 req-8c6e2375-4d65-433f-8487-c1032bd134f8 a9c821f1079546f89e3b9070b6da2567 f344339a669f45878ff417eeb2d031c7 - - default default] 10.0.0.195 "GET /v2.0/security-groups?name=tempest-securitygroup--1482545013&fields=id&tenant_id=f344339a669f45878ff417eeb2d031c7 HTTP/1.1" status: 200 len: 267 time: 0.0788889
2026-06-23 19:51:24.747 9 INFO neutron.db.ovn_revision_numbers_db [None req-be82ee03-7bd3-4947-a079-19b44e2df86a - - - - - -] Successfully bumped revision number for resource 83478108-bdcb-4112-95bf-cafde42fdb43 (type: ports) to 4
2026-06-23 19:51:24.857 10 INFO neutron.wsgi [None req-6fc06e0c-f627-49a0-bf44-d4746f1b7119 d5bc9706bc384242a88115606a98c26b 6bcbadcb9cbd463d9d57b9f20161b3c3 - - default default] 10.0.0.134 "POST /v2.0/security-groups HTTP/1.1" status: 201 len: 1796 time: 0.3611579
2026-06-23 19:51:24.882 10 WARNING neutron_lib.context [None req-855fa3ca-6ae9-4c15-966c-71eda9c77ebf d5bc9706bc384242a88115606a98c26b 6bcbadcb9cbd463d9d57b9f20161b3c3 - - default default] Method 'is_advsvc' is deprecated since 2023.2 release (neutron-lib 3.8.0) and will be removed once support for the old RBAC API policies will be removed from Neutron. Please use method 'is_service_role' instead.
2026-06-23 19:51:24.896 10 INFO neutron.db.ovn_revision_numbers_db [req-05324654-2812-4d4e-9fd3-ad37c4d7b9d3 req-408f313c-c149-4770-b4ad-b0c24f500723 99e8190fce244b7e8437353590fc4272 be9c1fe0fa7c47ca9974e6a26bf38d12 - - default default] Successfully bumped revision number for resource 60eb4851-a91b-4bc0-b9cb-971d86240041 (type: security_groups) to 1
2026-06-23 19:51:24.940 10 INFO neutron.db.ovn_revision_numbers_db [req-05324654-2812-4d4e-9fd3-ad37c4d7b9d3 req-408f313c-c149-4770-b4ad-b0c24f500723 99e8190fce244b7e8437353590fc4272 be9c1fe0fa7c47ca9974e6a26bf38d12 - - default default] Successfully bumped revision number for resource 2b0bef37-ec0c-46f0-b544-c01d04f674fe (type: security_group_rules) to 0
2026-06-23 19:51:24.964 10 INFO neutron.wsgi [req-402875e7-9612-4ad1-8f60-f79dedf2b5f7 req-db4d8a5e-5a76-4253-8ebf-c8ae52cd01b7 a9c821f1079546f89e3b9070b6da2567 f344339a669f45878ff417eeb2d031c7 - - default default] 10.0.0.195 "GET /v2.0/networks?id=bc3ccf68-c960-4f51-a76e-d489511b0897 HTTP/1.1" status: 200 len: 875 time: 0.1274228
2026-06-23 19:51:24.965 10 INFO neutron.db.ovn_revision_numbers_db [req-05324654-2812-4d4e-9fd3-ad37c4d7b9d3 req-408f313c-c149-4770-b4ad-b0c24f500723 99e8190fce244b7e8437353590fc4272 be9c1fe0fa7c47ca9974e6a26bf38d12 - - default default] Successfully bumped revision number for resource d67dcce3-82a2-4c26-af2c-c348e6398566 (type: security_group_rules) to 0
2026-06-23 19:51:24.994 10 INFO neutron.wsgi [req-402875e7-9612-4ad1-8f60-f79dedf2b5f7 req-8dbf0fdf-a418-4f53-ad1b-afb51c17d400 a9c821f1079546f89e3b9070b6da2567 f344339a669f45878ff417eeb2d031c7 - - default default] 10.0.0.195 "GET /v2.0/quotas/f344339a669f45878ff417eeb2d031c7 HTTP/1.1" status: 200 len: 386 time: 0.0207989
2026-06-23 19:51:24.997 10 INFO neutron.wsgi [req-05324654-2812-4d4e-9fd3-ad37c4d7b9d3 req-408f313c-c149-4770-b4ad-b0c24f500723 99e8190fce244b7e8437353590fc4272 be9c1fe0fa7c47ca9974e6a26bf38d12 - - default default] 10.0.0.195 "POST /v2.0/security-groups HTTP/1.1" status: 201 len: 1822 time: 0.4743543
2026-06-23 19:51:25.048 10 WARNING neutron_lib.context [req-f505983d-7ded-460f-881f-13e1621f0c20 req-147f8995-2a29-4794-8ef0-6496b0dc1fd0 99e8190fce244b7e8437353590fc4272 be9c1fe0fa7c47ca9974e6a26bf38d12 - - default default] Method 'is_advsvc' is deprecated since 2023.2 release (neutron-lib 3.8.0) and will be removed once support for the old RBAC API policies will be removed from Neutron. Please use method 'is_service_role' instead.
2026-06-23 19:51:25.130 9 INFO neutron.db.ovn_revision_numbers_db [None req-be82ee03-7bd3-4947-a079-19b44e2df86a - - - - - -] Successfully bumped revision number for resource 83478108-bdcb-4112-95bf-cafde42fdb43 (type: router_ports) to 4
2026-06-23 19:51:25.161 9 INFO neutron.plugins.ml2.drivers.ovn.mech_driver.ovsdb.ovsdb_monitor [None req-be82ee03-7bd3-4947-a079-19b44e2df86a - - - - - -] Router 02421e47-3cbb-4ee6-807a-92512f9273c9 is bound to host instance
2026-06-23 19:51:25.169 10 INFO neutron.wsgi [req-402875e7-9612-4ad1-8f60-f79dedf2b5f7 req-0f48563b-b71f-45af-b0a2-ae5a870d861d a9c821f1079546f89e3b9070b6da2567 f344339a669f45878ff417eeb2d031c7 - - default default] 10.0.0.195 "GET /v2.0/ports?tenant_id=f344339a669f45878ff417eeb2d031c7&fields=id HTTP/1.1" status: 200 len: 302 time: 0.1663313
2026-06-23 19:51:25.171 10 INFO neutron.db.ovn_revision_numbers_db [None req-855fa3ca-6ae9-4c15-966c-71eda9c77ebf d5bc9706bc384242a88115606a98c26b 6bcbadcb9cbd463d9d57b9f20161b3c3 - - default default] Successfully bumped revision number for resource 7a5aafea-f0f0-44e8-91c4-66dfb0c5e3e4 (type: security_group_rules) to 0
2026-06-23 19:51:25.199 10 INFO neutron.wsgi [None req-855fa3ca-6ae9-4c15-966c-71eda9c77ebf d5bc9706bc384242a88115606a98c26b 6bcbadcb9cbd463d9d57b9f20161b3c3 - - default default] 10.0.0.134 "POST /v2.0/security-group-rules HTTP/1.1" status: 201 len: 764 time: 0.3330233
2026-06-23 19:51:25.209 10 WARNING neutron_lib.context [None req-797b92a2-18a4-4679-9774-be107374ce7c d5bc9706bc384242a88115606a98c26b 6bcbadcb9cbd463d9d57b9f20161b3c3 - - default default] Method 'is_advsvc' is deprecated since 2023.2 release (neutron-lib 3.8.0) and will be removed once support for the old RBAC API policies will be removed from Neutron. Please use method 'is_service_role' instead.
2026-06-23 19:51:25.230 10 INFO neutron.db.ovn_revision_numbers_db [req-f505983d-7ded-460f-881f-13e1621f0c20 req-147f8995-2a29-4794-8ef0-6496b0dc1fd0 99e8190fce244b7e8437353590fc4272 be9c1fe0fa7c47ca9974e6a26bf38d12 - - default default] Successfully bumped revision number for resource a91ad86b-fa4f-4741-b36e-4d6e35e4d0d3 (type: security_groups) to 1
2026-06-23 19:51:25.251 10 INFO neutron.db.ovn_revision_numbers_db [req-f505983d-7ded-460f-881f-13e1621f0c20 req-147f8995-2a29-4794-8ef0-6496b0dc1fd0 99e8190fce244b7e8437353590fc4272 be9c1fe0fa7c47ca9974e6a26bf38d12 - - default default] Successfully bumped revision number for resource 7475c27c-13c9-4114-a6cb-11162429ca7e (type: security_group_rules) to 0
2026-06-23 19:51:25.268 10 INFO neutron.db.ovn_revision_numbers_db [req-f505983d-7ded-460f-881f-13e1621f0c20 req-147f8995-2a29-4794-8ef0-6496b0dc1fd0 99e8190fce244b7e8437353590fc4272 be9c1fe0fa7c47ca9974e6a26bf38d12 - - default default] Successfully bumped revision number for resource 917cf492-c31f-487b-a6a1-26ccc0f8b03e (type: security_group_rules) to 0
2026-06-23 19:51:25.297 9 WARNING neutron.scheduler.dhcp_agent_scheduler [None req-d23d0fa1-58d3-45ad-b519-814d9ab138e2 6f22c35928494171891429412d0878a7 961d8885eda1406b87c01267346839e8 - - default default] No more DHCP agents
2026-06-23 19:51:25.299 10 INFO neutron.wsgi [req-f505983d-7ded-460f-881f-13e1621f0c20 req-147f8995-2a29-4794-8ef0-6496b0dc1fd0 99e8190fce244b7e8437353590fc4272 be9c1fe0fa7c47ca9974e6a26bf38d12 - - default default] 10.0.0.195 "POST /v2.0/security-groups HTTP/1.1" status: 201 len: 1823 time: 0.2699535
2026-06-23 19:51:25.300 9 WARNING neutron.api.rpc.agentnotifiers.dhcp_rpc_agent_api [None req-d23d0fa1-58d3-45ad-b519-814d9ab138e2 6f22c35928494171891429412d0878a7 961d8885eda1406b87c01267346839e8 - - default default] Unable to schedule network 8cafa8b8-7d84-4b0b-b7be-816d21187044: no agents available; will retry on subsequent port and subnet creation events.
2026-06-23 19:51:25.357 10 INFO neutron.db.ovn_revision_numbers_db [None req-797b92a2-18a4-4679-9774-be107374ce7c d5bc9706bc384242a88115606a98c26b 6bcbadcb9cbd463d9d57b9f20161b3c3 - - default default] Successfully bumped revision number for resource 8b52715b-2f4a-4556-bca4-053e0637dda0 (type: security_group_rules) to 0
2026-06-23 19:51:25.377 10 INFO neutron.wsgi [req-bc3730c4-7615-48cc-8bde-a9fa67096cb6 req-fac90ebe-a33e-46f0-b582-225177ebe974 99e8190fce244b7e8437353590fc4272 be9c1fe0fa7c47ca9974e6a26bf38d12 - - default default] 10.0.0.195 "GET /v2.0/security-groups?tenant_id=be9c1fe0fa7c47ca9974e6a26bf38d12 HTTP/1.1" status: 200 len: 7794 time: 0.0557749
2026-06-23 19:51:25.396 10 INFO neutron.wsgi [None req-797b92a2-18a4-4679-9774-be107374ce7c d5bc9706bc384242a88115606a98c26b 6bcbadcb9cbd463d9d57b9f20161b3c3 - - default default] 10.0.0.134 "POST /v2.0/security-group-rules HTTP/1.1" status: 201 len: 769 time: 0.1908851
2026-06-23 19:51:25.408 10 WARNING neutron_lib.context [None req-02e10977-e8dd-473c-8668-6f85c4afdf3f d5bc9706bc384242a88115606a98c26b 6bcbadcb9cbd463d9d57b9f20161b3c3 - - default default] Method 'is_advsvc' is deprecated since 2023.2 release (neutron-lib 3.8.0) and will be removed once support for the old RBAC API policies will be removed from Neutron. Please use method 'is_service_role' instead.
2026-06-23 19:51:25.424 10 INFO neutron.wsgi [req-bc3730c4-7615-48cc-8bde-a9fa67096cb6 req-297a644c-2a14-435a-9b6f-229ad4a97841 99e8190fce244b7e8437353590fc4272 be9c1fe0fa7c47ca9974e6a26bf38d12 - - default default] 10.0.0.195 "GET /v2.0/security-groups/613cc0b2-964e-49a5-8e6f-30310bd0560d HTTP/1.1" status: 200 len: 2994 time: 0.0421350
2026-06-23 19:51:25.477 10 INFO neutron.wsgi [req-bc3730c4-7615-48cc-8bde-a9fa67096cb6 req-d85d1fda-6aea-40a9-8477-d83c5c3e9e71 99e8190fce244b7e8437353590fc4272 be9c1fe0fa7c47ca9974e6a26bf38d12 - - default default] 10.0.0.195 "GET /v2.0/security-groups/613cc0b2-964e-49a5-8e6f-30310bd0560d HTTP/1.1" status: 200 len: 2994 time: 0.0485289
2026-06-23 19:51:25.497 9 INFO neutron.db.ovn_revision_numbers_db [None req-d23d0fa1-58d3-45ad-b519-814d9ab138e2 6f22c35928494171891429412d0878a7 961d8885eda1406b87c01267346839e8 - - default default] Successfully bumped revision number for resource 48ebb12b-8395-4cb8-934c-2ec83c3dd9be (type: ports) to 1
2026-06-23 19:51:25.548 10 INFO neutron.wsgi [req-ea49c562-a188-44af-85e9-7dc119bdc131 req-a8d8d6e1-d23d-414f-8e42-e65b4160bcd9 99e8190fce244b7e8437353590fc4272 be9c1fe0fa7c47ca9974e6a26bf38d12 - - default default] 10.0.0.195 "GET /v2.0/security-groups/8e1579d4-4115-46a4-bbb7-36daf0d38119 HTTP/1.1" status: 200 len: 1816 time: 0.0496318
2026-06-23 19:51:25.563 10 INFO neutron.wsgi [req-402875e7-9612-4ad1-8f60-f79dedf2b5f7 req-70a65241-3490-406c-9790-34db8dcd09ab 39537b15b6f64acc8738842b08f06cb9 e2d8cef52b21446aa0a6796a1833aab2 - - 6eb6ce9b6118458484f4d70dda1ea4c6 6eb6ce9b6118458484f4d70dda1ea4c6] 10.0.0.195 "GET /v2.0/extensions HTTP/1.1" status: 200 len: 16980 time: 0.0476949
2026-06-23 19:51:25.675 10 INFO neutron.wsgi [req-402875e7-9612-4ad1-8f60-f79dedf2b5f7 req-33d61b93-54a4-4579-aade-27051959e781 39537b15b6f64acc8738842b08f06cb9 e2d8cef52b21446aa0a6796a1833aab2 - - 6eb6ce9b6118458484f4d70dda1ea4c6 6eb6ce9b6118458484f4d70dda1ea4c6] 10.0.0.195 "GET /v2.0/networks/bc3ccf68-c960-4f51-a76e-d489511b0897?fields=segments HTTP/1.1" status: 200 len: 212 time: 0.0955582
2026-06-23 19:51:25.725 9 INFO neutron.db.ovn_revision_numbers_db [None req-be82ee03-7bd3-4947-a079-19b44e2df86a - - - - - -] Successfully bumped revision number for resource 18951e2f-ede1-47c6-8f7d-d9183a5f0ca0 (type: ports) to 1
2026-06-23 19:51:25.768 10 INFO neutron.wsgi [req-402875e7-9612-4ad1-8f60-f79dedf2b5f7 req-032c7624-ae5a-4e66-8c68-e3a9bcf5e229 39537b15b6f64acc8738842b08f06cb9 e2d8cef52b21446aa0a6796a1833aab2 - - 6eb6ce9b6118458484f4d70dda1ea4c6 6eb6ce9b6118458484f4d70dda1ea4c6] 10.0.0.195 "GET /v2.0/networks/bc3ccf68-c960-4f51-a76e-d489511b0897?fields=provider%3Aphysical_network&fields=provider%3Anetwork_type HTTP/1.1" status: 200 len: 277 time: 0.0856578
2026-06-23 19:51:25.790 10 WARNING neutron.scheduler.dhcp_agent_scheduler [None req-02e10977-e8dd-473c-8668-6f85c4afdf3f d5bc9706bc384242a88115606a98c26b 6bcbadcb9cbd463d9d57b9f20161b3c3 - - default default] No more DHCP agents
2026-06-23 19:51:25.793 10 WARNING neutron.api.rpc.agentnotifiers.dhcp_rpc_agent_api [None req-02e10977-e8dd-473c-8668-6f85c4afdf3f d5bc9706bc384242a88115606a98c26b 6bcbadcb9cbd463d9d57b9f20161b3c3 - - default default] Unable to schedule network 5ba94b83-72f9-4064-9ccb-c40368783405: no agents available; will retry on subsequent port and subnet creation events.
2026-06-23 19:51:25.811 10 INFO neutron.wsgi [req-ea49c562-a188-44af-85e9-7dc119bdc131 req-b4bcdca5-7d2c-4a79-9de6-59c8392ee6e0 99e8190fce244b7e8437353590fc4272 be9c1fe0fa7c47ca9974e6a26bf38d12 - - default default] 10.0.0.195 "DELETE /v2.0/security-groups/8e1579d4-4115-46a4-bbb7-36daf0d38119 HTTP/1.1" status: 204 len: 173 time: 0.2539561
2026-06-23 19:51:25.844 10 INFO neutron.api.v2.resource [req-10d9424c-d1a6-4583-a622-3f73dd17f1e3 req-343977e8-3e48-4c53-bfba-c1d82eec0a76 99e8190fce244b7e8437353590fc4272 be9c1fe0fa7c47ca9974e6a26bf38d12 - - default default] show failed (client error): The resource could not be found.
2026-06-23 19:51:25.845 10 INFO neutron.wsgi [req-10d9424c-d1a6-4583-a622-3f73dd17f1e3 req-343977e8-3e48-4c53-bfba-c1d82eec0a76 99e8190fce244b7e8437353590fc4272 be9c1fe0fa7c47ca9974e6a26bf38d12 - - default default] 10.0.0.195 "GET /v2.0/security-groups/8e1579d4-4115-46a4-bbb7-36daf0d38119 HTTP/1.1" status: 404 len: 352 time: 0.0132198
2026-06-23 19:51:25.908 10 INFO neutron.wsgi [req-33857e23-6dda-4683-9e19-9ad00928ea68 req-24853702-4dd8-490a-8f71-973bc4c36747 99e8190fce244b7e8437353590fc4272 be9c1fe0fa7c47ca9974e6a26bf38d12 - - default default] 10.0.0.195 "GET /v2.0/security-groups/60eb4851-a91b-4bc0-b9cb-971d86240041 HTTP/1.1" status: 200 len: 1817 time: 0.0442071
2026-06-23 19:51:25.981 10 INFO neutron.wsgi [req-8fc27ff2-8efa-43c5-a7b6-b0abc61cff9e req-3259bd02-2d81-4569-bcea-4a8acf89e8a7 a9c821f1079546f89e3b9070b6da2567 f344339a669f45878ff417eeb2d031c7 - - default default] 10.0.0.195 "GET /v2.0/ports?device_id=7f0425ba-40af-4c41-9192-2d531a74ab95 HTTP/1.1" status: 200 len: 210 time: 0.0432546
2026-06-23 19:51:26.119 10 INFO neutron.wsgi [req-33857e23-6dda-4683-9e19-9ad00928ea68 req-d040e44a-14d8-4dd0-9c48-c7dcff484547 99e8190fce244b7e8437353590fc4272 be9c1fe0fa7c47ca9974e6a26bf38d12 - - default default] 10.0.0.195 "DELETE /v2.0/security-groups/60eb4851-a91b-4bc0-b9cb-971d86240041 HTTP/1.1" status: 204 len: 173 time: 0.2021236
2026-06-23 19:51:26.142 9 INFO neutron.db.ovn_revision_numbers_db [None req-d23d0fa1-58d3-45ad-b519-814d9ab138e2 6f22c35928494171891429412d0878a7 961d8885eda1406b87c01267346839e8 - - default default] Successfully bumped revision number for resource 48ebb12b-8395-4cb8-934c-2ec83c3dd9be (type: router_ports) to 1
2026-06-23 19:51:26.149 10 INFO neutron.api.v2.resource [req-d02f11d5-554e-4f44-a590-141e95b03a2f req-90c68076-c0f5-492f-b8fd-d994dac07eb4 99e8190fce244b7e8437353590fc4272 be9c1fe0fa7c47ca9974e6a26bf38d12 - - default default] show failed (client error): The resource could not be found.
2026-06-23 19:51:26.151 10 INFO neutron.wsgi [req-d02f11d5-554e-4f44-a590-141e95b03a2f req-90c68076-c0f5-492f-b8fd-d994dac07eb4 99e8190fce244b7e8437353590fc4272 be9c1fe0fa7c47ca9974e6a26bf38d12 - - default default] 10.0.0.195 "GET /v2.0/security-groups/60eb4851-a91b-4bc0-b9cb-971d86240041 HTTP/1.1" status: 404 len: 352 time: 0.0141926
2026-06-23 19:51:26.216 10 INFO neutron.wsgi [req-fb4ad666-8407-4ea3-b57f-61d18a73baa1 req-b3d1ab26-f8ed-42f7-a0f7-4c1afb91ad1b 99e8190fce244b7e8437353590fc4272 be9c1fe0fa7c47ca9974e6a26bf38d12 - - default default] 10.0.0.195 "GET /v2.0/security-groups/a91ad86b-fa4f-4741-b36e-4d6e35e4d0d3 HTTP/1.1" status: 200 len: 1818 time: 0.0433495
2026-06-23 19:51:26.233 10 INFO neutron.db.ovn_revision_numbers_db [None req-02e10977-e8dd-473c-8668-6f85c4afdf3f d5bc9706bc384242a88115606a98c26b 6bcbadcb9cbd463d9d57b9f20161b3c3 - - default default] Successfully bumped revision number for resource 240ed3c8-9113-4e6a-bcc6-64e49a1ac466 (type: floatingips) to 0
2026-06-23 19:51:26.241 9 INFO neutron.db.ovn_revision_numbers_db [None req-be82ee03-7bd3-4947-a079-19b44e2df86a - - - - - -] Successfully bumped revision number for resource 18951e2f-ede1-47c6-8f7d-d9183a5f0ca0 (type: router_ports) to 3
2026-06-23 19:51:26.259 10 INFO neutron.wsgi [None req-02e10977-e8dd-473c-8668-6f85c4afdf3f d5bc9706bc384242a88115606a98c26b 6bcbadcb9cbd463d9d57b9f20161b3c3 - - default default] 10.0.0.134 "POST /v2.0/floatingips HTTP/1.1" status: 201 len: 751 time: 0.8563173
2026-06-23 19:51:26.341 9 INFO neutron.db.ovn_revision_numbers_db [None req-d23d0fa1-58d3-45ad-b519-814d9ab138e2 6f22c35928494171891429412d0878a7 961d8885eda1406b87c01267346839e8 - - default default] Successfully bumped revision number for resource 48ebb12b-8395-4cb8-934c-2ec83c3dd9be (type: ports) to 1
2026-06-23 19:51:26.354 10 INFO neutron.wsgi [req-fb4ad666-8407-4ea3-b57f-61d18a73baa1 req-97a93d0c-7b90-47e9-a280-519b03308fd2 99e8190fce244b7e8437353590fc4272 be9c1fe0fa7c47ca9974e6a26bf38d12 - - default default] 10.0.0.195 "DELETE /v2.0/security-groups/a91ad86b-fa4f-4741-b36e-4d6e35e4d0d3 HTTP/1.1" status: 204 len: 173 time: 0.1311686
2026-06-23 19:51:26.456 9 WARNING neutron.scheduler.dhcp_agent_scheduler [None req-d23d0fa1-58d3-45ad-b519-814d9ab138e2 6f22c35928494171891429412d0878a7 961d8885eda1406b87c01267346839e8 - - default default] No more DHCP agents
2026-06-23 19:51:26.457 9 WARNING neutron.api.rpc.agentnotifiers.dhcp_rpc_agent_api [None req-d23d0fa1-58d3-45ad-b519-814d9ab138e2 6f22c35928494171891429412d0878a7 961d8885eda1406b87c01267346839e8 - - default default] Unable to schedule network 8cafa8b8-7d84-4b0b-b7be-816d21187044: no agents available; will retry on subsequent port and subnet creation events.
2026-06-23 19:51:26.458 9 INFO neutron.db.ovn_revision_numbers_db [None req-be82ee03-7bd3-4947-a079-19b44e2df86a - - - - - -] Successfully bumped revision number for resource 18951e2f-ede1-47c6-8f7d-d9183a5f0ca0 (type: ports) to 2
2026-06-23 19:51:26.530 10 INFO neutron.api.v2.resource [req-cbd7d846-86b9-42c8-a2c6-5e5cc1f7d301 req-11adc369-1c7a-48b4-959f-34eaee5cbe83 99e8190fce244b7e8437353590fc4272 be9c1fe0fa7c47ca9974e6a26bf38d12 - - default default] show failed (client error): The resource could not be found.
2026-06-23 19:51:26.531 10 INFO neutron.wsgi [req-cbd7d846-86b9-42c8-a2c6-5e5cc1f7d301 req-11adc369-1c7a-48b4-959f-34eaee5cbe83 99e8190fce244b7e8437353590fc4272 be9c1fe0fa7c47ca9974e6a26bf38d12 - - default default] 10.0.0.195 "GET /v2.0/security-groups/a91ad86b-fa4f-4741-b36e-4d6e35e4d0d3 HTTP/1.1" status: 404 len: 352 time: 0.0140760
2026-06-23 19:51:26.595 10 INFO neutron.wsgi [req-5fb2f26a-a78f-42b3-a0a4-43e1084f4247 req-3d789d08-7fe4-4d28-a092-59b4e993dfbe 99e8190fce244b7e8437353590fc4272 be9c1fe0fa7c47ca9974e6a26bf38d12 - - default default] 10.0.0.195 "GET /v2.0/security-groups?tenant_id=be9c1fe0fa7c47ca9974e6a26bf38d12 HTTP/1.1" status: 200 len: 2997 time: 0.0423431
2026-06-23 19:51:26.638 10 INFO neutron.wsgi [req-5fb2f26a-a78f-42b3-a0a4-43e1084f4247 req-63e758b5-b3dc-48c3-9b80-7ed749630f48 99e8190fce244b7e8437353590fc4272 be9c1fe0fa7c47ca9974e6a26bf38d12 - - default default] 10.0.0.195 "GET /v2.0/security-groups/613cc0b2-964e-49a5-8e6f-30310bd0560d HTTP/1.1" status: 200 len: 2994 time: 0.0377481
2026-06-23 19:51:26.695 10 INFO neutron.wsgi [req-5fb2f26a-a78f-42b3-a0a4-43e1084f4247 req-ed19c410-ff0a-428b-88f8-6993ba070208 99e8190fce244b7e8437353590fc4272 be9c1fe0fa7c47ca9974e6a26bf38d12 - - default default] 10.0.0.195 "GET /v2.0/security-groups/613cc0b2-964e-49a5-8e6f-30310bd0560d HTTP/1.1" status: 200 len: 2994 time: 0.0485542
2026-06-23 19:51:26.723 10 INFO neutron.wsgi [req-caa6d148-44a9-471a-b973-372684896d58 req-54ac07f8-2919-4917-907e-513569adf486 d5bc9706bc384242a88115606a98c26b 6bcbadcb9cbd463d9d57b9f20161b3c3 - - default default] 10.0.0.195 "GET /v2.0/security-groups?name=tempest-securitygroup--655405282&fields=id&tenant_id=6bcbadcb9cbd463d9d57b9f20161b3c3 HTTP/1.1" status: 200 len: 267 time: 0.0499763
2026-06-23 19:51:26.738 10 INFO neutron.api.v2.resource [req-1c8686aa-c5a9-4a7c-bcbf-3c82c0d06db8 req-44b85f59-938e-4814-8816-05c7f65f41a3 99e8190fce244b7e8437353590fc4272 be9c1fe0fa7c47ca9974e6a26bf38d12 - - default default] show failed (client error): The resource could not be found.
2026-06-23 19:51:26.739 10 INFO neutron.wsgi [req-1c8686aa-c5a9-4a7c-bcbf-3c82c0d06db8 req-44b85f59-938e-4814-8816-05c7f65f41a3 99e8190fce244b7e8437353590fc4272 be9c1fe0fa7c47ca9974e6a26bf38d12 - - default default] 10.0.0.195 "GET /v2.0/security-groups/a91ad86b-fa4f-4741-b36e-4d6e35e4d0d3 HTTP/1.1" status: 404 len: 352 time: 0.0153229
2026-06-23 19:51:26.763 9 INFO neutron.plugins.ml2.drivers.ovn.mech_driver.mech_driver [None req-795fba2b-7bfd-4e92-b3fb-b4f3ec7fd546 - - - - - -] OVN reports status up for port: 48ebb12b-8395-4cb8-934c-2ec83c3dd9be
2026-06-23 19:51:26.776 10 INFO neutron.api.v2.resource [req-a12a01fc-4429-4a06-af0b-5b2cb2893038 req-1909d1a7-910b-4268-a940-c3041926ae74 99e8190fce244b7e8437353590fc4272 be9c1fe0fa7c47ca9974e6a26bf38d12 - - default default] show failed (client error): The resource could not be found.
2026-06-23 19:51:26.778 10 INFO neutron.wsgi [req-a12a01fc-4429-4a06-af0b-5b2cb2893038 req-1909d1a7-910b-4268-a940-c3041926ae74 99e8190fce244b7e8437353590fc4272 be9c1fe0fa7c47ca9974e6a26bf38d12 - - default default] 10.0.0.195 "GET /v2.0/security-groups/60eb4851-a91b-4bc0-b9cb-971d86240041 HTTP/1.1" status: 404 len: 352 time: 0.0151818
2026-06-23 19:51:26.790 9 INFO neutron.plugins.ml2.plugin [None req-795fba2b-7bfd-4e92-b3fb-b4f3ec7fd546 - - - - - -] Attempt 1 to provision port 48ebb12b-8395-4cb8-934c-2ec83c3dd9be
2026-06-23 19:51:26.800 10 INFO neutron.wsgi [req-caa6d148-44a9-471a-b973-372684896d58 req-2532779c-ce0d-4214-9d3e-d1f3f33cbde2 d5bc9706bc384242a88115606a98c26b 6bcbadcb9cbd463d9d57b9f20161b3c3 - - default default] 10.0.0.195 "GET /v2.0/networks?id=09f8e451-ca50-4dbf-b14a-afeb88baeabf HTTP/1.1" status: 200 len: 882 time: 0.0697753
2026-06-23 19:51:26.813 9 INFO neutron.db.ovn_revision_numbers_db [None req-be82ee03-7bd3-4947-a079-19b44e2df86a - - - - - -] Successfully bumped revision number for resource 18951e2f-ede1-47c6-8f7d-d9183a5f0ca0 (type: ports) to 4
2026-06-23 19:51:26.815 10 INFO neutron.api.v2.resource [req-12833040-047d-4a52-a44e-4d1a741956b1 req-87f937e5-9fe8-46aa-b484-1888185efa64 99e8190fce244b7e8437353590fc4272 be9c1fe0fa7c47ca9974e6a26bf38d12 - - default default] show failed (client error): The resource could not be found.
2026-06-23 19:51:26.816 10 INFO neutron.wsgi [req-12833040-047d-4a52-a44e-4d1a741956b1 req-87f937e5-9fe8-46aa-b484-1888185efa64 99e8190fce244b7e8437353590fc4272 be9c1fe0fa7c47ca9974e6a26bf38d12 - - default default] 10.0.0.195 "GET /v2.0/security-groups/8e1579d4-4115-46a4-bbb7-36daf0d38119 HTTP/1.1" status: 404 len: 352 time: 0.0152283
2026-06-23 19:51:26.817 10 INFO neutron.wsgi [req-caa6d148-44a9-471a-b973-372684896d58 req-66962830-ad98-415e-a318-09ef76caf3a7 d5bc9706bc384242a88115606a98c26b 6bcbadcb9cbd463d9d57b9f20161b3c3 - - default default] 10.0.0.195 "GET /v2.0/quotas/6bcbadcb9cbd463d9d57b9f20161b3c3 HTTP/1.1" status: 200 len: 386 time: 0.0110028
2026-06-23 19:51:27.056 10 INFO neutron.wsgi [req-caa6d148-44a9-471a-b973-372684896d58 req-241aa08a-d7d1-436f-8a51-5cc87fada4c2 d5bc9706bc384242a88115606a98c26b 6bcbadcb9cbd463d9d57b9f20161b3c3 - - default default] 10.0.0.195 "GET /v2.0/ports?tenant_id=6bcbadcb9cbd463d9d57b9f20161b3c3&fields=id HTTP/1.1" status: 200 len: 302 time: 0.2331071
2026-06-23 19:51:27.164 10 INFO neutron.wsgi [req-0b801990-f05c-445e-893c-7c0432fe4c84 req-91bfd3cf-2551-428f-b081-3e7c61372c2f a9c821f1079546f89e3b9070b6da2567 f344339a669f45878ff417eeb2d031c7 - - default default] 10.0.0.195 "GET /v2.0/ports?device_id=7f0425ba-40af-4c41-9192-2d531a74ab95 HTTP/1.1" status: 200 len: 210 time: 0.0446324
2026-06-23 19:51:27.210 10 INFO neutron.wsgi [req-caa6d148-44a9-471a-b973-372684896d58 req-5a927805-74cc-48c9-9cb6-470d5fbc5e64 39537b15b6f64acc8738842b08f06cb9 e2d8cef52b21446aa0a6796a1833aab2 - - 6eb6ce9b6118458484f4d70dda1ea4c6 6eb6ce9b6118458484f4d70dda1ea4c6] 10.0.0.195 "GET /v2.0/networks/09f8e451-ca50-4dbf-b14a-afeb88baeabf?fields=segments HTTP/1.1" status: 200 len: 212 time: 0.1334603
2026-06-23 19:51:27.306 10 INFO neutron.wsgi [req-caa6d148-44a9-471a-b973-372684896d58 req-72556c20-b944-47be-9ccc-53e1a53b9dbc 39537b15b6f64acc8738842b08f06cb9 e2d8cef52b21446aa0a6796a1833aab2 - - 6eb6ce9b6118458484f4d70dda1ea4c6 6eb6ce9b6118458484f4d70dda1ea4c6] 10.0.0.195 "GET /v2.0/networks/09f8e451-ca50-4dbf-b14a-afeb88baeabf?fields=provider%3Aphysical_network&fields=provider%3Anetwork_type HTTP/1.1" status: 200 len: 277 time: 0.0863867
2026-06-23 19:51:27.340 9 INFO neutron.db.ovn_revision_numbers_db [None req-be82ee03-7bd3-4947-a079-19b44e2df86a - - - - - -] Successfully bumped revision number for resource 18951e2f-ede1-47c6-8f7d-d9183a5f0ca0 (type: router_ports) to 4
2026-06-23 19:51:27.494 9 INFO neutron.db.ovn_revision_numbers_db [None req-795fba2b-7bfd-4e92-b3fb-b4f3ec7fd546 - - - - - -] Successfully bumped revision number for resource 48ebb12b-8395-4cb8-934c-2ec83c3dd9be (type: ports) to 2
2026-06-23 19:51:27.534 10 WARNING neutron.plugins.ml2.drivers.ovn.mech_driver.ovsdb.ovn_client [None req-255234ed-5436-4377-84db-ace65d1cfd18 - - - - - -] No hosting information found for port 3ffa23e7-70a0-4066-b952-1567f8960caf: RuntimeError: No hosting information found for port 3ffa23e7-70a0-4066-b952-1567f8960caf
2026-06-23 19:51:27.535 10 INFO neutron.plugins.ml2.drivers.ovn.mech_driver.mech_driver [None req-255234ed-5436-4377-84db-ace65d1cfd18 - - - - - -] OVN reports status up for port: a9a7557f-2f3e-435b-b7d7-a26f4399c468
2026-06-23 19:51:27.554 10 INFO neutron.plugins.ml2.plugin [None req-255234ed-5436-4377-84db-ace65d1cfd18 - - - - - -] Attempt 1 to provision port a9a7557f-2f3e-435b-b7d7-a26f4399c468
2026-06-23 19:51:27.556 10 INFO neutron.wsgi [req-57585f5c-be89-4e64-9c23-1062e7b6b59e req-15b52ee0-b5dd-4ed3-83f7-b6d537d70f3d d5bc9706bc384242a88115606a98c26b 6bcbadcb9cbd463d9d57b9f20161b3c3 - - default default] 10.0.0.195 "GET /v2.0/ports?device_id=7c99dc8f-346f-4aca-9466-dc9cbdeeab1d HTTP/1.1" status: 200 len: 210 time: 0.0189803
2026-06-23 19:51:27.600 9 INFO neutron.wsgi [req-402875e7-9612-4ad1-8f60-f79dedf2b5f7 req-7b2459a5-b388-44e4-a11f-e945b58bfca2 a9c821f1079546f89e3b9070b6da2567 f344339a669f45878ff417eeb2d031c7 - - default default] 199.204.45.3 "GET /v2.0/networks?id=bc3ccf68-c960-4f51-a76e-d489511b0897 HTTP/1.1" status: 200 len: 875 time: 0.2097278
2026-06-23 19:51:27.613 10 INFO neutron.plugins.ml2.db [None req-255234ed-5436-4377-84db-ace65d1cfd18 - - - - - -] No ports have port_id starting with a9a7557f-2f3e-435b-b7d7-a26f4399c468
2026-06-23 19:51:27.651 9 INFO neutron.db.ovn_revision_numbers_db [None req-795fba2b-7bfd-4e92-b3fb-b4f3ec7fd546 - - - - - -] Successfully bumped revision number for resource 48ebb12b-8395-4cb8-934c-2ec83c3dd9be (type: router_ports) to 2
2026-06-23 19:51:27.704 9 INFO neutron.wsgi [req-402875e7-9612-4ad1-8f60-f79dedf2b5f7 req-7db7dc06-48b3-4a41-8cd9-6873ab71dace a9c821f1079546f89e3b9070b6da2567 f344339a669f45878ff417eeb2d031c7 - - default default] 199.204.45.3 "GET /v2.0/security-groups?fields=id&fields=name&tenant_id=f344339a669f45878ff417eeb2d031c7 HTTP/1.1" status: 200 len: 380 time: 0.0820472
2026-06-23 19:51:27.717 9 WARNING neutron_lib.context [req-402875e7-9612-4ad1-8f60-f79dedf2b5f7 req-ba990b4b-78d3-4ca7-9262-1ba85feb119b a9c821f1079546f89e3b9070b6da2567 f344339a669f45878ff417eeb2d031c7 - - default default] Method 'is_advsvc' is deprecated since 2023.2 release (neutron-lib 3.8.0) and will be removed once support for the old RBAC API policies will be removed from Neutron. Please use method 'is_service_role' instead.
2026-06-23 19:51:27.835 9 INFO neutron.wsgi [None req-d23d0fa1-58d3-45ad-b519-814d9ab138e2 6f22c35928494171891429412d0878a7 961d8885eda1406b87c01267346839e8 - - default default] 10.0.0.134 "PUT /v2.0/routers/02421e47-3cbb-4ee6-807a-92512f9273c9/add_router_interface HTTP/1.1" status: 200 len: 503 time: 3.2480342
2026-06-23 19:51:28.148 9 WARNING neutron.scheduler.dhcp_agent_scheduler [req-402875e7-9612-4ad1-8f60-f79dedf2b5f7 req-ba990b4b-78d3-4ca7-9262-1ba85feb119b a9c821f1079546f89e3b9070b6da2567 f344339a669f45878ff417eeb2d031c7 - - default default] No more DHCP agents
2026-06-23 19:51:28.152 9 WARNING neutron.api.rpc.agentnotifiers.dhcp_rpc_agent_api [req-402875e7-9612-4ad1-8f60-f79dedf2b5f7 req-ba990b4b-78d3-4ca7-9262-1ba85feb119b a9c821f1079546f89e3b9070b6da2567 f344339a669f45878ff417eeb2d031c7 - - default default] Unable to schedule network bc3ccf68-c960-4f51-a76e-d489511b0897: no agents available; will retry on subsequent port and subnet creation events.
2026-06-23 19:51:28.322 10 WARNING neutron_lib.context [req-46e7c9a5-43ea-4d2e-ac66-11e69801cd84 req-1045d870-15a1-45d7-9f79-63401931010f 4e23dfdafccd4200bb94a6a7917cb7c3 ebcbd08162e6480b8fad300d1dcc9a9d - - default default] Method 'is_advsvc' is deprecated since 2023.2 release (neutron-lib 3.8.0) and will be removed once support for the old RBAC API policies will be removed from Neutron. Please use method 'is_service_role' instead.
2026-06-23 19:51:28.345 10 INFO neutron.wsgi [req-58903b1a-0d0b-4cde-be49-758787244b62 req-142ba969-a631-4d17-b4d1-c270430dc13e a9c821f1079546f89e3b9070b6da2567 f344339a669f45878ff417eeb2d031c7 - - default default] 10.0.0.195 "GET /v2.0/ports?device_id=7f0425ba-40af-4c41-9192-2d531a74ab95 HTTP/1.1" status: 200 len: 1156 time: 0.0535605 /var/lib/openstack/lib/python3.10/site-packages/pycadf/identifier.py:71: UserWarning: Invalid uuid: neutron. To ensure interoperability, identifiers should be a valid uuid. warnings.warn(('Invalid uuid: %s. To ensure interoperability, '
2026-06-23 19:51:28.428 9 INFO neutron.db.ovn_revision_numbers_db [req-402875e7-9612-4ad1-8f60-f79dedf2b5f7 req-ba990b4b-78d3-4ca7-9262-1ba85feb119b a9c821f1079546f89e3b9070b6da2567 f344339a669f45878ff417eeb2d031c7 - - default default] Successfully bumped revision number for resource c0167044-01e3-4382-b005-5e5109b9cae0 (type: ports) to 1
2026-06-23 19:51:28.464 9 INFO neutron.wsgi [req-402875e7-9612-4ad1-8f60-f79dedf2b5f7 req-ba990b4b-78d3-4ca7-9262-1ba85feb119b a9c821f1079546f89e3b9070b6da2567 f344339a669f45878ff417eeb2d031c7 - - default default] 199.204.45.3 "POST /v2.0/ports HTTP/1.1" status: 201 len: 1158 time: 0.7527845
2026-06-23 19:51:28.475 9 INFO neutron.wsgi [req-402875e7-9612-4ad1-8f60-f79dedf2b5f7 req-25992c5a-3b87-4200-84c4-8daf5b60bd26 a9c821f1079546f89e3b9070b6da2567 f344339a669f45878ff417eeb2d031c7 - - default default] 199.204.45.3 "GET /v2.0/extensions HTTP/1.1" status: 200 len: 16980 time: 0.0059063
2026-06-23 19:51:28.490 9 INFO neutron.wsgi [req-caa6d148-44a9-471a-b973-372684896d58 req-7a182cb6-14d4-4505-8dbb-68a10f5f20f0 d5bc9706bc384242a88115606a98c26b 6bcbadcb9cbd463d9d57b9f20161b3c3 - - default default] 199.204.45.3 "GET /v2.0/networks?id=09f8e451-ca50-4dbf-b14a-afeb88baeabf HTTP/1.1" status: 200 len: 882 time: 0.0788541
2026-06-23 19:51:28.545 9 INFO neutron.wsgi [req-caa6d148-44a9-471a-b973-372684896d58 req-7de7377c-6b6c-4c8c-a3ae-3781c2642d0f d5bc9706bc384242a88115606a98c26b 6bcbadcb9cbd463d9d57b9f20161b3c3 - - default default] 199.204.45.3 "GET /v2.0/security-groups?fields=id&fields=name&tenant_id=6bcbadcb9cbd463d9d57b9f20161b3c3 HTTP/1.1" status: 200 len: 379 time: 0.0474069
2026-06-23 19:51:28.548 10 INFO neutron.wsgi [req-58903b1a-0d0b-4cde-be49-758787244b62 req-689da94e-a4cb-45ed-9bfa-de3b92e41128 a9c821f1079546f89e3b9070b6da2567 f344339a669f45878ff417eeb2d031c7 - - default default] 10.0.0.195 "GET /v2.0/security-groups?id=4e15aa83-1059-4f6f-b64d-88339bbdcc4b&fields=id&fields=name HTTP/1.1" status: 200 len: 313 time: 0.1957862
2026-06-23 19:51:28.560 9 WARNING neutron_lib.context [req-caa6d148-44a9-471a-b973-372684896d58 req-458308f9-b845-4d90-af54-af9a302b3d3d d5bc9706bc384242a88115606a98c26b 6bcbadcb9cbd463d9d57b9f20161b3c3 - - default default] Method 'is_advsvc' is deprecated since 2023.2 release (neutron-lib 3.8.0) and will be removed once support for the old RBAC API policies will be removed from Neutron. Please use method 'is_service_role' instead.
2026-06-23 19:51:28.644 10 INFO neutron.wsgi [req-8d52595b-e8c1-4624-8926-f4a5f43bfc49 req-a5922227-3805-4cd8-b1ce-64955a1bd84a d5bc9706bc384242a88115606a98c26b 6bcbadcb9cbd463d9d57b9f20161b3c3 - - default default] 10.0.0.195 "GET /v2.0/ports?device_id=7c99dc8f-346f-4aca-9466-dc9cbdeeab1d HTTP/1.1" status: 200 len: 210 time: 0.0259821
2026-06-23 19:51:28.650 10 INFO neutron.db.ovn_revision_numbers_db [req-46e7c9a5-43ea-4d2e-ac66-11e69801cd84 req-1045d870-15a1-45d7-9f79-63401931010f 4e23dfdafccd4200bb94a6a7917cb7c3 ebcbd08162e6480b8fad300d1dcc9a9d - - default default] Successfully bumped revision number for resource df5f452b-6b54-4cf3-b0c5-e6741454f0a9 (type: security_groups) to 1
2026-06-23 19:51:28.670 10 INFO neutron.db.ovn_revision_numbers_db [req-46e7c9a5-43ea-4d2e-ac66-11e69801cd84 req-1045d870-15a1-45d7-9f79-63401931010f 4e23dfdafccd4200bb94a6a7917cb7c3 ebcbd08162e6480b8fad300d1dcc9a9d - - default default] Successfully bumped revision number for resource 82c19ef4-698c-422b-9338-e58731a2f0e7 (type: security_group_rules) to 0
2026-06-23 19:51:28.712 10 INFO neutron.db.ovn_revision_numbers_db [req-46e7c9a5-43ea-4d2e-ac66-11e69801cd84 req-1045d870-15a1-45d7-9f79-63401931010f 4e23dfdafccd4200bb94a6a7917cb7c3 ebcbd08162e6480b8fad300d1dcc9a9d - - default default] Successfully bumped revision number for resource ed743323-5d32-486b-98d5-2436802d8a43 (type: security_group_rules) to 0
2026-06-23 19:51:28.736 10 INFO neutron.wsgi [None req-937c67eb-2a5a-4aff-b99f-76e3bb10081d 6f22c35928494171891429412d0878a7 961d8885eda1406b87c01267346839e8 - - default default] 10.0.0.134 "PUT /v2.0/routers/4d78811c-f17d-498c-869f-cc8b351eaa25/remove_router_interface HTTP/1.1" status: 200 len: 503 time: 1.9073474
2026-06-23 19:51:28.743 10 INFO neutron.wsgi [req-46e7c9a5-43ea-4d2e-ac66-11e69801cd84 req-1045d870-15a1-45d7-9f79-63401931010f 4e23dfdafccd4200bb94a6a7917cb7c3 ebcbd08162e6480b8fad300d1dcc9a9d - - default default] 10.0.0.195 "POST /v2.0/security-groups HTTP/1.1" status: 201 len: 1826 time: 0.4300525 /var/lib/openstack/lib/python3.10/site-packages/pycadf/identifier.py:71: UserWarning: Invalid uuid: neutron. To ensure interoperability, identifiers should be a valid uuid. warnings.warn(('Invalid uuid: %s. To ensure interoperability, '
2026-06-23 19:51:28.801 10 INFO neutron.wsgi [req-a40e667a-83b2-4e82-9990-3fe7255b4c9b req-83f4c9f5-5df5-4a17-ae03-7b5007e372a3 4e23dfdafccd4200bb94a6a7917cb7c3 ebcbd08162e6480b8fad300d1dcc9a9d - - default default] 10.0.0.195 "GET /v2.0/security-groups/df5f452b-6b54-4cf3-b0c5-e6741454f0a9 HTTP/1.1" status: 200 len: 1821 time: 0.0350497
2026-06-23 19:51:28.815 10 WARNING neutron_lib.context [req-a40e667a-83b2-4e82-9990-3fe7255b4c9b req-858bdf1b-2715-43a8-85a2-0f2dd3ce4772 4e23dfdafccd4200bb94a6a7917cb7c3 ebcbd08162e6480b8fad300d1dcc9a9d - - default default] Method 'is_advsvc' is deprecated since 2023.2 release (neutron-lib 3.8.0) and will be removed once support for the old RBAC API policies will be removed from Neutron. Please use method 'is_service_role' instead.
2026-06-23 19:51:28.930 10 INFO neutron.db.ovn_revision_numbers_db [req-a40e667a-83b2-4e82-9990-3fe7255b4c9b req-858bdf1b-2715-43a8-85a2-0f2dd3ce4772 4e23dfdafccd4200bb94a6a7917cb7c3 ebcbd08162e6480b8fad300d1dcc9a9d - - default default] Successfully bumped revision number for resource fce7bb6a-aa64-48a3-a0ed-5d91ef04e1a2 (type: security_group_rules) to 0
2026-06-23 19:51:28.954 10 INFO neutron.wsgi [req-a40e667a-83b2-4e82-9990-3fe7255b4c9b req-858bdf1b-2715-43a8-85a2-0f2dd3ce4772 4e23dfdafccd4200bb94a6a7917cb7c3 ebcbd08162e6480b8fad300d1dcc9a9d - - default default] 10.0.0.195 "POST /v2.0/security-group-rules HTTP/1.1" status: 201 len: 786 time: 0.1449685
2026-06-23 19:51:28.990 10 WARNING neutron_lib.context [req-b303e272-4420-4fcb-b8c9-559cf179a110 req-8aeb7861-b64c-4c0b-bf8c-1ea25317a534 4e23dfdafccd4200bb94a6a7917cb7c3 ebcbd08162e6480b8fad300d1dcc9a9d - - default default] Method 'is_advsvc' is deprecated since 2023.2 release (neutron-lib 3.8.0) and will be removed once support for the old RBAC API policies will be removed from Neutron. Please use method 'is_service_role' instead.
2026-06-23 19:51:29.004 9 WARNING neutron.scheduler.dhcp_agent_scheduler [req-caa6d148-44a9-471a-b973-372684896d58 req-458308f9-b845-4d90-af54-af9a302b3d3d d5bc9706bc384242a88115606a98c26b 6bcbadcb9cbd463d9d57b9f20161b3c3 - - default default] No more DHCP agents
2026-06-23 19:51:29.030 9 WARNING neutron.api.rpc.agentnotifiers.dhcp_rpc_agent_api [req-caa6d148-44a9-471a-b973-372684896d58 req-458308f9-b845-4d90-af54-af9a302b3d3d d5bc9706bc384242a88115606a98c26b 6bcbadcb9cbd463d9d57b9f20161b3c3 - - default default] Unable to schedule network 09f8e451-ca50-4dbf-b14a-afeb88baeabf: no agents available; will retry on subsequent port and subnet creation events.
2026-06-23 19:51:29.104 10 INFO neutron.db.ovn_revision_numbers_db [req-b303e272-4420-4fcb-b8c9-559cf179a110 req-8aeb7861-b64c-4c0b-bf8c-1ea25317a534 4e23dfdafccd4200bb94a6a7917cb7c3 ebcbd08162e6480b8fad300d1dcc9a9d - - default default] Successfully bumped revision number for resource 17759ee5-7f88-4602-b101-dba9cc0ea683 (type: security_groups) to 1
2026-06-23 19:51:29.122 10 INFO neutron.db.ovn_revision_numbers_db [req-b303e272-4420-4fcb-b8c9-559cf179a110 req-8aeb7861-b64c-4c0b-bf8c-1ea25317a534 4e23dfdafccd4200bb94a6a7917cb7c3 ebcbd08162e6480b8fad300d1dcc9a9d - - default default] Successfully bumped revision number for resource 172a852d-85fc-43b4-8641-82112b42fb79 (type: security_group_rules) to 0
2026-06-23 19:51:29.138 10 INFO neutron.db.ovn_revision_numbers_db [req-b303e272-4420-4fcb-b8c9-559cf179a110 req-8aeb7861-b64c-4c0b-bf8c-1ea25317a534 4e23dfdafccd4200bb94a6a7917cb7c3 ebcbd08162e6480b8fad300d1dcc9a9d - - default default] Successfully bumped revision number for resource 258e2e57-b4c3-4089-b8e4-044491e42171 (type: security_group_rules) to 0
2026-06-23 19:51:29.156 10 INFO neutron.wsgi [req-b303e272-4420-4fcb-b8c9-559cf179a110 req-8aeb7861-b64c-4c0b-bf8c-1ea25317a534 4e23dfdafccd4200bb94a6a7917cb7c3 ebcbd08162e6480b8fad300d1dcc9a9d - - default default] 10.0.0.195 "POST /v2.0/security-groups HTTP/1.1" status: 201 len: 1825 time: 0.1728537
2026-06-23 19:51:29.210 10 INFO neutron.wsgi [req-a0612a22-6831-4b0a-92c9-64f47f0a9bc1 req-bada080c-821c-4128-b8bb-ed3e92e7de7e 4e23dfdafccd4200bb94a6a7917cb7c3 ebcbd08162e6480b8fad300d1dcc9a9d - - default default] 10.0.0.195 "GET /v2.0/security-groups/17759ee5-7f88-4602-b101-dba9cc0ea683 HTTP/1.1" status: 200 len: 1820 time: 0.0317807
2026-06-23 19:51:29.223 10 WARNING neutron_lib.context [req-a0612a22-6831-4b0a-92c9-64f47f0a9bc1 req-739d5395-4a04-40ae-b0d2-6c8caf762b6d 4e23dfdafccd4200bb94a6a7917cb7c3 ebcbd08162e6480b8fad300d1dcc9a9d - - default default] Method 'is_advsvc' is deprecated since 2023.2 release (neutron-lib 3.8.0) and will be removed once support for the old RBAC API policies will be removed from Neutron. Please use method 'is_service_role' instead.
2026-06-23 19:51:29.284 9 INFO neutron.db.ovn_revision_numbers_db [req-caa6d148-44a9-471a-b973-372684896d58 req-458308f9-b845-4d90-af54-af9a302b3d3d d5bc9706bc384242a88115606a98c26b 6bcbadcb9cbd463d9d57b9f20161b3c3 - - default default] Successfully bumped revision number for resource bc5fdc3f-c300-40d9-af71-373cee1e9b76 (type: ports) to 1
2026-06-23 19:51:29.329 9 INFO neutron.wsgi [req-caa6d148-44a9-471a-b973-372684896d58 req-458308f9-b845-4d90-af54-af9a302b3d3d d5bc9706bc384242a88115606a98c26b 6bcbadcb9cbd463d9d57b9f20161b3c3 - - default default] 199.204.45.3 "POST /v2.0/ports HTTP/1.1" status: 201 len: 1162 time: 0.7778111 /var/lib/openstack/lib/python3.10/site-packages/pycadf/identifier.py:71: UserWarning: Invalid uuid: neutron. To ensure interoperability, identifiers should be a valid uuid. warnings.warn(('Invalid uuid: %s. To ensure interoperability, '
2026-06-23 19:51:29.359 10 INFO neutron.db.ovn_revision_numbers_db [req-a0612a22-6831-4b0a-92c9-64f47f0a9bc1 req-739d5395-4a04-40ae-b0d2-6c8caf762b6d 4e23dfdafccd4200bb94a6a7917cb7c3 ebcbd08162e6480b8fad300d1dcc9a9d - - default default] Successfully bumped revision number for resource 2b8984ac-9fbb-46e7-9e4a-c0c6e087fe20 (type: security_group_rules) to 0
2026-06-23 19:51:29.382 10 INFO neutron.wsgi [req-a0612a22-6831-4b0a-92c9-64f47f0a9bc1 req-739d5395-4a04-40ae-b0d2-6c8caf762b6d 4e23dfdafccd4200bb94a6a7917cb7c3 ebcbd08162e6480b8fad300d1dcc9a9d - - default default] 10.0.0.195 "POST /v2.0/security-group-rules HTTP/1.1" status: 201 len: 786 time: 0.1641383
2026-06-23 19:51:29.438 10 INFO neutron.wsgi [req-7fbbfb26-7fad-408d-8634-0bba8c6b2e0b req-145ebbec-7e0a-45e5-9a13-082239ac1367 4e23dfdafccd4200bb94a6a7917cb7c3 ebcbd08162e6480b8fad300d1dcc9a9d - - default default] 10.0.0.195 "GET /v2.0/security-groups/17759ee5-7f88-4602-b101-dba9cc0ea683 HTTP/1.1" status: 200 len: 2413 time: 0.0329902
2026-06-23 19:51:29.450 10 WARNING neutron_lib.context [req-7fbbfb26-7fad-408d-8634-0bba8c6b2e0b req-39f31272-ae74-41ca-a98a-e5b8d4f485f3 4e23dfdafccd4200bb94a6a7917cb7c3 ebcbd08162e6480b8fad300d1dcc9a9d - - default default] Method 'is_advsvc' is deprecated since 2023.2 release (neutron-lib 3.8.0) and will be removed once support for the old RBAC API policies will be removed from Neutron. Please use method 'is_service_role' instead.
2026-06-23 19:51:29.547 10 INFO neutron.db.ovn_revision_numbers_db [req-7fbbfb26-7fad-408d-8634-0bba8c6b2e0b req-39f31272-ae74-41ca-a98a-e5b8d4f485f3 4e23dfdafccd4200bb94a6a7917cb7c3 ebcbd08162e6480b8fad300d1dcc9a9d - - default default] Successfully bumped revision number for resource 36d840b8-f17f-496f-be59-14f486982720 (type: security_group_rules) to 0
2026-06-23 19:51:29.569 10 INFO neutron.wsgi [req-7fbbfb26-7fad-408d-8634-0bba8c6b2e0b req-39f31272-ae74-41ca-a98a-e5b8d4f485f3 4e23dfdafccd4200bb94a6a7917cb7c3 ebcbd08162e6480b8fad300d1dcc9a9d - - default default] 10.0.0.195 "POST /v2.0/security-group-rules HTTP/1.1" status: 201 len: 791 time: 0.1246202
2026-06-23 19:51:29.636 10 INFO neutron.wsgi [req-77c5864f-17db-49d6-8118-31eba8668e87 req-6ed2c3da-3d16-4978-a12d-ed229344e166 4e23dfdafccd4200bb94a6a7917cb7c3 ebcbd08162e6480b8fad300d1dcc9a9d - - default default] 10.0.0.195 "GET /v2.0/security-groups/17759ee5-7f88-4602-b101-dba9cc0ea683 HTTP/1.1" status: 200 len: 3011 time: 0.0424702
2026-06-23 19:51:29.648 9 INFO neutron.db.ovn_revision_numbers_db [req-402875e7-9612-4ad1-8f60-f79dedf2b5f7 req-655ccf84-939e-4a42-a5d1-55f4bec103b0 39537b15b6f64acc8738842b08f06cb9 e2d8cef52b21446aa0a6796a1833aab2 - - 6eb6ce9b6118458484f4d70dda1ea4c6 6eb6ce9b6118458484f4d70dda1ea4c6] Successfully bumped revision number for resource c0167044-01e3-4382-b005-5e5109b9cae0 (type: ports) to 2
2026-06-23 19:51:29.650 10 INFO neutron.wsgi [req-eaa554d2-892d-4f22-b329-658604998bfd req-264efca4-17d6-4f90-90b5-8284800ebd6a a9c821f1079546f89e3b9070b6da2567 f344339a669f45878ff417eeb2d031c7 - - default default] 10.0.0.195 "GET /v2.0/ports?device_id=7f0425ba-40af-4c41-9192-2d531a74ab95 HTTP/1.1" status: 200 len: 1168 time: 0.0362427
2026-06-23 19:51:29.678 10 INFO neutron.wsgi [req-788f4234-1c98-41b0-b7e4-e3fbca0ec40c req-24be97b9-baa7-4320-b583-0e4ac95bfbc2 4e23dfdafccd4200bb94a6a7917cb7c3 ebcbd08162e6480b8fad300d1dcc9a9d - - default default] 10.0.0.195 "GET /v2.0/security-group-rules/36d840b8-f17f-496f-be59-14f486982720 HTTP/1.1" status: 200 len: 783 time: 0.0207353
2026-06-23 19:51:29.701 10 INFO neutron.wsgi [req-eaa554d2-892d-4f22-b329-658604998bfd req-b8bbc975-eb74-4dda-962c-a11c6c384881 a9c821f1079546f89e3b9070b6da2567 f344339a669f45878ff417eeb2d031c7 - - default default] 10.0.0.195 "GET /v2.0/security-groups?id=4e15aa83-1059-4f6f-b64d-88339bbdcc4b&fields=id&fields=name HTTP/1.1" status: 200 len: 313 time: 0.0396664
2026-06-23 19:51:29.721 10 INFO neutron.wsgi [req-788f4234-1c98-41b0-b7e4-e3fbca0ec40c req-0cfeb812-ad86-459c-822a-2b559caaf0f1 4e23dfdafccd4200bb94a6a7917cb7c3 ebcbd08162e6480b8fad300d1dcc9a9d - - default default] 10.0.0.195 "GET /v2.0/security-groups/17759ee5-7f88-4602-b101-dba9cc0ea683 HTTP/1.1" status: 200 len: 3011 time: 0.0374081
2026-06-23 19:51:29.791 10 INFO neutron.wsgi [req-dc9b4e4f-cd50-4854-896b-5a535174e1ab req-a3c2c6de-ca47-43ab-849e-f2c28abf1931 d5bc9706bc384242a88115606a98c26b 6bcbadcb9cbd463d9d57b9f20161b3c3 - - default default] 10.0.0.195 "GET /v2.0/ports?device_id=7c99dc8f-346f-4aca-9466-dc9cbdeeab1d HTTP/1.1" status: 200 len: 1160 time: 0.0388923
2026-06-23 19:51:29.830 10 INFO neutron.wsgi [req-dc9b4e4f-cd50-4854-896b-5a535174e1ab req-f04f5fb5-1fa1-41a0-a2eb-6ebf16869d6d d5bc9706bc384242a88115606a98c26b 6bcbadcb9cbd463d9d57b9f20161b3c3 - - default default] 10.0.0.195 "GET /v2.0/security-groups?id=52287099-07b8-4fee-8568-d1be4f28ea51&fields=id&fields=name HTTP/1.1" status: 200 len: 312 time: 0.0293226
2026-06-23 19:51:29.872 10 INFO neutron.wsgi [req-788f4234-1c98-41b0-b7e4-e3fbca0ec40c req-110f3c37-e6f1-4e9b-8df6-69b10e546001 4e23dfdafccd4200bb94a6a7917cb7c3 ebcbd08162e6480b8fad300d1dcc9a9d - - default default] 10.0.0.195 "DELETE /v2.0/security-group-rules/36d840b8-f17f-496f-be59-14f486982720 HTTP/1.1" status: 204 len: 173 time: 0.1454983
2026-06-23 19:51:29.929 10 INFO neutron.wsgi [req-c088a674-ddfe-46d9-96cd-19b266166a18 req-e63c663b-6c94-47f5-940b-9fef4cd22063 4e23dfdafccd4200bb94a6a7917cb7c3 ebcbd08162e6480b8fad300d1dcc9a9d - - default default] 10.0.0.195 "GET /v2.0/security-groups/17759ee5-7f88-4602-b101-dba9cc0ea683 HTTP/1.1" status: 200 len: 2413 time: 0.0326946
2026-06-23 19:51:30.044 10 INFO neutron.wsgi [req-c088a674-ddfe-46d9-96cd-19b266166a18 req-8ac7acb7-1edb-48d6-875d-f4d390c41318 4e23dfdafccd4200bb94a6a7917cb7c3 ebcbd08162e6480b8fad300d1dcc9a9d - - default default] 10.0.0.195 "DELETE /v2.0/security-groups/17759ee5-7f88-4602-b101-dba9cc0ea683 HTTP/1.1" status: 204 len: 173 time: 0.1075189
2026-06-23 19:51:30.102 10 INFO neutron.wsgi [req-7c7c2887-b825-4546-973d-22a2eb6bf78d req-1fad1080-ead6-483f-8860-22869b1c6470 4e23dfdafccd4200bb94a6a7917cb7c3 ebcbd08162e6480b8fad300d1dcc9a9d - - default default] 10.0.0.195 "GET /v2.0/security-groups/df5f452b-6b54-4cf3-b0c5-e6741454f0a9 HTTP/1.1" status: 200 len: 2414 time: 0.0362663
2026-06-23 19:51:30.113 9 INFO neutron.db.ovn_revision_numbers_db [req-402875e7-9612-4ad1-8f60-f79dedf2b5f7 req-655ccf84-939e-4a42-a5d1-55f4bec103b0 39537b15b6f64acc8738842b08f06cb9 e2d8cef52b21446aa0a6796a1833aab2 - - 6eb6ce9b6118458484f4d70dda1ea4c6 6eb6ce9b6118458484f4d70dda1ea4c6] Successfully bumped revision number for resource c0167044-01e3-4382-b005-5e5109b9cae0 (type: ports) to 2
2026-06-23 19:51:30.248 10 INFO neutron.wsgi [req-7c7c2887-b825-4546-973d-22a2eb6bf78d req-30d99800-1fa9-42a5-b63a-0ed7fc2cbd12 4e23dfdafccd4200bb94a6a7917cb7c3 ebcbd08162e6480b8fad300d1dcc9a9d - - default default] 10.0.0.195 "DELETE /v2.0/security-groups/df5f452b-6b54-4cf3-b0c5-e6741454f0a9 HTTP/1.1" status: 204 len: 173 time: 0.1351430
2026-06-23 19:51:30.303 9 INFO neutron.wsgi [req-402875e7-9612-4ad1-8f60-f79dedf2b5f7 req-655ccf84-939e-4a42-a5d1-55f4bec103b0 39537b15b6f64acc8738842b08f06cb9 e2d8cef52b21446aa0a6796a1833aab2 - - 6eb6ce9b6118458484f4d70dda1ea4c6 6eb6ce9b6118458484f4d70dda1ea4c6] 199.204.45.3 "PUT /v2.0/ports/c0167044-01e3-4382-b005-5e5109b9cae0 HTTP/1.1" status: 200 len: 1376 time: 1.5182056
2026-06-23 19:51:30.303 9 INFO neutron.db.ovn_revision_numbers_db [req-caa6d148-44a9-471a-b973-372684896d58 req-7986cce0-d3e3-418a-8932-912099eb24b5 39537b15b6f64acc8738842b08f06cb9 e2d8cef52b21446aa0a6796a1833aab2 - - 6eb6ce9b6118458484f4d70dda1ea4c6 6eb6ce9b6118458484f4d70dda1ea4c6] Successfully bumped revision number for resource bc5fdc3f-c300-40d9-af71-373cee1e9b76 (type: ports) to 2
2026-06-23 19:51:30.359 9 INFO neutron.wsgi [None req-3d137896-b50a-4799-85a1-fca39cf7ade7 6f22c35928494171891429412d0878a7 961d8885eda1406b87c01267346839e8 - - default default] 10.0.0.134 "DELETE /v2.0/routers/4d78811c-f17d-498c-869f-cc8b351eaa25 HTTP/1.1" status: 204 len: 168 time: 1.6200273 /var/lib/openstack/lib/python3.10/site-packages/pycadf/identifier.py:71: UserWarning: Invalid uuid: neutron. To ensure interoperability, identifiers should be a valid uuid. warnings.warn(('Invalid uuid: %s. To ensure interoperability, '
2026-06-23 19:51:30.443 9 INFO neutron.wsgi [req-402875e7-9612-4ad1-8f60-f79dedf2b5f7 req-e146f2ec-5b9c-4ef6-9a71-2b23affb587a 39537b15b6f64acc8738842b08f06cb9 e2d8cef52b21446aa0a6796a1833aab2 - - 6eb6ce9b6118458484f4d70dda1ea4c6 6eb6ce9b6118458484f4d70dda1ea4c6] 199.204.45.3 "GET /v2.0/ports?tenant_id=f344339a669f45878ff417eeb2d031c7&device_id=7f0425ba-40af-4c41-9192-2d531a74ab95 HTTP/1.1" status: 200 len: 1407 time: 0.0663888
2026-06-23 19:51:30.456 10 INFO neutron.wsgi [-] 10.0.0.202 "GET / HTTP/1.1" status: 200 len: 247 time: 0.0017664
2026-06-23 19:51:30.458 10 INFO neutron.wsgi [-] 10.0.0.202 "GET / HTTP/1.1" status: 200 len: 247 time: 0.0012553
2026-06-23 19:51:30.495 9 INFO neutron.wsgi [req-402875e7-9612-4ad1-8f60-f79dedf2b5f7 req-1ee1a0b5-cfe5-49b3-ba0c-38d2c4564e8b 39537b15b6f64acc8738842b08f06cb9 e2d8cef52b21446aa0a6796a1833aab2 - - 6eb6ce9b6118458484f4d70dda1ea4c6 6eb6ce9b6118458484f4d70dda1ea4c6] 199.204.45.3 "GET /v2.0/floatingips?fixed_ip_address=10.100.0.6&port_id=c0167044-01e3-4382-b005-5e5109b9cae0 HTTP/1.1" status: 200 len: 217 time: 0.0430396
2026-06-23 19:51:30.576 9 INFO neutron.wsgi [req-402875e7-9612-4ad1-8f60-f79dedf2b5f7 req-71590f75-a1c8-439e-954c-64a998cd7a04 39537b15b6f64acc8738842b08f06cb9 e2d8cef52b21446aa0a6796a1833aab2 - - 6eb6ce9b6118458484f4d70dda1ea4c6 6eb6ce9b6118458484f4d70dda1ea4c6] 199.204.45.3 "GET /v2.0/subnets?id=5c3c9311-5096-454e-add1-5844db93552f HTTP/1.1" status: 200 len: 869 time: 0.0697095
