2026-06-23 19:53:06.559 10 WARNING neutron.scheduler.dhcp_agent_scheduler [None req-c184a269-6ceb-40d1-bfd1-5a8bd21d347f eb719f18e46b49fc9d5db82bfbe2323f e5607060da334c6a8716338f586b401d - - default default] No more DHCP agents
2026-06-23 19:53:06.561 10 WARNING neutron.api.rpc.agentnotifiers.dhcp_rpc_agent_api [None req-c184a269-6ceb-40d1-bfd1-5a8bd21d347f eb719f18e46b49fc9d5db82bfbe2323f e5607060da334c6a8716338f586b401d - - default default] Unable to schedule network 8905a400-f998-4f2c-99ea-19a49859df08: no agents available; will retry on subsequent port and subnet creation events.
2026-06-23 19:53:06.699 10 INFO neutron.db.ovn_revision_numbers_db [None req-c184a269-6ceb-40d1-bfd1-5a8bd21d347f eb719f18e46b49fc9d5db82bfbe2323f e5607060da334c6a8716338f586b401d - - default default] Successfully bumped revision number for resource 97b6e36b-4d5d-4e1d-a22c-886e93777233 (type: router_ports) to 3
2026-06-23 19:53:06.701 10 INFO neutron.wsgi [None req-c184a269-6ceb-40d1-bfd1-5a8bd21d347f eb719f18e46b49fc9d5db82bfbe2323f e5607060da334c6a8716338f586b401d - - default default] 10.0.0.134 "PUT /v2.0/routers/7f880de8-ed8c-4d81-93d9-c20e632e3e62/add_router_interface HTTP/1.1" status: 200 len: 503 time: 1.8716140
2026-06-23 19:53:06.757 10 INFO neutron.wsgi [None req-2749d2d9-858a-488b-a5ed-1ed558254e9d 6f22c35928494171891429412d0878a7 961d8885eda1406b87c01267346839e8 - - default default] 10.0.0.134 "DELETE /v2.0/security-groups/37300cb3-c82f-4511-9b16-c1e03d57dfd4 HTTP/1.1" status: 204 len: 168 time: 0.2677217
2026-06-23 19:53:06.802 10 INFO neutron.wsgi [None req-2d3e507e-f214-4636-a570-08377511fc67 eb719f18e46b49fc9d5db82bfbe2323f e5607060da334c6a8716338f586b401d - - default default] 10.0.0.134 "GET /v2.0/ports/97b6e36b-4d5d-4e1d-a22c-886e93777233 HTTP/1.1" status: 200 len: 1220 time: 0.0941086
2026-06-23 19:53:07.054 9 INFO neutron.db.ovn_revision_numbers_db [None req-006bfab7-0191-4229-9ce7-d4cfba31f13f 8a5690b06ccc44d8b6b06d9898f63cc7 0c0eaa24cf93400bacd6742dedfae781 - - default default] Successfully bumped revision number for resource a86cd8ca-b46e-4739-a66f-d524a889da69 (type: router_ports) to 1
2026-06-23 19:53:07.057 10 INFO neutron.db.ovn_revision_numbers_db [None req-a007bfcd-ce1b-4fa7-903f-d16bf2fce643 6f22c35928494171891429412d0878a7 961d8885eda1406b87c01267346839e8 - - default default] Successfully bumped revision number for resource afcab99a-604d-4b92-8437-e2051df7c29e (type: security_groups) to 1
2026-06-23 19:53:07.070 10 INFO neutron.db.ovn_revision_numbers_db [None req-a007bfcd-ce1b-4fa7-903f-d16bf2fce643 6f22c35928494171891429412d0878a7 961d8885eda1406b87c01267346839e8 - - default default] Successfully bumped revision number for resource 3b007dfe-79ec-4e5e-b62b-4a50338d2721 (type: security_group_rules) to 0
2026-06-23 19:53:07.096 10 INFO neutron.db.ovn_revision_numbers_db [None req-a007bfcd-ce1b-4fa7-903f-d16bf2fce643 6f22c35928494171891429412d0878a7 961d8885eda1406b87c01267346839e8 - - default default] Successfully bumped revision number for resource 739438aa-880b-439b-bf10-40420e3caef6 (type: security_group_rules) to 0
2026-06-23 19:53:07.117 10 INFO neutron.db.ovn_revision_numbers_db [None req-a007bfcd-ce1b-4fa7-903f-d16bf2fce643 6f22c35928494171891429412d0878a7 961d8885eda1406b87c01267346839e8 - - default default] Successfully bumped revision number for resource 8d8505c2-bcd9-4472-849b-fabcb9a665ea (type: security_group_rules) to 0
2026-06-23 19:53:07.146 10 INFO neutron.db.ovn_revision_numbers_db [None req-a007bfcd-ce1b-4fa7-903f-d16bf2fce643 6f22c35928494171891429412d0878a7 961d8885eda1406b87c01267346839e8 - - default default] Successfully bumped revision number for resource b81c36fd-2201-4642-84a1-fca5286a817a (type: security_group_rules) to 0
2026-06-23 19:53:07.169 10 INFO neutron.wsgi [None req-a007bfcd-ce1b-4fa7-903f-d16bf2fce643 6f22c35928494171891429412d0878a7 961d8885eda1406b87c01267346839e8 - - default default] 10.0.0.134 "GET /v2.0/security-groups?tenant_id=25c2bc22c3494465a395bb7ebca0cba0&name=default HTTP/1.1" status: 200 len: 2996 time: 0.3246088
2026-06-23 19:53:07.230 9 INFO neutron.db.ovn_revision_numbers_db [None req-006bfab7-0191-4229-9ce7-d4cfba31f13f 8a5690b06ccc44d8b6b06d9898f63cc7 0c0eaa24cf93400bacd6742dedfae781 - - default default] Successfully bumped revision number for resource a86cd8ca-b46e-4739-a66f-d524a889da69 (type: ports) to 1
2026-06-23 19:53:07.309 9 WARNING neutron.scheduler.dhcp_agent_scheduler [None req-006bfab7-0191-4229-9ce7-d4cfba31f13f 8a5690b06ccc44d8b6b06d9898f63cc7 0c0eaa24cf93400bacd6742dedfae781 - - default default] No more DHCP agents
2026-06-23 19:53:07.311 9 WARNING neutron.api.rpc.agentnotifiers.dhcp_rpc_agent_api [None req-006bfab7-0191-4229-9ce7-d4cfba31f13f 8a5690b06ccc44d8b6b06d9898f63cc7 0c0eaa24cf93400bacd6742dedfae781 - - default default] Unable to schedule network 76272559-3f3b-4b2f-8788-32f68a5bd024: no agents available; will retry on subsequent port and subnet creation events.
2026-06-23 19:53:07.426 9 INFO neutron.wsgi [None req-58f6fa45-4e18-4378-bbf4-ed1bfa1ae35e 6f22c35928494171891429412d0878a7 961d8885eda1406b87c01267346839e8 - - default default] 10.0.0.134 "DELETE /v2.0/security-groups/afcab99a-604d-4b92-8437-e2051df7c29e HTTP/1.1" status: 204 len: 168 time: 0.2513132
2026-06-23 19:53:07.627 9 INFO neutron.db.ovn_revision_numbers_db [None req-006bfab7-0191-4229-9ce7-d4cfba31f13f 8a5690b06ccc44d8b6b06d9898f63cc7 0c0eaa24cf93400bacd6742dedfae781 - - default default] Successfully bumped revision number for resource a86cd8ca-b46e-4739-a66f-d524a889da69 (type: router_ports) to 1
2026-06-23 19:53:07.632 9 INFO neutron.wsgi [None req-006bfab7-0191-4229-9ce7-d4cfba31f13f 8a5690b06ccc44d8b6b06d9898f63cc7 0c0eaa24cf93400bacd6742dedfae781 - - default default] 10.0.0.134 "PUT /v2.0/routers/984b0194-0cbb-4736-9457-d49f8df45537/add_router_interface HTTP/1.1" status: 200 len: 503 time: 2.0211730
2026-06-23 19:53:07.644 9 WARNING neutron_lib.context [None req-f5a67fbb-ddd3-4d46-a9a7-be822fc2e439 8a5690b06ccc44d8b6b06d9898f63cc7 0c0eaa24cf93400bacd6742dedfae781 - - default default] Method 'is_advsvc' is deprecated since 2023.2 release (neutron-lib 3.8.0) and will be removed once support for the old RBAC API policies will be removed from Neutron. Please use method 'is_service_role' instead.
2026-06-23 19:53:07.654 10 INFO neutron.wsgi [None req-45598cea-6396-4cb5-9acd-512d02c9fbbd eb719f18e46b49fc9d5db82bfbe2323f e5607060da334c6a8716338f586b401d - - default default] 10.0.0.134 "PUT /v2.0/routers/7f880de8-ed8c-4d81-93d9-c20e632e3e62/remove_router_interface HTTP/1.1" status: 200 len: 503 time: 0.8483183 /var/lib/openstack/lib/python3.10/site-packages/pycadf/identifier.py:71: UserWarning: Invalid uuid: neutron. To ensure interoperability, identifiers should be a valid uuid. warnings.warn(('Invalid uuid: %s. To ensure interoperability, '
2026-06-23 19:53:07.735 10 INFO neutron.api.v2.resource [None req-07be434f-3ea7-48a0-b3e9-8a3fa22dcb3f eb719f18e46b49fc9d5db82bfbe2323f e5607060da334c6a8716338f586b401d - - default default] remove_router_interface failed (client error): The resource could not be found.
2026-06-23 19:53:07.736 10 INFO neutron.wsgi [None req-07be434f-3ea7-48a0-b3e9-8a3fa22dcb3f eb719f18e46b49fc9d5db82bfbe2323f e5607060da334c6a8716338f586b401d - - default default] 10.0.0.134 "PUT /v2.0/routers/7f880de8-ed8c-4d81-93d9-c20e632e3e62/remove_router_interface HTTP/1.1" status: 404 len: 398 time: 0.0765486
2026-06-23 19:53:07.765 10 INFO neutron.wsgi [None req-88a08d2c-535d-4e4b-8e7c-b18f820fc8eb eb719f18e46b49fc9d5db82bfbe2323f e5607060da334c6a8716338f586b401d - - default default] 10.0.0.134 "GET /v2.0/ports?device_id=7f880de8-ed8c-4d81-93d9-c20e632e3e62 HTTP/1.1" status: 200 len: 205 time: 0.0224566
2026-06-23 19:53:07.792 9 INFO neutron.db.ovn_revision_numbers_db [None req-5fd9de09-48fe-43c5-9017-cb02de988498 6f22c35928494171891429412d0878a7 961d8885eda1406b87c01267346839e8 - - default default] Successfully bumped revision number for resource 9a02f3d6-44ad-4449-a97c-20484109d8d7 (type: security_groups) to 1
2026-06-23 19:53:07.813 9 INFO neutron.db.ovn_revision_numbers_db [None req-5fd9de09-48fe-43c5-9017-cb02de988498 6f22c35928494171891429412d0878a7 961d8885eda1406b87c01267346839e8 - - default default] Successfully bumped revision number for resource 13e2e91e-91fa-4d4b-b873-885a9f0bfd81 (type: security_group_rules) to 0
2026-06-23 19:53:07.832 9 INFO neutron.db.ovn_revision_numbers_db [None req-5fd9de09-48fe-43c5-9017-cb02de988498 6f22c35928494171891429412d0878a7 961d8885eda1406b87c01267346839e8 - - default default] Successfully bumped revision number for resource 87ed5dd1-e36f-43a7-8d3c-d7ab5f077df2 (type: security_group_rules) to 0
2026-06-23 19:53:07.852 9 INFO neutron.db.ovn_revision_numbers_db [None req-5fd9de09-48fe-43c5-9017-cb02de988498 6f22c35928494171891429412d0878a7 961d8885eda1406b87c01267346839e8 - - default default] Successfully bumped revision number for resource 9833699d-149c-4386-a882-004cbc93ee82 (type: security_group_rules) to 0
2026-06-23 19:53:07.872 9 INFO neutron.db.ovn_revision_numbers_db [None req-5fd9de09-48fe-43c5-9017-cb02de988498 6f22c35928494171891429412d0878a7 961d8885eda1406b87c01267346839e8 - - default default] Successfully bumped revision number for resource f6548ec9-2ce6-408a-8c10-f38ffc613a1f (type: security_group_rules) to 0
2026-06-23 19:53:07.888 9 WARNING neutron_lib.context [None req-93796230-132f-4679-ae8b-80eb2e76f40d ee90bc982e0c4cd89791336f92b626ea c6c9b7659bb34273a10dfce3bc1fad8e - - default default] Method 'is_advsvc' is deprecated since 2023.2 release (neutron-lib 3.8.0) and will be removed once support for the old RBAC API policies will be removed from Neutron. Please use method 'is_service_role' instead.
2026-06-23 19:53:07.888 9 WARNING neutron_lib.context [None req-93796230-132f-4679-ae8b-80eb2e76f40d ee90bc982e0c4cd89791336f92b626ea c6c9b7659bb34273a10dfce3bc1fad8e - - default default] Method 'is_advsvc' is deprecated since 2023.2 release (neutron-lib 3.8.0) and will be removed once support for the old RBAC API policies will be removed from Neutron. Please use method 'is_service_role' instead.
2026-06-23 19:53:07.925 9 INFO neutron.wsgi [None req-5fd9de09-48fe-43c5-9017-cb02de988498 6f22c35928494171891429412d0878a7 961d8885eda1406b87c01267346839e8 - - default default] 10.0.0.134 "GET /v2.0/security-groups?tenant_id=979fddd2a0da4513820bdf36cf8b38a1&name=default HTTP/1.1" status: 200 len: 2996 time: 0.3174748
2026-06-23 19:53:08.031 10 INFO neutron.wsgi [None req-f147e741-48a3-496a-b847-6dfac696b572 eb719f18e46b49fc9d5db82bfbe2323f e5607060da334c6a8716338f586b401d - - default default] 10.0.0.134 "DELETE /v2.0/routers/7f880de8-ed8c-4d81-93d9-c20e632e3e62 HTTP/1.1" status: 204 len: 168 time: 0.2612815
2026-06-23 19:53:08.091 9 WARNING neutron.scheduler.dhcp_agent_scheduler [None req-f5a67fbb-ddd3-4d46-a9a7-be822fc2e439 8a5690b06ccc44d8b6b06d9898f63cc7 0c0eaa24cf93400bacd6742dedfae781 - - default default] No more DHCP agents
2026-06-23 19:53:08.099 9 WARNING neutron.api.rpc.agentnotifiers.dhcp_rpc_agent_api [None req-f5a67fbb-ddd3-4d46-a9a7-be822fc2e439 8a5690b06ccc44d8b6b06d9898f63cc7 0c0eaa24cf93400bacd6742dedfae781 - - default default] Unable to schedule network 76272559-3f3b-4b2f-8788-32f68a5bd024: no agents available; will retry on subsequent port and subnet creation events.
2026-06-23 19:53:08.177 9 INFO neutron.db.ovn_revision_numbers_db [None req-93796230-132f-4679-ae8b-80eb2e76f40d ee90bc982e0c4cd89791336f92b626ea c6c9b7659bb34273a10dfce3bc1fad8e - - default default] Successfully bumped revision number for resource f2f999c5-333e-43fa-adc5-b33836d17b11 (type: security_groups) to 1
2026-06-23 19:53:08.202 9 INFO neutron.db.ovn_revision_numbers_db [None req-93796230-132f-4679-ae8b-80eb2e76f40d ee90bc982e0c4cd89791336f92b626ea c6c9b7659bb34273a10dfce3bc1fad8e - - default default] Successfully bumped revision number for resource 77c69e73-0921-4d28-988d-8b41b523cad1 (type: security_group_rules) to 0
2026-06-23 19:53:08.237 10 INFO neutron.wsgi [None req-6fd70499-dbe9-4780-af4a-ae3b7301daec eb719f18e46b49fc9d5db82bfbe2323f e5607060da334c6a8716338f586b401d - - default default] 10.0.0.134 "DELETE /v2.0/subnets/28d90500-357c-42e2-8d7d-161d811fe755 HTTP/1.1" status: 204 len: 168 time: 0.2007291
2026-06-23 19:53:08.237 9 INFO neutron.db.ovn_revision_numbers_db [None req-93796230-132f-4679-ae8b-80eb2e76f40d ee90bc982e0c4cd89791336f92b626ea c6c9b7659bb34273a10dfce3bc1fad8e - - default default] Successfully bumped revision number for resource abd19ccb-bae1-41c2-b93b-5238147ffefb (type: security_group_rules) to 0
2026-06-23 19:53:08.262 9 INFO neutron.db.ovn_revision_numbers_db [None req-93796230-132f-4679-ae8b-80eb2e76f40d ee90bc982e0c4cd89791336f92b626ea c6c9b7659bb34273a10dfce3bc1fad8e - - default default] Successfully bumped revision number for resource b6c287fc-6583-4527-aac9-cb726872df47 (type: security_group_rules) to 0
2026-06-23 19:53:08.289 9 INFO neutron.db.ovn_revision_numbers_db [None req-93796230-132f-4679-ae8b-80eb2e76f40d ee90bc982e0c4cd89791336f92b626ea c6c9b7659bb34273a10dfce3bc1fad8e - - default default] Successfully bumped revision number for resource fdc8e556-7cce-4ea7-848e-9db8e9eb066c (type: security_group_rules) to 0
2026-06-23 19:53:08.324 9 INFO neutron.db.ovn_revision_numbers_db [None req-f5a67fbb-ddd3-4d46-a9a7-be822fc2e439 8a5690b06ccc44d8b6b06d9898f63cc7 0c0eaa24cf93400bacd6742dedfae781 - - default default] Successfully bumped revision number for resource ab3eb22e-31ca-415a-a940-832b71750fed (type: ports) to 1
2026-06-23 19:53:08.329 9 INFO neutron.wsgi [None req-956d0f88-b6cb-4031-bb96-7bb24d9df23f 6f22c35928494171891429412d0878a7 961d8885eda1406b87c01267346839e8 - - default default] 10.0.0.134 "DELETE /v2.0/security-groups/9a02f3d6-44ad-4449-a97c-20484109d8d7 HTTP/1.1" status: 204 len: 168 time: 0.3941410
2026-06-23 19:53:08.346 9 INFO neutron.wsgi [None req-f5a67fbb-ddd3-4d46-a9a7-be822fc2e439 8a5690b06ccc44d8b6b06d9898f63cc7 0c0eaa24cf93400bacd6742dedfae781 - - default default] 10.0.0.134 "POST /v2.0/ports HTTP/1.1" status: 201 len: 1153 time: 0.7073193 /var/lib/openstack/lib/python3.10/site-packages/pycadf/identifier.py:71: UserWarning: Invalid uuid: neutron. To ensure interoperability, identifiers should be a valid uuid. warnings.warn(('Invalid uuid: %s. To ensure interoperability, '
2026-06-23 19:53:08.356 9 WARNING neutron_lib.context [None req-f57f52c5-65fe-47cf-ac38-0fe862cf4357 8a5690b06ccc44d8b6b06d9898f63cc7 0c0eaa24cf93400bacd6742dedfae781 - - default default] Method 'is_advsvc' is deprecated since 2023.2 release (neutron-lib 3.8.0) and will be removed once support for the old RBAC API policies will be removed from Neutron. Please use method 'is_service_role' instead.
2026-06-23 19:53:08.361 9 INFO neutron.db.segments_db [None req-93796230-132f-4679-ae8b-80eb2e76f40d ee90bc982e0c4cd89791336f92b626ea c6c9b7659bb34273a10dfce3bc1fad8e - - default default] Added segment 3475c424-e373-4e5d-bcd1-5af2d0b1a5a0 of type geneve for network d1a3ef72-1919-417e-941f-95d1050bd6e5
2026-06-23 19:53:08.502 9 INFO neutron.db.segments_db [None req-93796230-132f-4679-ae8b-80eb2e76f40d ee90bc982e0c4cd89791336f92b626ea c6c9b7659bb34273a10dfce3bc1fad8e - - default default] Added segment 7ff4b4ea-a904-4c84-8afe-8f254a06e5c5 of type geneve for network 7bfdb966-2cc8-49f3-89cb-5482b4d47f86
2026-06-23 19:53:08.591 10 INFO neutron.services.segments.plugin [-] Segment 7de320c5-6be9-4ae1-919c-2f70af5fb798 resource provider aggregate not found
2026-06-23 19:53:08.598 10 INFO neutron.services.segments.plugin [-] Segment 7de320c5-6be9-4ae1-919c-2f70af5fb798 resource provider aggregate not found
2026-06-23 19:53:08.614 10 INFO neutron.services.segments.plugin [-] Segment 7de320c5-6be9-4ae1-919c-2f70af5fb798 resource provider not found; error: Placement Client Error (4xx): {"errors": [{"status": 404, "title": "Not Found", "detail": "The resource could not be found.\n\n No resource provider with uuid 7de320c5-6be9-4ae1-919c-2f70af5fb798 found for delete ", "request_id": "req-2e2c3a0e-7bac-4982-9608-72bbde367c09"}]}
2026-06-23 19:53:08.624 10 INFO neutron.services.segments.plugin [-] Segment 7de320c5-6be9-4ae1-919c-2f70af5fb798 resource provider not found; error: Placement Client Error (4xx): {"errors": [{"status": 404, "title": "Not Found", "detail": "The resource could not be found.\n\n No resource provider with uuid 7de320c5-6be9-4ae1-919c-2f70af5fb798 found for delete ", "request_id": "req-f2f1fa38-80fc-4b83-941d-e4dcbd4a8895"}]}
2026-06-23 19:53:08.654 10 INFO neutron.wsgi [None req-47330eaa-0608-41bd-9078-872c26f2bfb0 eb719f18e46b49fc9d5db82bfbe2323f e5607060da334c6a8716338f586b401d - - default default] 10.0.0.134 "DELETE /v2.0/networks/8905a400-f998-4f2c-99ea-19a49859df08 HTTP/1.1" status: 204 len: 168 time: 0.4102790
2026-06-23 19:53:08.675 9 WARNING neutron_lib.context [None req-d6292fd9-a770-4939-b713-2c0400394df5 eb719f18e46b49fc9d5db82bfbe2323f e5607060da334c6a8716338f586b401d - - default default] Method 'is_advsvc' is deprecated since 2023.2 release (neutron-lib 3.8.0) and will be removed once support for the old RBAC API policies will be removed from Neutron. Please use method 'is_service_role' instead.
2026-06-23 19:53:08.709 9 INFO neutron.db.ovn_revision_numbers_db [None req-93796230-132f-4679-ae8b-80eb2e76f40d ee90bc982e0c4cd89791336f92b626ea c6c9b7659bb34273a10dfce3bc1fad8e - - default default] Successfully bumped revision number for resource d1a3ef72-1919-417e-941f-95d1050bd6e5 (type: networks) to 1
2026-06-23 19:53:08.834 9 INFO neutron.db.segments_db [None req-d6292fd9-a770-4939-b713-2c0400394df5 eb719f18e46b49fc9d5db82bfbe2323f e5607060da334c6a8716338f586b401d - - default default] Added segment f6368918-184e-4760-afd2-aacb24384790 of type geneve for network 1b24a6ab-fb9f-4a2a-8fe1-a87b4f3456b1
2026-06-23 19:53:08.848 9 WARNING neutron.scheduler.dhcp_agent_scheduler [None req-f57f52c5-65fe-47cf-ac38-0fe862cf4357 8a5690b06ccc44d8b6b06d9898f63cc7 0c0eaa24cf93400bacd6742dedfae781 - - default default] No more DHCP agents
2026-06-23 19:53:08.863 9 WARNING neutron.api.rpc.agentnotifiers.dhcp_rpc_agent_api [None req-f57f52c5-65fe-47cf-ac38-0fe862cf4357 8a5690b06ccc44d8b6b06d9898f63cc7 0c0eaa24cf93400bacd6742dedfae781 - - default default] Unable to schedule network 76272559-3f3b-4b2f-8788-32f68a5bd024: no agents available; will retry on subsequent port and subnet creation events.
2026-06-23 19:53:09.028 9 WARNING neutron.scheduler.dhcp_agent_scheduler [None req-93796230-132f-4679-ae8b-80eb2e76f40d ee90bc982e0c4cd89791336f92b626ea c6c9b7659bb34273a10dfce3bc1fad8e - - default default] No more DHCP agents
2026-06-23 19:53:09.033 9 WARNING neutron.api.rpc.agentnotifiers.dhcp_rpc_agent_api [None req-93796230-132f-4679-ae8b-80eb2e76f40d ee90bc982e0c4cd89791336f92b626ea c6c9b7659bb34273a10dfce3bc1fad8e - - default default] Unable to schedule network d1a3ef72-1919-417e-941f-95d1050bd6e5: no agents available; will retry on subsequent port and subnet creation events.
2026-06-23 19:53:09.081 9 INFO neutron.db.ovn_revision_numbers_db [None req-d6292fd9-a770-4939-b713-2c0400394df5 eb719f18e46b49fc9d5db82bfbe2323f e5607060da334c6a8716338f586b401d - - default default] Successfully bumped revision number for resource 1b24a6ab-fb9f-4a2a-8fe1-a87b4f3456b1 (type: networks) to 1
2026-06-23 19:53:09.215 9 INFO neutron.db.ovn_revision_numbers_db [None req-93796230-132f-4679-ae8b-80eb2e76f40d ee90bc982e0c4cd89791336f92b626ea c6c9b7659bb34273a10dfce3bc1fad8e - - default default] Successfully bumped revision number for resource 9bb8e0b9-260e-4637-a055-ceba6dbeae36 (type: ports) to 1
2026-06-23 19:53:09.222 9 INFO neutron.db.ovn_revision_numbers_db [None req-f57f52c5-65fe-47cf-ac38-0fe862cf4357 8a5690b06ccc44d8b6b06d9898f63cc7 0c0eaa24cf93400bacd6742dedfae781 - - default default] Successfully bumped revision number for resource 294c2ad8-e908-406f-9ae8-5409aac7aff9 (type: ports) to 1
2026-06-23 19:53:09.290 9 INFO neutron.wsgi [None req-f57f52c5-65fe-47cf-ac38-0fe862cf4357 8a5690b06ccc44d8b6b06d9898f63cc7 0c0eaa24cf93400bacd6742dedfae781 - - default default] 10.0.0.134 "POST /v2.0/ports HTTP/1.1" status: 201 len: 1154 time: 0.9387469
2026-06-23 19:53:09.305 10 WARNING neutron_lib.context [None req-6cacd8ec-95f7-4348-ae76-8a702cb50bcd 8a5690b06ccc44d8b6b06d9898f63cc7 0c0eaa24cf93400bacd6742dedfae781 - - default default] Method 'is_advsvc' is deprecated since 2023.2 release (neutron-lib 3.8.0) and will be removed once support for the old RBAC API policies will be removed from Neutron. Please use method 'is_service_role' instead.
2026-06-23 19:53:09.334 9 INFO neutron.db.ovn_revision_numbers_db [None req-93796230-132f-4679-ae8b-80eb2e76f40d ee90bc982e0c4cd89791336f92b626ea c6c9b7659bb34273a10dfce3bc1fad8e - - default default] Successfully bumped revision number for resource 7bfdb966-2cc8-49f3-89cb-5482b4d47f86 (type: networks) to 1
2026-06-23 19:53:09.363 9 WARNING neutron.scheduler.dhcp_agent_scheduler [None req-d6292fd9-a770-4939-b713-2c0400394df5 eb719f18e46b49fc9d5db82bfbe2323f e5607060da334c6a8716338f586b401d - - default default] No more DHCP agents
2026-06-23 19:53:09.365 9 WARNING neutron.api.rpc.agentnotifiers.dhcp_rpc_agent_api [None req-d6292fd9-a770-4939-b713-2c0400394df5 eb719f18e46b49fc9d5db82bfbe2323f e5607060da334c6a8716338f586b401d - - default default] Unable to schedule network 1b24a6ab-fb9f-4a2a-8fe1-a87b4f3456b1: no agents available; will retry on subsequent port and subnet creation events.
2026-06-23 19:53:09.491 9 INFO neutron.db.ovn_revision_numbers_db [None req-d6292fd9-a770-4939-b713-2c0400394df5 eb719f18e46b49fc9d5db82bfbe2323f e5607060da334c6a8716338f586b401d - - default default] Successfully bumped revision number for resource dc0419b1-4205-4c65-93cd-4bce8bb6290d (type: ports) to 1
2026-06-23 19:53:09.525 9 INFO neutron.wsgi [None req-d6292fd9-a770-4939-b713-2c0400394df5 eb719f18e46b49fc9d5db82bfbe2323f e5607060da334c6a8716338f586b401d - - default default] 10.0.0.134 "POST /v2.0/networks HTTP/1.1" status: 201 len: 832 time: 0.8623869 /var/lib/openstack/lib/python3.10/site-packages/pycadf/identifier.py:71: UserWarning: Invalid uuid: neutron. To ensure interoperability, identifiers should be a valid uuid. warnings.warn(('Invalid uuid: %s. To ensure interoperability, '
2026-06-23 19:53:09.553 9 WARNING neutron_lib.context [None req-aa58a941-e155-429b-a8c4-2d91e9b07de1 eb719f18e46b49fc9d5db82bfbe2323f e5607060da334c6a8716338f586b401d - - default default] Method 'is_advsvc' is deprecated since 2023.2 release (neutron-lib 3.8.0) and will be removed once support for the old RBAC API policies will be removed from Neutron. Please use method 'is_service_role' instead.
2026-06-23 19:53:09.582 10 WARNING neutron.scheduler.dhcp_agent_scheduler [None req-6cacd8ec-95f7-4348-ae76-8a702cb50bcd 8a5690b06ccc44d8b6b06d9898f63cc7 0c0eaa24cf93400bacd6742dedfae781 - - default default] No more DHCP agents
2026-06-23 19:53:09.586 10 WARNING neutron.api.rpc.agentnotifiers.dhcp_rpc_agent_api [None req-6cacd8ec-95f7-4348-ae76-8a702cb50bcd 8a5690b06ccc44d8b6b06d9898f63cc7 0c0eaa24cf93400bacd6742dedfae781 - - default default] Unable to schedule network 5ba94b83-72f9-4064-9ccb-c40368783405: no agents available; will retry on subsequent port and subnet creation events.
2026-06-23 19:53:09.586 9 WARNING neutron.scheduler.dhcp_agent_scheduler [None req-93796230-132f-4679-ae8b-80eb2e76f40d ee90bc982e0c4cd89791336f92b626ea c6c9b7659bb34273a10dfce3bc1fad8e - - default default] No more DHCP agents
2026-06-23 19:53:09.589 9 WARNING neutron.api.rpc.agentnotifiers.dhcp_rpc_agent_api [None req-93796230-132f-4679-ae8b-80eb2e76f40d ee90bc982e0c4cd89791336f92b626ea c6c9b7659bb34273a10dfce3bc1fad8e - - default default] Unable to schedule network 7bfdb966-2cc8-49f3-89cb-5482b4d47f86: no agents available; will retry on subsequent port and subnet creation events.
2026-06-23 19:53:09.709 9 INFO neutron.db.ovn_revision_numbers_db [None req-93796230-132f-4679-ae8b-80eb2e76f40d ee90bc982e0c4cd89791336f92b626ea c6c9b7659bb34273a10dfce3bc1fad8e - - default default] Successfully bumped revision number for resource a5977f55-6a60-408f-ae0f-39d30d9fea62 (type: ports) to 1
2026-06-23 19:53:09.741 9 INFO neutron.wsgi [None req-93796230-132f-4679-ae8b-80eb2e76f40d ee90bc982e0c4cd89791336f92b626ea c6c9b7659bb34273a10dfce3bc1fad8e - - default default] 10.0.0.134 "POST /v2.0/networks HTTP/1.1" status: 201 len: 1444 time: 2.0356078
2026-06-23 19:53:10.007 9 WARNING neutron.plugins.ml2.drivers.ovn.mech_driver.ovsdb.ovn_client [None req-795fba2b-7bfd-4e92-b3fb-b4f3ec7fd546 - - - - - -] No hosting information found for port 3c4fc8b1-1e96-43cc-8492-b7392b8f7de6: RuntimeError: No hosting information found for port 3c4fc8b1-1e96-43cc-8492-b7392b8f7de6
2026-06-23 19:53:10.032 10 INFO neutron.db.l3_db [None req-6cacd8ec-95f7-4348-ae76-8a702cb50bcd 8a5690b06ccc44d8b6b06d9898f63cc7 0c0eaa24cf93400bacd6742dedfae781 - - default default] Floating IP d98b30ea-5ec6-453b-9bc7-b4489d17708f associated. External IP: 10.96.250.208, port: 294c2ad8-e908-406f-9ae8-5409aac7aff9.
2026-06-23 19:53:10.076 9 INFO neutron.wsgi [None req-f40db0ce-1572-4c64-a41a-a8749387d8d0 ee90bc982e0c4cd89791336f92b626ea c6c9b7659bb34273a10dfce3bc1fad8e - - default default] 10.0.0.134 "GET /v2.0/networks HTTP/1.1" status: 200 len: 2050 time: 0.3195524
2026-06-23 19:53:10.085 9 WARNING neutron.scheduler.dhcp_agent_scheduler [None req-aa58a941-e155-429b-a8c4-2d91e9b07de1 eb719f18e46b49fc9d5db82bfbe2323f e5607060da334c6a8716338f586b401d - - default default] No more DHCP agents
2026-06-23 19:53:10.094 9 WARNING neutron.api.rpc.agentnotifiers.dhcp_rpc_agent_api [None req-aa58a941-e155-429b-a8c4-2d91e9b07de1 eb719f18e46b49fc9d5db82bfbe2323f e5607060da334c6a8716338f586b401d - - default default] Unable to schedule network 1b24a6ab-fb9f-4a2a-8fe1-a87b4f3456b1: no agents available; will retry on subsequent port and subnet creation events.
2026-06-23 19:53:10.153 9 INFO neutron.db.ovn_revision_numbers_db [None req-aa58a941-e155-429b-a8c4-2d91e9b07de1 eb719f18e46b49fc9d5db82bfbe2323f e5607060da334c6a8716338f586b401d - - default default] Successfully bumped revision number for resource aead4f5d-725b-47f9-bc21-d1bd836c6efe (type: subnets) to 0
2026-06-23 19:53:10.174 9 INFO neutron.wsgi [None req-aa58a941-e155-429b-a8c4-2d91e9b07de1 eb719f18e46b49fc9d5db82bfbe2323f e5607060da334c6a8716338f586b401d - - default default] 10.0.0.134 "POST /v2.0/subnets HTTP/1.1" status: 201 len: 821 time: 0.6368816
2026-06-23 19:53:10.184 9 WARNING neutron_lib.context [None req-2eedf661-3b56-44d5-a523-580f9080365c eb719f18e46b49fc9d5db82bfbe2323f e5607060da334c6a8716338f586b401d - - default default] Method 'is_advsvc' is deprecated since 2023.2 release (neutron-lib 3.8.0) and will be removed once support for the old RBAC API policies will be removed from Neutron. Please use method 'is_service_role' instead.
2026-06-23 19:53:10.257 10 INFO neutron.db.ovn_revision_numbers_db [None req-6cacd8ec-95f7-4348-ae76-8a702cb50bcd 8a5690b06ccc44d8b6b06d9898f63cc7 0c0eaa24cf93400bacd6742dedfae781 - - default default] Successfully bumped revision number for resource d98b30ea-5ec6-453b-9bc7-b4489d17708f (type: floatingips) to 0
2026-06-23 19:53:10.369 9 INFO neutron.db.ovn_revision_numbers_db [None req-2eedf661-3b56-44d5-a523-580f9080365c eb719f18e46b49fc9d5db82bfbe2323f e5607060da334c6a8716338f586b401d - - default default] Successfully bumped revision number for resource 299f1771-f0a0-4991-af80-ca9d24bbb68d (type: routers) to 1
2026-06-23 19:53:10.389 10 INFO neutron.db.ovn_revision_numbers_db [None req-6cacd8ec-95f7-4348-ae76-8a702cb50bcd 8a5690b06ccc44d8b6b06d9898f63cc7 0c0eaa24cf93400bacd6742dedfae781 - - default default] Successfully bumped revision number for resource d98b30ea-5ec6-453b-9bc7-b4489d17708f (type: floatingips) to 1
2026-06-23 19:53:10.390 9 INFO neutron.wsgi [None req-2eedf661-3b56-44d5-a523-580f9080365c eb719f18e46b49fc9d5db82bfbe2323f e5607060da334c6a8716338f586b401d - - default default] 10.0.0.134 "POST /v2.0/routers HTTP/1.1" status: 201 len: 691 time: 0.2123344
2026-06-23 19:53:10.433 10 INFO neutron.wsgi [None req-6cacd8ec-95f7-4348-ae76-8a702cb50bcd 8a5690b06ccc44d8b6b06d9898f63cc7 0c0eaa24cf93400bacd6742dedfae781 - - default default] 10.0.0.134 "POST /v2.0/floatingips HTTP/1.1" status: 201 len: 1041 time: 1.1363170
2026-06-23 19:53:10.564 9 INFO neutron.services.segments.plugin [-] Segment 3475c424-e373-4e5d-bcd1-5af2d0b1a5a0 resource provider aggregate not found
2026-06-23 19:53:10.568 10 INFO neutron.db.l3_db [None req-e75de58c-745d-46a6-9736-269109d4e1ae 8a5690b06ccc44d8b6b06d9898f63cc7 0c0eaa24cf93400bacd6742dedfae781 - - default default] Floating IP d98b30ea-5ec6-453b-9bc7-b4489d17708f disassociated. External IP: 10.96.250.208, port: 294c2ad8-e908-406f-9ae8-5409aac7aff9.
2026-06-23 19:53:10.569 9 INFO neutron.services.segments.plugin [-] Segment 3475c424-e373-4e5d-bcd1-5af2d0b1a5a0 resource provider aggregate not found
2026-06-23 19:53:10.591 9 INFO neutron.services.segments.plugin [-] Segment 3475c424-e373-4e5d-bcd1-5af2d0b1a5a0 resource provider not found; error: Placement Client Error (4xx): {"errors": [{"status": 404, "title": "Not Found", "detail": "The resource could not be found.\n\n No resource provider with uuid 3475c424-e373-4e5d-bcd1-5af2d0b1a5a0 found for delete ", "request_id": "req-f8ecb88a-03b8-4def-8735-1d1171032f11"}]}
2026-06-23 19:53:10.592 9 INFO neutron.services.segments.plugin [-] Segment 3475c424-e373-4e5d-bcd1-5af2d0b1a5a0 resource provider not found; error: Placement Client Error (4xx): {"errors": [{"status": 404, "title": "Not Found", "detail": "The resource could not be found.\n\n No resource provider with uuid 3475c424-e373-4e5d-bcd1-5af2d0b1a5a0 found for delete ", "request_id": "req-a330d8dd-8897-4034-903e-ff0c05ba38b9"}]}
2026-06-23 19:53:10.603 10 INFO neutron.db.ovn_revision_numbers_db [None req-e75de58c-745d-46a6-9736-269109d4e1ae 8a5690b06ccc44d8b6b06d9898f63cc7 0c0eaa24cf93400bacd6742dedfae781 - - default default] Successfully bumped revision number for resource d98b30ea-5ec6-453b-9bc7-b4489d17708f (type: floatingips) to 2
2026-06-23 19:53:10.637 9 INFO neutron.wsgi [None req-8e45b574-81c7-413a-bf00-d7287e1edfe0 ee90bc982e0c4cd89791336f92b626ea c6c9b7659bb34273a10dfce3bc1fad8e - - default default] 10.0.0.134 "DELETE /v2.0/networks/d1a3ef72-1919-417e-941f-95d1050bd6e5 HTTP/1.1" status: 204 len: 168 time: 0.5501997
2026-06-23 19:53:10.692 10 INFO neutron.wsgi [None req-e75de58c-745d-46a6-9736-269109d4e1ae 8a5690b06ccc44d8b6b06d9898f63cc7 0c0eaa24cf93400bacd6742dedfae781 - - default default] 10.0.0.134 "PUT /v2.0/floatingips/d98b30ea-5ec6-453b-9bc7-b4489d17708f HTTP/1.1" status: 200 len: 748 time: 0.2517958
2026-06-23 19:53:10.874 9 WARNING neutron.scheduler.dhcp_agent_scheduler [None req-e54f2d1e-8bda-4a12-8382-c35ebb2ae936 eb719f18e46b49fc9d5db82bfbe2323f e5607060da334c6a8716338f586b401d - - default default] No more DHCP agents
2026-06-23 19:53:10.879 9 WARNING neutron.api.rpc.agentnotifiers.dhcp_rpc_agent_api [None req-e54f2d1e-8bda-4a12-8382-c35ebb2ae936 eb719f18e46b49fc9d5db82bfbe2323f e5607060da334c6a8716338f586b401d - - default default] Unable to schedule network 1b24a6ab-fb9f-4a2a-8fe1-a87b4f3456b1: no agents available; will retry on subsequent port and subnet creation events.
2026-06-23 19:53:11.016 10 INFO neutron.services.segments.plugin [-] Segment 7ff4b4ea-a904-4c84-8afe-8f254a06e5c5 resource provider aggregate not found
2026-06-23 19:53:11.024 10 INFO neutron.services.segments.plugin [-] Segment 7ff4b4ea-a904-4c84-8afe-8f254a06e5c5 resource provider aggregate not found
2026-06-23 19:53:11.025 9 INFO neutron.db.ovn_revision_numbers_db [None req-e54f2d1e-8bda-4a12-8382-c35ebb2ae936 eb719f18e46b49fc9d5db82bfbe2323f e5607060da334c6a8716338f586b401d - - default default] Successfully bumped revision number for resource 7204684d-8a23-46eb-b0f3-15ed926f6bf0 (type: ports) to 1
2026-06-23 19:53:11.044 10 INFO neutron.services.segments.plugin [-] Segment 7ff4b4ea-a904-4c84-8afe-8f254a06e5c5 resource provider not found; error: Placement Client Error (4xx): {"errors": [{"status": 404, "title": "Not Found", "detail": "The resource could not be found.\n\n No resource provider with uuid 7ff4b4ea-a904-4c84-8afe-8f254a06e5c5 found for delete ", "request_id": "req-22a19bc3-6cfe-4d9d-8d26-b30efc6dea02"}]}
2026-06-23 19:53:11.045 10 INFO neutron.services.segments.plugin [-] Segment 7ff4b4ea-a904-4c84-8afe-8f254a06e5c5 resource provider not found; error: Placement Client Error (4xx): {"errors": [{"status": 404, "title": "Not Found", "detail": "The resource could not be found.\n\n No resource provider with uuid 7ff4b4ea-a904-4c84-8afe-8f254a06e5c5 found for delete ", "request_id": "req-34591bd7-1fbf-4be9-a680-2c10c5ec2e0c"}]}
2026-06-23 19:53:11.073 10 INFO neutron.wsgi [None req-2351f834-9d76-43c7-a317-d596d2d202c8 ee90bc982e0c4cd89791336f92b626ea c6c9b7659bb34273a10dfce3bc1fad8e - - default default] 10.0.0.134 "DELETE /v2.0/networks/7bfdb966-2cc8-49f3-89cb-5482b4d47f86 HTTP/1.1" status: 204 len: 168 time: 0.4291682
2026-06-23 19:53:11.160 9 INFO neutron.wsgi [None req-c4431847-5d9b-48e4-a482-7833d18d0bf9 8a5690b06ccc44d8b6b06d9898f63cc7 0c0eaa24cf93400bacd6742dedfae781 - - default default] 10.0.0.134 "DELETE /v2.0/floatingips/d98b30ea-5ec6-453b-9bc7-b4489d17708f HTTP/1.1" status: 204 len: 168 time: 0.4617493
2026-06-23 19:53:11.175 10 WARNING neutron_lib.context [None req-5a8ea1f2-57f1-4c4c-a3dd-deac31f4be9b 8a5690b06ccc44d8b6b06d9898f63cc7 0c0eaa24cf93400bacd6742dedfae781 - - default default] Method 'is_advsvc' is deprecated since 2023.2 release (neutron-lib 3.8.0) and will be removed once support for the old RBAC API policies will be removed from Neutron. Please use method 'is_service_role' instead.
2026-06-23 19:53:11.189 10 INFO neutron.wsgi [None req-cdec8230-7a6f-4740-ba9d-e56f1e3ac393 ee90bc982e0c4cd89791336f92b626ea c6c9b7659bb34273a10dfce3bc1fad8e - - default default] 10.0.0.134 "GET /v2.0/networks HTTP/1.1" status: 200 len: 845 time: 0.1089878
2026-06-23 19:53:11.198 10 WARNING neutron_lib.context [None req-6703576d-8335-40ff-8389-1b17c025bd07 ee90bc982e0c4cd89791336f92b626ea c6c9b7659bb34273a10dfce3bc1fad8e - - default default] Method 'is_advsvc' is deprecated since 2023.2 release (neutron-lib 3.8.0) and will be removed once support for the old RBAC API policies will be removed from Neutron. Please use method 'is_service_role' instead.
2026-06-23 19:53:11.280 10 WARNING neutron.plugins.ml2.drivers.ovn.mech_driver.ovsdb.ovn_client [None req-255234ed-5436-4377-84db-ace65d1cfd18 - - - - - -] No port found with ID 97b6e36b-4d5d-4e1d-a22c-886e93777233: RuntimeError: No port found with ID 97b6e36b-4d5d-4e1d-a22c-886e93777233
2026-06-23 19:53:11.281 10 INFO neutron.plugins.ml2.drivers.ovn.mech_driver.mech_driver [None req-255234ed-5436-4377-84db-ace65d1cfd18 - - - - - -] OVN reports status up for port: a86cd8ca-b46e-4739-a66f-d524a889da69
2026-06-23 19:53:11.301 10 INFO neutron.plugins.ml2.plugin [None req-255234ed-5436-4377-84db-ace65d1cfd18 - - - - - -] Attempt 1 to provision port a86cd8ca-b46e-4739-a66f-d524a889da69
2026-06-23 19:53:11.305 10 INFO neutron.db.segments_db [None req-6703576d-8335-40ff-8389-1b17c025bd07 ee90bc982e0c4cd89791336f92b626ea c6c9b7659bb34273a10dfce3bc1fad8e - - default default] Added segment 92df9bdc-c7f6-4fc9-a2ea-d074985e42d6 of type geneve for network 02d2d087-7a19-40a2-8040-8d2e1adf6aaa
2026-06-23 19:53:11.386 9 INFO neutron.plugins.ml2.drivers.ovn.mech_driver.mech_driver [None req-795fba2b-7bfd-4e92-b3fb-b4f3ec7fd546 - - - - - -] OVN reports status up for port: 7204684d-8a23-46eb-b0f3-15ed926f6bf0
2026-06-23 19:53:11.408 9 INFO neutron.plugins.ml2.plugin [None req-795fba2b-7bfd-4e92-b3fb-b4f3ec7fd546 - - - - - -] Attempt 1 to provision port 7204684d-8a23-46eb-b0f3-15ed926f6bf0
2026-06-23 19:53:11.425 9 INFO neutron.db.ovn_revision_numbers_db [None req-e54f2d1e-8bda-4a12-8382-c35ebb2ae936 eb719f18e46b49fc9d5db82bfbe2323f e5607060da334c6a8716338f586b401d - - default default] Successfully bumped revision number for resource 7204684d-8a23-46eb-b0f3-15ed926f6bf0 (type: router_ports) to 1
2026-06-23 19:53:11.544 10 INFO neutron.db.ovn_revision_numbers_db [None req-6703576d-8335-40ff-8389-1b17c025bd07 ee90bc982e0c4cd89791336f92b626ea c6c9b7659bb34273a10dfce3bc1fad8e - - default default] Successfully bumped revision number for resource 02d2d087-7a19-40a2-8040-8d2e1adf6aaa (type: networks) to 1
2026-06-23 19:53:11.548 9 INFO neutron.db.ovn_revision_numbers_db [None req-e54f2d1e-8bda-4a12-8382-c35ebb2ae936 eb719f18e46b49fc9d5db82bfbe2323f e5607060da334c6a8716338f586b401d - - default default] Successfully bumped revision number for resource 7204684d-8a23-46eb-b0f3-15ed926f6bf0 (type: ports) to 1
2026-06-23 19:53:11.645 9 WARNING neutron.scheduler.dhcp_agent_scheduler [None req-e54f2d1e-8bda-4a12-8382-c35ebb2ae936 eb719f18e46b49fc9d5db82bfbe2323f e5607060da334c6a8716338f586b401d - - default default] No more DHCP agents
2026-06-23 19:53:11.649 9 WARNING neutron.api.rpc.agentnotifiers.dhcp_rpc_agent_api [None req-e54f2d1e-8bda-4a12-8382-c35ebb2ae936 eb719f18e46b49fc9d5db82bfbe2323f e5607060da334c6a8716338f586b401d - - default default] Unable to schedule network 1b24a6ab-fb9f-4a2a-8fe1-a87b4f3456b1: no agents available; will retry on subsequent port and subnet creation events.
2026-06-23 19:53:11.822 10 WARNING neutron.scheduler.dhcp_agent_scheduler [None req-5a8ea1f2-57f1-4c4c-a3dd-deac31f4be9b 8a5690b06ccc44d8b6b06d9898f63cc7 0c0eaa24cf93400bacd6742dedfae781 - - default default] No more DHCP agents
2026-06-23 19:53:11.831 10 WARNING neutron.api.rpc.agentnotifiers.dhcp_rpc_agent_api [None req-5a8ea1f2-57f1-4c4c-a3dd-deac31f4be9b 8a5690b06ccc44d8b6b06d9898f63cc7 0c0eaa24cf93400bacd6742dedfae781 - - default default] Unable to schedule network 5ba94b83-72f9-4064-9ccb-c40368783405: no agents available; will retry on subsequent port and subnet creation events.
2026-06-23 19:53:11.935 9 INFO neutron.db.ovn_revision_numbers_db [None req-795fba2b-7bfd-4e92-b3fb-b4f3ec7fd546 - - - - - -] Successfully bumped revision number for resource 7204684d-8a23-46eb-b0f3-15ed926f6bf0 (type: ports) to 2
2026-06-23 19:53:12.003 9 INFO neutron.db.ovn_revision_numbers_db [None req-e54f2d1e-8bda-4a12-8382-c35ebb2ae936 eb719f18e46b49fc9d5db82bfbe2323f e5607060da334c6a8716338f586b401d - - default default] Successfully bumped revision number for resource 7204684d-8a23-46eb-b0f3-15ed926f6bf0 (type: router_ports) to 2
2026-06-23 19:53:12.005 9 INFO neutron.wsgi [None req-e54f2d1e-8bda-4a12-8382-c35ebb2ae936 eb719f18e46b49fc9d5db82bfbe2323f e5607060da334c6a8716338f586b401d - - default default] 10.0.0.134 "PUT /v2.0/routers/299f1771-f0a0-4991-af80-ca9d24bbb68d/add_router_interface HTTP/1.1" status: 200 len: 503 time: 1.6075811
2026-06-23 19:53:12.046 9 INFO neutron.wsgi [None req-cc15b5ef-edff-4007-a8b4-8399d6a12e77 eb719f18e46b49fc9d5db82bfbe2323f e5607060da334c6a8716338f586b401d - - default default] 10.0.0.134 "GET /v2.0/ports/7204684d-8a23-46eb-b0f3-15ed926f6bf0 HTTP/1.1" status: 200 len: 1141 time: 0.0341690
2026-06-23 19:53:12.078 10 WARNING neutron.scheduler.dhcp_agent_scheduler [None req-6703576d-8335-40ff-8389-1b17c025bd07 ee90bc982e0c4cd89791336f92b626ea c6c9b7659bb34273a10dfce3bc1fad8e - - default default] No more DHCP agents
2026-06-23 19:53:12.083 10 WARNING neutron.api.rpc.agentnotifiers.dhcp_rpc_agent_api [None req-6703576d-8335-40ff-8389-1b17c025bd07 ee90bc982e0c4cd89791336f92b626ea c6c9b7659bb34273a10dfce3bc1fad8e - - default default] Unable to schedule network 02d2d087-7a19-40a2-8040-8d2e1adf6aaa: no agents available; will retry on subsequent port and subnet creation events.
2026-06-23 19:53:12.095 9 INFO neutron.wsgi [None req-cabccf3a-c3fa-42d5-9bb7-307be11ea676 eb719f18e46b49fc9d5db82bfbe2323f e5607060da334c6a8716338f586b401d - - default default] 10.0.0.134 "GET /v2.0/ports/7204684d-8a23-46eb-b0f3-15ed926f6bf0 HTTP/1.1" status: 200 len: 1141 time: 0.0411735
2026-06-23 19:53:12.132 10 INFO neutron.db.ovn_revision_numbers_db [None req-255234ed-5436-4377-84db-ace65d1cfd18 - - - - - -] Successfully bumped revision number for resource a86cd8ca-b46e-4739-a66f-d524a889da69 (type: ports) to 2
2026-06-23 19:53:12.289 10 INFO neutron.db.ovn_revision_numbers_db [None req-6703576d-8335-40ff-8389-1b17c025bd07 ee90bc982e0c4cd89791336f92b626ea c6c9b7659bb34273a10dfce3bc1fad8e - - default default] Successfully bumped revision number for resource 683f8175-8c5b-47f5-b38b-eee23206e016 (type: ports) to 1
2026-06-23 19:53:12.309 10 INFO neutron.db.ovn_revision_numbers_db [None req-255234ed-5436-4377-84db-ace65d1cfd18 - - - - - -] Successfully bumped revision number for resource a86cd8ca-b46e-4739-a66f-d524a889da69 (type: router_ports) to 2
2026-06-23 19:53:12.336 10 INFO neutron.wsgi [None req-6703576d-8335-40ff-8389-1b17c025bd07 ee90bc982e0c4cd89791336f92b626ea c6c9b7659bb34273a10dfce3bc1fad8e - - default default] 10.0.0.134 "POST /v2.0/networks HTTP/1.1" status: 201 len: 848 time: 1.1424677
2026-06-23 19:53:12.351 10 WARNING neutron_lib.context [None req-ea012eec-4d81-4139-b566-53ea04036778 ee90bc982e0c4cd89791336f92b626ea c6c9b7659bb34273a10dfce3bc1fad8e - - default default] Method 'is_advsvc' is deprecated since 2023.2 release (neutron-lib 3.8.0) and will be removed once support for the old RBAC API policies will be removed from Neutron. Please use method 'is_service_role' instead.
2026-06-23 19:53:12.487 10 INFO neutron.db.segments_db [None req-ea012eec-4d81-4139-b566-53ea04036778 ee90bc982e0c4cd89791336f92b626ea c6c9b7659bb34273a10dfce3bc1fad8e - - default default] Added segment 93d29beb-a272-4b88-8729-6cfcfa79867c of type geneve for network f9d4396a-36c9-47c5-9a76-1f7a345ccc6e
2026-06-23 19:53:12.561 10 INFO neutron.db.l3_db [None req-5a8ea1f2-57f1-4c4c-a3dd-deac31f4be9b 8a5690b06ccc44d8b6b06d9898f63cc7 0c0eaa24cf93400bacd6742dedfae781 - - default default] Floating IP 205f1425-8bf2-48c0-a4f4-8119a7b5a636 associated. External IP: 10.96.250.220, port: ab3eb22e-31ca-415a-a940-832b71750fed.
2026-06-23 19:53:12.701 9 WARNING neutron_lib.context [None req-24f506b4-83fb-485c-9617-27c1f312dde8 0f2829463fd74fa18cd49c8dd2b540e5 bf6db6b480164e61a0202d5b22203a2e - - default default] Method 'is_advsvc' is deprecated since 2023.2 release (neutron-lib 3.8.0) and will be removed once support for the old RBAC API policies will be removed from Neutron. Please use method 'is_service_role' instead.
2026-06-23 19:53:12.731 10 INFO neutron.db.ovn_revision_numbers_db [None req-ea012eec-4d81-4139-b566-53ea04036778 ee90bc982e0c4cd89791336f92b626ea c6c9b7659bb34273a10dfce3bc1fad8e - - default default] Successfully bumped revision number for resource f9d4396a-36c9-47c5-9a76-1f7a345ccc6e (type: networks) to 1
2026-06-23 19:53:12.755 9 INFO neutron.wsgi [None req-2655a759-2a54-4c26-87b3-f84c7403aedc eb719f18e46b49fc9d5db82bfbe2323f e5607060da334c6a8716338f586b401d - - default default] 10.0.0.134 "PUT /v2.0/routers/299f1771-f0a0-4991-af80-ca9d24bbb68d/remove_router_interface HTTP/1.1" status: 200 len: 503 time: 0.6491702 /var/lib/openstack/lib/python3.10/site-packages/pycadf/identifier.py:71: UserWarning: Invalid uuid: neutron. To ensure interoperability, identifiers should be a valid uuid. warnings.warn(('Invalid uuid: %s. To ensure interoperability, '
2026-06-23 19:53:12.790 9 INFO neutron.wsgi [None req-7a454765-2dcc-42d3-ae15-1e00e18271cf eb719f18e46b49fc9d5db82bfbe2323f e5607060da334c6a8716338f586b401d - - default default] 10.0.0.134 "GET /v2.0/ports?device_id=299f1771-f0a0-4991-af80-ca9d24bbb68d HTTP/1.1" status: 200 len: 205 time: 0.0282466
2026-06-23 19:53:12.849 10 INFO neutron.db.ovn_revision_numbers_db [None req-5a8ea1f2-57f1-4c4c-a3dd-deac31f4be9b 8a5690b06ccc44d8b6b06d9898f63cc7 0c0eaa24cf93400bacd6742dedfae781 - - default default] Successfully bumped revision number for resource 205f1425-8bf2-48c0-a4f4-8119a7b5a636 (type: floatingips) to 0
2026-06-23 19:53:12.941 10 WARNING neutron.scheduler.dhcp_agent_scheduler [None req-ea012eec-4d81-4139-b566-53ea04036778 ee90bc982e0c4cd89791336f92b626ea c6c9b7659bb34273a10dfce3bc1fad8e - - default default] No more DHCP agents
2026-06-23 19:53:12.944 10 WARNING neutron.api.rpc.agentnotifiers.dhcp_rpc_agent_api [None req-ea012eec-4d81-4139-b566-53ea04036778 ee90bc982e0c4cd89791336f92b626ea c6c9b7659bb34273a10dfce3bc1fad8e - - default default] Unable to schedule network f9d4396a-36c9-47c5-9a76-1f7a345ccc6e: no agents available; will retry on subsequent port and subnet creation events.
2026-06-23 19:53:12.988 9 INFO neutron.db.ovn_revision_numbers_db [None req-24f506b4-83fb-485c-9617-27c1f312dde8 0f2829463fd74fa18cd49c8dd2b540e5 bf6db6b480164e61a0202d5b22203a2e - - default default] Successfully bumped revision number for resource 45a843b5-f9f4-45bf-8449-7e68b7824261 (type: security_groups) to 1
2026-06-23 19:53:12.996 10 INFO neutron.db.ovn_revision_numbers_db [None req-5a8ea1f2-57f1-4c4c-a3dd-deac31f4be9b 8a5690b06ccc44d8b6b06d9898f63cc7 0c0eaa24cf93400bacd6742dedfae781 - - default default] Successfully bumped revision number for resource 205f1425-8bf2-48c0-a4f4-8119a7b5a636 (type: floatingips) to 1
2026-06-23 19:53:13.053 9 INFO neutron.db.ovn_revision_numbers_db [None req-24f506b4-83fb-485c-9617-27c1f312dde8 0f2829463fd74fa18cd49c8dd2b540e5 bf6db6b480164e61a0202d5b22203a2e - - default default] Successfully bumped revision number for resource 08030067-8c7e-4a71-8da9-3fb3d5cfe66f (type: security_group_rules) to 0
2026-06-23 19:53:13.058 10 INFO neutron.wsgi [None req-5a8ea1f2-57f1-4c4c-a3dd-deac31f4be9b 8a5690b06ccc44d8b6b06d9898f63cc7 0c0eaa24cf93400bacd6742dedfae781 - - default default] 10.0.0.134 "POST /v2.0/floatingips HTTP/1.1" status: 201 len: 1040 time: 1.8902636
2026-06-23 19:53:13.068 10 INFO neutron.db.ovn_revision_numbers_db [None req-ea012eec-4d81-4139-b566-53ea04036778 ee90bc982e0c4cd89791336f92b626ea c6c9b7659bb34273a10dfce3bc1fad8e - - default default] Successfully bumped revision number for resource 8180e8b2-46d2-4c9a-bf96-e1c52f9970b2 (type: ports) to 1
2026-06-23 19:53:13.075 9 INFO neutron.db.ovn_revision_numbers_db [None req-24f506b4-83fb-485c-9617-27c1f312dde8 0f2829463fd74fa18cd49c8dd2b540e5 bf6db6b480164e61a0202d5b22203a2e - - default default] Successfully bumped revision number for resource 47f00fea-7637-4c3e-aed3-82fda8195254 (type: security_group_rules) to 0
2026-06-23 19:53:13.091 9 INFO neutron.db.ovn_revision_numbers_db [None req-24f506b4-83fb-485c-9617-27c1f312dde8 0f2829463fd74fa18cd49c8dd2b540e5 bf6db6b480164e61a0202d5b22203a2e - - default default] Successfully bumped revision number for resource 4df3d2af-c7c7-4361-93fa-37b002c0953a (type: security_group_rules) to 0
2026-06-23 19:53:13.095 9 INFO neutron.wsgi [None req-275df548-e050-4d19-9c68-469c86db51c0 eb719f18e46b49fc9d5db82bfbe2323f e5607060da334c6a8716338f586b401d - - default default] 10.0.0.134 "DELETE /v2.0/routers/299f1771-f0a0-4991-af80-ca9d24bbb68d HTTP/1.1" status: 204 len: 168 time: 0.3006959
2026-06-23 19:53:13.107 10 INFO neutron.wsgi [None req-2dc5a452-6b67-4ce1-aa00-e13113d30d63 8a5690b06ccc44d8b6b06d9898f63cc7 0c0eaa24cf93400bacd6742dedfae781 - - default default] 10.0.0.134 "GET /v2.0/floatingips/205f1425-8bf2-48c0-a4f4-8119a7b5a636 HTTP/1.1" status: 200 len: 1037 time: 0.0428491
2026-06-23 19:53:13.109 10 INFO neutron.wsgi [None req-ea012eec-4d81-4139-b566-53ea04036778 ee90bc982e0c4cd89791336f92b626ea c6c9b7659bb34273a10dfce3bc1fad8e - - default default] 10.0.0.134 "POST /v2.0/networks HTTP/1.1" status: 201 len: 849 time: 0.7629979
2026-06-23 19:53:13.118 9 INFO neutron.db.ovn_revision_numbers_db [None req-24f506b4-83fb-485c-9617-27c1f312dde8 0f2829463fd74fa18cd49c8dd2b540e5 bf6db6b480164e61a0202d5b22203a2e - - default default] Successfully bumped revision number for resource 7a99e142-974c-4c93-8162-e089a59a0153 (type: security_group_rules) to 0
2026-06-23 19:53:13.122 10 WARNING neutron_lib.context [None req-e59f247a-8c2c-408f-a74d-79a92171b569 ee90bc982e0c4cd89791336f92b626ea c6c9b7659bb34273a10dfce3bc1fad8e - - default default] Method 'is_advsvc' is deprecated since 2023.2 release (neutron-lib 3.8.0) and will be removed once support for the old RBAC API policies will be removed from Neutron. Please use method 'is_service_role' instead.
2026-06-23 19:53:13.179 9 INFO neutron.db.segments_db [None req-24f506b4-83fb-485c-9617-27c1f312dde8 0f2829463fd74fa18cd49c8dd2b540e5 bf6db6b480164e61a0202d5b22203a2e - - default default] Added segment 09b4a102-15fd-46f1-9912-99d462435806 of type geneve for network 31723c81-9fee-48b4-8542-83a286d0e18d
2026-06-23 19:53:13.188 10 INFO neutron.wsgi [None req-26d75e8f-22e5-4f01-a3c8-de748b0544e1 8a5690b06ccc44d8b6b06d9898f63cc7 0c0eaa24cf93400bacd6742dedfae781 - - default default] 10.0.0.134 "GET /v2.0/floatingips HTTP/1.1" status: 200 len: 1040 time: 0.0761354
2026-06-23 19:53:13.189 10 WARNING neutron_lib.context [None req-e59f247a-8c2c-408f-a74d-79a92171b569 ee90bc982e0c4cd89791336f92b626ea c6c9b7659bb34273a10dfce3bc1fad8e - - default default] Method 'is_advsvc' is deprecated since 2023.2 release (neutron-lib 3.8.0) and will be removed once support for the old RBAC API policies will be removed from Neutron. Please use method 'is_service_role' instead.
2026-06-23 19:53:13.307 9 INFO neutron.wsgi [None req-951a7bdf-37e7-42bb-87c3-ed60a95e95ba eb719f18e46b49fc9d5db82bfbe2323f e5607060da334c6a8716338f586b401d - - default default] 10.0.0.134 "DELETE /v2.0/subnets/aead4f5d-725b-47f9-bc21-d1bd836c6efe HTTP/1.1" status: 204 len: 168 time: 0.2079282
2026-06-23 19:53:13.338 9 INFO neutron.db.ovn_revision_numbers_db [None req-24f506b4-83fb-485c-9617-27c1f312dde8 0f2829463fd74fa18cd49c8dd2b540e5 bf6db6b480164e61a0202d5b22203a2e - - default default] Successfully bumped revision number for resource 31723c81-9fee-48b4-8542-83a286d0e18d (type: networks) to 1
2026-06-23 19:53:13.521 9 WARNING neutron.scheduler.dhcp_agent_scheduler [None req-24f506b4-83fb-485c-9617-27c1f312dde8 0f2829463fd74fa18cd49c8dd2b540e5 bf6db6b480164e61a0202d5b22203a2e - - default default] No more DHCP agents
