2026-06-23 19:54:56.129 10 INFO neutron.wsgi [req-06429c3b-d3df-4cc6-83d5-f14b5ed8d226 req-c669e8cf-1f76-4ff5-9fb0-7662aa8af6a2 39537b15b6f64acc8738842b08f06cb9 e2d8cef52b21446aa0a6796a1833aab2 - - 6eb6ce9b6118458484f4d70dda1ea4c6 6eb6ce9b6118458484f4d70dda1ea4c6] 199.204.45.3 "GET /v2.0/networks/462b6cb3-77d8-4915-a737-9df27e57c628?fields=provider%3Aphysical_network&fields=provider%3Anetwork_type HTTP/1.1" status: 200 len: 277 time: 0.0804875
2026-06-23 19:54:56.215 9 WARNING neutron.scheduler.dhcp_agent_scheduler [None req-038b0163-082e-4684-94f7-3b745e8f47ba f2145ae66ae440a1b76b2598ee1cf878 f7d8c4147bc14cf2a7c7e5e7df542007 - - default default] No more DHCP agents
2026-06-23 19:54:56.218 9 WARNING neutron.api.rpc.agentnotifiers.dhcp_rpc_agent_api [None req-038b0163-082e-4684-94f7-3b745e8f47ba f2145ae66ae440a1b76b2598ee1cf878 f7d8c4147bc14cf2a7c7e5e7df542007 - - default default] Unable to schedule network 251e77ef-b7be-4bed-8a84-cac079d66797: no agents available; will retry on subsequent port and subnet creation events.
2026-06-23 19:54:56.696 9 INFO neutron.db.ovn_revision_numbers_db [None req-038b0163-082e-4684-94f7-3b745e8f47ba f2145ae66ae440a1b76b2598ee1cf878 f7d8c4147bc14cf2a7c7e5e7df542007 - - default default] Successfully bumped revision number for resource 0e318084-02f1-4d21-af54-b154481df073 (type: ports) to 2
2026-06-23 19:54:56.734 9 INFO neutron.db.ovn_revision_numbers_db [None req-038b0163-082e-4684-94f7-3b745e8f47ba f2145ae66ae440a1b76b2598ee1cf878 f7d8c4147bc14cf2a7c7e5e7df542007 - - default default] Successfully bumped revision number for resource b58eeed8-298c-407e-b881-e048d03b44a4 (type: subnets) to 0
2026-06-23 19:54:56.751 9 INFO neutron.wsgi [None req-038b0163-082e-4684-94f7-3b745e8f47ba f2145ae66ae440a1b76b2598ee1cf878 f7d8c4147bc14cf2a7c7e5e7df542007 - - default default] 10.0.0.134 "POST /v2.0/subnets HTTP/1.1" status: 201 len: 830 time: 0.8220372
2026-06-23 19:54:56.764 9 WARNING neutron_lib.context [None req-1f2e147d-7cc5-4c19-b63d-c4cb671525f6 f2145ae66ae440a1b76b2598ee1cf878 f7d8c4147bc14cf2a7c7e5e7df542007 - - default default] Method 'is_advsvc' is deprecated since 2023.2 release (neutron-lib 3.8.0) and will be removed once support for the old RBAC API policies will be removed from Neutron. Please use method 'is_service_role' instead.
2026-06-23 19:54:56.988 9 WARNING neutron.scheduler.dhcp_agent_scheduler [None req-1f2e147d-7cc5-4c19-b63d-c4cb671525f6 f2145ae66ae440a1b76b2598ee1cf878 f7d8c4147bc14cf2a7c7e5e7df542007 - - default default] No more DHCP agents
2026-06-23 19:54:56.990 9 WARNING neutron.api.rpc.agentnotifiers.dhcp_rpc_agent_api [None req-1f2e147d-7cc5-4c19-b63d-c4cb671525f6 f2145ae66ae440a1b76b2598ee1cf878 f7d8c4147bc14cf2a7c7e5e7df542007 - - default default] Unable to schedule network 251e77ef-b7be-4bed-8a84-cac079d66797: no agents available; will retry on subsequent port and subnet creation events.
2026-06-23 19:54:57.023 9 INFO neutron.db.ovn_revision_numbers_db [None req-1f2e147d-7cc5-4c19-b63d-c4cb671525f6 f2145ae66ae440a1b76b2598ee1cf878 f7d8c4147bc14cf2a7c7e5e7df542007 - - default default] Successfully bumped revision number for resource b3471c10-eac4-4c76-8643-a8473bfe2896 (type: subnets) to 0
2026-06-23 19:54:57.044 9 INFO neutron.wsgi [None req-1f2e147d-7cc5-4c19-b63d-c4cb671525f6 f2145ae66ae440a1b76b2598ee1cf878 f7d8c4147bc14cf2a7c7e5e7df542007 - - default default] 10.0.0.134 "POST /v2.0/subnets HTTP/1.1" status: 201 len: 901 time: 0.2870095
2026-06-23 19:54:57.054 10 WARNING neutron_lib.context [None req-49fc422c-936b-4080-853f-899799b40938 f2145ae66ae440a1b76b2598ee1cf878 f7d8c4147bc14cf2a7c7e5e7df542007 - - default default] Method 'is_advsvc' is deprecated since 2023.2 release (neutron-lib 3.8.0) and will be removed once support for the old RBAC API policies will be removed from Neutron. Please use method 'is_service_role' instead.
2026-06-23 19:54:57.155 10 INFO neutron.db.segments_db [None req-49fc422c-936b-4080-853f-899799b40938 f2145ae66ae440a1b76b2598ee1cf878 f7d8c4147bc14cf2a7c7e5e7df542007 - - default default] Added segment aaee5b71-9c4a-43ac-ac37-e60b0d1f4388 of type geneve for network 4b670e33-3ad6-4826-9be9-7552ece6b744
2026-06-23 19:54:57.291 10 INFO neutron.db.ovn_revision_numbers_db [None req-49fc422c-936b-4080-853f-899799b40938 f2145ae66ae440a1b76b2598ee1cf878 f7d8c4147bc14cf2a7c7e5e7df542007 - - default default] Successfully bumped revision number for resource 4b670e33-3ad6-4826-9be9-7552ece6b744 (type: networks) to 1
2026-06-23 19:54:57.462 10 WARNING neutron.scheduler.dhcp_agent_scheduler [None req-49fc422c-936b-4080-853f-899799b40938 f2145ae66ae440a1b76b2598ee1cf878 f7d8c4147bc14cf2a7c7e5e7df542007 - - default default] No more DHCP agents
2026-06-23 19:54:57.464 10 WARNING neutron.api.rpc.agentnotifiers.dhcp_rpc_agent_api [None req-49fc422c-936b-4080-853f-899799b40938 f2145ae66ae440a1b76b2598ee1cf878 f7d8c4147bc14cf2a7c7e5e7df542007 - - default default] Unable to schedule network 4b670e33-3ad6-4826-9be9-7552ece6b744: no agents available; will retry on subsequent port and subnet creation events.
2026-06-23 19:54:57.559 10 INFO neutron.db.ovn_revision_numbers_db [None req-49fc422c-936b-4080-853f-899799b40938 f2145ae66ae440a1b76b2598ee1cf878 f7d8c4147bc14cf2a7c7e5e7df542007 - - default default] Successfully bumped revision number for resource ad4b73a3-807c-4e6c-8bc4-bf0f0b3b6e42 (type: ports) to 1
2026-06-23 19:54:57.581 10 INFO neutron.wsgi [None req-49fc422c-936b-4080-853f-899799b40938 f2145ae66ae440a1b76b2598ee1cf878 f7d8c4147bc14cf2a7c7e5e7df542007 - - default default] 10.0.0.134 "POST /v2.0/networks HTTP/1.1" status: 201 len: 836 time: 0.5318816
2026-06-23 19:54:57.592 10 WARNING neutron_lib.context [None req-bfb7db51-282a-43e9-bc20-840ca8cdbbee f2145ae66ae440a1b76b2598ee1cf878 f7d8c4147bc14cf2a7c7e5e7df542007 - - default default] Method 'is_advsvc' is deprecated since 2023.2 release (neutron-lib 3.8.0) and will be removed once support for the old RBAC API policies will be removed from Neutron. Please use method 'is_service_role' instead.
2026-06-23 19:54:57.838 10 WARNING neutron.scheduler.dhcp_agent_scheduler [None req-bfb7db51-282a-43e9-bc20-840ca8cdbbee f2145ae66ae440a1b76b2598ee1cf878 f7d8c4147bc14cf2a7c7e5e7df542007 - - default default] No more DHCP agents
2026-06-23 19:54:57.840 10 WARNING neutron.api.rpc.agentnotifiers.dhcp_rpc_agent_api [None req-bfb7db51-282a-43e9-bc20-840ca8cdbbee f2145ae66ae440a1b76b2598ee1cf878 f7d8c4147bc14cf2a7c7e5e7df542007 - - default default] Unable to schedule network 4b670e33-3ad6-4826-9be9-7552ece6b744: no agents available; will retry on subsequent port and subnet creation events.
2026-06-23 19:54:58.344 10 INFO neutron.db.ovn_revision_numbers_db [None req-bfb7db51-282a-43e9-bc20-840ca8cdbbee f2145ae66ae440a1b76b2598ee1cf878 f7d8c4147bc14cf2a7c7e5e7df542007 - - default default] Successfully bumped revision number for resource ad4b73a3-807c-4e6c-8bc4-bf0f0b3b6e42 (type: ports) to 2
2026-06-23 19:54:58.393 10 INFO neutron.db.ovn_revision_numbers_db [None req-bfb7db51-282a-43e9-bc20-840ca8cdbbee f2145ae66ae440a1b76b2598ee1cf878 f7d8c4147bc14cf2a7c7e5e7df542007 - - default default] Successfully bumped revision number for resource ef7ac88e-3de6-41c3-a518-2bf75bf1880a (type: subnets) to 0
2026-06-23 19:54:58.407 10 INFO neutron.wsgi [None req-bfb7db51-282a-43e9-bc20-840ca8cdbbee f2145ae66ae440a1b76b2598ee1cf878 f7d8c4147bc14cf2a7c7e5e7df542007 - - default default] 10.0.0.134 "POST /v2.0/subnets HTTP/1.1" status: 201 len: 830 time: 0.8195517
2026-06-23 19:54:58.418 10 WARNING neutron_lib.context [None req-b296eac7-44bf-44c6-84c9-072506ce0366 f2145ae66ae440a1b76b2598ee1cf878 f7d8c4147bc14cf2a7c7e5e7df542007 - - default default] Method 'is_advsvc' is deprecated since 2023.2 release (neutron-lib 3.8.0) and will be removed once support for the old RBAC API policies will be removed from Neutron. Please use method 'is_service_role' instead.
2026-06-23 19:54:58.663 10 WARNING neutron.scheduler.dhcp_agent_scheduler [None req-b296eac7-44bf-44c6-84c9-072506ce0366 f2145ae66ae440a1b76b2598ee1cf878 f7d8c4147bc14cf2a7c7e5e7df542007 - - default default] No more DHCP agents
2026-06-23 19:54:58.665 10 WARNING neutron.api.rpc.agentnotifiers.dhcp_rpc_agent_api [None req-b296eac7-44bf-44c6-84c9-072506ce0366 f2145ae66ae440a1b76b2598ee1cf878 f7d8c4147bc14cf2a7c7e5e7df542007 - - default default] Unable to schedule network 4b670e33-3ad6-4826-9be9-7552ece6b744: no agents available; will retry on subsequent port and subnet creation events.
2026-06-23 19:54:58.693 10 INFO neutron.db.ovn_revision_numbers_db [None req-b296eac7-44bf-44c6-84c9-072506ce0366 f2145ae66ae440a1b76b2598ee1cf878 f7d8c4147bc14cf2a7c7e5e7df542007 - - default default] Successfully bumped revision number for resource 20ff5e2f-bebe-4aa5-8dd0-b98839e946bf (type: subnets) to 0
2026-06-23 19:54:58.708 10 INFO neutron.wsgi [None req-b296eac7-44bf-44c6-84c9-072506ce0366 f2145ae66ae440a1b76b2598ee1cf878 f7d8c4147bc14cf2a7c7e5e7df542007 - - default default] 10.0.0.134 "POST /v2.0/subnets HTTP/1.1" status: 201 len: 904 time: 0.2969122
2026-06-23 19:54:58.718 10 WARNING neutron_lib.context [None req-f0b4f2bb-1e8a-4f7f-8dae-9acbd9f9dd0b f2145ae66ae440a1b76b2598ee1cf878 f7d8c4147bc14cf2a7c7e5e7df542007 - - default default] Method 'is_advsvc' is deprecated since 2023.2 release (neutron-lib 3.8.0) and will be removed once support for the old RBAC API policies will be removed from Neutron. Please use method 'is_service_role' instead.
2026-06-23 19:54:59.220 10 WARNING neutron.scheduler.dhcp_agent_scheduler [None req-f0b4f2bb-1e8a-4f7f-8dae-9acbd9f9dd0b f2145ae66ae440a1b76b2598ee1cf878 f7d8c4147bc14cf2a7c7e5e7df542007 - - default default] No more DHCP agents
2026-06-23 19:54:59.225 10 WARNING neutron.api.rpc.agentnotifiers.dhcp_rpc_agent_api [None req-f0b4f2bb-1e8a-4f7f-8dae-9acbd9f9dd0b f2145ae66ae440a1b76b2598ee1cf878 f7d8c4147bc14cf2a7c7e5e7df542007 - - default default] Unable to schedule network 5ba94b83-72f9-4064-9ccb-c40368783405: no agents available; will retry on subsequent port and subnet creation events.
2026-06-23 19:54:59.384 10 INFO neutron.db.ovn_revision_numbers_db [None req-f0b4f2bb-1e8a-4f7f-8dae-9acbd9f9dd0b f2145ae66ae440a1b76b2598ee1cf878 f7d8c4147bc14cf2a7c7e5e7df542007 - - default default] Successfully bumped revision number for resource 0660bf8e-9881-4949-beb7-e11257107214 (type: ports) to 1
2026-06-23 19:54:59.919 9 INFO neutron.plugins.ml2.drivers.ovn.mech_driver.mech_driver [None req-795fba2b-7bfd-4e92-b3fb-b4f3ec7fd546 - - - - - -] OVN reports status up for port: 0660bf8e-9881-4949-beb7-e11257107214
2026-06-23 19:54:59.931 9 INFO neutron.plugins.ml2.plugin [None req-795fba2b-7bfd-4e92-b3fb-b4f3ec7fd546 - - - - - -] Attempt 1 to provision port 0660bf8e-9881-4949-beb7-e11257107214
2026-06-23 19:54:59.945 10 INFO neutron.plugins.ml2.drivers.ovn.mech_driver.ovsdb.ovsdb_monitor [None req-4f1edff2-fd6e-49b9-a487-581d6cd2b22c - - - - - -] Router 2785db41-6e62-4a97-b759-7d6581568217 is bound to host instance
2026-06-23 19:54:59.979 10 INFO neutron.db.ovn_revision_numbers_db [None req-f0b4f2bb-1e8a-4f7f-8dae-9acbd9f9dd0b f2145ae66ae440a1b76b2598ee1cf878 f7d8c4147bc14cf2a7c7e5e7df542007 - - default default] Successfully bumped revision number for resource 0660bf8e-9881-4949-beb7-e11257107214 (type: router_ports) to 1
2026-06-23 19:55:00.076 10 INFO neutron.db.ovn_revision_numbers_db [None req-f0b4f2bb-1e8a-4f7f-8dae-9acbd9f9dd0b f2145ae66ae440a1b76b2598ee1cf878 f7d8c4147bc14cf2a7c7e5e7df542007 - - default default] Successfully bumped revision number for resource 2785db41-6e62-4a97-b759-7d6581568217 (type: routers) to 2
2026-06-23 19:55:00.096 10 INFO neutron.wsgi [None req-f0b4f2bb-1e8a-4f7f-8dae-9acbd9f9dd0b f2145ae66ae440a1b76b2598ee1cf878 f7d8c4147bc14cf2a7c7e5e7df542007 - - default default] 10.0.0.134 "POST /v2.0/routers HTTP/1.1" status: 201 len: 865 time: 1.3832934
2026-06-23 19:55:00.456 9 INFO neutron.wsgi [-] 10.0.0.202 "GET / HTTP/1.1" status: 200 len: 247 time: 0.0016685
2026-06-23 19:55:00.458 9 INFO neutron.wsgi [-] 10.0.0.202 "GET / HTTP/1.1" status: 200 len: 247 time: 0.0014246
2026-06-23 19:55:00.683 9 WARNING neutron.scheduler.dhcp_agent_scheduler [None req-63a5b5aa-4143-441d-ab9a-93ad8b6ed066 f2145ae66ae440a1b76b2598ee1cf878 f7d8c4147bc14cf2a7c7e5e7df542007 - - default default] No more DHCP agents
2026-06-23 19:55:00.686 9 WARNING neutron.api.rpc.agentnotifiers.dhcp_rpc_agent_api [None req-63a5b5aa-4143-441d-ab9a-93ad8b6ed066 f2145ae66ae440a1b76b2598ee1cf878 f7d8c4147bc14cf2a7c7e5e7df542007 - - default default] Unable to schedule network c19b327c-f79e-49e3-bf4b-908e34c2573c: no agents available; will retry on subsequent port and subnet creation events.
2026-06-23 19:55:00.792 10 INFO neutron.db.ovn_revision_numbers_db [None req-4f1edff2-fd6e-49b9-a487-581d6cd2b22c - - - - - -] Successfully bumped revision number for resource 0660bf8e-9881-4949-beb7-e11257107214 (type: ports) to 1
2026-06-23 19:55:00.876 9 INFO neutron.db.ovn_revision_numbers_db [None req-63a5b5aa-4143-441d-ab9a-93ad8b6ed066 f2145ae66ae440a1b76b2598ee1cf878 f7d8c4147bc14cf2a7c7e5e7df542007 - - default default] Successfully bumped revision number for resource 838aad58-b692-40b3-a759-09abc7b81069 (type: ports) to 1
2026-06-23 19:55:01.070 10 INFO neutron.db.ovn_revision_numbers_db [None req-4f1edff2-fd6e-49b9-a487-581d6cd2b22c - - - - - -] Successfully bumped revision number for resource 0660bf8e-9881-4949-beb7-e11257107214 (type: router_ports) to 3
2026-06-23 19:55:01.184 10 INFO neutron.wsgi [None req-a64f1824-7f07-443b-87b6-381cd321ad1f 6f22c35928494171891429412d0878a7 961d8885eda1406b87c01267346839e8 - - default default] 10.0.0.226 "GET /v2.0/floatingips HTTP/1.1" status: 200 len: 1036 time: 0.1336513
2026-06-23 19:55:01.205 10 INFO neutron.wsgi [None req-1f940394-df12-4b55-8f55-fd7567b522fd 6f22c35928494171891429412d0878a7 961d8885eda1406b87c01267346839e8 - - default default] 10.0.0.226 "GET /v2.0/agents HTTP/1.1" status: 200 len: 997 time: 0.0193524
2026-06-23 19:55:01.243 10 INFO neutron.wsgi [None req-04a732af-301d-4e0c-8370-1ab01b2ecf7b 6f22c35928494171891429412d0878a7 961d8885eda1406b87c01267346839e8 - - default default] 10.0.0.226 "GET /v2.0/network-ip-availabilities HTTP/1.1" status: 200 len: 3807 time: 0.0345194
2026-06-23 19:55:01.296 10 INFO neutron.wsgi [None req-705c5c47-cda3-4c04-b77a-05e1f0da9087 6f22c35928494171891429412d0878a7 961d8885eda1406b87c01267346839e8 - - default default] 10.0.0.226 "GET /v2.0/subnets HTTP/1.1" status: 200 len: 6136 time: 0.0505123
2026-06-23 19:55:01.313 10 INFO neutron.wsgi [None req-9f36ef87-a0af-4579-b93b-d789b9eff588 6f22c35928494171891429412d0878a7 961d8885eda1406b87c01267346839e8 - - default default] 10.0.0.226 "GET /v2.0/subnetpools HTTP/1.1" status: 200 len: 193 time: 0.0120802
2026-06-23 19:55:01.380 10 INFO neutron.db.ovn_revision_numbers_db [None req-4f1edff2-fd6e-49b9-a487-581d6cd2b22c - - - - - -] Successfully bumped revision number for resource 0660bf8e-9881-4949-beb7-e11257107214 (type: ports) to 2
2026-06-23 19:55:01.438 10 INFO neutron.wsgi [None req-04830543-cb68-491b-9b8f-96d0c3cf1461 6f22c35928494171891429412d0878a7 961d8885eda1406b87c01267346839e8 - - default default] 10.0.0.226 "GET /v2.0/networks HTTP/1.1" status: 200 len: 5465 time: 0.1245697
2026-06-23 19:55:01.471 9 INFO neutron.db.ovn_revision_numbers_db [None req-63a5b5aa-4143-441d-ab9a-93ad8b6ed066 f2145ae66ae440a1b76b2598ee1cf878 f7d8c4147bc14cf2a7c7e5e7df542007 - - default default] Successfully bumped revision number for resource 838aad58-b692-40b3-a759-09abc7b81069 (type: router_ports) to 1
2026-06-23 19:55:01.497 10 INFO neutron.wsgi [None req-c9c3399d-e08b-430a-a713-e5baccfdcc64 6f22c35928494171891429412d0878a7 961d8885eda1406b87c01267346839e8 - - default default] 10.0.0.226 "GET /v2.0/subnets HTTP/1.1" status: 200 len: 6136 time: 0.0542483
2026-06-23 19:55:01.596 10 INFO neutron.wsgi [None req-c7bc6bc6-b559-4bff-ac20-2590d86a9443 6f22c35928494171891429412d0878a7 961d8885eda1406b87c01267346839e8 - - default default] 10.0.0.226 "GET /v2.0/routers HTTP/1.1" status: 200 len: 1521 time: 0.0937221
2026-06-23 19:55:01.612 10 INFO neutron.wsgi [None req-b3f8d7eb-a7a0-44e6-a967-506d8c97a69a 6f22c35928494171891429412d0878a7 961d8885eda1406b87c01267346839e8 - - default default] 10.0.0.226 "GET /v2.0/agents?binary=ovn-controller HTTP/1.1" status: 200 len: 591 time: 0.0143247
2026-06-23 19:55:01.625 9 INFO neutron.db.ovn_revision_numbers_db [None req-63a5b5aa-4143-441d-ab9a-93ad8b6ed066 f2145ae66ae440a1b76b2598ee1cf878 f7d8c4147bc14cf2a7c7e5e7df542007 - - default default] Successfully bumped revision number for resource 838aad58-b692-40b3-a759-09abc7b81069 (type: ports) to 1
2026-06-23 19:55:01.698 10 INFO neutron.wsgi [None req-7e17892e-2df1-4531-99c7-d97f9aa5acde 6f22c35928494171891429412d0878a7 961d8885eda1406b87c01267346839e8 - - default default] 10.0.0.226 "GET /v2.0/security-groups HTTP/1.1" status: 200 len: 27455 time: 0.0841064
2026-06-23 19:55:01.699 9 WARNING neutron.scheduler.dhcp_agent_scheduler [None req-63a5b5aa-4143-441d-ab9a-93ad8b6ed066 f2145ae66ae440a1b76b2598ee1cf878 f7d8c4147bc14cf2a7c7e5e7df542007 - - default default] No more DHCP agents
2026-06-23 19:55:01.701 9 WARNING neutron.api.rpc.agentnotifiers.dhcp_rpc_agent_api [None req-63a5b5aa-4143-441d-ab9a-93ad8b6ed066 f2145ae66ae440a1b76b2598ee1cf878 f7d8c4147bc14cf2a7c7e5e7df542007 - - default default] Unable to schedule network c19b327c-f79e-49e3-bf4b-908e34c2573c: no agents available; will retry on subsequent port and subnet creation events.
2026-06-23 19:55:01.806 10 INFO neutron.wsgi [None req-c56ba30b-20c8-415f-9580-1b86d42d4d03 6f22c35928494171891429412d0878a7 961d8885eda1406b87c01267346839e8 - - default default] 10.0.0.226 "GET /v2.0/ports HTTP/1.1" status: 200 len: 16066 time: 0.0987077
2026-06-23 19:55:01.835 10 INFO neutron.db.ovn_revision_numbers_db [None req-4f1edff2-fd6e-49b9-a487-581d6cd2b22c - - - - - -] Successfully bumped revision number for resource 0660bf8e-9881-4949-beb7-e11257107214 (type: ports) to 4
2026-06-23 19:55:01.986 9 INFO neutron.db.ovn_revision_numbers_db [None req-63a5b5aa-4143-441d-ab9a-93ad8b6ed066 f2145ae66ae440a1b76b2598ee1cf878 f7d8c4147bc14cf2a7c7e5e7df542007 - - default default] Successfully bumped revision number for resource 838aad58-b692-40b3-a759-09abc7b81069 (type: router_ports) to 1
2026-06-23 19:55:01.988 9 INFO neutron.wsgi [None req-63a5b5aa-4143-441d-ab9a-93ad8b6ed066 f2145ae66ae440a1b76b2598ee1cf878 f7d8c4147bc14cf2a7c7e5e7df542007 - - default default] 10.0.0.134 "PUT /v2.0/routers/2785db41-6e62-4a97-b759-7d6581568217/add_router_interface HTTP/1.1" status: 200 len: 503 time: 1.8871515
2026-06-23 19:55:02.013 10 INFO neutron.db.ovn_revision_numbers_db [None req-4f1edff2-fd6e-49b9-a487-581d6cd2b22c - - - - - -] Successfully bumped revision number for resource 0660bf8e-9881-4949-beb7-e11257107214 (type: router_ports) to 4
2026-06-23 19:55:02.295 9 INFO neutron.plugins.ml2.drivers.ovn.mech_driver.mech_driver [None req-795fba2b-7bfd-4e92-b3fb-b4f3ec7fd546 - - - - - -] OVN reports status up for port: 838aad58-b692-40b3-a759-09abc7b81069
2026-06-23 19:55:02.304 9 INFO neutron.plugins.ml2.plugin [None req-795fba2b-7bfd-4e92-b3fb-b4f3ec7fd546 - - - - - -] Attempt 1 to provision port 838aad58-b692-40b3-a759-09abc7b81069
2026-06-23 19:55:02.871 9 WARNING neutron.scheduler.dhcp_agent_scheduler [None req-cc325d23-577a-4e94-b6d4-2004315b4f05 f2145ae66ae440a1b76b2598ee1cf878 f7d8c4147bc14cf2a7c7e5e7df542007 - - default default] No more DHCP agents
2026-06-23 19:55:02.878 9 WARNING neutron.api.rpc.agentnotifiers.dhcp_rpc_agent_api [None req-cc325d23-577a-4e94-b6d4-2004315b4f05 f2145ae66ae440a1b76b2598ee1cf878 f7d8c4147bc14cf2a7c7e5e7df542007 - - default default] Unable to schedule network 251e77ef-b7be-4bed-8a84-cac079d66797: no agents available; will retry on subsequent port and subnet creation events.
2026-06-23 19:55:02.964 9 INFO neutron.db.ovn_revision_numbers_db [None req-795fba2b-7bfd-4e92-b3fb-b4f3ec7fd546 - - - - - -] Successfully bumped revision number for resource 838aad58-b692-40b3-a759-09abc7b81069 (type: ports) to 2
2026-06-23 19:55:03.080 9 INFO neutron.wsgi [req-1ece122d-91f4-465e-81d5-024861ca9601 req-a7385707-6285-4573-bd1f-0707d2f80482 39537b15b6f64acc8738842b08f06cb9 e2d8cef52b21446aa0a6796a1833aab2 - - 6eb6ce9b6118458484f4d70dda1ea4c6 6eb6ce9b6118458484f4d70dda1ea4c6] 10.0.0.76 "GET /v2.0/ports?device_id=012fbd6d-6f73-4f9a-b7b4-82520946c190 HTTP/1.1" status: 200 len: 1413 time: 0.0723081
2026-06-23 19:55:03.122 9 INFO neutron.db.ovn_revision_numbers_db [None req-795fba2b-7bfd-4e92-b3fb-b4f3ec7fd546 - - - - - -] Successfully bumped revision number for resource 838aad58-b692-40b3-a759-09abc7b81069 (type: router_ports) to 2
2026-06-23 19:55:03.177 9 INFO neutron.wsgi [req-1ece122d-91f4-465e-81d5-024861ca9601 req-13817305-b487-4ba5-bb63-264e8d0b5116 39537b15b6f64acc8738842b08f06cb9 e2d8cef52b21446aa0a6796a1833aab2 - - 6eb6ce9b6118458484f4d70dda1ea4c6 6eb6ce9b6118458484f4d70dda1ea4c6] 10.0.0.76 "GET /v2.0/security-groups?id=e2d5ea8e-9ad7-46db-b5cc-504779d50f5b&fields=id&fields=name HTTP/1.1" status: 200 len: 312 time: 0.0873303
2026-06-23 19:55:03.221 9 INFO neutron.db.ovn_revision_numbers_db [None req-cc325d23-577a-4e94-b6d4-2004315b4f05 f2145ae66ae440a1b76b2598ee1cf878 f7d8c4147bc14cf2a7c7e5e7df542007 - - default default] Successfully bumped revision number for resource edce4f5a-f740-4aca-a2c5-d0a8d8248fbd (type: ports) to 1
2026-06-23 19:55:03.804 9 INFO neutron.db.ovn_revision_numbers_db [None req-cc325d23-577a-4e94-b6d4-2004315b4f05 f2145ae66ae440a1b76b2598ee1cf878 f7d8c4147bc14cf2a7c7e5e7df542007 - - default default] Successfully bumped revision number for resource edce4f5a-f740-4aca-a2c5-d0a8d8248fbd (type: router_ports) to 1
2026-06-23 19:55:03.992 9 INFO neutron.db.ovn_revision_numbers_db [None req-cc325d23-577a-4e94-b6d4-2004315b4f05 f2145ae66ae440a1b76b2598ee1cf878 f7d8c4147bc14cf2a7c7e5e7df542007 - - default default] Successfully bumped revision number for resource edce4f5a-f740-4aca-a2c5-d0a8d8248fbd (type: ports) to 1
2026-06-23 19:55:04.081 9 WARNING neutron.scheduler.dhcp_agent_scheduler [None req-cc325d23-577a-4e94-b6d4-2004315b4f05 f2145ae66ae440a1b76b2598ee1cf878 f7d8c4147bc14cf2a7c7e5e7df542007 - - default default] No more DHCP agents
2026-06-23 19:55:04.083 9 WARNING neutron.api.rpc.agentnotifiers.dhcp_rpc_agent_api [None req-cc325d23-577a-4e94-b6d4-2004315b4f05 f2145ae66ae440a1b76b2598ee1cf878 f7d8c4147bc14cf2a7c7e5e7df542007 - - default default] Unable to schedule network 251e77ef-b7be-4bed-8a84-cac079d66797: no agents available; will retry on subsequent port and subnet creation events.
2026-06-23 19:55:04.108 10 INFO neutron.wsgi [None req-2f16b1bc-7da3-4772-a543-a8908c55d473 f79af92254444831bccb341611890d1a 58424e44d6d24ea4b61b643d809f09f6 - - default default] 10.0.0.134 "GET /v2.0/ports?project_id=52cf06367fc941799821e1f6516327aa&network_id=462b6cb3-77d8-4915-a737-9df27e57c628 HTTP/1.1" status: 200 len: 3514 time: 0.0650656
2026-06-23 19:55:04.412 10 INFO neutron.wsgi [None req-9a936f5d-ffdf-4153-9f73-4c500b2aba91 f79af92254444831bccb341611890d1a 58424e44d6d24ea4b61b643d809f09f6 - - default default] 10.0.0.134 "GET /v2.0/subnets?network_id=5ba94b83-72f9-4064-9ccb-c40368783405 HTTP/1.1" status: 200 len: 838 time: 0.0414708
2026-06-23 19:55:04.492 9 INFO neutron.db.ovn_revision_numbers_db [None req-cc325d23-577a-4e94-b6d4-2004315b4f05 f2145ae66ae440a1b76b2598ee1cf878 f7d8c4147bc14cf2a7c7e5e7df542007 - - default default] Successfully bumped revision number for resource edce4f5a-f740-4aca-a2c5-d0a8d8248fbd (type: router_ports) to 1
2026-06-23 19:55:04.495 9 INFO neutron.wsgi [None req-cc325d23-577a-4e94-b6d4-2004315b4f05 f2145ae66ae440a1b76b2598ee1cf878 f7d8c4147bc14cf2a7c7e5e7df542007 - - default default] 10.0.0.134 "PUT /v2.0/routers/2785db41-6e62-4a97-b759-7d6581568217/add_router_interface HTTP/1.1" status: 200 len: 503 time: 2.5022111
2026-06-23 19:55:04.764 10 INFO neutron.db.l3_db [None req-2cab7bf4-5fca-4378-ba6e-e27c0c6220a8 d5dc867f4d1b4a48b4a2e5915daa8ced 52cf06367fc941799821e1f6516327aa - - default default] Floating IP 41df047b-ce23-4206-ab34-bdd356fa8c18 disassociated. External IP: 10.96.250.214, port: f091c444-6bef-4821-8d80-5d04a97e5b10.
2026-06-23 19:55:04.835 10 INFO neutron.db.ovn_revision_numbers_db [None req-2cab7bf4-5fca-4378-ba6e-e27c0c6220a8 d5dc867f4d1b4a48b4a2e5915daa8ced 52cf06367fc941799821e1f6516327aa - - default default] Successfully bumped revision number for resource 41df047b-ce23-4206-ab34-bdd356fa8c18 (type: floatingips) to 2
2026-06-23 19:55:04.920 10 INFO neutron.wsgi [None req-2cab7bf4-5fca-4378-ba6e-e27c0c6220a8 d5dc867f4d1b4a48b4a2e5915daa8ced 52cf06367fc941799821e1f6516327aa - - default default] 10.0.0.134 "PUT /v2.0/floatingips/41df047b-ce23-4206-ab34-bdd356fa8c18 HTTP/1.1" status: 200 len: 748 time: 0.3104951 /var/lib/openstack/lib/python3.10/site-packages/pycadf/identifier.py:71: UserWarning: Invalid uuid: neutron. To ensure interoperability, identifiers should be a valid uuid. warnings.warn(('Invalid uuid: %s. To ensure interoperability, '
2026-06-23 19:55:04.954 10 INFO neutron.wsgi [None req-cbcc455c-af87-4f80-8b09-12a8f0836784 d5dc867f4d1b4a48b4a2e5915daa8ced 52cf06367fc941799821e1f6516327aa - - default default] 10.0.0.134 "GET /v2.0/floatingips/41df047b-ce23-4206-ab34-bdd356fa8c18 HTTP/1.1" status: 200 len: 746 time: 0.0276599
2026-06-23 19:55:04.955 10 INFO neutron.notifiers.nova [-] Nova event matching ['req-967a1dd0-72e6-4671-99b7-d5c07813dc4e'] response: {'name': 'network-changed', 'server_uuid': '012fbd6d-6f73-4f9a-b7b4-82520946c190', 'tag': 'f091c444-6bef-4821-8d80-5d04a97e5b10', 'status': 'completed', 'code': 200}
2026-06-23 19:55:05.009 10 INFO neutron.wsgi [req-17388b1f-3395-4e89-9455-4ce8c8abc7b1 req-268ccbf1-f89b-4dba-a963-ee72121e7278 39537b15b6f64acc8738842b08f06cb9 e2d8cef52b21446aa0a6796a1833aab2 - - 6eb6ce9b6118458484f4d70dda1ea4c6 6eb6ce9b6118458484f4d70dda1ea4c6] 199.204.45.3 "GET /v2.0/ports?tenant_id=52cf06367fc941799821e1f6516327aa&device_id=012fbd6d-6f73-4f9a-b7b4-82520946c190 HTTP/1.1" status: 200 len: 1413 time: 0.0368626
2026-06-23 19:55:05.057 9 WARNING neutron.scheduler.dhcp_agent_scheduler [None req-c2915782-e01f-40b0-8362-f9f02e1d8d0d f2145ae66ae440a1b76b2598ee1cf878 f7d8c4147bc14cf2a7c7e5e7df542007 - - default default] No more DHCP agents
2026-06-23 19:55:05.061 9 WARNING neutron.api.rpc.agentnotifiers.dhcp_rpc_agent_api [None req-c2915782-e01f-40b0-8362-f9f02e1d8d0d f2145ae66ae440a1b76b2598ee1cf878 f7d8c4147bc14cf2a7c7e5e7df542007 - - default default] Unable to schedule network 4b670e33-3ad6-4826-9be9-7552ece6b744: no agents available; will retry on subsequent port and subnet creation events.
2026-06-23 19:55:05.092 10 INFO neutron.wsgi [req-17388b1f-3395-4e89-9455-4ce8c8abc7b1 req-8b381045-e6ed-4417-bc73-eadaf515d516 39537b15b6f64acc8738842b08f06cb9 e2d8cef52b21446aa0a6796a1833aab2 - - 6eb6ce9b6118458484f4d70dda1ea4c6 6eb6ce9b6118458484f4d70dda1ea4c6] 199.204.45.3 "GET /v2.0/networks?id=462b6cb3-77d8-4915-a737-9df27e57c628 HTTP/1.1" status: 200 len: 958 time: 0.0719042
2026-06-23 19:55:05.132 10 INFO neutron.wsgi [req-17388b1f-3395-4e89-9455-4ce8c8abc7b1 req-ba668594-8f44-4af0-a05e-653b26430d75 39537b15b6f64acc8738842b08f06cb9 e2d8cef52b21446aa0a6796a1833aab2 - - 6eb6ce9b6118458484f4d70dda1ea4c6 6eb6ce9b6118458484f4d70dda1ea4c6] 199.204.45.3 "GET /v2.0/floatingips?fixed_ip_address=10.100.0.12&port_id=f091c444-6bef-4821-8d80-5d04a97e5b10 HTTP/1.1" status: 200 len: 217 time: 0.0339580
2026-06-23 19:55:05.167 10 INFO neutron.wsgi [req-17388b1f-3395-4e89-9455-4ce8c8abc7b1 req-4db13071-f623-4a88-8ed4-9631da4914c9 39537b15b6f64acc8738842b08f06cb9 e2d8cef52b21446aa0a6796a1833aab2 - - 6eb6ce9b6118458484f4d70dda1ea4c6 6eb6ce9b6118458484f4d70dda1ea4c6] 199.204.45.3 "GET /v2.0/subnets?id=35365649-ff7b-45ce-b311-4cf5c1b333b7 HTTP/1.1" status: 200 len: 853 time: 0.0311868
2026-06-23 19:55:05.196 10 INFO neutron.wsgi [req-17388b1f-3395-4e89-9455-4ce8c8abc7b1 req-a000726d-51fe-4b03-8604-ba4ba3477cbd 39537b15b6f64acc8738842b08f06cb9 e2d8cef52b21446aa0a6796a1833aab2 - - 6eb6ce9b6118458484f4d70dda1ea4c6 6eb6ce9b6118458484f4d70dda1ea4c6] 199.204.45.3 "GET /v2.0/ports?network_id=462b6cb3-77d8-4915-a737-9df27e57c628&device_owner=network%3Adhcp HTTP/1.1" status: 200 len: 210 time: 0.0217421
2026-06-23 19:55:05.232 9 INFO neutron.db.ovn_revision_numbers_db [None req-c2915782-e01f-40b0-8362-f9f02e1d8d0d f2145ae66ae440a1b76b2598ee1cf878 f7d8c4147bc14cf2a7c7e5e7df542007 - - default default] Successfully bumped revision number for resource 50ed893a-7487-42b5-bea1-52ba0ecd24bf (type: ports) to 1
2026-06-23 19:55:05.275 10 INFO neutron.wsgi [req-17388b1f-3395-4e89-9455-4ce8c8abc7b1 req-3972aa44-0cd7-471e-9f78-24c30adeaa8f 39537b15b6f64acc8738842b08f06cb9 e2d8cef52b21446aa0a6796a1833aab2 - - 6eb6ce9b6118458484f4d70dda1ea4c6 6eb6ce9b6118458484f4d70dda1ea4c6] 199.204.45.3 "GET /v2.0/networks/462b6cb3-77d8-4915-a737-9df27e57c628?fields=segments HTTP/1.1" status: 200 len: 212 time: 0.0713949
2026-06-23 19:55:05.345 10 INFO neutron.wsgi [req-17388b1f-3395-4e89-9455-4ce8c8abc7b1 req-b3ae30a2-a71c-4c0a-814d-ccdd3cbaf814 39537b15b6f64acc8738842b08f06cb9 e2d8cef52b21446aa0a6796a1833aab2 - - 6eb6ce9b6118458484f4d70dda1ea4c6 6eb6ce9b6118458484f4d70dda1ea4c6] 199.204.45.3 "GET /v2.0/networks/462b6cb3-77d8-4915-a737-9df27e57c628?fields=provider%3Aphysical_network&fields=provider%3Anetwork_type HTTP/1.1" status: 200 len: 277 time: 0.0629940
2026-06-23 19:55:05.789 9 INFO neutron.db.ovn_revision_numbers_db [None req-c2915782-e01f-40b0-8362-f9f02e1d8d0d f2145ae66ae440a1b76b2598ee1cf878 f7d8c4147bc14cf2a7c7e5e7df542007 - - default default] Successfully bumped revision number for resource 50ed893a-7487-42b5-bea1-52ba0ecd24bf (type: router_ports) to 1
2026-06-23 19:55:05.990 9 INFO neutron.db.ovn_revision_numbers_db [None req-c2915782-e01f-40b0-8362-f9f02e1d8d0d f2145ae66ae440a1b76b2598ee1cf878 f7d8c4147bc14cf2a7c7e5e7df542007 - - default default] Successfully bumped revision number for resource 50ed893a-7487-42b5-bea1-52ba0ecd24bf (type: ports) to 1
2026-06-23 19:55:06.022 9 WARNING neutron_lib.context [None req-d0197b5f-6cac-47ea-864c-31ec941c8062 d5dc867f4d1b4a48b4a2e5915daa8ced 52cf06367fc941799821e1f6516327aa - - default default] Method 'is_advsvc' is deprecated since 2023.2 release (neutron-lib 3.8.0) and will be removed once support for the old RBAC API policies will be removed from Neutron. Please use method 'is_service_role' instead.
2026-06-23 19:55:06.090 9 WARNING neutron.scheduler.dhcp_agent_scheduler [None req-c2915782-e01f-40b0-8362-f9f02e1d8d0d f2145ae66ae440a1b76b2598ee1cf878 f7d8c4147bc14cf2a7c7e5e7df542007 - - default default] No more DHCP agents
2026-06-23 19:55:06.098 9 WARNING neutron.api.rpc.agentnotifiers.dhcp_rpc_agent_api [None req-c2915782-e01f-40b0-8362-f9f02e1d8d0d f2145ae66ae440a1b76b2598ee1cf878 f7d8c4147bc14cf2a7c7e5e7df542007 - - default default] Unable to schedule network 4b670e33-3ad6-4826-9be9-7552ece6b744: no agents available; will retry on subsequent port and subnet creation events.
2026-06-23 19:55:06.223 9 INFO neutron.db.ovn_revision_numbers_db [None req-d0197b5f-6cac-47ea-864c-31ec941c8062 d5dc867f4d1b4a48b4a2e5915daa8ced 52cf06367fc941799821e1f6516327aa - - default default] Successfully bumped revision number for resource 894dc2ec-f910-4cf7-80c3-438e50531505 (type: security_groups) to 1
2026-06-23 19:55:06.244 9 INFO neutron.db.ovn_revision_numbers_db [None req-d0197b5f-6cac-47ea-864c-31ec941c8062 d5dc867f4d1b4a48b4a2e5915daa8ced 52cf06367fc941799821e1f6516327aa - - default default] Successfully bumped revision number for resource 75c3860f-e05e-4b42-b25c-fa83236c877c (type: security_group_rules) to 0
2026-06-23 19:55:06.270 9 INFO neutron.db.ovn_revision_numbers_db [None req-d0197b5f-6cac-47ea-864c-31ec941c8062 d5dc867f4d1b4a48b4a2e5915daa8ced 52cf06367fc941799821e1f6516327aa - - default default] Successfully bumped revision number for resource 9be40409-831c-46c6-b5d5-d6cf92610372 (type: security_group_rules) to 0
2026-06-23 19:55:06.292 9 INFO neutron.wsgi [None req-d0197b5f-6cac-47ea-864c-31ec941c8062 d5dc867f4d1b4a48b4a2e5915daa8ced 52cf06367fc941799821e1f6516327aa - - default default] 10.0.0.134 "POST /v2.0/security-groups HTTP/1.1" status: 201 len: 1813 time: 0.2757421
2026-06-23 19:55:06.305 10 WARNING neutron_lib.context [None req-84472a52-bae6-45af-8e11-eb3d9e95f3fa d5dc867f4d1b4a48b4a2e5915daa8ced 52cf06367fc941799821e1f6516327aa - - default default] Method 'is_advsvc' is deprecated since 2023.2 release (neutron-lib 3.8.0) and will be removed once support for the old RBAC API policies will be removed from Neutron. Please use method 'is_service_role' instead.
2026-06-23 19:55:06.413 9 INFO neutron.db.ovn_revision_numbers_db [None req-c2915782-e01f-40b0-8362-f9f02e1d8d0d f2145ae66ae440a1b76b2598ee1cf878 f7d8c4147bc14cf2a7c7e5e7df542007 - - default default] Successfully bumped revision number for resource 50ed893a-7487-42b5-bea1-52ba0ecd24bf (type: router_ports) to 1
2026-06-23 19:55:06.415 9 INFO neutron.wsgi [None req-c2915782-e01f-40b0-8362-f9f02e1d8d0d f2145ae66ae440a1b76b2598ee1cf878 f7d8c4147bc14cf2a7c7e5e7df542007 - - default default] 10.0.0.134 "PUT /v2.0/routers/2785db41-6e62-4a97-b759-7d6581568217/add_router_interface HTTP/1.1" status: 200 len: 503 time: 1.9086385
2026-06-23 19:55:06.447 10 INFO neutron.db.ovn_revision_numbers_db [None req-84472a52-bae6-45af-8e11-eb3d9e95f3fa d5dc867f4d1b4a48b4a2e5915daa8ced 52cf06367fc941799821e1f6516327aa - - default default] Successfully bumped revision number for resource f395f2fb-895e-4c5e-8430-8b3390352ff0 (type: security_group_rules) to 0
2026-06-23 19:55:06.473 9 WARNING neutron_lib.context [None req-b97e9b49-e1b9-45fc-b393-d97afcec9d5b f2145ae66ae440a1b76b2598ee1cf878 f7d8c4147bc14cf2a7c7e5e7df542007 - - default default] Method 'is_advsvc' is deprecated since 2023.2 release (neutron-lib 3.8.0) and will be removed once support for the old RBAC API policies will be removed from Neutron. Please use method 'is_service_role' instead.
2026-06-23 19:55:06.476 10 INFO neutron.wsgi [None req-84472a52-bae6-45af-8e11-eb3d9e95f3fa d5dc867f4d1b4a48b4a2e5915daa8ced 52cf06367fc941799821e1f6516327aa - - default default] 10.0.0.134 "POST /v2.0/security-group-rules HTTP/1.1" status: 201 len: 764 time: 0.1777346
2026-06-23 19:55:06.485 9 WARNING neutron_lib.context [None req-a9aebf8b-10ee-469a-af77-a3e3f1196a0c d5dc867f4d1b4a48b4a2e5915daa8ced 52cf06367fc941799821e1f6516327aa - - default default] Method 'is_advsvc' is deprecated since 2023.2 release (neutron-lib 3.8.0) and will be removed once support for the old RBAC API policies will be removed from Neutron. Please use method 'is_service_role' instead.
2026-06-23 19:55:06.878 9 INFO neutron.db.ovn_revision_numbers_db [None req-b97e9b49-e1b9-45fc-b393-d97afcec9d5b f2145ae66ae440a1b76b2598ee1cf878 f7d8c4147bc14cf2a7c7e5e7df542007 - - default default] Successfully bumped revision number for resource a7bb2092-fada-4cec-9962-29dbdd82ffa5 (type: security_groups) to 1
2026-06-23 19:55:06.898 9 INFO neutron.db.ovn_revision_numbers_db [None req-b97e9b49-e1b9-45fc-b393-d97afcec9d5b f2145ae66ae440a1b76b2598ee1cf878 f7d8c4147bc14cf2a7c7e5e7df542007 - - default default] Successfully bumped revision number for resource 7ce4e768-5e54-4e05-b14b-950c15611ca2 (type: security_group_rules) to 0
2026-06-23 19:55:06.915 9 INFO neutron.db.ovn_revision_numbers_db [None req-b97e9b49-e1b9-45fc-b393-d97afcec9d5b f2145ae66ae440a1b76b2598ee1cf878 f7d8c4147bc14cf2a7c7e5e7df542007 - - default default] Successfully bumped revision number for resource 890b48f3-bcc9-4ed8-b2d1-06df36cc025f (type: security_group_rules) to 0
2026-06-23 19:55:06.921 9 INFO neutron.db.ovn_revision_numbers_db [None req-a9aebf8b-10ee-469a-af77-a3e3f1196a0c d5dc867f4d1b4a48b4a2e5915daa8ced 52cf06367fc941799821e1f6516327aa - - default default] Successfully bumped revision number for resource aeb4f7e4-b863-40b0-8285-0e6bab372a1d (type: security_group_rules) to 0
2026-06-23 19:55:06.936 9 INFO neutron.wsgi [None req-b97e9b49-e1b9-45fc-b393-d97afcec9d5b f2145ae66ae440a1b76b2598ee1cf878 f7d8c4147bc14cf2a7c7e5e7df542007 - - default default] 10.0.0.134 "POST /v2.0/security-groups HTTP/1.1" status: 201 len: 1766 time: 0.4706810
2026-06-23 19:55:06.947 9 WARNING neutron_lib.context [None req-1401c2cd-264d-400a-b3a0-866f54f48632 f2145ae66ae440a1b76b2598ee1cf878 f7d8c4147bc14cf2a7c7e5e7df542007 - - default default] Method 'is_advsvc' is deprecated since 2023.2 release (neutron-lib 3.8.0) and will be removed once support for the old RBAC API policies will be removed from Neutron. Please use method 'is_service_role' instead.
2026-06-23 19:55:06.966 9 INFO neutron.wsgi [None req-a9aebf8b-10ee-469a-af77-a3e3f1196a0c d5dc867f4d1b4a48b4a2e5915daa8ced 52cf06367fc941799821e1f6516327aa - - default default] 10.0.0.134 "POST /v2.0/security-group-rules HTTP/1.1" status: 201 len: 763 time: 0.4847362
2026-06-23 19:55:06.978 10 WARNING neutron_lib.context [None req-61af958e-e5d7-4aa6-88a6-d71e1e28979a d5dc867f4d1b4a48b4a2e5915daa8ced 52cf06367fc941799821e1f6516327aa - - default default] Method 'is_advsvc' is deprecated since 2023.2 release (neutron-lib 3.8.0) and will be removed once support for the old RBAC API policies will be removed from Neutron. Please use method 'is_service_role' instead.
2026-06-23 19:55:07.107 9 INFO neutron.db.ovn_revision_numbers_db [None req-1401c2cd-264d-400a-b3a0-866f54f48632 f2145ae66ae440a1b76b2598ee1cf878 f7d8c4147bc14cf2a7c7e5e7df542007 - - default default] Successfully bumped revision number for resource 56534d5c-424d-4c20-ab44-4cfd06d1ef89 (type: security_group_rules) to 0
2026-06-23 19:55:07.130 10 INFO neutron.db.ovn_revision_numbers_db [None req-61af958e-e5d7-4aa6-88a6-d71e1e28979a d5dc867f4d1b4a48b4a2e5915daa8ced 52cf06367fc941799821e1f6516327aa - - default default] Successfully bumped revision number for resource b10e3ac6-bb56-4f0c-8ca5-06138221637b (type: security_group_rules) to 0
2026-06-23 19:55:07.135 9 INFO neutron.wsgi [None req-1401c2cd-264d-400a-b3a0-866f54f48632 f2145ae66ae440a1b76b2598ee1cf878 f7d8c4147bc14cf2a7c7e5e7df542007 - - default default] 10.0.0.134 "POST /v2.0/security-group-rules HTTP/1.1" status: 201 len: 764 time: 0.1944020
2026-06-23 19:55:07.147 9 WARNING neutron_lib.context [None req-388dc6a0-644a-400f-9053-f85e6d31126f f2145ae66ae440a1b76b2598ee1cf878 f7d8c4147bc14cf2a7c7e5e7df542007 - - default default] Method 'is_advsvc' is deprecated since 2023.2 release (neutron-lib 3.8.0) and will be removed once support for the old RBAC API policies will be removed from Neutron. Please use method 'is_service_role' instead.
2026-06-23 19:55:07.158 10 INFO neutron.wsgi [None req-61af958e-e5d7-4aa6-88a6-d71e1e28979a d5dc867f4d1b4a48b4a2e5915daa8ced 52cf06367fc941799821e1f6516327aa - - default default] 10.0.0.134 "POST /v2.0/security-group-rules HTTP/1.1" status: 201 len: 769 time: 0.1873884
2026-06-23 19:55:07.169 9 WARNING neutron_lib.context [None req-6f1c7aa5-4195-43d1-b5f9-9f47543d8e07 d5dc867f4d1b4a48b4a2e5915daa8ced 52cf06367fc941799821e1f6516327aa - - default default] Method 'is_advsvc' is deprecated since 2023.2 release (neutron-lib 3.8.0) and will be removed once support for the old RBAC API policies will be removed from Neutron. Please use method 'is_service_role' instead.
2026-06-23 19:55:07.288 9 INFO neutron.db.ovn_revision_numbers_db [None req-388dc6a0-644a-400f-9053-f85e6d31126f f2145ae66ae440a1b76b2598ee1cf878 f7d8c4147bc14cf2a7c7e5e7df542007 - - default default] Successfully bumped revision number for resource 868cca78-07c9-42ab-a37b-75f8e3d1da3b (type: security_group_rules) to 0
2026-06-23 19:55:07.309 9 INFO neutron.db.ovn_revision_numbers_db [None req-6f1c7aa5-4195-43d1-b5f9-9f47543d8e07 d5dc867f4d1b4a48b4a2e5915daa8ced 52cf06367fc941799821e1f6516327aa - - default default] Successfully bumped revision number for resource 037bb5e2-4467-4fa4-9034-30d9fcfb4dcd (type: security_group_rules) to 0
2026-06-23 19:55:07.314 9 INFO neutron.wsgi [None req-388dc6a0-644a-400f-9053-f85e6d31126f f2145ae66ae440a1b76b2598ee1cf878 f7d8c4147bc14cf2a7c7e5e7df542007 - - default default] 10.0.0.134 "POST /v2.0/security-group-rules HTTP/1.1" status: 201 len: 764 time: 0.1717515
2026-06-23 19:55:07.324 10 WARNING neutron_lib.context [None req-cc0da6d1-5176-4890-9632-f86cd1c3271a f2145ae66ae440a1b76b2598ee1cf878 f7d8c4147bc14cf2a7c7e5e7df542007 - - default default] Method 'is_advsvc' is deprecated since 2023.2 release (neutron-lib 3.8.0) and will be removed once support for the old RBAC API policies will be removed from Neutron. Please use method 'is_service_role' instead.
2026-06-23 19:55:07.331 9 INFO neutron.wsgi [None req-6f1c7aa5-4195-43d1-b5f9-9f47543d8e07 d5dc867f4d1b4a48b4a2e5915daa8ced 52cf06367fc941799821e1f6516327aa - - default default] 10.0.0.134 "POST /v2.0/security-group-rules HTTP/1.1" status: 201 len: 768 time: 0.1680357
2026-06-23 19:55:07.341 9 WARNING neutron_lib.context [None req-4025685c-65d4-4447-9a7c-05f2b76c8d2b d5dc867f4d1b4a48b4a2e5915daa8ced 52cf06367fc941799821e1f6516327aa - - default default] Method 'is_advsvc' is deprecated since 2023.2 release (neutron-lib 3.8.0) and will be removed once support for the old RBAC API policies will be removed from Neutron. Please use method 'is_service_role' instead.
2026-06-23 19:55:07.360 9 INFO neutron.db.securitygroups_db [None req-4025685c-65d4-4447-9a7c-05f2b76c8d2b d5dc867f4d1b4a48b4a2e5915daa8ced 52cf06367fc941799821e1f6516327aa - - default default] Project 52cf06367fc941799821e1f6516327aa added a security group rule with legacy IPv6 ICMP protocol name icmp, ipv6-icmp should be used instead. It was automatically converted.
2026-06-23 19:55:07.441 10 INFO neutron.db.ovn_revision_numbers_db [None req-cc0da6d1-5176-4890-9632-f86cd1c3271a f2145ae66ae440a1b76b2598ee1cf878 f7d8c4147bc14cf2a7c7e5e7df542007 - - default default] Successfully bumped revision number for resource 7fd57a3b-e578-4afe-9052-70996a803f33 (type: security_group_rules) to 0
2026-06-23 19:55:07.451 9 INFO neutron.db.ovn_revision_numbers_db [None req-4025685c-65d4-4447-9a7c-05f2b76c8d2b d5dc867f4d1b4a48b4a2e5915daa8ced 52cf06367fc941799821e1f6516327aa - - default default] Successfully bumped revision number for resource 907b7d77-5fc5-461c-a98c-ddb898a03843 (type: security_group_rules) to 0
2026-06-23 19:55:07.464 10 INFO neutron.wsgi [None req-cc0da6d1-5176-4890-9632-f86cd1c3271a f2145ae66ae440a1b76b2598ee1cf878 f7d8c4147bc14cf2a7c7e5e7df542007 - - default default] 10.0.0.134 "POST /v2.0/security-group-rules HTTP/1.1" status: 201 len: 766 time: 0.1452000
2026-06-23 19:55:07.474 9 WARNING neutron_lib.context [None req-bd045247-6aaa-4297-b490-018081a88ea7 f2145ae66ae440a1b76b2598ee1cf878 f7d8c4147bc14cf2a7c7e5e7df542007 - - default default] Method 'is_advsvc' is deprecated since 2023.2 release (neutron-lib 3.8.0) and will be removed once support for the old RBAC API policies will be removed from Neutron. Please use method 'is_service_role' instead.
2026-06-23 19:55:07.479 9 INFO neutron.wsgi [None req-4025685c-65d4-4447-9a7c-05f2b76c8d2b d5dc867f4d1b4a48b4a2e5915daa8ced 52cf06367fc941799821e1f6516327aa - - default default] 10.0.0.134 "POST /v2.0/security-group-rules HTTP/1.1" status: 201 len: 774 time: 0.1424377
2026-06-23 19:55:07.490 9 WARNING neutron_lib.context [None req-88c74aff-35ac-463e-b860-8503f3a34cf7 d5dc867f4d1b4a48b4a2e5915daa8ced 52cf06367fc941799821e1f6516327aa - - default default] Method 'is_advsvc' is deprecated since 2023.2 release (neutron-lib 3.8.0) and will be removed once support for the old RBAC API policies will be removed from Neutron. Please use method 'is_service_role' instead.
2026-06-23 19:55:07.506 9 INFO neutron.db.securitygroups_db [None req-88c74aff-35ac-463e-b860-8503f3a34cf7 d5dc867f4d1b4a48b4a2e5915daa8ced 52cf06367fc941799821e1f6516327aa - - default default] Project 52cf06367fc941799821e1f6516327aa added a security group rule with legacy IPv6 ICMP protocol name icmp, ipv6-icmp should be used instead. It was automatically converted.
2026-06-23 19:55:07.619 9 INFO neutron.db.ovn_revision_numbers_db [None req-bd045247-6aaa-4297-b490-018081a88ea7 f2145ae66ae440a1b76b2598ee1cf878 f7d8c4147bc14cf2a7c7e5e7df542007 - - default default] Successfully bumped revision number for resource 2b906ea0-3e84-42c5-9bb6-e9faeca5347c (type: security_group_rules) to 0
2026-06-23 19:55:07.621 9 INFO neutron.db.ovn_revision_numbers_db [None req-88c74aff-35ac-463e-b860-8503f3a34cf7 d5dc867f4d1b4a48b4a2e5915daa8ced 52cf06367fc941799821e1f6516327aa - - default default] Successfully bumped revision number for resource 3f8f0d8f-10b9-4a8f-9032-1569484e5fd8 (type: security_group_rules) to 0
2026-06-23 19:55:07.645 9 INFO neutron.wsgi [None req-bd045247-6aaa-4297-b490-018081a88ea7 f2145ae66ae440a1b76b2598ee1cf878 f7d8c4147bc14cf2a7c7e5e7df542007 - - default default] 10.0.0.134 "POST /v2.0/security-group-rules HTTP/1.1" status: 201 len: 768 time: 0.1765316
2026-06-23 19:55:07.648 9 INFO neutron.wsgi [None req-88c74aff-35ac-463e-b860-8503f3a34cf7 d5dc867f4d1b4a48b4a2e5915daa8ced 52cf06367fc941799821e1f6516327aa - - default default] 10.0.0.134 "POST /v2.0/security-group-rules HTTP/1.1" status: 201 len: 773 time: 0.1638076
2026-06-23 19:55:07.657 9 WARNING neutron_lib.context [None req-c4c3ac25-f351-4531-b59c-da790de02976 f2145ae66ae440a1b76b2598ee1cf878 f7d8c4147bc14cf2a7c7e5e7df542007 - - default default] Method 'is_advsvc' is deprecated since 2023.2 release (neutron-lib 3.8.0) and will be removed once support for the old RBAC API policies will be removed from Neutron. Please use method 'is_service_role' instead.
2026-06-23 19:55:07.795 9 INFO neutron.db.ovn_revision_numbers_db [None req-c4c3ac25-f351-4531-b59c-da790de02976 f2145ae66ae440a1b76b2598ee1cf878 f7d8c4147bc14cf2a7c7e5e7df542007 - - default default] Successfully bumped revision number for resource 82f1b403-2b35-4d5c-9cdf-29d5dd3026bf (type: security_group_rules) to 0
2026-06-23 19:55:07.821 9 INFO neutron.wsgi [None req-c4c3ac25-f351-4531-b59c-da790de02976 f2145ae66ae440a1b76b2598ee1cf878 f7d8c4147bc14cf2a7c7e5e7df542007 - - default default] 10.0.0.134 "POST /v2.0/security-group-rules HTTP/1.1" status: 201 len: 768 time: 0.1673012
2026-06-23 19:55:07.831 9 WARNING neutron_lib.context [None req-57fb720a-fa94-4abc-afb9-e16758d73444 f2145ae66ae440a1b76b2598ee1cf878 f7d8c4147bc14cf2a7c7e5e7df542007 - - default default] Method 'is_advsvc' is deprecated since 2023.2 release (neutron-lib 3.8.0) and will be removed once support for the old RBAC API policies will be removed from Neutron. Please use method 'is_service_role' instead.
2026-06-23 19:55:07.958 9 INFO neutron.db.ovn_revision_numbers_db [None req-57fb720a-fa94-4abc-afb9-e16758d73444 f2145ae66ae440a1b76b2598ee1cf878 f7d8c4147bc14cf2a7c7e5e7df542007 - - default default] Successfully bumped revision number for resource 82767dda-93c3-4cb2-90d8-3801dccc91d0 (type: security_group_rules) to 0
2026-06-23 19:55:07.981 9 INFO neutron.wsgi [None req-57fb720a-fa94-4abc-afb9-e16758d73444 f2145ae66ae440a1b76b2598ee1cf878 f7d8c4147bc14cf2a7c7e5e7df542007 - - default default] 10.0.0.134 "POST /v2.0/security-group-rules HTTP/1.1" status: 201 len: 764 time: 0.1544816
2026-06-23 19:55:07.991 9 WARNING neutron_lib.context [None req-7d85ba79-47c7-462a-b54b-b0d72c3477bc f2145ae66ae440a1b76b2598ee1cf878 f7d8c4147bc14cf2a7c7e5e7df542007 - - default default] Method 'is_advsvc' is deprecated since 2023.2 release (neutron-lib 3.8.0) and will be removed once support for the old RBAC API policies will be removed from Neutron. Please use method 'is_service_role' instead.
2026-06-23 19:55:08.113 9 WARNING neutron.plugins.ml2.drivers.ovn.mech_driver.ovsdb.ovn_client [None req-795fba2b-7bfd-4e92-b3fb-b4f3ec7fd546 - - - - - -] No hosting information found for port 838aad58-b692-40b3-a759-09abc7b81069: RuntimeError: No hosting information found for port 838aad58-b692-40b3-a759-09abc7b81069
2026-06-23 19:55:08.113 9 INFO neutron.plugins.ml2.drivers.ovn.mech_driver.mech_driver [None req-795fba2b-7bfd-4e92-b3fb-b4f3ec7fd546 - - - - - -] OVN reports status up for port: edce4f5a-f740-4aca-a2c5-d0a8d8248fbd
2026-06-23 19:55:08.125 9 INFO neutron.plugins.ml2.plugin [None req-795fba2b-7bfd-4e92-b3fb-b4f3ec7fd546 - - - - - -] Attempt 1 to provision port edce4f5a-f740-4aca-a2c5-d0a8d8248fbd
2026-06-23 19:55:08.160 9 INFO neutron.db.ovn_revision_numbers_db [None req-7d85ba79-47c7-462a-b54b-b0d72c3477bc f2145ae66ae440a1b76b2598ee1cf878 f7d8c4147bc14cf2a7c7e5e7df542007 - - default default] Successfully bumped revision number for resource 0ccafe4e-b17a-4a9c-96c1-7f4db275bc3f (type: security_group_rules) to 0
2026-06-23 19:55:08.185 10 INFO neutron.wsgi [None req-2ccaa921-f34b-47e8-bb71-d2699b3a0f75 d5dc867f4d1b4a48b4a2e5915daa8ced 52cf06367fc941799821e1f6516327aa - - default default] 10.0.0.134 "GET /v2.0/networks HTTP/1.1" status: 200 len: 1492 time: 0.1792877
2026-06-23 19:55:08.194 9 INFO neutron.wsgi [None req-7d85ba79-47c7-462a-b54b-b0d72c3477bc f2145ae66ae440a1b76b2598ee1cf878 f7d8c4147bc14cf2a7c7e5e7df542007 - - default default] 10.0.0.134 "POST /v2.0/security-group-rules HTTP/1.1" status: 201 len: 764 time: 0.2073045
2026-06-23 19:55:08.214 9 WARNING neutron_lib.context [None req-56573f94-89ef-4524-a0a3-93242e7402b4 f2145ae66ae440a1b76b2598ee1cf878 f7d8c4147bc14cf2a7c7e5e7df542007 - - default default] Method 'is_advsvc' is deprecated since 2023.2 release (neutron-lib 3.8.0) and will be removed once support for the old RBAC API policies will be removed from Neutron. Please use method 'is_service_role' instead.
2026-06-23 19:55:08.307 10 INFO neutron.wsgi [req-919b67fd-1932-4d46-b27d-2807f2e40629 req-ad3897f7-b17e-4fe8-8617-3b812fd7db9c d5dc867f4d1b4a48b4a2e5915daa8ced 52cf06367fc941799821e1f6516327aa - - default default] 10.0.0.195 "GET /v2.0/security-groups?name=tempest-secgroup-smoke-1067275994&fields=id&tenant_id=52cf06367fc941799821e1f6516327aa HTTP/1.1" status: 200 len: 267 time: 0.0425439
