2026-06-23 19:56:50.774 10 INFO neutron.db.ovn_revision_numbers_db [None req-d65a022c-e97b-47d6-a4ad-a27236b9b2bd 6f22c35928494171891429412d0878a7 961d8885eda1406b87c01267346839e8 - - default default] Successfully bumped revision number for resource 11b7ab4d-408f-43c7-8e11-9253ec3f677d (type: ports) to 5
2026-06-23 19:56:50.786 10 INFO neutron.wsgi [None req-d65a022c-e97b-47d6-a4ad-a27236b9b2bd 6f22c35928494171891429412d0878a7 961d8885eda1406b87c01267346839e8 - - default default] 199.204.45.3 "PUT /v2.0/ports/11b7ab4d-408f-43c7-8e11-9253ec3f677d HTTP/1.1" status: 200 len: 1483 time: 0.4624162 /var/lib/openstack/lib/python3.10/site-packages/pycadf/identifier.py:71: UserWarning: Invalid uuid: neutron. To ensure interoperability, identifiers should be a valid uuid. warnings.warn(('Invalid uuid: %s. To ensure interoperability, '
2026-06-23 19:56:50.807 10 INFO neutron.api.v2.resource [None req-01ed2e92-f409-4147-a63f-01db8f0012a7 6f22c35928494171891429412d0878a7 961d8885eda1406b87c01267346839e8 - - default default] show failed (client error): The resource could not be found.
2026-06-23 19:56:50.808 10 INFO neutron.wsgi [None req-01ed2e92-f409-4147-a63f-01db8f0012a7 6f22c35928494171891429412d0878a7 961d8885eda1406b87c01267346839e8 - - default default] 199.204.45.3 "GET /v2.0/security-groups/lb-8207df54-ee14-4805-a897-758cb94355d3 HTTP/1.1" status: 404 len: 355 time: 0.0144961
2026-06-23 19:56:50.859 10 INFO neutron.wsgi [None req-6d88bf3c-d6e7-4406-b6d2-cad35614f304 6f22c35928494171891429412d0878a7 961d8885eda1406b87c01267346839e8 - - default default] 199.204.45.3 "GET /v2.0/security-groups?name=lb-8207df54-ee14-4805-a897-758cb94355d3 HTTP/1.1" status: 200 len: 1777 time: 0.0460520
2026-06-23 19:56:51.265 10 INFO neutron.db.ovn_revision_numbers_db [None req-73fdb5cc-d356-4c35-b77a-eaaff4dc9d5d 6f22c35928494171891429412d0878a7 961d8885eda1406b87c01267346839e8 - - default default] Successfully bumped revision number for resource 11b7ab4d-408f-43c7-8e11-9253ec3f677d (type: ports) to 6
2026-06-23 19:56:51.277 10 INFO neutron.wsgi [None req-73fdb5cc-d356-4c35-b77a-eaaff4dc9d5d 6f22c35928494171891429412d0878a7 961d8885eda1406b87c01267346839e8 - - default default] 199.204.45.3 "PUT /v2.0/ports/11b7ab4d-408f-43c7-8e11-9253ec3f677d HTTP/1.1" status: 200 len: 1483 time: 0.4074354
2026-06-23 19:56:51.323 10 INFO neutron.notifiers.nova [-] Nova event matching ['req-2cbb675e-87d1-41d3-a4bf-639e61cfdcad'] response: {'name': 'network-changed', 'server_uuid': '27d60356-1cd2-48db-baa7-9eb1b12df775', 'tag': '11b7ab4d-408f-43c7-8e11-9253ec3f677d', 'status': 'completed', 'code': 200}
2026-06-23 19:56:51.323 10 INFO neutron.notifiers.nova [-] Nova event matching ['req-2cbb675e-87d1-41d3-a4bf-639e61cfdcad'] response: {'name': 'network-changed', 'server_uuid': '27d60356-1cd2-48db-baa7-9eb1b12df775', 'tag': '11b7ab4d-408f-43c7-8e11-9253ec3f677d', 'status': 'completed', 'code': 200} /var/lib/openstack/lib/python3.10/site-packages/pycadf/identifier.py:71: UserWarning: Invalid uuid: neutron. To ensure interoperability, identifiers should be a valid uuid. warnings.warn(('Invalid uuid: %s. To ensure interoperability, '
2026-06-23 19:56:51.390 10 INFO neutron.wsgi [req-7281b8a4-0b6b-430a-8dc6-3fb560d26cf8 req-d7a48a26-2bf0-45bd-934f-d8e89b878404 39537b15b6f64acc8738842b08f06cb9 e2d8cef52b21446aa0a6796a1833aab2 - - 6eb6ce9b6118458484f4d70dda1ea4c6 6eb6ce9b6118458484f4d70dda1ea4c6] 199.204.45.3 "GET /v2.0/ports?tenant_id=961d8885eda1406b87c01267346839e8&device_id=27d60356-1cd2-48db-baa7-9eb1b12df775 HTTP/1.1" status: 200 len: 2716 time: 0.0430000
2026-06-23 19:56:51.459 10 INFO neutron.wsgi [req-7281b8a4-0b6b-430a-8dc6-3fb560d26cf8 req-5471f8a9-baf6-4298-9cd5-c9cf95770d7d 39537b15b6f64acc8738842b08f06cb9 e2d8cef52b21446aa0a6796a1833aab2 - - 6eb6ce9b6118458484f4d70dda1ea4c6 6eb6ce9b6118458484f4d70dda1ea4c6] 199.204.45.3 "GET /v2.0/networks?id=c19b327c-f79e-49e3-bf4b-908e34c2573c HTTP/1.1" status: 200 len: 1005 time: 0.0622344
2026-06-23 19:56:51.495 10 INFO neutron.wsgi [None req-21095a0c-b134-43a7-a3bf-8bf1e62cefd3 6f22c35928494171891429412d0878a7 961d8885eda1406b87c01267346839e8 - - default default] 199.204.45.3 "GET /v2.0/extensions/security-group HTTP/1.1" status: 200 len: 369 time: 0.0053747
2026-06-23 19:56:51.497 10 INFO neutron.wsgi [req-7281b8a4-0b6b-430a-8dc6-3fb560d26cf8 req-ed04c256-7478-45f0-be94-5e4f57fcfcbc 39537b15b6f64acc8738842b08f06cb9 e2d8cef52b21446aa0a6796a1833aab2 - - 6eb6ce9b6118458484f4d70dda1ea4c6 6eb6ce9b6118458484f4d70dda1ea4c6] 199.204.45.3 "GET /v2.0/floatingips?fixed_ip_address=10.1.1.3&port_id=11b7ab4d-408f-43c7-8e11-9253ec3f677d HTTP/1.1" status: 200 len: 217 time: 0.0317197
2026-06-23 19:56:51.504 10 INFO neutron.wsgi [None req-87762d80-4fd1-4721-a744-9177f4af3d9d 6f22c35928494171891429412d0878a7 961d8885eda1406b87c01267346839e8 - - default default] 199.204.45.3 "GET /v2.0/extensions/dns-integration HTTP/1.1" status: 200 len: 371 time: 0.0033674
2026-06-23 19:56:51.517 10 INFO neutron.wsgi [None req-f08f5a95-5e17-4914-bbf5-947aeb68f3da 6f22c35928494171891429412d0878a7 961d8885eda1406b87c01267346839e8 - - default default] 199.204.45.3 "GET /v2.0/extensions/qos HTTP/1.1" status: 200 len: 365 time: 0.0048580
2026-06-23 19:56:51.526 10 INFO neutron.wsgi [None req-aa2206ea-eb70-4113-8ff2-1cffd262af3e 6f22c35928494171891429412d0878a7 961d8885eda1406b87c01267346839e8 - - default default] 199.204.45.3 "GET /v2.0/extensions/allowed-address-pairs HTTP/1.1" status: 200 len: 383 time: 0.0036328
2026-06-23 19:56:51.557 10 INFO neutron.wsgi [req-7281b8a4-0b6b-430a-8dc6-3fb560d26cf8 req-dbc765d8-8b1b-4783-a1f0-340cb461ac77 39537b15b6f64acc8738842b08f06cb9 e2d8cef52b21446aa0a6796a1833aab2 - - 6eb6ce9b6118458484f4d70dda1ea4c6 6eb6ce9b6118458484f4d70dda1ea4c6] 199.204.45.3 "GET /v2.0/subnets?id=e13255ac-d4d9-4650-8994-b901d5358a39 HTTP/1.1" status: 200 len: 854 time: 0.0527990
2026-06-23 19:56:51.579 10 INFO neutron.wsgi [None req-6d6f96bb-d5b2-4827-92c9-56790d016f01 6f22c35928494171891429412d0878a7 961d8885eda1406b87c01267346839e8 - - default default] 199.204.45.3 "GET /v2.0/subnets/e13255ac-d4d9-4650-8994-b901d5358a39 HTTP/1.1" status: 200 len: 851 time: 0.0464756
2026-06-23 19:56:51.592 10 INFO neutron.wsgi [req-7281b8a4-0b6b-430a-8dc6-3fb560d26cf8 req-50555c84-052c-4a96-8a1a-6e9d1f2f59a6 39537b15b6f64acc8738842b08f06cb9 e2d8cef52b21446aa0a6796a1833aab2 - - 6eb6ce9b6118458484f4d70dda1ea4c6 6eb6ce9b6118458484f4d70dda1ea4c6] 199.204.45.3 "GET /v2.0/ports?network_id=c19b327c-f79e-49e3-bf4b-908e34c2573c&device_owner=network%3Adhcp HTTP/1.1" status: 200 len: 210 time: 0.0273662
2026-06-23 19:56:51.630 10 INFO neutron.wsgi [None req-e808cc4a-b1f6-4662-b70a-dfa184eb4e6c 6f22c35928494171891429412d0878a7 961d8885eda1406b87c01267346839e8 - - default default] 199.204.45.3 "GET /v2.0/ports/52bfca42-2f39-4b0c-ad6f-1b09cb9aa00b HTTP/1.1" status: 200 len: 1332 time: 0.0441532
2026-06-23 19:56:51.675 10 INFO neutron.wsgi [None req-002629e0-ed21-464c-80e3-899c61514329 6f22c35928494171891429412d0878a7 961d8885eda1406b87c01267346839e8 - - default default] 199.204.45.3 "GET /v2.0/ports/11b7ab4d-408f-43c7-8e11-9253ec3f677d HTTP/1.1" status: 200 len: 1511 time: 0.0353096
2026-06-23 19:56:51.681 10 INFO neutron.wsgi [req-7281b8a4-0b6b-430a-8dc6-3fb560d26cf8 req-d7ec8df9-9110-49ef-87ef-443c12deb513 39537b15b6f64acc8738842b08f06cb9 e2d8cef52b21446aa0a6796a1833aab2 - - 6eb6ce9b6118458484f4d70dda1ea4c6 6eb6ce9b6118458484f4d70dda1ea4c6] 199.204.45.3 "GET /v2.0/networks/c19b327c-f79e-49e3-bf4b-908e34c2573c?fields=segments HTTP/1.1" status: 200 len: 212 time: 0.0782838
2026-06-23 19:56:51.737 10 INFO neutron.wsgi [None req-d61cd96f-6cec-4f6c-bec1-5e19b7d0e3d1 6f22c35928494171891429412d0878a7 961d8885eda1406b87c01267346839e8 - - default default] 199.204.45.3 "GET /v2.0/subnets/e13255ac-d4d9-4650-8994-b901d5358a39 HTTP/1.1" status: 200 len: 851 time: 0.0531664
2026-06-23 19:56:51.772 10 INFO neutron.wsgi [req-7281b8a4-0b6b-430a-8dc6-3fb560d26cf8 req-d40b47bb-07e1-41f7-907e-16a42882b937 39537b15b6f64acc8738842b08f06cb9 e2d8cef52b21446aa0a6796a1833aab2 - - 6eb6ce9b6118458484f4d70dda1ea4c6 6eb6ce9b6118458484f4d70dda1ea4c6] 199.204.45.3 "GET /v2.0/networks/c19b327c-f79e-49e3-bf4b-908e34c2573c?fields=provider%3Aphysical_network&fields=provider%3Anetwork_type HTTP/1.1" status: 200 len: 277 time: 0.0819325 /var/lib/openstack/lib/python3.10/site-packages/pycadf/identifier.py:71: UserWarning: Invalid uuid: neutron. To ensure interoperability, identifiers should be a valid uuid. warnings.warn(('Invalid uuid: %s. To ensure interoperability, '
2026-06-23 19:56:51.783 9 WARNING neutron_lib.context [None req-7a0cb36e-6f45-40e8-962c-fd371f7cc39d c85d1b46ba4c4089aa687246d696f166 1f9db7c724b44a509c92b220dbdeb5af - - default default] Method 'is_advsvc' is deprecated since 2023.2 release (neutron-lib 3.8.0) and will be removed once support for the old RBAC API policies will be removed from Neutron. Please use method 'is_service_role' instead.
2026-06-23 19:56:51.813 10 INFO neutron.wsgi [None req-3b1f7c1b-f3ca-48f5-9d59-4e53373ad233 6f22c35928494171891429412d0878a7 961d8885eda1406b87c01267346839e8 - - default default] 199.204.45.3 "GET /v2.0/networks/c19b327c-f79e-49e3-bf4b-908e34c2573c HTTP/1.1" status: 200 len: 1002 time: 0.0675249
2026-06-23 19:56:51.868 10 INFO neutron.wsgi [None req-94dc4b12-b3f3-4434-aace-a2d2cd7e9594 6f22c35928494171891429412d0878a7 961d8885eda1406b87c01267346839e8 - - default default] 199.204.45.3 "GET /v2.0/ports/52bfca42-2f39-4b0c-ad6f-1b09cb9aa00b HTTP/1.1" status: 200 len: 1332 time: 0.0467391
2026-06-23 19:56:51.877 10 INFO neutron.wsgi [req-7281b8a4-0b6b-430a-8dc6-3fb560d26cf8 req-63360da1-15a5-4e66-8140-a86f3f30c5b1 39537b15b6f64acc8738842b08f06cb9 e2d8cef52b21446aa0a6796a1833aab2 - - 6eb6ce9b6118458484f4d70dda1ea4c6 6eb6ce9b6118458484f4d70dda1ea4c6] 199.204.45.3 "GET /v2.0/ports?tenant_id=961d8885eda1406b87c01267346839e8&device_id=27d60356-1cd2-48db-baa7-9eb1b12df775 HTTP/1.1" status: 200 len: 2716 time: 0.0492804
2026-06-23 19:56:51.922 10 INFO neutron.wsgi [None req-d7e91f47-d093-4f07-b1b3-bde39ba607a4 6f22c35928494171891429412d0878a7 961d8885eda1406b87c01267346839e8 - - default default] 199.204.45.3 "GET /v2.0/subnets/e13255ac-d4d9-4650-8994-b901d5358a39 HTTP/1.1" status: 200 len: 851 time: 0.0446401
2026-06-23 19:56:51.944 10 INFO neutron.wsgi [req-7281b8a4-0b6b-430a-8dc6-3fb560d26cf8 req-55c7d74a-5f48-4d61-9a96-65774927121f 39537b15b6f64acc8738842b08f06cb9 e2d8cef52b21446aa0a6796a1833aab2 - - 6eb6ce9b6118458484f4d70dda1ea4c6 6eb6ce9b6118458484f4d70dda1ea4c6] 199.204.45.3 "GET /v2.0/networks?id=c19b327c-f79e-49e3-bf4b-908e34c2573c HTTP/1.1" status: 200 len: 1005 time: 0.0613682
2026-06-23 19:56:51.979 10 INFO neutron.wsgi [req-7281b8a4-0b6b-430a-8dc6-3fb560d26cf8 req-6e1d7108-c76b-4eea-9ff7-1f4d1cec17b3 39537b15b6f64acc8738842b08f06cb9 e2d8cef52b21446aa0a6796a1833aab2 - - 6eb6ce9b6118458484f4d70dda1ea4c6 6eb6ce9b6118458484f4d70dda1ea4c6] 199.204.45.3 "GET /v2.0/floatingips?fixed_ip_address=10.1.1.3&port_id=11b7ab4d-408f-43c7-8e11-9253ec3f677d HTTP/1.1" status: 200 len: 217 time: 0.0275061
2026-06-23 19:56:52.028 10 INFO neutron.wsgi [req-7281b8a4-0b6b-430a-8dc6-3fb560d26cf8 req-66104b1c-1d2e-4913-bed0-3c71c193efc1 39537b15b6f64acc8738842b08f06cb9 e2d8cef52b21446aa0a6796a1833aab2 - - 6eb6ce9b6118458484f4d70dda1ea4c6 6eb6ce9b6118458484f4d70dda1ea4c6] 199.204.45.3 "GET /v2.0/subnets?id=e13255ac-d4d9-4650-8994-b901d5358a39 HTTP/1.1" status: 200 len: 854 time: 0.0411465
2026-06-23 19:56:52.043 9 WARNING neutron.scheduler.dhcp_agent_scheduler [None req-7a0cb36e-6f45-40e8-962c-fd371f7cc39d c85d1b46ba4c4089aa687246d696f166 1f9db7c724b44a509c92b220dbdeb5af - - default default] No more DHCP agents
2026-06-23 19:56:52.045 9 WARNING neutron.api.rpc.agentnotifiers.dhcp_rpc_agent_api [None req-7a0cb36e-6f45-40e8-962c-fd371f7cc39d c85d1b46ba4c4089aa687246d696f166 1f9db7c724b44a509c92b220dbdeb5af - - default default] Unable to schedule network 5ba94b83-72f9-4064-9ccb-c40368783405: no agents available; will retry on subsequent port and subnet creation events.
2026-06-23 19:56:52.060 10 INFO neutron.wsgi [req-7281b8a4-0b6b-430a-8dc6-3fb560d26cf8 req-cd3b6401-c5ce-4e31-9788-8b6242d1905c 39537b15b6f64acc8738842b08f06cb9 e2d8cef52b21446aa0a6796a1833aab2 - - 6eb6ce9b6118458484f4d70dda1ea4c6 6eb6ce9b6118458484f4d70dda1ea4c6] 199.204.45.3 "GET /v2.0/ports?network_id=c19b327c-f79e-49e3-bf4b-908e34c2573c&device_owner=network%3Adhcp HTTP/1.1" status: 200 len: 210 time: 0.0264354
2026-06-23 19:56:52.150 10 INFO neutron.wsgi [req-7281b8a4-0b6b-430a-8dc6-3fb560d26cf8 req-9f85dd9b-4bbf-4b1b-970e-510686a2643a 39537b15b6f64acc8738842b08f06cb9 e2d8cef52b21446aa0a6796a1833aab2 - - 6eb6ce9b6118458484f4d70dda1ea4c6 6eb6ce9b6118458484f4d70dda1ea4c6] 199.204.45.3 "GET /v2.0/networks/c19b327c-f79e-49e3-bf4b-908e34c2573c?fields=segments HTTP/1.1" status: 200 len: 212 time: 0.0796034
2026-06-23 19:56:52.186 9 INFO neutron.notifiers.nova [-] Nova event matching ['req-2f73509b-2f6a-419d-88e5-6517c234d99f'] response: {'server_uuid': '27d60356-1cd2-48db-baa7-9eb1b12df775', 'name': 'network-vif-plugged', 'status': 'completed', 'tag': '11b7ab4d-408f-43c7-8e11-9253ec3f677d', 'code': 200}
2026-06-23 19:56:52.220 10 INFO neutron.wsgi [req-7281b8a4-0b6b-430a-8dc6-3fb560d26cf8 req-d9119a2e-e3b9-4dcd-8ee5-da18a99bf4bb 39537b15b6f64acc8738842b08f06cb9 e2d8cef52b21446aa0a6796a1833aab2 - - 6eb6ce9b6118458484f4d70dda1ea4c6 6eb6ce9b6118458484f4d70dda1ea4c6] 199.204.45.3 "GET /v2.0/networks/c19b327c-f79e-49e3-bf4b-908e34c2573c?fields=provider%3Aphysical_network&fields=provider%3Anetwork_type HTTP/1.1" status: 200 len: 277 time: 0.0625775
2026-06-23 19:56:52.406 9 INFO neutron.db.ovn_revision_numbers_db [None req-7a0cb36e-6f45-40e8-962c-fd371f7cc39d c85d1b46ba4c4089aa687246d696f166 1f9db7c724b44a509c92b220dbdeb5af - - default default] Successfully bumped revision number for resource e2b1ce0b-e43a-40f5-8f94-b5636f186edb (type: floatingips) to 0
2026-06-23 19:56:52.422 9 INFO neutron.wsgi [None req-7a0cb36e-6f45-40e8-962c-fd371f7cc39d c85d1b46ba4c4089aa687246d696f166 1f9db7c724b44a509c92b220dbdeb5af - - default default] 10.0.0.134 "POST /v2.0/floatingips HTTP/1.1" status: 201 len: 751 time: 0.8167758
2026-06-23 19:56:52.434 9 WARNING neutron_lib.context [None req-ab56bd28-c673-4884-b008-87cb3c7a3583 c85d1b46ba4c4089aa687246d696f166 1f9db7c724b44a509c92b220dbdeb5af - - default default] Method 'is_advsvc' is deprecated since 2023.2 release (neutron-lib 3.8.0) and will be removed once support for the old RBAC API policies will be removed from Neutron. Please use method 'is_service_role' instead.
2026-06-23 19:56:52.692 9 WARNING neutron.scheduler.dhcp_agent_scheduler [None req-ab56bd28-c673-4884-b008-87cb3c7a3583 c85d1b46ba4c4089aa687246d696f166 1f9db7c724b44a509c92b220dbdeb5af - - default default] No more DHCP agents
2026-06-23 19:56:52.697 9 WARNING neutron.api.rpc.agentnotifiers.dhcp_rpc_agent_api [None req-ab56bd28-c673-4884-b008-87cb3c7a3583 c85d1b46ba4c4089aa687246d696f166 1f9db7c724b44a509c92b220dbdeb5af - - default default] Unable to schedule network 5ba94b83-72f9-4064-9ccb-c40368783405: no agents available; will retry on subsequent port and subnet creation events.
2026-06-23 19:56:53.006 9 INFO neutron.db.ovn_revision_numbers_db [None req-ab56bd28-c673-4884-b008-87cb3c7a3583 c85d1b46ba4c4089aa687246d696f166 1f9db7c724b44a509c92b220dbdeb5af - - default default] Successfully bumped revision number for resource 08fa48be-0c62-4c3f-afd4-ea9053d45232 (type: floatingips) to 0
2026-06-23 19:56:53.025 9 INFO neutron.wsgi [None req-ab56bd28-c673-4884-b008-87cb3c7a3583 c85d1b46ba4c4089aa687246d696f166 1f9db7c724b44a509c92b220dbdeb5af - - default default] 10.0.0.134 "POST /v2.0/floatingips HTTP/1.1" status: 201 len: 751 time: 0.5972843
2026-06-23 19:56:53.040 10 WARNING neutron_lib.context [None req-fcfe3983-2360-4266-b137-ceb2811c753f c85d1b46ba4c4089aa687246d696f166 1f9db7c724b44a509c92b220dbdeb5af - - default default] Method 'is_advsvc' is deprecated since 2023.2 release (neutron-lib 3.8.0) and will be removed once support for the old RBAC API policies will be removed from Neutron. Please use method 'is_service_role' instead.
2026-06-23 19:56:53.302 10 WARNING neutron.scheduler.dhcp_agent_scheduler [None req-fcfe3983-2360-4266-b137-ceb2811c753f c85d1b46ba4c4089aa687246d696f166 1f9db7c724b44a509c92b220dbdeb5af - - default default] No more DHCP agents
2026-06-23 19:56:53.305 10 WARNING neutron.api.rpc.agentnotifiers.dhcp_rpc_agent_api [None req-fcfe3983-2360-4266-b137-ceb2811c753f c85d1b46ba4c4089aa687246d696f166 1f9db7c724b44a509c92b220dbdeb5af - - default default] Unable to schedule network 5ba94b83-72f9-4064-9ccb-c40368783405: no agents available; will retry on subsequent port and subnet creation events.
2026-06-23 19:56:53.586 10 INFO neutron.db.ovn_revision_numbers_db [None req-fcfe3983-2360-4266-b137-ceb2811c753f c85d1b46ba4c4089aa687246d696f166 1f9db7c724b44a509c92b220dbdeb5af - - default default] Successfully bumped revision number for resource 83c75814-2d5b-46f4-9fbf-d5c0e33c954d (type: floatingips) to 0
2026-06-23 19:56:53.599 10 INFO neutron.wsgi [None req-fcfe3983-2360-4266-b137-ceb2811c753f c85d1b46ba4c4089aa687246d696f166 1f9db7c724b44a509c92b220dbdeb5af - - default default] 10.0.0.134 "POST /v2.0/floatingips HTTP/1.1" status: 201 len: 751 time: 0.5680916
2026-06-23 19:56:53.610 9 WARNING neutron_lib.context [None req-6eb37e82-2156-4fbe-9aca-b59f05df021f c85d1b46ba4c4089aa687246d696f166 1f9db7c724b44a509c92b220dbdeb5af - - default default] Method 'is_advsvc' is deprecated since 2023.2 release (neutron-lib 3.8.0) and will be removed once support for the old RBAC API policies will be removed from Neutron. Please use method 'is_service_role' instead.
2026-06-23 19:56:53.824 9 WARNING neutron.scheduler.dhcp_agent_scheduler [None req-6eb37e82-2156-4fbe-9aca-b59f05df021f c85d1b46ba4c4089aa687246d696f166 1f9db7c724b44a509c92b220dbdeb5af - - default default] No more DHCP agents
2026-06-23 19:56:53.827 9 WARNING neutron.api.rpc.agentnotifiers.dhcp_rpc_agent_api [None req-6eb37e82-2156-4fbe-9aca-b59f05df021f c85d1b46ba4c4089aa687246d696f166 1f9db7c724b44a509c92b220dbdeb5af - - default default] Unable to schedule network 5ba94b83-72f9-4064-9ccb-c40368783405: no agents available; will retry on subsequent port and subnet creation events.
2026-06-23 19:56:54.202 9 INFO neutron.db.ovn_revision_numbers_db [None req-6eb37e82-2156-4fbe-9aca-b59f05df021f c85d1b46ba4c4089aa687246d696f166 1f9db7c724b44a509c92b220dbdeb5af - - default default] Successfully bumped revision number for resource 41cba55d-63a3-400d-8d66-a056f3737cc3 (type: floatingips) to 0
2026-06-23 19:56:54.216 9 INFO neutron.wsgi [None req-6eb37e82-2156-4fbe-9aca-b59f05df021f c85d1b46ba4c4089aa687246d696f166 1f9db7c724b44a509c92b220dbdeb5af - - default default] 10.0.0.134 "POST /v2.0/floatingips HTTP/1.1" status: 201 len: 751 time: 0.6115940
2026-06-23 19:56:54.227 9 WARNING neutron_lib.context [None req-1930a2f2-3dba-4d23-a898-91e44408d790 c85d1b46ba4c4089aa687246d696f166 1f9db7c724b44a509c92b220dbdeb5af - - default default] Method 'is_advsvc' is deprecated since 2023.2 release (neutron-lib 3.8.0) and will be removed once support for the old RBAC API policies will be removed from Neutron. Please use method 'is_service_role' instead.
2026-06-23 19:56:54.539 9 WARNING neutron.scheduler.dhcp_agent_scheduler [None req-1930a2f2-3dba-4d23-a898-91e44408d790 c85d1b46ba4c4089aa687246d696f166 1f9db7c724b44a509c92b220dbdeb5af - - default default] No more DHCP agents
2026-06-23 19:56:54.540 9 WARNING neutron.api.rpc.agentnotifiers.dhcp_rpc_agent_api [None req-1930a2f2-3dba-4d23-a898-91e44408d790 c85d1b46ba4c4089aa687246d696f166 1f9db7c724b44a509c92b220dbdeb5af - - default default] Unable to schedule network 5ba94b83-72f9-4064-9ccb-c40368783405: no agents available; will retry on subsequent port and subnet creation events.
2026-06-23 19:56:55.104 9 INFO neutron.db.ovn_revision_numbers_db [None req-1930a2f2-3dba-4d23-a898-91e44408d790 c85d1b46ba4c4089aa687246d696f166 1f9db7c724b44a509c92b220dbdeb5af - - default default] Successfully bumped revision number for resource e1a5ffe9-6178-4291-a5ee-dc460c645d5d (type: floatingips) to 0
2026-06-23 19:56:55.116 9 INFO neutron.wsgi [None req-1930a2f2-3dba-4d23-a898-91e44408d790 c85d1b46ba4c4089aa687246d696f166 1f9db7c724b44a509c92b220dbdeb5af - - default default] 10.0.0.134 "POST /v2.0/floatingips HTTP/1.1" status: 201 len: 751 time: 0.8934848
2026-06-23 19:56:55.161 10 WARNING neutron_lib.context [None req-0b1adc1b-2a75-46ad-a283-2bd282a90bc4 f2145ae66ae440a1b76b2598ee1cf878 f7d8c4147bc14cf2a7c7e5e7df542007 - - default default] Method 'is_advsvc' is deprecated since 2023.2 release (neutron-lib 3.8.0) and will be removed once support for the old RBAC API policies will be removed from Neutron. Please use method 'is_service_role' instead.
2026-06-23 19:56:55.190 9 INFO neutron.wsgi [None req-d8738ddb-fb0a-4d41-8fd9-10759f8aec70 c85d1b46ba4c4089aa687246d696f166 1f9db7c724b44a509c92b220dbdeb5af - - default default] 10.0.0.134 "PUT /v2.0/floatingips/e2b1ce0b-e43a-40f5-8f94-b5636f186edb/tags HTTP/1.1" status: 200 len: 210 time: 0.0685134
2026-06-23 19:56:55.266 10 INFO neutron.wsgi [None req-90c9dcdb-bcef-4b51-86d6-70354f2ab104 c85d1b46ba4c4089aa687246d696f166 1f9db7c724b44a509c92b220dbdeb5af - - default default] 10.0.0.134 "PUT /v2.0/floatingips/08fa48be-0c62-4c3f-afd4-ea9053d45232/tags HTTP/1.1" status: 200 len: 218 time: 0.0716741
2026-06-23 19:56:55.319 9 INFO neutron.wsgi [None req-de2d4cc4-1e84-4cd7-84bf-e93d94e0300c c85d1b46ba4c4089aa687246d696f166 1f9db7c724b44a509c92b220dbdeb5af - - default default] 10.0.0.134 "PUT /v2.0/floatingips/83c75814-2d5b-46f4-9fbf-d5c0e33c954d/tags HTTP/1.1" status: 200 len: 227 time: 0.0465121
2026-06-23 19:56:55.374 10 INFO neutron.wsgi [None req-f155e8b4-cf71-41d8-8cf6-36d28e352546 c85d1b46ba4c4089aa687246d696f166 1f9db7c724b44a509c92b220dbdeb5af - - default default] 10.0.0.134 "PUT /v2.0/floatingips/41cba55d-63a3-400d-8d66-a056f3737cc3/tags HTTP/1.1" status: 200 len: 212 time: 0.0484338
2026-06-23 19:56:55.429 9 INFO neutron.wsgi [None req-d65f4fbe-56cb-480b-bf43-b2fbc65e7fc2 c85d1b46ba4c4089aa687246d696f166 1f9db7c724b44a509c92b220dbdeb5af - - default default] 10.0.0.134 "GET /v2.0/floatingips?tags=red HTTP/1.1" status: 200 len: 1866 time: 0.0487425
2026-06-23 19:56:55.470 10 WARNING neutron.scheduler.dhcp_agent_scheduler [None req-0b1adc1b-2a75-46ad-a283-2bd282a90bc4 f2145ae66ae440a1b76b2598ee1cf878 f7d8c4147bc14cf2a7c7e5e7df542007 - - default default] No more DHCP agents
2026-06-23 19:56:55.471 9 INFO neutron.wsgi [None req-4ddd4f8e-deea-4322-a2ac-88beea1eb9c2 c85d1b46ba4c4089aa687246d696f166 1f9db7c724b44a509c92b220dbdeb5af - - default default] 10.0.0.134 "GET /v2.0/floatingips?tags=red%2Cblue HTTP/1.1" status: 200 len: 1323 time: 0.0365431
2026-06-23 19:56:55.472 10 WARNING neutron.api.rpc.agentnotifiers.dhcp_rpc_agent_api [None req-0b1adc1b-2a75-46ad-a283-2bd282a90bc4 f2145ae66ae440a1b76b2598ee1cf878 f7d8c4147bc14cf2a7c7e5e7df542007 - - default default] Unable to schedule network 5ba94b83-72f9-4064-9ccb-c40368783405: no agents available; will retry on subsequent port and subnet creation events.
2026-06-23 19:56:55.515 9 INFO neutron.wsgi [None req-d52714d1-bdab-4742-ae4c-8a31c0d334f4 c85d1b46ba4c4089aa687246d696f166 1f9db7c724b44a509c92b220dbdeb5af - - default default] 10.0.0.134 "GET /v2.0/floatingips?tags-any=blue HTTP/1.1" status: 200 len: 1323 time: 0.0392857
2026-06-23 19:56:55.551 9 INFO neutron.wsgi [None req-a87a3ff4-9952-4d0a-b2c7-b4b1daa351ee c85d1b46ba4c4089aa687246d696f166 1f9db7c724b44a509c92b220dbdeb5af - - default default] 10.0.0.134 "GET /v2.0/floatingips?tags-any=red%2Cblue HTTP/1.1" status: 200 len: 1866 time: 0.0316663
2026-06-23 19:56:55.600 9 INFO neutron.wsgi [None req-9741b65a-c139-4d68-a9be-b9d6e92b8fc4 c85d1b46ba4c4089aa687246d696f166 1f9db7c724b44a509c92b220dbdeb5af - - default default] 10.0.0.134 "GET /v2.0/floatingips?not-tags=red HTTP/1.1" status: 200 len: 1295 time: 0.0443006
2026-06-23 19:56:55.644 9 INFO neutron.wsgi [None req-dc2335b8-580b-4daa-95ee-d95587e273d9 c85d1b46ba4c4089aa687246d696f166 1f9db7c724b44a509c92b220dbdeb5af - - default default] 10.0.0.134 "GET /v2.0/floatingips?not-tags=red%2Cblue HTTP/1.1" status: 200 len: 1838 time: 0.0399921
2026-06-23 19:56:55.687 9 INFO neutron.wsgi [None req-7f621ead-2769-4ebb-a9a4-fe79a375e977 c85d1b46ba4c4089aa687246d696f166 1f9db7c724b44a509c92b220dbdeb5af - - default default] 10.0.0.134 "GET /v2.0/floatingips?not-tags-any=blue HTTP/1.1" status: 200 len: 1838 time: 0.0389731
2026-06-23 19:56:55.724 9 INFO neutron.wsgi [None req-038203e0-0104-48c9-b850-898368494c0f c85d1b46ba4c4089aa687246d696f166 1f9db7c724b44a509c92b220dbdeb5af - - default default] 10.0.0.134 "GET /v2.0/floatingips?not-tags-any=red%2Cblue HTTP/1.1" status: 200 len: 1295 time: 0.0325968
2026-06-23 19:56:55.912 10 INFO neutron.db.l3_db [None req-0b1adc1b-2a75-46ad-a283-2bd282a90bc4 f2145ae66ae440a1b76b2598ee1cf878 f7d8c4147bc14cf2a7c7e5e7df542007 - - default default] Floating IP 5d3ea0c4-c39b-4fdb-b5b1-36d6644007b5 associated. External IP: 10.96.250.206, port: 52bfca42-2f39-4b0c-ad6f-1b09cb9aa00b.
2026-06-23 19:56:56.030 9 INFO neutron.wsgi [None req-de381e1f-1f5f-4561-a99a-105de380faa4 c85d1b46ba4c4089aa687246d696f166 1f9db7c724b44a509c92b220dbdeb5af - - default default] 10.0.0.134 "DELETE /v2.0/floatingips/e2b1ce0b-e43a-40f5-8f94-b5636f186edb HTTP/1.1" status: 204 len: 168 time: 0.2996089
2026-06-23 19:56:56.174 10 INFO neutron.db.ovn_revision_numbers_db [None req-0b1adc1b-2a75-46ad-a283-2bd282a90bc4 f2145ae66ae440a1b76b2598ee1cf878 f7d8c4147bc14cf2a7c7e5e7df542007 - - default default] Successfully bumped revision number for resource 5d3ea0c4-c39b-4fdb-b5b1-36d6644007b5 (type: floatingips) to 0
2026-06-23 19:56:56.301 10 INFO neutron.db.ovn_revision_numbers_db [None req-0b1adc1b-2a75-46ad-a283-2bd282a90bc4 f2145ae66ae440a1b76b2598ee1cf878 f7d8c4147bc14cf2a7c7e5e7df542007 - - default default] Successfully bumped revision number for resource 5d3ea0c4-c39b-4fdb-b5b1-36d6644007b5 (type: floatingips) to 1
2026-06-23 19:56:56.344 10 INFO neutron.wsgi [None req-0b1adc1b-2a75-46ad-a283-2bd282a90bc4 f2145ae66ae440a1b76b2598ee1cf878 f7d8c4147bc14cf2a7c7e5e7df542007 - - default default] 10.0.0.134 "POST /v2.0/floatingips HTTP/1.1" status: 201 len: 1098 time: 1.1911485
2026-06-23 19:56:56.403 9 INFO neutron.wsgi [None req-dc13ad0f-3188-4324-b7c6-88f88ae2d86a c85d1b46ba4c4089aa687246d696f166 1f9db7c724b44a509c92b220dbdeb5af - - default default] 10.0.0.134 "DELETE /v2.0/floatingips/08fa48be-0c62-4c3f-afd4-ea9053d45232 HTTP/1.1" status: 204 len: 168 time: 0.3667643
2026-06-23 19:56:56.733 9 INFO neutron.wsgi [None req-31148472-42a0-465b-bc75-e714865e1c9f c85d1b46ba4c4089aa687246d696f166 1f9db7c724b44a509c92b220dbdeb5af - - default default] 10.0.0.134 "DELETE /v2.0/floatingips/83c75814-2d5b-46f4-9fbf-d5c0e33c954d HTTP/1.1" status: 204 len: 168 time: 0.3248825
2026-06-23 19:56:57.093 9 INFO neutron.wsgi [None req-b21796d6-10f7-4fb6-9c88-b24d097635ac c85d1b46ba4c4089aa687246d696f166 1f9db7c724b44a509c92b220dbdeb5af - - default default] 10.0.0.134 "DELETE /v2.0/floatingips/41cba55d-63a3-400d-8d66-a056f3737cc3 HTTP/1.1" status: 204 len: 168 time: 0.3537924
2026-06-23 19:56:57.434 9 INFO neutron.wsgi [None req-c1f0efa0-1715-4932-8a32-37515b4d4615 c85d1b46ba4c4089aa687246d696f166 1f9db7c724b44a509c92b220dbdeb5af - - default default] 10.0.0.134 "DELETE /v2.0/floatingips/e1a5ffe9-6178-4291-a5ee-dc460c645d5d HTTP/1.1" status: 204 len: 168 time: 0.3358779
2026-06-23 19:56:58.595 9 INFO neutron.db.ovn_revision_numbers_db [None req-0457caab-7c96-4a62-8dd0-0f9310a889d9 6f22c35928494171891429412d0878a7 961d8885eda1406b87c01267346839e8 - - default default] Successfully bumped revision number for resource 53ee0df9-723c-4cb8-9d3f-b1e05296b8cf (type: security_groups) to 1
2026-06-23 19:56:58.614 9 INFO neutron.db.ovn_revision_numbers_db [None req-0457caab-7c96-4a62-8dd0-0f9310a889d9 6f22c35928494171891429412d0878a7 961d8885eda1406b87c01267346839e8 - - default default] Successfully bumped revision number for resource 3983fe0a-af08-4dad-9b73-25ec82d3a3aa (type: security_group_rules) to 0
2026-06-23 19:56:58.627 9 INFO neutron.db.ovn_revision_numbers_db [None req-0457caab-7c96-4a62-8dd0-0f9310a889d9 6f22c35928494171891429412d0878a7 961d8885eda1406b87c01267346839e8 - - default default] Successfully bumped revision number for resource 404eac04-eae4-4bfa-9917-ff26198f9ca8 (type: security_group_rules) to 0
2026-06-23 19:56:58.645 9 INFO neutron.db.ovn_revision_numbers_db [None req-0457caab-7c96-4a62-8dd0-0f9310a889d9 6f22c35928494171891429412d0878a7 961d8885eda1406b87c01267346839e8 - - default default] Successfully bumped revision number for resource 79671c0d-5da8-4f5e-a830-e168b16dc751 (type: security_group_rules) to 0
2026-06-23 19:56:58.659 9 INFO neutron.db.ovn_revision_numbers_db [None req-0457caab-7c96-4a62-8dd0-0f9310a889d9 6f22c35928494171891429412d0878a7 961d8885eda1406b87c01267346839e8 - - default default] Successfully bumped revision number for resource 90460aa4-a483-433f-8200-7ef3c49823b9 (type: security_group_rules) to 0
2026-06-23 19:56:58.685 9 INFO neutron.wsgi [None req-0457caab-7c96-4a62-8dd0-0f9310a889d9 6f22c35928494171891429412d0878a7 961d8885eda1406b87c01267346839e8 - - default default] 10.0.0.134 "GET /v2.0/security-groups?tenant_id=c44565542d9841d8bc76880458f00006&name=default HTTP/1.1" status: 200 len: 3000 time: 0.4076924
2026-06-23 19:56:58.884 9 INFO neutron.wsgi [None req-6dad15a4-4198-43b4-b996-cba3a97387e8 6f22c35928494171891429412d0878a7 961d8885eda1406b87c01267346839e8 - - default default] 10.0.0.134 "DELETE /v2.0/security-groups/53ee0df9-723c-4cb8-9d3f-b1e05296b8cf HTTP/1.1" status: 204 len: 168 time: 0.1940317
2026-06-23 19:56:59.105 9 INFO neutron.db.ovn_revision_numbers_db [None req-a8db592b-ead4-4b35-b020-ae534aaaa8fa 6f22c35928494171891429412d0878a7 961d8885eda1406b87c01267346839e8 - - default default] Successfully bumped revision number for resource 97f9acb6-cbdf-4ec5-80a6-bb7f23769d5e (type: security_groups) to 1
2026-06-23 19:56:59.125 9 INFO neutron.db.ovn_revision_numbers_db [None req-a8db592b-ead4-4b35-b020-ae534aaaa8fa 6f22c35928494171891429412d0878a7 961d8885eda1406b87c01267346839e8 - - default default] Successfully bumped revision number for resource 4e2ae511-af5f-4ecb-af43-9af68335d4eb (type: security_group_rules) to 0
2026-06-23 19:56:59.146 9 INFO neutron.db.ovn_revision_numbers_db [None req-a8db592b-ead4-4b35-b020-ae534aaaa8fa 6f22c35928494171891429412d0878a7 961d8885eda1406b87c01267346839e8 - - default default] Successfully bumped revision number for resource 5cfe7be9-d002-4b69-91de-f401d0b9723f (type: security_group_rules) to 0
2026-06-23 19:56:59.170 9 INFO neutron.db.ovn_revision_numbers_db [None req-a8db592b-ead4-4b35-b020-ae534aaaa8fa 6f22c35928494171891429412d0878a7 961d8885eda1406b87c01267346839e8 - - default default] Successfully bumped revision number for resource 65199539-bc6f-4182-b61c-1394cbf9b5d6 (type: security_group_rules) to 0
2026-06-23 19:56:59.187 9 INFO neutron.db.ovn_revision_numbers_db [None req-a8db592b-ead4-4b35-b020-ae534aaaa8fa 6f22c35928494171891429412d0878a7 961d8885eda1406b87c01267346839e8 - - default default] Successfully bumped revision number for resource 84d7495b-3c06-42d8-95b4-5f9a830b0cb2 (type: security_group_rules) to 0
2026-06-23 19:56:59.215 9 INFO neutron.wsgi [None req-a8db592b-ead4-4b35-b020-ae534aaaa8fa 6f22c35928494171891429412d0878a7 961d8885eda1406b87c01267346839e8 - - default default] 10.0.0.134 "GET /v2.0/security-groups?tenant_id=1f9db7c724b44a509c92b220dbdeb5af&name=default HTTP/1.1" status: 200 len: 3000 time: 0.2364180
2026-06-23 19:56:59.424 9 INFO neutron.wsgi [None req-6873072b-185d-4608-b3d6-4a08c7510a1f 6f22c35928494171891429412d0878a7 961d8885eda1406b87c01267346839e8 - - default default] 10.0.0.134 "DELETE /v2.0/security-groups/97f9acb6-cbdf-4ec5-80a6-bb7f23769d5e HTTP/1.1" status: 204 len: 168 time: 0.2044134
2026-06-23 19:56:59.718 9 INFO neutron.db.ovn_revision_numbers_db [None req-141acb14-dfda-4063-9927-db6e4ea62b26 6f22c35928494171891429412d0878a7 961d8885eda1406b87c01267346839e8 - - default default] Successfully bumped revision number for resource 7ebe1aa5-3653-4033-a26b-221d5c2da96c (type: security_groups) to 1
2026-06-23 19:56:59.732 9 INFO neutron.db.ovn_revision_numbers_db [None req-141acb14-dfda-4063-9927-db6e4ea62b26 6f22c35928494171891429412d0878a7 961d8885eda1406b87c01267346839e8 - - default default] Successfully bumped revision number for resource 722de52b-1794-4ea7-a5c2-7c7181066775 (type: security_group_rules) to 0
2026-06-23 19:56:59.744 9 INFO neutron.db.ovn_revision_numbers_db [None req-141acb14-dfda-4063-9927-db6e4ea62b26 6f22c35928494171891429412d0878a7 961d8885eda1406b87c01267346839e8 - - default default] Successfully bumped revision number for resource b6d948b8-92df-4ad4-88e9-297e77629838 (type: security_group_rules) to 0
2026-06-23 19:56:59.758 9 INFO neutron.db.ovn_revision_numbers_db [None req-141acb14-dfda-4063-9927-db6e4ea62b26 6f22c35928494171891429412d0878a7 961d8885eda1406b87c01267346839e8 - - default default] Successfully bumped revision number for resource c336954a-75ca-4a7e-9e89-b793e4ab0ade (type: security_group_rules) to 0
2026-06-23 19:56:59.772 9 INFO neutron.db.ovn_revision_numbers_db [None req-141acb14-dfda-4063-9927-db6e4ea62b26 6f22c35928494171891429412d0878a7 961d8885eda1406b87c01267346839e8 - - default default] Successfully bumped revision number for resource f02d6337-f3e0-4200-a6ab-8fcd426e41e9 (type: security_group_rules) to 0
2026-06-23 19:56:59.796 9 INFO neutron.wsgi [None req-141acb14-dfda-4063-9927-db6e4ea62b26 6f22c35928494171891429412d0878a7 961d8885eda1406b87c01267346839e8 - - default default] 10.0.0.134 "GET /v2.0/security-groups?tenant_id=6055e17f571a49f394f39571b5ff9583&name=default HTTP/1.1" status: 200 len: 3000 time: 0.1935899
2026-06-23 19:56:59.992 9 INFO neutron.wsgi [None req-64164de0-48f0-41b8-bfbd-2f7cfd905c13 6f22c35928494171891429412d0878a7 961d8885eda1406b87c01267346839e8 - - default default] 10.0.0.134 "DELETE /v2.0/security-groups/7ebe1aa5-3653-4033-a26b-221d5c2da96c HTTP/1.1" status: 204 len: 168 time: 0.1908662
2026-06-23 19:57:00.157 10 INFO neutron.db.ovn_revision_numbers_db [None req-4f1edff2-fd6e-49b9-a487-581d6cd2b22c - - - - - -] Successfully bumped revision number for resource 52bfca42-2f39-4b0c-ad6f-1b09cb9aa00b (type: ports) to 4
2026-06-23 19:57:00.458 9 INFO neutron.wsgi [-] 10.0.0.202 "GET / HTTP/1.1" status: 200 len: 247 time: 0.0031166
2026-06-23 19:57:00.458 10 INFO neutron.wsgi [-] 10.0.0.202 "GET / HTTP/1.1" status: 200 len: 247 time: 0.0037453
2026-06-23 19:57:00.933 9 INFO neutron.wsgi [None req-aa807e2a-7076-4849-9762-87cd88183895 6f22c35928494171891429412d0878a7 961d8885eda1406b87c01267346839e8 - - default default] 199.204.45.3 "GET /v2.0/extensions/security-group HTTP/1.1" status: 200 len: 369 time: 0.1303978
2026-06-23 19:57:00.943 9 INFO neutron.wsgi [None req-70710e7c-fd94-46b0-92cf-377090111f44 6f22c35928494171891429412d0878a7 961d8885eda1406b87c01267346839e8 - - default default] 199.204.45.3 "GET /v2.0/extensions/dns-integration HTTP/1.1" status: 200 len: 371 time: 0.0057218
2026-06-23 19:57:00.950 9 INFO neutron.wsgi [None req-86a23992-8582-418b-bf35-59c1806ab4e4 6f22c35928494171891429412d0878a7 961d8885eda1406b87c01267346839e8 - - default default] 199.204.45.3 "GET /v2.0/extensions/qos HTTP/1.1" status: 200 len: 365 time: 0.0048115
2026-06-23 19:57:00.959 9 INFO neutron.wsgi [None req-ec1279b9-88c6-4c3b-a1fb-8af3a5c86bcc 6f22c35928494171891429412d0878a7 961d8885eda1406b87c01267346839e8 - - default default] 199.204.45.3 "GET /v2.0/extensions/allowed-address-pairs HTTP/1.1" status: 200 len: 383 time: 0.0047109
2026-06-23 19:57:01.079 9 INFO neutron.api.v2.resource [None req-0cc111d3-fa64-453a-9086-b706c4dd1f2f 6f22c35928494171891429412d0878a7 961d8885eda1406b87c01267346839e8 - - default default] show failed (client error): The resource could not be found.
2026-06-23 19:57:01.082 9 INFO neutron.wsgi [None req-0cc111d3-fa64-453a-9086-b706c4dd1f2f 6f22c35928494171891429412d0878a7 961d8885eda1406b87c01267346839e8 - - default default] 199.204.45.3 "GET /v2.0/security-groups/lb-8207df54-ee14-4805-a897-758cb94355d3 HTTP/1.1" status: 404 len: 355 time: 0.0146840
2026-06-23 19:57:01.130 9 INFO neutron.wsgi [None req-4aa462e9-97e1-4f41-8e5c-189581eda38c 6f22c35928494171891429412d0878a7 961d8885eda1406b87c01267346839e8 - - default default] 199.204.45.3 "GET /v2.0/security-groups?name=lb-8207df54-ee14-4805-a897-758cb94355d3 HTTP/1.1" status: 200 len: 1777 time: 0.0435028 /var/lib/openstack/lib/python3.10/site-packages/pycadf/identifier.py:71: UserWarning: Invalid uuid: neutron. To ensure interoperability, identifiers should be a valid uuid. warnings.warn(('Invalid uuid: %s. To ensure interoperability, '
2026-06-23 19:57:01.175 10 INFO neutron.wsgi [None req-39ba083a-5814-424d-8efb-c3c19759e118 6f22c35928494171891429412d0878a7 961d8885eda1406b87c01267346839e8 - - default default] 10.0.0.226 "GET /v2.0/agents HTTP/1.1" status: 200 len: 997 time: 0.1883702
2026-06-23 19:57:01.182 9 INFO neutron.wsgi [None req-20a850e9-9638-47ec-9727-d3ac4d40b1eb 6f22c35928494171891429412d0878a7 961d8885eda1406b87c01267346839e8 - - default default] 199.204.45.3 "GET /v2.0/security-group-rules?security_group_id=3183a887-354a-4ddc-a237-b35a0d407fd9 HTTP/1.1" status: 200 len: 1318 time: 0.0465183
2026-06-23 19:57:01.231 10 INFO neutron.wsgi [None req-4c132bc4-1577-46ad-ae41-5071789c88cd 6f22c35928494171891429412d0878a7 961d8885eda1406b87c01267346839e8 - - default default] 10.0.0.226 "GET /v2.0/subnets HTTP/1.1" status: 200 len: 5495 time: 0.0540855
2026-06-23 19:57:01.243 10 INFO neutron.wsgi [None req-a5dc0591-f3f3-411c-92b7-876d09f6b76c 6f22c35928494171891429412d0878a7 961d8885eda1406b87c01267346839e8 - - default default] 10.0.0.226 "GET /v2.0/subnetpools HTTP/1.1" status: 200 len: 193 time: 0.0105093
2026-06-23 19:57:01.299 9 INFO neutron.db.ovn_revision_numbers_db [None req-12567d31-3fef-43e7-a475-ecdb6fad8395 6f22c35928494171891429412d0878a7 961d8885eda1406b87c01267346839e8 - - default default] Successfully bumped revision number for resource b9b81c4e-e703-41ed-a879-c3b752bca34b (type: security_group_rules) to 0
2026-06-23 19:57:01.316 10 INFO neutron.wsgi [None req-53168786-95ca-4668-813f-5725436f168b 6f22c35928494171891429412d0878a7 961d8885eda1406b87c01267346839e8 - - default default] 10.0.0.226 "GET /v2.0/networks HTTP/1.1" status: 200 len: 4720 time: 0.0719504
2026-06-23 19:57:01.327 9 INFO neutron.wsgi [None req-12567d31-3fef-43e7-a475-ecdb6fad8395 6f22c35928494171891429412d0878a7 961d8885eda1406b87c01267346839e8 - - default default] 199.204.45.3 "POST /v2.0/security-group-rules HTTP/1.1" status: 201 len: 769 time: 0.1357303
2026-06-23 19:57:01.367 10 INFO neutron.wsgi [None req-820bf22c-4171-4757-abc4-431d6df06786 6f22c35928494171891429412d0878a7 961d8885eda1406b87c01267346839e8 - - default default] 10.0.0.226 "GET /v2.0/subnets HTTP/1.1" status: 200 len: 5495 time: 0.0482514
2026-06-23 19:57:01.464 9 INFO neutron.db.ovn_revision_numbers_db [None req-19f26228-62db-48ac-958b-4192740ed02c 6f22c35928494171891429412d0878a7 961d8885eda1406b87c01267346839e8 - - default default] Successfully bumped revision number for resource f8a8534a-7573-47a8-a898-cf5293dcbafc (type: security_group_rules) to 0
2026-06-23 19:57:01.488 9 INFO neutron.wsgi [None req-19f26228-62db-48ac-958b-4192740ed02c 6f22c35928494171891429412d0878a7 961d8885eda1406b87c01267346839e8 - - default default] 199.204.45.3 "POST /v2.0/security-group-rules HTTP/1.1" status: 201 len: 773 time: 0.1539464
2026-06-23 19:57:01.761 10 INFO neutron.wsgi [None req-b060dffc-91de-4d9e-bd16-415f8aa541c4 6f22c35928494171891429412d0878a7 961d8885eda1406b87c01267346839e8 - - default default] 10.0.0.226 "GET /v2.0/ports HTTP/1.1" status: 200 len: 22214 time: 0.3919013
2026-06-23 19:57:01.793 10 INFO neutron.wsgi [None req-97c4685b-408a-4e79-942d-5b9dacfee3ac 6f22c35928494171891429412d0878a7 961d8885eda1406b87c01267346839e8 - - default default] 10.0.0.226 "GET /v2.0/network-ip-availabilities HTTP/1.1" status: 200 len: 3361 time: 0.0178072
2026-06-23 19:57:01.856 10 INFO neutron.wsgi [None req-4e6fa613-42a8-48b3-bc76-c4d76f0b0456 6f22c35928494171891429412d0878a7 961d8885eda1406b87c01267346839e8 - - default default] 10.0.0.226 "GET /v2.0/security-groups HTTP/1.1" status: 200 len: 30248 time: 0.0620403
2026-06-23 19:57:01.908 10 INFO neutron.wsgi [None req-45d13fcd-40f0-4d71-977a-baf5dcdc65e3 6f22c35928494171891429412d0878a7 961d8885eda1406b87c01267346839e8 - - default default] 10.0.0.226 "GET /v2.0/floatingips HTTP/1.1" status: 200 len: 2765 time: 0.0444443
2026-06-23 19:57:01.994 10 INFO neutron.wsgi [None req-89688843-e7d7-499e-b099-834ed50c5187 6f22c35928494171891429412d0878a7 961d8885eda1406b87c01267346839e8 - - default default] 10.0.0.226 "GET /v2.0/routers HTTP/1.1" status: 200 len: 850 time: 0.0848439
2026-06-23 19:57:02.006 10 INFO neutron.wsgi [None req-a544969a-b1ca-451f-8bb1-e299914102a0 6f22c35928494171891429412d0878a7 961d8885eda1406b87c01267346839e8 - - default default] 10.0.0.226 "GET /v2.0/agents?binary=ovn-controller HTTP/1.1" status: 200 len: 591 time: 0.0104768
2026-06-23 19:57:04.447 9 WARNING neutron_lib.context [None req-871b11d1-4208-412d-9e54-b720e6edd3c1 eb7f3fd0320740eeb851c5085f5562d0 72096b292fc24676828440bb2a8a3916 - - default default] Method 'is_advsvc' is deprecated since 2023.2 release (neutron-lib 3.8.0) and will be removed once support for the old RBAC API policies will be removed from Neutron. Please use method 'is_service_role' instead.
2026-06-23 19:57:04.589 9 INFO neutron.db.ovn_revision_numbers_db [None req-871b11d1-4208-412d-9e54-b720e6edd3c1 eb7f3fd0320740eeb851c5085f5562d0 72096b292fc24676828440bb2a8a3916 - - default default] Successfully bumped revision number for resource 2c58946a-b866-4315-a667-97e5e51dcfdb (type: security_groups) to 1
2026-06-23 19:57:04.607 9 INFO neutron.db.ovn_revision_numbers_db [None req-871b11d1-4208-412d-9e54-b720e6edd3c1 eb7f3fd0320740eeb851c5085f5562d0 72096b292fc24676828440bb2a8a3916 - - default default] Successfully bumped revision number for resource 2bb46c2e-7ced-4702-9400-a1d496266bd4 (type: security_group_rules) to 0
2026-06-23 19:57:04.624 9 INFO neutron.db.ovn_revision_numbers_db [None req-871b11d1-4208-412d-9e54-b720e6edd3c1 eb7f3fd0320740eeb851c5085f5562d0 72096b292fc24676828440bb2a8a3916 - - default default] Successfully bumped revision number for resource 70dd5b32-b870-499e-8a3c-630b440536a5 (type: security_group_rules) to 0
2026-06-23 19:57:04.640 9 INFO neutron.db.ovn_revision_numbers_db [None req-871b11d1-4208-412d-9e54-b720e6edd3c1 eb7f3fd0320740eeb851c5085f5562d0 72096b292fc24676828440bb2a8a3916 - - default default] Successfully bumped revision number for resource ea82c39d-80fc-434a-8efb-912e0f002d6e (type: security_group_rules) to 0
2026-06-23 19:57:04.656 9 INFO neutron.db.ovn_revision_numbers_db [None req-871b11d1-4208-412d-9e54-b720e6edd3c1 eb7f3fd0320740eeb851c5085f5562d0 72096b292fc24676828440bb2a8a3916 - - default default] Successfully bumped revision number for resource f1a7eb9d-dc6e-4661-9501-345a213e41b1 (type: security_group_rules) to 0
2026-06-23 19:57:04.705 9 INFO neutron.db.segments_db [None req-871b11d1-4208-412d-9e54-b720e6edd3c1 eb7f3fd0320740eeb851c5085f5562d0 72096b292fc24676828440bb2a8a3916 - - default default] Added segment e4719c36-2148-4ab9-89f2-ce196a41c120 of type geneve for network 3336f4da-3b43-4a07-ac9c-4826a5e11497
2026-06-23 19:57:04.868 9 INFO neutron.db.ovn_revision_numbers_db [None req-871b11d1-4208-412d-9e54-b720e6edd3c1 eb7f3fd0320740eeb851c5085f5562d0 72096b292fc24676828440bb2a8a3916 - - default default] Successfully bumped revision number for resource 3336f4da-3b43-4a07-ac9c-4826a5e11497 (type: networks) to 1
2026-06-23 19:57:05.033 9 WARNING neutron.scheduler.dhcp_agent_scheduler [None req-871b11d1-4208-412d-9e54-b720e6edd3c1 eb7f3fd0320740eeb851c5085f5562d0 72096b292fc24676828440bb2a8a3916 - - default default] No more DHCP agents
2026-06-23 19:57:05.039 9 WARNING neutron.api.rpc.agentnotifiers.dhcp_rpc_agent_api [None req-871b11d1-4208-412d-9e54-b720e6edd3c1 eb7f3fd0320740eeb851c5085f5562d0 72096b292fc24676828440bb2a8a3916 - - default default] Unable to schedule network 3336f4da-3b43-4a07-ac9c-4826a5e11497: no agents available; will retry on subsequent port and subnet creation events.
2026-06-23 19:57:05.163 9 INFO neutron.db.ovn_revision_numbers_db [None req-871b11d1-4208-412d-9e54-b720e6edd3c1 eb7f3fd0320740eeb851c5085f5562d0 72096b292fc24676828440bb2a8a3916 - - default default] Successfully bumped revision number for resource b87520c5-729c-4381-b61a-8b6015704d07 (type: ports) to 1
2026-06-23 19:57:05.192 9 INFO neutron.wsgi [None req-871b11d1-4208-412d-9e54-b720e6edd3c1 eb7f3fd0320740eeb851c5085f5562d0 72096b292fc24676828440bb2a8a3916 - - default default] 10.0.0.134 "POST /v2.0/networks HTTP/1.1" status: 201 len: 831 time: 0.9150994
2026-06-23 19:57:05.203 9 WARNING neutron_lib.context [None req-ab3c03fc-7515-4827-8d39-02e878128f8e eb7f3fd0320740eeb851c5085f5562d0 72096b292fc24676828440bb2a8a3916 - - default default] Method 'is_advsvc' is deprecated since 2023.2 release (neutron-lib 3.8.0) and will be removed once support for the old RBAC API policies will be removed from Neutron. Please use method 'is_service_role' instead.
2026-06-23 19:57:05.449 9 WARNING neutron.scheduler.dhcp_agent_scheduler [None req-ab3c03fc-7515-4827-8d39-02e878128f8e eb7f3fd0320740eeb851c5085f5562d0 72096b292fc24676828440bb2a8a3916 - - default default] No more DHCP agents
2026-06-23 19:57:05.454 9 WARNING neutron.api.rpc.agentnotifiers.dhcp_rpc_agent_api [None req-ab3c03fc-7515-4827-8d39-02e878128f8e eb7f3fd0320740eeb851c5085f5562d0 72096b292fc24676828440bb2a8a3916 - - default default] Unable to schedule network 3336f4da-3b43-4a07-ac9c-4826a5e11497: no agents available; will retry on subsequent port and subnet creation events.
2026-06-23 19:57:06.258 9 INFO neutron.db.ovn_revision_numbers_db [None req-ab3c03fc-7515-4827-8d39-02e878128f8e eb7f3fd0320740eeb851c5085f5562d0 72096b292fc24676828440bb2a8a3916 - - default default] Successfully bumped revision number for resource b87520c5-729c-4381-b61a-8b6015704d07 (type: ports) to 2
2026-06-23 19:57:06.289 9 INFO neutron.db.ovn_revision_numbers_db [None req-ab3c03fc-7515-4827-8d39-02e878128f8e eb7f3fd0320740eeb851c5085f5562d0 72096b292fc24676828440bb2a8a3916 - - default default] Successfully bumped revision number for resource 2c00d9a4-dfa5-4edc-a60b-644cfa5c9408 (type: subnets) to 0
2026-06-23 19:57:06.304 9 INFO neutron.wsgi [None req-ab3c03fc-7515-4827-8d39-02e878128f8e eb7f3fd0320740eeb851c5085f5562d0 72096b292fc24676828440bb2a8a3916 - - default default] 10.0.0.134 "POST /v2.0/subnets HTTP/1.1" status: 201 len: 801 time: 1.1060138
2026-06-23 19:57:06.315 9 WARNING neutron_lib.context [None req-810044a8-a929-4278-88e3-9fcedbba56b8 eb7f3fd0320740eeb851c5085f5562d0 72096b292fc24676828440bb2a8a3916 - - default default] Method 'is_advsvc' is deprecated since 2023.2 release (neutron-lib 3.8.0) and will be removed once support for the old RBAC API policies will be removed from Neutron. Please use method 'is_service_role' instead.
2026-06-23 19:57:06.392 9 INFO neutron.db.segments_db [None req-810044a8-a929-4278-88e3-9fcedbba56b8 eb7f3fd0320740eeb851c5085f5562d0 72096b292fc24676828440bb2a8a3916 - - default default] Added segment 5b49fe7c-596c-4ae2-94e3-0bea5b085592 of type geneve for network ace3c2bc-6ea6-4cb9-87aa-95d20ee13144
2026-06-23 19:57:06.523 9 INFO neutron.db.ovn_revision_numbers_db [None req-810044a8-a929-4278-88e3-9fcedbba56b8 eb7f3fd0320740eeb851c5085f5562d0 72096b292fc24676828440bb2a8a3916 - - default default] Successfully bumped revision number for resource ace3c2bc-6ea6-4cb9-87aa-95d20ee13144 (type: networks) to 1
2026-06-23 19:57:06.697 9 WARNING neutron.scheduler.dhcp_agent_scheduler [None req-810044a8-a929-4278-88e3-9fcedbba56b8 eb7f3fd0320740eeb851c5085f5562d0 72096b292fc24676828440bb2a8a3916 - - default default] No more DHCP agents
2026-06-23 19:57:06.700 9 WARNING neutron.api.rpc.agentnotifiers.dhcp_rpc_agent_api [None req-810044a8-a929-4278-88e3-9fcedbba56b8 eb7f3fd0320740eeb851c5085f5562d0 72096b292fc24676828440bb2a8a3916 - - default default] Unable to schedule network ace3c2bc-6ea6-4cb9-87aa-95d20ee13144: no agents available; will retry on subsequent port and subnet creation events.
2026-06-23 19:57:06.789 9 INFO neutron.db.ovn_revision_numbers_db [None req-810044a8-a929-4278-88e3-9fcedbba56b8 eb7f3fd0320740eeb851c5085f5562d0 72096b292fc24676828440bb2a8a3916 - - default default] Successfully bumped revision number for resource c94cc794-6071-4660-a347-bc1b63fed6f4 (type: ports) to 1
2026-06-23 19:57:06.816 9 INFO neutron.wsgi [None req-810044a8-a929-4278-88e3-9fcedbba56b8 eb7f3fd0320740eeb851c5085f5562d0 72096b292fc24676828440bb2a8a3916 - - default default] 10.0.0.134 "POST /v2.0/networks HTTP/1.1" status: 201 len: 831 time: 0.5062325
2026-06-23 19:57:06.826 9 WARNING neutron_lib.context [None req-e5d4dd0f-9e16-4b50-bada-47d6ea88a326 eb7f3fd0320740eeb851c5085f5562d0 72096b292fc24676828440bb2a8a3916 - - default default] Method 'is_advsvc' is deprecated since 2023.2 release (neutron-lib 3.8.0) and will be removed once support for the old RBAC API policies will be removed from Neutron. Please use method 'is_service_role' instead.
2026-06-23 19:57:07.093 9 WARNING neutron.scheduler.dhcp_agent_scheduler [None req-e5d4dd0f-9e16-4b50-bada-47d6ea88a326 eb7f3fd0320740eeb851c5085f5562d0 72096b292fc24676828440bb2a8a3916 - - default default] No more DHCP agents
2026-06-23 19:57:07.096 9 WARNING neutron.api.rpc.agentnotifiers.dhcp_rpc_agent_api [None req-e5d4dd0f-9e16-4b50-bada-47d6ea88a326 eb7f3fd0320740eeb851c5085f5562d0 72096b292fc24676828440bb2a8a3916 - - default default] Unable to schedule network ace3c2bc-6ea6-4cb9-87aa-95d20ee13144: no agents available; will retry on subsequent port and subnet creation events.
