Jun 29 04:34:40.870760 np0000183342 devstack@neutron-api.service[103841]: DEBUG neutron_lib.callbacks.manager [None req-142f874c-211c-4f6a-b9e0-a36dca4239ea None None] Subscribe: > router after_create 55550000, False {{(pid=103841) subscribe /opt/stack/data/venv/lib/python3.12/site-packages/neutron_lib/callbacks/manager.py:52}}
Jun 29 04:34:40.870964 np0000183342 devstack@neutron-api.service[103841]: DEBUG neutron_lib.callbacks.manager [None req-142f874c-211c-4f6a-b9e0-a36dca4239ea None None] Subscribe: > router precommit_create 55550000, False {{(pid=103841) subscribe /opt/stack/data/venv/lib/python3.12/site-packages/neutron_lib/callbacks/manager.py:52}}
Jun 29 04:34:40.871119 np0000183342 devstack@neutron-api.service[103841]: DEBUG neutron_lib.callbacks.manager [None req-142f874c-211c-4f6a-b9e0-a36dca4239ea None None] Subscribe: > router after_delete 55550000, False {{(pid=103841) subscribe /opt/stack/data/venv/lib/python3.12/site-packages/neutron_lib/callbacks/manager.py:52}}
Jun 29 04:34:40.871279 np0000183342 devstack@neutron-api.service[103841]: DEBUG neutron_lib.callbacks.manager [None req-142f874c-211c-4f6a-b9e0-a36dca4239ea None None] Subscribe: > router after_update 55550000, False {{(pid=103841) subscribe /opt/stack/data/venv/lib/python3.12/site-packages/neutron_lib/callbacks/manager.py:52}}
Jun 29 04:34:40.871453 np0000183342 devstack@neutron-api.service[103841]: DEBUG neutron.services.service_base [None req-142f874c-211c-4f6a-b9e0-a36dca4239ea None None] Loaded 'neutron.services.ovn_l3.service_providers.ovn.OvnDriver' provider for service L3_ROUTER_NAT {{(pid=103841) load_drivers /opt/stack/neutron/neutron/services/service_base.py:49}}
Jun 29 04:34:40.871637 np0000183342 devstack@neutron-api.service[103841]: DEBUG neutron_lib.callbacks.manager [None req-142f874c-211c-4f6a-b9e0-a36dca4239ea None None] Subscribe: > process after_init 55550001, True {{(pid=103841) subscribe /opt/stack/data/venv/lib/python3.12/site-packages/neutron_lib/callbacks/manager.py:52}}
Jun 29 04:34:40.871903 np0000183342 devstack@neutron-api.service[103841]: DEBUG neutron.manager [None req-142f874c-211c-4f6a-b9e0-a36dca4239ea None None] Successfully loaded L3_ROUTER_NAT plugin. Description: L3 Router Service Plugin for basic L3 forwarding using OVN {{(pid=103841) _create_and_add_service_plugin /opt/stack/neutron/neutron/manager.py:236}}
Jun 29 04:34:40.872021 np0000183342 devstack@neutron-api.service[103841]: INFO neutron.manager [None req-142f874c-211c-4f6a-b9e0-a36dca4239ea None None] Loading Plugin: auto_allocate
Jun 29 04:34:40.872164 np0000183342 devstack@neutron-api.service[103842]: INFO neutron.plugins.ml2.drivers.type_vlan [None req-e22131e4-d91c-4e3a-8108-a18c46b0992f None None] VlanTypeDriver initialization complete
Jun 29 04:34:40.872403 np0000183342 devstack@neutron-api.service[103842]: INFO neutron.plugins.ml2.managers [None req-e22131e4-d91c-4e3a-8108-a18c46b0992f None None] Initializing extension driver 'port_security'
Jun 29 04:34:40.872403 np0000183342 devstack@neutron-api.service[103842]: INFO neutron.plugins.ml2.extensions.port_security [None req-e22131e4-d91c-4e3a-8108-a18c46b0992f None None] PortSecurityExtensionDriver initialization complete
Jun 29 04:34:40.872581 np0000183342 devstack@neutron-api.service[103842]: INFO neutron.plugins.ml2.managers [None req-e22131e4-d91c-4e3a-8108-a18c46b0992f None None] Initializing extension driver 'qos'
Jun 29 04:34:40.872581 np0000183342 devstack@neutron-api.service[103842]: DEBUG neutron.plugins.ml2.extensions.qos [None req-e22131e4-d91c-4e3a-8108-a18c46b0992f None None] QosExtensionDriver initialization complete {{(pid=103842) initialize /opt/stack/neutron/neutron/plugins/ml2/extensions/qos.py:31}}
Jun 29 04:34:40.872670 np0000183342 devstack@neutron-api.service[103842]: INFO neutron.plugins.ml2.managers [None req-e22131e4-d91c-4e3a-8108-a18c46b0992f None None] Initializing mechanism driver 'ovn'
Jun 29 04:34:40.872813 np0000183342 devstack@neutron-api.service[103842]: INFO neutron.plugins.ml2.drivers.ovn.mech_driver.mech_driver [None req-e22131e4-d91c-4e3a-8108-a18c46b0992f None None] Starting OVNMechanismDriver
Jun 29 04:34:40.873412 np0000183342 devstack@neutron-api.service[103841]: DEBUG neutron_lib.callbacks.manager [None req-142f874c-211c-4f6a-b9e0-a36dca4239ea None None] Subscribe: network precommit_update 55550000, False {{(pid=103841) subscribe /opt/stack/data/venv/lib/python3.12/site-packages/neutron_lib/callbacks/manager.py:52}}
Jun 29 04:34:40.873591 np0000183342 devstack@neutron-api.service[103841]: DEBUG neutron_lib.callbacks.manager [None req-142f874c-211c-4f6a-b9e0-a36dca4239ea None None] Subscribe: network precommit_create 55550000, False {{(pid=103841) subscribe /opt/stack/data/venv/lib/python3.12/site-packages/neutron_lib/callbacks/manager.py:52}}
Jun 29 04:34:40.873940 np0000183342 devstack@neutron-api.service[103841]: DEBUG neutron.manager [None req-142f874c-211c-4f6a-b9e0-a36dca4239ea None None] Successfully loaded auto-allocated-topology plugin. Description: Auto Allocated Topology - aka get me a network. {{(pid=103841) _create_and_add_service_plugin /opt/stack/neutron/neutron/manager.py:236}}
Jun 29 04:34:40.874062 np0000183342 devstack@neutron-api.service[103841]: INFO neutron.manager [None req-142f874c-211c-4f6a-b9e0-a36dca4239ea None None] Loading Plugin: tag
Jun 29 04:34:40.874941 np0000183342 devstack@neutron-api.service[103842]: DEBUG neutron_lib.callbacks.manager [None req-e22131e4-d91c-4e3a-8108-a18c46b0992f None None] Subscribe: > process before_spawn 55550000, False {{(pid=103842) subscribe /opt/stack/data/venv/lib/python3.12/site-packages/neutron_lib/callbacks/manager.py:52}}
Jun 29 04:34:40.874941 np0000183342 devstack@neutron-api.service[103842]: DEBUG neutron_lib.callbacks.manager [None req-e22131e4-d91c-4e3a-8108-a18c46b0992f None None] Subscribe: > process after_init 55550000, True {{(pid=103842) subscribe /opt/stack/data/venv/lib/python3.12/site-packages/neutron_lib/callbacks/manager.py:52}}
Jun 29 04:34:40.874941 np0000183342 devstack@neutron-api.service[103842]: DEBUG neutron_lib.callbacks.manager [None req-e22131e4-d91c-4e3a-8108-a18c46b0992f None None] Subscribe: > segment after_create 55550000, False {{(pid=103842) subscribe /opt/stack/data/venv/lib/python3.12/site-packages/neutron_lib/callbacks/manager.py:52}}
Jun 29 04:34:40.874941 np0000183342 devstack@neutron-api.service[103842]: DEBUG neutron_lib.callbacks.manager [None req-e22131e4-d91c-4e3a-8108-a18c46b0992f None None] Subscribe: > segment after_create 55550000, False {{(pid=103842) subscribe /opt/stack/data/venv/lib/python3.12/site-packages/neutron_lib/callbacks/manager.py:52}}
Jun 29 04:34:40.875076 np0000183342 devstack@neutron-api.service[103842]: DEBUG neutron_lib.callbacks.manager [None req-e22131e4-d91c-4e3a-8108-a18c46b0992f None None] Subscribe: > segment after_delete 55550000, False {{(pid=103842) subscribe /opt/stack/data/venv/lib/python3.12/site-packages/neutron_lib/callbacks/manager.py:52}}
Jun 29 04:34:40.875076 np0000183342 devstack@neutron-api.service[103842]: DEBUG neutron_lib.callbacks.manager [None req-e22131e4-d91c-4e3a-8108-a18c46b0992f None None] Subscribe: > allowed_address_pair before_create 55550000, False {{(pid=103842) subscribe /opt/stack/data/venv/lib/python3.12/site-packages/neutron_lib/callbacks/manager.py:52}}
Jun 29 04:34:40.875076 np0000183342 devstack@neutron-api.service[103842]: DEBUG neutron_lib.callbacks.manager [None req-e22131e4-d91c-4e3a-8108-a18c46b0992f None None] Subscribe: > security_group precommit_create 55550000, False {{(pid=103842) subscribe /opt/stack/data/venv/lib/python3.12/site-packages/neutron_lib/callbacks/manager.py:52}}
Jun 29 04:34:40.875159 np0000183342 devstack@neutron-api.service[103842]: DEBUG neutron_lib.callbacks.manager [None req-e22131e4-d91c-4e3a-8108-a18c46b0992f None None] Subscribe: > security_group after_update 55550000, False {{(pid=103842) subscribe /opt/stack/data/venv/lib/python3.12/site-packages/neutron_lib/callbacks/manager.py:52}}
Jun 29 04:34:40.875188 np0000183342 devstack@neutron-api.service[103842]: DEBUG neutron_lib.callbacks.manager [None req-e22131e4-d91c-4e3a-8108-a18c46b0992f None None] Subscribe: > security_group after_create 55550000, False {{(pid=103842) subscribe /opt/stack/data/venv/lib/python3.12/site-packages/neutron_lib/callbacks/manager.py:52}}
Jun 29 04:34:40.875295 np0000183342 devstack@neutron-api.service[103842]: DEBUG neutron_lib.callbacks.manager [None req-e22131e4-d91c-4e3a-8108-a18c46b0992f None None] Subscribe: > security_group precommit_delete 55550000, False {{(pid=103842) subscribe /opt/stack/data/venv/lib/python3.12/site-packages/neutron_lib/callbacks/manager.py:52}}
Jun 29 04:34:40.875395 np0000183342 devstack@neutron-api.service[103842]: DEBUG neutron_lib.callbacks.manager [None req-e22131e4-d91c-4e3a-8108-a18c46b0992f None None] Subscribe: > security_group after_delete 55550000, False {{(pid=103842) subscribe /opt/stack/data/venv/lib/python3.12/site-packages/neutron_lib/callbacks/manager.py:52}}
Jun 29 04:34:40.875497 np0000183342 devstack@neutron-api.service[103842]: DEBUG neutron_lib.callbacks.manager [None req-e22131e4-d91c-4e3a-8108-a18c46b0992f None None] Subscribe: > security_group_rule precommit_create 55550000, False {{(pid=103842) subscribe /opt/stack/data/venv/lib/python3.12/site-packages/neutron_lib/callbacks/manager.py:52}}
Jun 29 04:34:40.875599 np0000183342 devstack@neutron-api.service[103842]: DEBUG neutron_lib.callbacks.manager [None req-e22131e4-d91c-4e3a-8108-a18c46b0992f None None] Subscribe: > security_group_rule after_create 55550000, False {{(pid=103842) subscribe /opt/stack/data/venv/lib/python3.12/site-packages/neutron_lib/callbacks/manager.py:52}}
Jun 29 04:34:40.875702 np0000183342 devstack@neutron-api.service[103842]: DEBUG neutron_lib.callbacks.manager [None req-e22131e4-d91c-4e3a-8108-a18c46b0992f None None] Subscribe: > security_group_rule before_delete 55550000, False {{(pid=103842) subscribe /opt/stack/data/venv/lib/python3.12/site-packages/neutron_lib/callbacks/manager.py:52}}
Jun 29 04:34:40.875820 np0000183342 devstack@neutron-api.service[103842]: DEBUG neutron_lib.callbacks.manager [None req-e22131e4-d91c-4e3a-8108-a18c46b0992f None None] Subscribe: > address_group after_create 55550000, False {{(pid=103842) subscribe /opt/stack/data/venv/lib/python3.12/site-packages/neutron_lib/callbacks/manager.py:52}}
Jun 29 04:34:40.875921 np0000183342 devstack@neutron-api.service[103842]: DEBUG neutron_lib.callbacks.manager [None req-e22131e4-d91c-4e3a-8108-a18c46b0992f None None] Subscribe: > address_group after_update 55550000, False {{(pid=103842) subscribe /opt/stack/data/venv/lib/python3.12/site-packages/neutron_lib/callbacks/manager.py:52}}
Jun 29 04:34:40.876019 np0000183342 devstack@neutron-api.service[103842]: DEBUG neutron_lib.callbacks.manager [None req-e22131e4-d91c-4e3a-8108-a18c46b0992f None None] Subscribe: > address_group after_delete 55550000, False {{(pid=103842) subscribe /opt/stack/data/venv/lib/python3.12/site-packages/neutron_lib/callbacks/manager.py:52}}
Jun 29 04:34:40.876200 np0000183342 devstack@neutron-api.service[103842]: DEBUG neutron_lib.callbacks.manager [None req-e22131e4-d91c-4e3a-8108-a18c46b0992f None None] Subscribe: > qos_plugin after_init 55550000, False {{(pid=103842) subscribe /opt/stack/data/venv/lib/python3.12/site-packages/neutron_lib/callbacks/manager.py:52}}
Jun 29 04:34:40.876382 np0000183342 devstack@neutron-api.service[103842]: DEBUG neutron_lib.callbacks.manager [None req-e22131e4-d91c-4e3a-8108-a18c46b0992f None None] Subscribe: > trunk_plugin after_init 55550000, False {{(pid=103842) subscribe /opt/stack/data/venv/lib/python3.12/site-packages/neutron_lib/callbacks/manager.py:52}}
Jun 29 04:34:40.876592 np0000183342 devstack@neutron-api.service[103842]: DEBUG neutron_lib.callbacks.manager [None req-e22131e4-d91c-4e3a-8108-a18c46b0992f None None] Subscribe: > logging-plugin after_init 55550000, False {{(pid=103842) subscribe /opt/stack/data/venv/lib/python3.12/site-packages/neutron_lib/callbacks/manager.py:52}}
Jun 29 04:34:40.877048 np0000183342 devstack@neutron-api.service[103842]: INFO neutron.services.logapi.drivers.ovn.driver [None req-e22131e4-d91c-4e3a-8108-a18c46b0992f None None] OVN logging driver registered
Jun 29 04:34:40.877149 np0000183342 devstack@neutron-api.service[103842]: DEBUG neutron_lib.callbacks.manager [None req-e22131e4-d91c-4e3a-8108-a18c46b0992f None None] Subscribe: ._register_pvlan_driver at 0x73f5f1b9b1a0> pvlan_plugin before_spawn 55550000, False {{(pid=103842) subscribe /opt/stack/data/venv/lib/python3.12/site-packages/neutron_lib/callbacks/manager.py:52}}
Jun 29 04:34:40.877254 np0000183342 devstack@neutron-api.service[103842]: DEBUG neutron_lib.callbacks.manager [None req-e22131e4-d91c-4e3a-8108-a18c46b0992f None None] Subscribe: process after_init 55550000, False {{(pid=103842) subscribe /opt/stack/data/venv/lib/python3.12/site-packages/neutron_lib/callbacks/manager.py:52}}
Jun 29 04:34:40.878256 np0000183342 devstack@neutron-api.service[103841]: DEBUG neutron.manager [None req-142f874c-211c-4f6a-b9e0-a36dca4239ea None None] Successfully loaded TAG plugin. Description: Tag support {{(pid=103841) _create_and_add_service_plugin /opt/stack/neutron/neutron/manager.py:236}}
Jun 29 04:34:40.878407 np0000183342 devstack@neutron-api.service[103841]: INFO neutron.manager [None req-142f874c-211c-4f6a-b9e0-a36dca4239ea None None] Loading Plugin: timestamp
Jun 29 04:34:40.878766 np0000183342 devstack@neutron-api.service[103842]: DEBUG neutron.plugins.ml2.plugin [None req-e22131e4-d91c-4e3a-8108-a18c46b0992f None None] neutron.plugins.ml2.plugin.Ml2Plugin method _start_rpc_notifiers called with arguments () {} {{(pid=103842) wrapper /opt/stack/data/venv/lib/python3.12/site-packages/oslo_log/helpers.py:77}}
Jun 29 04:34:40.879117 np0000183342 devstack@neutron-api.service[103842]: DEBUG neutron_lib.callbacks.manager [None req-e22131e4-d91c-4e3a-8108-a18c46b0992f None None] Subscribe: > port after_create 55550000, False {{(pid=103842) subscribe /opt/stack/data/venv/lib/python3.12/site-packages/neutron_lib/callbacks/manager.py:52}}
Jun 29 04:34:40.879247 np0000183342 devstack@neutron-api.service[103842]: DEBUG neutron_lib.callbacks.manager [None req-e22131e4-d91c-4e3a-8108-a18c46b0992f None None] Subscribe: > port after_update 55550000, False {{(pid=103842) subscribe /opt/stack/data/venv/lib/python3.12/site-packages/neutron_lib/callbacks/manager.py:52}}
Jun 29 04:34:40.879355 np0000183342 devstack@neutron-api.service[103842]: DEBUG neutron_lib.callbacks.manager [None req-e22131e4-d91c-4e3a-8108-a18c46b0992f None None] Subscribe: > port after_delete 55550000, False {{(pid=103842) subscribe /opt/stack/data/venv/lib/python3.12/site-packages/neutron_lib/callbacks/manager.py:52}}
Jun 29 04:34:40.879463 np0000183342 devstack@neutron-api.service[103842]: DEBUG neutron_lib.callbacks.manager [None req-e22131e4-d91c-4e3a-8108-a18c46b0992f None None] Subscribe: > subnet after_create 55550000, False {{(pid=103842) subscribe /opt/stack/data/venv/lib/python3.12/site-packages/neutron_lib/callbacks/manager.py:52}}
Jun 29 04:34:40.879570 np0000183342 devstack@neutron-api.service[103842]: DEBUG neutron_lib.callbacks.manager [None req-e22131e4-d91c-4e3a-8108-a18c46b0992f None None] Subscribe: > subnet after_update 55550000, False {{(pid=103842) subscribe /opt/stack/data/venv/lib/python3.12/site-packages/neutron_lib/callbacks/manager.py:52}}
Jun 29 04:34:40.879671 np0000183342 devstack@neutron-api.service[103842]: DEBUG neutron_lib.callbacks.manager [None req-e22131e4-d91c-4e3a-8108-a18c46b0992f None None] Subscribe: > subnet after_delete 55550000, False {{(pid=103842) subscribe /opt/stack/data/venv/lib/python3.12/site-packages/neutron_lib/callbacks/manager.py:52}}
Jun 29 04:34:40.879794 np0000183342 devstack@neutron-api.service[103842]: DEBUG neutron_lib.callbacks.manager [None req-e22131e4-d91c-4e3a-8108-a18c46b0992f None None] Subscribe: > network after_create 55550000, False {{(pid=103842) subscribe /opt/stack/data/venv/lib/python3.12/site-packages/neutron_lib/callbacks/manager.py:52}}
Jun 29 04:34:40.879898 np0000183342 devstack@neutron-api.service[103842]: DEBUG neutron_lib.callbacks.manager [None req-e22131e4-d91c-4e3a-8108-a18c46b0992f None None] Subscribe: > network after_update 55550000, False {{(pid=103842) subscribe /opt/stack/data/venv/lib/python3.12/site-packages/neutron_lib/callbacks/manager.py:52}}
Jun 29 04:34:40.880002 np0000183342 devstack@neutron-api.service[103842]: DEBUG neutron_lib.callbacks.manager [None req-e22131e4-d91c-4e3a-8108-a18c46b0992f None None] Subscribe: > network after_delete 55550000, False {{(pid=103842) subscribe /opt/stack/data/venv/lib/python3.12/site-packages/neutron_lib/callbacks/manager.py:52}}
Jun 29 04:34:40.880837 np0000183342 devstack@neutron-api.service[103842]: DEBUG neutron_lib.callbacks.manager [None req-e22131e4-d91c-4e3a-8108-a18c46b0992f None None] Subscribe: > security_group after_create 55550000, False {{(pid=103842) subscribe /opt/stack/data/venv/lib/python3.12/site-packages/neutron_lib/callbacks/manager.py:52}}
Jun 29 04:34:40.880837 np0000183342 devstack@neutron-api.service[103842]: DEBUG neutron_lib.callbacks.manager [None req-e22131e4-d91c-4e3a-8108-a18c46b0992f None None] Subscribe: > security_group after_update 55550000, False {{(pid=103842) subscribe /opt/stack/data/venv/lib/python3.12/site-packages/neutron_lib/callbacks/manager.py:52}}
Jun 29 04:34:40.880957 np0000183342 devstack@neutron-api.service[103841]: DEBUG neutron.manager [None req-142f874c-211c-4f6a-b9e0-a36dca4239ea None None] Successfully loaded timestamp plugin. Description: Adds timestamps to Neutron resources with standard attributes {{(pid=103841) _create_and_add_service_plugin /opt/stack/neutron/neutron/manager.py:236}}
Jun 29 04:34:40.881000 np0000183342 devstack@neutron-api.service[103842]: DEBUG neutron_lib.callbacks.manager [None req-e22131e4-d91c-4e3a-8108-a18c46b0992f None None] Subscribe: > security_group after_delete 55550000, False {{(pid=103842) subscribe /opt/stack/data/venv/lib/python3.12/site-packages/neutron_lib/callbacks/manager.py:52}}
Jun 29 04:34:40.881048 np0000183342 devstack@neutron-api.service[103841]: INFO neutron.manager [None req-142f874c-211c-4f6a-b9e0-a36dca4239ea None None] Loading Plugin: network_ip_availability
Jun 29 04:34:40.881086 np0000183342 devstack@neutron-api.service[103842]: DEBUG neutron_lib.callbacks.manager [None req-e22131e4-d91c-4e3a-8108-a18c46b0992f None None] Subscribe: > security_group_rule after_create 55550000, False {{(pid=103842) subscribe /opt/stack/data/venv/lib/python3.12/site-packages/neutron_lib/callbacks/manager.py:52}}
Jun 29 04:34:40.881086 np0000183342 devstack@neutron-api.service[103842]: DEBUG neutron_lib.callbacks.manager [None req-e22131e4-d91c-4e3a-8108-a18c46b0992f None None] Subscribe: > security_group_rule after_update 55550000, False {{(pid=103842) subscribe /opt/stack/data/venv/lib/python3.12/site-packages/neutron_lib/callbacks/manager.py:52}}
Jun 29 04:34:40.881086 np0000183342 devstack@neutron-api.service[103842]: DEBUG neutron_lib.callbacks.manager [None req-e22131e4-d91c-4e3a-8108-a18c46b0992f None None] Subscribe: > security_group_rule after_delete 55550000, False {{(pid=103842) subscribe /opt/stack/data/venv/lib/python3.12/site-packages/neutron_lib/callbacks/manager.py:52}}
Jun 29 04:34:40.881086 np0000183342 devstack@neutron-api.service[103842]: DEBUG neutron_lib.callbacks.manager [None req-e22131e4-d91c-4e3a-8108-a18c46b0992f None None] Subscribe: > address_group after_create 55550000, False {{(pid=103842) subscribe /opt/stack/data/venv/lib/python3.12/site-packages/neutron_lib/callbacks/manager.py:52}}
Jun 29 04:34:40.881230 np0000183342 devstack@neutron-api.service[103842]: DEBUG neutron_lib.callbacks.manager [None req-e22131e4-d91c-4e3a-8108-a18c46b0992f None None] Subscribe: > address_group after_update 55550000, False {{(pid=103842) subscribe /opt/stack/data/venv/lib/python3.12/site-packages/neutron_lib/callbacks/manager.py:52}}
Jun 29 04:34:40.881230 np0000183342 devstack@neutron-api.service[103842]: DEBUG neutron_lib.callbacks.manager [None req-e22131e4-d91c-4e3a-8108-a18c46b0992f None None] Subscribe: > address_group after_delete 55550000, False {{(pid=103842) subscribe /opt/stack/data/venv/lib/python3.12/site-packages/neutron_lib/callbacks/manager.py:52}}
Jun 29 04:34:40.881230 np0000183342 devstack@neutron-api.service[103842]: DEBUG neutron.plugins.ml2.ovo_rpc [None req-e22131e4-d91c-4e3a-8108-a18c46b0992f None None] ML2 OVO RPC backend initialized. {{(pid=103842) __init__ /opt/stack/neutron/neutron/plugins/ml2/ovo_rpc.py:117}}
Jun 29 04:34:40.881758 np0000183342 devstack@neutron-api.service[103842]: INFO neutron.quota [None req-e22131e4-d91c-4e3a-8108-a18c46b0992f None None] Loaded quota_driver: .
Jun 29 04:34:40.881863 np0000183342 devstack@neutron-api.service[103842]: INFO neutron.plugins.ml2.plugin [None req-e22131e4-d91c-4e3a-8108-a18c46b0992f None None] Modular L2 Plugin initialization complete
Jun 29 04:34:40.881998 np0000183342 devstack@neutron-api.service[103842]: DEBUG neutron.manager [None req-e22131e4-d91c-4e3a-8108-a18c46b0992f None None] Loading services supported by the core plugin {{(pid=103842) _load_services_from_core_plugin /opt/stack/neutron/neutron/manager.py:167}}
Jun 29 04:34:40.882105 np0000183342 devstack@neutron-api.service[103842]: INFO neutron.plugins.ml2.managers [None req-e22131e4-d91c-4e3a-8108-a18c46b0992f None None] Got port-security extension from driver 'port_security'
Jun 29 04:34:40.882376 np0000183342 devstack@neutron-api.service[103842]: DEBUG neutron.manager [None req-e22131e4-d91c-4e3a-8108-a18c46b0992f None None] Loading service plugins: ['ovn-router', 'auto_allocate', 'tag', 'timestamp', 'network_ip_availability', 'flavors', 'revisions'] {{(pid=103842) _load_service_plugins /opt/stack/neutron/neutron/manager.py:192}}
Jun 29 04:34:40.882471 np0000183342 devstack@neutron-api.service[103842]: INFO neutron.manager [None req-e22131e4-d91c-4e3a-8108-a18c46b0992f None None] Loading Plugin: ovn-router
Jun 29 04:34:40.883376 np0000183342 devstack@neutron-api.service[103841]: DEBUG neutron.manager [None req-142f874c-211c-4f6a-b9e0-a36dca4239ea None None] Successfully loaded network-ip-availability plugin. Description: Provides IP availability data for each network and subnet. {{(pid=103841) _create_and_add_service_plugin /opt/stack/neutron/neutron/manager.py:236}}
Jun 29 04:34:40.883511 np0000183342 devstack@neutron-api.service[103841]: INFO neutron.manager [None req-142f874c-211c-4f6a-b9e0-a36dca4239ea None None] Loading Plugin: flavors
Jun 29 04:34:40.884751 np0000183342 devstack@neutron-api.service[103841]: DEBUG neutron.manager [None req-142f874c-211c-4f6a-b9e0-a36dca4239ea None None] Successfully loaded FLAVORS plugin. Description: Neutron Flavors and Service Profiles manager plugin {{(pid=103841) _create_and_add_service_plugin /opt/stack/neutron/neutron/manager.py:236}}
Jun 29 04:34:40.884838 np0000183342 devstack@neutron-api.service[103841]: INFO neutron.manager [None req-142f874c-211c-4f6a-b9e0-a36dca4239ea None None] Loading Plugin: revisions
Jun 29 04:34:40.886279 np0000183342 devstack@neutron-api.service[103841]: DEBUG neutron.manager [None req-142f874c-211c-4f6a-b9e0-a36dca4239ea None None] Successfully loaded revision_plugin plugin. Description: Adds revision numbers to resources. {{(pid=103841) _create_and_add_service_plugin /opt/stack/neutron/neutron/manager.py:236}}
Jun 29 04:34:40.886618 np0000183342 devstack@neutron-api.service[103841]: DEBUG oslo_concurrency.lockutils [None req-142f874c-211c-4f6a-b9e0-a36dca4239ea None None] Lock "manager" "released" by "neutron.manager.NeutronManager._create_instance" :: held 4.729s {{(pid=103841) inner /opt/stack/data/venv/lib/python3.12/site-packages/oslo_concurrency/lockutils.py:543}}
Jun 29 04:34:40.886774 np0000183342 devstack@neutron-api.service[103841]: DEBUG neutron.api.extensions [None req-142f874c-211c-4f6a-b9e0-a36dca4239ea None None] get_extension_paths = OrderedDict({'/opt/stack/neutron/neutron/extensions': 1}) {{(pid=103841) get_extensions_path /opt/stack/neutron/neutron/api/extensions.py:640}}
Jun 29 04:34:40.887257 np0000183342 devstack@neutron-api.service[103841]: INFO neutron.api.extensions [None req-142f874c-211c-4f6a-b9e0-a36dca4239ea None None] Initializing extension manager.
Jun 29 04:34:40.887337 np0000183342 devstack@neutron-api.service[103841]: DEBUG neutron.api.extensions [None req-142f874c-211c-4f6a-b9e0-a36dca4239ea None None] Loading extension file: __init__.py {{(pid=103841) _load_all_extensions_from_path /opt/stack/neutron/neutron/api/extensions.py:449}}
Jun 29 04:34:40.887500 np0000183342 devstack@neutron-api.service[103841]: DEBUG neutron.api.extensions [None req-142f874c-211c-4f6a-b9e0-a36dca4239ea None None] Loading extension file: __pycache__ {{(pid=103841) _load_all_extensions_from_path /opt/stack/neutron/neutron/api/extensions.py:449}}
Jun 29 04:34:40.887656 np0000183342 devstack@neutron-api.service[103841]: DEBUG neutron.api.extensions [None req-142f874c-211c-4f6a-b9e0-a36dca4239ea None None] Loading extension file: aap_reject_multicast.py {{(pid=103841) _load_all_extensions_from_path /opt/stack/neutron/neutron/api/extensions.py:449}}
Jun 29 04:34:40.888061 np0000183342 devstack@neutron-api.service[103841]: DEBUG neutron.api.extensions [None req-142f874c-211c-4f6a-b9e0-a36dca4239ea None None] Ext name="Allowed address pairs reject multicast extension" alias="aap-reject-multicast" description="Reject multicast addresses in Allowed Address Pairs" updated="2026-04-01T00:00:00-00:00" {{(pid=103841) _check_extension /opt/stack/neutron/neutron/api/extensions.py:415}}
Jun 29 04:34:40.888447 np0000183342 devstack@neutron-api.service[103841]: INFO neutron.api.extensions [None req-142f874c-211c-4f6a-b9e0-a36dca4239ea None None] Extension aap-reject-multicast not supported by any of loaded plugins
Jun 29 04:34:40.888597 np0000183342 devstack@neutron-api.service[103841]: DEBUG neutron.api.extensions [None req-142f874c-211c-4f6a-b9e0-a36dca4239ea None None] Loading extension file: address_group.py {{(pid=103841) _load_all_extensions_from_path /opt/stack/neutron/neutron/api/extensions.py:449}}
Jun 29 04:34:40.889090 np0000183342 devstack@neutron-api.service[103841]: DEBUG neutron.api.extensions [None req-142f874c-211c-4f6a-b9e0-a36dca4239ea None None] Ext name="Address group" alias="address-group" description="Support address group" updated="2020-07-15T10:00:00-00:00" {{(pid=103841) _check_extension /opt/stack/neutron/neutron/api/extensions.py:415}}
Jun 29 04:34:40.889377 np0000183342 devstack@neutron-api.service[103841]: INFO neutron.api.extensions [None req-142f874c-211c-4f6a-b9e0-a36dca4239ea None None] Loaded extension: address-group
Jun 29 04:34:40.889430 np0000183342 devstack@neutron-api.service[103840]: INFO neutron.plugins.ml2.drivers.type_vlan [None req-0644cf06-9c72-47cc-b4f7-ccd8bb904889 None None] VlanTypeDriver initialization complete
Jun 29 04:34:40.889825 np0000183342 devstack@neutron-api.service[103841]: DEBUG neutron.api.extensions [None req-142f874c-211c-4f6a-b9e0-a36dca4239ea None None] Loading extension file: address_scope.py {{(pid=103841) _load_all_extensions_from_path /opt/stack/neutron/neutron/api/extensions.py:449}}
Jun 29 04:34:40.889881 np0000183342 devstack@neutron-api.service[103840]: INFO neutron.plugins.ml2.managers [None req-0644cf06-9c72-47cc-b4f7-ccd8bb904889 None None] Initializing extension driver 'port_security'
Jun 29 04:34:40.889881 np0000183342 devstack@neutron-api.service[103840]: INFO neutron.plugins.ml2.extensions.port_security [None req-0644cf06-9c72-47cc-b4f7-ccd8bb904889 None None] PortSecurityExtensionDriver initialization complete
Jun 29 04:34:40.889881 np0000183342 devstack@neutron-api.service[103840]: INFO neutron.plugins.ml2.managers [None req-0644cf06-9c72-47cc-b4f7-ccd8bb904889 None None] Initializing extension driver 'qos'
Jun 29 04:34:40.889881 np0000183342 devstack@neutron-api.service[103840]: DEBUG neutron.plugins.ml2.extensions.qos [None req-0644cf06-9c72-47cc-b4f7-ccd8bb904889 None None] QosExtensionDriver initialization complete {{(pid=103840) initialize /opt/stack/neutron/neutron/plugins/ml2/extensions/qos.py:31}}
Jun 29 04:34:40.890049 np0000183342 devstack@neutron-api.service[103840]: INFO neutron.plugins.ml2.managers [None req-0644cf06-9c72-47cc-b4f7-ccd8bb904889 None None] Initializing mechanism driver 'ovn'
Jun 29 04:34:40.890049 np0000183342 devstack@neutron-api.service[103840]: INFO neutron.plugins.ml2.drivers.ovn.mech_driver.mech_driver [None req-0644cf06-9c72-47cc-b4f7-ccd8bb904889 None None] Starting OVNMechanismDriver
Jun 29 04:34:40.890140 np0000183342 devstack@neutron-api.service[103841]: DEBUG neutron.api.extensions [None req-142f874c-211c-4f6a-b9e0-a36dca4239ea None None] Ext name="Address scope" alias="address-scope" description="Address scopes extension." updated="2015-07-26T10:00:00-00:00" {{(pid=103841) _check_extension /opt/stack/neutron/neutron/api/extensions.py:415}}
Jun 29 04:34:40.890578 np0000183342 devstack@neutron-api.service[103841]: INFO neutron.api.extensions [None req-142f874c-211c-4f6a-b9e0-a36dca4239ea None None] Loaded extension: address-scope
Jun 29 04:34:40.890854 np0000183342 devstack@neutron-api.service[103841]: DEBUG neutron.api.extensions [None req-142f874c-211c-4f6a-b9e0-a36dca4239ea None None] Loading extension file: admin_state_down_before_update.py {{(pid=103841) _load_all_extensions_from_path /opt/stack/neutron/neutron/api/extensions.py:449}}
Jun 29 04:34:40.891340 np0000183342 devstack@neutron-api.service[103841]: DEBUG neutron.api.extensions [None req-142f874c-211c-4f6a-b9e0-a36dca4239ea None None] Ext name="Enforce Router's Admin State Down Before Update Extension" alias="router-admin-state-down-before-update" description="Ensure that the admin state of a router is DOWN (admin_state_up=False) before updating the distributed attribute" updated="2019-07-02T15:56:00" {{(pid=103841) _check_extension /opt/stack/neutron/neutron/api/extensions.py:415}}
Jun 29 04:34:40.891608 np0000183342 devstack@neutron-api.service[103841]: INFO neutron.api.extensions [None req-142f874c-211c-4f6a-b9e0-a36dca4239ea None None] Extension router-admin-state-down-before-update not supported by any of loaded plugins
Jun 29 04:34:40.891765 np0000183342 devstack@neutron-api.service[103841]: DEBUG neutron.api.extensions [None req-142f874c-211c-4f6a-b9e0-a36dca4239ea None None] Loading extension file: agent.py {{(pid=103841) _load_all_extensions_from_path /opt/stack/neutron/neutron/api/extensions.py:449}}
Jun 29 04:34:40.891985 np0000183342 devstack@neutron-api.service[103840]: DEBUG neutron_lib.callbacks.manager [None req-0644cf06-9c72-47cc-b4f7-ccd8bb904889 None None] Subscribe: > process before_spawn 55550000, False {{(pid=103840) subscribe /opt/stack/data/venv/lib/python3.12/site-packages/neutron_lib/callbacks/manager.py:52}}
Jun 29 04:34:40.892047 np0000183342 devstack@neutron-api.service[103842]: DEBUG neutron_lib.callbacks.manager [None req-e22131e4-d91c-4e3a-8108-a18c46b0992f None None] Subscribe: > router before_delete 55550000, False {{(pid=103842) subscribe /opt/stack/data/venv/lib/python3.12/site-packages/neutron_lib/callbacks/manager.py:52}}
Jun 29 04:34:40.892108 np0000183342 devstack@neutron-api.service[103840]: DEBUG neutron_lib.callbacks.manager [None req-0644cf06-9c72-47cc-b4f7-ccd8bb904889 None None] Subscribe: > process after_init 55550000, True {{(pid=103840) subscribe /opt/stack/data/venv/lib/python3.12/site-packages/neutron_lib/callbacks/manager.py:52}}
Jun 29 04:34:40.892167 np0000183342 devstack@neutron-api.service[103842]: DEBUG neutron_lib.callbacks.manager [None req-e22131e4-d91c-4e3a-8108-a18c46b0992f None None] Subscribe: port before_update 55550000, False {{(pid=103842) subscribe /opt/stack/data/venv/lib/python3.12/site-packages/neutron_lib/callbacks/manager.py:52}}
Jun 29 04:34:40.892218 np0000183342 devstack@neutron-api.service[103841]: DEBUG neutron.api.extensions [None req-142f874c-211c-4f6a-b9e0-a36dca4239ea None None] Ext name="agent" alias="agent" description="The agent management extension." updated="2013-02-03T10:00:00-00:00" {{(pid=103841) _check_extension /opt/stack/neutron/neutron/api/extensions.py:415}}
Jun 29 04:34:40.892266 np0000183342 devstack@neutron-api.service[103840]: DEBUG neutron_lib.callbacks.manager [None req-0644cf06-9c72-47cc-b4f7-ccd8bb904889 None None] Subscribe: > segment after_create 55550000, False {{(pid=103840) subscribe /opt/stack/data/venv/lib/python3.12/site-packages/neutron_lib/callbacks/manager.py:52}}
Jun 29 04:34:40.892316 np0000183342 devstack@neutron-api.service[103842]: DEBUG neutron_lib.callbacks.manager [None req-e22131e4-d91c-4e3a-8108-a18c46b0992f None None] Subscribe: port after_update 55550000, False {{(pid=103842) subscribe /opt/stack/data/venv/lib/python3.12/site-packages/neutron_lib/callbacks/manager.py:52}}
Jun 29 04:34:40.892366 np0000183342 devstack@neutron-api.service[103840]: DEBUG neutron_lib.callbacks.manager [None req-0644cf06-9c72-47cc-b4f7-ccd8bb904889 None None] Subscribe: > segment after_create 55550000, False {{(pid=103840) subscribe /opt/stack/data/venv/lib/python3.12/site-packages/neutron_lib/callbacks/manager.py:52}}
Jun 29 04:34:40.892423 np0000183342 devstack@neutron-api.service[103842]: DEBUG neutron_lib.callbacks.manager [None req-e22131e4-d91c-4e3a-8108-a18c46b0992f None None] Subscribe: > port precommit_delete 55550000, False {{(pid=103842) subscribe /opt/stack/data/venv/lib/python3.12/site-packages/neutron_lib/callbacks/manager.py:52}}
Jun 29 04:34:40.892473 np0000183342 devstack@neutron-api.service[103841]: INFO neutron.api.extensions [None req-142f874c-211c-4f6a-b9e0-a36dca4239ea None None] Loaded extension: agent
Jun 29 04:34:40.892525 np0000183342 devstack@neutron-api.service[103840]: DEBUG neutron_lib.callbacks.manager [None req-0644cf06-9c72-47cc-b4f7-ccd8bb904889 None None] Subscribe: > segment after_delete 55550000, False {{(pid=103840) subscribe /opt/stack/data/venv/lib/python3.12/site-packages/neutron_lib/callbacks/manager.py:52}}
Jun 29 04:34:40.892580 np0000183342 devstack@neutron-api.service[103842]: DEBUG neutron_lib.callbacks.manager [None req-e22131e4-d91c-4e3a-8108-a18c46b0992f None None] Subscribe: port before_update 55550000, False {{(pid=103842) subscribe /opt/stack/data/venv/lib/python3.12/site-packages/neutron_lib/callbacks/manager.py:52}}
Jun 29 04:34:40.892635 np0000183342 devstack@neutron-api.service[103840]: DEBUG neutron_lib.callbacks.manager [None req-0644cf06-9c72-47cc-b4f7-ccd8bb904889 None None] Subscribe: > allowed_address_pair before_create 55550000, False {{(pid=103840) subscribe /opt/stack/data/venv/lib/python3.12/site-packages/neutron_lib/callbacks/manager.py:52}}
Jun 29 04:34:40.892685 np0000183342 devstack@neutron-api.service[103842]: DEBUG neutron_lib.callbacks.manager [None req-e22131e4-d91c-4e3a-8108-a18c46b0992f None None] Subscribe: port before_delete 55550000, False {{(pid=103842) subscribe /opt/stack/data/venv/lib/python3.12/site-packages/neutron_lib/callbacks/manager.py:52}}
Jun 29 04:34:40.892766 np0000183342 devstack@neutron-api.service[103841]: DEBUG neutron.api.extensions [None req-142f874c-211c-4f6a-b9e0-a36dca4239ea None None] Loading extension file: agent_resources_synced.py {{(pid=103841) _load_all_extensions_from_path /opt/stack/neutron/neutron/api/extensions.py:449}}
Jun 29 04:34:40.892832 np0000183342 devstack@neutron-api.service[103842]: DEBUG neutron_lib.callbacks.manager [None req-e22131e4-d91c-4e3a-8108-a18c46b0992f None None] Subscribe: > router precommit_create 55550000, False {{(pid=103842) subscribe /opt/stack/data/venv/lib/python3.12/site-packages/neutron_lib/callbacks/manager.py:52}}
Jun 29 04:34:40.892885 np0000183342 devstack@neutron-api.service[103840]: DEBUG neutron_lib.callbacks.manager [None req-0644cf06-9c72-47cc-b4f7-ccd8bb904889 None None] Subscribe: > security_group precommit_create 55550000, False {{(pid=103840) subscribe /opt/stack/data/venv/lib/python3.12/site-packages/neutron_lib/callbacks/manager.py:52}}
Jun 29 04:34:40.892942 np0000183342 devstack@neutron-api.service[103842]: DEBUG neutron_lib.callbacks.manager [None req-e22131e4-d91c-4e3a-8108-a18c46b0992f None None] Subscribe: > router precommit_create 55550000, False {{(pid=103842) subscribe /opt/stack/data/venv/lib/python3.12/site-packages/neutron_lib/callbacks/manager.py:52}}
Jun 29 04:34:40.892994 np0000183342 devstack@neutron-api.service[103840]: DEBUG neutron_lib.callbacks.manager [None req-0644cf06-9c72-47cc-b4f7-ccd8bb904889 None None] Subscribe: > security_group after_update 55550000, False {{(pid=103840) subscribe /opt/stack/data/venv/lib/python3.12/site-packages/neutron_lib/callbacks/manager.py:52}}
Jun 29 04:34:40.893046 np0000183342 devstack@neutron-api.service[103842]: DEBUG neutron_lib.callbacks.manager [None req-e22131e4-d91c-4e3a-8108-a18c46b0992f None None] Subscribe: > router precommit_update 55550000, False {{(pid=103842) subscribe /opt/stack/data/venv/lib/python3.12/site-packages/neutron_lib/callbacks/manager.py:52}}
Jun 29 04:34:40.893102 np0000183342 devstack@neutron-api.service[103841]: DEBUG neutron.api.extensions [None req-142f874c-211c-4f6a-b9e0-a36dca4239ea None None] Ext name="Agent's Resource View Synced to Placement" alias="agent-resources-synced" description="Stores success/failure of last sync to Placement" updated="2018-12-19T00:00:00-00:00" {{(pid=103841) _check_extension /opt/stack/neutron/neutron/api/extensions.py:415}}
Jun 29 04:34:40.893166 np0000183342 devstack@neutron-api.service[103840]: DEBUG neutron_lib.callbacks.manager [None req-0644cf06-9c72-47cc-b4f7-ccd8bb904889 None None] Subscribe: > security_group after_create 55550000, False {{(pid=103840) subscribe /opt/stack/data/venv/lib/python3.12/site-packages/neutron_lib/callbacks/manager.py:52}}
Jun 29 04:34:40.893221 np0000183342 devstack@neutron-api.service[103842]: DEBUG neutron_lib.callbacks.manager [None req-e22131e4-d91c-4e3a-8108-a18c46b0992f None None] Subscribe: subnet after_update 55550000, False {{(pid=103842) subscribe /opt/stack/data/venv/lib/python3.12/site-packages/neutron_lib/callbacks/manager.py:52}}
Jun 29 04:34:40.893274 np0000183342 devstack@neutron-api.service[103840]: DEBUG neutron_lib.callbacks.manager [None req-0644cf06-9c72-47cc-b4f7-ccd8bb904889 None None] Subscribe: > security_group precommit_delete 55550000, False {{(pid=103840) subscribe /opt/stack/data/venv/lib/python3.12/site-packages/neutron_lib/callbacks/manager.py:52}}
Jun 29 04:34:40.893326 np0000183342 devstack@neutron-api.service[103842]: DEBUG neutron.quota.resource_registry [None req-e22131e4-d91c-4e3a-8108-a18c46b0992f None None] Tracking information for resource: router configured {{(pid=103842) set_tracked_resource /opt/stack/neutron/neutron/quota/resource_registry.py:203}}
Jun 29 04:34:40.893386 np0000183342 devstack@neutron-api.service[103840]: DEBUG neutron_lib.callbacks.manager [None req-0644cf06-9c72-47cc-b4f7-ccd8bb904889 None None] Subscribe: > security_group after_delete 55550000, False {{(pid=103840) subscribe /opt/stack/data/venv/lib/python3.12/site-packages/neutron_lib/callbacks/manager.py:52}}
Jun 29 04:34:40.893439 np0000183342 devstack@neutron-api.service[103841]: INFO neutron.api.extensions [None req-142f874c-211c-4f6a-b9e0-a36dca4239ea None None] Extension agent-resources-synced not supported by any of loaded plugins
Jun 29 04:34:40.893489 np0000183342 devstack@neutron-api.service[103842]: DEBUG neutron.quota.resource_registry [None req-e22131e4-d91c-4e3a-8108-a18c46b0992f None None] Tracking information for resource: floatingip configured {{(pid=103842) set_tracked_resource /opt/stack/neutron/neutron/quota/resource_registry.py:203}}
Jun 29 04:34:40.893551 np0000183342 devstack@neutron-api.service[103840]: DEBUG neutron_lib.callbacks.manager [None req-0644cf06-9c72-47cc-b4f7-ccd8bb904889 None None] Subscribe: > security_group_rule precommit_create 55550000, False {{(pid=103840) subscribe /opt/stack/data/venv/lib/python3.12/site-packages/neutron_lib/callbacks/manager.py:52}}
Jun 29 04:34:40.893613 np0000183342 devstack@neutron-api.service[103841]: DEBUG neutron.api.extensions [None req-142f874c-211c-4f6a-b9e0-a36dca4239ea None None] Loading extension file: agent_sort_key.py {{(pid=103841) _load_all_extensions_from_path /opt/stack/neutron/neutron/api/extensions.py:449}}
Jun 29 04:34:40.893665 np0000183342 devstack@neutron-api.service[103842]: INFO neutron.services.ovn_l3.plugin [None req-e22131e4-d91c-4e3a-8108-a18c46b0992f None None] Starting OVNL3RouterPlugin
Jun 29 04:34:40.893718 np0000183342 devstack@neutron-api.service[103840]: DEBUG neutron_lib.callbacks.manager [None req-0644cf06-9c72-47cc-b4f7-ccd8bb904889 None None] Subscribe: > security_group_rule after_create 55550000, False {{(pid=103840) subscribe /opt/stack/data/venv/lib/python3.12/site-packages/neutron_lib/callbacks/manager.py:52}}
Jun 29 04:34:40.893718 np0000183342 devstack@neutron-api.service[103840]: DEBUG neutron_lib.callbacks.manager [None req-0644cf06-9c72-47cc-b4f7-ccd8bb904889 None None] Subscribe: > security_group_rule before_delete 55550000, False {{(pid=103840) subscribe /opt/stack/data/venv/lib/python3.12/site-packages/neutron_lib/callbacks/manager.py:52}}
Jun 29 04:34:40.893837 np0000183342 devstack@neutron-api.service[103842]: DEBUG neutron_lib.callbacks.manager [None req-e22131e4-d91c-4e3a-8108-a18c46b0992f None None] Subscribe: > port_forwarding_plugin after_init 55550000, False {{(pid=103842) subscribe /opt/stack/data/venv/lib/python3.12/site-packages/neutron_lib/callbacks/manager.py:52}}
Jun 29 04:34:40.893906 np0000183342 devstack@neutron-api.service[103840]: DEBUG neutron_lib.callbacks.manager [None req-0644cf06-9c72-47cc-b4f7-ccd8bb904889 None None] Subscribe: > address_group after_create 55550000, False {{(pid=103840) subscribe /opt/stack/data/venv/lib/python3.12/site-packages/neutron_lib/callbacks/manager.py:52}}
Jun 29 04:34:40.893906 np0000183342 devstack@neutron-api.service[103840]: DEBUG neutron_lib.callbacks.manager [None req-0644cf06-9c72-47cc-b4f7-ccd8bb904889 None None] Subscribe: > address_group after_update 55550000, False {{(pid=103840) subscribe /opt/stack/data/venv/lib/python3.12/site-packages/neutron_lib/callbacks/manager.py:52}}
Jun 29 04:34:40.894009 np0000183342 devstack@neutron-api.service[103841]: DEBUG neutron.api.extensions [None req-142f874c-211c-4f6a-b9e0-a36dca4239ea None None] Ext name="Agents Sort Key" alias="agent_sort_key" description="Enabling the keyword sort_key for sorting in agents." updated="2013-02-03T10:00:00-00:00" {{(pid=103841) _check_extension /opt/stack/neutron/neutron/api/extensions.py:415}}
Jun 29 04:34:40.894061 np0000183342 devstack@neutron-api.service[103842]: DEBUG neutron_lib.callbacks.manager [None req-e22131e4-d91c-4e3a-8108-a18c46b0992f None None] Subscribe: > router before_create 55550100, False {{(pid=103842) subscribe /opt/stack/data/venv/lib/python3.12/site-packages/neutron_lib/callbacks/manager.py:52}}
Jun 29 04:34:40.894105 np0000183342 devstack@neutron-api.service[103840]: DEBUG neutron_lib.callbacks.manager [None req-0644cf06-9c72-47cc-b4f7-ccd8bb904889 None None] Subscribe: > address_group after_delete 55550000, False {{(pid=103840) subscribe /opt/stack/data/venv/lib/python3.12/site-packages/neutron_lib/callbacks/manager.py:52}}
Jun 29 04:34:40.894149 np0000183342 devstack@neutron-api.service[103842]: DEBUG neutron_lib.callbacks.manager [None req-e22131e4-d91c-4e3a-8108-a18c46b0992f None None] Subscribe: > router precommit_delete 55550100, False {{(pid=103842) subscribe /opt/stack/data/venv/lib/python3.12/site-packages/neutron_lib/callbacks/manager.py:52}}
Jun 29 04:34:40.894194 np0000183342 devstack@neutron-api.service[103841]: INFO neutron.api.extensions [None req-142f874c-211c-4f6a-b9e0-a36dca4239ea None None] Extension agent_sort_key not supported by any of loaded plugins
Jun 29 04:34:40.894232 np0000183342 devstack@neutron-api.service[103842]: DEBUG neutron_lib.callbacks.manager [None req-e22131e4-d91c-4e3a-8108-a18c46b0992f None None] Subscribe: > router precommit_create 55550100, False {{(pid=103842) subscribe /opt/stack/data/venv/lib/python3.12/site-packages/neutron_lib/callbacks/manager.py:52}}
Jun 29 04:34:40.894272 np0000183342 devstack@neutron-api.service[103840]: DEBUG neutron_lib.callbacks.manager [None req-0644cf06-9c72-47cc-b4f7-ccd8bb904889 None None] Subscribe: > qos_plugin after_init 55550000, False {{(pid=103840) subscribe /opt/stack/data/venv/lib/python3.12/site-packages/neutron_lib/callbacks/manager.py:52}}
Jun 29 04:34:40.894317 np0000183342 devstack@neutron-api.service[103842]: DEBUG neutron_lib.callbacks.manager [None req-e22131e4-d91c-4e3a-8108-a18c46b0992f None None] Subscribe: > router precommit_update 55550100, False {{(pid=103842) subscribe /opt/stack/data/venv/lib/python3.12/site-packages/neutron_lib/callbacks/manager.py:52}}
Jun 29 04:34:40.894386 np0000183342 devstack@neutron-api.service[103841]: DEBUG neutron.api.extensions [None req-142f874c-211c-4f6a-b9e0-a36dca4239ea None None] Loading extension file: allowedaddresspairs.py {{(pid=103841) _load_all_extensions_from_path /opt/stack/neutron/neutron/api/extensions.py:449}}
Jun 29 04:34:40.894430 np0000183342 devstack@neutron-api.service[103840]: DEBUG neutron_lib.callbacks.manager [None req-0644cf06-9c72-47cc-b4f7-ccd8bb904889 None None] Subscribe: > trunk_plugin after_init 55550000, False {{(pid=103840) subscribe /opt/stack/data/venv/lib/python3.12/site-packages/neutron_lib/callbacks/manager.py:52}}
Jun 29 04:34:40.894469 np0000183342 devstack@neutron-api.service[103840]: DEBUG neutron_lib.callbacks.manager [None req-0644cf06-9c72-47cc-b4f7-ccd8bb904889 None None] Subscribe: > logging-plugin after_init 55550000, False {{(pid=103840) subscribe /opt/stack/data/venv/lib/python3.12/site-packages/neutron_lib/callbacks/manager.py:52}}
Jun 29 04:34:40.895105 np0000183342 devstack@neutron-api.service[103840]: INFO neutron.services.logapi.drivers.ovn.driver [None req-0644cf06-9c72-47cc-b4f7-ccd8bb904889 None None] OVN logging driver registered
Jun 29 04:34:40.895173 np0000183342 devstack@neutron-api.service[103841]: DEBUG neutron.api.extensions [None req-142f874c-211c-4f6a-b9e0-a36dca4239ea None None] Ext name="Allowed Address Pairs" alias="allowed-address-pairs" description="Provides allowed address pairs" updated="2013-07-23T10:00:00-00:00" {{(pid=103841) _check_extension /opt/stack/neutron/neutron/api/extensions.py:415}}
Jun 29 04:34:40.895242 np0000183342 devstack@neutron-api.service[103840]: DEBUG neutron_lib.callbacks.manager [None req-0644cf06-9c72-47cc-b4f7-ccd8bb904889 None None] Subscribe: ._register_pvlan_driver at 0x73f5f1ba3100> pvlan_plugin before_spawn 55550000, False {{(pid=103840) subscribe /opt/stack/data/venv/lib/python3.12/site-packages/neutron_lib/callbacks/manager.py:52}}
Jun 29 04:34:40.895389 np0000183342 devstack@neutron-api.service[103840]: DEBUG neutron_lib.callbacks.manager [None req-0644cf06-9c72-47cc-b4f7-ccd8bb904889 None None] Subscribe: process after_init 55550000, False {{(pid=103840) subscribe /opt/stack/data/venv/lib/python3.12/site-packages/neutron_lib/callbacks/manager.py:52}}
Jun 29 04:34:40.895435 np0000183342 devstack@neutron-api.service[103841]: INFO neutron.api.extensions [None req-142f874c-211c-4f6a-b9e0-a36dca4239ea None None] Loaded extension: allowed-address-pairs
Jun 29 04:34:40.895582 np0000183342 devstack@neutron-api.service[103841]: DEBUG neutron.api.extensions [None req-142f874c-211c-4f6a-b9e0-a36dca4239ea None None] Loading extension file: auto_allocated_topology.py {{(pid=103841) _load_all_extensions_from_path /opt/stack/neutron/neutron/api/extensions.py:449}}
Jun 29 04:34:40.895972 np0000183342 devstack@neutron-api.service[103841]: DEBUG neutron.api.extensions [None req-142f874c-211c-4f6a-b9e0-a36dca4239ea None None] Ext name="Auto Allocated Topology Services" alias="auto-allocated-topology" description="Auto Allocated Topology Services." updated="2016-01-01T00:00:00-00:00" {{(pid=103841) _check_extension /opt/stack/neutron/neutron/api/extensions.py:415}}
Jun 29 04:34:40.896247 np0000183342 devstack@neutron-api.service[103841]: INFO neutron.api.extensions [None req-142f874c-211c-4f6a-b9e0-a36dca4239ea None None] Loaded extension: auto-allocated-topology
Jun 29 04:34:40.896397 np0000183342 devstack@neutron-api.service[103841]: DEBUG neutron.api.extensions [None req-142f874c-211c-4f6a-b9e0-a36dca4239ea None None] Loading extension file: availability_zone.py {{(pid=103841) _load_all_extensions_from_path /opt/stack/neutron/neutron/api/extensions.py:449}}
Jun 29 04:34:40.897006 np0000183342 devstack@neutron-api.service[103841]: DEBUG neutron.api.extensions [None req-142f874c-211c-4f6a-b9e0-a36dca4239ea None None] Ext name="Availability Zone" alias="availability_zone" description="The availability zone extension." updated="2015-01-01T10:00:00-00:00" {{(pid=103841) _check_extension /opt/stack/neutron/neutron/api/extensions.py:415}}
Jun 29 04:34:40.897080 np0000183342 devstack@neutron-api.service[103841]: INFO neutron.api.extensions [None req-142f874c-211c-4f6a-b9e0-a36dca4239ea None None] Loaded extension: availability_zone
Jun 29 04:34:40.897140 np0000183342 devstack@neutron-api.service[103840]: DEBUG neutron.plugins.ml2.plugin [None req-0644cf06-9c72-47cc-b4f7-ccd8bb904889 None None] neutron.plugins.ml2.plugin.Ml2Plugin method _start_rpc_notifiers called with arguments () {} {{(pid=103840) wrapper /opt/stack/data/venv/lib/python3.12/site-packages/oslo_log/helpers.py:77}}
Jun 29 04:34:40.897206 np0000183342 devstack@neutron-api.service[103841]: DEBUG neutron.api.extensions [None req-142f874c-211c-4f6a-b9e0-a36dca4239ea None None] Loading extension file: availability_zone_filter.py {{(pid=103841) _load_all_extensions_from_path /opt/stack/neutron/neutron/api/extensions.py:449}}
