+ COMMAND=start + start + for KEYSTONE_WSGI_SCRIPT in keystone-wsgi-public ++ type -p keystone-wsgi-public + cp -a /var/lib/openstack/bin/keystone-wsgi-public /var/www/cgi-bin/keystone/ + '[' -f /etc/apache2/envvars ']' + source /etc/apache2/envvars ++ unset HOME ++ '[' '' '!=' '' ']' ++ SUFFIX= ++ export APACHE_RUN_USER=www-data ++ APACHE_RUN_USER=www-data ++ export APACHE_RUN_GROUP=www-data ++ APACHE_RUN_GROUP=www-data ++ export APACHE_PID_FILE=/var/run/apache2/apache2.pid ++ APACHE_PID_FILE=/var/run/apache2/apache2.pid ++ export APACHE_RUN_DIR=/var/run/apache2 ++ APACHE_RUN_DIR=/var/run/apache2 ++ export APACHE_LOCK_DIR=/var/lock/apache2 ++ APACHE_LOCK_DIR=/var/lock/apache2 ++ export APACHE_LOG_DIR=/var/log/apache2 ++ APACHE_LOG_DIR=/var/log/apache2 ++ export LANG=C ++ LANG=C ++ export LANG + '[' -f /var/run/apache2/apache2.pid ']' + exec apache2 -DFOREGROUND AH00558: apache2: Could not reliably determine the server's fully qualified domain name, using 10.0.0.164. Set the 'ServerName' directive globally to suppress this message AH00558: apache2: Could not reliably determine the server's fully qualified domain name, using 10.0.0.164. Set the 'ServerName' directive globally to suppress this message
[Tue May 19 19:13:52.922982 2026] [mpm_event:notice] [pid 1:tid 140341469206400] AH00489: Apache/2.4.58 (Ubuntu) mod_wsgi/5.0.0 Python/3.12 configured -- resuming normal operations
[Tue May 19 19:13:52.923086 2026] [core:notice] [pid 1:tid 140341469206400] AH00094: Command line: 'apache2 -D FOREGROUND'
[Tue May 19 19:14:56.393826 2026] [wsgi:error] [pid 11:tid 140340832433856] /var/lib/openstack/lib/python3.12/site-packages/oslo_utils/importutils.py:77: EventletDeprecationWarning:
[Tue May 19 19:14:56.393863 2026] [wsgi:error] [pid 11:tid 140340832433856] Eventlet is deprecated. It is currently being maintained in bugfix mode, and
[Tue May 19 19:14:56.393865 2026] [wsgi:error] [pid 11:tid 140340832433856] we strongly recommend against using it for new projects.
[Tue May 19 19:14:56.393867 2026] [wsgi:error] [pid 11:tid 140340832433856]
[Tue May 19 19:14:56.393868 2026] [wsgi:error] [pid 11:tid 140340832433856] If you are already using Eventlet, we recommend migrating to a different
[Tue May 19 19:14:56.393869 2026] [wsgi:error] [pid 11:tid 140340832433856] framework. For more detail see
[Tue May 19 19:14:56.393870 2026] [wsgi:error] [pid 11:tid 140340832433856] https://eventlet.readthedocs.io/en/latest/asyncio/migration.html
[Tue May 19 19:14:56.393871 2026] [wsgi:error] [pid 11:tid 140340832433856]
[Tue May 19 19:14:56.393872 2026] [wsgi:error] [pid 11:tid 140340832433856] __import__(import_str)
[Tue May 19 19:14:56.409331 2026] [wsgi:error] [pid 10:tid 140340832433856] /var/lib/openstack/lib/python3.12/site-packages/oslo_utils/importutils.py:77: EventletDeprecationWarning:
[Tue May 19 19:14:56.409382 2026] [wsgi:error] [pid 10:tid 140340832433856] Eventlet is deprecated. It is currently being maintained in bugfix mode, and
[Tue May 19 19:14:56.409384 2026] [wsgi:error] [pid 10:tid 140340832433856] we strongly recommend against using it for new projects.
[Tue May 19 19:14:56.409385 2026] [wsgi:error] [pid 10:tid 140340832433856]
[Tue May 19 19:14:56.409386 2026] [wsgi:error] [pid 10:tid 140340832433856] If you are already using Eventlet, we recommend migrating to a different
[Tue May 19 19:14:56.409387 2026] [wsgi:error] [pid 10:tid 140340832433856] framework. For more detail see
[Tue May 19 19:14:56.409388 2026] [wsgi:error] [pid 10:tid 140340832433856] https://eventlet.readthedocs.io/en/latest/asyncio/migration.html
[Tue May 19 19:14:56.409390 2026] [wsgi:error] [pid 10:tid 140340832433856]
[Tue May 19 19:14:56.409390 2026] [wsgi:error] [pid 10:tid 140340832433856] __import__(import_str) 10.0.0.199 - - [19/May/2026:19:14:55 +0000] "GET /v3/ HTTP/1.1" 200 250 10.0.0.199 - - [19/May/2026:19:14:55 +0000] "GET /v3/ HTTP/1.1" 200 250
[Tue May 19 19:15:08.481659 2026] [wsgi:error] [pid 12:tid 140340832433856] /var/lib/openstack/lib/python3.12/site-packages/oslo_utils/importutils.py:77: EventletDeprecationWarning:
[Tue May 19 19:15:08.481695 2026] [wsgi:error] [pid 12:tid 140340832433856] Eventlet is deprecated. It is currently being maintained in bugfix mode, and
[Tue May 19 19:15:08.481696 2026] [wsgi:error] [pid 12:tid 140340832433856] we strongly recommend against using it for new projects.
[Tue May 19 19:15:08.481698 2026] [wsgi:error] [pid 12:tid 140340832433856]
[Tue May 19 19:15:08.481699 2026] [wsgi:error] [pid 12:tid 140340832433856] If you are already using Eventlet, we recommend migrating to a different
[Tue May 19 19:15:08.481700 2026] [wsgi:error] [pid 12:tid 140340832433856] framework. For more detail see
[Tue May 19 19:15:08.481701 2026] [wsgi:error] [pid 12:tid 140340832433856] https://eventlet.readthedocs.io/en/latest/asyncio/migration.html
[Tue May 19 19:15:08.481702 2026] [wsgi:error] [pid 12:tid 140340832433856]
[Tue May 19 19:15:08.481703 2026] [wsgi:error] [pid 12:tid 140340832433856] __import__(import_str) 10.0.0.216 - - [19/May/2026:19:15:07 +0000] "GET / HTTP/1.1" 300 295
[Tue May 19 19:15:13.733315 2026] [wsgi:error] [pid 9:tid 140340832433856] /var/lib/openstack/lib/python3.12/site-packages/oslo_utils/importutils.py:77: EventletDeprecationWarning:
[Tue May 19 19:15:13.733349 2026] [wsgi:error] [pid 9:tid 140340832433856] Eventlet is deprecated. It is currently being maintained in bugfix mode, and
[Tue May 19 19:15:13.733351 2026] [wsgi:error] [pid 9:tid 140340832433856] we strongly recommend against using it for new projects.
[Tue May 19 19:15:13.733352 2026] [wsgi:error] [pid 9:tid 140340832433856]
[Tue May 19 19:15:13.733353 2026] [wsgi:error] [pid 9:tid 140340832433856] If you are already using Eventlet, we recommend migrating to a different
[Tue May 19 19:15:13.733354 2026] [wsgi:error] [pid 9:tid 140340832433856] framework. For more detail see
[Tue May 19 19:15:13.733356 2026] [wsgi:error] [pid 9:tid 140340832433856] https://eventlet.readthedocs.io/en/latest/asyncio/migration.html
[Tue May 19 19:15:13.733357 2026] [wsgi:error] [pid 9:tid 140340832433856]
[Tue May 19 19:15:13.733358 2026] [wsgi:error] [pid 9:tid 140340832433856] __import__(import_str)
[Tue May 19 19:15:18.405240 2026] [wsgi:error] [pid 9:tid 140340832433856] [remote 10.0.0.216:50920] 2026-05-19 19:15:18.401 9 WARNING keystone.identity.core [None req-56bb1863-c748-42b6-ace4-ecd586f09334 - - - - - -] Invalid domain name (atmosphere) found in config file name: keystone.exception.DomainNotFound: Could not find domain: atmosphere.
[Tue May 19 19:15:18.460468 2026] [wsgi:error] [pid 9:tid 140340832433856] [remote 10.0.0.216:50920] 2026-05-19 19:15:18.460 9 WARNING keystone.common.password_hashing [None req-56bb1863-c748-42b6-ace4-ecd586f09334 - - - - - -] Truncating password to algorithm specific maximum length 72 characters.
[Tue May 19 19:15:18.757712 2026] [wsgi:error] [pid 9:tid 140340832433856] [remote 10.0.0.216:50920] 2026-05-19 19:15:18.757 9 WARNING keystone.common.fernet_utils [None req-56bb1863-c748-42b6-ace4-ecd586f09334 - - - - - -] key_repository is world readable: /etc/keystone/fernet-keys/ 10.0.0.216 - - [19/May/2026:19:15:12 +0000] "POST /v3/auth/tokens HTTP/1.1" 201 1360
[Tue May 19 19:15:19.109060 2026] [wsgi:error] [pid 11:tid 140340832433856] [remote 10.0.0.216:50920] 2026-05-19 19:15:19.106 11 WARNING keystone.identity.core [None req-f6c56afd-7aa9-40ad-88a3-df1c4bf26746 - - - - - -] Invalid domain name (atmosphere) found in config file name: keystone.exception.DomainNotFound: Could not find domain: atmosphere. 10.0.0.216 - - [19/May/2026:19:15:18 +0000] "POST /v3/domains HTTP/1.1" 201 261 10.0.0.35 - - [19/May/2026:19:15:29 +0000] "GET / HTTP/1.1" 300 295
[Tue May 19 19:15:30.203253 2026] [wsgi:error] [pid 12:tid 140340832433856] [remote 10.0.0.35:44024] 2026-05-19 19:15:30.202 12 WARNING keystone.common.password_hashing [None req-e619111c-ee29-4928-b093-7160f7491c63 - - - - - -] Truncating password to algorithm specific maximum length 72 characters.
[Tue May 19 19:15:30.475772 2026] [wsgi:error] [pid 12:tid 140340832433856] [remote 10.0.0.35:44024] 2026-05-19 19:15:30.475 12 WARNING keystone.common.fernet_utils [None req-e619111c-ee29-4928-b093-7160f7491c63 - - - - - -] key_repository is world readable: /etc/keystone/fernet-keys/ 10.0.0.35 - - [19/May/2026:19:15:29 +0000] "POST /v3/auth/tokens HTTP/1.1" 201 1360 10.0.0.35 - - [19/May/2026:19:15:30 +0000] "GET /v3/roles/admin HTTP/1.1" 404 83
[Tue May 19 19:15:30.693155 2026] [wsgi:error] [pid 11:tid 140340832433856] [remote 10.0.0.35:44024] 2026-05-19 19:15:30.692 11 WARNING keystone.common.rbac_enforcer.enforcer [None req-08cbaab3-d350-4f4a-978d-598f6155f012 3bb80b53c55449108ff337af48b47233 f2f5828881654961b805ac25458b25f8 - - default default] Deprecated policy rules found. Use oslopolicy-policy-generator and oslopolicy-policy-upgrade to detect and resolve deprecated policies in your configuration. 10.0.0.35 - - [19/May/2026:19:15:30 +0000] "GET /v3/roles?name=admin HTTP/1.1" 200 389
[Tue May 19 19:15:31.045531 2026] [wsgi:error] [pid 10:tid 140340832433856] [remote 10.0.0.35:44024] 2026-05-19 19:15:31.045 10 WARNING keystone.common.rbac_enforcer.enforcer [None req-dd1f0343-e7a9-4b1d-8460-b7eb44df7e42 3bb80b53c55449108ff337af48b47233 f2f5828881654961b805ac25458b25f8 - - default default] Deprecated policy rules found. Use oslopolicy-policy-generator and oslopolicy-policy-upgrade to detect and resolve deprecated policies in your configuration. 10.0.0.35 - - [19/May/2026:19:15:30 +0000] "GET /v3/users/admin-RegionOne HTTP/1.1" 404 93
[Tue May 19 19:15:31.187668 2026] [wsgi:error] [pid 12:tid 140340832433856] [remote 10.0.0.35:44024] 2026-05-19 19:15:31.187 12 WARNING keystone.common.rbac_enforcer.enforcer [None req-5708653d-9d72-481f-ba52-18d1a62e149d 3bb80b53c55449108ff337af48b47233 f2f5828881654961b805ac25458b25f8 - - default default] Deprecated policy rules found. Use oslopolicy-policy-generator and oslopolicy-policy-upgrade to detect and resolve deprecated policies in your configuration. 10.0.0.35 - - [19/May/2026:19:15:31 +0000] "GET /v3/users?name=admin-RegionOne HTTP/1.1" 200 422
[Tue May 19 19:15:31.365925 2026] [wsgi:error] [pid 9:tid 140340832433856] [remote 10.0.0.35:44024] 2026-05-19 19:15:31.365 9 WARNING keystone.common.rbac_enforcer.enforcer [None req-33aa30e2-3004-40bd-93b9-f5cdb1fc8486 3bb80b53c55449108ff337af48b47233 f2f5828881654961b805ac25458b25f8 - - default default] Deprecated policy rules found. Use oslopolicy-policy-generator and oslopolicy-policy-upgrade to detect and resolve deprecated policies in your configuration. 10.0.0.35 - - [19/May/2026:19:15:31 +0000] "GET /v3/domains/default HTTP/1.1" 200 224 10.0.0.35 - - [19/May/2026:19:15:31 +0000] "PUT /v3/domains/default/users/3bb80b53c55449108ff337af48b47233/roles/329a2813783e4123b40dc89183650b80 HTTP/1.1" 204 - 10.0.0.199 - - [19/May/2026:19:15:40 +0000] "GET / HTTP/1.1" 300 281 10.0.0.199 - - [19/May/2026:19:15:41 +0000] "GET /v3 HTTP/1.1" 200 266
[Tue May 19 19:15:41.620783 2026] [wsgi:error] [pid 9:tid 140340832433856] [remote 10.0.0.199:42838] 2026-05-19 19:15:41.620 9 WARNING keystone.common.password_hashing [None req-85bf0d16-1fb0-4807-bf6a-2f835ba1659e - - - - - -] Truncating password to algorithm specific maximum length 72 characters.
[Tue May 19 19:15:41.898114 2026] [wsgi:error] [pid 9:tid 140340832433856] [remote 10.0.0.199:42838] 2026-05-19 19:15:41.897 9 WARNING keystone.common.fernet_utils [None req-85bf0d16-1fb0-4807-bf6a-2f835ba1659e - - - - - -] key_repository is world readable: /etc/keystone/fernet-keys/ 10.0.0.199 - - [19/May/2026:19:15:41 +0000] "POST /v3/auth/tokens HTTP/1.1" 201 1360 10.0.0.199 - - [19/May/2026:19:15:41 +0000] "GET / HTTP/1.1" 300 281 10.0.0.199 - - [19/May/2026:19:15:41 +0000] "GET /v3/domains/atmosphere HTTP/1.1" 404 90 10.0.0.199 - - [19/May/2026:19:15:41 +0000] "GET /v3/domains?name=atmosphere HTTP/1.1" 200 370 10.0.0.199 - - [19/May/2026:19:15:42 +0000] "GET /v3/domains/cbcaffbd3dc14e6492e5ac2ce46ebd55 HTTP/1.1" 200 247 10.0.0.199 - - [19/May/2026:19:15:42 +0000] "GET /v3 HTTP/1.1" 200 266
[Tue May 19 19:15:42.953605 2026] [wsgi:error] [pid 10:tid 140340832433856] [remote 10.0.0.199:42840] 2026-05-19 19:15:42.952 10 WARNING keystone.common.password_hashing [None req-5c63194e-9795-46eb-bd5c-39b5e7661263 - - - - - -] Truncating password to algorithm specific maximum length 72 characters.
[Tue May 19 19:15:43.228398 2026] [wsgi:error] [pid 10:tid 140340832433856] [remote 10.0.0.199:42840] 2026-05-19 19:15:43.228 10 WARNING keystone.common.fernet_utils [None req-5c63194e-9795-46eb-bd5c-39b5e7661263 - - - - - -] key_repository is world readable: /etc/keystone/fernet-keys/ 10.0.0.199 - - [19/May/2026:19:15:42 +0000] "POST /v3/auth/tokens HTTP/1.1" 201 1360 10.0.0.199 - - [19/May/2026:19:15:43 +0000] "GET / HTTP/1.1" 300 281 10.0.0.199 - - [19/May/2026:19:15:43 +0000] "GET /v3/OS-FEDERATION/identity_providers/atmosphere HTTP/1.1" 404 101 10.0.0.199 - - [19/May/2026:19:15:43 +0000] "GET /v3/OS-FEDERATION/identity_providers HTTP/1.1" 200 156 10.0.0.199 - - [19/May/2026:19:15:43 +0000] "PUT /v3/OS-FEDERATION/identity_providers/atmosphere HTTP/1.1" 201 342 10.0.0.199 - - [19/May/2026:19:15:44 +0000] "GET /v3 HTTP/1.1" 200 266
[Tue May 19 19:15:44.052018 2026] [wsgi:error] [pid 9:tid 140340832433856] [remote 10.0.0.199:42838] 2026-05-19 19:15:44.051 9 WARNING keystone.common.password_hashing [None req-91b4a752-4f4f-46d0-9500-2e85138811f5 - - - - - -] Truncating password to algorithm specific maximum length 72 characters.
[Tue May 19 19:15:44.331571 2026] [wsgi:error] [pid 9:tid 140340832433856] [remote 10.0.0.199:42838] 2026-05-19 19:15:44.331 9 WARNING keystone.common.fernet_utils [None req-91b4a752-4f4f-46d0-9500-2e85138811f5 - - - - - -] key_repository is world readable: /etc/keystone/fernet-keys/ 10.0.0.199 - - [19/May/2026:19:15:44 +0000] "POST /v3/auth/tokens HTTP/1.1" 201 1360 10.0.0.199 - - [19/May/2026:19:15:44 +0000] "GET / HTTP/1.1" 300 281 10.0.0.199 - - [19/May/2026:19:15:44 +0000] "GET /v3/OS-FEDERATION/mappings/atmosphere-openid HTTP/1.1" 404 98 10.0.0.199 - - [19/May/2026:19:15:44 +0000] "GET /v3/OS-FEDERATION/mappings HTTP/1.1" 200 136 10.0.0.199 - - [19/May/2026:19:15:44 +0000] "PUT /v3/OS-FEDERATION/mappings/atmosphere-openid HTTP/1.1" 201 357 10.0.0.199 - - [19/May/2026:19:15:45 +0000] "GET /v3 HTTP/1.1" 200 266
[Tue May 19 19:15:45.142407 2026] [wsgi:error] [pid 10:tid 140340832433856] [remote 10.0.0.199:42840] 2026-05-19 19:15:45.142 10 WARNING keystone.common.password_hashing [None req-45419963-8d79-464d-acac-2a7fc54669ee - - - - - -] Truncating password to algorithm specific maximum length 72 characters.
[Tue May 19 19:15:45.423051 2026] [wsgi:error] [pid 10:tid 140340832433856] [remote 10.0.0.199:42840] 2026-05-19 19:15:45.422 10 WARNING keystone.common.fernet_utils [None req-45419963-8d79-464d-acac-2a7fc54669ee - - - - - -] key_repository is world readable: /etc/keystone/fernet-keys/ 10.0.0.199 - - [19/May/2026:19:15:45 +0000] "POST /v3/auth/tokens HTTP/1.1" 201 1360 10.0.0.199 - - [19/May/2026:19:15:45 +0000] "GET / HTTP/1.1" 300 281 10.0.0.199 - - [19/May/2026:19:15:45 +0000] "GET /v3/OS-FEDERATION/identity_providers/atmosphere/protocols/openid?idp_id=atmosphere HTTP/1.1" 404 131 10.0.0.199 - - [19/May/2026:19:15:45 +0000] "GET /v3/OS-FEDERATION/identity_providers/atmosphere/protocols HTTP/1.1" 200 168 10.0.0.199 - - [19/May/2026:19:15:45 +0000] "PUT /v3/OS-FEDERATION/identity_providers/atmosphere/protocols/openid HTTP/1.1" 201 224 10.0.0.199 - - [19/May/2026:19:15:55 +0000] "GET /v3/ HTTP/1.1" 200 250 10.0.0.199 - - [19/May/2026:19:15:55 +0000] "GET /v3/ HTTP/1.1" 200 250 10.0.0.199 - - [19/May/2026:19:16:55 +0000] "GET /v3/ HTTP/1.1" 200 250 10.0.0.199 - - [19/May/2026:19:16:55 +0000] "GET /v3/ HTTP/1.1" 200 250 10.0.0.180 - - [19/May/2026:19:17:09 +0000] "GET / HTTP/1.1" 300 295
[Tue May 19 19:17:09.781364 2026] [wsgi:error] [pid 9:tid 140340832433856] [remote 10.0.0.180:48756] 2026-05-19 19:17:09.781 9 WARNING keystone.common.password_hashing [None req-24ce23f8-7219-4dea-8c56-3f649e8aa471 - - - - - -] Truncating password to algorithm specific maximum length 72 characters.
[Tue May 19 19:17:10.057920 2026] [wsgi:error] [pid 9:tid 140340832433856] [remote 10.0.0.180:48756] 2026-05-19 19:17:10.057 9 WARNING keystone.common.fernet_utils [None req-24ce23f8-7219-4dea-8c56-3f649e8aa471 - - - - - -] key_repository is world readable: /etc/keystone/fernet-keys/ 10.0.0.180 - - [19/May/2026:19:17:09 +0000] "POST /v3/auth/tokens HTTP/1.1" 201 1360 10.0.0.180 - - [19/May/2026:19:17:10 +0000] "GET /v3/services HTTP/1.1" 200 355 10.0.0.180 - - [19/May/2026:19:17:13 +0000] "GET / HTTP/1.1" 300 295
[Tue May 19 19:17:13.508454 2026] [wsgi:error] [pid 12:tid 140340832433856] [remote 10.0.0.180:48772] 2026-05-19 19:17:13.508 12 WARNING keystone.common.password_hashing [None req-3e9ddd3d-f191-4523-baa9-eca48db0cb89 - - - - - -] Truncating password to algorithm specific maximum length 72 characters.
[Tue May 19 19:17:13.776811 2026] [wsgi:error] [pid 12:tid 140340832433856] [remote 10.0.0.180:48772] 2026-05-19 19:17:13.776 12 WARNING keystone.common.fernet_utils [None req-3e9ddd3d-f191-4523-baa9-eca48db0cb89 - - - - - -] key_repository is world readable: /etc/keystone/fernet-keys/ 10.0.0.180 - - [19/May/2026:19:17:13 +0000] "POST /v3/auth/tokens HTTP/1.1" 201 1360 10.0.0.180 - - [19/May/2026:19:17:13 +0000] "GET /v3/services HTTP/1.1" 200 355 10.0.0.180 - - [19/May/2026:19:17:17 +0000] "GET / HTTP/1.1" 300 295
[Tue May 19 19:17:17.177654 2026] [wsgi:error] [pid 11:tid 140340832433856] [remote 10.0.0.180:51514] 2026-05-19 19:17:17.177 11 WARNING keystone.common.password_hashing [None req-ed2472b4-3714-440c-85c7-b0e679d5ec69 - - - - - -] Truncating password to algorithm specific maximum length 72 characters.
[Tue May 19 19:17:17.462945 2026] [wsgi:error] [pid 11:tid 140340832433856] [remote 10.0.0.180:51514] 2026-05-19 19:17:17.462 11 WARNING keystone.common.fernet_utils [None req-ed2472b4-3714-440c-85c7-b0e679d5ec69 - - - - - -] key_repository is world readable: /etc/keystone/fernet-keys/ 10.0.0.180 - - [19/May/2026:19:17:17 +0000] "POST /v3/auth/tokens HTTP/1.1" 201 1360 10.0.0.180 - - [19/May/2026:19:17:17 +0000] "GET /v3/services HTTP/1.1" 200 355 10.0.0.180 - - [19/May/2026:19:17:20 +0000] "GET / HTTP/1.1" 300 295
[Tue May 19 19:17:20.887884 2026] [wsgi:error] [pid 10:tid 140340832433856] [remote 10.0.0.180:51528] 2026-05-19 19:17:20.887 10 WARNING keystone.common.password_hashing [None req-b38371ee-b49a-482a-9f43-6e46509d0a0d - - - - - -] Truncating password to algorithm specific maximum length 72 characters.
[Tue May 19 19:17:21.168101 2026] [wsgi:error] [pid 10:tid 140340832433856] [remote 10.0.0.180:51528] 2026-05-19 19:17:21.167 10 WARNING keystone.common.fernet_utils [None req-b38371ee-b49a-482a-9f43-6e46509d0a0d - - - - - -] key_repository is world readable: /etc/keystone/fernet-keys/ 10.0.0.180 - - [19/May/2026:19:17:20 +0000] "POST /v3/auth/tokens HTTP/1.1" 201 1360 10.0.0.180 - - [19/May/2026:19:17:21 +0000] "POST /v3/services HTTP/1.1" 201 296 10.0.0.61 - - [19/May/2026:19:17:31 +0000] "GET / HTTP/1.1" 300 295
[Tue May 19 19:17:31.951811 2026] [wsgi:error] [pid 9:tid 140340832433856] [remote 10.0.0.61:59774] 2026-05-19 19:17:31.951 9 WARNING keystone.common.password_hashing [None req-dc564076-0f81-4e5e-b813-79f2e43d552a - - - - - -] Truncating password to algorithm specific maximum length 72 characters. 10.0.0.61 - - [19/May/2026:19:17:32 +0000] "GET / HTTP/1.1" 300 295
[Tue May 19 19:17:32.106827 2026] [wsgi:error] [pid 11:tid 140340832433856] [remote 10.0.0.61:59786] 2026-05-19 19:17:32.106 11 WARNING keystone.common.password_hashing [None req-93b3a66c-a0c6-48ec-b138-82ea70ae7ee5 - - - - - -] Truncating password to algorithm specific maximum length 72 characters. 10.0.0.61 - - [19/May/2026:19:17:32 +0000] "GET / HTTP/1.1" 300 295
[Tue May 19 19:17:32.149998 2026] [wsgi:error] [pid 10:tid 140340832433856] [remote 10.0.0.61:59794] 2026-05-19 19:17:32.149 10 WARNING keystone.common.password_hashing [None req-b103aa58-e948-41d3-b43d-922c7e69e26c - - - - - -] Truncating password to algorithm specific maximum length 72 characters.
[Tue May 19 19:17:32.230495 2026] [wsgi:error] [pid 9:tid 140340832433856] [remote 10.0.0.61:59774] 2026-05-19 19:17:32.230 9 WARNING keystone.common.fernet_utils [None req-dc564076-0f81-4e5e-b813-79f2e43d552a - - - - - -] key_repository is world readable: /etc/keystone/fernet-keys/ 10.0.0.61 - - [19/May/2026:19:17:31 +0000] "POST /v3/auth/tokens HTTP/1.1" 201 1464 10.0.0.61 - - [19/May/2026:19:17:32 +0000] "GET /v3/services HTTP/1.1" 200 639
[Tue May 19 19:17:32.377390 2026] [wsgi:error] [pid 11:tid 140340832433856] [remote 10.0.0.61:59786] 2026-05-19 19:17:32.377 11 WARNING keystone.common.fernet_utils [None req-93b3a66c-a0c6-48ec-b138-82ea70ae7ee5 - - - - - -] key_repository is world readable: /etc/keystone/fernet-keys/ 10.0.0.61 - - [19/May/2026:19:17:32 +0000] "POST /v3/auth/tokens HTTP/1.1" 201 1464
[Tue May 19 19:17:32.419079 2026] [wsgi:error] [pid 10:tid 140340832433856] [remote 10.0.0.61:59794] 2026-05-19 19:17:32.418 10 WARNING keystone.common.fernet_utils [None req-b103aa58-e948-41d3-b43d-922c7e69e26c - - - - - -] key_repository is world readable: /etc/keystone/fernet-keys/ 10.0.0.61 - - [19/May/2026:19:17:32 +0000] "POST /v3/auth/tokens HTTP/1.1" 201 1464 10.0.0.61 - - [19/May/2026:19:17:32 +0000] "GET /v3/services HTTP/1.1" 200 639 10.0.0.61 - - [19/May/2026:19:17:32 +0000] "GET /v3/services HTTP/1.1" 200 639 10.0.0.61 - - [19/May/2026:19:17:33 +0000] "GET / HTTP/1.1" 300 295
[Tue May 19 19:17:33.673699 2026] [wsgi:error] [pid 10:tid 140340832433856] [remote 10.0.0.61:59798] 2026-05-19 19:17:33.673 10 WARNING keystone.common.password_hashing [None req-82c16eb4-01e3-413c-b458-2ef33459ba7d - - - - - -] Truncating password to algorithm specific maximum length 72 characters. 10.0.0.61 - - [19/May/2026:19:17:33 +0000] "GET / HTTP/1.1" 300 295 10.0.0.61 - - [19/May/2026:19:17:33 +0000] "GET / HTTP/1.1" 300 295
[Tue May 19 19:17:33.858661 2026] [wsgi:error] [pid 12:tid 140340832433856] [remote 10.0.0.61:59810] 2026-05-19 19:17:33.858 12 WARNING keystone.common.password_hashing [None req-f51e24ca-677a-485d-a8a4-1032217b1880 - - - - - -] Truncating password to algorithm specific maximum length 72 characters.
[Tue May 19 19:17:33.870599 2026] [wsgi:error] [pid 9:tid 140340832433856] [remote 10.0.0.61:59824] 2026-05-19 19:17:33.870 9 WARNING keystone.common.password_hashing [None req-0ee84121-1b9b-483e-a864-727f952f008a - - - - - -] Truncating password to algorithm specific maximum length 72 characters.
[Tue May 19 19:17:33.959147 2026] [wsgi:error] [pid 10:tid 140340832433856] [remote 10.0.0.61:59798] 2026-05-19 19:17:33.958 10 WARNING keystone.common.fernet_utils [None req-82c16eb4-01e3-413c-b458-2ef33459ba7d - - - - - -] key_repository is world readable: /etc/keystone/fernet-keys/ 10.0.0.61 - - [19/May/2026:19:17:33 +0000] "POST /v3/auth/tokens HTTP/1.1" 201 1464 10.0.0.61 - - [19/May/2026:19:17:34 +0000] "GET /v3/endpoints HTTP/1.1" 200 1227 10.0.0.61 - - [19/May/2026:19:17:34 +0000] "GET /v3/services/c050434a79194a1fb287bb8c04753963 HTTP/1.1" 200 233
[Tue May 19 19:17:34.127332 2026] [wsgi:error] [pid 12:tid 140340832433856] [remote 10.0.0.61:59810] 2026-05-19 19:17:34.127 12 WARNING keystone.common.fernet_utils [None req-f51e24ca-677a-485d-a8a4-1032217b1880 - - - - - -] key_repository is world readable: /etc/keystone/fernet-keys/ 10.0.0.61 - - [19/May/2026:19:17:34 +0000] "GET /v3/services/c050434a79194a1fb287bb8c04753963 HTTP/1.1" 200 233 10.0.0.61 - - [19/May/2026:19:17:33 +0000] "POST /v3/auth/tokens HTTP/1.1" 201 1464
[Tue May 19 19:17:34.148145 2026] [wsgi:error] [pid 9:tid 140340832433856] [remote 10.0.0.61:59824] 2026-05-19 19:17:34.147 9 WARNING keystone.common.fernet_utils [None req-0ee84121-1b9b-483e-a864-727f952f008a - - - - - -] key_repository is world readable: /etc/keystone/fernet-keys/ 10.0.0.61 - - [19/May/2026:19:17:34 +0000] "GET /v3/services/c050434a79194a1fb287bb8c04753963 HTTP/1.1" 200 233 10.0.0.61 - - [19/May/2026:19:17:33 +0000] "POST /v3/auth/tokens HTTP/1.1" 201 1464 10.0.0.61 - - [19/May/2026:19:17:34 +0000] "GET /v3/endpoints HTTP/1.1" 200 1227 10.0.0.61 - - [19/May/2026:19:17:34 +0000] "GET /v3/services/c050434a79194a1fb287bb8c04753963 HTTP/1.1" 200 233 10.0.0.61 - - [19/May/2026:19:17:34 +0000] "GET /v3/services/c050434a79194a1fb287bb8c04753963 HTTP/1.1" 200 233 10.0.0.61 - - [19/May/2026:19:17:34 +0000] "GET /v3/endpoints HTTP/1.1" 200 1227 10.0.0.61 - - [19/May/2026:19:17:34 +0000] "GET /v3/services/c050434a79194a1fb287bb8c04753963 HTTP/1.1" 200 233 10.0.0.61 - - [19/May/2026:19:17:34 +0000] "GET /v3/services/c050434a79194a1fb287bb8c04753963 HTTP/1.1" 200 233 10.0.0.61 - - [19/May/2026:19:17:34 +0000] "GET /v3/services/c050434a79194a1fb287bb8c04753963 HTTP/1.1" 200 233 10.0.0.61 - - [19/May/2026:19:17:34 +0000] "GET /v3/services/c050434a79194a1fb287bb8c04753963 HTTP/1.1" 200 233 10.0.0.61 - - [19/May/2026:19:17:35 +0000] "GET / HTTP/1.1" 300 295
[Tue May 19 19:17:35.450731 2026] [wsgi:error] [pid 12:tid 140340832433856] [remote 10.0.0.61:60078] 2026-05-19 19:17:35.450 12 WARNING keystone.common.password_hashing [None req-ed6b3bd6-ce25-4e72-9c65-ebeb5da41137 - - - - - -] Truncating password to algorithm specific maximum length 72 characters. 10.0.0.61 - - [19/May/2026:19:17:35 +0000] "GET / HTTP/1.1" 300 295
[Tue May 19 19:17:35.567746 2026] [wsgi:error] [pid 10:tid 140340832433856] [remote 10.0.0.61:60088] 2026-05-19 19:17:35.567 10 WARNING keystone.common.password_hashing [None req-291709b3-39bb-41d4-8b6d-f98104ad7691 - - - - - -] Truncating password to algorithm specific maximum length 72 characters. 10.0.0.61 - - [19/May/2026:19:17:35 +0000] "GET / HTTP/1.1" 300 295
[Tue May 19 19:17:35.683978 2026] [wsgi:error] [pid 9:tid 140340832433856] [remote 10.0.0.61:60098] 2026-05-19 19:17:35.683 9 WARNING keystone.common.password_hashing [None req-750b0049-a12a-4ece-a74b-824e6ba24268 - - - - - -] Truncating password to algorithm specific maximum length 72 characters.
[Tue May 19 19:17:35.723779 2026] [wsgi:error] [pid 12:tid 140340832433856] [remote 10.0.0.61:60078] 2026-05-19 19:17:35.723 12 WARNING keystone.common.fernet_utils [None req-ed6b3bd6-ce25-4e72-9c65-ebeb5da41137 - - - - - -] key_repository is world readable: /etc/keystone/fernet-keys/ 10.0.0.61 - - [19/May/2026:19:17:35 +0000] "POST /v3/auth/tokens HTTP/1.1" 201 1464
[Tue May 19 19:17:35.837146 2026] [wsgi:error] [pid 10:tid 140340832433856] [remote 10.0.0.61:60088] 2026-05-19 19:17:35.836 10 WARNING keystone.common.fernet_utils [None req-291709b3-39bb-41d4-8b6d-f98104ad7691 - - - - - -] key_repository is world readable: /etc/keystone/fernet-keys/ 10.0.0.61 - - [19/May/2026:19:17:35 +0000] "POST /v3/auth/tokens HTTP/1.1" 201 1464 10.0.0.61 - - [19/May/2026:19:17:35 +0000] "GET /v3/services/8d3208f966ea4ef79e24c77793ecbaee HTTP/1.1" 200 296 10.0.0.61 - - [19/May/2026:19:17:35 +0000] "GET /v3/regions/RegionOne HTTP/1.1" 200 173
[Tue May 19 19:17:35.954139 2026] [wsgi:error] [pid 9:tid 140340832433856] [remote 10.0.0.61:60098] 2026-05-19 19:17:35.953 9 WARNING keystone.common.fernet_utils [None req-750b0049-a12a-4ece-a74b-824e6ba24268 - - - - - -] key_repository is world readable: /etc/keystone/fernet-keys/ 10.0.0.61 - - [19/May/2026:19:17:35 +0000] "GET /v3/services/8d3208f966ea4ef79e24c77793ecbaee HTTP/1.1" 200 296 10.0.0.61 - - [19/May/2026:19:17:35 +0000] "POST /v3/auth/tokens HTTP/1.1" 201 1464 10.0.0.61 - - [19/May/2026:19:17:35 +0000] "GET /v3/regions/RegionOne HTTP/1.1" 200 173 10.0.0.61 - - [19/May/2026:19:17:35 +0000] "POST /v3/endpoints HTTP/1.1" 201 383 10.0.0.61 - - [19/May/2026:19:17:35 +0000] "POST /v3/endpoints HTTP/1.1" 201 380 10.0.0.61 - - [19/May/2026:19:17:36 +0000] "GET /v3/services/8d3208f966ea4ef79e24c77793ecbaee HTTP/1.1" 200 296 10.0.0.61 - - [19/May/2026:19:17:36 +0000] "GET /v3/regions/RegionOne HTTP/1.1" 200 173 10.0.0.61 - - [19/May/2026:19:17:36 +0000] "POST /v3/endpoints HTTP/1.1" 201 370 10.0.0.61 - - [19/May/2026:19:17:37 +0000] "GET / HTTP/1.1" 300 295 10.0.0.61 - - [19/May/2026:19:17:37 +0000] "GET / HTTP/1.1" 300 295
[Tue May 19 19:17:37.273389 2026] [wsgi:error] [pid 9:tid 140340832433856] [remote 10.0.0.61:60104] 2026-05-19 19:17:37.273 9 WARNING keystone.common.password_hashing [None req-69b037dd-1b39-4ea0-801a-a8ffba8d2f35 - - - - - -] Truncating password to algorithm specific maximum length 72 characters.
[Tue May 19 19:17:37.287756 2026] [wsgi:error] [pid 11:tid 140340832433856] [remote 10.0.0.61:60118] 2026-05-19 19:17:37.287 11 WARNING keystone.common.password_hashing [None req-983ad17d-c4b1-427a-9299-04f2934a9266 - - - - - -] Truncating password to algorithm specific maximum length 72 characters. 10.0.0.61 - - [19/May/2026:19:17:37 +0000] "GET / HTTP/1.1" 300 295
[Tue May 19 19:17:37.388848 2026] [wsgi:error] [pid 12:tid 140340832433856] [remote 10.0.0.61:60120] 2026-05-19 19:17:37.388 12 WARNING keystone.common.password_hashing [None req-a61c2168-66b2-47b1-8fd0-fca67b5b637d - - - - - -] Truncating password to algorithm specific maximum length 72 characters.
[Tue May 19 19:17:37.543845 2026] [wsgi:error] [pid 9:tid 140340832433856] [remote 10.0.0.61:60104] 2026-05-19 19:17:37.543 9 WARNING keystone.common.fernet_utils [None req-69b037dd-1b39-4ea0-801a-a8ffba8d2f35 - - - - - -] key_repository is world readable: /etc/keystone/fernet-keys/ 10.0.0.61 - - [19/May/2026:19:17:37 +0000] "POST /v3/auth/tokens HTTP/1.1" 201 1992
[Tue May 19 19:17:37.558033 2026] [wsgi:error] [pid 11:tid 140340832433856] [remote 10.0.0.61:60118] 2026-05-19 19:17:37.557 11 WARNING keystone.common.fernet_utils [None req-983ad17d-c4b1-427a-9299-04f2934a9266 - - - - - -] key_repository is world readable: /etc/keystone/fernet-keys/ 10.0.0.61 - - [19/May/2026:19:17:37 +0000] "POST /v3/auth/tokens HTTP/1.1" 201 1992
[Tue May 19 19:17:37.662872 2026] [wsgi:error] [pid 12:tid 140340832433856] [remote 10.0.0.61:60120] 2026-05-19 19:17:37.662 12 WARNING keystone.common.fernet_utils [None req-a61c2168-66b2-47b1-8fd0-fca67b5b637d - - - - - -] key_repository is world readable: /etc/keystone/fernet-keys/ 10.0.0.61 - - [19/May/2026:19:17:37 +0000] "POST /v3/auth/tokens HTTP/1.1" 201 1992 10.0.0.61 - - [19/May/2026:19:17:37 +0000] "GET /v3/endpoints/948bc2610f45478992d9f7000695ded9 HTTP/1.1" 200 380 10.0.0.61 - - [19/May/2026:19:17:37 +0000] "GET /v3/endpoints/b244d6aa693145b4a8b32f4ab0011cce HTTP/1.1" 200 383 10.0.0.61 - - [19/May/2026:19:17:37 +0000] "GET /v3/services/8d3208f966ea4ef79e24c77793ecbaee HTTP/1.1" 200 296 10.0.0.61 - - [19/May/2026:19:17:37 +0000] "GET /v3/services/8d3208f966ea4ef79e24c77793ecbaee HTTP/1.1" 200 296 10.0.0.61 - - [19/May/2026:19:17:37 +0000] "GET /v3/endpoints/366db7fdc1d341388651fa71ef03268b HTTP/1.1" 200 370 10.0.0.61 - - [19/May/2026:19:17:37 +0000] "GET /v3/services/8d3208f966ea4ef79e24c77793ecbaee HTTP/1.1" 200 296 10.0.0.77 - - [19/May/2026:19:17:48 +0000] "GET / HTTP/1.1" 300 295
[Tue May 19 19:17:48.036780 2026] [wsgi:error] [pid 12:tid 140340832433856] [remote 10.0.0.77:38638] 2026-05-19 19:17:48.036 12 WARNING keystone.common.password_hashing [None req-b93254e7-99d7-42e5-a596-49d3c71a45e1 - - - - - -] Truncating password to algorithm specific maximum length 72 characters.
[Tue May 19 19:17:48.313344 2026] [wsgi:error] [pid 12:tid 140340832433856] [remote 10.0.0.77:38638] 2026-05-19 19:17:48.313 12 WARNING keystone.common.fernet_utils [None req-b93254e7-99d7-42e5-a596-49d3c71a45e1 - - - - - -] key_repository is world readable: /etc/keystone/fernet-keys/ 10.0.0.77 - - [19/May/2026:19:17:48 +0000] "POST /v3/auth/tokens HTTP/1.1" 201 1992 10.0.0.77 - - [19/May/2026:19:17:48 +0000] "POST /v3/domains HTTP/1.1" 201 284 10.0.0.77 - - [19/May/2026:19:17:49 +0000] "GET / HTTP/1.1" 300 295
[Tue May 19 19:17:49.821279 2026] [wsgi:error] [pid 11:tid 140340832433856] [remote 10.0.0.77:38644] 2026-05-19 19:17:49.821 11 WARNING keystone.common.password_hashing [None req-22d96308-645c-4ef9-a4aa-a25fe16d9659 - - - - - -] Truncating password to algorithm specific maximum length 72 characters.
[Tue May 19 19:17:50.099906 2026] [wsgi:error] [pid 11:tid 140340832433856] [remote 10.0.0.77:38644] 2026-05-19 19:17:50.099 11 WARNING keystone.common.fernet_utils [None req-22d96308-645c-4ef9-a4aa-a25fe16d9659 - - - - - -] key_repository is world readable: /etc/keystone/fernet-keys/ 10.0.0.77 - - [19/May/2026:19:17:49 +0000] "POST /v3/auth/tokens HTTP/1.1" 201 1992
[Tue May 19 19:17:50.278019 2026] [wsgi:error] [pid 12:tid 140340832433856] [remote 10.0.0.77:38644] 2026-05-19 19:17:50.264 12 ERROR keystone.server.flask.application [None req-bce5979d-cd05-4c7a-9d68-24fc4d8d942c 3bb80b53c55449108ff337af48b47233 f2f5828881654961b805ac25458b25f8 - - default default] Conflict occurred attempting to store project - it is not permitted to have two projects acting as domains with the same name: service.: keystone.exception.Conflict: Conflict occurred attempting to store project - it is not permitted to have two projects acting as domains with the same name: service.
[Tue May 19 19:17:50.278044 2026] [wsgi:error] [pid 12:tid 140340832433856] [remote 10.0.0.77:38644] 2026-05-19 19:17:50.264 12 ERROR keystone.server.flask.application
Traceback (most recent call last):
[Tue May 19 19:17:50.278046 2026] [wsgi:error] [pid 12:tid 140340832433856] [remote 10.0.0.77:38644] 2026-05-19 19:17:50.264 12 ERROR keystone.server.flask.application
File "/var/lib/openstack/lib/python3.12/site-packages/sqlalchemy/engine/base.py", line 1967, in _exec_single_context
[Tue May 19 19:17:50.278048 2026] [wsgi:error] [pid 12:tid 140340832433856] [remote 10.0.0.77:38644] 2026-05-19 19:17:50.264 12 ERROR keystone.server.flask.application self.dialect.do_execute(
[Tue May 19 19:17:50.278049 2026] [wsgi:error] [pid 12:tid 140340832433856] [remote 10.0.0.77:38644] 2026-05-19 19:17:50.264 12 ERROR keystone.server.flask.application
File "/var/lib/openstack/lib/python3.12/site-packages/sqlalchemy/engine/default.py", line 952, in do_execute
[Tue May 19 19:17:50.278051 2026] [wsgi:error] [pid 12:tid 140340832433856] [remote 10.0.0.77:38644] 2026-05-19 19:17:50.264 12 ERROR keystone.server.flask.application cursor.execute(statement, parameters)
[Tue May 19 19:17:50.278052 2026] [wsgi:error] [pid 12:tid 140340832433856] [remote 10.0.0.77:38644] 2026-05-19 19:17:50.264 12 ERROR keystone.server.flask.application
File "/var/lib/openstack/lib/python3.12/site-packages/pymysql/cursors.py", line 157, in execute
[Tue May 19 19:17:50.278054 2026] [wsgi:error] [pid 12:tid 140340832433856] [remote 10.0.0.77:38644] 2026-05-19 19:17:50.264 12 ERROR keystone.server.flask.application result = self._query(query)
[Tue May 19 19:17:50.278055 2026] [wsgi:error] [pid 12:tid 140340832433856] [remote 10.0.0.77:38644] 2026-05-19 19:17:50.264 12 ERROR keystone.server.flask.application ^^^^^^^^^^^^^^^^^^
[Tue May 19 19:17:50.278056 2026] [wsgi:error] [pid 12:tid 140340832433856] [remote 10.0.0.77:38644] 2026-05-19 19:17:50.264 12 ERROR keystone.server.flask.application
File "/var/lib/openstack/lib/python3.12/site-packages/pymysql/cursors.py", line 328, in _query
[Tue May 19 19:17:50.278058 2026] [wsgi:error] [pid 12:tid 140340832433856] [remote 10.0.0.77:38644] 2026-05-19 19:17:50.264 12 ERROR keystone.server.flask.application conn.query(q)
[Tue May 19 19:17:50.278059 2026] [wsgi:error] [pid 12:tid 140340832433856] [remote 10.0.0.77:38644] 2026-05-19 19:17:50.264 12 ERROR keystone.server.flask.application
File "/var/lib/openstack/lib/python3.12/site-packages/pymysql/connections.py", line 575, in query
[Tue May 19 19:17:50.278061 2026] [wsgi:error] [pid 12:tid 140340832433856] [remote 10.0.0.77:38644] 2026-05-19 19:17:50.264 12 ERROR keystone.server.flask.application self._affected_rows = self._read_query_result(unbuffered=unbuffered)
[Tue May 19 19:17:50.278062 2026] [wsgi:error] [pid 12:tid 140340832433856] [remote 10.0.0.77:38644] 2026-05-19 19:17:50.264 12 ERROR keystone.server.flask.application ^^^^^^^^^^^^^^^^^^^^^^^^^^^^^^^^^^^^^^^^^^^^^^
[Tue May 19 19:17:50.278064 2026] [wsgi:error] [pid 12:tid 140340832433856] [remote 10.0.0.77:38644] 2026-05-19 19:17:50.264 12 ERROR keystone.server.flask.application
File "/var/lib/openstack/lib/python3.12/site-packages/pymysql/connections.py", line 826, in _read_query_result
[Tue May 19 19:17:50.278065 2026] [wsgi:error] [pid 12:tid 140340832433856] [remote 10.0.0.77:38644] 2026-05-19 19:17:50.264 12 ERROR keystone.server.flask.application result.read()
[Tue May 19 19:17:50.278069 2026] [wsgi:error] [pid 12:tid 140340832433856] [remote 10.0.0.77:38644] 2026-05-19 19:17:50.264 12 ERROR keystone.server.flask.application
File "/var/lib/openstack/lib/python3.12/site-packages/pymysql/connections.py", line 1203, in read
[Tue May 19 19:17:50.278070 2026] [wsgi:error] [pid 12:tid 140340832433856] [remote 10.0.0.77:38644] 2026-05-19 19:17:50.264 12 ERROR keystone.server.flask.application first_packet = self.connection._read_packet()
[Tue May 19 19:17:50.278071 2026] [wsgi:error] [pid 12:tid 140340832433856] [remote 10.0.0.77:38644] 2026-05-19 19:17:50.264 12 ERROR keystone.server.flask.application ^^^^^^^^^^^^^^^^^^^^^^^^^^^^^^
[Tue May 19 19:17:50.278073 2026] [wsgi:error] [pid 12:tid 140340832433856] [remote 10.0.0.77:38644] 2026-05-19 19:17:50.264 12 ERROR keystone.server.flask.application
File "/var/lib/openstack/lib/python3.12/site-packages/pymysql/connections.py", line 782, in _read_packet
[Tue May 19 19:17:50.278074 2026] [wsgi:error] [pid 12:tid 140340832433856] [remote 10.0.0.77:38644] 2026-05-19 19:17:50.264 12 ERROR keystone.server.flask.application packet.raise_for_error()
[Tue May 19 19:17:50.278075 2026] [wsgi:error] [pid 12:tid 140340832433856] [remote 10.0.0.77:38644] 2026-05-19 19:17:50.264 12 ERROR keystone.server.flask.application
File "/var/lib/openstack/lib/python3.12/site-packages/pymysql/protocol.py", line 219, in raise_for_error
[Tue May 19 19:17:50.278077 2026] [wsgi:error] [pid 12:tid 140340832433856] [remote 10.0.0.77:38644] 2026-05-19 19:17:50.264 12 ERROR keystone.server.flask.application err.raise_mysql_exception(self._data)
[Tue May 19 19:17:50.278078 2026] [wsgi:error] [pid 12:tid 140340832433856] [remote 10.0.0.77:38644] 2026-05-19 19:17:50.264 12 ERROR keystone.server.flask.application
File "/var/lib/openstack/lib/python3.12/site-packages/pymysql/err.py", line 150, in raise_mysql_exception
[Tue May 19 19:17:50.278080 2026] [wsgi:error] [pid 12:tid 140340832433856] [remote 10.0.0.77:38644] 2026-05-19 19:17:50.264 12 ERROR keystone.server.flask.application raise errorclass(errno, errval)
[Tue May 19 19:17:50.278082 2026] [wsgi:error] [pid 12:tid 140340832433856] [remote 10.0.0.77:38644] 2026-05-19 19:17:50.264 12 ERROR keystone.server.flask.application pymysql.err.IntegrityError: (1062, "Duplicate entry '<>-service' for key 'project.ixu_project_name_domain_id'")
[Tue May 19 19:17:50.278084 2026] [wsgi:error] [pid 12:tid 140340832433856] [remote 10.0.0.77:38644] 2026-05-19 19:17:50.264 12 ERROR keystone.server.flask.application
[Tue May 19 19:17:50.278085 2026] [wsgi:error] [pid 12:tid 140340832433856] [remote 10.0.0.77:38644] 2026-05-19 19:17:50.264 12 ERROR keystone.server.flask.application The above exception was the direct cause of the following exception:
[Tue May 19 19:17:50.278086 2026] [wsgi:error] [pid 12:tid 140340832433856] [remote 10.0.0.77:38644] 2026-05-19 19:17:50.264 12 ERROR keystone.server.flask.application
[Tue May 19 19:17:50.278088 2026] [wsgi:error] [pid 12:tid 140340832433856] [remote 10.0.0.77:38644] 2026-05-19 19:17:50.264 12 ERROR keystone.server.flask.application
Traceback (most recent call last):
[Tue May 19 19:17:50.278089 2026] [wsgi:error] [pid 12:tid 140340832433856] [remote 10.0.0.77:38644] 2026-05-19 19:17:50.264 12 ERROR keystone.server.flask.application
File "/var/lib/openstack/lib/python3.12/site-packages/keystone/common/sql/core.py", line 575, in wrapper
[Tue May 19 19:17:50.278090 2026] [wsgi:error] [pid 12:tid 140340832433856] [remote 10.0.0.77:38644] 2026-05-19 19:17:50.264 12 ERROR keystone.server.flask.application return method(*args, **kwargs)
[Tue May 19 19:17:50.278092 2026] [wsgi:error] [pid 12:tid 140340832433856] [remote 10.0.0.77:38644] 2026-05-19 19:17:50.264 12 ERROR keystone.server.flask.application ^^^^^^^^^^^^^^^^^^^^^^^
[Tue May 19 19:17:50.278093 2026] [wsgi:error] [pid 12:tid 140340832433856] [remote 10.0.0.77:38644] 2026-05-19 19:17:50.264 12 ERROR keystone.server.flask.application
File "/var/lib/openstack/lib/python3.12/site-packages/keystone/resource/backends/sql.py", line 278, in create_project
[Tue May 19 19:17:50.278095 2026] [wsgi:error] [pid 12:tid 140340832433856] [remote 10.0.0.77:38644] 2026-05-19 19:17:50.264 12 ERROR keystone.server.flask.application with sql.session_for_write() as session:
[Tue May 19 19:17:50.278096 2026] [wsgi:error] [pid 12:tid 140340832433856] [remote 10.0.0.77:38644] 2026-05-19 19:17:50.264 12 ERROR keystone.server.flask.application
File "/usr/lib/python3.12/contextlib.py", line 144, in __exit__
[Tue May 19 19:17:50.278098 2026] [wsgi:error] [pid 12:tid 140340832433856] [remote 10.0.0.77:38644] 2026-05-19 19:17:50.264 12 ERROR keystone.server.flask.application next(self.gen)
[Tue May 19 19:17:50.278099 2026] [wsgi:error] [pid 12:tid 140340832433856] [remote 10.0.0.77:38644] 2026-05-19 19:17:50.264 12 ERROR keystone.server.flask.application
File "/var/lib/openstack/lib/python3.12/site-packages/oslo_db/sqlalchemy/enginefacade.py", line 1175, in _transaction_scope
[Tue May 19 19:17:50.278101 2026] [wsgi:error] [pid 12:tid 140340832433856] [remote 10.0.0.77:38644] 2026-05-19 19:17:50.264 12 ERROR keystone.server.flask.application with current._produce_block(
[Tue May 19 19:17:50.278111 2026] [wsgi:error] [pid 12:tid 140340832433856] [remote 10.0.0.77:38644] 2026-05-19 19:17:50.264 12 ERROR keystone.server.flask.application
File "/usr/lib/python3.12/contextlib.py", line 144, in __exit__
[Tue May 19 19:17:50.278112 2026] [wsgi:error] [pid 12:tid 140340832433856] [remote 10.0.0.77:38644] 2026-05-19 19:17:50.264 12 ERROR keystone.server.flask.application next(self.gen)
[Tue May 19 19:17:50.278114 2026] [wsgi:error] [pid 12:tid 140340832433856] [remote 10.0.0.77:38644] 2026-05-19 19:17:50.264 12 ERROR keystone.server.flask.application
File "/var/lib/openstack/lib/python3.12/site-packages/oslo_db/sqlalchemy/enginefacade.py", line 837, in _session
[Tue May 19 19:17:50.278115 2026] [wsgi:error] [pid 12:tid 140340832433856] [remote 10.0.0.77:38644] 2026-05-19 19:17:50.264 12 ERROR keystone.server.flask.application with excutils.save_and_reraise_exception():
[Tue May 19 19:17:50.278117 2026] [wsgi:error] [pid 12:tid 140340832433856] [remote 10.0.0.77:38644] 2026-05-19 19:17:50.264 12 ERROR keystone.server.flask.application
File "/var/lib/openstack/lib/python3.12/site-packages/oslo_utils/excutils.py", line 271, in __exit__
[Tue May 19 19:17:50.278118 2026] [wsgi:error] [pid 12:tid 140340832433856] [remote 10.0.0.77:38644] 2026-05-19 19:17:50.264 12 ERROR keystone.server.flask.application self.force_reraise()
[Tue May 19 19:17:50.278120 2026] [wsgi:error] [pid 12:tid 140340832433856] [remote 10.0.0.77:38644] 2026-05-19 19:17:50.264 12 ERROR keystone.server.flask.application
File "/var/lib/openstack/lib/python3.12/site-packages/oslo_utils/excutils.py", line 233, in force_reraise
[Tue May 19 19:17:50.278121 2026] [wsgi:error] [pid 12:tid 140340832433856] [remote 10.0.0.77:38644] 2026-05-19 19:17:50.264 12 ERROR keystone.server.flask.application raise self.value
[Tue May 19 19:17:50.278123 2026] [wsgi:error] [pid 12:tid 140340832433856] [remote 10.0.0.77:38644] 2026-05-19 19:17:50.264 12 ERROR keystone.server.flask.application
File "/var/lib/openstack/lib/python3.12/site-packages/oslo_db/sqlalchemy/enginefacade.py", line 835, in _session
[Tue May 19 19:17:50.278124 2026] [wsgi:error] [pid 12:tid 140340832433856] [remote 10.0.0.77:38644] 2026-05-19 19:17:50.264 12 ERROR keystone.server.flask.application self._end_session_transaction(self.session)
[Tue May 19 19:17:50.278126 2026] [wsgi:error] [pid 12:tid 140340832433856] [remote 10.0.0.77:38644] 2026-05-19 19:17:50.264 12 ERROR keystone.server.flask.application
File "/var/lib/openstack/lib/python3.12/site-packages/oslo_db/sqlalchemy/enginefacade.py", line 748, in _end_session_transaction
[Tue May 19 19:17:50.278127 2026] [wsgi:error] [pid 12:tid 140340832433856] [remote 10.0.0.77:38644] 2026-05-19 19:17:50.264 12 ERROR keystone.server.flask.application session.commit()
[Tue May 19 19:17:50.278129 2026] [wsgi:error] [pid 12:tid 140340832433856] [remote 10.0.0.77:38644] 2026-05-19 19:17:50.264 12 ERROR keystone.server.flask.application
File "/var/lib/openstack/lib/python3.12/site-packages/sqlalchemy/orm/session.py", line 2030, in commit
[Tue May 19 19:17:50.278130 2026] [wsgi:error] [pid 12:tid 140340832433856] [remote 10.0.0.77:38644] 2026-05-19 19:17:50.264 12 ERROR keystone.server.flask.application trans.commit(_to_root=True)
[Tue May 19 19:17:50.278132 2026] [wsgi:error] [pid 12:tid 140340832433856] [remote 10.0.0.77:38644] 2026-05-19 19:17:50.264 12 ERROR keystone.server.flask.application File "", line 2, in commit
[Tue May 19 19:17:50.278135 2026] [wsgi:error] [pid 12:tid 140340832433856] [remote 10.0.0.77:38644] 2026-05-19 19:17:50.264 12 ERROR keystone.server.flask.application
File "/var/lib/openstack/lib/python3.12/site-packages/sqlalchemy/orm/state_changes.py", line 137, in _go
[Tue May 19 19:17:50.278136 2026] [wsgi:error] [pid 12:tid 140340832433856] [remote 10.0.0.77:38644] 2026-05-19 19:17:50.264 12 ERROR keystone.server.flask.application ret_value = fn(self, *arg, **kw)
[Tue May 19 19:17:50.278138 2026] [wsgi:error] [pid 12:tid 140340832433856] [remote 10.0.0.77:38644] 2026-05-19 19:17:50.264 12 ERROR keystone.server.flask.application ^^^^^^^^^^^^^^^^^^^^
[Tue May 19 19:17:50.278140 2026] [wsgi:error] [pid 12:tid 140340832433856] [remote 10.0.0.77:38644] 2026-05-19 19:17:50.264 12 ERROR keystone.server.flask.application
File "/var/lib/openstack/lib/python3.12/site-packages/sqlalchemy/orm/session.py", line 1311, in commit
[Tue May 19 19:17:50.278141 2026] [wsgi:error] [pid 12:tid 140340832433856] [remote 10.0.0.77:38644] 2026-05-19 19:17:50.264 12 ERROR keystone.server.flask.application self._prepare_impl()
[Tue May 19 19:17:50.278143 2026] [wsgi:error] [pid 12:tid 140340832433856] [remote 10.0.0.77:38644] 2026-05-19 19:17:50.264 12 ERROR keystone.server.flask.application File "", line 2, in _prepare_impl
[Tue May 19 19:17:50.278145 2026] [wsgi:error] [pid 12:tid 140340832433856] [remote 10.0.0.77:38644] 2026-05-19 19:17:50.264 12 ERROR keystone.server.flask.application
File "/var/lib/openstack/lib/python3.12/site-packages/sqlalchemy/orm/state_changes.py", line 137, in _go
[Tue May 19 19:17:50.278148 2026] [wsgi:error] [pid 12:tid 140340832433856] [remote 10.0.0.77:38644] 2026-05-19 19:17:50.264 12 ERROR keystone.server.flask.application ret_value = fn(self, *arg, **kw)
[Tue May 19 19:17:50.278149 2026] [wsgi:error] [pid 12:tid 140340832433856] [remote 10.0.0.77:38644] 2026-05-19 19:17:50.264 12 ERROR keystone.server.flask.application ^^^^^^^^^^^^^^^^^^^^
[Tue May 19 19:17:50.278151 2026] [wsgi:error] [pid 12:tid 140340832433856] [remote 10.0.0.77:38644] 2026-05-19 19:17:50.264 12 ERROR keystone.server.flask.application
File "/var/lib/openstack/lib/python3.12/site-packages/sqlalchemy/orm/session.py", line 1286, in _prepare_impl
[Tue May 19 19:17:50.278154 2026] [wsgi:error] [pid 12:tid 140340832433856] [remote 10.0.0.77:38644] 2026-05-19 19:17:50.264 12 ERROR keystone.server.flask.application self.session.flush()
[Tue May 19 19:17:50.278155 2026] [wsgi:error] [pid 12:tid 140340832433856] [remote 10.0.0.77:38644] 2026-05-19 19:17:50.264 12 ERROR keystone.server.flask.application
File "/var/lib/openstack/lib/python3.12/site-packages/sqlalchemy/orm/session.py", line 4331, in flush
[Tue May 19 19:17:50.278157 2026] [wsgi:error] [pid 12:tid 140340832433856] [remote 10.0.0.77:38644] 2026-05-19 19:17:50.264 12 ERROR keystone.server.flask.application self._flush(objects)
[Tue May 19 19:17:50.278159 2026] [wsgi:error] [pid 12:tid 140340832433856] [remote 10.0.0.77:38644] 2026-05-19 19:17:50.264 12 ERROR keystone.server.flask.application
File "/var/lib/openstack/lib/python3.12/site-packages/sqlalchemy/orm/session.py", line 4466, in _flush
[Tue May 19 19:17:50.278161 2026] [wsgi:error] [pid 12:tid 140340832433856] [remote 10.0.0.77:38644] 2026-05-19 19:17:50.264 12 ERROR keystone.server.flask.application with util.safe_reraise():
[Tue May 19 19:17:50.278164 2026] [wsgi:error] [pid 12:tid 140340832433856] [remote 10.0.0.77:38644] 2026-05-19 19:17:50.264 12 ERROR keystone.server.flask.application
File "/var/lib/openstack/lib/python3.12/site-packages/sqlalchemy/util/langhelpers.py", line 121, in __exit__
[Tue May 19 19:17:50.278166 2026] [wsgi:error] [pid 12:tid 140340832433856] [remote 10.0.0.77:38644] 2026-05-19 19:17:50.264 12 ERROR keystone.server.flask.application raise exc_value.with_traceback(exc_tb)
[Tue May 19 19:17:50.278167 2026] [wsgi:error] [pid 12:tid 140340832433856] [remote 10.0.0.77:38644] 2026-05-19 19:17:50.264 12 ERROR keystone.server.flask.application
File "/var/lib/openstack/lib/python3.12/site-packages/sqlalchemy/orm/session.py", line 4427, in _flush
[Tue May 19 19:17:50.278169 2026] [wsgi:error] [pid 12:tid 140340832433856] [remote 10.0.0.77:38644] 2026-05-19 19:17:50.264 12 ERROR keystone.server.flask.application flush_context.execute()
[Tue May 19 19:17:50.278170 2026] [wsgi:error] [pid 12:tid 140340832433856] [remote 10.0.0.77:38644] 2026-05-19 19:17:50.264 12 ERROR keystone.server.flask.application
File "/var/lib/openstack/lib/python3.12/site-packages/sqlalchemy/orm/unitofwork.py", line 466, in execute
