Apr 02 12:59:58.090670 np0000162933 neutron-periodic-workers[104142]: DEBUG cotyledon.oslo_config_glue [-] ml2.project_network_types = ['geneve'] {{(pid=104142) log_opt_values /opt/stack/data/venv/lib/python3.12/site-packages/oslo_config/cfg.py:3006}}
Apr 02 12:59:58.090670 np0000162933 neutron-periodic-workers[104142]: DEBUG cotyledon.oslo_config_glue [-] ml2.tunnelled_network_rp_name = rp_tunnelled {{(pid=104142) log_opt_values /opt/stack/data/venv/lib/python3.12/site-packages/oslo_config/cfg.py:3006}}
Apr 02 12:59:58.090670 np0000162933 neutron-periodic-workers[104142]: DEBUG cotyledon.oslo_config_glue [-] ml2.type_drivers = ['local', 'flat', 'vlan', 'geneve'] {{(pid=104142) log_opt_values /opt/stack/data/venv/lib/python3.12/site-packages/oslo_config/cfg.py:3006}}
Apr 02 12:59:58.090670 np0000162933 neutron-periodic-workers[104142]: DEBUG cotyledon.oslo_config_glue [-] ml2_type_flat.flat_networks = ['public'] {{(pid=104142) log_opt_values /opt/stack/data/venv/lib/python3.12/site-packages/oslo_config/cfg.py:3006}}
Apr 02 12:59:58.090670 np0000162933 neutron-periodic-workers[104142]: DEBUG cotyledon.oslo_config_glue [-] ml2_type_geneve.max_header_size = 38 {{(pid=104142) log_opt_values /opt/stack/data/venv/lib/python3.12/site-packages/oslo_config/cfg.py:3006}}
Apr 02 12:59:58.090895 np0000162933 neutron-periodic-workers[104142]: DEBUG cotyledon.oslo_config_glue [-] ml2_type_geneve.vni_ranges = ['1:65536'] {{(pid=104142) log_opt_values /opt/stack/data/venv/lib/python3.12/site-packages/oslo_config/cfg.py:3006}}
Apr 02 12:59:58.090895 np0000162933 neutron-periodic-workers[104142]: DEBUG cotyledon.oslo_config_glue [-] ml2_type_vlan.network_vlan_ranges = ['public'] {{(pid=104142) log_opt_values /opt/stack/data/venv/lib/python3.12/site-packages/oslo_config/cfg.py:3006}}
Apr 02 12:59:58.090895 np0000162933 neutron-periodic-workers[104142]: DEBUG cotyledon.oslo_config_glue [-] network_log.burst_limit = 25 {{(pid=104142) log_opt_values /opt/stack/data/venv/lib/python3.12/site-packages/oslo_config/cfg.py:3006}}
Apr 02 12:59:58.090895 np0000162933 neutron-periodic-workers[104142]: DEBUG cotyledon.oslo_config_glue [-] network_log.local_output_log_base = None {{(pid=104142) log_opt_values /opt/stack/data/venv/lib/python3.12/site-packages/oslo_config/cfg.py:3006}}
Apr 02 12:59:58.090895 np0000162933 neutron-periodic-workers[104142]: DEBUG cotyledon.oslo_config_glue [-] network_log.rate_limit = 100 {{(pid=104142) log_opt_values /opt/stack/data/venv/lib/python3.12/site-packages/oslo_config/cfg.py:3006}}
Apr 02 12:59:58.090895 np0000162933 neutron-periodic-workers[104142]: DEBUG cotyledon.oslo_config_glue [-] database.asyncio_connection = **** {{(pid=104142) log_opt_values /opt/stack/data/venv/lib/python3.12/site-packages/oslo_config/cfg.py:3006}}
Apr 02 12:59:58.090895 np0000162933 neutron-periodic-workers[104142]: DEBUG cotyledon.oslo_config_glue [-] database.asyncio_slave_connection = **** {{(pid=104142) log_opt_values /opt/stack/data/venv/lib/python3.12/site-packages/oslo_config/cfg.py:3006}}
Apr 02 12:59:58.090895 np0000162933 neutron-periodic-workers[104142]: DEBUG cotyledon.oslo_config_glue [-] database.backend = sqlalchemy {{(pid=104142) log_opt_values /opt/stack/data/venv/lib/python3.12/site-packages/oslo_config/cfg.py:3006}}
Apr 02 12:59:58.090895 np0000162933 neutron-periodic-workers[104142]: DEBUG cotyledon.oslo_config_glue [-] database.connection = **** {{(pid=104142) log_opt_values /opt/stack/data/venv/lib/python3.12/site-packages/oslo_config/cfg.py:3006}}
Apr 02 12:59:58.091085 np0000162933 neutron-periodic-workers[104142]: DEBUG cotyledon.oslo_config_glue [-] database.connection_debug = 0 {{(pid=104142) log_opt_values /opt/stack/data/venv/lib/python3.12/site-packages/oslo_config/cfg.py:3006}}
Apr 02 12:59:58.091085 np0000162933 neutron-periodic-workers[104142]: DEBUG cotyledon.oslo_config_glue [-] database.connection_parameters = {{(pid=104142) log_opt_values /opt/stack/data/venv/lib/python3.12/site-packages/oslo_config/cfg.py:3006}}
Apr 02 12:59:58.091085 np0000162933 neutron-periodic-workers[104142]: DEBUG cotyledon.oslo_config_glue [-] database.connection_recycle_time = 3600 {{(pid=104142) log_opt_values /opt/stack/data/venv/lib/python3.12/site-packages/oslo_config/cfg.py:3006}}
Apr 02 12:59:58.091085 np0000162933 neutron-periodic-workers[104142]: DEBUG cotyledon.oslo_config_glue [-] database.connection_trace = False {{(pid=104142) log_opt_values /opt/stack/data/venv/lib/python3.12/site-packages/oslo_config/cfg.py:3006}}
Apr 02 12:59:58.091085 np0000162933 neutron-periodic-workers[104142]: DEBUG cotyledon.oslo_config_glue [-] database.db_inc_retry_interval = True {{(pid=104142) log_opt_values /opt/stack/data/venv/lib/python3.12/site-packages/oslo_config/cfg.py:3006}}
Apr 02 12:59:58.091085 np0000162933 neutron-periodic-workers[104142]: DEBUG cotyledon.oslo_config_glue [-] database.db_max_retries = 20 {{(pid=104142) log_opt_values /opt/stack/data/venv/lib/python3.12/site-packages/oslo_config/cfg.py:3006}}
Apr 02 12:59:58.091085 np0000162933 neutron-periodic-workers[104142]: DEBUG cotyledon.oslo_config_glue [-] database.db_max_retry_interval = 10 {{(pid=104142) log_opt_values /opt/stack/data/venv/lib/python3.12/site-packages/oslo_config/cfg.py:3006}}
Apr 02 12:59:58.091085 np0000162933 neutron-periodic-workers[104142]: DEBUG cotyledon.oslo_config_glue [-] database.db_retry_interval = 1 {{(pid=104142) log_opt_values /opt/stack/data/venv/lib/python3.12/site-packages/oslo_config/cfg.py:3006}}
Apr 02 12:59:58.091085 np0000162933 neutron-periodic-workers[104142]: DEBUG cotyledon.oslo_config_glue [-] database.max_overflow = 50 {{(pid=104142) log_opt_values /opt/stack/data/venv/lib/python3.12/site-packages/oslo_config/cfg.py:3006}}
Apr 02 12:59:58.091277 np0000162933 neutron-periodic-workers[104142]: DEBUG cotyledon.oslo_config_glue [-] database.max_pool_size = 5 {{(pid=104142) log_opt_values /opt/stack/data/venv/lib/python3.12/site-packages/oslo_config/cfg.py:3006}}
Apr 02 12:59:58.091277 np0000162933 neutron-periodic-workers[104142]: DEBUG cotyledon.oslo_config_glue [-] database.max_retries = 10 {{(pid=104142) log_opt_values /opt/stack/data/venv/lib/python3.12/site-packages/oslo_config/cfg.py:3006}}
Apr 02 12:59:58.091277 np0000162933 neutron-periodic-workers[104142]: DEBUG cotyledon.oslo_config_glue [-] database.mysql_sql_mode = TRADITIONAL {{(pid=104142) log_opt_values /opt/stack/data/venv/lib/python3.12/site-packages/oslo_config/cfg.py:3006}}
Apr 02 12:59:58.091277 np0000162933 neutron-periodic-workers[104142]: DEBUG cotyledon.oslo_config_glue [-] database.mysql_wsrep_sync_wait = None {{(pid=104142) log_opt_values /opt/stack/data/venv/lib/python3.12/site-packages/oslo_config/cfg.py:3006}}
Apr 02 12:59:58.091277 np0000162933 neutron-periodic-workers[104142]: DEBUG cotyledon.oslo_config_glue [-] database.pool_timeout = None {{(pid=104142) log_opt_values /opt/stack/data/venv/lib/python3.12/site-packages/oslo_config/cfg.py:3006}}
Apr 02 12:59:58.091277 np0000162933 neutron-periodic-workers[104142]: DEBUG cotyledon.oslo_config_glue [-] database.retry_interval = 10 {{(pid=104142) log_opt_values /opt/stack/data/venv/lib/python3.12/site-packages/oslo_config/cfg.py:3006}}
Apr 02 12:59:58.091277 np0000162933 neutron-periodic-workers[104142]: DEBUG cotyledon.oslo_config_glue [-] database.slave_connection = **** {{(pid=104142) log_opt_values /opt/stack/data/venv/lib/python3.12/site-packages/oslo_config/cfg.py:3006}}
Apr 02 12:59:58.091277 np0000162933 neutron-periodic-workers[104142]: DEBUG cotyledon.oslo_config_glue [-] database.sqlite_synchronous = True {{(pid=104142) log_opt_values /opt/stack/data/venv/lib/python3.12/site-packages/oslo_config/cfg.py:3006}}
Apr 02 12:59:58.091277 np0000162933 neutron-periodic-workers[104142]: DEBUG cotyledon.oslo_config_glue [-] database.synchronous_reader = True {{(pid=104142) log_opt_values /opt/stack/data/venv/lib/python3.12/site-packages/oslo_config/cfg.py:3006}}
Apr 02 12:59:58.091498 np0000162933 neutron-periodic-workers[104142]: DEBUG cotyledon.oslo_config_glue [-] database.use_db_reconnect = False {{(pid=104142) log_opt_values /opt/stack/data/venv/lib/python3.12/site-packages/oslo_config/cfg.py:3006}}
Apr 02 12:59:58.091498 np0000162933 neutron-periodic-workers[104142]: DEBUG cotyledon.oslo_config_glue [-] ovn.bfd_min_rx = 1000 {{(pid=104142) log_opt_values /opt/stack/data/venv/lib/python3.12/site-packages/oslo_config/cfg.py:3006}}
Apr 02 12:59:58.091498 np0000162933 neutron-periodic-workers[104142]: DEBUG cotyledon.oslo_config_glue [-] ovn.bfd_min_tx = 100 {{(pid=104142) log_opt_values /opt/stack/data/venv/lib/python3.12/site-packages/oslo_config/cfg.py:3006}}
Apr 02 12:59:58.091498 np0000162933 neutron-periodic-workers[104142]: DEBUG cotyledon.oslo_config_glue [-] ovn.bfd_mult = 3 {{(pid=104142) log_opt_values /opt/stack/data/venv/lib/python3.12/site-packages/oslo_config/cfg.py:3006}}
Apr 02 12:59:58.091498 np0000162933 neutron-periodic-workers[104142]: DEBUG cotyledon.oslo_config_glue [-] ovn.broadcast_arps_to_all_routers = True {{(pid=104142) log_opt_values /opt/stack/data/venv/lib/python3.12/site-packages/oslo_config/cfg.py:3006}}
Apr 02 12:59:58.091498 np0000162933 neutron-periodic-workers[104142]: DEBUG cotyledon.oslo_config_glue [-] ovn.dhcp_default_lease_time = 43200 {{(pid=104142) log_opt_values /opt/stack/data/venv/lib/python3.12/site-packages/oslo_config/cfg.py:3006}}
Apr 02 12:59:58.091498 np0000162933 neutron-periodic-workers[104142]: DEBUG cotyledon.oslo_config_glue [-] ovn.disable_ovn_dhcp_for_baremetal_ports = False {{(pid=104142) log_opt_values /opt/stack/data/venv/lib/python3.12/site-packages/oslo_config/cfg.py:3006}}
Apr 02 12:59:58.091498 np0000162933 neutron-periodic-workers[104142]: DEBUG cotyledon.oslo_config_glue [-] ovn.dns_records_ovn_owned = False {{(pid=104142) log_opt_values /opt/stack/data/venv/lib/python3.12/site-packages/oslo_config/cfg.py:3006}}
Apr 02 12:59:58.091498 np0000162933 neutron-periodic-workers[104142]: DEBUG cotyledon.oslo_config_glue [-] ovn.dns_servers = [] {{(pid=104142) log_opt_values /opt/stack/data/venv/lib/python3.12/site-packages/oslo_config/cfg.py:3006}}
Apr 02 12:59:58.091696 np0000162933 neutron-periodic-workers[104142]: DEBUG cotyledon.oslo_config_glue [-] ovn.enable_distributed_floating_ip = False {{(pid=104142) log_opt_values /opt/stack/data/venv/lib/python3.12/site-packages/oslo_config/cfg.py:3006}}
Apr 02 12:59:58.091696 np0000162933 neutron-periodic-workers[104142]: DEBUG cotyledon.oslo_config_glue [-] ovn.fdb_age_threshold = 300 {{(pid=104142) log_opt_values /opt/stack/data/venv/lib/python3.12/site-packages/oslo_config/cfg.py:3006}}
Apr 02 12:59:58.091696 np0000162933 neutron-periodic-workers[104142]: DEBUG cotyledon.oslo_config_glue [-] ovn.ha_failover_strategy = normal {{(pid=104142) log_opt_values /opt/stack/data/venv/lib/python3.12/site-packages/oslo_config/cfg.py:3006}}
Apr 02 12:59:58.091696 np0000162933 neutron-periodic-workers[104142]: DEBUG cotyledon.oslo_config_glue [-] ovn.live_migration_activation_strategy = rarp {{(pid=104142) log_opt_values /opt/stack/data/venv/lib/python3.12/site-packages/oslo_config/cfg.py:3006}}
Apr 02 12:59:58.091696 np0000162933 neutron-periodic-workers[104142]: DEBUG cotyledon.oslo_config_glue [-] ovn.localnet_learn_fdb = False {{(pid=104142) log_opt_values /opt/stack/data/venv/lib/python3.12/site-packages/oslo_config/cfg.py:3006}}
Apr 02 12:59:58.091696 np0000162933 neutron-periodic-workers[104142]: DEBUG cotyledon.oslo_config_glue [-] ovn.mac_binding_age_threshold = 300 {{(pid=104142) log_opt_values /opt/stack/data/venv/lib/python3.12/site-packages/oslo_config/cfg.py:3006}}
Apr 02 12:59:58.091696 np0000162933 neutron-periodic-workers[104142]: DEBUG cotyledon.oslo_config_glue [-] ovn.neutron_sync_mode = log {{(pid=104142) log_opt_values /opt/stack/data/venv/lib/python3.12/site-packages/oslo_config/cfg.py:3006}}
Apr 02 12:59:58.091696 np0000162933 neutron-periodic-workers[104142]: DEBUG cotyledon.oslo_config_glue [-] ovn.ovn_dhcp4_global_options = {} {{(pid=104142) log_opt_values /opt/stack/data/venv/lib/python3.12/site-packages/oslo_config/cfg.py:3006}}
Apr 02 12:59:58.091696 np0000162933 neutron-periodic-workers[104142]: DEBUG cotyledon.oslo_config_glue [-] ovn.ovn_dhcp6_global_options = {} {{(pid=104142) log_opt_values /opt/stack/data/venv/lib/python3.12/site-packages/oslo_config/cfg.py:3006}}
Apr 02 12:59:58.091896 np0000162933 neutron-periodic-workers[104142]: DEBUG cotyledon.oslo_config_glue [-] ovn.ovn_l3_scheduler = leastloaded {{(pid=104142) log_opt_values /opt/stack/data/venv/lib/python3.12/site-packages/oslo_config/cfg.py:3006}}
Apr 02 12:59:58.091896 np0000162933 neutron-periodic-workers[104142]: DEBUG cotyledon.oslo_config_glue [-] ovn.ovn_metadata_enabled = True {{(pid=104142) log_opt_values /opt/stack/data/venv/lib/python3.12/site-packages/oslo_config/cfg.py:3006}}
Apr 02 12:59:58.091896 np0000162933 neutron-periodic-workers[104142]: DEBUG cotyledon.oslo_config_glue [-] ovn.ovn_nb_ca_cert = /opt/stack/data/CA/int-ca/ca-chain.pem {{(pid=104142) log_opt_values /opt/stack/data/venv/lib/python3.12/site-packages/oslo_config/cfg.py:3006}}
Apr 02 12:59:58.091896 np0000162933 neutron-periodic-workers[104142]: DEBUG cotyledon.oslo_config_glue [-] ovn.ovn_nb_certificate = /opt/stack/data/CA/int-ca/devstack-cert.crt {{(pid=104142) log_opt_values /opt/stack/data/venv/lib/python3.12/site-packages/oslo_config/cfg.py:3006}}
Apr 02 12:59:58.091896 np0000162933 neutron-periodic-workers[104142]: DEBUG cotyledon.oslo_config_glue [-] ovn.ovn_nb_connection = ['ssl:199.204.45.244:6641'] {{(pid=104142) log_opt_values /opt/stack/data/venv/lib/python3.12/site-packages/oslo_config/cfg.py:3006}}
Apr 02 12:59:58.091896 np0000162933 neutron-periodic-workers[104142]: DEBUG cotyledon.oslo_config_glue [-] ovn.ovn_nb_private_key = /opt/stack/data/CA/int-ca/private/devstack-cert.key {{(pid=104142) log_opt_values /opt/stack/data/venv/lib/python3.12/site-packages/oslo_config/cfg.py:3006}}
Apr 02 12:59:58.091896 np0000162933 neutron-periodic-workers[104142]: DEBUG cotyledon.oslo_config_glue [-] ovn.ovn_router_indirect_snat = False {{(pid=104142) log_opt_values /opt/stack/data/venv/lib/python3.12/site-packages/oslo_config/cfg.py:3006}}
Apr 02 12:59:58.091896 np0000162933 neutron-periodic-workers[104142]: DEBUG cotyledon.oslo_config_glue [-] ovn.ovn_sb_ca_cert = /opt/stack/data/CA/int-ca/ca-chain.pem {{(pid=104142) log_opt_values /opt/stack/data/venv/lib/python3.12/site-packages/oslo_config/cfg.py:3006}}
Apr 02 12:59:58.092173 np0000162933 neutron-periodic-workers[104142]: DEBUG cotyledon.oslo_config_glue [-] ovn.ovn_sb_certificate = /opt/stack/data/CA/int-ca/devstack-cert.crt {{(pid=104142) log_opt_values /opt/stack/data/venv/lib/python3.12/site-packages/oslo_config/cfg.py:3006}}
Apr 02 12:59:58.092173 np0000162933 neutron-periodic-workers[104142]: DEBUG cotyledon.oslo_config_glue [-] ovn.ovn_sb_connection = ['ssl:199.204.45.244:6642'] {{(pid=104142) log_opt_values /opt/stack/data/venv/lib/python3.12/site-packages/oslo_config/cfg.py:3006}}
Apr 02 12:59:58.092173 np0000162933 neutron-periodic-workers[104142]: DEBUG cotyledon.oslo_config_glue [-] ovn.ovn_sb_private_key = /opt/stack/data/CA/int-ca/private/devstack-cert.key {{(pid=104142) log_opt_values /opt/stack/data/venv/lib/python3.12/site-packages/oslo_config/cfg.py:3006}}
Apr 02 12:59:58.092173 np0000162933 neutron-periodic-workers[104142]: DEBUG cotyledon.oslo_config_glue [-] ovn.ovs_create_tap = False {{(pid=104142) log_opt_values /opt/stack/data/venv/lib/python3.12/site-packages/oslo_config/cfg.py:3006}}
Apr 02 12:59:58.092173 np0000162933 neutron-periodic-workers[104142]: DEBUG cotyledon.oslo_config_glue [-] ovn.ovsdb_connection_timeout = 180 {{(pid=104142) log_opt_values /opt/stack/data/venv/lib/python3.12/site-packages/oslo_config/cfg.py:3006}}
Apr 02 12:59:58.092173 np0000162933 neutron-periodic-workers[104142]: DEBUG cotyledon.oslo_config_glue [-] ovn.ovsdb_log_level = INFO {{(pid=104142) log_opt_values /opt/stack/data/venv/lib/python3.12/site-packages/oslo_config/cfg.py:3006}}
Apr 02 12:59:58.092173 np0000162933 neutron-periodic-workers[104142]: DEBUG cotyledon.oslo_config_glue [-] ovn.ovsdb_probe_interval = 60000 {{(pid=104142) log_opt_values /opt/stack/data/venv/lib/python3.12/site-packages/oslo_config/cfg.py:3006}}
Apr 02 12:59:58.092173 np0000162933 neutron-periodic-workers[104142]: DEBUG cotyledon.oslo_config_glue [-] ovn.ovsdb_retry_max_interval = 180 {{(pid=104142) log_opt_values /opt/stack/data/venv/lib/python3.12/site-packages/oslo_config/cfg.py:3006}}
Apr 02 12:59:58.092173 np0000162933 neutron-periodic-workers[104142]: DEBUG cotyledon.oslo_config_glue [-] ovn.stateless_nat_enabled = False {{(pid=104142) log_opt_values /opt/stack/data/venv/lib/python3.12/site-packages/oslo_config/cfg.py:3006}}
Apr 02 12:59:58.092376 np0000162933 neutron-periodic-workers[104142]: DEBUG cotyledon.oslo_config_glue [-] ovn.vhost_sock_dir = /var/run/openvswitch {{(pid=104142) log_opt_values /opt/stack/data/venv/lib/python3.12/site-packages/oslo_config/cfg.py:3006}}
Apr 02 12:59:58.092376 np0000162933 neutron-periodic-workers[104142]: DEBUG cotyledon.oslo_config_glue [-] OVS.bridge_mac_table_size = 50000 {{(pid=104142) log_opt_values /opt/stack/data/venv/lib/python3.12/site-packages/oslo_config/cfg.py:3006}}
Apr 02 12:59:58.092376 np0000162933 neutron-periodic-workers[104142]: DEBUG cotyledon.oslo_config_glue [-] OVS.igmp_flood = False {{(pid=104142) log_opt_values /opt/stack/data/venv/lib/python3.12/site-packages/oslo_config/cfg.py:3006}}
Apr 02 12:59:58.092376 np0000162933 neutron-periodic-workers[104142]: DEBUG cotyledon.oslo_config_glue [-] OVS.igmp_flood_reports = True {{(pid=104142) log_opt_values /opt/stack/data/venv/lib/python3.12/site-packages/oslo_config/cfg.py:3006}}
Apr 02 12:59:58.092376 np0000162933 neutron-periodic-workers[104142]: DEBUG cotyledon.oslo_config_glue [-] OVS.igmp_flood_unregistered = False {{(pid=104142) log_opt_values /opt/stack/data/venv/lib/python3.12/site-packages/oslo_config/cfg.py:3006}}
Apr 02 12:59:58.092376 np0000162933 neutron-periodic-workers[104142]: DEBUG cotyledon.oslo_config_glue [-] OVS.igmp_snooping_enable = False {{(pid=104142) log_opt_values /opt/stack/data/venv/lib/python3.12/site-packages/oslo_config/cfg.py:3006}}
Apr 02 12:59:58.092376 np0000162933 neutron-periodic-workers[104142]: DEBUG cotyledon.oslo_config_glue [-] OVS.ovsdb_timeout = 10 {{(pid=104142) log_opt_values /opt/stack/data/venv/lib/python3.12/site-packages/oslo_config/cfg.py:3006}}
Apr 02 12:59:58.092376 np0000162933 neutron-periodic-workers[104142]: DEBUG cotyledon.oslo_config_glue [-] ovn_nb_global.fdb_removal_limit = 0 {{(pid=104142) log_opt_values /opt/stack/data/venv/lib/python3.12/site-packages/oslo_config/cfg.py:3006}}
Apr 02 12:59:58.092376 np0000162933 neutron-periodic-workers[104142]: DEBUG cotyledon.oslo_config_glue [-] ovn_nb_global.ignore_lsp_down = False {{(pid=104142) log_opt_values /opt/stack/data/venv/lib/python3.12/site-packages/oslo_config/cfg.py:3006}}
Apr 02 12:59:58.092588 np0000162933 neutron-periodic-workers[104142]: DEBUG cotyledon.oslo_config_glue [-] ovn_nb_global.mac_binding_removal_limit = 0 {{(pid=104142) log_opt_values /opt/stack/data/venv/lib/python3.12/site-packages/oslo_config/cfg.py:3006}}
Apr 02 12:59:58.092588 np0000162933 neutron-periodic-workers[104142]: DEBUG cotyledon.oslo_config_glue [-] ******************************************************************************** {{(pid=104142) log_opt_values /opt/stack/data/venv/lib/python3.12/site-packages/oslo_config/cfg.py:3013}}
Apr 02 12:59:58.092588 np0000162933 neutron-periodic-workers[104142]: DEBUG cotyledon._service_worker [-] Run service ServiceWrapper(0) [104142] {{(pid=104142) wait_forever /opt/stack/data/venv/lib/python3.12/site-packages/cotyledon/_service_worker.py:218}}
Apr 02 13:00:07.723372 np0000162933 neutron-periodic-workers[103254]: DEBUG dbcounter [-] [103254] Writing DB stats neutron:SELECT=4 {{(pid=103254) stat_writer /opt/stack/data/venv/lib/python3.12/site-packages/dbcounter.py:115}}
Apr 02 13:00:49.071441 np0000162933 neutron-periodic-workers[104124]: DEBUG oslo_db.sqlalchemy.engines [None req-eb993ab4-21d8-478e-84a4-eceb7cebe2e1 None None] Parent process 103254 forked (104124) with an open database connection, which is being discarded and recreated. {{(pid=104124) checkout /opt/stack/data/venv/lib/python3.12/site-packages/oslo_db/sqlalchemy/engines.py:402}}
Apr 02 13:00:49.080483 np0000162933 neutron-periodic-workers[104124]: DEBUG dbcounter [-] [104124] Writer thread running {{(pid=104124) stat_writer /opt/stack/data/venv/lib/python3.12/site-packages/dbcounter.py:102}}
Apr 02 13:00:49.090608 np0000162933 neutron-periodic-workers[104124]: DEBUG oslo.service.backend._threading.loopingcall [None req-eb993ab4-21d8-478e-84a4-eceb7cebe2e1 None None] Fixed interval looping call 'neutron.plugins.ml2.plugin.DhcpAgentSchedulerDbMixin.remove_networks_from_down_agents' sleeping for 36.97 seconds {{(pid=104124) _run_loop /opt/stack/data/venv/lib/python3.12/site-packages/oslo_service/backend/_threading/loopingcall.py:125}}
Apr 02 13:00:49.108769 np0000162933 neutron-periodic-workers[104131]: DEBUG dbcounter [-] [104131] Writer thread running {{(pid=104131) stat_writer /opt/stack/data/venv/lib/python3.12/site-packages/dbcounter.py:102}}
Apr 02 13:00:49.112265 np0000162933 neutron-periodic-workers[104131]: DEBUG neutron.db.agents_db [None req-6f1cfdc0-dbc5-45f1-80ac-aeefa9a1ca7d None None] Agent healthcheck: found 0 active agents {{(pid=104131) agent_health_check /opt/stack/neutron/neutron/db/agents_db.py:317}}
Apr 02 13:00:49.112446 np0000162933 neutron-periodic-workers[104131]: DEBUG oslo.service.backend._threading.loopingcall [None req-6f1cfdc0-dbc5-45f1-80ac-aeefa9a1ca7d None None] Fixed interval looping call 'neutron.plugins.ml2.plugin.AgentDbMixin.agent_health_check' sleeping for 36.98 seconds {{(pid=104131) _run_loop /opt/stack/data/venv/lib/python3.12/site-packages/oslo_service/backend/_threading/loopingcall.py:125}}
Apr 02 13:00:59.089253 np0000162933 neutron-periodic-workers[104124]: DEBUG dbcounter [-] [104124] Writing DB stats neutron:SELECT=3 {{(pid=104124) stat_writer /opt/stack/data/venv/lib/python3.12/site-packages/dbcounter.py:115}}
Apr 02 13:00:59.109441 np0000162933 neutron-periodic-workers[104131]: DEBUG dbcounter [-] [104131] Writing DB stats neutron:SELECT=1 {{(pid=104131) stat_writer /opt/stack/data/venv/lib/python3.12/site-packages/dbcounter.py:115}}
Apr 02 13:01:26.070219 np0000162933 neutron-periodic-workers[104124]: DEBUG oslo.service.backend._threading.loopingcall [None req-eb993ab4-21d8-478e-84a4-eceb7cebe2e1 None None] Fixed interval looping call 'neutron.plugins.ml2.plugin.DhcpAgentSchedulerDbMixin.remove_networks_from_down_agents' sleeping for 36.99 seconds {{(pid=104124) _run_loop /opt/stack/data/venv/lib/python3.12/site-packages/oslo_service/backend/_threading/loopingcall.py:125}}
Apr 02 13:01:26.097815 np0000162933 neutron-periodic-workers[104131]: DEBUG neutron.db.agents_db [None req-6f1cfdc0-dbc5-45f1-80ac-aeefa9a1ca7d None None] Agent healthcheck: found 0 active agents {{(pid=104131) agent_health_check /opt/stack/neutron/neutron/db/agents_db.py:317}}
Apr 02 13:01:26.098536 np0000162933 neutron-periodic-workers[104131]: DEBUG oslo.service.backend._threading.loopingcall [None req-6f1cfdc0-dbc5-45f1-80ac-aeefa9a1ca7d None None] Fixed interval looping call 'neutron.plugins.ml2.plugin.AgentDbMixin.agent_health_check' sleeping for 36.99 seconds {{(pid=104131) _run_loop /opt/stack/data/venv/lib/python3.12/site-packages/oslo_service/backend/_threading/loopingcall.py:125}}
Apr 02 13:01:36.068991 np0000162933 neutron-periodic-workers[104124]: DEBUG dbcounter [-] [104124] Writing DB stats neutron:SELECT=3 {{(pid=104124) stat_writer /opt/stack/data/venv/lib/python3.12/site-packages/dbcounter.py:115}}
Apr 02 13:01:36.096784 np0000162933 neutron-periodic-workers[104131]: DEBUG dbcounter [-] [104131] Writing DB stats neutron:SELECT=1 {{(pid=104131) stat_writer /opt/stack/data/venv/lib/python3.12/site-packages/dbcounter.py:115}}
Apr 02 13:01:58.123732 np0000162933 neutron-periodic-workers[104142]: DEBUG dbcounter [-] [104142] Writer thread running {{(pid=104142) stat_writer /opt/stack/data/venv/lib/python3.12/site-packages/dbcounter.py:102}}
Apr 02 13:01:58.125662 np0000162933 neutron-periodic-workers[104142]: DEBUG oslo.service.backend._threading.loopingcall [None req-45240edd-470a-449c-a39d-9eda89403c4a None None] Fixed interval looping call 'neutron.db.quota.driver_nolock.DbQuotaNoLockDriver._remove_expired_reservations' sleeping for 119.97 seconds {{(pid=104142) _run_loop /opt/stack/data/venv/lib/python3.12/site-packages/oslo_service/backend/_threading/loopingcall.py:125}}
Apr 02 13:02:03.070738 np0000162933 neutron-periodic-workers[104124]: DEBUG oslo.service.backend._threading.loopingcall [None req-eb993ab4-21d8-478e-84a4-eceb7cebe2e1 None None] Fixed interval looping call 'neutron.plugins.ml2.plugin.DhcpAgentSchedulerDbMixin.remove_networks_from_down_agents' sleeping for 36.99 seconds {{(pid=104124) _run_loop /opt/stack/data/venv/lib/python3.12/site-packages/oslo_service/backend/_threading/loopingcall.py:125}}
Apr 02 13:02:03.093715 np0000162933 neutron-periodic-workers[104131]: DEBUG neutron.db.agents_db [None req-6f1cfdc0-dbc5-45f1-80ac-aeefa9a1ca7d None None] Agent healthcheck: found 0 active agents {{(pid=104131) agent_health_check /opt/stack/neutron/neutron/db/agents_db.py:317}}
Apr 02 13:02:03.094328 np0000162933 neutron-periodic-workers[104131]: DEBUG oslo.service.backend._threading.loopingcall [None req-6f1cfdc0-dbc5-45f1-80ac-aeefa9a1ca7d None None] Fixed interval looping call 'neutron.plugins.ml2.plugin.AgentDbMixin.agent_health_check' sleeping for 36.99 seconds {{(pid=104131) _run_loop /opt/stack/data/venv/lib/python3.12/site-packages/oslo_service/backend/_threading/loopingcall.py:125}}
Apr 02 13:02:08.124370 np0000162933 neutron-periodic-workers[104142]: DEBUG dbcounter [-] [104142] Writing DB stats neutron:DELETE=1 {{(pid=104142) stat_writer /opt/stack/data/venv/lib/python3.12/site-packages/dbcounter.py:115}}
Apr 02 13:02:13.069663 np0000162933 neutron-periodic-workers[104124]: DEBUG dbcounter [-] [104124] Writing DB stats neutron:SELECT=3 {{(pid=104124) stat_writer /opt/stack/data/venv/lib/python3.12/site-packages/dbcounter.py:115}}
Apr 02 13:02:13.092440 np0000162933 neutron-periodic-workers[104131]: DEBUG dbcounter [-] [104131] Writing DB stats neutron:SELECT=1 {{(pid=104131) stat_writer /opt/stack/data/venv/lib/python3.12/site-packages/dbcounter.py:115}}
Apr 02 13:02:40.083049 np0000162933 neutron-periodic-workers[104124]: DEBUG oslo.service.backend._threading.loopingcall [None req-eb993ab4-21d8-478e-84a4-eceb7cebe2e1 None None] Fixed interval looping call 'neutron.plugins.ml2.plugin.DhcpAgentSchedulerDbMixin.remove_networks_from_down_agents' sleeping for 36.98 seconds {{(pid=104124) _run_loop /opt/stack/data/venv/lib/python3.12/site-packages/oslo_service/backend/_threading/loopingcall.py:125}}
Apr 02 13:02:40.091311 np0000162933 neutron-periodic-workers[104131]: DEBUG neutron.db.agents_db [None req-6f1cfdc0-dbc5-45f1-80ac-aeefa9a1ca7d None None] Agent healthcheck: found 0 active agents {{(pid=104131) agent_health_check /opt/stack/neutron/neutron/db/agents_db.py:317}}
Apr 02 13:02:40.091745 np0000162933 neutron-periodic-workers[104131]: DEBUG oslo.service.backend._threading.loopingcall [None req-6f1cfdc0-dbc5-45f1-80ac-aeefa9a1ca7d None None] Fixed interval looping call 'neutron.plugins.ml2.plugin.AgentDbMixin.agent_health_check' sleeping for 36.99 seconds {{(pid=104131) _run_loop /opt/stack/data/venv/lib/python3.12/site-packages/oslo_service/backend/_threading/loopingcall.py:125}}
Apr 02 13:02:50.069489 np0000162933 neutron-periodic-workers[104124]: DEBUG dbcounter [-] [104124] Writing DB stats neutron:SELECT=3 {{(pid=104124) stat_writer /opt/stack/data/venv/lib/python3.12/site-packages/dbcounter.py:115}}
Apr 02 13:02:50.089252 np0000162933 neutron-periodic-workers[104131]: DEBUG dbcounter [-] [104131] Writing DB stats neutron:SELECT=1 {{(pid=104131) stat_writer /opt/stack/data/venv/lib/python3.12/site-packages/dbcounter.py:115}}
Apr 02 13:03:17.072105 np0000162933 neutron-periodic-workers[104124]: DEBUG oslo.service.backend._threading.loopingcall [None req-eb993ab4-21d8-478e-84a4-eceb7cebe2e1 None None] Fixed interval looping call 'neutron.plugins.ml2.plugin.DhcpAgentSchedulerDbMixin.remove_networks_from_down_agents' sleeping for 36.99 seconds {{(pid=104124) _run_loop /opt/stack/data/venv/lib/python3.12/site-packages/oslo_service/backend/_threading/loopingcall.py:125}}
Apr 02 13:03:17.087799 np0000162933 neutron-periodic-workers[104131]: DEBUG neutron.db.agents_db [None req-6f1cfdc0-dbc5-45f1-80ac-aeefa9a1ca7d None None] Agent healthcheck: found 0 active agents {{(pid=104131) agent_health_check /opt/stack/neutron/neutron/db/agents_db.py:317}}
Apr 02 13:03:17.088235 np0000162933 neutron-periodic-workers[104131]: DEBUG oslo.service.backend._threading.loopingcall [None req-6f1cfdc0-dbc5-45f1-80ac-aeefa9a1ca7d None None] Fixed interval looping call 'neutron.plugins.ml2.plugin.AgentDbMixin.agent_health_check' sleeping for 36.99 seconds {{(pid=104131) _run_loop /opt/stack/data/venv/lib/python3.12/site-packages/oslo_service/backend/_threading/loopingcall.py:125}}
Apr 02 13:03:27.071346 np0000162933 neutron-periodic-workers[104124]: DEBUG dbcounter [-] [104124] Writing DB stats neutron:SELECT=3 {{(pid=104124) stat_writer /opt/stack/data/venv/lib/python3.12/site-packages/dbcounter.py:115}}
Apr 02 13:03:27.086256 np0000162933 neutron-periodic-workers[104131]: DEBUG dbcounter [-] [104131] Writing DB stats neutron:SELECT=1 {{(pid=104131) stat_writer /opt/stack/data/venv/lib/python3.12/site-packages/dbcounter.py:115}}
Apr 02 13:03:54.070746 np0000162933 neutron-periodic-workers[104124]: DEBUG oslo.service.backend._threading.loopingcall [None req-eb993ab4-21d8-478e-84a4-eceb7cebe2e1 None None] Fixed interval looping call 'neutron.plugins.ml2.plugin.DhcpAgentSchedulerDbMixin.remove_networks_from_down_agents' sleeping for 36.99 seconds {{(pid=104124) _run_loop /opt/stack/data/venv/lib/python3.12/site-packages/oslo_service/backend/_threading/loopingcall.py:125}}
Apr 02 13:03:54.083318 np0000162933 neutron-periodic-workers[104131]: DEBUG neutron.db.agents_db [None req-6f1cfdc0-dbc5-45f1-80ac-aeefa9a1ca7d None None] Agent healthcheck: found 0 active agents {{(pid=104131) agent_health_check /opt/stack/neutron/neutron/db/agents_db.py:317}}
Apr 02 13:03:54.083874 np0000162933 neutron-periodic-workers[104131]: DEBUG oslo.service.backend._threading.loopingcall [None req-6f1cfdc0-dbc5-45f1-80ac-aeefa9a1ca7d None None] Fixed interval looping call 'neutron.plugins.ml2.plugin.AgentDbMixin.agent_health_check' sleeping for 36.99 seconds {{(pid=104131) _run_loop /opt/stack/data/venv/lib/python3.12/site-packages/oslo_service/backend/_threading/loopingcall.py:125}}
Apr 02 13:03:58.106563 np0000162933 neutron-periodic-workers[104142]: DEBUG oslo.service.backend._threading.loopingcall [None req-45240edd-470a-449c-a39d-9eda89403c4a None None] Fixed interval looping call 'neutron.db.quota.driver_nolock.DbQuotaNoLockDriver._remove_expired_reservations' sleeping for 119.99 seconds {{(pid=104142) _run_loop /opt/stack/data/venv/lib/python3.12/site-packages/oslo_service/backend/_threading/loopingcall.py:125}}
Apr 02 13:04:04.070168 np0000162933 neutron-periodic-workers[104124]: DEBUG dbcounter [-] [104124] Writing DB stats neutron:SELECT=3 {{(pid=104124) stat_writer /opt/stack/data/venv/lib/python3.12/site-packages/dbcounter.py:115}}
Apr 02 13:04:04.081364 np0000162933 neutron-periodic-workers[104131]: DEBUG dbcounter [-] [104131] Writing DB stats neutron:SELECT=1 {{(pid=104131) stat_writer /opt/stack/data/venv/lib/python3.12/site-packages/dbcounter.py:115}}
Apr 02 13:04:08.105425 np0000162933 neutron-periodic-workers[104142]: DEBUG dbcounter [-] [104142] Writing DB stats neutron:DELETE=1 {{(pid=104142) stat_writer /opt/stack/data/venv/lib/python3.12/site-packages/dbcounter.py:115}}
Apr 02 13:04:14.097103 np0000162933 neutron-periodic-workers[104120]: DEBUG dbcounter [-] [104120] Writer thread running {{(pid=104120) stat_writer /opt/stack/data/venv/lib/python3.12/site-packages/dbcounter.py:102}}
Apr 02 13:04:14.119042 np0000162933 neutron-periodic-workers[104120]: DEBUG oslo.service.backend._threading.loopingcall [None req-c50ad3da-fb28-45fe-b5cd-dc9229c6d827 None None] Fixed interval looping call 'neutron.services.ovn_l3.plugin.L3_NAT_dbonly_mixin._clean_garbage' sleeping for 299.92 seconds {{(pid=104120) _run_loop /opt/stack/data/venv/lib/python3.12/site-packages/oslo_service/backend/_threading/loopingcall.py:125}}
Apr 02 13:04:24.098675 np0000162933 neutron-periodic-workers[104120]: DEBUG dbcounter [-] [104120] Writing DB stats neutron:SELECT=1 {{(pid=104120) stat_writer /opt/stack/data/venv/lib/python3.12/site-packages/dbcounter.py:115}}
Apr 02 13:04:31.070073 np0000162933 neutron-periodic-workers[104124]: DEBUG oslo.service.backend._threading.loopingcall [None req-eb993ab4-21d8-478e-84a4-eceb7cebe2e1 None None] Fixed interval looping call 'neutron.plugins.ml2.plugin.DhcpAgentSchedulerDbMixin.remove_networks_from_down_agents' sleeping for 36.99 seconds {{(pid=104124) _run_loop /opt/stack/data/venv/lib/python3.12/site-packages/oslo_service/backend/_threading/loopingcall.py:125}}
Apr 02 13:04:31.080791 np0000162933 neutron-periodic-workers[104131]: DEBUG neutron.db.agents_db [None req-6f1cfdc0-dbc5-45f1-80ac-aeefa9a1ca7d None None] Agent healthcheck: found 0 active agents {{(pid=104131) agent_health_check /opt/stack/neutron/neutron/db/agents_db.py:317}}
Apr 02 13:04:31.081370 np0000162933 neutron-periodic-workers[104131]: DEBUG oslo.service.backend._threading.loopingcall [None req-6f1cfdc0-dbc5-45f1-80ac-aeefa9a1ca7d None None] Fixed interval looping call 'neutron.plugins.ml2.plugin.AgentDbMixin.agent_health_check' sleeping for 36.99 seconds {{(pid=104131) _run_loop /opt/stack/data/venv/lib/python3.12/site-packages/oslo_service/backend/_threading/loopingcall.py:125}}
Apr 02 13:04:41.069490 np0000162933 neutron-periodic-workers[104124]: DEBUG dbcounter [-] [104124] Writing DB stats neutron:SELECT=3 {{(pid=104124) stat_writer /opt/stack/data/venv/lib/python3.12/site-packages/dbcounter.py:115}}
Apr 02 13:04:41.077913 np0000162933 neutron-periodic-workers[104131]: DEBUG dbcounter [-] [104131] Writing DB stats neutron:SELECT=1 {{(pid=104131) stat_writer /opt/stack/data/venv/lib/python3.12/site-packages/dbcounter.py:115}}
Apr 02 13:05:08.069513 np0000162933 neutron-periodic-workers[104124]: DEBUG oslo.service.backend._threading.loopingcall [None req-eb993ab4-21d8-478e-84a4-eceb7cebe2e1 None None] Fixed interval looping call 'neutron.plugins.ml2.plugin.DhcpAgentSchedulerDbMixin.remove_networks_from_down_agents' sleeping for 36.99 seconds {{(pid=104124) _run_loop /opt/stack/data/venv/lib/python3.12/site-packages/oslo_service/backend/_threading/loopingcall.py:125}}
Apr 02 13:05:08.076674 np0000162933 neutron-periodic-workers[104131]: DEBUG neutron.db.agents_db [None req-6f1cfdc0-dbc5-45f1-80ac-aeefa9a1ca7d None None] Agent healthcheck: found 0 active agents {{(pid=104131) agent_health_check /opt/stack/neutron/neutron/db/agents_db.py:317}}
Apr 02 13:05:08.077180 np0000162933 neutron-periodic-workers[104131]: DEBUG oslo.service.backend._threading.loopingcall [None req-6f1cfdc0-dbc5-45f1-80ac-aeefa9a1ca7d None None] Fixed interval looping call 'neutron.plugins.ml2.plugin.AgentDbMixin.agent_health_check' sleeping for 36.99 seconds {{(pid=104131) _run_loop /opt/stack/data/venv/lib/python3.12/site-packages/oslo_service/backend/_threading/loopingcall.py:125}}
Apr 02 13:05:18.068309 np0000162933 neutron-periodic-workers[104124]: DEBUG dbcounter [-] [104124] Writing DB stats neutron:SELECT=3 {{(pid=104124) stat_writer /opt/stack/data/venv/lib/python3.12/site-packages/dbcounter.py:115}}
Apr 02 13:05:18.090816 np0000162933 neutron-periodic-workers[104131]: DEBUG dbcounter [-] [104131] Writing DB stats neutron:SELECT=1 {{(pid=104131) stat_writer /opt/stack/data/venv/lib/python3.12/site-packages/dbcounter.py:115}}
Apr 02 13:05:45.067535 np0000162933 neutron-periodic-workers[104124]: DEBUG oslo.service.backend._threading.loopingcall [None req-eb993ab4-21d8-478e-84a4-eceb7cebe2e1 None None] Fixed interval looping call 'neutron.plugins.ml2.plugin.DhcpAgentSchedulerDbMixin.remove_networks_from_down_agents' sleeping for 36.99 seconds {{(pid=104124) _run_loop /opt/stack/data/venv/lib/python3.12/site-packages/oslo_service/backend/_threading/loopingcall.py:125}}
Apr 02 13:05:45.071152 np0000162933 neutron-periodic-workers[104131]: DEBUG neutron.db.agents_db [None req-6f1cfdc0-dbc5-45f1-80ac-aeefa9a1ca7d None None] Agent healthcheck: found 0 active agents {{(pid=104131) agent_health_check /opt/stack/neutron/neutron/db/agents_db.py:317}}
Apr 02 13:05:45.071622 np0000162933 neutron-periodic-workers[104131]: DEBUG oslo.service.backend._threading.loopingcall [None req-6f1cfdc0-dbc5-45f1-80ac-aeefa9a1ca7d None None] Fixed interval looping call 'neutron.plugins.ml2.plugin.AgentDbMixin.agent_health_check' sleeping for 37.00 seconds {{(pid=104131) _run_loop /opt/stack/data/venv/lib/python3.12/site-packages/oslo_service/backend/_threading/loopingcall.py:125}}
Apr 02 13:05:55.066587 np0000162933 neutron-periodic-workers[104124]: DEBUG dbcounter [-] [104124] Writing DB stats neutron:SELECT=3 {{(pid=104124) stat_writer /opt/stack/data/venv/lib/python3.12/site-packages/dbcounter.py:115}}
Apr 02 13:05:55.069953 np0000162933 neutron-periodic-workers[104131]: DEBUG dbcounter [-] [104131] Writing DB stats neutron:SELECT=1 {{(pid=104131) stat_writer /opt/stack/data/venv/lib/python3.12/site-packages/dbcounter.py:115}}
Apr 02 13:05:58.101810 np0000162933 neutron-periodic-workers[104142]: DEBUG oslo.service.backend._threading.loopingcall [None req-45240edd-470a-449c-a39d-9eda89403c4a None None] Fixed interval looping call 'neutron.db.quota.driver_nolock.DbQuotaNoLockDriver._remove_expired_reservations' sleeping for 120.00 seconds {{(pid=104142) _run_loop /opt/stack/data/venv/lib/python3.12/site-packages/oslo_service/backend/_threading/loopingcall.py:125}}
Apr 02 13:06:08.137968 np0000162933 neutron-periodic-workers[104142]: DEBUG dbcounter [-] [104142] Writing DB stats neutron:DELETE=1 {{(pid=104142) stat_writer /opt/stack/data/venv/lib/python3.12/site-packages/dbcounter.py:115}}
Apr 02 13:06:22.069433 np0000162933 neutron-periodic-workers[104124]: DEBUG oslo.service.backend._threading.loopingcall [None req-eb993ab4-21d8-478e-84a4-eceb7cebe2e1 None None] Fixed interval looping call 'neutron.plugins.ml2.plugin.DhcpAgentSchedulerDbMixin.remove_networks_from_down_agents' sleeping for 36.99 seconds {{(pid=104124) _run_loop /opt/stack/data/venv/lib/python3.12/site-packages/oslo_service/backend/_threading/loopingcall.py:125}}
Apr 02 13:06:22.077034 np0000162933 neutron-periodic-workers[104131]: DEBUG neutron.db.agents_db [None req-6f1cfdc0-dbc5-45f1-80ac-aeefa9a1ca7d None None] Agent healthcheck: found 0 active agents {{(pid=104131) agent_health_check /opt/stack/neutron/neutron/db/agents_db.py:317}}
Apr 02 13:06:22.077453 np0000162933 neutron-periodic-workers[104131]: DEBUG oslo.service.backend._threading.loopingcall [None req-6f1cfdc0-dbc5-45f1-80ac-aeefa9a1ca7d None None] Fixed interval looping call 'neutron.plugins.ml2.plugin.AgentDbMixin.agent_health_check' sleeping for 36.99 seconds {{(pid=104131) _run_loop /opt/stack/data/venv/lib/python3.12/site-packages/oslo_service/backend/_threading/loopingcall.py:125}}
Apr 02 13:06:32.068130 np0000162933 neutron-periodic-workers[104124]: DEBUG dbcounter [-] [104124] Writing DB stats neutron:SELECT=3 {{(pid=104124) stat_writer /opt/stack/data/venv/lib/python3.12/site-packages/dbcounter.py:115}}
Apr 02 13:06:32.077845 np0000162933 neutron-periodic-workers[104131]: DEBUG dbcounter [-] [104131] Writing DB stats neutron:SELECT=1 {{(pid=104131) stat_writer /opt/stack/data/venv/lib/python3.12/site-packages/dbcounter.py:115}}
Apr 02 13:06:59.069684 np0000162933 neutron-periodic-workers[104124]: DEBUG oslo.service.backend._threading.loopingcall [None req-eb993ab4-21d8-478e-84a4-eceb7cebe2e1 None None] Fixed interval looping call 'neutron.plugins.ml2.plugin.DhcpAgentSchedulerDbMixin.remove_networks_from_down_agents' sleeping for 36.99 seconds {{(pid=104124) _run_loop /opt/stack/data/venv/lib/python3.12/site-packages/oslo_service/backend/_threading/loopingcall.py:125}}
Apr 02 13:06:59.073245 np0000162933 neutron-periodic-workers[104131]: DEBUG neutron.db.agents_db [None req-6f1cfdc0-dbc5-45f1-80ac-aeefa9a1ca7d None None] Agent healthcheck: found 0 active agents {{(pid=104131) agent_health_check /opt/stack/neutron/neutron/db/agents_db.py:317}}
Apr 02 13:06:59.073594 np0000162933 neutron-periodic-workers[104131]: DEBUG oslo.service.backend._threading.loopingcall [None req-6f1cfdc0-dbc5-45f1-80ac-aeefa9a1ca7d None None] Fixed interval looping call 'neutron.plugins.ml2.plugin.AgentDbMixin.agent_health_check' sleeping for 36.99 seconds {{(pid=104131) _run_loop /opt/stack/data/venv/lib/python3.12/site-packages/oslo_service/backend/_threading/loopingcall.py:125}}
Apr 02 13:07:09.068245 np0000162933 neutron-periodic-workers[104124]: DEBUG dbcounter [-] [104124] Writing DB stats neutron:SELECT=3 {{(pid=104124) stat_writer /opt/stack/data/venv/lib/python3.12/site-packages/dbcounter.py:115}}
Apr 02 13:07:09.071471 np0000162933 neutron-periodic-workers[104131]: DEBUG dbcounter [-] [104131] Writing DB stats neutron:SELECT=1 {{(pid=104131) stat_writer /opt/stack/data/venv/lib/python3.12/site-packages/dbcounter.py:115}}
Apr 02 13:07:36.068804 np0000162933 neutron-periodic-workers[104131]: DEBUG neutron.db.agents_db [None req-6f1cfdc0-dbc5-45f1-80ac-aeefa9a1ca7d None None] Agent healthcheck: found 0 active agents {{(pid=104131) agent_health_check /opt/stack/neutron/neutron/db/agents_db.py:317}}
Apr 02 13:07:36.069461 np0000162933 neutron-periodic-workers[104124]: DEBUG oslo.service.backend._threading.loopingcall [None req-eb993ab4-21d8-478e-84a4-eceb7cebe2e1 None None] Fixed interval looping call 'neutron.plugins.ml2.plugin.DhcpAgentSchedulerDbMixin.remove_networks_from_down_agents' sleeping for 36.99 seconds {{(pid=104124) _run_loop /opt/stack/data/venv/lib/python3.12/site-packages/oslo_service/backend/_threading/loopingcall.py:125}}
Apr 02 13:07:36.069737 np0000162933 neutron-periodic-workers[104131]: DEBUG oslo.service.backend._threading.loopingcall [None req-6f1cfdc0-dbc5-45f1-80ac-aeefa9a1ca7d None None] Fixed interval looping call 'neutron.plugins.ml2.plugin.AgentDbMixin.agent_health_check' sleeping for 36.99 seconds {{(pid=104131) _run_loop /opt/stack/data/venv/lib/python3.12/site-packages/oslo_service/backend/_threading/loopingcall.py:125}}
Apr 02 13:07:46.067441 np0000162933 neutron-periodic-workers[104124]: DEBUG dbcounter [-] [104124] Writing DB stats neutron:SELECT=3 {{(pid=104124) stat_writer /opt/stack/data/venv/lib/python3.12/site-packages/dbcounter.py:115}}
Apr 02 13:07:46.068736 np0000162933 neutron-periodic-workers[104131]: DEBUG dbcounter [-] [104131] Writing DB stats neutron:SELECT=1 {{(pid=104131) stat_writer /opt/stack/data/venv/lib/python3.12/site-packages/dbcounter.py:115}}
Apr 02 13:07:58.145696 np0000162933 neutron-periodic-workers[104142]: DEBUG oslo.service.backend._threading.loopingcall [None req-45240edd-470a-449c-a39d-9eda89403c4a None None] Fixed interval looping call 'neutron.db.quota.driver_nolock.DbQuotaNoLockDriver._remove_expired_reservations' sleeping for 119.99 seconds {{(pid=104142) _run_loop /opt/stack/data/venv/lib/python3.12/site-packages/oslo_service/backend/_threading/loopingcall.py:125}}
Apr 02 13:08:08.106794 np0000162933 neutron-periodic-workers[104142]: DEBUG dbcounter [-] [104142] Writing DB stats neutron:DELETE=1 {{(pid=104142) stat_writer /opt/stack/data/venv/lib/python3.12/site-packages/dbcounter.py:115}}
Apr 02 13:08:13.066841 np0000162933 neutron-periodic-workers[104131]: DEBUG neutron.db.agents_db [None req-6f1cfdc0-dbc5-45f1-80ac-aeefa9a1ca7d None None] Agent healthcheck: found 0 active agents {{(pid=104131) agent_health_check /opt/stack/neutron/neutron/db/agents_db.py:317}}
Apr 02 13:08:13.067278 np0000162933 neutron-periodic-workers[104131]: DEBUG oslo.service.backend._threading.loopingcall [None req-6f1cfdc0-dbc5-45f1-80ac-aeefa9a1ca7d None None] Fixed interval looping call 'neutron.plugins.ml2.plugin.AgentDbMixin.agent_health_check' sleeping for 36.99 seconds {{(pid=104131) _run_loop /opt/stack/data/venv/lib/python3.12/site-packages/oslo_service/backend/_threading/loopingcall.py:125}}
Apr 02 13:08:13.068651 np0000162933 neutron-periodic-workers[104124]: DEBUG oslo.service.backend._threading.loopingcall [None req-eb993ab4-21d8-478e-84a4-eceb7cebe2e1 None None] Fixed interval looping call 'neutron.plugins.ml2.plugin.DhcpAgentSchedulerDbMixin.remove_networks_from_down_agents' sleeping for 36.99 seconds {{(pid=104124) _run_loop /opt/stack/data/venv/lib/python3.12/site-packages/oslo_service/backend/_threading/loopingcall.py:125}}
Apr 02 13:08:23.064243 np0000162933 neutron-periodic-workers[104131]: DEBUG dbcounter [-] [104131] Writing DB stats neutron:SELECT=1 {{(pid=104131) stat_writer /opt/stack/data/venv/lib/python3.12/site-packages/dbcounter.py:115}}
Apr 02 13:08:23.067227 np0000162933 neutron-periodic-workers[104124]: DEBUG dbcounter [-] [104124] Writing DB stats neutron:SELECT=3 {{(pid=104124) stat_writer /opt/stack/data/venv/lib/python3.12/site-packages/dbcounter.py:115}}
Apr 02 13:08:50.063634 np0000162933 neutron-periodic-workers[104131]: DEBUG neutron.db.agents_db [None req-6f1cfdc0-dbc5-45f1-80ac-aeefa9a1ca7d None None] Agent healthcheck: found 0 active agents {{(pid=104131) agent_health_check /opt/stack/neutron/neutron/db/agents_db.py:317}}
Apr 02 13:08:50.064622 np0000162933 neutron-periodic-workers[104131]: DEBUG oslo.service.backend._threading.loopingcall [None req-6f1cfdc0-dbc5-45f1-80ac-aeefa9a1ca7d None None] Fixed interval looping call 'neutron.plugins.ml2.plugin.AgentDbMixin.agent_health_check' sleeping for 36.99 seconds {{(pid=104131) _run_loop /opt/stack/data/venv/lib/python3.12/site-packages/oslo_service/backend/_threading/loopingcall.py:125}}
Apr 02 13:08:50.070597 np0000162933 neutron-periodic-workers[104124]: DEBUG oslo.service.backend._threading.loopingcall [None req-eb993ab4-21d8-478e-84a4-eceb7cebe2e1 None None] Fixed interval looping call 'neutron.plugins.ml2.plugin.DhcpAgentSchedulerDbMixin.remove_networks_from_down_agents' sleeping for 36.99 seconds {{(pid=104124) _run_loop /opt/stack/data/venv/lib/python3.12/site-packages/oslo_service/backend/_threading/loopingcall.py:125}}
Apr 02 13:09:00.062132 np0000162933 neutron-periodic-workers[104131]: DEBUG dbcounter [-] [104131] Writing DB stats neutron:SELECT=1 {{(pid=104131) stat_writer /opt/stack/data/venv/lib/python3.12/site-packages/dbcounter.py:115}}
Apr 02 13:09:00.069240 np0000162933 neutron-periodic-workers[104124]: DEBUG dbcounter [-] [104124] Writing DB stats neutron:SELECT=3 {{(pid=104124) stat_writer /opt/stack/data/venv/lib/python3.12/site-packages/dbcounter.py:115}}
Apr 02 13:09:14.055106 np0000162933 neutron-periodic-workers[104120]: DEBUG oslo.service.backend._threading.loopingcall [None req-c50ad3da-fb28-45fe-b5cd-dc9229c6d827 None None] Fixed interval looping call 'neutron.services.ovn_l3.plugin.L3_NAT_dbonly_mixin._clean_garbage' sleeping for 299.98 seconds {{(pid=104120) _run_loop /opt/stack/data/venv/lib/python3.12/site-packages/oslo_service/backend/_threading/loopingcall.py:125}}
Apr 02 13:09:24.043569 np0000162933 neutron-periodic-workers[104120]: DEBUG dbcounter [-] [104120] Writing DB stats neutron:SELECT=1 {{(pid=104120) stat_writer /opt/stack/data/venv/lib/python3.12/site-packages/dbcounter.py:115}}
Apr 02 13:09:27.059774 np0000162933 neutron-periodic-workers[104131]: DEBUG neutron.db.agents_db [None req-6f1cfdc0-dbc5-45f1-80ac-aeefa9a1ca7d None None] Agent healthcheck: found 0 active agents {{(pid=104131) agent_health_check /opt/stack/neutron/neutron/db/agents_db.py:317}}
Apr 02 13:09:27.060843 np0000162933 neutron-periodic-workers[104131]: DEBUG oslo.service.backend._threading.loopingcall [None req-6f1cfdc0-dbc5-45f1-80ac-aeefa9a1ca7d None None] Fixed interval looping call 'neutron.plugins.ml2.plugin.AgentDbMixin.agent_health_check' sleeping for 36.99 seconds {{(pid=104131) _run_loop /opt/stack/data/venv/lib/python3.12/site-packages/oslo_service/backend/_threading/loopingcall.py:125}}
Apr 02 13:09:27.072923 np0000162933 neutron-periodic-workers[104124]: DEBUG oslo.service.backend._threading.loopingcall [None req-eb993ab4-21d8-478e-84a4-eceb7cebe2e1 None None] Fixed interval looping call 'neutron.plugins.ml2.plugin.DhcpAgentSchedulerDbMixin.remove_networks_from_down_agents' sleeping for 36.99 seconds {{(pid=104124) _run_loop /opt/stack/data/venv/lib/python3.12/site-packages/oslo_service/backend/_threading/loopingcall.py:125}}
Apr 02 13:09:37.059019 np0000162933 neutron-periodic-workers[104131]: DEBUG dbcounter [-] [104131] Writing DB stats neutron:SELECT=1 {{(pid=104131) stat_writer /opt/stack/data/venv/lib/python3.12/site-packages/dbcounter.py:115}}
Apr 02 13:09:37.071613 np0000162933 neutron-periodic-workers[104124]: DEBUG dbcounter [-] [104124] Writing DB stats neutron:SELECT=3 {{(pid=104124) stat_writer /opt/stack/data/venv/lib/python3.12/site-packages/dbcounter.py:115}}
Apr 02 13:09:58.102762 np0000162933 neutron-periodic-workers[104142]: DEBUG oslo.service.backend._threading.loopingcall [None req-45240edd-470a-449c-a39d-9eda89403c4a None None] Fixed interval looping call 'neutron.db.quota.driver_nolock.DbQuotaNoLockDriver._remove_expired_reservations' sleeping for 120.00 seconds {{(pid=104142) _run_loop /opt/stack/data/venv/lib/python3.12/site-packages/oslo_service/backend/_threading/loopingcall.py:125}}
