Apr 02 12:59:57.601859 np0000162933 devstack@neutron-api.service[102254]: DEBUG ovsdbapp.backend.ovs_idl [None req-64705c25-97fd-4559-9915-d5c8d7d768bc None None] Created lookup_table index Load_Balancer.name {{(pid=102254) autocreate_indices /opt/stack/data/venv/lib/python3.12/site-packages/ovsdbapp/backend/ovs_idl/__init__.py:87}}
Apr 02 12:59:57.602006 np0000162933 devstack@neutron-api.service[102254]: DEBUG ovsdbapp.backend.ovs_idl [None req-64705c25-97fd-4559-9915-d5c8d7d768bc None None] Created schema index Copp.name {{(pid=102254) autocreate_indices /opt/stack/data/venv/lib/python3.12/site-packages/ovsdbapp/backend/ovs_idl/__init__.py:106}}
Apr 02 12:59:57.602129 np0000162933 devstack@neutron-api.service[102254]: DEBUG ovsdbapp.backend.ovs_idl [None req-64705c25-97fd-4559-9915-d5c8d7d768bc None None] Created schema index Meter.name {{(pid=102254) autocreate_indices /opt/stack/data/venv/lib/python3.12/site-packages/ovsdbapp/backend/ovs_idl/__init__.py:106}}
Apr 02 12:59:57.602256 np0000162933 devstack@neutron-api.service[102254]: DEBUG ovsdbapp.backend.ovs_idl [None req-64705c25-97fd-4559-9915-d5c8d7d768bc None None] Created schema index Load_Balancer_Group.name {{(pid=102254) autocreate_indices /opt/stack/data/venv/lib/python3.12/site-packages/ovsdbapp/backend/ovs_idl/__init__.py:106}}
Apr 02 12:59:57.602380 np0000162933 devstack@neutron-api.service[102254]: DEBUG ovsdbapp.backend.ovs_idl [None req-64705c25-97fd-4559-9915-d5c8d7d768bc None None] Created schema index HA_Chassis_Group.name {{(pid=102254) autocreate_indices /opt/stack/data/venv/lib/python3.12/site-packages/ovsdbapp/backend/ovs_idl/__init__.py:106}}
Apr 02 12:59:57.602534 np0000162933 devstack@neutron-api.service[102254]: DEBUG ovsdbapp.backend.ovs_idl [None req-64705c25-97fd-4559-9915-d5c8d7d768bc None None] Created schema index Address_Set.name {{(pid=102254) autocreate_indices /opt/stack/data/venv/lib/python3.12/site-packages/ovsdbapp/backend/ovs_idl/__init__.py:106}}
Apr 02 12:59:57.602715 np0000162933 devstack@neutron-api.service[102254]: DEBUG ovsdbapp.backend.ovs_idl [None req-64705c25-97fd-4559-9915-d5c8d7d768bc None None] Created schema index Connection.target {{(pid=102254) autocreate_indices /opt/stack/data/venv/lib/python3.12/site-packages/ovsdbapp/backend/ovs_idl/__init__.py:106}}
Apr 02 12:59:57.602851 np0000162933 devstack@neutron-api.service[102254]: DEBUG ovsdbapp.backend.ovs_idl [None req-64705c25-97fd-4559-9915-d5c8d7d768bc None None] Created schema index Gateway_Chassis.name {{(pid=102254) autocreate_indices /opt/stack/data/venv/lib/python3.12/site-packages/ovsdbapp/backend/ovs_idl/__init__.py:106}}
Apr 02 12:59:57.602975 np0000162933 devstack@neutron-api.service[102254]: DEBUG ovsdbapp.backend.ovs_idl [None req-64705c25-97fd-4559-9915-d5c8d7d768bc None None] Created schema index Mirror.name {{(pid=102254) autocreate_indices /opt/stack/data/venv/lib/python3.12/site-packages/ovsdbapp/backend/ovs_idl/__init__.py:106}}
Apr 02 12:59:57.603115 np0000162933 devstack@neutron-api.service[102254]: DEBUG ovsdbapp.backend.ovs_idl [None req-64705c25-97fd-4559-9915-d5c8d7d768bc None None] Created schema index Chassis_Template_Var.chassis {{(pid=102254) autocreate_indices /opt/stack/data/venv/lib/python3.12/site-packages/ovsdbapp/backend/ovs_idl/__init__.py:106}}
Apr 02 12:59:57.603245 np0000162933 devstack@neutron-api.service[102254]: DEBUG ovsdbapp.backend.ovs_idl [None req-64705c25-97fd-4559-9915-d5c8d7d768bc None None] Created schema index Logical_Router_Port.name {{(pid=102254) autocreate_indices /opt/stack/data/venv/lib/python3.12/site-packages/ovsdbapp/backend/ovs_idl/__init__.py:106}}
Apr 02 12:59:57.603371 np0000162933 devstack@neutron-api.service[102254]: DEBUG ovsdbapp.backend.ovs_idl [None req-64705c25-97fd-4559-9915-d5c8d7d768bc None None] Created schema index Port_Group.name {{(pid=102254) autocreate_indices /opt/stack/data/venv/lib/python3.12/site-packages/ovsdbapp/backend/ovs_idl/__init__.py:106}}
Apr 02 12:59:57.603525 np0000162933 devstack@neutron-api.service[102254]: DEBUG ovsdbapp.backend.ovs_idl [None req-64705c25-97fd-4559-9915-d5c8d7d768bc None None] Created schema index Logical_Switch_Port.name {{(pid=102254) autocreate_indices /opt/stack/data/venv/lib/python3.12/site-packages/ovsdbapp/backend/ovs_idl/__init__.py:106}}
Apr 02 12:59:57.604326 np0000162933 devstack@neutron-api.service[102256]: DEBUG neutron_lib.callbacks.manager [None req-3eb40dd5-8b29-4c5f-aa5b-cf24767a7d38 None None] Publish callbacks ['neutron.plugins.ml2.drivers.ovn.mech_driver.mech_driver.OVNMechanismDriver.pre_fork_initialize-103472'] for process (None), before_spawn {{(pid=102256) _notify_loop /opt/stack/data/venv/lib/python3.12/site-packages/neutron_lib/callbacks/manager.py:184}}
Apr 02 12:59:57.604761 np0000162933 devstack@neutron-api.service[102256]: DEBUG oslo_concurrency.processutils [None req-3eb40dd5-8b29-4c5f-aa5b-cf24767a7d38 None None] Running cmd (subprocess): ovsdb-client transact ssl:199.204.45.244:6641 --timeout 180 -p /opt/stack/data/CA/int-ca/private/devstack-cert.key -c /opt/stack/data/CA/int-ca/devstack-cert.crt -C /opt/stack/data/CA/int-ca/ca-chain.pem ["OVN_Northbound", {"op": "wait", "timeout": 0, "table": "Port_Group", "where": [["name", "==", "neutron_pg_drop"]], "until": "==", "rows": []}, {"op": "insert", "table": "ACL", "row": {"action": "drop", "direction": "to-lport", "match": "outport == @neutron_pg_drop && ip", "priority": 1001}, "uuid-name": "droptoport"}, {"op": "insert", "table": "ACL", "row": {"action": "drop", "direction": "from-lport", "match": "inport == @neutron_pg_drop && ip", "priority": 1001}, "uuid-name": "dropfromport"}, {"op": "insert", "table": "Port_Group", "row": {"name": "neutron_pg_drop", "acls": ["set", [["named-uuid", "droptoport"], ["named-uuid", "dropfromport"]]]}}] {{(pid=102256) execute /opt/stack/data/venv/lib/python3.12/site-packages/oslo_concurrency/processutils.py:440}}
Apr 02 12:59:57.608178 np0000162933 devstack@neutron-api.service[102254]: INFO ovsdbapp.backend.ovs_idl.vlog [None req-64705c25-97fd-4559-9915-d5c8d7d768bc None None] ssl:199.204.45.244:6641: connecting...
Apr 02 12:59:57.614217 np0000162933 devstack@neutron-api.service[102254]: INFO ovsdbapp.backend.ovs_idl.vlog [None req-64705c25-97fd-4559-9915-d5c8d7d768bc None None] ssl:199.204.45.244:6641: connected
Apr 02 12:59:57.642455 np0000162933 devstack@neutron-api.service[102256]: DEBUG oslo_concurrency.processutils [None req-3eb40dd5-8b29-4c5f-aa5b-cf24767a7d38 None None] CMD "ovsdb-client transact ssl:199.204.45.244:6641 --timeout 180 -p /opt/stack/data/CA/int-ca/private/devstack-cert.key -c /opt/stack/data/CA/int-ca/devstack-cert.crt -C /opt/stack/data/CA/int-ca/ca-chain.pem ["OVN_Northbound", {"op": "wait", "timeout": 0, "table": "Port_Group", "where": [["name", "==", "neutron_pg_drop"]], "until": "==", "rows": []}, {"op": "insert", "table": "ACL", "row": {"action": "drop", "direction": "to-lport", "match": "outport == @neutron_pg_drop && ip", "priority": 1001}, "uuid-name": "droptoport"}, {"op": "insert", "table": "ACL", "row": {"action": "drop", "direction": "from-lport", "match": "inport == @neutron_pg_drop && ip", "priority": 1001}, "uuid-name": "dropfromport"}, {"op": "insert", "table": "Port_Group", "row": {"name": "neutron_pg_drop", "acls": ["set", [["named-uuid", "droptoport"], ["named-uuid", "dropfromport"]]]}}]" returned: 0 in 0.037s {{(pid=102256) execute /opt/stack/data/venv/lib/python3.12/site-packages/oslo_concurrency/processutils.py:468}}
Apr 02 12:59:57.642856 np0000162933 devstack@neutron-api.service[102256]: DEBUG neutron_lib.callbacks.manager [None req-3eb40dd5-8b29-4c5f-aa5b-cf24767a7d38 None None] Publish callbacks ['neutron.plugins.ml2.drivers.ovn.mech_driver.mech_driver.OVNMechanismDriver.post_fork_initialize-103448', 'neutron.services.ovn_l3.plugin.OVNL3RouterPlugin._post_fork_initialize-107978'] for process (None), after_init {{(pid=102256) _notify_loop /opt/stack/data/venv/lib/python3.12/site-packages/neutron_lib/callbacks/manager.py:184}}
Apr 02 12:59:57.643205 np0000162933 devstack@neutron-api.service[102256]: DEBUG oslo_concurrency.lockutils [None req-3eb40dd5-8b29-4c5f-aa5b-cf24767a7d38 None None] Acquiring lock "singleton_lock" {{(pid=102256) lock /opt/stack/data/venv/lib/python3.12/site-packages/oslo_concurrency/lockutils.py:390}}
Apr 02 12:59:57.643299 np0000162933 devstack@neutron-api.service[102256]: DEBUG oslo_concurrency.lockutils [None req-3eb40dd5-8b29-4c5f-aa5b-cf24767a7d38 None None] Acquired lock "singleton_lock" {{(pid=102256) lock /opt/stack/data/venv/lib/python3.12/site-packages/oslo_concurrency/lockutils.py:393}}
Apr 02 12:59:57.643550 np0000162933 devstack@neutron-api.service[102256]: DEBUG oslo_concurrency.lockutils [None req-3eb40dd5-8b29-4c5f-aa5b-cf24767a7d38 None None] Releasing lock "singleton_lock" {{(pid=102256) lock /opt/stack/data/venv/lib/python3.12/site-packages/oslo_concurrency/lockutils.py:413}}
Apr 02 12:59:57.645321 np0000162933 devstack@neutron-api.service[102256]: DEBUG neutron.plugins.ml2.drivers.ovn.mech_driver.mech_driver [None req-3eb40dd5-8b29-4c5f-aa5b-cf24767a7d38 None None] Hash Ring setup using WSGI start time 2026-04-02 12:59:47+00:00 {{(pid=102256) _init_hash_ring /opt/stack/neutron/neutron/plugins/ml2/drivers/ovn/mech_driver/mech_driver.py:402}}
Apr 02 12:59:57.651236 np0000162933 devstack@neutron-api.service[102256]: INFO neutron.db.ovn_hash_ring_db [None req-3eb40dd5-8b29-4c5f-aa5b-cf24767a7d38 None None] Nodes from host "np0000162933" and group "mechanism_driver" removed from the Hash Ring created at 2026-04-02 12:59:47+00:00
Apr 02 12:59:57.653362 np0000162933 devstack@neutron-api.service[102254]: DEBUG neutron.common.ovn.hash_ring_manager [None req-64705c25-97fd-4559-9915-d5c8d7d768bc None None] Disallow caching, nodes 2<4 {{(pid=102254) _wait_startup_before_caching /opt/stack/neutron/neutron/common/ovn/hash_ring_manager.py:72}}
Apr 02 12:59:57.655538 np0000162933 devstack@neutron-api.service[102255]: INFO neutron.quota.resource_registry [None req-ed620516-144d-4eb1-a160-51fd0b98b73a None None] Creating instance of TrackedResource for resource:security_group
Apr 02 12:59:57.655997 np0000162933 devstack@neutron-api.service[102255]: INFO neutron.quota.resource_registry [None req-ed620516-144d-4eb1-a160-51fd0b98b73a None None] Creating instance of TrackedResource for resource:security_group_rule
Apr 02 12:59:57.656816 np0000162933 devstack@neutron-api.service[102256]: INFO neutron.db.ovn_hash_ring_db [None req-3eb40dd5-8b29-4c5f-aa5b-cf24767a7d38 None None] Node 9397588016815124bc2274bc75883678 from host "np0000162933" and group "mechanism_driver" added to the Hash Ring
Apr 02 12:59:57.656930 np0000162933 devstack@neutron-api.service[102255]: DEBUG neutron.api.v2.resource_helper [None req-ed620516-144d-4eb1-a160-51fd0b98b73a None None] Service CORE assigned prefix: {{(pid=102255) build_resource_info /opt/stack/neutron/neutron/api/v2/resource_helper.py:77}}
Apr 02 12:59:57.656930 np0000162933 devstack@neutron-api.service[102255]: INFO neutron.quota.resource_registry [None req-ed620516-144d-4eb1-a160-51fd0b98b73a None None] Creating instance of TrackedResource for resource:subnetpool
Apr 02 12:59:57.656930 np0000162933 devstack@neutron-api.service[102255]: WARNING neutron.quota.resource_registry [None req-ed620516-144d-4eb1-a160-51fd0b98b73a None None] subnetpool is already registered
Apr 02 12:59:57.659687 np0000162933 devstack@neutron-api.service[102255]: DEBUG neutron.api.v2.resource_helper [None req-ed620516-144d-4eb1-a160-51fd0b98b73a None None] Service L3_ROUTER_NAT assigned prefix: {{(pid=102255) build_resource_info /opt/stack/neutron/neutron/api/v2/resource_helper.py:77}}
Apr 02 12:59:57.660067 np0000162933 devstack@neutron-api.service[102255]: DEBUG neutron.api.v2.resource_helper [None req-ed620516-144d-4eb1-a160-51fd0b98b73a None None] Service FLAVORS assigned prefix: {{(pid=102255) build_resource_info /opt/stack/neutron/neutron/api/v2/resource_helper.py:77}}
Apr 02 12:59:57.660664 np0000162933 devstack@neutron-api.service[102254]: DEBUG neutron.common.ovn.hash_ring_manager [None req-64705c25-97fd-4559-9915-d5c8d7d768bc None None] Hash Ring loaded. 2 active nodes. 0 offline nodes {{(pid=102254) _load_hash_ring /opt/stack/neutron/neutron/common/ovn/hash_ring_manager.py:102}}
Apr 02 12:59:57.660925 np0000162933 devstack@neutron-api.service[102256]: DEBUG neutron.plugins.ml2.drivers.ovn.mech_driver.mech_driver [None req-3eb40dd5-8b29-4c5f-aa5b-cf24767a7d38 None None] Hash Ring setup, this worker has detected 3 OVN hash ring registers in the database {{(pid=102256) _init_hash_ring /opt/stack/neutron/neutron/plugins/ml2/drivers/ovn/mech_driver/mech_driver.py:412}}
Apr 02 12:59:57.660992 np0000162933 devstack@neutron-api.service[102255]: DEBUG neutron.api.v2.resource_helper [None req-ed620516-144d-4eb1-a160-51fd0b98b73a None None] Service L3_ROUTER_NAT assigned prefix: {{(pid=102255) build_resource_info /opt/stack/neutron/neutron/api/v2/resource_helper.py:77}}
Apr 02 12:59:57.661348 np0000162933 devstack@neutron-api.service[102255]: DEBUG neutron.api.v2.resource_helper [None req-ed620516-144d-4eb1-a160-51fd0b98b73a None None] Service L3_ROUTER_NAT assigned prefix: {{(pid=102255) build_resource_info /opt/stack/neutron/neutron/api/v2/resource_helper.py:77}}
Apr 02 12:59:57.661499 np0000162933 devstack@neutron-api.service[102255]: INFO neutron.quota.resource_registry [None req-ed620516-144d-4eb1-a160-51fd0b98b73a None None] Creating instance of TrackedResource for resource:router
Apr 02 12:59:57.661655 np0000162933 devstack@neutron-api.service[102255]: WARNING neutron.quota.resource_registry [None req-ed620516-144d-4eb1-a160-51fd0b98b73a None None] router is already registered
Apr 02 12:59:57.662204 np0000162933 devstack@neutron-api.service[102255]: INFO neutron.quota.resource_registry [None req-ed620516-144d-4eb1-a160-51fd0b98b73a None None] Creating instance of TrackedResource for resource:floatingip
Apr 02 12:59:57.662339 np0000162933 devstack@neutron-api.service[102255]: WARNING neutron.quota.resource_registry [None req-ed620516-144d-4eb1-a160-51fd0b98b73a None None] floatingip is already registered
Apr 02 12:59:57.663385 np0000162933 devstack@neutron-api.service[102255]: INFO neutron.quota.resource_registry [None req-ed620516-144d-4eb1-a160-51fd0b98b73a None None] Creating instance of CountableResource for resource:rbac_policy
Apr 02 12:59:57.663497 np0000162933 devstack@neutron-api.service[102255]: WARNING neutron.quota.resource_registry [None req-ed620516-144d-4eb1-a160-51fd0b98b73a None None] rbac_policy is already registered
Apr 02 12:59:57.664036 np0000162933 devstack@neutron-api.service[102255]: INFO neutron.quota.resource_registry [None req-ed620516-144d-4eb1-a160-51fd0b98b73a None None] Creating instance of TrackedResource for resource:security_group
Apr 02 12:59:57.664179 np0000162933 devstack@neutron-api.service[102255]: WARNING neutron.quota.resource_registry [None req-ed620516-144d-4eb1-a160-51fd0b98b73a None None] security_group is already registered
Apr 02 12:59:57.664568 np0000162933 devstack@neutron-api.service[102255]: INFO neutron.quota.resource_registry [None req-ed620516-144d-4eb1-a160-51fd0b98b73a None None] Creating instance of TrackedResource for resource:security_group_rule
Apr 02 12:59:57.664696 np0000162933 devstack@neutron-api.service[102255]: WARNING neutron.quota.resource_registry [None req-ed620516-144d-4eb1-a160-51fd0b98b73a None None] security_group_rule is already registered
Apr 02 12:59:57.665236 np0000162933 devstack@neutron-api.service[102255]: DEBUG neutron.api.v2.resource_helper [None req-ed620516-144d-4eb1-a160-51fd0b98b73a None None] Service CORE assigned prefix: {{(pid=102255) build_resource_info /opt/stack/neutron/neutron/api/v2/resource_helper.py:77}}
Apr 02 12:59:57.665385 np0000162933 devstack@neutron-api.service[102255]: INFO neutron.quota.resource_registry [None req-ed620516-144d-4eb1-a160-51fd0b98b73a None None] Creating instance of TrackedResource for resource:subnetpool
Apr 02 12:59:57.665535 np0000162933 devstack@neutron-api.service[102255]: WARNING neutron.quota.resource_registry [None req-ed620516-144d-4eb1-a160-51fd0b98b73a None None] subnetpool is already registered
Apr 02 12:59:57.665950 np0000162933 devstack@neutron-api.service[102255]: DEBUG neutron.api.extensions [None req-ed620516-144d-4eb1-a160-51fd0b98b73a None None] Extended resource: extensions {{(pid=102255) __init__ /opt/stack/neutron/neutron/api/extensions.py:156}}
Apr 02 12:59:57.666955 np0000162933 devstack@neutron-api.service[102255]: DEBUG neutron.api.extensions [None req-ed620516-144d-4eb1-a160-51fd0b98b73a None None] Extended resource: address-groups {{(pid=102255) __init__ /opt/stack/neutron/neutron/api/extensions.py:156}}
Apr 02 12:59:57.667677 np0000162933 devstack@neutron-api.service[102255]: DEBUG neutron.api.extensions [None req-ed620516-144d-4eb1-a160-51fd0b98b73a None None] Extended resource: address-scopes {{(pid=102255) __init__ /opt/stack/neutron/neutron/api/extensions.py:156}}
Apr 02 12:59:57.667781 np0000162933 devstack@neutron-api.service[102254]: DEBUG neutron.common.ovn.hash_ring_manager [None req-64705c25-97fd-4559-9915-d5c8d7d768bc None None] Hash Ring loaded. 2 active nodes. 0 offline nodes {{(pid=102254) _load_hash_ring /opt/stack/neutron/neutron/common/ovn/hash_ring_manager.py:102}}
Apr 02 12:59:57.667978 np0000162933 devstack@neutron-api.service[102254]: DEBUG neutron.plugins.ml2.drivers.ovn.mech_driver.ovsdb.ovsdb_monitor [None req-64705c25-97fd-4559-9915-d5c8d7d768bc None None] Hash Ring: Node 2a24d4043e845f74a1b9af5ad75704dd (host: np0000162933) handling event "create" for row b1d0ba56-f6bd-470b-a7e4-4cfdf63fc4b8 (table: ACL) {{(pid=102254) notify /opt/stack/neutron/neutron/plugins/ml2/drivers/ovn/mech_driver/ovsdb/ovsdb_monitor.py:912}}
Apr 02 12:59:57.668193 np0000162933 devstack@neutron-api.service[102255]: DEBUG neutron.api.extensions [None req-ed620516-144d-4eb1-a160-51fd0b98b73a None None] Extended resource: agents {{(pid=102255) __init__ /opt/stack/neutron/neutron/api/extensions.py:156}}
Apr 02 12:59:57.668757 np0000162933 devstack@neutron-api.service[102255]: DEBUG neutron.api.extensions [None req-ed620516-144d-4eb1-a160-51fd0b98b73a None None] Extended resource: auto-allocated-topology {{(pid=102255) __init__ /opt/stack/neutron/neutron/api/extensions.py:156}}
Apr 02 12:59:57.669317 np0000162933 devstack@neutron-api.service[102255]: DEBUG neutron.api.extensions [None req-ed620516-144d-4eb1-a160-51fd0b98b73a None None] Extended resource: availability_zones {{(pid=102255) __init__ /opt/stack/neutron/neutron/api/extensions.py:156}}
Apr 02 12:59:57.669874 np0000162933 devstack@neutron-api.service[102255]: DEBUG neutron.api.extensions [None req-ed620516-144d-4eb1-a160-51fd0b98b73a None None] Extended resource: dhcp-networks {{(pid=102255) __init__ /opt/stack/neutron/neutron/api/extensions.py:156}}
Apr 02 12:59:57.670551 np0000162933 devstack@neutron-api.service[102255]: DEBUG neutron.api.extensions [None req-ed620516-144d-4eb1-a160-51fd0b98b73a None None] Extended resource: dhcp-agents {{(pid=102255) __init__ /opt/stack/neutron/neutron/api/extensions.py:156}}
Apr 02 12:59:57.671035 np0000162933 devstack@neutron-api.service[102256]: DEBUG neutron.plugins.ml2.drivers.ovn.mech_driver.ovsdb.maintenance [None req-3eb40dd5-8b29-4c5f-aa5b-cf24767a7d38 None None] Periodic task found: HashRingHealthCheckPeriodics.touch_hash_ring_node {{(pid=102256) add_periodics /opt/stack/neutron/neutron/plugins/ml2/drivers/ovn/mech_driver/ovsdb/maintenance.py:96}}
Apr 02 12:59:57.671228 np0000162933 devstack@neutron-api.service[102255]: DEBUG neutron.api.extensions [None req-ed620516-144d-4eb1-a160-51fd0b98b73a None None] Extended resource: routers {{(pid=102255) __init__ /opt/stack/neutron/neutron/api/extensions.py:156}}
Apr 02 12:59:57.672286 np0000162933 devstack@neutron-api.service[102255]: DEBUG neutron.api.extensions [None req-ed620516-144d-4eb1-a160-51fd0b98b73a None None] Extended resource: flavors {{(pid=102255) __init__ /opt/stack/neutron/neutron/api/extensions.py:156}}
Apr 02 12:59:57.672598 np0000162933 devstack@neutron-api.service[102256]: INFO neutron.plugins.ml2.drivers.ovn.mech_driver.mech_driver [None req-3eb40dd5-8b29-4c5f-aa5b-cf24767a7d38 None None] Hash Ring probing thread for node 9397588016815124bc2274bc75883678 has started
Apr 02 12:59:57.672859 np0000162933 devstack@neutron-api.service[102255]: DEBUG neutron.api.extensions [None req-ed620516-144d-4eb1-a160-51fd0b98b73a None None] Extended resource: service_profiles {{(pid=102255) __init__ /opt/stack/neutron/neutron/api/extensions.py:156}}
Apr 02 12:59:57.673719 np0000162933 devstack@neutron-api.service[102255]: DEBUG neutron.api.extensions [None req-ed620516-144d-4eb1-a160-51fd0b98b73a None None] Extended resource: next_providers {{(pid=102255) __init__ /opt/stack/neutron/neutron/api/extensions.py:156}}
Apr 02 12:59:57.673821 np0000162933 devstack@neutron-api.service[102256]: INFO neutron.plugins.ml2.drivers.ovn.mech_driver.ovsdb.impl_idl_ovn [None req-3eb40dd5-8b29-4c5f-aa5b-cf24767a7d38 None None] Getting OvsdbNbOvnIdl for WorkerService with retry
Apr 02 12:59:57.674183 np0000162933 devstack@neutron-api.service[102255]: DEBUG neutron.api.extensions [None req-ed620516-144d-4eb1-a160-51fd0b98b73a None None] Extended resource: service_profiles {{(pid=102255) __init__ /opt/stack/neutron/neutron/api/extensions.py:156}}
Apr 02 12:59:57.674867 np0000162933 devstack@neutron-api.service[102254]: DEBUG neutron.common.ovn.hash_ring_manager [None req-64705c25-97fd-4559-9915-d5c8d7d768bc None None] Hash Ring loaded. 3 active nodes. 0 offline nodes {{(pid=102254) _load_hash_ring /opt/stack/neutron/neutron/common/ovn/hash_ring_manager.py:102}}
Apr 02 12:59:57.674932 np0000162933 devstack@neutron-api.service[102255]: DEBUG neutron.api.extensions [None req-ed620516-144d-4eb1-a160-51fd0b98b73a None None] Extended resource: floatingip-pools {{(pid=102255) __init__ /opt/stack/neutron/neutron/api/extensions.py:156}}
Apr 02 12:59:57.675062 np0000162933 devstack@neutron-api.service[102254]: DEBUG neutron.plugins.ml2.drivers.ovn.mech_driver.ovsdb.ovsdb_monitor [None req-64705c25-97fd-4559-9915-d5c8d7d768bc None None] Hash Ring: Node 2a24d4043e845f74a1b9af5ad75704dd (host: np0000162933) handling event "create" for row cdcb7e40-d759-4b9c-9ea0-390f373bacb0 (table: Connection) {{(pid=102254) notify /opt/stack/neutron/neutron/plugins/ml2/drivers/ovn/mech_driver/ovsdb/ovsdb_monitor.py:912}}
Apr 02 12:59:57.675501 np0000162933 devstack@neutron-api.service[102255]: DEBUG neutron.api.extensions [None req-ed620516-144d-4eb1-a160-51fd0b98b73a None None] Extended resource: routers {{(pid=102255) __init__ /opt/stack/neutron/neutron/api/extensions.py:156}}
Apr 02 12:59:57.676487 np0000162933 devstack@neutron-api.service[102255]: DEBUG neutron.api.extensions [None req-ed620516-144d-4eb1-a160-51fd0b98b73a None None] Extended resource: floatingips {{(pid=102255) __init__ /opt/stack/neutron/neutron/api/extensions.py:156}}
Apr 02 12:59:57.677035 np0000162933 devstack@neutron-api.service[102255]: DEBUG neutron.api.extensions [None req-ed620516-144d-4eb1-a160-51fd0b98b73a None None] Extended resource: network-ip-availabilities {{(pid=102255) __init__ /opt/stack/neutron/neutron/api/extensions.py:156}}
Apr 02 12:59:57.677602 np0000162933 devstack@neutron-api.service[102255]: DEBUG neutron.api.extensions [None req-ed620516-144d-4eb1-a160-51fd0b98b73a None None] Extended resource: network-ip-availabilities {{(pid=102255) __init__ /opt/stack/neutron/neutron/api/extensions.py:156}}
Apr 02 12:59:57.677725 np0000162933 devstack@neutron-api.service[102254]: DEBUG neutron.common.ovn.hash_ring_manager [None req-64705c25-97fd-4559-9915-d5c8d7d768bc None None] Disallow caching, nodes 3<4 {{(pid=102254) _wait_startup_before_caching /opt/stack/neutron/neutron/common/ovn/hash_ring_manager.py:72}}
Apr 02 12:59:57.678179 np0000162933 devstack@neutron-api.service[102255]: DEBUG neutron.api.extensions [None req-ed620516-144d-4eb1-a160-51fd0b98b73a None None] Extended resource: bindings {{(pid=102255) __init__ /opt/stack/neutron/neutron/api/extensions.py:156}}
Apr 02 12:59:57.679093 np0000162933 devstack@neutron-api.service[102255]: DEBUG neutron.api.extensions [None req-ed620516-144d-4eb1-a160-51fd0b98b73a None None] Extended resource: quotas {{(pid=102255) __init__ /opt/stack/neutron/neutron/api/extensions.py:156}}
Apr 02 12:59:57.680133 np0000162933 devstack@neutron-api.service[102255]: DEBUG neutron.api.extensions [None req-ed620516-144d-4eb1-a160-51fd0b98b73a None None] Extended resource: quotas {{(pid=102255) __init__ /opt/stack/neutron/neutron/api/extensions.py:156}}
Apr 02 12:59:57.681074 np0000162933 devstack@neutron-api.service[102255]: DEBUG neutron.api.extensions [None req-ed620516-144d-4eb1-a160-51fd0b98b73a None None] Extended resource: rbac-policies {{(pid=102255) __init__ /opt/stack/neutron/neutron/api/extensions.py:156}}
Apr 02 12:59:57.681140 np0000162933 devstack@neutron-api.service[102254]: DEBUG neutron.common.ovn.hash_ring_manager [None req-64705c25-97fd-4559-9915-d5c8d7d768bc None None] Hash Ring loaded. 3 active nodes. 0 offline nodes {{(pid=102254) _load_hash_ring /opt/stack/neutron/neutron/common/ovn/hash_ring_manager.py:102}}
Apr 02 12:59:57.681899 np0000162933 devstack@neutron-api.service[102255]: DEBUG neutron.api.extensions [None req-ed620516-144d-4eb1-a160-51fd0b98b73a None None] Extended resource: default-security-group-rules {{(pid=102255) __init__ /opt/stack/neutron/neutron/api/extensions.py:156}}
Apr 02 12:59:57.682650 np0000162933 devstack@neutron-api.service[102255]: DEBUG neutron.api.extensions [None req-ed620516-144d-4eb1-a160-51fd0b98b73a None None] Extended resource: security-groups {{(pid=102255) __init__ /opt/stack/neutron/neutron/api/extensions.py:156}}
Apr 02 12:59:57.683159 np0000162933 devstack@neutron-api.service[102255]: DEBUG neutron.api.extensions [None req-ed620516-144d-4eb1-a160-51fd0b98b73a None None] Extended resource: security-group-rules {{(pid=102255) __init__ /opt/stack/neutron/neutron/api/extensions.py:156}}
Apr 02 12:59:57.683709 np0000162933 devstack@neutron-api.service[102255]: DEBUG neutron.api.extensions [None req-ed620516-144d-4eb1-a160-51fd0b98b73a None None] Extended resource: service-providers {{(pid=102255) __init__ /opt/stack/neutron/neutron/api/extensions.py:156}}
Apr 02 12:59:57.684246 np0000162933 devstack@neutron-api.service[102255]: DEBUG neutron.api.extensions [None req-ed620516-144d-4eb1-a160-51fd0b98b73a None None] Extended resource: subnetpools {{(pid=102255) __init__ /opt/stack/neutron/neutron/api/extensions.py:156}}
Apr 02 12:59:57.684974 np0000162933 devstack@neutron-api.service[102255]: DEBUG neutron.api.extensions [None req-ed620516-144d-4eb1-a160-51fd0b98b73a None None] Extended resource: tags {{(pid=102255) __init__ /opt/stack/neutron/neutron/api/extensions.py:156}}
Apr 02 12:59:57.685676 np0000162933 devstack@neutron-api.service[102255]: DEBUG neutron.api.extensions [None req-ed620516-144d-4eb1-a160-51fd0b98b73a None None] Extended resource: tags {{(pid=102255) __init__ /opt/stack/neutron/neutron/api/extensions.py:156}}
Apr 02 12:59:57.685970 np0000162933 devstack@neutron-api.service[102254]: DEBUG neutron.common.ovn.hash_ring_manager [None req-64705c25-97fd-4559-9915-d5c8d7d768bc None None] Hash Ring loaded. 3 active nodes. 0 offline nodes {{(pid=102254) _load_hash_ring /opt/stack/neutron/neutron/common/ovn/hash_ring_manager.py:102}}
Apr 02 12:59:57.687049 np0000162933 devstack@neutron-api.service[102255]: DEBUG neutron.api.extensions [None req-ed620516-144d-4eb1-a160-51fd0b98b73a None None] Extended resource: tags {{(pid=102255) __init__ /opt/stack/neutron/neutron/api/extensions.py:156}}
Apr 02 12:59:57.687844 np0000162933 devstack@neutron-api.service[102255]: DEBUG neutron.api.extensions [None req-ed620516-144d-4eb1-a160-51fd0b98b73a None None] Extended resource: tags {{(pid=102255) __init__ /opt/stack/neutron/neutron/api/extensions.py:156}}
Apr 02 12:59:57.690543 np0000162933 devstack@neutron-api.service[102255]: DEBUG neutron.api.extensions [None req-ed620516-144d-4eb1-a160-51fd0b98b73a None None] Extended resource: tags {{(pid=102255) __init__ /opt/stack/neutron/neutron/api/extensions.py:156}}
Apr 02 12:59:57.691680 np0000162933 devstack@neutron-api.service[102254]: DEBUG neutron.common.ovn.hash_ring_manager [None req-64705c25-97fd-4559-9915-d5c8d7d768bc None None] Hash Ring loaded. 3 active nodes. 0 offline nodes {{(pid=102254) _load_hash_ring /opt/stack/neutron/neutron/common/ovn/hash_ring_manager.py:102}}
Apr 02 12:59:57.692772 np0000162933 devstack@neutron-api.service[102254]: INFO neutron.plugins.ml2.drivers.ovn.mech_driver.ovsdb.impl_idl_ovn [None req-64705c25-97fd-4559-9915-d5c8d7d768bc None None] Getting OvsdbSbOvnIdl for WorkerService with retry
Apr 02 12:59:57.694258 np0000162933 devstack@neutron-api.service[102255]: DEBUG neutron.api.extensions [None req-ed620516-144d-4eb1-a160-51fd0b98b73a None None] Extended resource: tags {{(pid=102255) __init__ /opt/stack/neutron/neutron/api/extensions.py:156}}
Apr 02 12:59:57.695738 np0000162933 devstack@neutron-api.service[102255]: DEBUG neutron.api.extensions [None req-ed620516-144d-4eb1-a160-51fd0b98b73a None None] Extended resource: tags {{(pid=102255) __init__ /opt/stack/neutron/neutron/api/extensions.py:156}}
Apr 02 12:59:57.697200 np0000162933 devstack@neutron-api.service[102255]: DEBUG neutron.api.extensions [None req-ed620516-144d-4eb1-a160-51fd0b98b73a None None] Extended resource: tags {{(pid=102255) __init__ /opt/stack/neutron/neutron/api/extensions.py:156}}
Apr 02 12:59:57.698594 np0000162933 devstack@neutron-api.service[102255]: DEBUG neutron.api.extensions [None req-ed620516-144d-4eb1-a160-51fd0b98b73a None None] Extended resource: tags {{(pid=102255) __init__ /opt/stack/neutron/neutron/api/extensions.py:156}}
Apr 02 12:59:57.699905 np0000162933 devstack@neutron-api.service[102255]: DEBUG neutron.api.extensions [None req-ed620516-144d-4eb1-a160-51fd0b98b73a None None] Extended resource: tags {{(pid=102255) __init__ /opt/stack/neutron/neutron/api/extensions.py:156}}
Apr 02 12:59:57.705364 np0000162933 devstack@neutron-api.service[102255]: WARNING keystonemiddleware.auth_token [None req-ed620516-144d-4eb1-a160-51fd0b98b73a None None] AuthToken middleware is set with keystone_authtoken.service_token_roles_required set to False. This is backwards compatible but deprecated behaviour. Please set this to True.
Apr 02 12:59:57.713532 np0000162933 devstack@neutron-api.service[102255]: DEBUG neutron_lib.callbacks.manager [None req-ed620516-144d-4eb1-a160-51fd0b98b73a None None] Publish callbacks ['neutron.plugins.ml2.drivers.ovn.mech_driver.mech_driver.OVNMechanismDriver.pre_fork_initialize-103472'] for process (None), before_spawn {{(pid=102255) _notify_loop /opt/stack/data/venv/lib/python3.12/site-packages/neutron_lib/callbacks/manager.py:184}}
Apr 02 12:59:57.714071 np0000162933 devstack@neutron-api.service[102255]: DEBUG oslo_concurrency.processutils [None req-ed620516-144d-4eb1-a160-51fd0b98b73a None None] Running cmd (subprocess): ovsdb-client transact ssl:199.204.45.244:6641 --timeout 180 -p /opt/stack/data/CA/int-ca/private/devstack-cert.key -c /opt/stack/data/CA/int-ca/devstack-cert.crt -C /opt/stack/data/CA/int-ca/ca-chain.pem ["OVN_Northbound", {"op": "wait", "timeout": 0, "table": "Port_Group", "where": [["name", "==", "neutron_pg_drop"]], "until": "==", "rows": []}, {"op": "insert", "table": "ACL", "row": {"action": "drop", "direction": "to-lport", "match": "outport == @neutron_pg_drop && ip", "priority": 1001}, "uuid-name": "droptoport"}, {"op": "insert", "table": "ACL", "row": {"action": "drop", "direction": "from-lport", "match": "inport == @neutron_pg_drop && ip", "priority": 1001}, "uuid-name": "dropfromport"}, {"op": "insert", "table": "Port_Group", "row": {"name": "neutron_pg_drop", "acls": ["set", [["named-uuid", "droptoport"], ["named-uuid", "dropfromport"]]]}}] {{(pid=102255) execute /opt/stack/data/venv/lib/python3.12/site-packages/oslo_concurrency/processutils.py:440}}
Apr 02 12:59:57.724875 np0000162933 devstack@neutron-api.service[102254]: DEBUG ovsdbapp.backend.ovs_idl [None req-64705c25-97fd-4559-9915-d5c8d7d768bc None None] Created lookup_table index Chassis.name {{(pid=102254) autocreate_indices /opt/stack/data/venv/lib/python3.12/site-packages/ovsdbapp/backend/ovs_idl/__init__.py:87}}
Apr 02 12:59:57.724990 np0000162933 devstack@neutron-api.service[102254]: DEBUG ovsdbapp.backend.ovs_idl [None req-64705c25-97fd-4559-9915-d5c8d7d768bc None None] Created lookup_table index Port_Binding.logical_port {{(pid=102254) autocreate_indices /opt/stack/data/venv/lib/python3.12/site-packages/ovsdbapp/backend/ovs_idl/__init__.py:87}}
Apr 02 12:59:57.725079 np0000162933 devstack@neutron-api.service[102254]: DEBUG ovsdbapp.backend.ovs_idl [None req-64705c25-97fd-4559-9915-d5c8d7d768bc None None] Created schema index Chassis_Private.name {{(pid=102254) autocreate_indices /opt/stack/data/venv/lib/python3.12/site-packages/ovsdbapp/backend/ovs_idl/__init__.py:106}}
Apr 02 12:59:57.725206 np0000162933 devstack@neutron-api.service[102254]: DEBUG ovsdbapp.backend.ovs_idl [None req-64705c25-97fd-4559-9915-d5c8d7d768bc None None] Created schema index Datapath_Binding.tunnel_key {{(pid=102254) autocreate_indices /opt/stack/data/venv/lib/python3.12/site-packages/ovsdbapp/backend/ovs_idl/__init__.py:106}}
Apr 02 12:59:57.726043 np0000162933 devstack@neutron-api.service[102256]: DEBUG ovsdbapp.backend.ovs_idl [None req-3eb40dd5-8b29-4c5f-aa5b-cf24767a7d38 None None] Created lookup_table index Logical_Switch.name {{(pid=102256) autocreate_indices /opt/stack/data/venv/lib/python3.12/site-packages/ovsdbapp/backend/ovs_idl/__init__.py:87}}
Apr 02 12:59:57.726196 np0000162933 devstack@neutron-api.service[102256]: DEBUG ovsdbapp.backend.ovs_idl [None req-3eb40dd5-8b29-4c5f-aa5b-cf24767a7d38 None None] Created lookup_table index Logical_Router.name {{(pid=102256) autocreate_indices /opt/stack/data/venv/lib/python3.12/site-packages/ovsdbapp/backend/ovs_idl/__init__.py:87}}
Apr 02 12:59:57.726327 np0000162933 devstack@neutron-api.service[102256]: DEBUG ovsdbapp.backend.ovs_idl [None req-3eb40dd5-8b29-4c5f-aa5b-cf24767a7d38 None None] Created lookup_table index Load_Balancer.name {{(pid=102256) autocreate_indices /opt/stack/data/venv/lib/python3.12/site-packages/ovsdbapp/backend/ovs_idl/__init__.py:87}}
Apr 02 12:59:57.726494 np0000162933 devstack@neutron-api.service[102256]: DEBUG ovsdbapp.backend.ovs_idl [None req-3eb40dd5-8b29-4c5f-aa5b-cf24767a7d38 None None] Created schema index Copp.name {{(pid=102256) autocreate_indices /opt/stack/data/venv/lib/python3.12/site-packages/ovsdbapp/backend/ovs_idl/__init__.py:106}}
Apr 02 12:59:57.726614 np0000162933 devstack@neutron-api.service[102256]: DEBUG ovsdbapp.backend.ovs_idl [None req-3eb40dd5-8b29-4c5f-aa5b-cf24767a7d38 None None] Created schema index Meter.name {{(pid=102256) autocreate_indices /opt/stack/data/venv/lib/python3.12/site-packages/ovsdbapp/backend/ovs_idl/__init__.py:106}}
Apr 02 12:59:57.726736 np0000162933 devstack@neutron-api.service[102256]: DEBUG ovsdbapp.backend.ovs_idl [None req-3eb40dd5-8b29-4c5f-aa5b-cf24767a7d38 None None] Created schema index Load_Balancer_Group.name {{(pid=102256) autocreate_indices /opt/stack/data/venv/lib/python3.12/site-packages/ovsdbapp/backend/ovs_idl/__init__.py:106}}
Apr 02 12:59:57.726856 np0000162933 devstack@neutron-api.service[102256]: DEBUG ovsdbapp.backend.ovs_idl [None req-3eb40dd5-8b29-4c5f-aa5b-cf24767a7d38 None None] Created schema index HA_Chassis_Group.name {{(pid=102256) autocreate_indices /opt/stack/data/venv/lib/python3.12/site-packages/ovsdbapp/backend/ovs_idl/__init__.py:106}}
Apr 02 12:59:57.726992 np0000162933 devstack@neutron-api.service[102256]: DEBUG ovsdbapp.backend.ovs_idl [None req-3eb40dd5-8b29-4c5f-aa5b-cf24767a7d38 None None] Created schema index Address_Set.name {{(pid=102256) autocreate_indices /opt/stack/data/venv/lib/python3.12/site-packages/ovsdbapp/backend/ovs_idl/__init__.py:106}}
Apr 02 12:59:57.727112 np0000162933 devstack@neutron-api.service[102256]: DEBUG ovsdbapp.backend.ovs_idl [None req-3eb40dd5-8b29-4c5f-aa5b-cf24767a7d38 None None] Created schema index Connection.target {{(pid=102256) autocreate_indices /opt/stack/data/venv/lib/python3.12/site-packages/ovsdbapp/backend/ovs_idl/__init__.py:106}}
Apr 02 12:59:57.727175 np0000162933 devstack@neutron-api.service[102254]: INFO ovsdbapp.backend.ovs_idl.vlog [None req-64705c25-97fd-4559-9915-d5c8d7d768bc None None] ssl:199.204.45.244:6642: connecting...
Apr 02 12:59:57.727247 np0000162933 devstack@neutron-api.service[102256]: DEBUG ovsdbapp.backend.ovs_idl [None req-3eb40dd5-8b29-4c5f-aa5b-cf24767a7d38 None None] Created schema index Gateway_Chassis.name {{(pid=102256) autocreate_indices /opt/stack/data/venv/lib/python3.12/site-packages/ovsdbapp/backend/ovs_idl/__init__.py:106}}
Apr 02 12:59:57.727356 np0000162933 devstack@neutron-api.service[102256]: DEBUG ovsdbapp.backend.ovs_idl [None req-3eb40dd5-8b29-4c5f-aa5b-cf24767a7d38 None None] Created schema index Mirror.name {{(pid=102256) autocreate_indices /opt/stack/data/venv/lib/python3.12/site-packages/ovsdbapp/backend/ovs_idl/__init__.py:106}}
Apr 02 12:59:57.727512 np0000162933 devstack@neutron-api.service[102256]: DEBUG ovsdbapp.backend.ovs_idl [None req-3eb40dd5-8b29-4c5f-aa5b-cf24767a7d38 None None] Created schema index Chassis_Template_Var.chassis {{(pid=102256) autocreate_indices /opt/stack/data/venv/lib/python3.12/site-packages/ovsdbapp/backend/ovs_idl/__init__.py:106}}
Apr 02 12:59:57.727744 np0000162933 devstack@neutron-api.service[102256]: DEBUG ovsdbapp.backend.ovs_idl [None req-3eb40dd5-8b29-4c5f-aa5b-cf24767a7d38 None None] Created schema index Logical_Router_Port.name {{(pid=102256) autocreate_indices /opt/stack/data/venv/lib/python3.12/site-packages/ovsdbapp/backend/ovs_idl/__init__.py:106}}
Apr 02 12:59:57.727744 np0000162933 devstack@neutron-api.service[102256]: DEBUG ovsdbapp.backend.ovs_idl [None req-3eb40dd5-8b29-4c5f-aa5b-cf24767a7d38 None None] Created schema index Port_Group.name {{(pid=102256) autocreate_indices /opt/stack/data/venv/lib/python3.12/site-packages/ovsdbapp/backend/ovs_idl/__init__.py:106}}
Apr 02 12:59:57.728001 np0000162933 devstack@neutron-api.service[102256]: DEBUG ovsdbapp.backend.ovs_idl [None req-3eb40dd5-8b29-4c5f-aa5b-cf24767a7d38 None None] Created schema index Logical_Switch_Port.name {{(pid=102256) autocreate_indices /opt/stack/data/venv/lib/python3.12/site-packages/ovsdbapp/backend/ovs_idl/__init__.py:106}}
Apr 02 12:59:57.731152 np0000162933 devstack@neutron-api.service[102256]: INFO ovsdbapp.backend.ovs_idl.vlog [None req-3eb40dd5-8b29-4c5f-aa5b-cf24767a7d38 None None] ssl:199.204.45.244:6641: connecting...
Apr 02 12:59:57.733538 np0000162933 devstack@neutron-api.service[102254]: INFO ovsdbapp.backend.ovs_idl.vlog [None req-64705c25-97fd-4559-9915-d5c8d7d768bc None None] ssl:199.204.45.244:6642: connected
Apr 02 12:59:57.737264 np0000162933 devstack@neutron-api.service[102256]: INFO ovsdbapp.backend.ovs_idl.vlog [None req-3eb40dd5-8b29-4c5f-aa5b-cf24767a7d38 None None] ssl:199.204.45.244:6641: connected
Apr 02 12:59:57.750414 np0000162933 devstack@neutron-api.service[102255]: DEBUG oslo_concurrency.processutils [None req-ed620516-144d-4eb1-a160-51fd0b98b73a None None] CMD "ovsdb-client transact ssl:199.204.45.244:6641 --timeout 180 -p /opt/stack/data/CA/int-ca/private/devstack-cert.key -c /opt/stack/data/CA/int-ca/devstack-cert.crt -C /opt/stack/data/CA/int-ca/ca-chain.pem ["OVN_Northbound", {"op": "wait", "timeout": 0, "table": "Port_Group", "where": [["name", "==", "neutron_pg_drop"]], "until": "==", "rows": []}, {"op": "insert", "table": "ACL", "row": {"action": "drop", "direction": "to-lport", "match": "outport == @neutron_pg_drop && ip", "priority": 1001}, "uuid-name": "droptoport"}, {"op": "insert", "table": "ACL", "row": {"action": "drop", "direction": "from-lport", "match": "inport == @neutron_pg_drop && ip", "priority": 1001}, "uuid-name": "dropfromport"}, {"op": "insert", "table": "Port_Group", "row": {"name": "neutron_pg_drop", "acls": ["set", [["named-uuid", "droptoport"], ["named-uuid", "dropfromport"]]]}}]" returned: 0 in 0.035s {{(pid=102255) execute /opt/stack/data/venv/lib/python3.12/site-packages/oslo_concurrency/processutils.py:468}}
Apr 02 12:59:57.751269 np0000162933 devstack@neutron-api.service[102255]: DEBUG neutron_lib.callbacks.manager [None req-ed620516-144d-4eb1-a160-51fd0b98b73a None None] Publish callbacks ['neutron.plugins.ml2.drivers.ovn.mech_driver.mech_driver.OVNMechanismDriver.post_fork_initialize-103448', 'neutron.services.ovn_l3.plugin.OVNL3RouterPlugin._post_fork_initialize-107978'] for process (None), after_init {{(pid=102255) _notify_loop /opt/stack/data/venv/lib/python3.12/site-packages/neutron_lib/callbacks/manager.py:184}}
Apr 02 12:59:57.752099 np0000162933 devstack@neutron-api.service[102255]: DEBUG oslo_concurrency.lockutils [None req-ed620516-144d-4eb1-a160-51fd0b98b73a None None] Acquiring lock "singleton_lock" {{(pid=102255) lock /opt/stack/data/venv/lib/python3.12/site-packages/oslo_concurrency/lockutils.py:390}}
Apr 02 12:59:57.752335 np0000162933 devstack@neutron-api.service[102255]: DEBUG oslo_concurrency.lockutils [None req-ed620516-144d-4eb1-a160-51fd0b98b73a None None] Acquired lock "singleton_lock" {{(pid=102255) lock /opt/stack/data/venv/lib/python3.12/site-packages/oslo_concurrency/lockutils.py:393}}
Apr 02 12:59:57.753114 np0000162933 devstack@neutron-api.service[102255]: DEBUG oslo_concurrency.lockutils [None req-ed620516-144d-4eb1-a160-51fd0b98b73a None None] Releasing lock "singleton_lock" {{(pid=102255) lock /opt/stack/data/venv/lib/python3.12/site-packages/oslo_concurrency/lockutils.py:413}}
Apr 02 12:59:57.755957 np0000162933 devstack@neutron-api.service[102255]: DEBUG neutron.plugins.ml2.drivers.ovn.mech_driver.mech_driver [None req-ed620516-144d-4eb1-a160-51fd0b98b73a None None] Hash Ring setup using WSGI start time 2026-04-02 12:59:47+00:00 {{(pid=102255) _init_hash_ring /opt/stack/neutron/neutron/plugins/ml2/drivers/ovn/mech_driver/mech_driver.py:402}}
Apr 02 12:59:57.762546 np0000162933 devstack@neutron-api.service[102255]: INFO neutron.db.ovn_hash_ring_db [None req-ed620516-144d-4eb1-a160-51fd0b98b73a None None] Nodes from host "np0000162933" and group "mechanism_driver" removed from the Hash Ring created at 2026-04-02 12:59:47+00:00
Apr 02 12:59:57.764216 np0000162933 devstack@neutron-api.service[102254]: DEBUG neutron.common.ovn.hash_ring_manager [None req-64705c25-97fd-4559-9915-d5c8d7d768bc None None] Disallow caching, nodes 3<4 {{(pid=102254) _wait_startup_before_caching /opt/stack/neutron/neutron/common/ovn/hash_ring_manager.py:72}}
Apr 02 12:59:57.765349 np0000162933 devstack@neutron-api.service[102255]: INFO neutron.db.ovn_hash_ring_db [None req-ed620516-144d-4eb1-a160-51fd0b98b73a None None] Node 045a001c51365202b356aa60ff5096a1 from host "np0000162933" and group "mechanism_driver" added to the Hash Ring
Apr 02 12:59:57.768419 np0000162933 devstack@neutron-api.service[102254]: DEBUG neutron.common.ovn.hash_ring_manager [None req-64705c25-97fd-4559-9915-d5c8d7d768bc None None] Hash Ring loaded. 3 active nodes. 0 offline nodes {{(pid=102254) _load_hash_ring /opt/stack/neutron/neutron/common/ovn/hash_ring_manager.py:102}}
Apr 02 12:59:57.768600 np0000162933 devstack@neutron-api.service[102255]: DEBUG neutron.plugins.ml2.drivers.ovn.mech_driver.mech_driver [None req-ed620516-144d-4eb1-a160-51fd0b98b73a None None] Hash Ring setup, this worker has detected 4 OVN hash ring registers in the database {{(pid=102255) _init_hash_ring /opt/stack/neutron/neutron/plugins/ml2/drivers/ovn/mech_driver/mech_driver.py:412}}
Apr 02 12:59:57.768667 np0000162933 devstack@neutron-api.service[102254]: DEBUG neutron.plugins.ml2.drivers.ovn.mech_driver.ovsdb.ovsdb_monitor [None req-64705c25-97fd-4559-9915-d5c8d7d768bc None None] ChassisOVNAgentWriteEvent : Matched Chassis_Private, create, None None {{(pid=102254) matches /opt/stack/neutron/neutron/plugins/ml2/drivers/ovn/mech_driver/ovsdb/ovsdb_monitor.py:64}}
Apr 02 12:59:57.768729 np0000162933 devstack@neutron-api.service[102254]: DEBUG neutron.plugins.ml2.drivers.ovn.mech_driver.ovsdb.ovsdb_monitor [None req-64705c25-97fd-4559-9915-d5c8d7d768bc None None] ChassisAgentWriteEvent : Matched Chassis_Private, create, None None {{(pid=102254) matches /opt/stack/neutron/neutron/plugins/ml2/drivers/ovn/mech_driver/ovsdb/ovsdb_monitor.py:64}}
Apr 02 12:59:57.772118 np0000162933 devstack@neutron-api.service[102256]: DEBUG neutron.common.ovn.hash_ring_manager [None req-3eb40dd5-8b29-4c5f-aa5b-cf24767a7d38 None None] Disallow caching, nodes 3<4 {{(pid=102256) _wait_startup_before_caching /opt/stack/neutron/neutron/common/ovn/hash_ring_manager.py:72}}
Apr 02 12:59:57.773912 np0000162933 devstack@neutron-api.service[102255]: DEBUG neutron.plugins.ml2.drivers.ovn.mech_driver.ovsdb.maintenance [None req-ed620516-144d-4eb1-a160-51fd0b98b73a None None] Periodic task found: HashRingHealthCheckPeriodics.touch_hash_ring_node {{(pid=102255) add_periodics /opt/stack/neutron/neutron/plugins/ml2/drivers/ovn/mech_driver/ovsdb/maintenance.py:96}}
Apr 02 12:59:57.774853 np0000162933 devstack@neutron-api.service[102254]: DEBUG neutron.common.ovn.hash_ring_manager [None req-64705c25-97fd-4559-9915-d5c8d7d768bc None None] Hash Ring loaded. 3 active nodes. 0 offline nodes {{(pid=102254) _load_hash_ring /opt/stack/neutron/neutron/common/ovn/hash_ring_manager.py:102}}
Apr 02 12:59:57.775047 np0000162933 devstack@neutron-api.service[102254]: DEBUG neutron.plugins.ml2.drivers.ovn.mech_driver.ovsdb.ovsdb_monitor [None req-64705c25-97fd-4559-9915-d5c8d7d768bc None None] Hash Ring: Node 2a24d4043e845f74a1b9af5ad75704dd (host: np0000162933) handling event "create" for row 5f2b7637-f983-4cfb-8b3a-cdfa7d737a50 (table: Chassis_Private) {{(pid=102254) notify /opt/stack/neutron/neutron/plugins/ml2/drivers/ovn/mech_driver/ovsdb/ovsdb_monitor.py:912}}
Apr 02 12:59:57.775120 np0000162933 devstack@neutron-api.service[102255]: INFO neutron.plugins.ml2.drivers.ovn.mech_driver.mech_driver [None req-ed620516-144d-4eb1-a160-51fd0b98b73a None None] Hash Ring probing thread for node 045a001c51365202b356aa60ff5096a1 has started
Apr 02 12:59:57.775763 np0000162933 devstack@neutron-api.service[102255]: INFO neutron.plugins.ml2.drivers.ovn.mech_driver.ovsdb.impl_idl_ovn [None req-ed620516-144d-4eb1-a160-51fd0b98b73a None None] Getting OvsdbNbOvnIdl for WorkerService with retry
Apr 02 12:59:57.777839 np0000162933 devstack@neutron-api.service[102254]: DEBUG neutron.common.ovn.hash_ring_manager [None req-64705c25-97fd-4559-9915-d5c8d7d768bc None None] Allow caching, nodes 4>=4 {{(pid=102254) _wait_startup_before_caching /opt/stack/neutron/neutron/common/ovn/hash_ring_manager.py:65}}
Apr 02 12:59:57.778032 np0000162933 devstack@neutron-api.service[102254]: DEBUG neutron.plugins.ml2.drivers.ovn.mech_driver.ovsdb.ovsdb_monitor [None req-64705c25-97fd-4559-9915-d5c8d7d768bc None None] Hash Ring: Node 2a24d4043e845f74a1b9af5ad75704dd (host: np0000162933) handling event "create" for row bf10a5ab-1c5a-4cdb-8f2d-5509b679785b (table: Encap) {{(pid=102254) notify /opt/stack/neutron/neutron/plugins/ml2/drivers/ovn/mech_driver/ovsdb/ovsdb_monitor.py:912}}
Apr 02 12:59:57.779538 np0000162933 devstack@neutron-api.service[102254]: INFO neutron.plugins.ml2.drivers.ovn.mech_driver.mech_driver [None req-64705c25-97fd-4559-9915-d5c8d7d768bc None None] WorkerService process has finished the post initialization
Apr 02 12:59:57.780594 np0000162933 devstack@neutron-api.service[102256]: DEBUG neutron.common.ovn.hash_ring_manager [None req-3eb40dd5-8b29-4c5f-aa5b-cf24767a7d38 None None] Hash Ring loaded. 4 active nodes. 0 offline nodes {{(pid=102256) _load_hash_ring /opt/stack/neutron/neutron/common/ovn/hash_ring_manager.py:102}}
Apr 02 12:59:57.781126 np0000162933 devstack@neutron-api.service[102254]: WSGI app 0 (mountpoint='') ready in 10 seconds on interpreter 0x7b6d92aa3668 pid: 102254 (default app)
Apr 02 12:59:57.782416 np0000162933 devstack@neutron-api.service[102256]: DEBUG neutron.common.ovn.hash_ring_manager [None req-3eb40dd5-8b29-4c5f-aa5b-cf24767a7d38 None None] Allow caching, nodes 4>=4 {{(pid=102256) _wait_startup_before_caching /opt/stack/neutron/neutron/common/ovn/hash_ring_manager.py:65}}
Apr 02 12:59:57.782576 np0000162933 devstack@neutron-api.service[102256]: DEBUG neutron.plugins.ml2.drivers.ovn.mech_driver.ovsdb.ovsdb_monitor [None req-3eb40dd5-8b29-4c5f-aa5b-cf24767a7d38 None None] Hash Ring: Node 9397588016815124bc2274bc75883678 (host: np0000162933) handling event "create" for row b1d0ba56-f6bd-470b-a7e4-4cfdf63fc4b8 (table: ACL) {{(pid=102256) notify /opt/stack/neutron/neutron/plugins/ml2/drivers/ovn/mech_driver/ovsdb/ovsdb_monitor.py:912}}
Apr 02 12:59:57.782969 np0000162933 devstack@neutron-api.service[102256]: DEBUG neutron.plugins.ml2.drivers.ovn.mech_driver.ovsdb.ovsdb_monitor [None req-3eb40dd5-8b29-4c5f-aa5b-cf24767a7d38 None None] Hash Ring: Node 9397588016815124bc2274bc75883678 (host: np0000162933) handling event "create" for row c6b0d336-5123-4bef-b350-cc2f8f060db8 (table: NB_Global) {{(pid=102256) notify /opt/stack/neutron/neutron/plugins/ml2/drivers/ovn/mech_driver/ovsdb/ovsdb_monitor.py:912}}
Apr 02 12:59:57.782969 np0000162933 devstack@neutron-api.service[102256]: DEBUG neutron.plugins.ml2.drivers.ovn.mech_driver.ovsdb.ovsdb_monitor [None req-3eb40dd5-8b29-4c5f-aa5b-cf24767a7d38 None None] Hash Ring: Node 9397588016815124bc2274bc75883678 (host: np0000162933) handling event "create" for row 78b2a9dc-80b1-4988-ba8e-02d8b94c7dfd (table: Port_Group) {{(pid=102256) notify /opt/stack/neutron/neutron/plugins/ml2/drivers/ovn/mech_driver/ovsdb/ovsdb_monitor.py:912}}
