Apr 02 04:05:41.354403 np0000162632 devstack@neutron-api.service[101820]: DEBUG neutron.plugins.ml2.drivers.ovn.mech_driver.ovsdb.ovsdb_monitor [None req-3bfd98a7-7edf-42da-9ae5-991571747f0a None None] ChassisAgentWriteEvent : Matched Chassis_Private, create, None None {{(pid=101820) matches /opt/stack/neutron/neutron/plugins/ml2/drivers/ovn/mech_driver/ovsdb/ovsdb_monitor.py:64}}
Apr 02 04:05:41.357267 np0000162632 devstack@neutron-api.service[101820]: INFO neutron.plugins.ml2.drivers.ovn.mech_driver.mech_driver [None req-3bfd98a7-7edf-42da-9ae5-991571747f0a None None] WorkerService process has finished the post initialization
Apr 02 04:05:41.358282 np0000162632 devstack@neutron-api.service[101820]: WSGI app 0 (mountpoint='') ready in 8 seconds on interpreter 0x72802f2a3668 pid: 101820 (default app)
Apr 02 04:05:41.369462 np0000162632 devstack@neutron-api.service[101821]: DEBUG neutron.common.ovn.hash_ring_manager [None req-583c5cb1-fb45-4faf-849a-4d762da5cb68 None None] Allow caching, nodes 4>=4 {{(pid=101821) _wait_startup_before_caching /opt/stack/neutron/neutron/common/ovn/hash_ring_manager.py:65}}
Apr 02 04:05:41.374040 np0000162632 devstack@neutron-api.service[101821]: DEBUG neutron.common.ovn.hash_ring_manager [None req-583c5cb1-fb45-4faf-849a-4d762da5cb68 None None] Hash Ring loaded. 4 active nodes. 0 offline nodes {{(pid=101821) _load_hash_ring /opt/stack/neutron/neutron/common/ovn/hash_ring_manager.py:102}}
Apr 02 04:05:41.374469 np0000162632 devstack@neutron-api.service[101821]: DEBUG neutron.plugins.ml2.drivers.ovn.mech_driver.ovsdb.ovsdb_monitor [None req-583c5cb1-fb45-4faf-849a-4d762da5cb68 None None] ChassisOVNAgentWriteEvent : Matched Chassis_Private, create, None None {{(pid=101821) matches /opt/stack/neutron/neutron/plugins/ml2/drivers/ovn/mech_driver/ovsdb/ovsdb_monitor.py:64}}
Apr 02 04:05:41.374517 np0000162632 devstack@neutron-api.service[101822]: DEBUG neutron.common.ovn.hash_ring_manager [None req-d22f28c3-6109-4e27-b66c-e99a781a6dba None None] Allow caching, nodes 4>=4 {{(pid=101822) _wait_startup_before_caching /opt/stack/neutron/neutron/common/ovn/hash_ring_manager.py:65}}
Apr 02 04:05:41.374699 np0000162632 devstack@neutron-api.service[101821]: DEBUG neutron.plugins.ml2.drivers.ovn.mech_driver.ovsdb.ovsdb_monitor [None req-583c5cb1-fb45-4faf-849a-4d762da5cb68 None None] ChassisAgentWriteEvent : Matched Chassis_Private, create, None None {{(pid=101821) matches /opt/stack/neutron/neutron/plugins/ml2/drivers/ovn/mech_driver/ovsdb/ovsdb_monitor.py:64}}
Apr 02 04:05:41.377252 np0000162632 devstack@neutron-api.service[101821]: INFO neutron.plugins.ml2.drivers.ovn.mech_driver.mech_driver [None req-583c5cb1-fb45-4faf-849a-4d762da5cb68 None None] WorkerService process has finished the post initialization
Apr 02 04:05:41.378652 np0000162632 devstack@neutron-api.service[101821]: WSGI app 0 (mountpoint='') ready in 8 seconds on interpreter 0x72802f2a3668 pid: 101821 (default app)
Apr 02 04:05:41.380343 np0000162632 devstack@neutron-api.service[101822]: DEBUG neutron.common.ovn.hash_ring_manager [None req-d22f28c3-6109-4e27-b66c-e99a781a6dba None None] Hash Ring loaded. 4 active nodes. 0 offline nodes {{(pid=101822) _load_hash_ring /opt/stack/neutron/neutron/common/ovn/hash_ring_manager.py:102}}
Apr 02 04:05:41.380617 np0000162632 devstack@neutron-api.service[101822]: DEBUG neutron.plugins.ml2.drivers.ovn.mech_driver.ovsdb.ovsdb_monitor [None req-d22f28c3-6109-4e27-b66c-e99a781a6dba None None] Hash Ring: Node dafc9dc6d6ee5d61aa93ae044c459f93 (host: np0000162632) handling event "create" for row 58c9c219-e3c4-41b6-bac2-7d64168a06f8 (table: NB_Global) {{(pid=101822) notify /opt/stack/neutron/neutron/plugins/ml2/drivers/ovn/mech_driver/ovsdb/ovsdb_monitor.py:912}}
Apr 02 04:05:41.380904 np0000162632 devstack@neutron-api.service[101822]: DEBUG neutron.plugins.ml2.drivers.ovn.mech_driver.ovsdb.ovsdb_monitor [None req-d22f28c3-6109-4e27-b66c-e99a781a6dba None None] Hash Ring: Node dafc9dc6d6ee5d61aa93ae044c459f93 (host: np0000162632) handling event "create" for row ccc3117c-4e9f-445f-a4e5-6c5d74f8c890 (table: SSL) {{(pid=101822) notify /opt/stack/neutron/neutron/plugins/ml2/drivers/ovn/mech_driver/ovsdb/ovsdb_monitor.py:912}}
Apr 02 04:05:41.381938 np0000162632 devstack@neutron-api.service[101822]: INFO neutron.plugins.ml2.drivers.ovn.mech_driver.ovsdb.impl_idl_ovn [None req-d22f28c3-6109-4e27-b66c-e99a781a6dba None None] Getting OvsdbSbOvnIdl for WorkerService with retry
Apr 02 04:05:41.413152 np0000162632 devstack@neutron-api.service[101822]: DEBUG ovsdbapp.backend.ovs_idl [None req-d22f28c3-6109-4e27-b66c-e99a781a6dba None None] Created lookup_table index Chassis.name {{(pid=101822) autocreate_indices /opt/stack/data/venv/lib/python3.12/site-packages/ovsdbapp/backend/ovs_idl/__init__.py:87}}
Apr 02 04:05:41.413347 np0000162632 devstack@neutron-api.service[101822]: DEBUG ovsdbapp.backend.ovs_idl [None req-d22f28c3-6109-4e27-b66c-e99a781a6dba None None] Created lookup_table index Port_Binding.logical_port {{(pid=101822) autocreate_indices /opt/stack/data/venv/lib/python3.12/site-packages/ovsdbapp/backend/ovs_idl/__init__.py:87}}
Apr 02 04:05:41.413347 np0000162632 devstack@neutron-api.service[101822]: DEBUG ovsdbapp.backend.ovs_idl [None req-d22f28c3-6109-4e27-b66c-e99a781a6dba None None] Created schema index Chassis_Private.name {{(pid=101822) autocreate_indices /opt/stack/data/venv/lib/python3.12/site-packages/ovsdbapp/backend/ovs_idl/__init__.py:106}}
Apr 02 04:05:41.413485 np0000162632 devstack@neutron-api.service[101822]: DEBUG ovsdbapp.backend.ovs_idl [None req-d22f28c3-6109-4e27-b66c-e99a781a6dba None None] Created schema index Datapath_Binding.tunnel_key {{(pid=101822) autocreate_indices /opt/stack/data/venv/lib/python3.12/site-packages/ovsdbapp/backend/ovs_idl/__init__.py:106}}
Apr 02 04:05:41.415647 np0000162632 devstack@neutron-api.service[101822]: INFO ovsdbapp.backend.ovs_idl.vlog [None req-d22f28c3-6109-4e27-b66c-e99a781a6dba None None] ssl:199.204.45.140:6642: connecting...
Apr 02 04:05:41.419386 np0000162632 devstack@neutron-api.service[101822]: INFO ovsdbapp.backend.ovs_idl.vlog [None req-d22f28c3-6109-4e27-b66c-e99a781a6dba None None] ssl:199.204.45.140:6642: connected
Apr 02 04:05:41.446163 np0000162632 devstack@neutron-api.service[101822]: DEBUG neutron.common.ovn.hash_ring_manager [None req-d22f28c3-6109-4e27-b66c-e99a781a6dba None None] Allow caching, nodes 4>=4 {{(pid=101822) _wait_startup_before_caching /opt/stack/neutron/neutron/common/ovn/hash_ring_manager.py:65}}
Apr 02 04:05:41.450320 np0000162632 devstack@neutron-api.service[101822]: DEBUG neutron.common.ovn.hash_ring_manager [None req-d22f28c3-6109-4e27-b66c-e99a781a6dba None None] Hash Ring loaded. 4 active nodes. 0 offline nodes {{(pid=101822) _load_hash_ring /opt/stack/neutron/neutron/common/ovn/hash_ring_manager.py:102}}
Apr 02 04:05:41.450533 np0000162632 devstack@neutron-api.service[101822]: DEBUG neutron.plugins.ml2.drivers.ovn.mech_driver.ovsdb.ovsdb_monitor [None req-d22f28c3-6109-4e27-b66c-e99a781a6dba None None] ChassisAgentWriteEvent : Matched Chassis_Private, create, None None {{(pid=101822) matches /opt/stack/neutron/neutron/plugins/ml2/drivers/ovn/mech_driver/ovsdb/ovsdb_monitor.py:64}}
Apr 02 04:05:41.450764 np0000162632 devstack@neutron-api.service[101822]: DEBUG neutron.plugins.ml2.drivers.ovn.mech_driver.ovsdb.ovsdb_monitor [None req-d22f28c3-6109-4e27-b66c-e99a781a6dba None None] ChassisOVNAgentWriteEvent : Matched Chassis_Private, create, None None {{(pid=101822) matches /opt/stack/neutron/neutron/plugins/ml2/drivers/ovn/mech_driver/ovsdb/ovsdb_monitor.py:64}}
Apr 02 04:05:41.451205 np0000162632 devstack@neutron-api.service[101822]: DEBUG neutron.plugins.ml2.drivers.ovn.mech_driver.ovsdb.ovsdb_monitor [None req-d22f28c3-6109-4e27-b66c-e99a781a6dba None None] Hash Ring: Node dafc9dc6d6ee5d61aa93ae044c459f93 (host: np0000162632) handling event "create" for row d7f52055-033e-4296-9cd5-7c6519039f9a (table: Chassis_Private) {{(pid=101822) notify /opt/stack/neutron/neutron/plugins/ml2/drivers/ovn/mech_driver/ovsdb/ovsdb_monitor.py:912}}
Apr 02 04:05:41.451436 np0000162632 devstack@neutron-api.service[101822]: DEBUG neutron.plugins.ml2.drivers.ovn.mech_driver.ovsdb.ovsdb_monitor [None req-d22f28c3-6109-4e27-b66c-e99a781a6dba None None] Hash Ring: Node dafc9dc6d6ee5d61aa93ae044c459f93 (host: np0000162632) handling event "create" for row 008e994f-4057-4c0d-a3bc-6a8344405538 (table: Encap) {{(pid=101822) notify /opt/stack/neutron/neutron/plugins/ml2/drivers/ovn/mech_driver/ovsdb/ovsdb_monitor.py:912}}
Apr 02 04:05:41.454137 np0000162632 devstack@neutron-api.service[101822]: INFO neutron.plugins.ml2.drivers.ovn.mech_driver.mech_driver [None req-d22f28c3-6109-4e27-b66c-e99a781a6dba None None] WorkerService process has finished the post initialization
Apr 02 04:05:41.455831 np0000162632 devstack@neutron-api.service[101822]: WSGI app 0 (mountpoint='') ready in 8 seconds on interpreter 0x72802f2a3668 pid: 101822 (default app)
Apr 02 04:05:42.821126 np0000162632 devstack@neutron-api.service[101819]: DEBUG neutron.common.ovn.hash_ring_manager [-] Allow caching, nodes 4>=4 {{(pid=101819) _wait_startup_before_caching /opt/stack/neutron/neutron/common/ovn/hash_ring_manager.py:65}}
Apr 02 04:05:42.821375 np0000162632 devstack@neutron-api.service[101819]: DEBUG neutron.plugins.ml2.drivers.ovn.mech_driver.ovsdb.ovsdb_monitor [-] Hash Ring: Node bca64282bc65580b999887f21764a0f0 (host: np0000162632) handling event "update" for row 74b106af-3a64-4462-a3d6-3195a6edd029 (table: Connection) {{(pid=101819) notify /opt/stack/neutron/neutron/plugins/ml2/drivers/ovn/mech_driver/ovsdb/ovsdb_monitor.py:912}}
Apr 02 04:05:45.348298 np0000162632 devstack@neutron-api.service[101819]: DEBUG neutron.plugins.ml2.drivers.ovn.mech_driver.ovsdb.ovsdb_monitor [-] Hash Ring: Node bca64282bc65580b999887f21764a0f0 (host: np0000162632) handling event "update" for row 74b106af-3a64-4462-a3d6-3195a6edd029 (table: Connection) {{(pid=101819) notify /opt/stack/neutron/neutron/plugins/ml2/drivers/ovn/mech_driver/ovsdb/ovsdb_monitor.py:912}}
Apr 02 04:05:47.335973 np0000162632 devstack@neutron-api.service[101819]: DEBUG neutron.api.wsgi [None req-ecfe8f2e-6629-4f93-9854-4d4f07b604f6 admin admin] Missing Content-Type {{(pid=101819) get_content_type /opt/stack/neutron/neutron/api/wsgi.py:85}}
Apr 02 04:05:47.336390 np0000162632 devstack@neutron-api.service[101819]: DEBUG neutron.api.wsgi [None req-ecfe8f2e-6629-4f93-9854-4d4f07b604f6 admin admin] https://199.204.45.140/networking/v2.0/extensions returned with HTTP 200 {{(pid=101819) __call__ /opt/stack/neutron/neutron/api/wsgi.py:545}}
Apr 02 04:05:47.336739 np0000162632 devstack@neutron-api.service[101819]: [pid: 101819|app: 0|req: 2/2] 199.204.45.140 () {64 vars in 1323 bytes} [Thu Apr 2 04:05:47 2026] GET /networking/v2.0/extensions => generated 15208 bytes in 274 msecs (HTTP/1.1 200) 4 headers in 159 bytes (1 switches on core 0)
Apr 02 04:05:47.737317 np0000162632 devstack@neutron-api.service[101820]: DEBUG neutron.api.v2.base [None req-6d8337f9-3dc8-4fec-8da6-cbf44e4197ee admin admin] Request body: {'subnetpool': {'prefixes': ['10.1.0.0/20'], 'name': 'shared-default-subnetpool-v4', 'is_default': True, 'shared': True, 'default_prefixlen': 26}} {{(pid=101820) prepare_request_body /opt/stack/neutron/neutron/api/v2/base.py:729}}
Apr 02 04:05:47.937744 np0000162632 devstack@neutron-api.service[101820]: DEBUG neutron.policy [None req-6d8337f9-3dc8-4fec-8da6-cbf44e4197ee admin admin] Loaded default policies from ['neutron'] under neutron.policies entry points {{(pid=101820) register_rules /opt/stack/neutron/neutron/policy.py:65}}
Apr 02 04:05:48.096169 np0000162632 devstack@neutron-api.service[101820]: DEBUG neutron_lib.callbacks.manager [None req-6d8337f9-3dc8-4fec-8da6-cbf44e4197ee admin admin] Publish callbacks ['neutron.objects.securitygroup.RbacNeutronDbObjectMixin.validate_rbac_policy_change-2535566740402', 'neutron.objects.address_group.RbacNeutronDbObjectMixin.validate_rbac_policy_change-2535566718501', 'neutron.objects.network.RbacNeutronDbObjectMixin.validate_rbac_policy_change-2535566574857', 'neutron.objects.qos.policy.RbacNeutronDbObjectMixin.validate_rbac_policy_change-2535566576175', 'neutron.objects.subnetpool.RbacNeutronDbObjectMixin.validate_rbac_policy_change-2535566603579', 'neutron.objects.address_scope.RbacNeutronDbObjectMixin.validate_rbac_policy_change-2535566603237', 'neutron.plugins.ml2.plugin.External_net_db_mixin._process_ext_policy_create-973780', 'neutron.plugins.ml2.plugin.NeutronDbPluginV2.validate_network_rbac_policy_change-982580'] for rbac-policy (None), before_create {{(pid=101820) _notify_loop /opt/stack/data/venv/lib/python3.12/site-packages/neutron_lib/callbacks/manager.py:184}}
Apr 02 04:05:48.142599 np0000162632 devstack@neutron-api.service[101820]: DEBUG neutron_lib.callbacks.manager [None req-6d8337f9-3dc8-4fec-8da6-cbf44e4197ee admin admin] Publish callbacks [] for subnetpool (None), before_response {{(pid=101820) _notify_loop /opt/stack/data/venv/lib/python3.12/site-packages/neutron_lib/callbacks/manager.py:184}}
Apr 02 04:05:48.143809 np0000162632 devstack@neutron-api.service[101820]: [pid: 101820|app: 0|req: 1/3] 199.204.45.140 () {68 vars in 1367 bytes} [Thu Apr 2 04:05:47 2026] POST /networking/v2.0/subnetpools => generated 533 bytes in 515 msecs (HTTP/1.1 201) 4 headers in 162 bytes (1 switches on core 0)
Apr 02 04:05:48.476889 np0000162632 devstack@neutron-api.service[101821]: DEBUG neutron.api.v2.base [None req-94cb11a2-d4a0-454c-8949-012aeccc9603 admin admin] Request body: {'subnetpool': {'prefixes': ['fdbb:6cfe:3b1a::/56'], 'name': 'shared-default-subnetpool-v6', 'is_default': True, 'shared': True, 'default_prefixlen': 64}} {{(pid=101821) prepare_request_body /opt/stack/neutron/neutron/api/v2/base.py:729}}
Apr 02 04:05:48.650350 np0000162632 devstack@neutron-api.service[101821]: DEBUG neutron.policy [None req-94cb11a2-d4a0-454c-8949-012aeccc9603 admin admin] Loaded default policies from ['neutron'] under neutron.policies entry points {{(pid=101821) register_rules /opt/stack/neutron/neutron/policy.py:65}}
Apr 02 04:05:48.801318 np0000162632 devstack@neutron-api.service[101821]: DEBUG neutron_lib.callbacks.manager [None req-94cb11a2-d4a0-454c-8949-012aeccc9603 admin admin] Publish callbacks ['neutron.objects.securitygroup.RbacNeutronDbObjectMixin.validate_rbac_policy_change-2535566740781', 'neutron.objects.address_group.RbacNeutronDbObjectMixin.validate_rbac_policy_change-2535566714877', 'neutron.objects.network.RbacNeutronDbObjectMixin.validate_rbac_policy_change-2535566578962', 'neutron.objects.qos.policy.RbacNeutronDbObjectMixin.validate_rbac_policy_change-2535566595785', 'neutron.objects.subnetpool.RbacNeutronDbObjectMixin.validate_rbac_policy_change-2535566542789', 'neutron.objects.address_scope.RbacNeutronDbObjectMixin.validate_rbac_policy_change-2535566575984', 'neutron.plugins.ml2.plugin.External_net_db_mixin._process_ext_policy_create-259962', 'neutron.plugins.ml2.plugin.NeutronDbPluginV2.validate_network_rbac_policy_change-200218'] for rbac-policy (None), before_create {{(pid=101821) _notify_loop /opt/stack/data/venv/lib/python3.12/site-packages/neutron_lib/callbacks/manager.py:184}}
Apr 02 04:05:48.847522 np0000162632 devstack@neutron-api.service[101821]: DEBUG neutron_lib.callbacks.manager [None req-94cb11a2-d4a0-454c-8949-012aeccc9603 admin admin] Publish callbacks [] for subnetpool (None), before_response {{(pid=101821) _notify_loop /opt/stack/data/venv/lib/python3.12/site-packages/neutron_lib/callbacks/manager.py:184}}
Apr 02 04:05:48.848302 np0000162632 devstack@neutron-api.service[101821]: [pid: 101821|app: 0|req: 1/4] 199.204.45.140 () {68 vars in 1367 bytes} [Thu Apr 2 04:05:48 2026] POST /networking/v2.0/subnetpools => generated 543 bytes in 478 msecs (HTTP/1.1 201) 4 headers in 162 bytes (1 switches on core 0)
Apr 02 04:05:49.244199 np0000162632 devstack@neutron-api.service[101822]: DEBUG neutron.api.v2.base [None req-d63d3bda-db1e-4bc4-9df3-c2391be868b4 admin admin] Request body: {'network': {'admin_state_up': True, 'name': 'private'}} {{(pid=101822) prepare_request_body /opt/stack/neutron/neutron/api/v2/base.py:729}}
Apr 02 04:05:49.265203 np0000162632 devstack@neutron-api.service[101822]: DEBUG neutron.pecan_wsgi.hooks.quota_enforcement [None req-d63d3bda-db1e-4bc4-9df3-c2391be868b4 admin admin] Made reservation on behalf of 78809eff068649a496760674c3ec8be9 for: {'network': 1} {{(pid=101822) before /opt/stack/neutron/neutron/pecan_wsgi/hooks/quota_enforcement.py:66}}
Apr 02 04:05:49.437633 np0000162632 devstack@neutron-api.service[101822]: DEBUG neutron.policy [None req-d63d3bda-db1e-4bc4-9df3-c2391be868b4 admin admin] Loaded default policies from ['neutron'] under neutron.policies entry points {{(pid=101822) register_rules /opt/stack/neutron/neutron/policy.py:65}}
Apr 02 04:05:49.542125 np0000162632 devstack@neutron-api.service[101822]: DEBUG neutron_lib.callbacks.manager [None req-d63d3bda-db1e-4bc4-9df3-c2391be868b4 admin admin] Publish callbacks ['neutron.plugins.ml2.plugin.SecurityGroupDbMixin._ensure_default_security_group_handler-163182'] for network (None), before_create {{(pid=101822) _notify_loop /opt/stack/data/venv/lib/python3.12/site-packages/neutron_lib/callbacks/manager.py:184}}
Apr 02 04:05:49.562991 np0000162632 devstack@neutron-api.service[101822]: DEBUG neutron_lib.callbacks.manager [None req-d63d3bda-db1e-4bc4-9df3-c2391be868b4 admin admin] Publish callbacks [] for security_group (None), before_create {{(pid=101822) _notify_loop /opt/stack/data/venv/lib/python3.12/site-packages/neutron_lib/callbacks/manager.py:184}}
Apr 02 04:05:49.647445 np0000162632 devstack@neutron-api.service[101822]: DEBUG neutron_lib.callbacks.manager [None req-d63d3bda-db1e-4bc4-9df3-c2391be868b4 admin admin] Publish callbacks ['neutron.plugins.ml2.drivers.ovn.mech_driver.mech_driver.OVNMechanismDriver._create_security_group_precommit-315906'] for security_group (18f69881-d8ca-40fa-b0e1-eb99d3a73099), precommit_create {{(pid=101822) _notify_loop /opt/stack/data/venv/lib/python3.12/site-packages/neutron_lib/callbacks/manager.py:184}}
Apr 02 04:05:49.647723 np0000162632 devstack@neutron-api.service[101822]: DEBUG neutron.db.ovn_revision_numbers_db [None req-d63d3bda-db1e-4bc4-9df3-c2391be868b4 admin admin] create_initial_revision uuid=18f69881-d8ca-40fa-b0e1-eb99d3a73099, type=security_groups, rev=-1 {{(pid=101822) create_initial_revision /opt/stack/neutron/neutron/db/ovn_revision_numbers_db.py:98}}
Apr 02 04:05:49.649742 np0000162632 devstack@neutron-api.service[101822]: DEBUG neutron.db.ovn_revision_numbers_db [None req-d63d3bda-db1e-4bc4-9df3-c2391be868b4 admin admin] create_initial_revision uuid=3788cf90-707c-4047-a11c-a94698e172da, type=security_group_rules, rev=-1 {{(pid=101822) create_initial_revision /opt/stack/neutron/neutron/db/ovn_revision_numbers_db.py:98}}
Apr 02 04:05:49.650850 np0000162632 devstack@neutron-api.service[101822]: DEBUG neutron.db.ovn_revision_numbers_db [None req-d63d3bda-db1e-4bc4-9df3-c2391be868b4 admin admin] create_initial_revision uuid=3a53571a-b4ec-4ed7-832c-99aca4c2ff6b, type=security_group_rules, rev=-1 {{(pid=101822) create_initial_revision /opt/stack/neutron/neutron/db/ovn_revision_numbers_db.py:98}}
Apr 02 04:05:49.651872 np0000162632 devstack@neutron-api.service[101822]: DEBUG neutron.db.ovn_revision_numbers_db [None req-d63d3bda-db1e-4bc4-9df3-c2391be868b4 admin admin] create_initial_revision uuid=9b4de239-8c6b-4b5a-b790-52bbdd64600e, type=security_group_rules, rev=-1 {{(pid=101822) create_initial_revision /opt/stack/neutron/neutron/db/ovn_revision_numbers_db.py:98}}
Apr 02 04:05:49.652912 np0000162632 devstack@neutron-api.service[101822]: DEBUG neutron.db.ovn_revision_numbers_db [None req-d63d3bda-db1e-4bc4-9df3-c2391be868b4 admin admin] create_initial_revision uuid=d6448617-59c9-4946-9c60-304f4b07aed4, type=security_group_rules, rev=-1 {{(pid=101822) create_initial_revision /opt/stack/neutron/neutron/db/ovn_revision_numbers_db.py:98}}
Apr 02 04:05:49.659376 np0000162632 devstack@neutron-api.service[101822]: DEBUG neutron_lib.callbacks.manager [None req-d63d3bda-db1e-4bc4-9df3-c2391be868b4 admin admin] Publish callbacks ['neutron.plugins.ml2.drivers.ovn.mech_driver.mech_driver.OVNMechanismDriver._create_security_group-315932', 'neutron.plugins.ml2.ovo_rpc._ObjectChangeHandler.handle_event-14813586'] for security_group (18f69881-d8ca-40fa-b0e1-eb99d3a73099), after_create {{(pid=101822) _notify_loop /opt/stack/data/venv/lib/python3.12/site-packages/neutron_lib/callbacks/manager.py:184}}
Apr 02 04:05:49.659594 np0000162632 devstack@neutron-api.service[101822]: INFO neutron.plugins.ml2.drivers.ovn.mech_driver.ovsdb.extensions.qos [None req-d63d3bda-db1e-4bc4-9df3-c2391be868b4 admin admin] Starting OVNClientQosExtension
Apr 02 04:05:49.659703 np0000162632 devstack@neutron-api.service[101822]: INFO neutron.plugins.ml2.drivers.ovn.mech_driver.ovsdb.extensions.placement [None req-d63d3bda-db1e-4bc4-9df3-c2391be868b4 admin admin] Starting OVNClientPlacementExtension
Apr 02 04:05:49.661307 np0000162632 devstack@neutron-api.service[101822]: DEBUG ovsdbapp.backend.ovs_idl.transaction [-] Running txn n=1 command(idx=0): PgAddCommand(_result=None, name=pg_18f69881_d8ca_40fa_b0e1_eb99d3a73099, may_exist=False, columns={'acls': [], 'external_ids': {'neutron:security_group_id': '18f69881-d8ca-40fa-b0e1-eb99d3a73099'}}) {{(pid=101822) do_commit /opt/stack/data/venv/lib/python3.12/site-packages/ovsdbapp/backend/ovs_idl/transaction.py:89}}
Apr 02 04:05:49.663422 np0000162632 devstack@neutron-api.service[101822]: DEBUG ovsdbapp.backend.ovs_idl.transaction [-] Running txn n=1 command(idx=1): PgAclAddCommand(_result=None, entity=pg_18f69881_d8ca_40fa_b0e1_eb99d3a73099, direction=to-lport, priority=1002, match=outport == @pg_18f69881_d8ca_40fa_b0e1_eb99d3a73099 && ip4 && ip4.src == $pg_18f69881_d8ca_40fa_b0e1_eb99d3a73099_ip4, action=allow-related, log=False, may_exist=True, severity=[], name=[], meter=[], external_ids={'neutron:security_group_rule_id': '3788cf90-707c-4047-a11c-a94698e172da'}) {{(pid=101822) do_commit /opt/stack/data/venv/lib/python3.12/site-packages/ovsdbapp/backend/ovs_idl/transaction.py:89}}
Apr 02 04:05:49.663998 np0000162632 devstack@neutron-api.service[101822]: DEBUG ovsdbapp.backend.ovs_idl.transaction [-] Running txn n=1 command(idx=2): PgAclAddCommand(_result=None, entity=pg_18f69881_d8ca_40fa_b0e1_eb99d3a73099, direction=from-lport, priority=1002, match=inport == @pg_18f69881_d8ca_40fa_b0e1_eb99d3a73099 && ip4, action=allow-related, log=False, may_exist=True, severity=[], name=[], meter=[], external_ids={'neutron:security_group_rule_id': '3a53571a-b4ec-4ed7-832c-99aca4c2ff6b'}) {{(pid=101822) do_commit /opt/stack/data/venv/lib/python3.12/site-packages/ovsdbapp/backend/ovs_idl/transaction.py:89}}
Apr 02 04:05:49.664581 np0000162632 devstack@neutron-api.service[101822]: DEBUG ovsdbapp.backend.ovs_idl.transaction [-] Running txn n=1 command(idx=3): PgAclAddCommand(_result=None, entity=pg_18f69881_d8ca_40fa_b0e1_eb99d3a73099, direction=to-lport, priority=1002, match=outport == @pg_18f69881_d8ca_40fa_b0e1_eb99d3a73099 && ip6 && ip6.src == $pg_18f69881_d8ca_40fa_b0e1_eb99d3a73099_ip6, action=allow-related, log=False, may_exist=True, severity=[], name=[], meter=[], external_ids={'neutron:security_group_rule_id': '9b4de239-8c6b-4b5a-b790-52bbdd64600e'}) {{(pid=101822) do_commit /opt/stack/data/venv/lib/python3.12/site-packages/ovsdbapp/backend/ovs_idl/transaction.py:89}}
Apr 02 04:05:49.665035 np0000162632 devstack@neutron-api.service[101822]: DEBUG ovsdbapp.backend.ovs_idl.transaction [-] Running txn n=1 command(idx=4): PgAclAddCommand(_result=None, entity=pg_18f69881_d8ca_40fa_b0e1_eb99d3a73099, direction=from-lport, priority=1002, match=inport == @pg_18f69881_d8ca_40fa_b0e1_eb99d3a73099 && ip6, action=allow-related, log=False, may_exist=True, severity=[], name=[], meter=[], external_ids={'neutron:security_group_rule_id': 'd6448617-59c9-4946-9c60-304f4b07aed4'}) {{(pid=101822) do_commit /opt/stack/data/venv/lib/python3.12/site-packages/ovsdbapp/backend/ovs_idl/transaction.py:89}}
Apr 02 04:05:49.671737 np0000162632 devstack@neutron-api.service[101822]: DEBUG neutron.plugins.ml2.drivers.ovn.mech_driver.ovsdb.ovsdb_monitor [-] Hash Ring: Node dafc9dc6d6ee5d61aa93ae044c459f93 (host: np0000162632) handling event "create" for row 055e1cae-efb6-481b-bd74-152c549588c8 (table: Port_Group) {{(pid=101822) notify /opt/stack/neutron/neutron/plugins/ml2/drivers/ovn/mech_driver/ovsdb/ovsdb_monitor.py:912}}
Apr 02 04:05:49.672670 np0000162632 devstack@neutron-api.service[101820]: DEBUG neutron.plugins.ml2.drivers.ovn.mech_driver.ovsdb.ovsdb_monitor [-] Hash Ring: Node 812f8b8ac3055ec68a3697daa6ae474f (host: np0000162632) handling event "create" for row 95d76f92-2273-4cf3-8344-37ccb4fb6edc (table: ACL) {{(pid=101820) notify /opt/stack/neutron/neutron/plugins/ml2/drivers/ovn/mech_driver/ovsdb/ovsdb_monitor.py:912}}
Apr 02 04:05:49.672972 np0000162632 devstack@neutron-api.service[101820]: DEBUG neutron.plugins.ml2.drivers.ovn.mech_driver.ovsdb.ovsdb_monitor [-] Hash Ring: Node 812f8b8ac3055ec68a3697daa6ae474f (host: np0000162632) handling event "create" for row fade318f-38d5-4686-b24d-edbf0f8c18d1 (table: ACL) {{(pid=101820) notify /opt/stack/neutron/neutron/plugins/ml2/drivers/ovn/mech_driver/ovsdb/ovsdb_monitor.py:912}}
Apr 02 04:05:49.674144 np0000162632 devstack@neutron-api.service[101819]: DEBUG neutron.plugins.ml2.drivers.ovn.mech_driver.ovsdb.ovsdb_monitor [-] Hash Ring: Node bca64282bc65580b999887f21764a0f0 (host: np0000162632) handling event "create" for row 5df679aa-654f-47fd-b443-c31ba7a9a92e (table: ACL) {{(pid=101819) notify /opt/stack/neutron/neutron/plugins/ml2/drivers/ovn/mech_driver/ovsdb/ovsdb_monitor.py:912}}
Apr 02 04:05:49.674690 np0000162632 devstack@neutron-api.service[101819]: DEBUG neutron.plugins.ml2.drivers.ovn.mech_driver.ovsdb.ovsdb_monitor [-] Hash Ring: Node bca64282bc65580b999887f21764a0f0 (host: np0000162632) handling event "create" for row 95d76f92-2273-4cf3-8344-37ccb4fb6edc (table: ACL) {{(pid=101819) notify /opt/stack/neutron/neutron/plugins/ml2/drivers/ovn/mech_driver/ovsdb/ovsdb_monitor.py:912}}
Apr 02 04:05:49.674690 np0000162632 devstack@neutron-api.service[101819]: DEBUG neutron.plugins.ml2.drivers.ovn.mech_driver.ovsdb.ovsdb_monitor [-] Hash Ring: Node bca64282bc65580b999887f21764a0f0 (host: np0000162632) handling event "create" for row e5b2a43c-a5fe-437a-a9e5-457e5ff4f45e (table: ACL) {{(pid=101819) notify /opt/stack/neutron/neutron/plugins/ml2/drivers/ovn/mech_driver/ovsdb/ovsdb_monitor.py:912}}
Apr 02 04:05:49.674919 np0000162632 devstack@neutron-api.service[101819]: DEBUG neutron.plugins.ml2.drivers.ovn.mech_driver.ovsdb.ovsdb_monitor [-] Hash Ring: Node bca64282bc65580b999887f21764a0f0 (host: np0000162632) handling event "create" for row fade318f-38d5-4686-b24d-edbf0f8c18d1 (table: ACL) {{(pid=101819) notify /opt/stack/neutron/neutron/plugins/ml2/drivers/ovn/mech_driver/ovsdb/ovsdb_monitor.py:912}}
Apr 02 04:05:49.675201 np0000162632 devstack@neutron-api.service[101819]: DEBUG neutron.plugins.ml2.drivers.ovn.mech_driver.ovsdb.ovsdb_monitor [-] Hash Ring: Node bca64282bc65580b999887f21764a0f0 (host: np0000162632) handling event "create" for row 055e1cae-efb6-481b-bd74-152c549588c8 (table: Port_Group) {{(pid=101819) notify /opt/stack/neutron/neutron/plugins/ml2/drivers/ovn/mech_driver/ovsdb/ovsdb_monitor.py:912}}
Apr 02 04:05:49.706825 np0000162632 devstack@neutron-api.service[101822]: INFO neutron.db.ovn_revision_numbers_db [None req-d63d3bda-db1e-4bc4-9df3-c2391be868b4 admin admin] Successfully bumped revision number for resource 18f69881-d8ca-40fa-b0e1-eb99d3a73099 (type: security_groups) to 1
Apr 02 04:05:49.721692 np0000162632 devstack@neutron-api.service[101822]: INFO neutron.db.ovn_revision_numbers_db [None req-d63d3bda-db1e-4bc4-9df3-c2391be868b4 admin admin] Successfully bumped revision number for resource 3788cf90-707c-4047-a11c-a94698e172da (type: security_group_rules) to 0
Apr 02 04:05:49.734569 np0000162632 devstack@neutron-api.service[101822]: INFO neutron.db.ovn_revision_numbers_db [None req-d63d3bda-db1e-4bc4-9df3-c2391be868b4 admin admin] Successfully bumped revision number for resource 3a53571a-b4ec-4ed7-832c-99aca4c2ff6b (type: security_group_rules) to 0
Apr 02 04:05:49.747186 np0000162632 devstack@neutron-api.service[101822]: INFO neutron.db.ovn_revision_numbers_db [None req-d63d3bda-db1e-4bc4-9df3-c2391be868b4 admin admin] Successfully bumped revision number for resource 9b4de239-8c6b-4b5a-b790-52bbdd64600e (type: security_group_rules) to 0
Apr 02 04:05:49.759874 np0000162632 devstack@neutron-api.service[101822]: INFO neutron.db.ovn_revision_numbers_db [None req-d63d3bda-db1e-4bc4-9df3-c2391be868b4 admin admin] Successfully bumped revision number for resource d6448617-59c9-4946-9c60-304f4b07aed4 (type: security_group_rules) to 0
Apr 02 04:05:49.786694 np0000162632 devstack@neutron-api.service[101822]: DEBUG neutron.api.rpc.handlers.resources_rpc [None req-d63d3bda-db1e-4bc4-9df3-c2391be868b4 admin admin] Pushing event updated for resources: {'SecurityGroup': ['ID=18f69881-d8ca-40fa-b0e1-eb99d3a73099,revision_number=1']} {{(pid=101822) push /opt/stack/neutron/neutron/api/rpc/handlers/resources_rpc.py:237}}
Apr 02 04:05:49.795310 np0000162632 devstack@neutron-api.service[101822]: DEBUG ovsdbapp.backend.ovs_idl.transaction [-] Running txn n=1 command(idx=0): CheckLivenessCommand(_result=None) {{(pid=101822) do_commit /opt/stack/data/venv/lib/python3.12/site-packages/ovsdbapp/backend/ovs_idl/transaction.py:89}}
Apr 02 04:05:49.797895 np0000162632 devstack@neutron-api.service[101822]: DEBUG neutron.plugins.ml2.drivers.ovn.mech_driver.ovsdb.ovsdb_monitor [-] Hash Ring: Node dafc9dc6d6ee5d61aa93ae044c459f93 (host: np0000162632) handling event "update" for row 58c9c219-e3c4-41b6-bac2-7d64168a06f8 (table: NB_Global) {{(pid=101822) notify /opt/stack/neutron/neutron/plugins/ml2/drivers/ovn/mech_driver/ovsdb/ovsdb_monitor.py:912}}
Apr 02 04:05:49.798701 np0000162632 devstack@neutron-api.service[101819]: DEBUG neutron.plugins.ml2.drivers.ovn.mech_driver.ovsdb.ovsdb_monitor [-] Hash Ring: Node bca64282bc65580b999887f21764a0f0 (host: np0000162632) handling event "update" for row 58c9c219-e3c4-41b6-bac2-7d64168a06f8 (table: NB_Global) {{(pid=101819) notify /opt/stack/neutron/neutron/plugins/ml2/drivers/ovn/mech_driver/ovsdb/ovsdb_monitor.py:912}}
Apr 02 04:05:49.799895 np0000162632 devstack@neutron-api.service[101819]: DEBUG neutron.plugins.ml2.drivers.ovn.mech_driver.ovsdb.ovsdb_monitor [-] Hash Ring: Node bca64282bc65580b999887f21764a0f0 (host: np0000162632) handling event "update" for row 58c9c219-e3c4-41b6-bac2-7d64168a06f8 (table: NB_Global) {{(pid=101819) notify /opt/stack/neutron/neutron/plugins/ml2/drivers/ovn/mech_driver/ovsdb/ovsdb_monitor.py:912}}
Apr 02 04:05:49.800727 np0000162632 devstack@neutron-api.service[101819]: DEBUG neutron.plugins.ml2.drivers.ovn.mech_driver.ovsdb.ovsdb_monitor [-] Hash Ring: Node bca64282bc65580b999887f21764a0f0 (host: np0000162632) handling event "update" for row 58c9c219-e3c4-41b6-bac2-7d64168a06f8 (table: NB_Global) {{(pid=101819) notify /opt/stack/neutron/neutron/plugins/ml2/drivers/ovn/mech_driver/ovsdb/ovsdb_monitor.py:912}}
Apr 02 04:05:49.802377 np0000162632 devstack@neutron-api.service[101822]: DEBUG neutron.api.rpc.callbacks.version_manager [None req-d63d3bda-db1e-4bc4-9df3-c2391be868b4 admin admin] Tracked resource versions report:
Apr 02 04:05:49.802377 np0000162632 devstack@neutron-api.service[101822]: pushed versions:
Apr 02 04:05:49.802377 np0000162632 devstack@neutron-api.service[101822]: { 'AddressGroup': {'1.2'},
Apr 02 04:05:49.802377 np0000162632 devstack@neutron-api.service[101822]: 'Agent': {'1.1'},
Apr 02 04:05:49.802377 np0000162632 devstack@neutron-api.service[101822]: 'ConntrackHelper': {'1.0'},
Apr 02 04:05:49.802377 np0000162632 devstack@neutron-api.service[101822]: 'LocalIPAssociation': {'1.0'},
Apr 02 04:05:49.802377 np0000162632 devstack@neutron-api.service[101822]: 'Log': {'1.0'},
Apr 02 04:05:49.802377 np0000162632 devstack@neutron-api.service[101822]: 'NDPProxy': {'1.0'},
Apr 02 04:05:49.802377 np0000162632 devstack@neutron-api.service[101822]: 'Network': {'1.2'},
Apr 02 04:05:49.802377 np0000162632 devstack@neutron-api.service[101822]: 'Port': {'1.10'},
Apr 02 04:05:49.802377 np0000162632 devstack@neutron-api.service[101822]: 'PortForwarding': {'1.3'},
Apr 02 04:05:49.802377 np0000162632 devstack@neutron-api.service[101822]: 'QosPolicy': {'1.10'},
Apr 02 04:05:49.802377 np0000162632 devstack@neutron-api.service[101822]: 'SecurityGroup': {'1.6'},
Apr 02 04:05:49.802377 np0000162632 devstack@neutron-api.service[101822]: 'SecurityGroupRule': {'1.3'},
Apr 02 04:05:49.802377 np0000162632 devstack@neutron-api.service[101822]: 'SubPort': {'1.0'},
Apr 02 04:05:49.802377 np0000162632 devstack@neutron-api.service[101822]: 'Subnet': {'1.2'},
Apr 02 04:05:49.802377 np0000162632 devstack@neutron-api.service[101822]: 'Trunk': {'1.1'}}
Apr 02 04:05:49.802377 np0000162632 devstack@neutron-api.service[101822]: consumer versions:
Apr 02 04:05:49.802377 np0000162632 devstack@neutron-api.service[101822]: {}
Apr 02 04:05:49.802377 np0000162632 devstack@neutron-api.service[101822]: {{(pid=101822) report /opt/stack/neutron/neutron/api/rpc/callbacks/version_manager.py:183}}
Apr 02 04:05:49.803240 np0000162632 devstack@neutron-api.service[101819]: DEBUG neutron.plugins.ml2.drivers.ovn.mech_driver.ovsdb.ovsdb_monitor [-] ChassisAgentWriteEvent : Matched Chassis_Private, update, None None {{(pid=101819) matches /opt/stack/neutron/neutron/plugins/ml2/drivers/ovn/mech_driver/ovsdb/ovsdb_monitor.py:64}}
Apr 02 04:05:49.803611 np0000162632 devstack@neutron-api.service[101820]: DEBUG neutron.plugins.ml2.drivers.ovn.mech_driver.ovsdb.ovsdb_monitor [-] ChassisAgentWriteEvent : Matched Chassis_Private, update, None None {{(pid=101820) matches /opt/stack/neutron/neutron/plugins/ml2/drivers/ovn/mech_driver/ovsdb/ovsdb_monitor.py:64}}
Apr 02 04:05:49.804832 np0000162632 devstack@neutron-api.service[101821]: DEBUG neutron.plugins.ml2.drivers.ovn.mech_driver.ovsdb.ovsdb_monitor [-] ChassisAgentWriteEvent : Matched Chassis_Private, update, None None {{(pid=101821) matches /opt/stack/neutron/neutron/plugins/ml2/drivers/ovn/mech_driver/ovsdb/ovsdb_monitor.py:64}}
Apr 02 04:05:49.806904 np0000162632 devstack@neutron-api.service[101819]: DEBUG neutron.plugins.ml2.drivers.ovn.mech_driver.ovsdb.ovsdb_monitor [-] Hash Ring: Node bca64282bc65580b999887f21764a0f0 (host: np0000162632) handling event "update" for row 58c9c219-e3c4-41b6-bac2-7d64168a06f8 (table: NB_Global) {{(pid=101819) notify /opt/stack/neutron/neutron/plugins/ml2/drivers/ovn/mech_driver/ovsdb/ovsdb_monitor.py:912}}
Apr 02 04:05:49.808399 np0000162632 devstack@neutron-api.service[101820]: DEBUG neutron.plugins.ml2.drivers.ovn.mech_driver.ovsdb.ovsdb_monitor [-] ChassisOVNAgentWriteEvent : Matched Chassis_Private, update, None None {{(pid=101820) matches /opt/stack/neutron/neutron/plugins/ml2/drivers/ovn/mech_driver/ovsdb/ovsdb_monitor.py:64}}
Apr 02 04:05:49.808643 np0000162632 devstack@neutron-api.service[101822]: DEBUG neutron.plugins.ml2.drivers.ovn.mech_driver.ovsdb.ovsdb_monitor [-] Hash Ring: Node dafc9dc6d6ee5d61aa93ae044c459f93 (host: np0000162632) handling event "update" for row 58c9c219-e3c4-41b6-bac2-7d64168a06f8 (table: NB_Global) {{(pid=101822) notify /opt/stack/neutron/neutron/plugins/ml2/drivers/ovn/mech_driver/ovsdb/ovsdb_monitor.py:912}}
Apr 02 04:05:49.809227 np0000162632 devstack@neutron-api.service[101821]: DEBUG neutron.plugins.ml2.drivers.ovn.mech_driver.ovsdb.ovsdb_monitor [-] ChassisOVNAgentWriteEvent : Matched Chassis_Private, update, None None {{(pid=101821) matches /opt/stack/neutron/neutron/plugins/ml2/drivers/ovn/mech_driver/ovsdb/ovsdb_monitor.py:64}}
Apr 02 04:05:49.809768 np0000162632 devstack@neutron-api.service[101819]: DEBUG neutron.common.ovn.hash_ring_manager [-] Allow caching, nodes 4>=4 {{(pid=101819) _wait_startup_before_caching /opt/stack/neutron/neutron/common/ovn/hash_ring_manager.py:65}}
Apr 02 04:05:49.809947 np0000162632 devstack@neutron-api.service[101819]: DEBUG neutron.plugins.ml2.drivers.ovn.mech_driver.ovsdb.ovsdb_monitor [-] Hash Ring: Node bca64282bc65580b999887f21764a0f0 (host: np0000162632) handling event "update" for row d7f52055-033e-4296-9cd5-7c6519039f9a (table: Chassis_Private) {{(pid=101819) notify /opt/stack/neutron/neutron/plugins/ml2/drivers/ovn/mech_driver/ovsdb/ovsdb_monitor.py:912}}
Apr 02 04:05:49.810017 np0000162632 devstack@neutron-api.service[101822]: DEBUG neutron.plugins.ml2.drivers.ovn.mech_driver.ovsdb.ovsdb_monitor [-] ChassisAgentWriteEvent : Matched Chassis_Private, update, None None {{(pid=101822) matches /opt/stack/neutron/neutron/plugins/ml2/drivers/ovn/mech_driver/ovsdb/ovsdb_monitor.py:64}}
Apr 02 04:05:49.810436 np0000162632 devstack@neutron-api.service[101822]: DEBUG neutron.plugins.ml2.drivers.ovn.mech_driver.ovsdb.ovsdb_monitor [-] Hash Ring: Node dafc9dc6d6ee5d61aa93ae044c459f93 (host: np0000162632) handling event "update" for row d7f52055-033e-4296-9cd5-7c6519039f9a (table: Chassis_Private) {{(pid=101822) notify /opt/stack/neutron/neutron/plugins/ml2/drivers/ovn/mech_driver/ovsdb/ovsdb_monitor.py:912}}
Apr 02 04:05:49.810654 np0000162632 devstack@neutron-api.service[101819]: DEBUG neutron.plugins.ml2.drivers.ovn.mech_driver.ovsdb.ovsdb_monitor [-] ChassisOVNAgentWriteEvent : Matched Chassis_Private, update, None None {{(pid=101819) matches /opt/stack/neutron/neutron/plugins/ml2/drivers/ovn/mech_driver/ovsdb/ovsdb_monitor.py:64}}
Apr 02 04:05:49.810899 np0000162632 devstack@neutron-api.service[101819]: DEBUG neutron.plugins.ml2.drivers.ovn.mech_driver.ovsdb.ovsdb_monitor [-] Hash Ring: Node bca64282bc65580b999887f21764a0f0 (host: np0000162632) handling event "update" for row d7f52055-033e-4296-9cd5-7c6519039f9a (table: Chassis_Private) {{(pid=101819) notify /opt/stack/neutron/neutron/plugins/ml2/drivers/ovn/mech_driver/ovsdb/ovsdb_monitor.py:912}}
Apr 02 04:05:49.814920 np0000162632 devstack@neutron-api.service[101822]: DEBUG neutron.plugins.ml2.drivers.ovn.mech_driver.ovsdb.ovsdb_monitor [-] Hash Ring: Node dafc9dc6d6ee5d61aa93ae044c459f93 (host: np0000162632) handling event "update" for row 58c9c219-e3c4-41b6-bac2-7d64168a06f8 (table: NB_Global) {{(pid=101822) notify /opt/stack/neutron/neutron/plugins/ml2/drivers/ovn/mech_driver/ovsdb/ovsdb_monitor.py:912}}
Apr 02 04:05:49.815848 np0000162632 devstack@neutron-api.service[101822]: DEBUG neutron.plugins.ml2.drivers.ovn.mech_driver.ovsdb.ovsdb_monitor [-] ChassisOVNAgentWriteEvent : Matched Chassis_Private, update, None None {{(pid=101822) matches /opt/stack/neutron/neutron/plugins/ml2/drivers/ovn/mech_driver/ovsdb/ovsdb_monitor.py:64}}
Apr 02 04:05:49.816235 np0000162632 devstack@neutron-api.service[101822]: DEBUG neutron.plugins.ml2.drivers.ovn.mech_driver.ovsdb.ovsdb_monitor [-] Hash Ring: Node dafc9dc6d6ee5d61aa93ae044c459f93 (host: np0000162632) handling event "update" for row d7f52055-033e-4296-9cd5-7c6519039f9a (table: Chassis_Private) {{(pid=101822) notify /opt/stack/neutron/neutron/plugins/ml2/drivers/ovn/mech_driver/ovsdb/ovsdb_monitor.py:912}}
Apr 02 04:05:49.816606 np0000162632 devstack@neutron-api.service[101822]: DEBUG neutron.plugins.ml2.drivers.ovn.mech_driver.ovsdb.ovsdb_monitor [-] Hash Ring: Node dafc9dc6d6ee5d61aa93ae044c459f93 (host: np0000162632) handling event "update" for row 58c9c219-e3c4-41b6-bac2-7d64168a06f8 (table: NB_Global) {{(pid=101822) notify /opt/stack/neutron/neutron/plugins/ml2/drivers/ovn/mech_driver/ovsdb/ovsdb_monitor.py:912}}
Apr 02 04:05:49.863805 np0000162632 devstack@neutron-api.service[101822]: DEBUG neutron.plugins.ml2.drivers.helpers [None req-d63d3bda-db1e-4bc4-9df3-c2391be868b4 admin admin] geneve segment allocate from pool success with {'geneve_vni': 16549} {{(pid=101822) allocate_partially_specified_segment /opt/stack/neutron/neutron/plugins/ml2/drivers/helpers.py:142}}
Apr 02 04:05:49.875782 np0000162632 devstack@neutron-api.service[101822]: DEBUG neutron_lib.callbacks.manager [None req-d63d3bda-db1e-4bc4-9df3-c2391be868b4 admin admin] Publish callbacks ['neutron.services.segments.db._add_segment_host_mapping_for_segment-7868422624290', 'neutron.plugins.ml2.plugin.Ml2Plugin._handle_segment_change-920616'] for segment (e94e90dd-0223-432b-b94d-ac6b9bfcd87c), precommit_create {{(pid=101822) _notify_loop /opt/stack/data/venv/lib/python3.12/site-packages/neutron_lib/callbacks/manager.py:184}}
Apr 02 04:05:49.875958 np0000162632 devstack@neutron-api.service[101822]: INFO neutron.db.segments_db [None req-d63d3bda-db1e-4bc4-9df3-c2391be868b4 admin admin] Added segment e94e90dd-0223-432b-b94d-ac6b9bfcd87c of type geneve for network 330d5cfc-095a-45a1-9977-66fb892b016f
Apr 02 04:05:49.918576 np0000162632 devstack@neutron-api.service[101822]: DEBUG neutron_lib.callbacks.manager [None req-d63d3bda-db1e-4bc4-9df3-c2391be868b4 admin admin] Publish callbacks ['neutron.services.auto_allocate.db._ensure_external_network_default_value_callback-7868420657236'] for network (330d5cfc-095a-45a1-9977-66fb892b016f), precommit_create {{(pid=101822) _notify_loop /opt/stack/data/venv/lib/python3.12/site-packages/neutron_lib/callbacks/manager.py:184}}
Apr 02 04:05:49.940794 np0000162632 devstack@neutron-api.service[101822]: DEBUG neutron.plugins.ml2.drivers.ovn.mech_driver.mech_driver [None req-d63d3bda-db1e-4bc4-9df3-c2391be868b4 admin admin] Validating network segment with type geneve, segmentation ID 16549, physical network None {{(pid=101822) _validate_network_segments /opt/stack/neutron/neutron/plugins/ml2/drivers/ovn/mech_driver/mech_driver.py:631}}
Apr 02 04:05:49.940933 np0000162632 devstack@neutron-api.service[101822]: DEBUG neutron.db.ovn_revision_numbers_db [None req-d63d3bda-db1e-4bc4-9df3-c2391be868b4 admin admin] create_initial_revision uuid=330d5cfc-095a-45a1-9977-66fb892b016f, type=networks, rev=-1 {{(pid=101822) create_initial_revision /opt/stack/neutron/neutron/db/ovn_revision_numbers_db.py:98}}
Apr 02 04:05:49.957639 np0000162632 devstack@neutron-api.service[101822]: DEBUG neutron_lib.callbacks.manager [None req-d63d3bda-db1e-4bc4-9df3-c2391be868b4 admin admin] Publish callbacks ['neutron.plugins.ml2.ovo_rpc._ObjectChangeHandler.handle_event-14813288'] for network (330d5cfc-095a-45a1-9977-66fb892b016f), after_create {{(pid=101822) _notify_loop /opt/stack/data/venv/lib/python3.12/site-packages/neutron_lib/callbacks/manager.py:184}}
Apr 02 04:05:50.009175 np0000162632 devstack@neutron-api.service[101822]: DEBUG neutron.api.rpc.handlers.resources_rpc [None req-d63d3bda-db1e-4bc4-9df3-c2391be868b4 admin admin] Pushing event updated for resources: {'Network': ['ID=330d5cfc-095a-45a1-9977-66fb892b016f,revision_number=1']} {{(pid=101822) push /opt/stack/neutron/neutron/api/rpc/handlers/resources_rpc.py:237}}
Apr 02 04:05:50.018337 np0000162632 devstack@neutron-api.service[101822]: DEBUG ovsdbapp.backend.ovs_idl.transaction [-] Running txn n=1 command(idx=0): AddNetworkCommand(_result=None, network_uuid=330d5cfc-095a-45a1-9977-66fb892b016f, may_exist=True, columns={'external_ids': {'neutron:network_name': 'private', 'neutron:mtu': '1372', 'neutron:revision_number': '1', 'neutron:availability_zone_hints': '', 'neutron:provnet-network-type': 'geneve'}, 'other_config': {'mcast_snoop': 'false', 'mcast_flood_unregistered': 'false', 'vlan-passthru': 'false'}}) {{(pid=101822) do_commit /opt/stack/data/venv/lib/python3.12/site-packages/ovsdbapp/backend/ovs_idl/transaction.py:89}}
Apr 02 04:05:50.019063 np0000162632 devstack@neutron-api.service[101822]: DEBUG neutron.common.ovn.utils [-] OVS persist_uuid supported=True {{(pid=101822) ovs_persist_uuid_supported /opt/stack/neutron/neutron/common/ovn/utils.py:1535}}
Apr 02 04:05:50.023685 np0000162632 devstack@neutron-api.service[101819]: DEBUG neutron.plugins.ml2.drivers.ovn.mech_driver.ovsdb.ovsdb_monitor [-] Hash Ring: Node bca64282bc65580b999887f21764a0f0 (host: np0000162632) handling event "create" for row 330d5cfc-095a-45a1-9977-66fb892b016f (table: Logical_Switch) {{(pid=101819) notify /opt/stack/neutron/neutron/plugins/ml2/drivers/ovn/mech_driver/ovsdb/ovsdb_monitor.py:912}}
Apr 02 04:05:50.024270 np0000162632 devstack@neutron-api.service[101821]: DEBUG neutron.plugins.ml2.drivers.ovn.mech_driver.ovsdb.ovsdb_monitor [-] Hash Ring: Node 1ed6460619a35ba5aa3cd26e90d11d0b (host: np0000162632) handling event "create" for row 330d5cfc-095a-45a1-9977-66fb892b016f (table: Logical_Switch) {{(pid=101821) notify /opt/stack/neutron/neutron/plugins/ml2/drivers/ovn/mech_driver/ovsdb/ovsdb_monitor.py:912}}
Apr 02 04:05:50.033047 np0000162632 devstack@neutron-api.service[101819]: DEBUG neutron.plugins.ml2.drivers.ovn.mech_driver.ovsdb.ovsdb_monitor [-] Hash Ring: Node bca64282bc65580b999887f21764a0f0 (host: np0000162632) handling event "create" for row 4c079f3e-fdd4-4bdc-95a5-9aabb14bd53b (table: Datapath_Binding) {{(pid=101819) notify /opt/stack/neutron/neutron/plugins/ml2/drivers/ovn/mech_driver/ovsdb/ovsdb_monitor.py:912}}
Apr 02 04:05:50.034037 np0000162632 devstack@neutron-api.service[101821]: DEBUG neutron.plugins.ml2.drivers.ovn.mech_driver.ovsdb.ovsdb_monitor [-] Hash Ring: Node 1ed6460619a35ba5aa3cd26e90d11d0b (host: np0000162632) handling event "create" for row 4c079f3e-fdd4-4bdc-95a5-9aabb14bd53b (table: Datapath_Binding) {{(pid=101821) notify /opt/stack/neutron/neutron/plugins/ml2/drivers/ovn/mech_driver/ovsdb/ovsdb_monitor.py:912}}
Apr 02 04:05:50.058653 np0000162632 devstack@neutron-api.service[101822]: INFO neutron.db.ovn_revision_numbers_db [None req-d63d3bda-db1e-4bc4-9df3-c2391be868b4 admin admin] Successfully bumped revision number for resource 330d5cfc-095a-45a1-9977-66fb892b016f (type: networks) to 1
Apr 02 04:05:50.115757 np0000162632 devstack@neutron-api.service[101822]: DEBUG neutron_lib.callbacks.manager [None req-d63d3bda-db1e-4bc4-9df3-c2391be868b4 admin admin] Publish callbacks ['neutron.plugins.ml2.plugin.SecurityGroupDbMixin._ensure_default_security_group_handler-163182'] for port (None), before_create {{(pid=101822) _notify_loop /opt/stack/data/venv/lib/python3.12/site-packages/neutron_lib/callbacks/manager.py:184}}
Apr 02 04:05:50.207947 np0000162632 devstack@neutron-api.service[101822]: DEBUG neutron_lib.callbacks.manager [None req-d63d3bda-db1e-4bc4-9df3-c2391be868b4 admin admin] Publish callbacks ['neutron.plugins.ml2.drivers.ovn.mech_driver.mech_driver.OVNMechanismDriver._validate_allowed_address_pairs-316298'] for allowed_address_pair (03043e79-391c-419c-96e4-0f583233cbbd), before_create {{(pid=101822) _notify_loop /opt/stack/data/venv/lib/python3.12/site-packages/neutron_lib/callbacks/manager.py:184}}
Apr 02 04:05:50.208502 np0000162632 devstack@neutron-api.service[101822]: DEBUG neutron_lib.callbacks.manager [None req-d63d3bda-db1e-4bc4-9df3-c2391be868b4 admin admin] Publish callbacks [] for port (03043e79-391c-419c-96e4-0f583233cbbd), precommit_create {{(pid=101822) _notify_loop /opt/stack/data/venv/lib/python3.12/site-packages/neutron_lib/callbacks/manager.py:184}}
Apr 02 04:05:50.208679 np0000162632 devstack@neutron-api.service[101822]: DEBUG neutron.plugins.ml2.drivers.ovn.mech_driver.mech_driver [None req-d63d3bda-db1e-4bc4-9df3-c2391be868b4 admin admin] No provisioning block for port 03043e79-391c-419c-96e4-0f583233cbbd since it does not have a host {{(pid=101822) _is_port_provisioning_required /opt/stack/neutron/neutron/plugins/ml2/drivers/ovn/mech_driver/mech_driver.py:884}}
Apr 02 04:05:50.208782 np0000162632 devstack@neutron-api.service[101822]: DEBUG neutron.db.ovn_revision_numbers_db [None req-d63d3bda-db1e-4bc4-9df3-c2391be868b4 admin admin] create_initial_revision uuid=03043e79-391c-419c-96e4-0f583233cbbd, type=ports, rev=-1 {{(pid=101822) create_initial_revision /opt/stack/neutron/neutron/db/ovn_revision_numbers_db.py:98}}
Apr 02 04:05:50.274257 np0000162632 devstack@neutron-api.service[101822]: DEBUG neutron_lib.callbacks.manager [None req-d63d3bda-db1e-4bc4-9df3-c2391be868b4 admin admin] Publish callbacks ['neutron.plugins.ml2.ovo_rpc._ObjectChangeHandler.handle_event-888407'] for port (03043e79-391c-419c-96e4-0f583233cbbd), after_create {{(pid=101822) _notify_loop /opt/stack/data/venv/lib/python3.12/site-packages/neutron_lib/callbacks/manager.py:184}}
Apr 02 04:05:50.545286 np0000162632 devstack@neutron-api.service[101822]: DEBUG neutron.api.rpc.handlers.resources_rpc [None req-d63d3bda-db1e-4bc4-9df3-c2391be868b4 admin admin] Pushing event updated for resources: {'Port': ['ID=03043e79-391c-419c-96e4-0f583233cbbd,revision_number=1']} {{(pid=101822) push /opt/stack/neutron/neutron/api/rpc/handlers/resources_rpc.py:237}}
Apr 02 04:05:50.590104 np0000162632 devstack@neutron-api.service[101822]: DEBUG ovsdbapp.backend.ovs_idl.transaction [-] Running txn n=1 command(idx=0): AddLSwitchPortCommand(_result=None, lport=03043e79-391c-419c-96e4-0f583233cbbd, lswitch=neutron-330d5cfc-095a-45a1-9977-66fb892b016f, may_exist=True, network_uuid=330d5cfc-095a-45a1-9977-66fb892b016f, columns={'addresses': ['fa:16:3e:0d:9c:fa'], 'external_ids': {'neutron:port_name': '', 'neutron:device_id': 'ovnmeta-330d5cfc-095a-45a1-9977-66fb892b016f', 'neutron:project_id': '78809eff068649a496760674c3ec8be9', 'neutron:cidrs': '', 'neutron:device_owner': 'network:distributed', 'neutron:subnet_pool_addr_scope4': '', 'neutron:subnet_pool_addr_scope6': '', 'neutron:network_name': 'neutron-330d5cfc-095a-45a1-9977-66fb892b016f', 'neutron:security_group_ids': '', 'neutron:revision_number': '1', 'neutron:vnic_type': 'normal', 'neutron:port_capabilities': '', 'neutron:mtu': ''}, 'parent_name': [], 'tag': [], 'enabled': True, 'options': {}, 'type': 'localport', 'port_security': [], 'dhcpv4_options': [], 'dhcpv6_options': []}) {{(pid=101822) do_commit /opt/stack/data/venv/lib/python3.12/site-packages/ovsdbapp/backend/ovs_idl/transaction.py:89}}
