Apr 02 04:06:14.508661 np0000162632 devstack@n-api-meta.service[106970]: DEBUG nova.api.openstack.wsgi_app [None req-b7209516-e9cb-426b-8f19-7428db9a5298 None None] oslo_limit.status_code_retry_delay = None {{(pid=106970) log_opt_values /opt/stack/data/venv/lib/python3.12/site-packages/oslo_config/cfg.py:3006}}
Apr 02 04:06:14.508786 np0000162632 devstack@n-api-meta.service[106970]: DEBUG nova.api.openstack.wsgi_app [None req-b7209516-e9cb-426b-8f19-7428db9a5298 None None] oslo_limit.timeout = None {{(pid=106970) log_opt_values /opt/stack/data/venv/lib/python3.12/site-packages/oslo_config/cfg.py:3006}}
Apr 02 04:06:14.508912 np0000162632 devstack@n-api-meta.service[106970]: DEBUG nova.api.openstack.wsgi_app [None req-b7209516-e9cb-426b-8f19-7428db9a5298 None None] oslo_limit.valid_interfaces = None {{(pid=106970) log_opt_values /opt/stack/data/venv/lib/python3.12/site-packages/oslo_config/cfg.py:3006}}
Apr 02 04:06:14.509037 np0000162632 devstack@n-api-meta.service[106970]: DEBUG nova.api.openstack.wsgi_app [None req-b7209516-e9cb-426b-8f19-7428db9a5298 None None] oslo_limit.version = None {{(pid=106970) log_opt_values /opt/stack/data/venv/lib/python3.12/site-packages/oslo_config/cfg.py:3006}}
Apr 02 04:06:14.509194 np0000162632 devstack@n-api-meta.service[106970]: DEBUG nova.api.openstack.wsgi_app [None req-b7209516-e9cb-426b-8f19-7428db9a5298 None None] oslo_messaging_rabbit.amqp_auto_delete = False {{(pid=106970) log_opt_values /opt/stack/data/venv/lib/python3.12/site-packages/oslo_config/cfg.py:3006}}
Apr 02 04:06:14.509321 np0000162632 devstack@n-api-meta.service[106970]: DEBUG nova.api.openstack.wsgi_app [None req-b7209516-e9cb-426b-8f19-7428db9a5298 None None] oslo_messaging_rabbit.amqp_durable_queues = False {{(pid=106970) log_opt_values /opt/stack/data/venv/lib/python3.12/site-packages/oslo_config/cfg.py:3006}}
Apr 02 04:06:14.509448 np0000162632 devstack@n-api-meta.service[106970]: DEBUG nova.api.openstack.wsgi_app [None req-b7209516-e9cb-426b-8f19-7428db9a5298 None None] oslo_messaging_rabbit.conn_pool_min_size = 2 {{(pid=106970) log_opt_values /opt/stack/data/venv/lib/python3.12/site-packages/oslo_config/cfg.py:3006}}
Apr 02 04:06:14.509576 np0000162632 devstack@n-api-meta.service[106970]: DEBUG nova.api.openstack.wsgi_app [None req-b7209516-e9cb-426b-8f19-7428db9a5298 None None] oslo_messaging_rabbit.conn_pool_ttl = 1200 {{(pid=106970) log_opt_values /opt/stack/data/venv/lib/python3.12/site-packages/oslo_config/cfg.py:3006}}
Apr 02 04:06:14.509703 np0000162632 devstack@n-api-meta.service[106970]: DEBUG nova.api.openstack.wsgi_app [None req-b7209516-e9cb-426b-8f19-7428db9a5298 None None] oslo_messaging_rabbit.direct_mandatory_flag = True {{(pid=106970) log_opt_values /opt/stack/data/venv/lib/python3.12/site-packages/oslo_config/cfg.py:3006}}
Apr 02 04:06:14.509829 np0000162632 devstack@n-api-meta.service[106970]: DEBUG nova.api.openstack.wsgi_app [None req-b7209516-e9cb-426b-8f19-7428db9a5298 None None] oslo_messaging_rabbit.enable_cancel_on_failover = False {{(pid=106970) log_opt_values /opt/stack/data/venv/lib/python3.12/site-packages/oslo_config/cfg.py:3006}}
Apr 02 04:06:14.509959 np0000162632 devstack@n-api-meta.service[106970]: DEBUG nova.api.openstack.wsgi_app [None req-b7209516-e9cb-426b-8f19-7428db9a5298 None None] oslo_messaging_rabbit.heartbeat_in_pthread = False {{(pid=106970) log_opt_values /opt/stack/data/venv/lib/python3.12/site-packages/oslo_config/cfg.py:3006}}
Apr 02 04:06:14.510100 np0000162632 devstack@n-api-meta.service[106970]: DEBUG nova.api.openstack.wsgi_app [None req-b7209516-e9cb-426b-8f19-7428db9a5298 None None] oslo_messaging_rabbit.heartbeat_rate = 3 {{(pid=106970) log_opt_values /opt/stack/data/venv/lib/python3.12/site-packages/oslo_config/cfg.py:3006}}
Apr 02 04:06:14.510231 np0000162632 devstack@n-api-meta.service[106970]: DEBUG nova.api.openstack.wsgi_app [None req-b7209516-e9cb-426b-8f19-7428db9a5298 None None] oslo_messaging_rabbit.heartbeat_timeout_threshold = 60 {{(pid=106970) log_opt_values /opt/stack/data/venv/lib/python3.12/site-packages/oslo_config/cfg.py:3006}}
Apr 02 04:06:14.510448 np0000162632 devstack@n-api-meta.service[106970]: DEBUG nova.api.openstack.wsgi_app [None req-b7209516-e9cb-426b-8f19-7428db9a5298 None None] oslo_messaging_rabbit.hostname = np0000162632 {{(pid=106970) log_opt_values /opt/stack/data/venv/lib/python3.12/site-packages/oslo_config/cfg.py:3006}}
Apr 02 04:06:14.510576 np0000162632 devstack@n-api-meta.service[106970]: DEBUG nova.api.openstack.wsgi_app [None req-b7209516-e9cb-426b-8f19-7428db9a5298 None None] oslo_messaging_rabbit.kombu_compression = None {{(pid=106970) log_opt_values /opt/stack/data/venv/lib/python3.12/site-packages/oslo_config/cfg.py:3006}}
Apr 02 04:06:14.510646 np0000162632 devstack@n-api-meta.service[106970]: DEBUG nova.api.openstack.wsgi_app [None req-b7209516-e9cb-426b-8f19-7428db9a5298 None None] oslo_messaging_rabbit.kombu_failover_strategy = round-robin {{(pid=106970) log_opt_values /opt/stack/data/venv/lib/python3.12/site-packages/oslo_config/cfg.py:3006}}
Apr 02 04:06:14.510783 np0000162632 devstack@n-api-meta.service[106970]: DEBUG nova.api.openstack.wsgi_app [None req-b7209516-e9cb-426b-8f19-7428db9a5298 None None] oslo_messaging_rabbit.kombu_missing_consumer_retry_timeout = 60 {{(pid=106970) log_opt_values /opt/stack/data/venv/lib/python3.12/site-packages/oslo_config/cfg.py:3006}}
Apr 02 04:06:14.510910 np0000162632 devstack@n-api-meta.service[106970]: DEBUG nova.api.openstack.wsgi_app [None req-b7209516-e9cb-426b-8f19-7428db9a5298 None None] oslo_messaging_rabbit.kombu_reconnect_delay = 1.0 {{(pid=106970) log_opt_values /opt/stack/data/venv/lib/python3.12/site-packages/oslo_config/cfg.py:3006}}
Apr 02 04:06:14.511037 np0000162632 devstack@n-api-meta.service[106970]: DEBUG nova.api.openstack.wsgi_app [None req-b7209516-e9cb-426b-8f19-7428db9a5298 None None] oslo_messaging_rabbit.kombu_reconnect_splay = 0.0 {{(pid=106970) log_opt_values /opt/stack/data/venv/lib/python3.12/site-packages/oslo_config/cfg.py:3006}}
Apr 02 04:06:14.511188 np0000162632 devstack@n-api-meta.service[106970]: DEBUG nova.api.openstack.wsgi_app [None req-b7209516-e9cb-426b-8f19-7428db9a5298 None None] oslo_messaging_rabbit.processname = uwsgi {{(pid=106970) log_opt_values /opt/stack/data/venv/lib/python3.12/site-packages/oslo_config/cfg.py:3006}}
Apr 02 04:06:14.511313 np0000162632 devstack@n-api-meta.service[106970]: DEBUG nova.api.openstack.wsgi_app [None req-b7209516-e9cb-426b-8f19-7428db9a5298 None None] oslo_messaging_rabbit.rabbit_ha_queues = False {{(pid=106970) log_opt_values /opt/stack/data/venv/lib/python3.12/site-packages/oslo_config/cfg.py:3006}}
Apr 02 04:06:14.511441 np0000162632 devstack@n-api-meta.service[106970]: DEBUG nova.api.openstack.wsgi_app [None req-b7209516-e9cb-426b-8f19-7428db9a5298 None None] oslo_messaging_rabbit.rabbit_interval_max = 30 {{(pid=106970) log_opt_values /opt/stack/data/venv/lib/python3.12/site-packages/oslo_config/cfg.py:3006}}
Apr 02 04:06:14.511573 np0000162632 devstack@n-api-meta.service[106970]: DEBUG nova.api.openstack.wsgi_app [None req-b7209516-e9cb-426b-8f19-7428db9a5298 None None] oslo_messaging_rabbit.rabbit_login_method = AMQPLAIN {{(pid=106970) log_opt_values /opt/stack/data/venv/lib/python3.12/site-packages/oslo_config/cfg.py:3006}}
Apr 02 04:06:14.511699 np0000162632 devstack@n-api-meta.service[106970]: DEBUG nova.api.openstack.wsgi_app [None req-b7209516-e9cb-426b-8f19-7428db9a5298 None None] oslo_messaging_rabbit.rabbit_qos_prefetch_count = 0 {{(pid=106970) log_opt_values /opt/stack/data/venv/lib/python3.12/site-packages/oslo_config/cfg.py:3006}}
Apr 02 04:06:14.511827 np0000162632 devstack@n-api-meta.service[106970]: DEBUG nova.api.openstack.wsgi_app [None req-b7209516-e9cb-426b-8f19-7428db9a5298 None None] oslo_messaging_rabbit.rabbit_quorum_delivery_limit = 0 {{(pid=106970) log_opt_values /opt/stack/data/venv/lib/python3.12/site-packages/oslo_config/cfg.py:3006}}
Apr 02 04:06:14.511955 np0000162632 devstack@n-api-meta.service[106970]: DEBUG nova.api.openstack.wsgi_app [None req-b7209516-e9cb-426b-8f19-7428db9a5298 None None] oslo_messaging_rabbit.rabbit_quorum_max_memory_bytes = 0 {{(pid=106970) log_opt_values /opt/stack/data/venv/lib/python3.12/site-packages/oslo_config/cfg.py:3006}}
Apr 02 04:06:14.512087 np0000162632 devstack@n-api-meta.service[106970]: DEBUG nova.api.openstack.wsgi_app [None req-b7209516-e9cb-426b-8f19-7428db9a5298 None None] oslo_messaging_rabbit.rabbit_quorum_max_memory_length = 0 {{(pid=106970) log_opt_values /opt/stack/data/venv/lib/python3.12/site-packages/oslo_config/cfg.py:3006}}
Apr 02 04:06:14.512227 np0000162632 devstack@n-api-meta.service[106970]: DEBUG nova.api.openstack.wsgi_app [None req-b7209516-e9cb-426b-8f19-7428db9a5298 None None] oslo_messaging_rabbit.rabbit_quorum_queue = False {{(pid=106970) log_opt_values /opt/stack/data/venv/lib/python3.12/site-packages/oslo_config/cfg.py:3006}}
Apr 02 04:06:14.512354 np0000162632 devstack@n-api-meta.service[106970]: DEBUG nova.api.openstack.wsgi_app [None req-b7209516-e9cb-426b-8f19-7428db9a5298 None None] oslo_messaging_rabbit.rabbit_retry_backoff = 2 {{(pid=106970) log_opt_values /opt/stack/data/venv/lib/python3.12/site-packages/oslo_config/cfg.py:3006}}
Apr 02 04:06:14.512480 np0000162632 devstack@n-api-meta.service[106970]: DEBUG nova.api.openstack.wsgi_app [None req-b7209516-e9cb-426b-8f19-7428db9a5298 None None] oslo_messaging_rabbit.rabbit_retry_interval = 1 {{(pid=106970) log_opt_values /opt/stack/data/venv/lib/python3.12/site-packages/oslo_config/cfg.py:3006}}
Apr 02 04:06:14.512605 np0000162632 devstack@n-api-meta.service[106970]: DEBUG nova.api.openstack.wsgi_app [None req-b7209516-e9cb-426b-8f19-7428db9a5298 None None] oslo_messaging_rabbit.rabbit_stream_fanout = False {{(pid=106970) log_opt_values /opt/stack/data/venv/lib/python3.12/site-packages/oslo_config/cfg.py:3006}}
Apr 02 04:06:14.512734 np0000162632 devstack@n-api-meta.service[106970]: DEBUG nova.api.openstack.wsgi_app [None req-b7209516-e9cb-426b-8f19-7428db9a5298 None None] oslo_messaging_rabbit.rabbit_transient_queues_ttl = 1800 {{(pid=106970) log_opt_values /opt/stack/data/venv/lib/python3.12/site-packages/oslo_config/cfg.py:3006}}
Apr 02 04:06:14.512860 np0000162632 devstack@n-api-meta.service[106970]: DEBUG nova.api.openstack.wsgi_app [None req-b7209516-e9cb-426b-8f19-7428db9a5298 None None] oslo_messaging_rabbit.rabbit_transient_quorum_queue = False {{(pid=106970) log_opt_values /opt/stack/data/venv/lib/python3.12/site-packages/oslo_config/cfg.py:3006}}
Apr 02 04:06:14.512986 np0000162632 devstack@n-api-meta.service[106970]: DEBUG nova.api.openstack.wsgi_app [None req-b7209516-e9cb-426b-8f19-7428db9a5298 None None] oslo_messaging_rabbit.rpc_conn_pool_size = 30 {{(pid=106970) log_opt_values /opt/stack/data/venv/lib/python3.12/site-packages/oslo_config/cfg.py:3006}}
Apr 02 04:06:14.513132 np0000162632 devstack@n-api-meta.service[106970]: DEBUG nova.api.openstack.wsgi_app [None req-b7209516-e9cb-426b-8f19-7428db9a5298 None None] oslo_messaging_rabbit.ssl = False {{(pid=106970) log_opt_values /opt/stack/data/venv/lib/python3.12/site-packages/oslo_config/cfg.py:3006}}
Apr 02 04:06:14.513267 np0000162632 devstack@n-api-meta.service[106970]: DEBUG nova.api.openstack.wsgi_app [None req-b7209516-e9cb-426b-8f19-7428db9a5298 None None] oslo_messaging_rabbit.ssl_ca_file = {{(pid=106970) log_opt_values /opt/stack/data/venv/lib/python3.12/site-packages/oslo_config/cfg.py:3006}}
Apr 02 04:06:14.513397 np0000162632 devstack@n-api-meta.service[106970]: DEBUG nova.api.openstack.wsgi_app [None req-b7209516-e9cb-426b-8f19-7428db9a5298 None None] oslo_messaging_rabbit.ssl_cert_file = {{(pid=106970) log_opt_values /opt/stack/data/venv/lib/python3.12/site-packages/oslo_config/cfg.py:3006}}
Apr 02 04:06:14.513523 np0000162632 devstack@n-api-meta.service[106970]: DEBUG nova.api.openstack.wsgi_app [None req-b7209516-e9cb-426b-8f19-7428db9a5298 None None] oslo_messaging_rabbit.ssl_enforce_fips_mode = False {{(pid=106970) log_opt_values /opt/stack/data/venv/lib/python3.12/site-packages/oslo_config/cfg.py:3006}}
Apr 02 04:06:14.513655 np0000162632 devstack@n-api-meta.service[106970]: DEBUG nova.api.openstack.wsgi_app [None req-b7209516-e9cb-426b-8f19-7428db9a5298 None None] oslo_messaging_rabbit.ssl_key_file = {{(pid=106970) log_opt_values /opt/stack/data/venv/lib/python3.12/site-packages/oslo_config/cfg.py:3006}}
Apr 02 04:06:14.513786 np0000162632 devstack@n-api-meta.service[106970]: DEBUG nova.api.openstack.wsgi_app [None req-b7209516-e9cb-426b-8f19-7428db9a5298 None None] oslo_messaging_rabbit.ssl_version = {{(pid=106970) log_opt_values /opt/stack/data/venv/lib/python3.12/site-packages/oslo_config/cfg.py:3006}}
Apr 02 04:06:14.513912 np0000162632 devstack@n-api-meta.service[106970]: DEBUG nova.api.openstack.wsgi_app [None req-b7209516-e9cb-426b-8f19-7428db9a5298 None None] oslo_messaging_rabbit.use_queue_manager = False {{(pid=106970) log_opt_values /opt/stack/data/venv/lib/python3.12/site-packages/oslo_config/cfg.py:3006}}
Apr 02 04:06:14.514058 np0000162632 devstack@n-api-meta.service[106970]: DEBUG nova.api.openstack.wsgi_app [None req-b7209516-e9cb-426b-8f19-7428db9a5298 None None] oslo_messaging_notifications.driver = ['messagingv2'] {{(pid=106970) log_opt_values /opt/stack/data/venv/lib/python3.12/site-packages/oslo_config/cfg.py:3006}}
Apr 02 04:06:14.514203 np0000162632 devstack@n-api-meta.service[106970]: DEBUG nova.api.openstack.wsgi_app [None req-b7209516-e9cb-426b-8f19-7428db9a5298 None None] oslo_messaging_notifications.retry = -1 {{(pid=106970) log_opt_values /opt/stack/data/venv/lib/python3.12/site-packages/oslo_config/cfg.py:3006}}
Apr 02 04:06:14.514377 np0000162632 devstack@n-api-meta.service[106970]: DEBUG nova.api.openstack.wsgi_app [None req-b7209516-e9cb-426b-8f19-7428db9a5298 None None] oslo_messaging_notifications.topics = ['notifications'] {{(pid=106970) log_opt_values /opt/stack/data/venv/lib/python3.12/site-packages/oslo_config/cfg.py:3006}}
Apr 02 04:06:14.514531 np0000162632 devstack@n-api-meta.service[106970]: DEBUG nova.api.openstack.wsgi_app [None req-b7209516-e9cb-426b-8f19-7428db9a5298 None None] oslo_messaging_notifications.transport_url = **** {{(pid=106970) log_opt_values /opt/stack/data/venv/lib/python3.12/site-packages/oslo_config/cfg.py:3006}}
Apr 02 04:06:14.514630 np0000162632 devstack@n-api-meta.service[106970]: DEBUG nova.api.openstack.wsgi_app [None req-b7209516-e9cb-426b-8f19-7428db9a5298 None None] oslo_reports.file_event_handler = None {{(pid=106970) log_opt_values /opt/stack/data/venv/lib/python3.12/site-packages/oslo_config/cfg.py:3006}}
Apr 02 04:06:14.514755 np0000162632 devstack@n-api-meta.service[106970]: DEBUG nova.api.openstack.wsgi_app [None req-b7209516-e9cb-426b-8f19-7428db9a5298 None None] oslo_reports.file_event_handler_interval = 1 {{(pid=106970) log_opt_values /opt/stack/data/venv/lib/python3.12/site-packages/oslo_config/cfg.py:3006}}
Apr 02 04:06:14.514900 np0000162632 devstack@n-api-meta.service[106970]: DEBUG nova.api.openstack.wsgi_app [None req-b7209516-e9cb-426b-8f19-7428db9a5298 None None] oslo_reports.log_dir = None {{(pid=106970) log_opt_values /opt/stack/data/venv/lib/python3.12/site-packages/oslo_config/cfg.py:3006}}
Apr 02 04:06:14.514999 np0000162632 devstack@n-api-meta.service[106970]: DEBUG nova.api.openstack.wsgi_app [None req-b7209516-e9cb-426b-8f19-7428db9a5298 None None] ******************************************************************************** {{(pid=106970) log_opt_values /opt/stack/data/venv/lib/python3.12/site-packages/oslo_config/cfg.py:3013}}
Apr 02 04:06:14.515106 np0000162632 devstack@n-api-meta.service[106970]: WSGI app 0 (mountpoint='') ready in 2 seconds on interpreter 0x7210c94a3668 pid: 106970 (default app)
Apr 02 04:06:24.167405 np0000162632 devstack@n-api-meta.service[106968]: DEBUG dbcounter [-] [106968] Writing DB stats nova_api:SELECT=1 {{(pid=106968) stat_writer /opt/stack/data/venv/lib/python3.12/site-packages/dbcounter.py:115}}
Apr 02 04:06:24.183178 np0000162632 devstack@n-api-meta.service[106969]: DEBUG dbcounter [-] [106969] Writing DB stats nova_api:SELECT=1 {{(pid=106969) stat_writer /opt/stack/data/venv/lib/python3.12/site-packages/dbcounter.py:115}}
Apr 02 04:06:24.192991 np0000162632 devstack@n-api-meta.service[106967]: DEBUG dbcounter [-] [106967] Writing DB stats nova_api:SELECT=1 {{(pid=106967) stat_writer /opt/stack/data/venv/lib/python3.12/site-packages/dbcounter.py:115}}
Apr 02 04:06:24.232301 np0000162632 devstack@n-api-meta.service[106970]: DEBUG dbcounter [-] [106970] Writing DB stats nova_api:SELECT=1 {{(pid=106970) stat_writer /opt/stack/data/venv/lib/python3.12/site-packages/dbcounter.py:115}}
Apr 02 04:06:24.283626 np0000162632 devstack@n-api-meta.service[106968]: DEBUG dbcounter [-] [106968] Writing DB stats nova_cell0:SELECT=1 {{(pid=106968) stat_writer /opt/stack/data/venv/lib/python3.12/site-packages/dbcounter.py:115}}
Apr 02 04:06:24.289934 np0000162632 devstack@n-api-meta.service[106968]: DEBUG dbcounter [-] [106968] Writing DB stats nova_cell1:SELECT=1 {{(pid=106968) stat_writer /opt/stack/data/venv/lib/python3.12/site-packages/dbcounter.py:115}}
Apr 02 04:06:24.307745 np0000162632 devstack@n-api-meta.service[106969]: DEBUG dbcounter [-] [106969] Writing DB stats nova_cell0:SELECT=1 {{(pid=106969) stat_writer /opt/stack/data/venv/lib/python3.12/site-packages/dbcounter.py:115}}
Apr 02 04:06:24.313621 np0000162632 devstack@n-api-meta.service[106969]: DEBUG dbcounter [-] [106969] Writing DB stats nova_cell1:SELECT=1 {{(pid=106969) stat_writer /opt/stack/data/venv/lib/python3.12/site-packages/dbcounter.py:115}}
Apr 02 04:06:24.317150 np0000162632 devstack@n-api-meta.service[106967]: DEBUG dbcounter [-] [106967] Writing DB stats nova_cell0:SELECT=1 {{(pid=106967) stat_writer /opt/stack/data/venv/lib/python3.12/site-packages/dbcounter.py:115}}
Apr 02 04:06:24.322577 np0000162632 devstack@n-api-meta.service[106968]: DEBUG dbcounter [-] [106968] Writing DB stats nova_cell0:SELECT=2,nova_cell0:INSERT=1 {{(pid=106968) stat_writer /opt/stack/data/venv/lib/python3.12/site-packages/dbcounter.py:115}}
Apr 02 04:06:24.322676 np0000162632 devstack@n-api-meta.service[106967]: DEBUG dbcounter [-] [106967] Writing DB stats nova_cell1:SELECT=1 {{(pid=106967) stat_writer /opt/stack/data/venv/lib/python3.12/site-packages/dbcounter.py:115}}
Apr 02 04:06:24.334718 np0000162632 devstack@n-api-meta.service[106969]: DEBUG dbcounter [-] [106969] Writing DB stats nova_cell0:SELECT=1 {{(pid=106969) stat_writer /opt/stack/data/venv/lib/python3.12/site-packages/dbcounter.py:115}}
Apr 02 04:06:24.343634 np0000162632 devstack@n-api-meta.service[106967]: DEBUG dbcounter [-] [106967] Writing DB stats nova_cell0:SELECT=1 {{(pid=106967) stat_writer /opt/stack/data/venv/lib/python3.12/site-packages/dbcounter.py:115}}
Apr 02 04:06:24.344897 np0000162632 devstack@n-api-meta.service[106970]: DEBUG dbcounter [-] [106970] Writing DB stats nova_cell0:SELECT=1 {{(pid=106970) stat_writer /opt/stack/data/venv/lib/python3.12/site-packages/dbcounter.py:115}}
Apr 02 04:06:24.351726 np0000162632 devstack@n-api-meta.service[106970]: DEBUG dbcounter [-] [106970] Writing DB stats nova_cell1:SELECT=1 {{(pid=106970) stat_writer /opt/stack/data/venv/lib/python3.12/site-packages/dbcounter.py:115}}
Apr 02 04:06:24.372524 np0000162632 devstack@n-api-meta.service[106970]: DEBUG dbcounter [-] [106970] Writing DB stats nova_cell0:SELECT=1 {{(pid=106970) stat_writer /opt/stack/data/venv/lib/python3.12/site-packages/dbcounter.py:115}}
Apr 02 04:12:13.506718 np0000162632 devstack@n-api-meta.service[106968]: DEBUG nova.api.metadata.handler [None req-27e4f6cf-adfa-4a4e-bf40-46ca98a45d3f None None] Metadata request headers: {'Host': '199.204.45.140:8775', 'User-Agent': 'python-requests/2.32.5', 'Accept-Encoding': 'gzip, deflate', 'Accept': '*/*', 'Connection': 'keep-alive', 'X-Forwarded-For': '192.168.24.126', 'X-Instance-Id': 'bc6dbb6b-7e80-4378-8b9e-1bef77b0dea5', 'X-Tenant-Id': '4a43df124ad047cd895470042e18b169', 'X-Instance-Id-Signature': 'ee7b680829e951d6a59cab92df5f07a5b8f434eb7b22e3ce1c46f33921215f97'} {{(pid=106968) __call__ /opt/stack/nova/nova/api/metadata/handler.py:109}}
Apr 02 04:12:13.522269 np0000162632 devstack@n-api-meta.service[106968]: DEBUG oslo_concurrency.lockutils [None req-c8c875e1-c931-4791-8a7a-febcb549f0d1 None None] Acquiring lock "7ef2f357-c577-4fa8-938c-8583a15b461d" by "nova.context.set_target_cell..get_or_set_cached_cell_and_set_connections" {{(pid=106968) inner /opt/stack/data/venv/lib/python3.12/site-packages/oslo_concurrency/lockutils.py:506}}
Apr 02 04:12:13.522646 np0000162632 devstack@n-api-meta.service[106968]: DEBUG oslo_concurrency.lockutils [None req-c8c875e1-c931-4791-8a7a-febcb549f0d1 None None] Lock "7ef2f357-c577-4fa8-938c-8583a15b461d" acquired by "nova.context.set_target_cell..get_or_set_cached_cell_and_set_connections" :: waited 0.000s {{(pid=106968) inner /opt/stack/data/venv/lib/python3.12/site-packages/oslo_concurrency/lockutils.py:519}}
Apr 02 04:12:13.522999 np0000162632 devstack@n-api-meta.service[106968]: DEBUG oslo_concurrency.lockutils [None req-c8c875e1-c931-4791-8a7a-febcb549f0d1 None None] Lock "7ef2f357-c577-4fa8-938c-8583a15b461d" "released" by "nova.context.set_target_cell..get_or_set_cached_cell_and_set_connections" :: held 0.000s {{(pid=106968) inner /opt/stack/data/venv/lib/python3.12/site-packages/oslo_concurrency/lockutils.py:538}}
Apr 02 04:12:13.583986 np0000162632 devstack@n-api-meta.service[106968]: WARNING neutronclient.v2_0.client [None req-c8c875e1-c931-4791-8a7a-febcb549f0d1 None None] The python binding code in neutronclient is deprecated in favor of OpenstackSDK, please use that as this will be removed in a future release.
Apr 02 04:12:13.997059 np0000162632 devstack@n-api-meta.service[106968]: [pid: 106968|app: 0|req: 1/1] 199.204.45.140 () {40 vars in 642 bytes} [Thu Apr 2 04:12:13 2026] GET /openstack => generated 116 bytes in 491 msecs (HTTP/1.1 200) 3 headers in 100 bytes (1 switches on core 0)
Apr 02 04:12:14.009221 np0000162632 devstack@n-api-meta.service[106969]: DEBUG nova.api.metadata.handler [None req-3719a38b-eca6-4203-b406-4139d2885ef4 None None] Metadata request headers: {'Host': '199.204.45.140:8775', 'User-Agent': 'python-requests/2.32.5', 'Accept-Encoding': 'gzip, deflate', 'Accept': '*/*', 'Connection': 'keep-alive', 'X-Forwarded-For': '192.168.24.126', 'X-Instance-Id': 'bc6dbb6b-7e80-4378-8b9e-1bef77b0dea5', 'X-Tenant-Id': '4a43df124ad047cd895470042e18b169', 'X-Instance-Id-Signature': 'ee7b680829e951d6a59cab92df5f07a5b8f434eb7b22e3ce1c46f33921215f97'} {{(pid=106969) __call__ /opt/stack/nova/nova/api/metadata/handler.py:109}}
Apr 02 04:12:14.014404 np0000162632 devstack@n-api-meta.service[106969]: DEBUG nova.api.metadata.handler [None req-3719a38b-eca6-4203-b406-4139d2885ef4 None None] Using cached metadata for instance bc6dbb6b-7e80-4378-8b9e-1bef77b0dea5 {{(pid=106969) get_metadata_by_instance_id /opt/stack/nova/nova/api/metadata/handler.py:84}}
Apr 02 04:12:14.014839 np0000162632 devstack@n-api-meta.service[106969]: [pid: 106969|app: 0|req: 1/2] 199.204.45.140 () {40 vars in 642 bytes} [Thu Apr 2 04:12:14 2026] GET /openstack => generated 116 bytes in 7 msecs (HTTP/1.1 200) 3 headers in 100 bytes (1 switches on core 0)
Apr 02 04:12:14.024555 np0000162632 devstack@n-api-meta.service[106967]: DEBUG nova.api.metadata.handler [None req-22411274-a6c5-42e9-b4bf-5dbe66bcc4f4 None None] Metadata request headers: {'Host': '199.204.45.140:8775', 'User-Agent': 'python-requests/2.32.5', 'Accept-Encoding': 'gzip, deflate', 'Accept': '*/*', 'Connection': 'keep-alive', 'X-Forwarded-For': '192.168.24.126', 'X-Instance-Id': 'bc6dbb6b-7e80-4378-8b9e-1bef77b0dea5', 'X-Tenant-Id': '4a43df124ad047cd895470042e18b169', 'X-Instance-Id-Signature': 'ee7b680829e951d6a59cab92df5f07a5b8f434eb7b22e3ce1c46f33921215f97'} {{(pid=106967) __call__ /opt/stack/nova/nova/api/metadata/handler.py:109}}
Apr 02 04:12:14.030708 np0000162632 devstack@n-api-meta.service[106967]: DEBUG nova.api.metadata.handler [None req-22411274-a6c5-42e9-b4bf-5dbe66bcc4f4 None None] Using cached metadata for instance bc6dbb6b-7e80-4378-8b9e-1bef77b0dea5 {{(pid=106967) get_metadata_by_instance_id /opt/stack/nova/nova/api/metadata/handler.py:84}}
Apr 02 04:12:14.031327 np0000162632 devstack@n-api-meta.service[106967]: [pid: 106967|app: 0|req: 1/3] 199.204.45.140 () {40 vars in 694 bytes} [Thu Apr 2 04:12:14 2026] GET /openstack/2018-08-27/meta_data.json => generated 946 bytes in 8 msecs (HTTP/1.1 200) 3 headers in 91 bytes (1 switches on core 0)
Apr 02 04:12:14.040496 np0000162632 devstack@n-api-meta.service[106970]: DEBUG nova.api.metadata.handler [None req-b7209516-e9cb-426b-8f19-7428db9a5298 None None] Metadata request headers: {'Host': '199.204.45.140:8775', 'User-Agent': 'python-requests/2.32.5', 'Accept-Encoding': 'gzip, deflate', 'Accept': '*/*', 'Connection': 'keep-alive', 'X-Forwarded-For': '192.168.24.126', 'X-Instance-Id': 'bc6dbb6b-7e80-4378-8b9e-1bef77b0dea5', 'X-Tenant-Id': '4a43df124ad047cd895470042e18b169', 'X-Instance-Id-Signature': 'ee7b680829e951d6a59cab92df5f07a5b8f434eb7b22e3ce1c46f33921215f97'} {{(pid=106970) __call__ /opt/stack/nova/nova/api/metadata/handler.py:109}}
Apr 02 04:12:14.045615 np0000162632 devstack@n-api-meta.service[106970]: DEBUG nova.api.metadata.handler [None req-b7209516-e9cb-426b-8f19-7428db9a5298 None None] Using cached metadata for instance bc6dbb6b-7e80-4378-8b9e-1bef77b0dea5 {{(pid=106970) get_metadata_by_instance_id /opt/stack/nova/nova/api/metadata/handler.py:84}}
Apr 02 04:12:14.046116 np0000162632 devstack@n-api-meta.service[106970]: [pid: 106970|app: 0|req: 1/4] 199.204.45.140 () {40 vars in 685 bytes} [Thu Apr 2 04:12:14 2026] GET /openstack/2018-08-27/user_data => generated 26361 bytes in 7 msecs (HTTP/1.1 200) 3 headers in 102 bytes (1 switches on core 0)
Apr 02 04:12:14.053473 np0000162632 devstack@n-api-meta.service[106968]: DEBUG nova.api.metadata.handler [None req-c8c875e1-c931-4791-8a7a-febcb549f0d1 None None] Metadata request headers: {'Host': '199.204.45.140:8775', 'User-Agent': 'python-requests/2.32.5', 'Accept-Encoding': 'gzip, deflate', 'Accept': '*/*', 'Connection': 'keep-alive', 'X-Forwarded-For': '192.168.24.126', 'X-Instance-Id': 'bc6dbb6b-7e80-4378-8b9e-1bef77b0dea5', 'X-Tenant-Id': '4a43df124ad047cd895470042e18b169', 'X-Instance-Id-Signature': 'ee7b680829e951d6a59cab92df5f07a5b8f434eb7b22e3ce1c46f33921215f97'} {{(pid=106968) __call__ /opt/stack/nova/nova/api/metadata/handler.py:109}}
Apr 02 04:12:14.057543 np0000162632 devstack@n-api-meta.service[106968]: DEBUG nova.api.metadata.handler [None req-c8c875e1-c931-4791-8a7a-febcb549f0d1 None None] Using cached metadata for instance bc6dbb6b-7e80-4378-8b9e-1bef77b0dea5 {{(pid=106968) get_metadata_by_instance_id /opt/stack/nova/nova/api/metadata/handler.py:84}}
Apr 02 04:12:14.058383 np0000162632 devstack@n-api-meta.service[106968]: [pid: 106968|app: 0|req: 2/5] 199.204.45.140 () {40 vars in 699 bytes} [Thu Apr 2 04:12:14 2026] GET /openstack/2018-08-27/vendor_data.json => generated 2 bytes in 6 msecs (HTTP/1.1 200) 3 headers in 89 bytes (1 switches on core 0)
Apr 02 04:12:14.066855 np0000162632 devstack@n-api-meta.service[106969]: DEBUG nova.api.metadata.handler [None req-3719a38b-eca6-4203-b406-4139d2885ef4 None None] Metadata request headers: {'Host': '199.204.45.140:8775', 'User-Agent': 'python-requests/2.32.5', 'Accept-Encoding': 'gzip, deflate', 'Accept': '*/*', 'Connection': 'keep-alive', 'X-Forwarded-For': '192.168.24.126', 'X-Instance-Id': 'bc6dbb6b-7e80-4378-8b9e-1bef77b0dea5', 'X-Tenant-Id': '4a43df124ad047cd895470042e18b169', 'X-Instance-Id-Signature': 'ee7b680829e951d6a59cab92df5f07a5b8f434eb7b22e3ce1c46f33921215f97'} {{(pid=106969) __call__ /opt/stack/nova/nova/api/metadata/handler.py:109}}
Apr 02 04:12:14.070207 np0000162632 devstack@n-api-meta.service[106969]: DEBUG nova.api.metadata.handler [None req-3719a38b-eca6-4203-b406-4139d2885ef4 None None] Using cached metadata for instance bc6dbb6b-7e80-4378-8b9e-1bef77b0dea5 {{(pid=106969) get_metadata_by_instance_id /opt/stack/nova/nova/api/metadata/handler.py:84}}
Apr 02 04:12:14.071040 np0000162632 devstack@n-api-meta.service[106969]: [pid: 106969|app: 0|req: 2/6] 199.204.45.140 () {40 vars in 701 bytes} [Thu Apr 2 04:12:14 2026] GET /openstack/2018-08-27/vendor_data2.json => generated 14 bytes in 5 msecs (HTTP/1.1 200) 3 headers in 90 bytes (1 switches on core 0)
Apr 02 04:12:14.077315 np0000162632 devstack@n-api-meta.service[106967]: DEBUG nova.api.metadata.handler [None req-22411274-a6c5-42e9-b4bf-5dbe66bcc4f4 None None] Metadata request headers: {'Host': '199.204.45.140:8775', 'User-Agent': 'python-requests/2.32.5', 'Accept-Encoding': 'gzip, deflate', 'Accept': '*/*', 'Connection': 'keep-alive', 'X-Forwarded-For': '192.168.24.126', 'X-Instance-Id': 'bc6dbb6b-7e80-4378-8b9e-1bef77b0dea5', 'X-Tenant-Id': '4a43df124ad047cd895470042e18b169', 'X-Instance-Id-Signature': 'ee7b680829e951d6a59cab92df5f07a5b8f434eb7b22e3ce1c46f33921215f97'} {{(pid=106967) __call__ /opt/stack/nova/nova/api/metadata/handler.py:109}}
Apr 02 04:12:14.080526 np0000162632 devstack@n-api-meta.service[106967]: DEBUG nova.api.metadata.handler [None req-22411274-a6c5-42e9-b4bf-5dbe66bcc4f4 None None] Using cached metadata for instance bc6dbb6b-7e80-4378-8b9e-1bef77b0dea5 {{(pid=106967) get_metadata_by_instance_id /opt/stack/nova/nova/api/metadata/handler.py:84}}
Apr 02 04:12:14.081227 np0000162632 devstack@n-api-meta.service[106967]: [pid: 106967|app: 0|req: 2/7] 199.204.45.140 () {40 vars in 701 bytes} [Thu Apr 2 04:12:14 2026] GET /openstack/2018-08-27/network_data.json => generated 348 bytes in 5 msecs (HTTP/1.1 200) 3 headers in 100 bytes (1 switches on core 0)
Apr 02 04:12:14.090771 np0000162632 devstack@n-api-meta.service[106970]: DEBUG nova.api.metadata.handler [None req-b7209516-e9cb-426b-8f19-7428db9a5298 None None] Metadata request headers: {'Host': '199.204.45.140:8775', 'User-Agent': 'python-requests/2.32.5', 'Accept-Encoding': 'gzip, deflate', 'Accept': '*/*', 'Connection': 'keep-alive', 'X-Forwarded-For': '192.168.24.126', 'X-Instance-Id': 'bc6dbb6b-7e80-4378-8b9e-1bef77b0dea5', 'X-Tenant-Id': '4a43df124ad047cd895470042e18b169', 'X-Instance-Id-Signature': 'ee7b680829e951d6a59cab92df5f07a5b8f434eb7b22e3ce1c46f33921215f97'} {{(pid=106970) __call__ /opt/stack/nova/nova/api/metadata/handler.py:109}}
Apr 02 04:12:14.093694 np0000162632 devstack@n-api-meta.service[106970]: DEBUG nova.api.metadata.handler [None req-b7209516-e9cb-426b-8f19-7428db9a5298 None None] Using cached metadata for instance bc6dbb6b-7e80-4378-8b9e-1bef77b0dea5 {{(pid=106970) get_metadata_by_instance_id /opt/stack/nova/nova/api/metadata/handler.py:84}}
Apr 02 04:12:14.094571 np0000162632 devstack@n-api-meta.service[106970]: [pid: 106970|app: 0|req: 2/8] 199.204.45.140 () {40 vars in 659 bytes} [Thu Apr 2 04:12:14 2026] GET /latest/meta-data/ => generated 210 bytes in 4 msecs (HTTP/1.1 200) 3 headers in 100 bytes (1 switches on core 0)
Apr 02 04:12:14.102646 np0000162632 devstack@n-api-meta.service[106968]: DEBUG nova.api.metadata.handler [None req-c8c875e1-c931-4791-8a7a-febcb549f0d1 None None] Metadata request headers: {'Host': '199.204.45.140:8775', 'User-Agent': 'python-requests/2.32.5', 'Accept-Encoding': 'gzip, deflate', 'Accept': '*/*', 'Connection': 'keep-alive', 'X-Forwarded-For': '192.168.24.126', 'X-Instance-Id': 'bc6dbb6b-7e80-4378-8b9e-1bef77b0dea5', 'X-Tenant-Id': '4a43df124ad047cd895470042e18b169', 'X-Instance-Id-Signature': 'ee7b680829e951d6a59cab92df5f07a5b8f434eb7b22e3ce1c46f33921215f97'} {{(pid=106968) __call__ /opt/stack/nova/nova/api/metadata/handler.py:109}}
Apr 02 04:12:14.105399 np0000162632 devstack@n-api-meta.service[106968]: DEBUG nova.api.metadata.handler [None req-c8c875e1-c931-4791-8a7a-febcb549f0d1 None None] Using cached metadata for instance bc6dbb6b-7e80-4378-8b9e-1bef77b0dea5 {{(pid=106968) get_metadata_by_instance_id /opt/stack/nova/nova/api/metadata/handler.py:84}}
Apr 02 04:12:14.106492 np0000162632 devstack@n-api-meta.service[106968]: [pid: 106968|app: 0|req: 3/9] 199.204.45.140 () {40 vars in 701 bytes} [Thu Apr 2 04:12:14 2026] GET /latest/meta-data/block-device-mapping/ => generated 8 bytes in 4 msecs (HTTP/1.1 200) 3 headers in 98 bytes (1 switches on core 0)
Apr 02 04:12:14.114145 np0000162632 devstack@n-api-meta.service[106969]: DEBUG nova.api.metadata.handler [None req-3719a38b-eca6-4203-b406-4139d2885ef4 None None] Metadata request headers: {'Host': '199.204.45.140:8775', 'User-Agent': 'python-requests/2.32.5', 'Accept-Encoding': 'gzip, deflate', 'Accept': '*/*', 'Connection': 'keep-alive', 'X-Forwarded-For': '192.168.24.126', 'X-Instance-Id': 'bc6dbb6b-7e80-4378-8b9e-1bef77b0dea5', 'X-Tenant-Id': '4a43df124ad047cd895470042e18b169', 'X-Instance-Id-Signature': 'ee7b680829e951d6a59cab92df5f07a5b8f434eb7b22e3ce1c46f33921215f97'} {{(pid=106969) __call__ /opt/stack/nova/nova/api/metadata/handler.py:109}}
Apr 02 04:12:14.117275 np0000162632 devstack@n-api-meta.service[106969]: DEBUG nova.api.metadata.handler [None req-3719a38b-eca6-4203-b406-4139d2885ef4 None None] Using cached metadata for instance bc6dbb6b-7e80-4378-8b9e-1bef77b0dea5 {{(pid=106969) get_metadata_by_instance_id /opt/stack/nova/nova/api/metadata/handler.py:84}}
Apr 02 04:12:14.118227 np0000162632 devstack@n-api-meta.service[106969]: [pid: 106969|app: 0|req: 3/10] 199.204.45.140 () {40 vars in 707 bytes} [Thu Apr 2 04:12:14 2026] GET /latest/meta-data/block-device-mapping/ami => generated 3 bytes in 5 msecs (HTTP/1.1 200) 3 headers in 98 bytes (1 switches on core 0)
Apr 02 04:12:14.125587 np0000162632 devstack@n-api-meta.service[106967]: DEBUG nova.api.metadata.handler [None req-22411274-a6c5-42e9-b4bf-5dbe66bcc4f4 None None] Metadata request headers: {'Host': '199.204.45.140:8775', 'User-Agent': 'python-requests/2.32.5', 'Accept-Encoding': 'gzip, deflate', 'Accept': '*/*', 'Connection': 'keep-alive', 'X-Forwarded-For': '192.168.24.126', 'X-Instance-Id': 'bc6dbb6b-7e80-4378-8b9e-1bef77b0dea5', 'X-Tenant-Id': '4a43df124ad047cd895470042e18b169', 'X-Instance-Id-Signature': 'ee7b680829e951d6a59cab92df5f07a5b8f434eb7b22e3ce1c46f33921215f97'} {{(pid=106967) __call__ /opt/stack/nova/nova/api/metadata/handler.py:109}}
Apr 02 04:12:14.128677 np0000162632 devstack@n-api-meta.service[106967]: DEBUG nova.api.metadata.handler [None req-22411274-a6c5-42e9-b4bf-5dbe66bcc4f4 None None] Using cached metadata for instance bc6dbb6b-7e80-4378-8b9e-1bef77b0dea5 {{(pid=106967) get_metadata_by_instance_id /opt/stack/nova/nova/api/metadata/handler.py:84}}
Apr 02 04:12:14.129516 np0000162632 devstack@n-api-meta.service[106967]: [pid: 106967|app: 0|req: 3/11] 199.204.45.140 () {40 vars in 709 bytes} [Thu Apr 2 04:12:14 2026] GET /latest/meta-data/block-device-mapping/root => generated 8 bytes in 4 msecs (HTTP/1.1 200) 3 headers in 98 bytes (1 switches on core 0)
Apr 02 04:12:14.137739 np0000162632 devstack@n-api-meta.service[106970]: DEBUG nova.api.metadata.handler [None req-b7209516-e9cb-426b-8f19-7428db9a5298 None None] Metadata request headers: {'Host': '199.204.45.140:8775', 'User-Agent': 'python-requests/2.32.5', 'Accept-Encoding': 'gzip, deflate', 'Accept': '*/*', 'Connection': 'keep-alive', 'X-Forwarded-For': '192.168.24.126', 'X-Instance-Id': 'bc6dbb6b-7e80-4378-8b9e-1bef77b0dea5', 'X-Tenant-Id': '4a43df124ad047cd895470042e18b169', 'X-Instance-Id-Signature': 'ee7b680829e951d6a59cab92df5f07a5b8f434eb7b22e3ce1c46f33921215f97'} {{(pid=106970) __call__ /opt/stack/nova/nova/api/metadata/handler.py:109}}
Apr 02 04:12:14.140546 np0000162632 devstack@n-api-meta.service[106970]: DEBUG nova.api.metadata.handler [None req-b7209516-e9cb-426b-8f19-7428db9a5298 None None] Using cached metadata for instance bc6dbb6b-7e80-4378-8b9e-1bef77b0dea5 {{(pid=106970) get_metadata_by_instance_id /opt/stack/nova/nova/api/metadata/handler.py:84}}
Apr 02 04:12:14.141230 np0000162632 devstack@n-api-meta.service[106970]: [pid: 106970|app: 0|req: 3/12] 199.204.45.140 () {40 vars in 679 bytes} [Thu Apr 2 04:12:14 2026] GET /latest/meta-data/placement/ => generated 17 bytes in 4 msecs (HTTP/1.1 200) 3 headers in 99 bytes (1 switches on core 0)
Apr 02 04:12:14.147821 np0000162632 devstack@n-api-meta.service[106968]: DEBUG nova.api.metadata.handler [None req-c8c875e1-c931-4791-8a7a-febcb549f0d1 None None] Metadata request headers: {'Host': '199.204.45.140:8775', 'User-Agent': 'python-requests/2.32.5', 'Accept-Encoding': 'gzip, deflate', 'Accept': '*/*', 'Connection': 'keep-alive', 'X-Forwarded-For': '192.168.24.126', 'X-Instance-Id': 'bc6dbb6b-7e80-4378-8b9e-1bef77b0dea5', 'X-Tenant-Id': '4a43df124ad047cd895470042e18b169', 'X-Instance-Id-Signature': 'ee7b680829e951d6a59cab92df5f07a5b8f434eb7b22e3ce1c46f33921215f97'} {{(pid=106968) __call__ /opt/stack/nova/nova/api/metadata/handler.py:109}}
Apr 02 04:12:14.150627 np0000162632 devstack@n-api-meta.service[106968]: DEBUG nova.api.metadata.handler [None req-c8c875e1-c931-4791-8a7a-febcb549f0d1 None None] Using cached metadata for instance bc6dbb6b-7e80-4378-8b9e-1bef77b0dea5 {{(pid=106968) get_metadata_by_instance_id /opt/stack/nova/nova/api/metadata/handler.py:84}}
Apr 02 04:12:14.151554 np0000162632 devstack@n-api-meta.service[106968]: [pid: 106968|app: 0|req: 4/13] 199.204.45.140 () {40 vars in 713 bytes} [Thu Apr 2 04:12:14 2026] GET /latest/meta-data/placement/availability-zone => generated 4 bytes in 4 msecs (HTTP/1.1 200) 3 headers in 98 bytes (1 switches on core 0)
Apr 02 04:12:14.159387 np0000162632 devstack@n-api-meta.service[106969]: DEBUG nova.api.metadata.handler [None req-3719a38b-eca6-4203-b406-4139d2885ef4 None None] Metadata request headers: {'Host': '199.204.45.140:8775', 'User-Agent': 'python-requests/2.32.5', 'Accept-Encoding': 'gzip, deflate', 'Accept': '*/*', 'Connection': 'keep-alive', 'X-Forwarded-For': '192.168.24.126', 'X-Instance-Id': 'bc6dbb6b-7e80-4378-8b9e-1bef77b0dea5', 'X-Tenant-Id': '4a43df124ad047cd895470042e18b169', 'X-Instance-Id-Signature': 'ee7b680829e951d6a59cab92df5f07a5b8f434eb7b22e3ce1c46f33921215f97'} {{(pid=106969) __call__ /opt/stack/nova/nova/api/metadata/handler.py:109}}
Apr 02 04:12:14.162127 np0000162632 devstack@n-api-meta.service[106969]: DEBUG nova.api.metadata.handler [None req-3719a38b-eca6-4203-b406-4139d2885ef4 None None] Using cached metadata for instance bc6dbb6b-7e80-4378-8b9e-1bef77b0dea5 {{(pid=106969) get_metadata_by_instance_id /opt/stack/nova/nova/api/metadata/handler.py:84}}
Apr 02 04:12:14.162761 np0000162632 devstack@n-api-meta.service[106969]: [pid: 106969|app: 0|req: 4/14] 199.204.45.140 () {40 vars in 671 bytes} [Thu Apr 2 04:12:14 2026] GET /latest/meta-data/ami-id => generated 12 bytes in 4 msecs (HTTP/1.1 200) 3 headers in 99 bytes (1 switches on core 0)
Apr 02 04:12:14.170244 np0000162632 devstack@n-api-meta.service[106967]: DEBUG nova.api.metadata.handler [None req-22411274-a6c5-42e9-b4bf-5dbe66bcc4f4 None None] Metadata request headers: {'Host': '199.204.45.140:8775', 'User-Agent': 'python-requests/2.32.5', 'Accept-Encoding': 'gzip, deflate', 'Accept': '*/*', 'Connection': 'keep-alive', 'X-Forwarded-For': '192.168.24.126', 'X-Instance-Id': 'bc6dbb6b-7e80-4378-8b9e-1bef77b0dea5', 'X-Tenant-Id': '4a43df124ad047cd895470042e18b169', 'X-Instance-Id-Signature': 'ee7b680829e951d6a59cab92df5f07a5b8f434eb7b22e3ce1c46f33921215f97'} {{(pid=106967) __call__ /opt/stack/nova/nova/api/metadata/handler.py:109}}
Apr 02 04:12:14.172754 np0000162632 devstack@n-api-meta.service[106967]: DEBUG nova.api.metadata.handler [None req-22411274-a6c5-42e9-b4bf-5dbe66bcc4f4 None None] Using cached metadata for instance bc6dbb6b-7e80-4378-8b9e-1bef77b0dea5 {{(pid=106967) get_metadata_by_instance_id /opt/stack/nova/nova/api/metadata/handler.py:84}}
Apr 02 04:12:14.173389 np0000162632 devstack@n-api-meta.service[106967]: [pid: 106967|app: 0|req: 4/15] 199.204.45.140 () {40 vars in 691 bytes} [Thu Apr 2 04:12:14 2026] GET /latest/meta-data/ami-launch-index => generated 1 bytes in 4 msecs (HTTP/1.1 200) 3 headers in 98 bytes (1 switches on core 0)
Apr 02 04:12:14.180236 np0000162632 devstack@n-api-meta.service[106970]: DEBUG nova.api.metadata.handler [None req-b7209516-e9cb-426b-8f19-7428db9a5298 None None] Metadata request headers: {'Host': '199.204.45.140:8775', 'User-Agent': 'python-requests/2.32.5', 'Accept-Encoding': 'gzip, deflate', 'Accept': '*/*', 'Connection': 'keep-alive', 'X-Forwarded-For': '192.168.24.126', 'X-Instance-Id': 'bc6dbb6b-7e80-4378-8b9e-1bef77b0dea5', 'X-Tenant-Id': '4a43df124ad047cd895470042e18b169', 'X-Instance-Id-Signature': 'ee7b680829e951d6a59cab92df5f07a5b8f434eb7b22e3ce1c46f33921215f97'} {{(pid=106970) __call__ /opt/stack/nova/nova/api/metadata/handler.py:109}}
Apr 02 04:12:14.182778 np0000162632 devstack@n-api-meta.service[106970]: DEBUG nova.api.metadata.handler [None req-b7209516-e9cb-426b-8f19-7428db9a5298 None None] Using cached metadata for instance bc6dbb6b-7e80-4378-8b9e-1bef77b0dea5 {{(pid=106970) get_metadata_by_instance_id /opt/stack/nova/nova/api/metadata/handler.py:84}}
Apr 02 04:12:14.183239 np0000162632 devstack@n-api-meta.service[106970]: [pid: 106970|app: 0|req: 4/16] 199.204.45.140 () {40 vars in 693 bytes} [Thu Apr 2 04:12:14 2026] GET /latest/meta-data/ami-manifest-path => generated 5 bytes in 3 msecs (HTTP/1.1 200) 3 headers in 98 bytes (1 switches on core 0)
Apr 02 04:12:14.189916 np0000162632 devstack@n-api-meta.service[106968]: DEBUG nova.api.metadata.handler [None req-c8c875e1-c931-4791-8a7a-febcb549f0d1 None None] Metadata request headers: {'Host': '199.204.45.140:8775', 'User-Agent': 'python-requests/2.32.5', 'Accept-Encoding': 'gzip, deflate', 'Accept': '*/*', 'Connection': 'keep-alive', 'X-Forwarded-For': '192.168.24.126', 'X-Instance-Id': 'bc6dbb6b-7e80-4378-8b9e-1bef77b0dea5', 'X-Tenant-Id': '4a43df124ad047cd895470042e18b169', 'X-Instance-Id-Signature': 'ee7b680829e951d6a59cab92df5f07a5b8f434eb7b22e3ce1c46f33921215f97'} {{(pid=106968) __call__ /opt/stack/nova/nova/api/metadata/handler.py:109}}
Apr 02 04:12:14.192674 np0000162632 devstack@n-api-meta.service[106968]: DEBUG nova.api.metadata.handler [None req-c8c875e1-c931-4791-8a7a-febcb549f0d1 None None] Using cached metadata for instance bc6dbb6b-7e80-4378-8b9e-1bef77b0dea5 {{(pid=106968) get_metadata_by_instance_id /opt/stack/nova/nova/api/metadata/handler.py:84}}
Apr 02 04:12:14.193472 np0000162632 devstack@n-api-meta.service[106968]: [pid: 106968|app: 0|req: 5/17] 199.204.45.140 () {40 vars in 675 bytes} [Thu Apr 2 04:12:14 2026] GET /latest/meta-data/hostname => generated 32 bytes in 4 msecs (HTTP/1.1 200) 3 headers in 99 bytes (1 switches on core 0)
Apr 02 04:12:14.201576 np0000162632 devstack@n-api-meta.service[106969]: DEBUG nova.api.metadata.handler [None req-3719a38b-eca6-4203-b406-4139d2885ef4 None None] Metadata request headers: {'Host': '199.204.45.140:8775', 'User-Agent': 'python-requests/2.32.5', 'Accept-Encoding': 'gzip, deflate', 'Accept': '*/*', 'Connection': 'keep-alive', 'X-Forwarded-For': '192.168.24.126', 'X-Instance-Id': 'bc6dbb6b-7e80-4378-8b9e-1bef77b0dea5', 'X-Tenant-Id': '4a43df124ad047cd895470042e18b169', 'X-Instance-Id-Signature': 'ee7b680829e951d6a59cab92df5f07a5b8f434eb7b22e3ce1c46f33921215f97'} {{(pid=106969) __call__ /opt/stack/nova/nova/api/metadata/handler.py:109}}
Apr 02 04:12:14.204881 np0000162632 devstack@n-api-meta.service[106969]: DEBUG nova.api.metadata.handler [None req-3719a38b-eca6-4203-b406-4139d2885ef4 None None] Using cached metadata for instance bc6dbb6b-7e80-4378-8b9e-1bef77b0dea5 {{(pid=106969) get_metadata_by_instance_id /opt/stack/nova/nova/api/metadata/handler.py:84}}
Apr 02 04:12:14.205535 np0000162632 devstack@n-api-meta.service[106969]: [pid: 106969|app: 0|req: 5/18] 199.204.45.140 () {40 vars in 689 bytes} [Thu Apr 2 04:12:14 2026] GET /latest/meta-data/instance-action => generated 4 bytes in 4 msecs (HTTP/1.1 200) 3 headers in 98 bytes (1 switches on core 0)
Apr 02 04:12:14.212859 np0000162632 devstack@n-api-meta.service[106967]: DEBUG nova.api.metadata.handler [None req-22411274-a6c5-42e9-b4bf-5dbe66bcc4f4 None None] Metadata request headers: {'Host': '199.204.45.140:8775', 'User-Agent': 'python-requests/2.32.5', 'Accept-Encoding': 'gzip, deflate', 'Accept': '*/*', 'Connection': 'keep-alive', 'X-Forwarded-For': '192.168.24.126', 'X-Instance-Id': 'bc6dbb6b-7e80-4378-8b9e-1bef77b0dea5', 'X-Tenant-Id': '4a43df124ad047cd895470042e18b169', 'X-Instance-Id-Signature': 'ee7b680829e951d6a59cab92df5f07a5b8f434eb7b22e3ce1c46f33921215f97'} {{(pid=106967) __call__ /opt/stack/nova/nova/api/metadata/handler.py:109}}
Apr 02 04:12:14.215834 np0000162632 devstack@n-api-meta.service[106967]: DEBUG nova.api.metadata.handler [None req-22411274-a6c5-42e9-b4bf-5dbe66bcc4f4 None None] Using cached metadata for instance bc6dbb6b-7e80-4378-8b9e-1bef77b0dea5 {{(pid=106967) get_metadata_by_instance_id /opt/stack/nova/nova/api/metadata/handler.py:84}}
Apr 02 04:12:14.217056 np0000162632 devstack@n-api-meta.service[106967]: [pid: 106967|app: 0|req: 5/19] 199.204.45.140 () {40 vars in 681 bytes} [Thu Apr 2 04:12:14 2026] GET /latest/meta-data/instance-id => generated 10 bytes in 4 msecs (HTTP/1.1 200) 3 headers in 99 bytes (1 switches on core 0)
Apr 02 04:12:14.224274 np0000162632 devstack@n-api-meta.service[106970]: DEBUG nova.api.metadata.handler [None req-b7209516-e9cb-426b-8f19-7428db9a5298 None None] Metadata request headers: {'Host': '199.204.45.140:8775', 'User-Agent': 'python-requests/2.32.5', 'Accept-Encoding': 'gzip, deflate', 'Accept': '*/*', 'Connection': 'keep-alive', 'X-Forwarded-For': '192.168.24.126', 'X-Instance-Id': 'bc6dbb6b-7e80-4378-8b9e-1bef77b0dea5', 'X-Tenant-Id': '4a43df124ad047cd895470042e18b169', 'X-Instance-Id-Signature': 'ee7b680829e951d6a59cab92df5f07a5b8f434eb7b22e3ce1c46f33921215f97'} {{(pid=106970) __call__ /opt/stack/nova/nova/api/metadata/handler.py:109}}
Apr 02 04:12:14.226431 np0000162632 devstack@n-api-meta.service[106970]: DEBUG nova.api.metadata.handler [None req-b7209516-e9cb-426b-8f19-7428db9a5298 None None] Using cached metadata for instance bc6dbb6b-7e80-4378-8b9e-1bef77b0dea5 {{(pid=106970) get_metadata_by_instance_id /opt/stack/nova/nova/api/metadata/handler.py:84}}
Apr 02 04:12:14.226858 np0000162632 devstack@n-api-meta.service[106970]: [pid: 106970|app: 0|req: 5/20] 199.204.45.140 () {40 vars in 685 bytes} [Thu Apr 2 04:12:14 2026] GET /latest/meta-data/instance-type => generated 8 bytes in 3 msecs (HTTP/1.1 200) 3 headers in 98 bytes (1 switches on core 0)
Apr 02 04:12:14.236573 np0000162632 devstack@n-api-meta.service[106968]: DEBUG nova.api.metadata.handler [None req-c8c875e1-c931-4791-8a7a-febcb549f0d1 None None] Metadata request headers: {'Host': '199.204.45.140:8775', 'User-Agent': 'python-requests/2.32.5', 'Accept-Encoding': 'gzip, deflate', 'Accept': '*/*', 'Connection': 'keep-alive', 'X-Forwarded-For': '192.168.24.126', 'X-Instance-Id': 'bc6dbb6b-7e80-4378-8b9e-1bef77b0dea5', 'X-Tenant-Id': '4a43df124ad047cd895470042e18b169', 'X-Instance-Id-Signature': 'ee7b680829e951d6a59cab92df5f07a5b8f434eb7b22e3ce1c46f33921215f97'} {{(pid=106968) __call__ /opt/stack/nova/nova/api/metadata/handler.py:109}}
Apr 02 04:12:14.239536 np0000162632 devstack@n-api-meta.service[106968]: DEBUG nova.api.metadata.handler [None req-c8c875e1-c931-4791-8a7a-febcb549f0d1 None None] Using cached metadata for instance bc6dbb6b-7e80-4378-8b9e-1bef77b0dea5 {{(pid=106968) get_metadata_by_instance_id /opt/stack/nova/nova/api/metadata/handler.py:84}}
Apr 02 04:12:14.239745 np0000162632 devstack@n-api-meta.service[106968]: [pid: 106968|app: 0|req: 6/21] 199.204.45.140 () {40 vars in 687 bytes} [Thu Apr 2 04:12:14 2026] GET /latest/meta-data/local-hostname => generated 32 bytes in 4 msecs (HTTP/1.1 200) 3 headers in 99 bytes (1 switches on core 0)
Apr 02 04:12:14.246148 np0000162632 devstack@n-api-meta.service[106969]: DEBUG nova.api.metadata.handler [None req-3719a38b-eca6-4203-b406-4139d2885ef4 None None] Metadata request headers: {'Host': '199.204.45.140:8775', 'User-Agent': 'python-requests/2.32.5', 'Accept-Encoding': 'gzip, deflate', 'Accept': '*/*', 'Connection': 'keep-alive', 'X-Forwarded-For': '192.168.24.126', 'X-Instance-Id': 'bc6dbb6b-7e80-4378-8b9e-1bef77b0dea5', 'X-Tenant-Id': '4a43df124ad047cd895470042e18b169', 'X-Instance-Id-Signature': 'ee7b680829e951d6a59cab92df5f07a5b8f434eb7b22e3ce1c46f33921215f97'} {{(pid=106969) __call__ /opt/stack/nova/nova/api/metadata/handler.py:109}}
Apr 02 04:12:14.248825 np0000162632 devstack@n-api-meta.service[106969]: DEBUG nova.api.metadata.handler [None req-3719a38b-eca6-4203-b406-4139d2885ef4 None None] Using cached metadata for instance bc6dbb6b-7e80-4378-8b9e-1bef77b0dea5 {{(pid=106969) get_metadata_by_instance_id /opt/stack/nova/nova/api/metadata/handler.py:84}}
Apr 02 04:12:14.249559 np0000162632 devstack@n-api-meta.service[106969]: [pid: 106969|app: 0|req: 6/22] 199.204.45.140 () {40 vars in 679 bytes} [Thu Apr 2 04:12:14 2026] GET /latest/meta-data/local-ipv4 => generated 14 bytes in 4 msecs (HTTP/1.1 200) 3 headers in 99 bytes (1 switches on core 0)
Apr 02 04:12:14.257648 np0000162632 devstack@n-api-meta.service[106967]: DEBUG nova.api.metadata.handler [None req-22411274-a6c5-42e9-b4bf-5dbe66bcc4f4 None None] Metadata request headers: {'Host': '199.204.45.140:8775', 'User-Agent': 'python-requests/2.32.5', 'Accept-Encoding': 'gzip, deflate', 'Accept': '*/*', 'Connection': 'keep-alive', 'X-Forwarded-For': '192.168.24.126', 'X-Instance-Id': 'bc6dbb6b-7e80-4378-8b9e-1bef77b0dea5', 'X-Tenant-Id': '4a43df124ad047cd895470042e18b169', 'X-Instance-Id-Signature': 'ee7b680829e951d6a59cab92df5f07a5b8f434eb7b22e3ce1c46f33921215f97'} {{(pid=106967) __call__ /opt/stack/nova/nova/api/metadata/handler.py:109}}
