+ COMMAND=start + start + for KEYSTONE_WSGI_SCRIPT in keystone-wsgi-public ++ type -p keystone-wsgi-public + cp -a /var/lib/openstack/bin/keystone-wsgi-public /var/www/cgi-bin/keystone/ + '[' -f /etc/apache2/envvars ']' + source /etc/apache2/envvars ++ unset HOME ++ '[' '' '!=' '' ']' ++ SUFFIX= ++ export APACHE_RUN_USER=www-data ++ APACHE_RUN_USER=www-data ++ export APACHE_RUN_GROUP=www-data ++ APACHE_RUN_GROUP=www-data ++ export APACHE_PID_FILE=/var/run/apache2/apache2.pid ++ APACHE_PID_FILE=/var/run/apache2/apache2.pid ++ export APACHE_RUN_DIR=/var/run/apache2 ++ APACHE_RUN_DIR=/var/run/apache2 ++ export APACHE_LOCK_DIR=/var/lock/apache2 ++ APACHE_LOCK_DIR=/var/lock/apache2 ++ export APACHE_LOG_DIR=/var/log/apache2 ++ APACHE_LOG_DIR=/var/log/apache2 ++ export LANG=C ++ LANG=C ++ export LANG + '[' -f /var/run/apache2/apache2.pid ']' + exec apache2 -DFOREGROUND AH00558: apache2: Could not reliably determine the server's fully qualified domain name, using 10.0.0.11. Set the 'ServerName' directive globally to suppress this message AH00558: apache2: Could not reliably determine the server's fully qualified domain name, using 10.0.0.11. Set the 'ServerName' directive globally to suppress this message
[Tue Jun 30 22:29:06.383587 2026] [mpm_event:notice] [pid 1:tid 139999812380544] AH00489: Apache/2.4.58 (Ubuntu) mod_wsgi/5.0.0 Python/3.12 configured -- resuming normal operations
[Tue Jun 30 22:29:06.383758 2026] [core:notice] [pid 1:tid 139999812380544] AH00094: Command line: 'apache2 -D FOREGROUND'
[Tue Jun 30 22:30:07.738746 2026] [wsgi:error] [pid 9:tid 139999174559424] /var/lib/openstack/lib/python3.12/site-packages/oslo_utils/importutils.py:77: EventletDeprecationWarning:
[Tue Jun 30 22:30:07.738789 2026] [wsgi:error] [pid 9:tid 139999174559424] Eventlet is deprecated. It is currently being maintained in bugfix mode, and
[Tue Jun 30 22:30:07.738791 2026] [wsgi:error] [pid 9:tid 139999174559424] we strongly recommend against using it for new projects.
[Tue Jun 30 22:30:07.738792 2026] [wsgi:error] [pid 9:tid 139999174559424]
[Tue Jun 30 22:30:07.738794 2026] [wsgi:error] [pid 9:tid 139999174559424] If you are already using Eventlet, we recommend migrating to a different
[Tue Jun 30 22:30:07.738795 2026] [wsgi:error] [pid 9:tid 139999174559424] framework. For more detail see
[Tue Jun 30 22:30:07.738796 2026] [wsgi:error] [pid 9:tid 139999174559424] https://eventlet.readthedocs.io/en/latest/asyncio/migration.html
[Tue Jun 30 22:30:07.738797 2026] [wsgi:error] [pid 9:tid 139999174559424]
[Tue Jun 30 22:30:07.738798 2026] [wsgi:error] [pid 9:tid 139999174559424] __import__(import_str)
[Tue Jun 30 22:30:07.750083 2026] [wsgi:error] [pid 11:tid 139999174559424] /var/lib/openstack/lib/python3.12/site-packages/oslo_utils/importutils.py:77: EventletDeprecationWarning:
[Tue Jun 30 22:30:07.750159 2026] [wsgi:error] [pid 11:tid 139999174559424] Eventlet is deprecated. It is currently being maintained in bugfix mode, and
[Tue Jun 30 22:30:07.750172 2026] [wsgi:error] [pid 11:tid 139999174559424] we strongly recommend against using it for new projects.
[Tue Jun 30 22:30:07.750183 2026] [wsgi:error] [pid 11:tid 139999174559424]
[Tue Jun 30 22:30:07.750193 2026] [wsgi:error] [pid 11:tid 139999174559424] If you are already using Eventlet, we recommend migrating to a different
[Tue Jun 30 22:30:07.750204 2026] [wsgi:error] [pid 11:tid 139999174559424] framework. For more detail see
[Tue Jun 30 22:30:07.750215 2026] [wsgi:error] [pid 11:tid 139999174559424] https://eventlet.readthedocs.io/en/latest/asyncio/migration.html
[Tue Jun 30 22:30:07.750225 2026] [wsgi:error] [pid 11:tid 139999174559424]
[Tue Jun 30 22:30:07.750234 2026] [wsgi:error] [pid 11:tid 139999174559424] __import__(import_str) 10.0.0.128 - - [30/Jun/2026:22:30:06 +0000] "GET /v3/ HTTP/1.1" 200 249 10.0.0.128 - - [30/Jun/2026:22:30:06 +0000] "GET /v3/ HTTP/1.1" 200 249
[Tue Jun 30 22:30:20.531761 2026] [wsgi:error] [pid 12:tid 139999174559424] /var/lib/openstack/lib/python3.12/site-packages/oslo_utils/importutils.py:77: EventletDeprecationWarning:
[Tue Jun 30 22:30:20.531801 2026] [wsgi:error] [pid 12:tid 139999174559424] Eventlet is deprecated. It is currently being maintained in bugfix mode, and
[Tue Jun 30 22:30:20.531802 2026] [wsgi:error] [pid 12:tid 139999174559424] we strongly recommend against using it for new projects.
[Tue Jun 30 22:30:20.531804 2026] [wsgi:error] [pid 12:tid 139999174559424]
[Tue Jun 30 22:30:20.531805 2026] [wsgi:error] [pid 12:tid 139999174559424] If you are already using Eventlet, we recommend migrating to a different
[Tue Jun 30 22:30:20.531806 2026] [wsgi:error] [pid 12:tid 139999174559424] framework. For more detail see
[Tue Jun 30 22:30:20.531807 2026] [wsgi:error] [pid 12:tid 139999174559424] https://eventlet.readthedocs.io/en/latest/asyncio/migration.html
[Tue Jun 30 22:30:20.531808 2026] [wsgi:error] [pid 12:tid 139999174559424]
[Tue Jun 30 22:30:20.531809 2026] [wsgi:error] [pid 12:tid 139999174559424] __import__(import_str) 10.0.0.209 - - [30/Jun/2026:22:30:19 +0000] "GET / HTTP/1.1" 300 295
[Tue Jun 30 22:30:26.011813 2026] [wsgi:error] [pid 10:tid 139999174559424] /var/lib/openstack/lib/python3.12/site-packages/oslo_utils/importutils.py:77: EventletDeprecationWarning:
[Tue Jun 30 22:30:26.011855 2026] [wsgi:error] [pid 10:tid 139999174559424] Eventlet is deprecated. It is currently being maintained in bugfix mode, and
[Tue Jun 30 22:30:26.011857 2026] [wsgi:error] [pid 10:tid 139999174559424] we strongly recommend against using it for new projects.
[Tue Jun 30 22:30:26.011859 2026] [wsgi:error] [pid 10:tid 139999174559424]
[Tue Jun 30 22:30:26.011860 2026] [wsgi:error] [pid 10:tid 139999174559424] If you are already using Eventlet, we recommend migrating to a different
[Tue Jun 30 22:30:26.011861 2026] [wsgi:error] [pid 10:tid 139999174559424] framework. For more detail see
[Tue Jun 30 22:30:26.011862 2026] [wsgi:error] [pid 10:tid 139999174559424] https://eventlet.readthedocs.io/en/latest/asyncio/migration.html
[Tue Jun 30 22:30:26.011863 2026] [wsgi:error] [pid 10:tid 139999174559424]
[Tue Jun 30 22:30:26.011864 2026] [wsgi:error] [pid 10:tid 139999174559424] __import__(import_str)
[Tue Jun 30 22:30:30.629907 2026] [wsgi:error] [pid 10:tid 139999174559424] [remote 10.0.0.209:46784] 2026-06-30 22:30:30.627 10 WARNING keystone.identity.core [None req-fce5eda5-49b5-4973-9bd7-1cf824a0a16a - - - - - -] Invalid domain name (atmosphere) found in config file name: keystone.exception.DomainNotFound: Could not find domain: atmosphere.
[Tue Jun 30 22:30:30.697225 2026] [wsgi:error] [pid 10:tid 139999174559424] [remote 10.0.0.209:46784] 2026-06-30 22:30:30.696 10 WARNING keystone.common.password_hashing [None req-fce5eda5-49b5-4973-9bd7-1cf824a0a16a - - - - - -] Truncating password to algorithm specific maximum length 72 characters.
[Tue Jun 30 22:30:30.989217 2026] [wsgi:error] [pid 10:tid 139999174559424] [remote 10.0.0.209:46784] 2026-06-30 22:30:30.988 10 WARNING keystone.common.fernet_utils [None req-fce5eda5-49b5-4973-9bd7-1cf824a0a16a - - - - - -] key_repository is world readable: /etc/keystone/fernet-keys/ 10.0.0.209 - - [30/Jun/2026:22:30:25 +0000] "POST /v3/auth/tokens HTTP/1.1" 201 1359
[Tue Jun 30 22:30:31.392969 2026] [wsgi:error] [pid 9:tid 139999174559424] [remote 10.0.0.209:46784] 2026-06-30 22:30:31.389 9 WARNING keystone.identity.core [None req-6e702204-aa32-4496-bb91-34c5db124597 - - - - - -] Invalid domain name (atmosphere) found in config file name: keystone.exception.DomainNotFound: Could not find domain: atmosphere. 10.0.0.209 - - [30/Jun/2026:22:30:31 +0000] "POST /v3/domains HTTP/1.1" 201 261 10.0.0.81 - - [30/Jun/2026:22:30:43 +0000] "GET / HTTP/1.1" 300 295
[Tue Jun 30 22:30:44.244146 2026] [wsgi:error] [pid 12:tid 139999174559424] [remote 10.0.0.81:59328] 2026-06-30 22:30:44.243 12 WARNING keystone.common.password_hashing [None req-f166ba2e-fdd4-4a8e-9523-b05e350570b6 - - - - - -] Truncating password to algorithm specific maximum length 72 characters.
[Tue Jun 30 22:30:44.522814 2026] [wsgi:error] [pid 12:tid 139999174559424] [remote 10.0.0.81:59328] 2026-06-30 22:30:44.522 12 WARNING keystone.common.fernet_utils [None req-f166ba2e-fdd4-4a8e-9523-b05e350570b6 - - - - - -] key_repository is world readable: /etc/keystone/fernet-keys/ 10.0.0.81 - - [30/Jun/2026:22:30:43 +0000] "POST /v3/auth/tokens HTTP/1.1" 201 1359 10.0.0.81 - - [30/Jun/2026:22:30:44 +0000] "GET /v3/roles/admin HTTP/1.1" 404 83
[Tue Jun 30 22:30:44.811906 2026] [wsgi:error] [pid 9:tid 139999174559424] [remote 10.0.0.81:59328] 2026-06-30 22:30:44.811 9 WARNING keystone.common.rbac_enforcer.enforcer [None req-8dfab47c-17f6-41ed-a95b-ae83eae9b3af 966573b32652451e87226d5b5c0b818c f68f32f771bc46cc9f956522cc030995 - - default default] Deprecated policy rules found. Use oslopolicy-policy-generator and oslopolicy-policy-upgrade to detect and resolve deprecated policies in your configuration. 10.0.0.81 - - [30/Jun/2026:22:30:44 +0000] "GET /v3/roles?name=admin HTTP/1.1" 200 389
[Tue Jun 30 22:30:45.358556 2026] [wsgi:error] [pid 11:tid 139999174559424] [remote 10.0.0.81:59328] 2026-06-30 22:30:45.358 11 WARNING keystone.common.rbac_enforcer.enforcer [None req-493fe56b-a7ac-4d53-a7e8-e02491c834d4 966573b32652451e87226d5b5c0b818c f68f32f771bc46cc9f956522cc030995 - - default default] Deprecated policy rules found. Use oslopolicy-policy-generator and oslopolicy-policy-upgrade to detect and resolve deprecated policies in your configuration. 10.0.0.81 - - [30/Jun/2026:22:30:44 +0000] "GET /v3/users/admin-RegionOne HTTP/1.1" 404 93
[Tue Jun 30 22:30:45.615440 2026] [wsgi:error] [pid 12:tid 139999174559424] [remote 10.0.0.81:59328] 2026-06-30 22:30:45.615 12 WARNING keystone.common.rbac_enforcer.enforcer [None req-8c65ed37-4371-4fd2-9277-7c0632c526d4 966573b32652451e87226d5b5c0b818c f68f32f771bc46cc9f956522cc030995 - - default default] Deprecated policy rules found. Use oslopolicy-policy-generator and oslopolicy-policy-upgrade to detect and resolve deprecated policies in your configuration. 10.0.0.81 - - [30/Jun/2026:22:30:45 +0000] "GET /v3/users?name=admin-RegionOne HTTP/1.1" 200 422
[Tue Jun 30 22:30:45.792469 2026] [wsgi:error] [pid 10:tid 139999174559424] [remote 10.0.0.81:59328] 2026-06-30 22:30:45.792 10 WARNING keystone.common.rbac_enforcer.enforcer [None req-035c612e-2767-4e34-b7a2-b4a20ba25e7a 966573b32652451e87226d5b5c0b818c f68f32f771bc46cc9f956522cc030995 - - default default] Deprecated policy rules found. Use oslopolicy-policy-generator and oslopolicy-policy-upgrade to detect and resolve deprecated policies in your configuration. 10.0.0.81 - - [30/Jun/2026:22:30:45 +0000] "GET /v3/domains/default HTTP/1.1" 200 224 10.0.0.81 - - [30/Jun/2026:22:30:45 +0000] "PUT /v3/domains/default/users/966573b32652451e87226d5b5c0b818c/roles/db7d1f3295844004bfeeda522ea60364 HTTP/1.1" 204 - 10.0.0.128 - - [30/Jun/2026:22:30:55 +0000] "GET / HTTP/1.1" 300 280 10.0.0.128 - - [30/Jun/2026:22:30:57 +0000] "GET /v3 HTTP/1.1" 200 265
[Tue Jun 30 22:30:57.339792 2026] [wsgi:error] [pid 10:tid 139999174559424] [remote 10.0.0.128:50990] 2026-06-30 22:30:57.339 10 WARNING keystone.common.password_hashing [None req-ca167df6-fb2c-46f0-8ce6-e3893b67aab3 - - - - - -] Truncating password to algorithm specific maximum length 72 characters.
[Tue Jun 30 22:30:57.614632 2026] [wsgi:error] [pid 10:tid 139999174559424] [remote 10.0.0.128:50990] 2026-06-30 22:30:57.614 10 WARNING keystone.common.fernet_utils [None req-ca167df6-fb2c-46f0-8ce6-e3893b67aab3 - - - - - -] key_repository is world readable: /etc/keystone/fernet-keys/ 10.0.0.128 - - [30/Jun/2026:22:30:57 +0000] "POST /v3/auth/tokens HTTP/1.1" 201 1359 10.0.0.128 - - [30/Jun/2026:22:30:57 +0000] "GET / HTTP/1.1" 300 280 10.0.0.128 - - [30/Jun/2026:22:30:57 +0000] "GET /v3/domains/atmosphere HTTP/1.1" 404 90 10.0.0.128 - - [30/Jun/2026:22:30:57 +0000] "GET /v3/domains?name=atmosphere HTTP/1.1" 200 368 10.0.0.128 - - [30/Jun/2026:22:30:57 +0000] "GET /v3/domains/c5063efa90fa4dada949405eaf38319a HTTP/1.1" 200 246 10.0.0.128 - - [30/Jun/2026:22:30:58 +0000] "GET /v3 HTTP/1.1" 200 265
[Tue Jun 30 22:30:58.770158 2026] [wsgi:error] [pid 11:tid 139999174559424] [remote 10.0.0.128:50988] 2026-06-30 22:30:58.769 11 WARNING keystone.common.password_hashing [None req-a5bf8b50-8ee3-4ec0-9e30-97efce62c636 - - - - - -] Truncating password to algorithm specific maximum length 72 characters.
[Tue Jun 30 22:30:59.057783 2026] [wsgi:error] [pid 11:tid 139999174559424] [remote 10.0.0.128:50988] 2026-06-30 22:30:59.057 11 WARNING keystone.common.fernet_utils [None req-a5bf8b50-8ee3-4ec0-9e30-97efce62c636 - - - - - -] key_repository is world readable: /etc/keystone/fernet-keys/ 10.0.0.128 - - [30/Jun/2026:22:30:58 +0000] "POST /v3/auth/tokens HTTP/1.1" 201 1359 10.0.0.128 - - [30/Jun/2026:22:30:59 +0000] "GET / HTTP/1.1" 300 280 10.0.0.128 - - [30/Jun/2026:22:30:59 +0000] "GET /v3/OS-FEDERATION/identity_providers/atmosphere HTTP/1.1" 404 101 10.0.0.128 - - [30/Jun/2026:22:30:59 +0000] "GET /v3/OS-FEDERATION/identity_providers HTTP/1.1" 200 155 10.0.0.128 - - [30/Jun/2026:22:30:59 +0000] "PUT /v3/OS-FEDERATION/identity_providers/atmosphere HTTP/1.1" 201 340 10.0.0.128 - - [30/Jun/2026:22:31:00 +0000] "GET /v3 HTTP/1.1" 200 265
[Tue Jun 30 22:31:00.027041 2026] [wsgi:error] [pid 10:tid 139999174559424] [remote 10.0.0.128:50988] 2026-06-30 22:31:00.026 10 WARNING keystone.common.password_hashing [None req-67fc6b4f-0367-492c-b2e7-20d0807bef46 - - - - - -] Truncating password to algorithm specific maximum length 72 characters.
[Tue Jun 30 22:31:00.298411 2026] [wsgi:error] [pid 10:tid 139999174559424] [remote 10.0.0.128:50988] 2026-06-30 22:31:00.298 10 WARNING keystone.common.fernet_utils [None req-67fc6b4f-0367-492c-b2e7-20d0807bef46 - - - - - -] key_repository is world readable: /etc/keystone/fernet-keys/ 10.0.0.128 - - [30/Jun/2026:22:31:00 +0000] "POST /v3/auth/tokens HTTP/1.1" 201 1359 10.0.0.128 - - [30/Jun/2026:22:31:00 +0000] "GET / HTTP/1.1" 300 280 10.0.0.128 - - [30/Jun/2026:22:31:00 +0000] "GET /v3/OS-FEDERATION/mappings/atmosphere-openid HTTP/1.1" 404 98 10.0.0.128 - - [30/Jun/2026:22:31:00 +0000] "GET /v3/OS-FEDERATION/mappings HTTP/1.1" 200 135 10.0.0.128 - - [30/Jun/2026:22:31:00 +0000] "PUT /v3/OS-FEDERATION/mappings/atmosphere-openid HTTP/1.1" 201 356 10.0.0.128 - - [30/Jun/2026:22:31:01 +0000] "GET /v3 HTTP/1.1" 200 265
[Tue Jun 30 22:31:01.171261 2026] [wsgi:error] [pid 11:tid 139999174559424] [remote 10.0.0.128:50990] 2026-06-30 22:31:01.170 11 WARNING keystone.common.password_hashing [None req-2002a1ad-4b91-49e3-a1ec-42129489c17c - - - - - -] Truncating password to algorithm specific maximum length 72 characters.
[Tue Jun 30 22:31:01.463960 2026] [wsgi:error] [pid 11:tid 139999174559424] [remote 10.0.0.128:50990] 2026-06-30 22:31:01.463 11 WARNING keystone.common.fernet_utils [None req-2002a1ad-4b91-49e3-a1ec-42129489c17c - - - - - -] key_repository is world readable: /etc/keystone/fernet-keys/ 10.0.0.128 - - [30/Jun/2026:22:31:01 +0000] "POST /v3/auth/tokens HTTP/1.1" 201 1359 10.0.0.128 - - [30/Jun/2026:22:31:01 +0000] "GET / HTTP/1.1" 300 280 10.0.0.128 - - [30/Jun/2026:22:31:01 +0000] "GET /v3/OS-FEDERATION/identity_providers/atmosphere/protocols/openid?idp_id=atmosphere HTTP/1.1" 404 131 10.0.0.128 - - [30/Jun/2026:22:31:01 +0000] "GET /v3/OS-FEDERATION/identity_providers/atmosphere/protocols HTTP/1.1" 200 167 10.0.0.128 - - [30/Jun/2026:22:31:01 +0000] "PUT /v3/OS-FEDERATION/identity_providers/atmosphere/protocols/openid HTTP/1.1" 201 222 10.0.0.128 - - [30/Jun/2026:22:31:06 +0000] "GET /v3/ HTTP/1.1" 200 249 10.0.0.128 - - [30/Jun/2026:22:31:06 +0000] "GET /v3/ HTTP/1.1" 200 249 10.0.0.128 - - [30/Jun/2026:22:32:06 +0000] "GET /v3/ HTTP/1.1" 200 249 10.0.0.128 - - [30/Jun/2026:22:32:06 +0000] "GET /v3/ HTTP/1.1" 200 249 10.0.0.170 - - [30/Jun/2026:22:32:23 +0000] "GET / HTTP/1.1" 300 295
[Tue Jun 30 22:32:23.776553 2026] [wsgi:error] [pid 10:tid 139999174559424] [remote 10.0.0.170:40684] 2026-06-30 22:32:23.776 10 WARNING keystone.common.password_hashing [None req-2f1595f6-2e19-4d6f-aeb3-0660d2848a56 - - - - - -] Truncating password to algorithm specific maximum length 72 characters.
[Tue Jun 30 22:32:24.058517 2026] [wsgi:error] [pid 10:tid 139999174559424] [remote 10.0.0.170:40684] 2026-06-30 22:32:24.058 10 WARNING keystone.common.fernet_utils [None req-2f1595f6-2e19-4d6f-aeb3-0660d2848a56 - - - - - -] key_repository is world readable: /etc/keystone/fernet-keys/ 10.0.0.170 - - [30/Jun/2026:22:32:23 +0000] "POST /v3/auth/tokens HTTP/1.1" 201 1359 10.0.0.170 - - [30/Jun/2026:22:32:24 +0000] "GET /v3/services HTTP/1.1" 200 355 10.0.0.170 - - [30/Jun/2026:22:32:27 +0000] "GET / HTTP/1.1" 300 295
[Tue Jun 30 22:32:27.719247 2026] [wsgi:error] [pid 12:tid 139999174559424] [remote 10.0.0.170:40686] 2026-06-30 22:32:27.719 12 WARNING keystone.common.password_hashing [None req-3f61ac20-24eb-439f-82ce-36d46d2f0b05 - - - - - -] Truncating password to algorithm specific maximum length 72 characters.
[Tue Jun 30 22:32:28.008810 2026] [wsgi:error] [pid 12:tid 139999174559424] [remote 10.0.0.170:40686] 2026-06-30 22:32:28.008 12 WARNING keystone.common.fernet_utils [None req-3f61ac20-24eb-439f-82ce-36d46d2f0b05 - - - - - -] key_repository is world readable: /etc/keystone/fernet-keys/ 10.0.0.170 - - [30/Jun/2026:22:32:27 +0000] "POST /v3/auth/tokens HTTP/1.1" 201 1359 10.0.0.170 - - [30/Jun/2026:22:32:28 +0000] "GET /v3/services HTTP/1.1" 200 355 10.0.0.170 - - [30/Jun/2026:22:32:31 +0000] "GET / HTTP/1.1" 300 295
[Tue Jun 30 22:32:31.653818 2026] [wsgi:error] [pid 11:tid 139999174559424] [remote 10.0.0.170:36468] 2026-06-30 22:32:31.653 11 WARNING keystone.common.password_hashing [None req-c26590f6-a1d8-4ad0-974f-30b9de66c2e7 - - - - - -] Truncating password to algorithm specific maximum length 72 characters.
[Tue Jun 30 22:32:31.933503 2026] [wsgi:error] [pid 11:tid 139999174559424] [remote 10.0.0.170:36468] 2026-06-30 22:32:31.933 11 WARNING keystone.common.fernet_utils [None req-c26590f6-a1d8-4ad0-974f-30b9de66c2e7 - - - - - -] key_repository is world readable: /etc/keystone/fernet-keys/ 10.0.0.170 - - [30/Jun/2026:22:32:31 +0000] "POST /v3/auth/tokens HTTP/1.1" 201 1359 10.0.0.170 - - [30/Jun/2026:22:32:32 +0000] "GET /v3/services HTTP/1.1" 200 355 10.0.0.170 - - [30/Jun/2026:22:32:35 +0000] "GET / HTTP/1.1" 300 295
[Tue Jun 30 22:32:35.594305 2026] [wsgi:error] [pid 9:tid 139999174559424] [remote 10.0.0.170:36470] 2026-06-30 22:32:35.593 9 WARNING keystone.common.password_hashing [None req-9d744480-0caf-43c1-b9c0-f408e31e21a8 - - - - - -] Truncating password to algorithm specific maximum length 72 characters.
[Tue Jun 30 22:32:35.884955 2026] [wsgi:error] [pid 9:tid 139999174559424] [remote 10.0.0.170:36470] 2026-06-30 22:32:35.884 9 WARNING keystone.common.fernet_utils [None req-9d744480-0caf-43c1-b9c0-f408e31e21a8 - - - - - -] key_repository is world readable: /etc/keystone/fernet-keys/ 10.0.0.170 - - [30/Jun/2026:22:32:35 +0000] "POST /v3/auth/tokens HTTP/1.1" 201 1359 10.0.0.170 - - [30/Jun/2026:22:32:35 +0000] "POST /v3/services HTTP/1.1" 201 296 10.0.0.114 - - [30/Jun/2026:22:32:46 +0000] "GET / HTTP/1.1" 300 295
[Tue Jun 30 22:32:46.960166 2026] [wsgi:error] [pid 10:tid 139999174559424] [remote 10.0.0.114:58332] 2026-06-30 22:32:46.959 10 WARNING keystone.common.password_hashing [None req-6bebf905-504a-4e6d-90f4-7eea60c075ed - - - - - -] Truncating password to algorithm specific maximum length 72 characters. 10.0.0.114 - - [30/Jun/2026:22:32:47 +0000] "GET / HTTP/1.1" 300 295
[Tue Jun 30 22:32:47.049422 2026] [wsgi:error] [pid 11:tid 139999174559424] [remote 10.0.0.114:58342] 2026-06-30 22:32:47.049 11 WARNING keystone.common.password_hashing [None req-17eae32b-df09-4a91-8c8d-38dcb831f99b - - - - - -] Truncating password to algorithm specific maximum length 72 characters.
[Tue Jun 30 22:32:47.232947 2026] [wsgi:error] [pid 10:tid 139999174559424] [remote 10.0.0.114:58332] 2026-06-30 22:32:47.232 10 WARNING keystone.common.fernet_utils [None req-6bebf905-504a-4e6d-90f4-7eea60c075ed - - - - - -] key_repository is world readable: /etc/keystone/fernet-keys/ 10.0.0.114 - - [30/Jun/2026:22:32:46 +0000] "POST /v3/auth/tokens HTTP/1.1" 201 1463 10.0.0.114 - - [30/Jun/2026:22:32:47 +0000] "GET / HTTP/1.1" 300 295
[Tue Jun 30 22:32:47.285918 2026] [wsgi:error] [pid 9:tid 139999174559424] [remote 10.0.0.114:58346] 2026-06-30 22:32:47.285 9 WARNING keystone.common.password_hashing [None req-6e193351-790a-4499-8929-a738846255c1 - - - - - -] Truncating password to algorithm specific maximum length 72 characters.
[Tue Jun 30 22:32:47.324409 2026] [wsgi:error] [pid 11:tid 139999174559424] [remote 10.0.0.114:58342] 2026-06-30 22:32:47.324 11 WARNING keystone.common.fernet_utils [None req-17eae32b-df09-4a91-8c8d-38dcb831f99b - - - - - -] key_repository is world readable: /etc/keystone/fernet-keys/ 10.0.0.114 - - [30/Jun/2026:22:32:47 +0000] "POST /v3/auth/tokens HTTP/1.1" 201 1463 10.0.0.114 - - [30/Jun/2026:22:32:47 +0000] "GET /v3/services HTTP/1.1" 200 639 10.0.0.114 - - [30/Jun/2026:22:32:47 +0000] "GET /v3/services HTTP/1.1" 200 639
[Tue Jun 30 22:32:47.573329 2026] [wsgi:error] [pid 9:tid 139999174559424] [remote 10.0.0.114:58346] 2026-06-30 22:32:47.573 9 WARNING keystone.common.fernet_utils [None req-6e193351-790a-4499-8929-a738846255c1 - - - - - -] key_repository is world readable: /etc/keystone/fernet-keys/ 10.0.0.114 - - [30/Jun/2026:22:32:47 +0000] "POST /v3/auth/tokens HTTP/1.1" 201 1463 10.0.0.114 - - [30/Jun/2026:22:32:47 +0000] "GET /v3/services HTTP/1.1" 200 639 10.0.0.114 - - [30/Jun/2026:22:32:48 +0000] "GET / HTTP/1.1" 300 295
[Tue Jun 30 22:32:48.917205 2026] [wsgi:error] [pid 12:tid 139999174559424] [remote 10.0.0.114:58354] 2026-06-30 22:32:48.917 12 WARNING keystone.common.password_hashing [None req-f9064f1b-23c8-4836-ad7c-11430b712d0e - - - - - -] Truncating password to algorithm specific maximum length 72 characters. 10.0.0.114 - - [30/Jun/2026:22:32:49 +0000] "GET / HTTP/1.1" 300 295
[Tue Jun 30 22:32:49.025111 2026] [wsgi:error] [pid 11:tid 139999174559424] [remote 10.0.0.114:58360] 2026-06-30 22:32:49.024 11 WARNING keystone.common.password_hashing [None req-f8db3d42-61d0-4072-8cd3-9329ed4e46fa - - - - - -] Truncating password to algorithm specific maximum length 72 characters.
[Tue Jun 30 22:32:49.191843 2026] [wsgi:error] [pid 12:tid 139999174559424] [remote 10.0.0.114:58354] 2026-06-30 22:32:49.191 12 WARNING keystone.common.fernet_utils [None req-f9064f1b-23c8-4836-ad7c-11430b712d0e - - - - - -] key_repository is world readable: /etc/keystone/fernet-keys/ 10.0.0.114 - - [30/Jun/2026:22:32:48 +0000] "POST /v3/auth/tokens HTTP/1.1" 201 1463 10.0.0.114 - - [30/Jun/2026:22:32:49 +0000] "GET / HTTP/1.1" 300 295
[Tue Jun 30 22:32:49.266522 2026] [wsgi:error] [pid 9:tid 139999174559424] [remote 10.0.0.114:58364] 2026-06-30 22:32:49.266 9 WARNING keystone.common.password_hashing [None req-1c0462a4-a2c1-4f26-bbdf-53d58b77bd91 - - - - - -] Truncating password to algorithm specific maximum length 72 characters.
[Tue Jun 30 22:32:49.296859 2026] [wsgi:error] [pid 11:tid 139999174559424] [remote 10.0.0.114:58360] 2026-06-30 22:32:49.296 11 WARNING keystone.common.fernet_utils [None req-f8db3d42-61d0-4072-8cd3-9329ed4e46fa - - - - - -] key_repository is world readable: /etc/keystone/fernet-keys/ 10.0.0.114 - - [30/Jun/2026:22:32:49 +0000] "POST /v3/auth/tokens HTTP/1.1" 201 1463 10.0.0.114 - - [30/Jun/2026:22:32:49 +0000] "GET /v3/endpoints HTTP/1.1" 200 1226 10.0.0.114 - - [30/Jun/2026:22:32:49 +0000] "GET /v3/services/03a1e7e957ae4ea8b355366d837e49dc HTTP/1.1" 200 233 10.0.0.114 - - [30/Jun/2026:22:32:49 +0000] "GET /v3/services/03a1e7e957ae4ea8b355366d837e49dc HTTP/1.1" 200 233 10.0.0.114 - - [30/Jun/2026:22:32:49 +0000] "GET /v3/services/03a1e7e957ae4ea8b355366d837e49dc HTTP/1.1" 200 233 10.0.0.114 - - [30/Jun/2026:22:32:49 +0000] "GET /v3/endpoints HTTP/1.1" 200 1226 10.0.0.114 - - [30/Jun/2026:22:32:49 +0000] "GET /v3/services/03a1e7e957ae4ea8b355366d837e49dc HTTP/1.1" 200 233 10.0.0.114 - - [30/Jun/2026:22:32:49 +0000] "GET /v3/services/03a1e7e957ae4ea8b355366d837e49dc HTTP/1.1" 200 233 10.0.0.114 - - [30/Jun/2026:22:32:49 +0000] "GET /v3/services/03a1e7e957ae4ea8b355366d837e49dc HTTP/1.1" 200 233
[Tue Jun 30 22:32:49.546220 2026] [wsgi:error] [pid 9:tid 139999174559424] [remote 10.0.0.114:58364] 2026-06-30 22:32:49.546 9 WARNING keystone.common.fernet_utils [None req-1c0462a4-a2c1-4f26-bbdf-53d58b77bd91 - - - - - -] key_repository is world readable: /etc/keystone/fernet-keys/ 10.0.0.114 - - [30/Jun/2026:22:32:49 +0000] "POST /v3/auth/tokens HTTP/1.1" 201 1463 10.0.0.114 - - [30/Jun/2026:22:32:49 +0000] "GET /v3/endpoints HTTP/1.1" 200 1226 10.0.0.114 - - [30/Jun/2026:22:32:49 +0000] "GET /v3/services/03a1e7e957ae4ea8b355366d837e49dc HTTP/1.1" 200 233 10.0.0.114 - - [30/Jun/2026:22:32:49 +0000] "GET /v3/services/03a1e7e957ae4ea8b355366d837e49dc HTTP/1.1" 200 233 10.0.0.114 - - [30/Jun/2026:22:32:49 +0000] "GET /v3/services/03a1e7e957ae4ea8b355366d837e49dc HTTP/1.1" 200 233 10.0.0.114 - - [30/Jun/2026:22:32:50 +0000] "GET / HTTP/1.1" 300 295
[Tue Jun 30 22:32:50.884193 2026] [wsgi:error] [pid 12:tid 139999174559424] [remote 10.0.0.114:59798] 2026-06-30 22:32:50.883 12 WARNING keystone.common.password_hashing [None req-16ae48b5-65ba-48b3-91ae-a099ff2a0ca1 - - - - - -] Truncating password to algorithm specific maximum length 72 characters. 10.0.0.114 - - [30/Jun/2026:22:32:50 +0000] "GET / HTTP/1.1" 300 295
[Tue Jun 30 22:32:50.982817 2026] [wsgi:error] [pid 9:tid 139999174559424] [remote 10.0.0.114:59806] 2026-06-30 22:32:50.982 9 WARNING keystone.common.password_hashing [None req-d02ed8d1-5029-46e2-9bdf-e2b17156d768 - - - - - -] Truncating password to algorithm specific maximum length 72 characters.
[Tue Jun 30 22:32:51.161896 2026] [wsgi:error] [pid 12:tid 139999174559424] [remote 10.0.0.114:59798] 2026-06-30 22:32:51.161 12 WARNING keystone.common.fernet_utils [None req-16ae48b5-65ba-48b3-91ae-a099ff2a0ca1 - - - - - -] key_repository is world readable: /etc/keystone/fernet-keys/ 10.0.0.114 - - [30/Jun/2026:22:32:50 +0000] "POST /v3/auth/tokens HTTP/1.1" 201 1463 10.0.0.114 - - [30/Jun/2026:22:32:51 +0000] "GET / HTTP/1.1" 300 295
[Tue Jun 30 22:32:51.242188 2026] [wsgi:error] [pid 10:tid 139999174559424] [remote 10.0.0.114:59810] 2026-06-30 22:32:51.241 10 WARNING keystone.common.password_hashing [None req-5c93e2ce-38a1-480a-8c2b-a836d09e5c88 - - - - - -] Truncating password to algorithm specific maximum length 72 characters.
[Tue Jun 30 22:32:51.260092 2026] [wsgi:error] [pid 9:tid 139999174559424] [remote 10.0.0.114:59806] 2026-06-30 22:32:51.259 9 WARNING keystone.common.fernet_utils [None req-d02ed8d1-5029-46e2-9bdf-e2b17156d768 - - - - - -] key_repository is world readable: /etc/keystone/fernet-keys/ 10.0.0.114 - - [30/Jun/2026:22:32:50 +0000] "POST /v3/auth/tokens HTTP/1.1" 201 1463 10.0.0.114 - - [30/Jun/2026:22:32:51 +0000] "GET /v3/services/8a8caf7368094e48b037e0c821859e9c HTTP/1.1" 200 296 10.0.0.114 - - [30/Jun/2026:22:32:51 +0000] "GET /v3/regions/RegionOne HTTP/1.1" 200 173 10.0.0.114 - - [30/Jun/2026:22:32:51 +0000] "POST /v3/endpoints HTTP/1.1" 201 380 10.0.0.114 - - [30/Jun/2026:22:32:51 +0000] "GET /v3/services/8a8caf7368094e48b037e0c821859e9c HTTP/1.1" 200 296 10.0.0.114 - - [30/Jun/2026:22:32:51 +0000] "GET /v3/regions/RegionOne HTTP/1.1" 200 173 10.0.0.114 - - [30/Jun/2026:22:32:51 +0000] "POST /v3/endpoints HTTP/1.1" 201 383
[Tue Jun 30 22:32:51.526152 2026] [wsgi:error] [pid 10:tid 139999174559424] [remote 10.0.0.114:59810] 2026-06-30 22:32:51.526 10 WARNING keystone.common.fernet_utils [None req-5c93e2ce-38a1-480a-8c2b-a836d09e5c88 - - - - - -] key_repository is world readable: /etc/keystone/fernet-keys/ 10.0.0.114 - - [30/Jun/2026:22:32:51 +0000] "POST /v3/auth/tokens HTTP/1.1" 201 1822 10.0.0.114 - - [30/Jun/2026:22:32:51 +0000] "GET /v3/services/8a8caf7368094e48b037e0c821859e9c HTTP/1.1" 200 296 10.0.0.114 - - [30/Jun/2026:22:32:51 +0000] "GET /v3/regions/RegionOne HTTP/1.1" 200 173 10.0.0.114 - - [30/Jun/2026:22:32:51 +0000] "POST /v3/endpoints HTTP/1.1" 201 369 10.0.0.114 - - [30/Jun/2026:22:32:52 +0000] "GET / HTTP/1.1" 300 295
[Tue Jun 30 22:32:52.857214 2026] [wsgi:error] [pid 12:tid 139999174559424] [remote 10.0.0.114:59822] 2026-06-30 22:32:52.857 12 WARNING keystone.common.password_hashing [None req-6afb43fd-13e3-4e13-b390-0f1caf2cfdb2 - - - - - -] Truncating password to algorithm specific maximum length 72 characters. 10.0.0.114 - - [30/Jun/2026:22:32:53 +0000] "GET / HTTP/1.1" 300 295
[Tue Jun 30 22:32:53.043905 2026] [wsgi:error] [pid 9:tid 139999174559424] [remote 10.0.0.114:59832] 2026-06-30 22:32:53.043 9 WARNING keystone.common.password_hashing [None req-f09c30e5-5537-4141-a016-562388c8b3c1 - - - - - -] Truncating password to algorithm specific maximum length 72 characters.
[Tue Jun 30 22:32:53.136953 2026] [wsgi:error] [pid 12:tid 139999174559424] [remote 10.0.0.114:59822] 2026-06-30 22:32:53.136 12 WARNING keystone.common.fernet_utils [None req-6afb43fd-13e3-4e13-b390-0f1caf2cfdb2 - - - - - -] key_repository is world readable: /etc/keystone/fernet-keys/ 10.0.0.114 - - [30/Jun/2026:22:32:52 +0000] "POST /v3/auth/tokens HTTP/1.1" 201 1990 10.0.0.114 - - [30/Jun/2026:22:32:53 +0000] "GET / HTTP/1.1" 300 295
[Tue Jun 30 22:32:53.258509 2026] [wsgi:error] [pid 11:tid 139999174559424] [remote 10.0.0.114:59836] 2026-06-30 22:32:53.258 11 WARNING keystone.common.password_hashing [None req-d30e9a0f-218e-4dd5-9bf3-eac1ec4cd8e5 - - - - - -] Truncating password to algorithm specific maximum length 72 characters. 10.0.0.114 - - [30/Jun/2026:22:32:53 +0000] "GET /v3/endpoints/bea6efb4ef924059b87acaa543dd63b2 HTTP/1.1" 200 380 10.0.0.114 - - [30/Jun/2026:22:32:53 +0000] "GET /v3/services/8a8caf7368094e48b037e0c821859e9c HTTP/1.1" 200 296
[Tue Jun 30 22:32:53.375820 2026] [wsgi:error] [pid 9:tid 139999174559424] [remote 10.0.0.114:59832] 2026-06-30 22:32:53.375 9 WARNING keystone.common.fernet_utils [None req-f09c30e5-5537-4141-a016-562388c8b3c1 - - - - - -] key_repository is world readable: /etc/keystone/fernet-keys/ 10.0.0.114 - - [30/Jun/2026:22:32:53 +0000] "POST /v3/auth/tokens HTTP/1.1" 201 1990 10.0.0.114 - - [30/Jun/2026:22:32:53 +0000] "GET /v3/endpoints/d0790dfbd3e541b29b1971eb4df463de HTTP/1.1" 200 383 10.0.0.114 - - [30/Jun/2026:22:32:53 +0000] "GET /v3/services/8a8caf7368094e48b037e0c821859e9c HTTP/1.1" 200 296
[Tue Jun 30 22:32:53.543667 2026] [wsgi:error] [pid 11:tid 139999174559424] [remote 10.0.0.114:59836] 2026-06-30 22:32:53.543 11 WARNING keystone.common.fernet_utils [None req-d30e9a0f-218e-4dd5-9bf3-eac1ec4cd8e5 - - - - - -] key_repository is world readable: /etc/keystone/fernet-keys/ 10.0.0.114 - - [30/Jun/2026:22:32:53 +0000] "POST /v3/auth/tokens HTTP/1.1" 201 1990 10.0.0.114 - - [30/Jun/2026:22:32:53 +0000] "GET /v3/endpoints/c72cf4be64fd40e1a303f91adf471db9 HTTP/1.1" 200 369 10.0.0.114 - - [30/Jun/2026:22:32:53 +0000] "GET /v3/services/8a8caf7368094e48b037e0c821859e9c HTTP/1.1" 200 296 10.0.0.182 - - [30/Jun/2026:22:33:05 +0000] "GET / HTTP/1.1" 300 295
[Tue Jun 30 22:33:05.211613 2026] [wsgi:error] [pid 11:tid 139999174559424] [remote 10.0.0.182:53318] 2026-06-30 22:33:05.211 11 WARNING keystone.common.password_hashing [None req-d87ee0ef-54c9-4fc1-b7c0-3e9ad67f9fa8 - - - - - -] Truncating password to algorithm specific maximum length 72 characters.
[Tue Jun 30 22:33:05.491905 2026] [wsgi:error] [pid 11:tid 139999174559424] [remote 10.0.0.182:53318] 2026-06-30 22:33:05.491 11 WARNING keystone.common.fernet_utils [None req-d87ee0ef-54c9-4fc1-b7c0-3e9ad67f9fa8 - - - - - -] key_repository is world readable: /etc/keystone/fernet-keys/ 10.0.0.182 - - [30/Jun/2026:22:33:05 +0000] "POST /v3/auth/tokens HTTP/1.1" 201 1990 10.0.0.182 - - [30/Jun/2026:22:33:05 +0000] "POST /v3/domains HTTP/1.1" 201 284 10.0.0.128 - - [30/Jun/2026:22:33:06 +0000] "GET /v3/ HTTP/1.1" 200 249 10.0.0.128 - - [30/Jun/2026:22:33:06 +0000] "GET /v3/ HTTP/1.1" 200 249 10.0.0.182 - - [30/Jun/2026:22:33:07 +0000] "GET / HTTP/1.1" 300 295
[Tue Jun 30 22:33:07.464703 2026] [wsgi:error] [pid 9:tid 139999174559424] [remote 10.0.0.182:53334] 2026-06-30 22:33:07.464 9 WARNING keystone.common.password_hashing [None req-c5b56e3f-b6a0-4dd2-8ba6-bfed42cc1c2c - - - - - -] Truncating password to algorithm specific maximum length 72 characters.
[Tue Jun 30 22:33:07.747946 2026] [wsgi:error] [pid 9:tid 139999174559424] [remote 10.0.0.182:53334] 2026-06-30 22:33:07.747 9 WARNING keystone.common.fernet_utils [None req-c5b56e3f-b6a0-4dd2-8ba6-bfed42cc1c2c - - - - - -] key_repository is world readable: /etc/keystone/fernet-keys/ 10.0.0.182 - - [30/Jun/2026:22:33:07 +0000] "POST /v3/auth/tokens HTTP/1.1" 201 1990
[Tue Jun 30 22:33:07.942388 2026] [wsgi:error] [pid 10:tid 139999174559424] [remote 10.0.0.182:53334] 2026-06-30 22:33:07.930 10 ERROR keystone.server.flask.application [None req-eef7bf10-1d45-4c61-9696-0ab0dafeaedc 966573b32652451e87226d5b5c0b818c f68f32f771bc46cc9f956522cc030995 - - default default] Conflict occurred attempting to store project - it is not permitted to have two projects acting as domains with the same name: service.: keystone.exception.Conflict: Conflict occurred attempting to store project - it is not permitted to have two projects acting as domains with the same name: service.
[Tue Jun 30 22:33:07.942410 2026] [wsgi:error] [pid 10:tid 139999174559424] [remote 10.0.0.182:53334] 2026-06-30 22:33:07.930 10 ERROR keystone.server.flask.application
Traceback (most recent call last):
[Tue Jun 30 22:33:07.942412 2026] [wsgi:error] [pid 10:tid 139999174559424] [remote 10.0.0.182:53334] 2026-06-30 22:33:07.930 10 ERROR keystone.server.flask.application
File "/var/lib/openstack/lib/python3.12/site-packages/sqlalchemy/engine/base.py", line 1969, in _exec_single_context
[Tue Jun 30 22:33:07.942414 2026] [wsgi:error] [pid 10:tid 139999174559424] [remote 10.0.0.182:53334] 2026-06-30 22:33:07.930 10 ERROR keystone.server.flask.application self.dialect.do_execute(
[Tue Jun 30 22:33:07.942415 2026] [wsgi:error] [pid 10:tid 139999174559424] [remote 10.0.0.182:53334] 2026-06-30 22:33:07.930 10 ERROR keystone.server.flask.application
File "/var/lib/openstack/lib/python3.12/site-packages/sqlalchemy/engine/default.py", line 952, in do_execute
[Tue Jun 30 22:33:07.942417 2026] [wsgi:error] [pid 10:tid 139999174559424] [remote 10.0.0.182:53334] 2026-06-30 22:33:07.930 10 ERROR keystone.server.flask.application cursor.execute(statement, parameters)
[Tue Jun 30 22:33:07.942418 2026] [wsgi:error] [pid 10:tid 139999174559424] [remote 10.0.0.182:53334] 2026-06-30 22:33:07.930 10 ERROR keystone.server.flask.application
File "/var/lib/openstack/lib/python3.12/site-packages/pymysql/cursors.py", line 159, in execute
[Tue Jun 30 22:33:07.942420 2026] [wsgi:error] [pid 10:tid 139999174559424] [remote 10.0.0.182:53334] 2026-06-30 22:33:07.930 10 ERROR keystone.server.flask.application result = self._query(query)
[Tue Jun 30 22:33:07.942421 2026] [wsgi:error] [pid 10:tid 139999174559424] [remote 10.0.0.182:53334] 2026-06-30 22:33:07.930 10 ERROR keystone.server.flask.application ^^^^^^^^^^^^^^^^^^
[Tue Jun 30 22:33:07.942422 2026] [wsgi:error] [pid 10:tid 139999174559424] [remote 10.0.0.182:53334] 2026-06-30 22:33:07.930 10 ERROR keystone.server.flask.application
File "/var/lib/openstack/lib/python3.12/site-packages/pymysql/cursors.py", line 330, in _query
[Tue Jun 30 22:33:07.942424 2026] [wsgi:error] [pid 10:tid 139999174559424] [remote 10.0.0.182:53334] 2026-06-30 22:33:07.930 10 ERROR keystone.server.flask.application conn.query(q)
[Tue Jun 30 22:33:07.942425 2026] [wsgi:error] [pid 10:tid 139999174559424] [remote 10.0.0.182:53334] 2026-06-30 22:33:07.930 10 ERROR keystone.server.flask.application
File "/var/lib/openstack/lib/python3.12/site-packages/pymysql/connections.py", line 582, in query
[Tue Jun 30 22:33:07.942427 2026] [wsgi:error] [pid 10:tid 139999174559424] [remote 10.0.0.182:53334] 2026-06-30 22:33:07.930 10 ERROR keystone.server.flask.application self._affected_rows = self._read_query_result(unbuffered=unbuffered)
[Tue Jun 30 22:33:07.942428 2026] [wsgi:error] [pid 10:tid 139999174559424] [remote 10.0.0.182:53334] 2026-06-30 22:33:07.930 10 ERROR keystone.server.flask.application ^^^^^^^^^^^^^^^^^^^^^^^^^^^^^^^^^^^^^^^^^^^^^^
[Tue Jun 30 22:33:07.942429 2026] [wsgi:error] [pid 10:tid 139999174559424] [remote 10.0.0.182:53334] 2026-06-30 22:33:07.930 10 ERROR keystone.server.flask.application
File "/var/lib/openstack/lib/python3.12/site-packages/pymysql/connections.py", line 847, in _read_query_result
[Tue Jun 30 22:33:07.942431 2026] [wsgi:error] [pid 10:tid 139999174559424] [remote 10.0.0.182:53334] 2026-06-30 22:33:07.930 10 ERROR keystone.server.flask.application result.read()
[Tue Jun 30 22:33:07.942433 2026] [wsgi:error] [pid 10:tid 139999174559424] [remote 10.0.0.182:53334] 2026-06-30 22:33:07.930 10 ERROR keystone.server.flask.application
File "/var/lib/openstack/lib/python3.12/site-packages/pymysql/connections.py", line 1245, in read
[Tue Jun 30 22:33:07.942435 2026] [wsgi:error] [pid 10:tid 139999174559424] [remote 10.0.0.182:53334] 2026-06-30 22:33:07.930 10 ERROR keystone.server.flask.application first_packet = self.connection._read_packet()
[Tue Jun 30 22:33:07.942436 2026] [wsgi:error] [pid 10:tid 139999174559424] [remote 10.0.0.182:53334] 2026-06-30 22:33:07.930 10 ERROR keystone.server.flask.application ^^^^^^^^^^^^^^^^^^^^^^^^^^^^^^
[Tue Jun 30 22:33:07.942438 2026] [wsgi:error] [pid 10:tid 139999174559424] [remote 10.0.0.182:53334] 2026-06-30 22:33:07.930 10 ERROR keystone.server.flask.application
File "/var/lib/openstack/lib/python3.12/site-packages/pymysql/connections.py", line 803, in _read_packet
[Tue Jun 30 22:33:07.942439 2026] [wsgi:error] [pid 10:tid 139999174559424] [remote 10.0.0.182:53334] 2026-06-30 22:33:07.930 10 ERROR keystone.server.flask.application packet.raise_for_error()
[Tue Jun 30 22:33:07.942440 2026] [wsgi:error] [pid 10:tid 139999174559424] [remote 10.0.0.182:53334] 2026-06-30 22:33:07.930 10 ERROR keystone.server.flask.application
File "/var/lib/openstack/lib/python3.12/site-packages/pymysql/protocol.py", line 219, in raise_for_error
[Tue Jun 30 22:33:07.942442 2026] [wsgi:error] [pid 10:tid 139999174559424] [remote 10.0.0.182:53334] 2026-06-30 22:33:07.930 10 ERROR keystone.server.flask.application err.raise_mysql_exception(self._data)
[Tue Jun 30 22:33:07.942443 2026] [wsgi:error] [pid 10:tid 139999174559424] [remote 10.0.0.182:53334] 2026-06-30 22:33:07.930 10 ERROR keystone.server.flask.application
File "/var/lib/openstack/lib/python3.12/site-packages/pymysql/err.py", line 154, in raise_mysql_exception
[Tue Jun 30 22:33:07.942445 2026] [wsgi:error] [pid 10:tid 139999174559424] [remote 10.0.0.182:53334] 2026-06-30 22:33:07.930 10 ERROR keystone.server.flask.application raise errorclass(errno, errval, sqlstate=sqlstate)
[Tue Jun 30 22:33:07.942446 2026] [wsgi:error] [pid 10:tid 139999174559424] [remote 10.0.0.182:53334] 2026-06-30 22:33:07.930 10 ERROR keystone.server.flask.application pymysql.err.IntegrityError: (1062, "Duplicate entry '<>-service' for key 'project.ixu_project_name_domain_id'")
[Tue Jun 30 22:33:07.942448 2026] [wsgi:error] [pid 10:tid 139999174559424] [remote 10.0.0.182:53334] 2026-06-30 22:33:07.930 10 ERROR keystone.server.flask.application
[Tue Jun 30 22:33:07.942449 2026] [wsgi:error] [pid 10:tid 139999174559424] [remote 10.0.0.182:53334] 2026-06-30 22:33:07.930 10 ERROR keystone.server.flask.application The above exception was the direct cause of the following exception:
[Tue Jun 30 22:33:07.942450 2026] [wsgi:error] [pid 10:tid 139999174559424] [remote 10.0.0.182:53334] 2026-06-30 22:33:07.930 10 ERROR keystone.server.flask.application
[Tue Jun 30 22:33:07.942452 2026] [wsgi:error] [pid 10:tid 139999174559424] [remote 10.0.0.182:53334] 2026-06-30 22:33:07.930 10 ERROR keystone.server.flask.application
Traceback (most recent call last):
[Tue Jun 30 22:33:07.942453 2026] [wsgi:error] [pid 10:tid 139999174559424] [remote 10.0.0.182:53334] 2026-06-30 22:33:07.930 10 ERROR keystone.server.flask.application
File "/var/lib/openstack/lib/python3.12/site-packages/keystone/common/sql/core.py", line 575, in wrapper
[Tue Jun 30 22:33:07.942455 2026] [wsgi:error] [pid 10:tid 139999174559424] [remote 10.0.0.182:53334] 2026-06-30 22:33:07.930 10 ERROR keystone.server.flask.application return method(*args, **kwargs)
[Tue Jun 30 22:33:07.942456 2026] [wsgi:error] [pid 10:tid 139999174559424] [remote 10.0.0.182:53334] 2026-06-30 22:33:07.930 10 ERROR keystone.server.flask.application ^^^^^^^^^^^^^^^^^^^^^^^
[Tue Jun 30 22:33:07.942458 2026] [wsgi:error] [pid 10:tid 139999174559424] [remote 10.0.0.182:53334] 2026-06-30 22:33:07.930 10 ERROR keystone.server.flask.application
File "/var/lib/openstack/lib/python3.12/site-packages/keystone/resource/backends/sql.py", line 278, in create_project
[Tue Jun 30 22:33:07.942460 2026] [wsgi:error] [pid 10:tid 139999174559424] [remote 10.0.0.182:53334] 2026-06-30 22:33:07.930 10 ERROR keystone.server.flask.application with sql.session_for_write() as session:
[Tue Jun 30 22:33:07.942461 2026] [wsgi:error] [pid 10:tid 139999174559424] [remote 10.0.0.182:53334] 2026-06-30 22:33:07.930 10 ERROR keystone.server.flask.application
File "/usr/lib/python3.12/contextlib.py", line 144, in __exit__
[Tue Jun 30 22:33:07.942462 2026] [wsgi:error] [pid 10:tid 139999174559424] [remote 10.0.0.182:53334] 2026-06-30 22:33:07.930 10 ERROR keystone.server.flask.application next(self.gen)
[Tue Jun 30 22:33:07.942464 2026] [wsgi:error] [pid 10:tid 139999174559424] [remote 10.0.0.182:53334] 2026-06-30 22:33:07.930 10 ERROR keystone.server.flask.application
File "/var/lib/openstack/lib/python3.12/site-packages/oslo_db/sqlalchemy/enginefacade.py", line 1175, in _transaction_scope
[Tue Jun 30 22:33:07.942465 2026] [wsgi:error] [pid 10:tid 139999174559424] [remote 10.0.0.182:53334] 2026-06-30 22:33:07.930 10 ERROR keystone.server.flask.application with current._produce_block(
[Tue Jun 30 22:33:07.942466 2026] [wsgi:error] [pid 10:tid 139999174559424] [remote 10.0.0.182:53334] 2026-06-30 22:33:07.930 10 ERROR keystone.server.flask.application
File "/usr/lib/python3.12/contextlib.py", line 144, in __exit__
[Tue Jun 30 22:33:07.942468 2026] [wsgi:error] [pid 10:tid 139999174559424] [remote 10.0.0.182:53334] 2026-06-30 22:33:07.930 10 ERROR keystone.server.flask.application next(self.gen)
[Tue Jun 30 22:33:07.942469 2026] [wsgi:error] [pid 10:tid 139999174559424] [remote 10.0.0.182:53334] 2026-06-30 22:33:07.930 10 ERROR keystone.server.flask.application
File "/var/lib/openstack/lib/python3.12/site-packages/oslo_db/sqlalchemy/enginefacade.py", line 837, in _session
[Tue Jun 30 22:33:07.942471 2026] [wsgi:error] [pid 10:tid 139999174559424] [remote 10.0.0.182:53334] 2026-06-30 22:33:07.930 10 ERROR keystone.server.flask.application with excutils.save_and_reraise_exception():
[Tue Jun 30 22:33:07.942472 2026] [wsgi:error] [pid 10:tid 139999174559424] [remote 10.0.0.182:53334] 2026-06-30 22:33:07.930 10 ERROR keystone.server.flask.application
File "/var/lib/openstack/lib/python3.12/site-packages/oslo_utils/excutils.py", line 266, in __exit__
[Tue Jun 30 22:33:07.942474 2026] [wsgi:error] [pid 10:tid 139999174559424] [remote 10.0.0.182:53334] 2026-06-30 22:33:07.930 10 ERROR keystone.server.flask.application self.force_reraise()
[Tue Jun 30 22:33:07.942475 2026] [wsgi:error] [pid 10:tid 139999174559424] [remote 10.0.0.182:53334] 2026-06-30 22:33:07.930 10 ERROR keystone.server.flask.application
File "/var/lib/openstack/lib/python3.12/site-packages/oslo_utils/excutils.py", line 232, in force_reraise
[Tue Jun 30 22:33:07.942476 2026] [wsgi:error] [pid 10:tid 139999174559424] [remote 10.0.0.182:53334] 2026-06-30 22:33:07.930 10 ERROR keystone.server.flask.application raise self.value
[Tue Jun 30 22:33:07.942478 2026] [wsgi:error] [pid 10:tid 139999174559424] [remote 10.0.0.182:53334] 2026-06-30 22:33:07.930 10 ERROR keystone.server.flask.application
File "/var/lib/openstack/lib/python3.12/site-packages/oslo_db/sqlalchemy/enginefacade.py", line 835, in _session
[Tue Jun 30 22:33:07.942479 2026] [wsgi:error] [pid 10:tid 139999174559424] [remote 10.0.0.182:53334] 2026-06-30 22:33:07.930 10 ERROR keystone.server.flask.application self._end_session_transaction(self.session)
[Tue Jun 30 22:33:07.942480 2026] [wsgi:error] [pid 10:tid 139999174559424] [remote 10.0.0.182:53334] 2026-06-30 22:33:07.930 10 ERROR keystone.server.flask.application
File "/var/lib/openstack/lib/python3.12/site-packages/oslo_db/sqlalchemy/enginefacade.py", line 748, in _end_session_transaction
[Tue Jun 30 22:33:07.942483 2026] [wsgi:error] [pid 10:tid 139999174559424] [remote 10.0.0.182:53334] 2026-06-30 22:33:07.930 10 ERROR keystone.server.flask.application session.commit()
[Tue Jun 30 22:33:07.942484 2026] [wsgi:error] [pid 10:tid 139999174559424] [remote 10.0.0.182:53334] 2026-06-30 22:33:07.930 10 ERROR keystone.server.flask.application
File "/var/lib/openstack/lib/python3.12/site-packages/sqlalchemy/orm/session.py", line 2034, in commit
[Tue Jun 30 22:33:07.942485 2026] [wsgi:error] [pid 10:tid 139999174559424] [remote 10.0.0.182:53334] 2026-06-30 22:33:07.930 10 ERROR keystone.server.flask.application trans.commit(_to_root=True)
[Tue Jun 30 22:33:07.942487 2026] [wsgi:error] [pid 10:tid 139999174559424] [remote 10.0.0.182:53334] 2026-06-30 22:33:07.930 10 ERROR keystone.server.flask.application File "", line 2, in commit
[Tue Jun 30 22:33:07.942488 2026] [wsgi:error] [pid 10:tid 139999174559424] [remote 10.0.0.182:53334] 2026-06-30 22:33:07.930 10 ERROR keystone.server.flask.application
File "/var/lib/openstack/lib/python3.12/site-packages/sqlalchemy/orm/state_changes.py", line 137, in _go
[Tue Jun 30 22:33:07.942489 2026] [wsgi:error] [pid 10:tid 139999174559424] [remote 10.0.0.182:53334] 2026-06-30 22:33:07.930 10 ERROR keystone.server.flask.application ret_value = fn(self, *arg, **kw)
[Tue Jun 30 22:33:07.942491 2026] [wsgi:error] [pid 10:tid 139999174559424] [remote 10.0.0.182:53334] 2026-06-30 22:33:07.930 10 ERROR keystone.server.flask.application ^^^^^^^^^^^^^^^^^^^^
[Tue Jun 30 22:33:07.942492 2026] [wsgi:error] [pid 10:tid 139999174559424] [remote 10.0.0.182:53334] 2026-06-30 22:33:07.930 10 ERROR keystone.server.flask.application
File "/var/lib/openstack/lib/python3.12/site-packages/sqlalchemy/orm/session.py", line 1315, in commit
[Tue Jun 30 22:33:07.942493 2026] [wsgi:error] [pid 10:tid 139999174559424] [remote 10.0.0.182:53334] 2026-06-30 22:33:07.930 10 ERROR keystone.server.flask.application self._prepare_impl()
[Tue Jun 30 22:33:07.942495 2026] [wsgi:error] [pid 10:tid 139999174559424] [remote 10.0.0.182:53334] 2026-06-30 22:33:07.930 10 ERROR keystone.server.flask.application File "", line 2, in _prepare_impl
[Tue Jun 30 22:33:07.942496 2026] [wsgi:error] [pid 10:tid 139999174559424] [remote 10.0.0.182:53334] 2026-06-30 22:33:07.930 10 ERROR keystone.server.flask.application
File "/var/lib/openstack/lib/python3.12/site-packages/sqlalchemy/orm/state_changes.py", line 137, in _go
[Tue Jun 30 22:33:07.942498 2026] [wsgi:error] [pid 10:tid 139999174559424] [remote 10.0.0.182:53334] 2026-06-30 22:33:07.930 10 ERROR keystone.server.flask.application ret_value = fn(self, *arg, **kw)
[Tue Jun 30 22:33:07.942506 2026] [wsgi:error] [pid 10:tid 139999174559424] [remote 10.0.0.182:53334] 2026-06-30 22:33:07.930 10 ERROR keystone.server.flask.application ^^^^^^^^^^^^^^^^^^^^
[Tue Jun 30 22:33:07.942508 2026] [wsgi:error] [pid 10:tid 139999174559424] [remote 10.0.0.182:53334] 2026-06-30 22:33:07.930 10 ERROR keystone.server.flask.application
File "/var/lib/openstack/lib/python3.12/site-packages/sqlalchemy/orm/session.py", line 1290, in _prepare_impl
[Tue Jun 30 22:33:07.942509 2026] [wsgi:error] [pid 10:tid 139999174559424] [remote 10.0.0.182:53334] 2026-06-30 22:33:07.930 10 ERROR keystone.server.flask.application self.session.flush()
[Tue Jun 30 22:33:07.942510 2026] [wsgi:error] [pid 10:tid 139999174559424] [remote 10.0.0.182:53334] 2026-06-30 22:33:07.930 10 ERROR keystone.server.flask.application
File "/var/lib/openstack/lib/python3.12/site-packages/sqlalchemy/orm/session.py", line 4352, in flush
[Tue Jun 30 22:33:07.942512 2026] [wsgi:error] [pid 10:tid 139999174559424] [remote 10.0.0.182:53334] 2026-06-30 22:33:07.930 10 ERROR keystone.server.flask.application self._flush(objects)
[Tue Jun 30 22:33:07.942513 2026] [wsgi:error] [pid 10:tid 139999174559424] [remote 10.0.0.182:53334] 2026-06-30 22:33:07.930 10 ERROR keystone.server.flask.application
File "/var/lib/openstack/lib/python3.12/site-packages/sqlalchemy/orm/session.py", line 4487, in _flush
[Tue Jun 30 22:33:07.942514 2026] [wsgi:error] [pid 10:tid 139999174559424] [remote 10.0.0.182:53334] 2026-06-30 22:33:07.930 10 ERROR keystone.server.flask.application with util.safe_reraise():
[Tue Jun 30 22:33:07.942516 2026] [wsgi:error] [pid 10:tid 139999174559424] [remote 10.0.0.182:53334] 2026-06-30 22:33:07.930 10 ERROR keystone.server.flask.application
File "/var/lib/openstack/lib/python3.12/site-packages/sqlalchemy/util/langhelpers.py", line 122, in __exit__
[Tue Jun 30 22:33:07.942517 2026] [wsgi:error] [pid 10:tid 139999174559424] [remote 10.0.0.182:53334] 2026-06-30 22:33:07.930 10 ERROR keystone.server.flask.application raise exc_value.with_traceback(exc_tb)
[Tue Jun 30 22:33:07.942519 2026] [wsgi:error] [pid 10:tid 139999174559424] [remote 10.0.0.182:53334] 2026-06-30 22:33:07.930 10 ERROR keystone.server.flask.application
File "/var/lib/openstack/lib/python3.12/site-packages/sqlalchemy/orm/session.py", line 4448, in _flush
[Tue Jun 30 22:33:07.942520 2026] [wsgi:error] [pid 10:tid 139999174559424] [remote 10.0.0.182:53334] 2026-06-30 22:33:07.930 10 ERROR keystone.server.flask.application flush_context.execute()
