Jun 18 13:39:31.787353 np0000182128 neutron-rpc-server[104482]: DEBUG ovsdbapp.backend.ovs_idl [None req-29bd6910-4a34-4ddf-becd-543bf0c9638a None None] Created lookup_table index Logical_Router.name {{(pid=104482) autocreate_indices /opt/stack/data/venv/lib/python3.12/site-packages/ovsdbapp/backend/ovs_idl/__init__.py:87}}
Jun 18 13:39:31.787461 np0000182128 neutron-rpc-server[104529]: DEBUG cotyledon.oslo_config_glue [-] OVS.igmp_snooping_enable = False {{(pid=104529) log_opt_values /opt/stack/data/venv/lib/python3.12/site-packages/oslo_config/cfg.py:3253}}
Jun 18 13:39:31.787578 np0000182128 neutron-rpc-server[104484]: ERROR neutron.common.ovn.hash_ring_manager [None req-0c0e367d-0b61-415a-8154-b5452a5b6f9d None None] The Neutron API workers count is zero
Jun 18 13:39:31.787683 np0000182128 neutron-rpc-server[104529]: DEBUG cotyledon.oslo_config_glue [-] OVS.ovsdb_timeout = 10 {{(pid=104529) log_opt_values /opt/stack/data/venv/lib/python3.12/site-packages/oslo_config/cfg.py:3253}}
Jun 18 13:39:31.787683 np0000182128 neutron-rpc-server[104529]: DEBUG cotyledon.oslo_config_glue [-] ovn_nb_global.fdb_removal_limit = 0 {{(pid=104529) log_opt_values /opt/stack/data/venv/lib/python3.12/site-packages/oslo_config/cfg.py:3253}}
Jun 18 13:39:31.787683 np0000182128 neutron-rpc-server[104529]: DEBUG cotyledon.oslo_config_glue [-] ovn_nb_global.ignore_lsp_down = False {{(pid=104529) log_opt_values /opt/stack/data/venv/lib/python3.12/site-packages/oslo_config/cfg.py:3253}}
Jun 18 13:39:31.787683 np0000182128 neutron-rpc-server[104529]: DEBUG cotyledon.oslo_config_glue [-] ovn_nb_global.mac_binding_removal_limit = 0 {{(pid=104529) log_opt_values /opt/stack/data/venv/lib/python3.12/site-packages/oslo_config/cfg.py:3253}}
Jun 18 13:39:31.787683 np0000182128 neutron-rpc-server[104529]: DEBUG cotyledon.oslo_config_glue [-] ******************************************************************************** {{(pid=104529) log_opt_values /opt/stack/data/venv/lib/python3.12/site-packages/oslo_config/cfg.py:3260}}
Jun 18 13:39:31.787991 np0000182128 neutron-rpc-server[104482]: DEBUG ovsdbapp.backend.ovs_idl [None req-29bd6910-4a34-4ddf-becd-543bf0c9638a None None] Created lookup_table index Load_Balancer.name {{(pid=104482) autocreate_indices /opt/stack/data/venv/lib/python3.12/site-packages/ovsdbapp/backend/ovs_idl/__init__.py:87}}
Jun 18 13:39:31.788085 np0000182128 neutron-rpc-server[104529]: DEBUG cotyledon._service_worker [-] Run service ServiceWrapper(6) [104529] {{(pid=104529) wait_forever /opt/stack/data/venv/lib/python3.12/site-packages/cotyledon/_service_worker.py:218}}
Jun 18 13:39:31.788181 np0000182128 neutron-rpc-server[104484]: ERROR neutron.plugins.ml2.drivers.ovn.mech_driver.ovsdb.ovsdb_monitor [None req-0c0e367d-0b61-415a-8154-b5452a5b6f9d None None] The Neutron API workers count is zero: RuntimeError: The Neutron API workers count is zero
Jun 18 13:39:31.788181 np0000182128 neutron-rpc-server[104484]: ERROR neutron.plugins.ml2.drivers.ovn.mech_driver.ovsdb.ovsdb_monitor
Traceback (most recent call last):
Jun 18 13:39:31.788181 np0000182128 neutron-rpc-server[104484]: ERROR neutron.plugins.ml2.drivers.ovn.mech_driver.ovsdb.ovsdb_monitor
File "/opt/stack/neutron/neutron/plugins/ml2/drivers/ovn/mech_driver/ovsdb/ovsdb_monitor.py", line 989, in notify
Jun 18 13:39:31.788181 np0000182128 neutron-rpc-server[104484]: ERROR neutron.plugins.ml2.drivers.ovn.mech_driver.ovsdb.ovsdb_monitor target_node, node_last_touch = self._hash_ring.get_node(
Jun 18 13:39:31.788181 np0000182128 neutron-rpc-server[104484]: ERROR neutron.plugins.ml2.drivers.ovn.mech_driver.ovsdb.ovsdb_monitor ^^^^^^^^^^^^^^^^^^^^^^^^^
Jun 18 13:39:31.788181 np0000182128 neutron-rpc-server[104484]: ERROR neutron.plugins.ml2.drivers.ovn.mech_driver.ovsdb.ovsdb_monitor
File "/opt/stack/neutron/neutron/common/ovn/hash_ring_manager.py", line 117, in get_node
Jun 18 13:39:31.788181 np0000182128 neutron-rpc-server[104484]: ERROR neutron.plugins.ml2.drivers.ovn.mech_driver.ovsdb.ovsdb_monitor self._load_hash_ring()
Jun 18 13:39:31.788181 np0000182128 neutron-rpc-server[104484]: ERROR neutron.plugins.ml2.drivers.ovn.mech_driver.ovsdb.ovsdb_monitor
File "/opt/stack/neutron/neutron/common/ovn/hash_ring_manager.py", line 95, in _load_hash_ring
Jun 18 13:39:31.788181 np0000182128 neutron-rpc-server[104484]: ERROR neutron.plugins.ml2.drivers.ovn.mech_driver.ovsdb.ovsdb_monitor self._wait_startup_before_caching or
Jun 18 13:39:31.788181 np0000182128 neutron-rpc-server[104484]: ERROR neutron.plugins.ml2.drivers.ovn.mech_driver.ovsdb.ovsdb_monitor ^^^^^^^^^^^^^^^^^^^^^^^^^^^^^^^^^
Jun 18 13:39:31.788181 np0000182128 neutron-rpc-server[104484]: ERROR neutron.plugins.ml2.drivers.ovn.mech_driver.ovsdb.ovsdb_monitor
File "/opt/stack/neutron/neutron/common/ovn/hash_ring_manager.py", line 63, in _wait_startup_before_caching
Jun 18 13:39:31.788181 np0000182128 neutron-rpc-server[104484]: ERROR neutron.plugins.ml2.drivers.ovn.mech_driver.ovsdb.ovsdb_monitor raise RuntimeError(msg)
Jun 18 13:39:31.788181 np0000182128 neutron-rpc-server[104484]: ERROR neutron.plugins.ml2.drivers.ovn.mech_driver.ovsdb.ovsdb_monitor RuntimeError: The Neutron API workers count is zero
Jun 18 13:39:31.788727 np0000182128 neutron-rpc-server[104484]: ERROR neutron.plugins.ml2.drivers.ovn.mech_driver.ovsdb.ovsdb_monitor
Jun 18 13:39:31.788727 np0000182128 neutron-rpc-server[104484]: ERROR neutron.common.ovn.hash_ring_manager [None req-0c0e367d-0b61-415a-8154-b5452a5b6f9d None None] The Neutron API workers count is zero
Jun 18 13:39:31.788879 np0000182128 neutron-rpc-server[104482]: DEBUG ovsdbapp.backend.ovs_idl [None req-29bd6910-4a34-4ddf-becd-543bf0c9638a None None] Created schema index Copp.name {{(pid=104482) autocreate_indices /opt/stack/data/venv/lib/python3.12/site-packages/ovsdbapp/backend/ovs_idl/__init__.py:106}}
Jun 18 13:39:31.788879 np0000182128 neutron-rpc-server[104482]: DEBUG ovsdbapp.backend.ovs_idl [None req-29bd6910-4a34-4ddf-becd-543bf0c9638a None None] Created schema index Meter.name {{(pid=104482) autocreate_indices /opt/stack/data/venv/lib/python3.12/site-packages/ovsdbapp/backend/ovs_idl/__init__.py:106}}
Jun 18 13:39:31.789019 np0000182128 neutron-rpc-server[104484]: ERROR neutron.plugins.ml2.drivers.ovn.mech_driver.ovsdb.ovsdb_monitor [None req-0c0e367d-0b61-415a-8154-b5452a5b6f9d None None] The Neutron API workers count is zero: RuntimeError: The Neutron API workers count is zero
Jun 18 13:39:31.789019 np0000182128 neutron-rpc-server[104484]: ERROR neutron.plugins.ml2.drivers.ovn.mech_driver.ovsdb.ovsdb_monitor
Traceback (most recent call last):
Jun 18 13:39:31.789019 np0000182128 neutron-rpc-server[104484]: ERROR neutron.plugins.ml2.drivers.ovn.mech_driver.ovsdb.ovsdb_monitor
File "/opt/stack/neutron/neutron/plugins/ml2/drivers/ovn/mech_driver/ovsdb/ovsdb_monitor.py", line 989, in notify
Jun 18 13:39:31.789019 np0000182128 neutron-rpc-server[104484]: ERROR neutron.plugins.ml2.drivers.ovn.mech_driver.ovsdb.ovsdb_monitor target_node, node_last_touch = self._hash_ring.get_node(
Jun 18 13:39:31.789019 np0000182128 neutron-rpc-server[104484]: ERROR neutron.plugins.ml2.drivers.ovn.mech_driver.ovsdb.ovsdb_monitor ^^^^^^^^^^^^^^^^^^^^^^^^^
Jun 18 13:39:31.789019 np0000182128 neutron-rpc-server[104484]: ERROR neutron.plugins.ml2.drivers.ovn.mech_driver.ovsdb.ovsdb_monitor
File "/opt/stack/neutron/neutron/common/ovn/hash_ring_manager.py", line 117, in get_node
Jun 18 13:39:31.789019 np0000182128 neutron-rpc-server[104484]: ERROR neutron.plugins.ml2.drivers.ovn.mech_driver.ovsdb.ovsdb_monitor self._load_hash_ring()
Jun 18 13:39:31.789019 np0000182128 neutron-rpc-server[104484]: ERROR neutron.plugins.ml2.drivers.ovn.mech_driver.ovsdb.ovsdb_monitor
File "/opt/stack/neutron/neutron/common/ovn/hash_ring_manager.py", line 95, in _load_hash_ring
Jun 18 13:39:31.789019 np0000182128 neutron-rpc-server[104484]: ERROR neutron.plugins.ml2.drivers.ovn.mech_driver.ovsdb.ovsdb_monitor self._wait_startup_before_caching or
Jun 18 13:39:31.789019 np0000182128 neutron-rpc-server[104484]: ERROR neutron.plugins.ml2.drivers.ovn.mech_driver.ovsdb.ovsdb_monitor ^^^^^^^^^^^^^^^^^^^^^^^^^^^^^^^^^
Jun 18 13:39:31.789019 np0000182128 neutron-rpc-server[104484]: ERROR neutron.plugins.ml2.drivers.ovn.mech_driver.ovsdb.ovsdb_monitor
File "/opt/stack/neutron/neutron/common/ovn/hash_ring_manager.py", line 63, in _wait_startup_before_caching
Jun 18 13:39:31.789019 np0000182128 neutron-rpc-server[104484]: ERROR neutron.plugins.ml2.drivers.ovn.mech_driver.ovsdb.ovsdb_monitor raise RuntimeError(msg)
Jun 18 13:39:31.789019 np0000182128 neutron-rpc-server[104484]: ERROR neutron.plugins.ml2.drivers.ovn.mech_driver.ovsdb.ovsdb_monitor RuntimeError: The Neutron API workers count is zero
Jun 18 13:39:31.789461 np0000182128 neutron-rpc-server[104484]: ERROR neutron.plugins.ml2.drivers.ovn.mech_driver.ovsdb.ovsdb_monitor
Jun 18 13:39:31.789615 np0000182128 neutron-rpc-server[104529]: DEBUG neutron.service [-] RpcWorker start called, description: rpc worker {{(pid=104529) wrapper /opt/stack/neutron/neutron/common/utils.py:197}}
Jun 18 13:39:31.789727 np0000182128 neutron-rpc-server[104484]: ERROR neutron.common.ovn.hash_ring_manager [None req-0c0e367d-0b61-415a-8154-b5452a5b6f9d None None] The Neutron API workers count is zero
Jun 18 13:39:31.789862 np0000182128 neutron-rpc-server[104482]: DEBUG ovsdbapp.backend.ovs_idl [None req-29bd6910-4a34-4ddf-becd-543bf0c9638a None None] Created schema index Load_Balancer_Group.name {{(pid=104482) autocreate_indices /opt/stack/data/venv/lib/python3.12/site-packages/ovsdbapp/backend/ovs_idl/__init__.py:106}}
Jun 18 13:39:31.790015 np0000182128 neutron-rpc-server[104529]: DEBUG neutron_lib.callbacks.manager [-] Publish callbacks ['neutron.plugins.ml2.drivers.ovn.mech_driver.mech_driver.OVNMechanismDriver.post_fork_initialize-237344', 'neutron.services.pvlan.drivers.ovn.driver._initialize_pvlan_pg_drop-8574789567962', 'neutron.services.ovn_l3.plugin.OVNL3RouterPlugin._post_fork_initialize-521698'] for process (None), after_init {{(pid=104529) _notify_loop /opt/stack/data/venv/lib/python3.12/site-packages/neutron_lib/callbacks/manager.py:184}}
Jun 18 13:39:31.790137 np0000182128 neutron-rpc-server[104484]: ERROR neutron.plugins.ml2.drivers.ovn.mech_driver.ovsdb.ovsdb_monitor [None req-0c0e367d-0b61-415a-8154-b5452a5b6f9d None None] The Neutron API workers count is zero: RuntimeError: The Neutron API workers count is zero
Jun 18 13:39:31.790137 np0000182128 neutron-rpc-server[104484]: ERROR neutron.plugins.ml2.drivers.ovn.mech_driver.ovsdb.ovsdb_monitor
Traceback (most recent call last):
Jun 18 13:39:31.790137 np0000182128 neutron-rpc-server[104484]: ERROR neutron.plugins.ml2.drivers.ovn.mech_driver.ovsdb.ovsdb_monitor
File "/opt/stack/neutron/neutron/plugins/ml2/drivers/ovn/mech_driver/ovsdb/ovsdb_monitor.py", line 989, in notify
Jun 18 13:39:31.790137 np0000182128 neutron-rpc-server[104484]: ERROR neutron.plugins.ml2.drivers.ovn.mech_driver.ovsdb.ovsdb_monitor target_node, node_last_touch = self._hash_ring.get_node(
Jun 18 13:39:31.790137 np0000182128 neutron-rpc-server[104484]: ERROR neutron.plugins.ml2.drivers.ovn.mech_driver.ovsdb.ovsdb_monitor ^^^^^^^^^^^^^^^^^^^^^^^^^
Jun 18 13:39:31.790137 np0000182128 neutron-rpc-server[104484]: ERROR neutron.plugins.ml2.drivers.ovn.mech_driver.ovsdb.ovsdb_monitor
File "/opt/stack/neutron/neutron/common/ovn/hash_ring_manager.py", line 117, in get_node
Jun 18 13:39:31.790137 np0000182128 neutron-rpc-server[104484]: ERROR neutron.plugins.ml2.drivers.ovn.mech_driver.ovsdb.ovsdb_monitor self._load_hash_ring()
Jun 18 13:39:31.790137 np0000182128 neutron-rpc-server[104484]: ERROR neutron.plugins.ml2.drivers.ovn.mech_driver.ovsdb.ovsdb_monitor
File "/opt/stack/neutron/neutron/common/ovn/hash_ring_manager.py", line 95, in _load_hash_ring
Jun 18 13:39:31.790137 np0000182128 neutron-rpc-server[104484]: ERROR neutron.plugins.ml2.drivers.ovn.mech_driver.ovsdb.ovsdb_monitor self._wait_startup_before_caching or
Jun 18 13:39:31.790137 np0000182128 neutron-rpc-server[104484]: ERROR neutron.plugins.ml2.drivers.ovn.mech_driver.ovsdb.ovsdb_monitor ^^^^^^^^^^^^^^^^^^^^^^^^^^^^^^^^^
Jun 18 13:39:31.790137 np0000182128 neutron-rpc-server[104484]: ERROR neutron.plugins.ml2.drivers.ovn.mech_driver.ovsdb.ovsdb_monitor
File "/opt/stack/neutron/neutron/common/ovn/hash_ring_manager.py", line 63, in _wait_startup_before_caching
Jun 18 13:39:31.790137 np0000182128 neutron-rpc-server[104484]: ERROR neutron.plugins.ml2.drivers.ovn.mech_driver.ovsdb.ovsdb_monitor raise RuntimeError(msg)
Jun 18 13:39:31.790137 np0000182128 neutron-rpc-server[104484]: ERROR neutron.plugins.ml2.drivers.ovn.mech_driver.ovsdb.ovsdb_monitor RuntimeError: The Neutron API workers count is zero
Jun 18 13:39:31.790584 np0000182128 neutron-rpc-server[104484]: ERROR neutron.plugins.ml2.drivers.ovn.mech_driver.ovsdb.ovsdb_monitor
Jun 18 13:39:31.790584 np0000182128 neutron-rpc-server[104484]: ERROR neutron.common.ovn.hash_ring_manager [None req-0c0e367d-0b61-415a-8154-b5452a5b6f9d None None] The Neutron API workers count is zero
Jun 18 13:39:31.790706 np0000182128 neutron-rpc-server[104482]: DEBUG ovsdbapp.backend.ovs_idl [None req-29bd6910-4a34-4ddf-becd-543bf0c9638a None None] Created schema index HA_Chassis_Group.name {{(pid=104482) autocreate_indices /opt/stack/data/venv/lib/python3.12/site-packages/ovsdbapp/backend/ovs_idl/__init__.py:106}}
Jun 18 13:39:31.790706 np0000182128 neutron-rpc-server[104482]: DEBUG ovsdbapp.backend.ovs_idl [None req-29bd6910-4a34-4ddf-becd-543bf0c9638a None None] Created schema index Address_Set.name {{(pid=104482) autocreate_indices /opt/stack/data/venv/lib/python3.12/site-packages/ovsdbapp/backend/ovs_idl/__init__.py:106}}
Jun 18 13:39:31.790847 np0000182128 neutron-rpc-server[104484]: ERROR neutron.plugins.ml2.drivers.ovn.mech_driver.ovsdb.ovsdb_monitor [None req-0c0e367d-0b61-415a-8154-b5452a5b6f9d None None] The Neutron API workers count is zero: RuntimeError: The Neutron API workers count is zero
Jun 18 13:39:31.790847 np0000182128 neutron-rpc-server[104484]: ERROR neutron.plugins.ml2.drivers.ovn.mech_driver.ovsdb.ovsdb_monitor
Traceback (most recent call last):
Jun 18 13:39:31.790847 np0000182128 neutron-rpc-server[104484]: ERROR neutron.plugins.ml2.drivers.ovn.mech_driver.ovsdb.ovsdb_monitor
File "/opt/stack/neutron/neutron/plugins/ml2/drivers/ovn/mech_driver/ovsdb/ovsdb_monitor.py", line 989, in notify
Jun 18 13:39:31.790847 np0000182128 neutron-rpc-server[104484]: ERROR neutron.plugins.ml2.drivers.ovn.mech_driver.ovsdb.ovsdb_monitor target_node, node_last_touch = self._hash_ring.get_node(
Jun 18 13:39:31.790847 np0000182128 neutron-rpc-server[104484]: ERROR neutron.plugins.ml2.drivers.ovn.mech_driver.ovsdb.ovsdb_monitor ^^^^^^^^^^^^^^^^^^^^^^^^^
Jun 18 13:39:31.790847 np0000182128 neutron-rpc-server[104484]: ERROR neutron.plugins.ml2.drivers.ovn.mech_driver.ovsdb.ovsdb_monitor
File "/opt/stack/neutron/neutron/common/ovn/hash_ring_manager.py", line 117, in get_node
Jun 18 13:39:31.790847 np0000182128 neutron-rpc-server[104484]: ERROR neutron.plugins.ml2.drivers.ovn.mech_driver.ovsdb.ovsdb_monitor self._load_hash_ring()
Jun 18 13:39:31.790847 np0000182128 neutron-rpc-server[104484]: ERROR neutron.plugins.ml2.drivers.ovn.mech_driver.ovsdb.ovsdb_monitor
File "/opt/stack/neutron/neutron/common/ovn/hash_ring_manager.py", line 95, in _load_hash_ring
Jun 18 13:39:31.790847 np0000182128 neutron-rpc-server[104484]: ERROR neutron.plugins.ml2.drivers.ovn.mech_driver.ovsdb.ovsdb_monitor self._wait_startup_before_caching or
Jun 18 13:39:31.790847 np0000182128 neutron-rpc-server[104484]: ERROR neutron.plugins.ml2.drivers.ovn.mech_driver.ovsdb.ovsdb_monitor ^^^^^^^^^^^^^^^^^^^^^^^^^^^^^^^^^
Jun 18 13:39:31.790847 np0000182128 neutron-rpc-server[104484]: ERROR neutron.plugins.ml2.drivers.ovn.mech_driver.ovsdb.ovsdb_monitor
File "/opt/stack/neutron/neutron/common/ovn/hash_ring_manager.py", line 63, in _wait_startup_before_caching
Jun 18 13:39:31.790847 np0000182128 neutron-rpc-server[104484]: ERROR neutron.plugins.ml2.drivers.ovn.mech_driver.ovsdb.ovsdb_monitor raise RuntimeError(msg)
Jun 18 13:39:31.790847 np0000182128 neutron-rpc-server[104484]: ERROR neutron.plugins.ml2.drivers.ovn.mech_driver.ovsdb.ovsdb_monitor RuntimeError: The Neutron API workers count is zero
Jun 18 13:39:31.791310 np0000182128 neutron-rpc-server[104484]: ERROR neutron.plugins.ml2.drivers.ovn.mech_driver.ovsdb.ovsdb_monitor
Jun 18 13:39:31.791310 np0000182128 neutron-rpc-server[104484]: ERROR neutron.common.ovn.hash_ring_manager [None req-0c0e367d-0b61-415a-8154-b5452a5b6f9d None None] The Neutron API workers count is zero
Jun 18 13:39:31.791546 np0000182128 neutron-rpc-server[104482]: DEBUG ovsdbapp.backend.ovs_idl [None req-29bd6910-4a34-4ddf-becd-543bf0c9638a None None] Created schema index Connection.target {{(pid=104482) autocreate_indices /opt/stack/data/venv/lib/python3.12/site-packages/ovsdbapp/backend/ovs_idl/__init__.py:106}}
Jun 18 13:39:31.791546 np0000182128 neutron-rpc-server[104482]: DEBUG ovsdbapp.backend.ovs_idl [None req-29bd6910-4a34-4ddf-becd-543bf0c9638a None None] Created schema index Gateway_Chassis.name {{(pid=104482) autocreate_indices /opt/stack/data/venv/lib/python3.12/site-packages/ovsdbapp/backend/ovs_idl/__init__.py:106}}
Jun 18 13:39:31.791546 np0000182128 neutron-rpc-server[104482]: DEBUG ovsdbapp.backend.ovs_idl [None req-29bd6910-4a34-4ddf-becd-543bf0c9638a None None] Created schema index Mirror.name {{(pid=104482) autocreate_indices /opt/stack/data/venv/lib/python3.12/site-packages/ovsdbapp/backend/ovs_idl/__init__.py:106}}
Jun 18 13:39:31.791546 np0000182128 neutron-rpc-server[104482]: DEBUG ovsdbapp.backend.ovs_idl [None req-29bd6910-4a34-4ddf-becd-543bf0c9638a None None] Created schema index Chassis_Template_Var.chassis {{(pid=104482) autocreate_indices /opt/stack/data/venv/lib/python3.12/site-packages/ovsdbapp/backend/ovs_idl/__init__.py:106}}
Jun 18 13:39:31.791878 np0000182128 neutron-rpc-server[104484]: ERROR neutron.plugins.ml2.drivers.ovn.mech_driver.ovsdb.ovsdb_monitor [None req-0c0e367d-0b61-415a-8154-b5452a5b6f9d None None] The Neutron API workers count is zero: RuntimeError: The Neutron API workers count is zero
Jun 18 13:39:31.791878 np0000182128 neutron-rpc-server[104484]: ERROR neutron.plugins.ml2.drivers.ovn.mech_driver.ovsdb.ovsdb_monitor
Traceback (most recent call last):
Jun 18 13:39:31.791878 np0000182128 neutron-rpc-server[104484]: ERROR neutron.plugins.ml2.drivers.ovn.mech_driver.ovsdb.ovsdb_monitor
File "/opt/stack/neutron/neutron/plugins/ml2/drivers/ovn/mech_driver/ovsdb/ovsdb_monitor.py", line 989, in notify
Jun 18 13:39:31.791878 np0000182128 neutron-rpc-server[104484]: ERROR neutron.plugins.ml2.drivers.ovn.mech_driver.ovsdb.ovsdb_monitor target_node, node_last_touch = self._hash_ring.get_node(
Jun 18 13:39:31.791878 np0000182128 neutron-rpc-server[104484]: ERROR neutron.plugins.ml2.drivers.ovn.mech_driver.ovsdb.ovsdb_monitor ^^^^^^^^^^^^^^^^^^^^^^^^^
Jun 18 13:39:31.791878 np0000182128 neutron-rpc-server[104484]: ERROR neutron.plugins.ml2.drivers.ovn.mech_driver.ovsdb.ovsdb_monitor
File "/opt/stack/neutron/neutron/common/ovn/hash_ring_manager.py", line 117, in get_node
Jun 18 13:39:31.791878 np0000182128 neutron-rpc-server[104484]: ERROR neutron.plugins.ml2.drivers.ovn.mech_driver.ovsdb.ovsdb_monitor self._load_hash_ring()
Jun 18 13:39:31.791878 np0000182128 neutron-rpc-server[104484]: ERROR neutron.plugins.ml2.drivers.ovn.mech_driver.ovsdb.ovsdb_monitor
File "/opt/stack/neutron/neutron/common/ovn/hash_ring_manager.py", line 95, in _load_hash_ring
Jun 18 13:39:31.791878 np0000182128 neutron-rpc-server[104484]: ERROR neutron.plugins.ml2.drivers.ovn.mech_driver.ovsdb.ovsdb_monitor self._wait_startup_before_caching or
Jun 18 13:39:31.791878 np0000182128 neutron-rpc-server[104484]: ERROR neutron.plugins.ml2.drivers.ovn.mech_driver.ovsdb.ovsdb_monitor ^^^^^^^^^^^^^^^^^^^^^^^^^^^^^^^^^
Jun 18 13:39:31.791878 np0000182128 neutron-rpc-server[104484]: ERROR neutron.plugins.ml2.drivers.ovn.mech_driver.ovsdb.ovsdb_monitor
File "/opt/stack/neutron/neutron/common/ovn/hash_ring_manager.py", line 63, in _wait_startup_before_caching
Jun 18 13:39:31.791878 np0000182128 neutron-rpc-server[104484]: ERROR neutron.plugins.ml2.drivers.ovn.mech_driver.ovsdb.ovsdb_monitor raise RuntimeError(msg)
Jun 18 13:39:31.791878 np0000182128 neutron-rpc-server[104484]: ERROR neutron.plugins.ml2.drivers.ovn.mech_driver.ovsdb.ovsdb_monitor RuntimeError: The Neutron API workers count is zero
Jun 18 13:39:31.792517 np0000182128 neutron-rpc-server[104484]: ERROR neutron.plugins.ml2.drivers.ovn.mech_driver.ovsdb.ovsdb_monitor
Jun 18 13:39:31.792913 np0000182128 neutron-rpc-server[104529]: INFO neutron.plugins.ml2.drivers.ovn.mech_driver.ovsdb.impl_idl_ovn [-] Getting OvsdbNbOvnIdl for RpcWorker with retry
Jun 18 13:39:31.793122 np0000182128 neutron-rpc-server[104482]: DEBUG ovsdbapp.backend.ovs_idl [None req-29bd6910-4a34-4ddf-becd-543bf0c9638a None None] Created schema index Logical_Router_Port.name {{(pid=104482) autocreate_indices /opt/stack/data/venv/lib/python3.12/site-packages/ovsdbapp/backend/ovs_idl/__init__.py:106}}
Jun 18 13:39:31.793122 np0000182128 neutron-rpc-server[104482]: DEBUG ovsdbapp.backend.ovs_idl [None req-29bd6910-4a34-4ddf-becd-543bf0c9638a None None] Created schema index Port_Group.name {{(pid=104482) autocreate_indices /opt/stack/data/venv/lib/python3.12/site-packages/ovsdbapp/backend/ovs_idl/__init__.py:106}}
Jun 18 13:39:31.793122 np0000182128 neutron-rpc-server[104482]: DEBUG ovsdbapp.backend.ovs_idl [None req-29bd6910-4a34-4ddf-becd-543bf0c9638a None None] Created schema index Logical_Switch_Port.name {{(pid=104482) autocreate_indices /opt/stack/data/venv/lib/python3.12/site-packages/ovsdbapp/backend/ovs_idl/__init__.py:106}}
Jun 18 13:39:31.793333 np0000182128 neutron-rpc-server[104484]: INFO neutron.plugins.ml2.drivers.ovn.mech_driver.ovsdb.impl_idl_ovn [None req-0c0e367d-0b61-415a-8154-b5452a5b6f9d None None] Getting OvsdbSbOvnIdl for RpcWorker with retry
Jun 18 13:39:31.793442 np0000182128 neutron-rpc-server[104501]: WARNING neutron.plugins.ml2.drivers.ovn.mech_driver.mech_driver [-] uWSGI is the only supported loader for the Neutron API; it provides, via ``uwsgi`` library, the worker ID. If other loader is used, a random hash ring node UUID will be provided
Jun 18 13:39:31.793442 np0000182128 neutron-rpc-server[104501]: DEBUG ovsdbapp.backend.ovs_idl [None req-d9558e42-f948-4ae5-a624-87f4d8a311f6 None None] Created lookup_table index Logical_Switch.name {{(pid=104501) autocreate_indices /opt/stack/data/venv/lib/python3.12/site-packages/ovsdbapp/backend/ovs_idl/__init__.py:87}}
Jun 18 13:39:31.793442 np0000182128 neutron-rpc-server[104501]: DEBUG ovsdbapp.backend.ovs_idl [None req-d9558e42-f948-4ae5-a624-87f4d8a311f6 None None] Created lookup_table index Logical_Router.name {{(pid=104501) autocreate_indices /opt/stack/data/venv/lib/python3.12/site-packages/ovsdbapp/backend/ovs_idl/__init__.py:87}}
Jun 18 13:39:31.793442 np0000182128 neutron-rpc-server[104501]: DEBUG ovsdbapp.backend.ovs_idl [None req-d9558e42-f948-4ae5-a624-87f4d8a311f6 None None] Created lookup_table index Load_Balancer.name {{(pid=104501) autocreate_indices /opt/stack/data/venv/lib/python3.12/site-packages/ovsdbapp/backend/ovs_idl/__init__.py:87}}
Jun 18 13:39:31.793442 np0000182128 neutron-rpc-server[104501]: DEBUG ovsdbapp.backend.ovs_idl [None req-d9558e42-f948-4ae5-a624-87f4d8a311f6 None None] Created schema index Copp.name {{(pid=104501) autocreate_indices /opt/stack/data/venv/lib/python3.12/site-packages/ovsdbapp/backend/ovs_idl/__init__.py:106}}
Jun 18 13:39:31.793761 np0000182128 neutron-rpc-server[104482]: INFO ovsdbapp.backend.ovs_idl.vlog [None req-29bd6910-4a34-4ddf-becd-543bf0c9638a None None] ssl:199.204.45.140:6641: connecting...
Jun 18 13:39:31.793863 np0000182128 neutron-rpc-server[104480]: DEBUG ovsdbapp.backend.ovs_idl [None req-95118624-942f-413e-b266-7de49af017a6 None None] Created lookup_table index Chassis.name {{(pid=104480) autocreate_indices /opt/stack/data/venv/lib/python3.12/site-packages/ovsdbapp/backend/ovs_idl/__init__.py:87}}
Jun 18 13:39:31.793863 np0000182128 neutron-rpc-server[104480]: DEBUG ovsdbapp.backend.ovs_idl [None req-95118624-942f-413e-b266-7de49af017a6 None None] Created lookup_table index Port_Binding.logical_port {{(pid=104480) autocreate_indices /opt/stack/data/venv/lib/python3.12/site-packages/ovsdbapp/backend/ovs_idl/__init__.py:87}}
Jun 18 13:39:31.793863 np0000182128 neutron-rpc-server[104480]: DEBUG ovsdbapp.backend.ovs_idl [None req-95118624-942f-413e-b266-7de49af017a6 None None] Created schema index Chassis_Private.name {{(pid=104480) autocreate_indices /opt/stack/data/venv/lib/python3.12/site-packages/ovsdbapp/backend/ovs_idl/__init__.py:106}}
Jun 18 13:39:31.793863 np0000182128 neutron-rpc-server[104480]: DEBUG ovsdbapp.backend.ovs_idl [None req-95118624-942f-413e-b266-7de49af017a6 None None] Created schema index Datapath_Binding.tunnel_key {{(pid=104480) autocreate_indices /opt/stack/data/venv/lib/python3.12/site-packages/ovsdbapp/backend/ovs_idl/__init__.py:106}}
Jun 18 13:39:31.794123 np0000182128 neutron-rpc-server[104501]: DEBUG ovsdbapp.backend.ovs_idl [None req-d9558e42-f948-4ae5-a624-87f4d8a311f6 None None] Created schema index Meter.name {{(pid=104501) autocreate_indices /opt/stack/data/venv/lib/python3.12/site-packages/ovsdbapp/backend/ovs_idl/__init__.py:106}}
Jun 18 13:39:31.794123 np0000182128 neutron-rpc-server[104501]: DEBUG ovsdbapp.backend.ovs_idl [None req-d9558e42-f948-4ae5-a624-87f4d8a311f6 None None] Created schema index Load_Balancer_Group.name {{(pid=104501) autocreate_indices /opt/stack/data/venv/lib/python3.12/site-packages/ovsdbapp/backend/ovs_idl/__init__.py:106}}
Jun 18 13:39:31.794123 np0000182128 neutron-rpc-server[104501]: DEBUG ovsdbapp.backend.ovs_idl [None req-d9558e42-f948-4ae5-a624-87f4d8a311f6 None None] Created schema index HA_Chassis_Group.name {{(pid=104501) autocreate_indices /opt/stack/data/venv/lib/python3.12/site-packages/ovsdbapp/backend/ovs_idl/__init__.py:106}}
Jun 18 13:39:31.794123 np0000182128 neutron-rpc-server[104501]: DEBUG ovsdbapp.backend.ovs_idl [None req-d9558e42-f948-4ae5-a624-87f4d8a311f6 None None] Created schema index Address_Set.name {{(pid=104501) autocreate_indices /opt/stack/data/venv/lib/python3.12/site-packages/ovsdbapp/backend/ovs_idl/__init__.py:106}}
Jun 18 13:39:31.794123 np0000182128 neutron-rpc-server[104501]: DEBUG ovsdbapp.backend.ovs_idl [None req-d9558e42-f948-4ae5-a624-87f4d8a311f6 None None] Created schema index Connection.target {{(pid=104501) autocreate_indices /opt/stack/data/venv/lib/python3.12/site-packages/ovsdbapp/backend/ovs_idl/__init__.py:106}}
Jun 18 13:39:31.794123 np0000182128 neutron-rpc-server[104501]: DEBUG ovsdbapp.backend.ovs_idl [None req-d9558e42-f948-4ae5-a624-87f4d8a311f6 None None] Created schema index Gateway_Chassis.name {{(pid=104501) autocreate_indices /opt/stack/data/venv/lib/python3.12/site-packages/ovsdbapp/backend/ovs_idl/__init__.py:106}}
Jun 18 13:39:31.794453 np0000182128 neutron-rpc-server[104501]: DEBUG ovsdbapp.backend.ovs_idl [None req-d9558e42-f948-4ae5-a624-87f4d8a311f6 None None] Created schema index Mirror.name {{(pid=104501) autocreate_indices /opt/stack/data/venv/lib/python3.12/site-packages/ovsdbapp/backend/ovs_idl/__init__.py:106}}
Jun 18 13:39:31.794453 np0000182128 neutron-rpc-server[104501]: DEBUG ovsdbapp.backend.ovs_idl [None req-d9558e42-f948-4ae5-a624-87f4d8a311f6 None None] Created schema index Chassis_Template_Var.chassis {{(pid=104501) autocreate_indices /opt/stack/data/venv/lib/python3.12/site-packages/ovsdbapp/backend/ovs_idl/__init__.py:106}}
Jun 18 13:39:31.794453 np0000182128 neutron-rpc-server[104501]: DEBUG ovsdbapp.backend.ovs_idl [None req-d9558e42-f948-4ae5-a624-87f4d8a311f6 None None] Created schema index Logical_Router_Port.name {{(pid=104501) autocreate_indices /opt/stack/data/venv/lib/python3.12/site-packages/ovsdbapp/backend/ovs_idl/__init__.py:106}}
Jun 18 13:39:31.794453 np0000182128 neutron-rpc-server[104501]: DEBUG ovsdbapp.backend.ovs_idl [None req-d9558e42-f948-4ae5-a624-87f4d8a311f6 None None] Created schema index Port_Group.name {{(pid=104501) autocreate_indices /opt/stack/data/venv/lib/python3.12/site-packages/ovsdbapp/backend/ovs_idl/__init__.py:106}}
Jun 18 13:39:31.794453 np0000182128 neutron-rpc-server[104501]: DEBUG ovsdbapp.backend.ovs_idl [None req-d9558e42-f948-4ae5-a624-87f4d8a311f6 None None] Created schema index Logical_Switch_Port.name {{(pid=104501) autocreate_indices /opt/stack/data/venv/lib/python3.12/site-packages/ovsdbapp/backend/ovs_idl/__init__.py:106}}
Jun 18 13:39:31.794712 np0000182128 neutron-rpc-server[104480]: INFO ovsdbapp.backend.ovs_idl.vlog [None req-95118624-942f-413e-b266-7de49af017a6 None None] ssl:199.204.45.140:6642: connecting...
Jun 18 13:39:31.794790 np0000182128 neutron-rpc-server[104501]: INFO ovsdbapp.backend.ovs_idl.vlog [None req-d9558e42-f948-4ae5-a624-87f4d8a311f6 None None] ssl:199.204.45.140:6641: connecting...
Jun 18 13:39:31.794875 np0000182128 neutron-rpc-server[104482]: INFO ovsdbapp.backend.ovs_idl.vlog [None req-29bd6910-4a34-4ddf-becd-543bf0c9638a None None] ssl:199.204.45.140:6641: connected
Jun 18 13:39:31.794963 np0000182128 neutron-rpc-server[104480]: INFO ovsdbapp.backend.ovs_idl.vlog [None req-95118624-942f-413e-b266-7de49af017a6 None None] ssl:199.204.45.140:6642: connected
Jun 18 13:39:31.795044 np0000182128 neutron-rpc-server[104501]: INFO ovsdbapp.backend.ovs_idl.vlog [None req-d9558e42-f948-4ae5-a624-87f4d8a311f6 None None] ssl:199.204.45.140:6641: connected
Jun 18 13:39:31.795129 np0000182128 neutron-rpc-server[104562]: DEBUG cotyledon.oslo_config_glue [-] Full set of CONF: {{(pid=104562) _load_service_options /opt/stack/data/venv/lib/python3.12/site-packages/cotyledon/oslo_config_glue.py:65}}
Jun 18 13:39:31.795129 np0000182128 neutron-rpc-server[104562]: DEBUG cotyledon.oslo_config_glue [-] ******************************************************************************** {{(pid=104562) log_opt_values /opt/stack/data/venv/lib/python3.12/site-packages/oslo_config/cfg.py:3226}}
Jun 18 13:39:31.795129 np0000182128 neutron-rpc-server[104562]: DEBUG cotyledon.oslo_config_glue [-] Configuration options gathered from: {{(pid=104562) log_opt_values /opt/stack/data/venv/lib/python3.12/site-packages/oslo_config/cfg.py:3227}}
Jun 18 13:39:31.795129 np0000182128 neutron-rpc-server[104562]: DEBUG cotyledon.oslo_config_glue [-] command line args: ['--config-file', '/etc/neutron/neutron.conf', '--config-file', '/etc/neutron/plugins/ml2/ml2_conf.ini'] {{(pid=104562) log_opt_values /opt/stack/data/venv/lib/python3.12/site-packages/oslo_config/cfg.py:3228}}
Jun 18 13:39:31.795129 np0000182128 neutron-rpc-server[104562]: DEBUG cotyledon.oslo_config_glue [-] config files: ['/etc/neutron/neutron.conf', '/etc/neutron/plugins/ml2/ml2_conf.ini'] {{(pid=104562) log_opt_values /opt/stack/data/venv/lib/python3.12/site-packages/oslo_config/cfg.py:3229}}
Jun 18 13:39:31.795129 np0000182128 neutron-rpc-server[104562]: DEBUG cotyledon.oslo_config_glue [-] ================================================================================ {{(pid=104562) log_opt_values /opt/stack/data/venv/lib/python3.12/site-packages/oslo_config/cfg.py:3234}}
Jun 18 13:39:31.795129 np0000182128 neutron-rpc-server[104562]: DEBUG cotyledon.oslo_config_glue [-] agent_down_time = 75 {{(pid=104562) log_opt_values /opt/stack/data/venv/lib/python3.12/site-packages/oslo_config/cfg.py:3242}}
Jun 18 13:39:31.795129 np0000182128 neutron-rpc-server[104562]: DEBUG cotyledon.oslo_config_glue [-] allow_automatic_dhcp_failover = True {{(pid=104562) log_opt_values /opt/stack/data/venv/lib/python3.12/site-packages/oslo_config/cfg.py:3242}}
Jun 18 13:39:31.795817 np0000182128 neutron-rpc-server[104562]: DEBUG cotyledon.oslo_config_glue [-] allow_bulk = True {{(pid=104562) log_opt_values /opt/stack/data/venv/lib/python3.12/site-packages/oslo_config/cfg.py:3242}}
Jun 18 13:39:31.795817 np0000182128 neutron-rpc-server[104562]: DEBUG cotyledon.oslo_config_glue [-] allowed_conntrack_helpers = [{'amanda': 'tcp'}, {'ftp': 'tcp'}, {'h323': 'udp'}, {'h323': 'tcp'}, {'irc': 'tcp'}, {'netbios-ns': 'udp'}, {'pptp': 'tcp'}, {'sane': 'tcp'}, {'sip': 'udp'}, {'sip': 'tcp'}, {'snmp': 'udp'}, {'tftp': 'udp'}] {{(pid=104562) log_opt_values /opt/stack/data/venv/lib/python3.12/site-packages/oslo_config/cfg.py:3242}}
Jun 18 13:39:31.795817 np0000182128 neutron-rpc-server[104562]: DEBUG cotyledon.oslo_config_glue [-] api_extensions_path = {{(pid=104562) log_opt_values /opt/stack/data/venv/lib/python3.12/site-packages/oslo_config/cfg.py:3242}}
Jun 18 13:39:31.795817 np0000182128 neutron-rpc-server[104562]: DEBUG cotyledon.oslo_config_glue [-] api_paste_config = api-paste.ini {{(pid=104562) log_opt_values /opt/stack/data/venv/lib/python3.12/site-packages/oslo_config/cfg.py:3242}}
Jun 18 13:39:31.795817 np0000182128 neutron-rpc-server[104562]: DEBUG cotyledon.oslo_config_glue [-] auth_strategy = keystone {{(pid=104562) log_opt_values /opt/stack/data/venv/lib/python3.12/site-packages/oslo_config/cfg.py:3242}}
Jun 18 13:39:31.795817 np0000182128 neutron-rpc-server[104562]: DEBUG cotyledon.oslo_config_glue [-] base_mac = fa:16:3e:00:00:00 {{(pid=104562) log_opt_values /opt/stack/data/venv/lib/python3.12/site-packages/oslo_config/cfg.py:3242}}
Jun 18 13:39:31.795817 np0000182128 neutron-rpc-server[104562]: DEBUG cotyledon.oslo_config_glue [-] client_socket_timeout = 900 {{(pid=104562) log_opt_values /opt/stack/data/venv/lib/python3.12/site-packages/oslo_config/cfg.py:3242}}
Jun 18 13:39:31.795817 np0000182128 neutron-rpc-server[104562]: DEBUG cotyledon.oslo_config_glue [-] config_dir = [] {{(pid=104562) log_opt_values /opt/stack/data/venv/lib/python3.12/site-packages/oslo_config/cfg.py:3242}}
Jun 18 13:39:31.796121 np0000182128 neutron-rpc-server[104562]: DEBUG cotyledon.oslo_config_glue [-] config_file = ['/etc/neutron/neutron.conf', '/etc/neutron/plugins/ml2/ml2_conf.ini'] {{(pid=104562) log_opt_values /opt/stack/data/venv/lib/python3.12/site-packages/oslo_config/cfg.py:3242}}
Jun 18 13:39:31.796121 np0000182128 neutron-rpc-server[104562]: DEBUG cotyledon.oslo_config_glue [-] config_source = [] {{(pid=104562) log_opt_values /opt/stack/data/venv/lib/python3.12/site-packages/oslo_config/cfg.py:3242}}
Jun 18 13:39:31.796121 np0000182128 neutron-rpc-server[104562]: DEBUG cotyledon.oslo_config_glue [-] control_exchange = neutron {{(pid=104562) log_opt_values /opt/stack/data/venv/lib/python3.12/site-packages/oslo_config/cfg.py:3242}}
Jun 18 13:39:31.796121 np0000182128 neutron-rpc-server[104562]: DEBUG cotyledon.oslo_config_glue [-] core_plugin = ml2 {{(pid=104562) log_opt_values /opt/stack/data/venv/lib/python3.12/site-packages/oslo_config/cfg.py:3242}}
Jun 18 13:39:31.796121 np0000182128 neutron-rpc-server[104562]: DEBUG cotyledon.oslo_config_glue [-] debug = True {{(pid=104562) log_opt_values /opt/stack/data/venv/lib/python3.12/site-packages/oslo_config/cfg.py:3242}}
Jun 18 13:39:31.796121 np0000182128 neutron-rpc-server[104562]: DEBUG cotyledon.oslo_config_glue [-] default_availability_zones = [] {{(pid=104562) log_opt_values /opt/stack/data/venv/lib/python3.12/site-packages/oslo_config/cfg.py:3242}}
Jun 18 13:39:31.796403 np0000182128 neutron-rpc-server[104562]: DEBUG cotyledon.oslo_config_glue [-] default_log_levels = ['amqp=WARN', 'boto=WARN', 'sqlalchemy=WARN', 'suds=INFO', 'oslo.messaging=INFO', 'oslo_messaging=INFO', 'iso8601=WARN', 'requests.packages.urllib3.connectionpool=WARN', 'urllib3.connectionpool=WARN', 'websocket=WARN', 'requests.packages.urllib3.util.retry=WARN', 'urllib3.util.retry=WARN', 'keystonemiddleware=WARN', 'routes.middleware=WARN', 'stevedore=WARN', 'taskflow=WARN', 'keystoneauth=WARN', 'oslo.cache=INFO', 'oslo_policy=INFO', 'dogpile.core.dogpile=INFO', 'OFPHandler=INFO', 'OfctlService=INFO', 'os_ken.base.app_manager=INFO', 'os_ken.controller.controller=INFO'] {{(pid=104562) log_opt_values /opt/stack/data/venv/lib/python3.12/site-packages/oslo_config/cfg.py:3242}}
Jun 18 13:39:31.796705 np0000182128 neutron-rpc-server[104484]: DEBUG ovsdbapp.backend.ovs_idl [None req-0c0e367d-0b61-415a-8154-b5452a5b6f9d None None] Created lookup_table index Chassis.name {{(pid=104484) autocreate_indices /opt/stack/data/venv/lib/python3.12/site-packages/ovsdbapp/backend/ovs_idl/__init__.py:87}}
Jun 18 13:39:31.796817 np0000182128 neutron-rpc-server[104562]: DEBUG cotyledon.oslo_config_glue [-] dhcp_agent_notification = False {{(pid=104562) log_opt_values /opt/stack/data/venv/lib/python3.12/site-packages/oslo_config/cfg.py:3242}}
Jun 18 13:39:31.796898 np0000182128 neutron-rpc-server[104484]: DEBUG ovsdbapp.backend.ovs_idl [None req-0c0e367d-0b61-415a-8154-b5452a5b6f9d None None] Created lookup_table index Port_Binding.logical_port {{(pid=104484) autocreate_indices /opt/stack/data/venv/lib/python3.12/site-packages/ovsdbapp/backend/ovs_idl/__init__.py:87}}
Jun 18 13:39:31.796987 np0000182128 neutron-rpc-server[104562]: DEBUG cotyledon.oslo_config_glue [-] dhcp_agents_per_network = 1 {{(pid=104562) log_opt_values /opt/stack/data/venv/lib/python3.12/site-packages/oslo_config/cfg.py:3242}}
Jun 18 13:39:31.797080 np0000182128 neutron-rpc-server[104484]: DEBUG ovsdbapp.backend.ovs_idl [None req-0c0e367d-0b61-415a-8154-b5452a5b6f9d None None] Created schema index Chassis_Private.name {{(pid=104484) autocreate_indices /opt/stack/data/venv/lib/python3.12/site-packages/ovsdbapp/backend/ovs_idl/__init__.py:106}}
Jun 18 13:39:31.797162 np0000182128 neutron-rpc-server[104562]: DEBUG cotyledon.oslo_config_glue [-] dhcp_lease_duration = 86400 {{(pid=104562) log_opt_values /opt/stack/data/venv/lib/python3.12/site-packages/oslo_config/cfg.py:3242}}
Jun 18 13:39:31.797240 np0000182128 neutron-rpc-server[104484]: DEBUG ovsdbapp.backend.ovs_idl [None req-0c0e367d-0b61-415a-8154-b5452a5b6f9d None None] Created schema index Datapath_Binding.tunnel_key {{(pid=104484) autocreate_indices /opt/stack/data/venv/lib/python3.12/site-packages/ovsdbapp/backend/ovs_idl/__init__.py:106}}
Jun 18 13:39:31.797361 np0000182128 neutron-rpc-server[104562]: DEBUG cotyledon.oslo_config_glue [-] dhcp_load_type = networks {{(pid=104562) log_opt_values /opt/stack/data/venv/lib/python3.12/site-packages/oslo_config/cfg.py:3242}}
Jun 18 13:39:31.797361 np0000182128 neutron-rpc-server[104562]: DEBUG cotyledon.oslo_config_glue [-] dns_domain = openstacklocal {{(pid=104562) log_opt_values /opt/stack/data/venv/lib/python3.12/site-packages/oslo_config/cfg.py:3242}}
Jun 18 13:39:31.797361 np0000182128 neutron-rpc-server[104562]: DEBUG cotyledon.oslo_config_glue [-] dvr_base_mac = fa:16:3f:00:00:00 {{(pid=104562) log_opt_values /opt/stack/data/venv/lib/python3.12/site-packages/oslo_config/cfg.py:3242}}
Jun 18 13:39:31.797361 np0000182128 neutron-rpc-server[104562]: DEBUG cotyledon.oslo_config_glue [-] enable_default_route_bfd = False {{(pid=104562) log_opt_values /opt/stack/data/venv/lib/python3.12/site-packages/oslo_config/cfg.py:3242}}
Jun 18 13:39:31.797361 np0000182128 neutron-rpc-server[104562]: DEBUG cotyledon.oslo_config_glue [-] enable_default_route_ecmp = False {{(pid=104562) log_opt_values /opt/stack/data/venv/lib/python3.12/site-packages/oslo_config/cfg.py:3242}}
Jun 18 13:39:31.797361 np0000182128 neutron-rpc-server[104562]: DEBUG cotyledon.oslo_config_glue [-] enable_dvr = True {{(pid=104562) log_opt_values /opt/stack/data/venv/lib/python3.12/site-packages/oslo_config/cfg.py:3242}}
Jun 18 13:39:31.797361 np0000182128 neutron-rpc-server[104562]: DEBUG cotyledon.oslo_config_glue [-] enable_new_agents = True {{(pid=104562) log_opt_values /opt/stack/data/venv/lib/python3.12/site-packages/oslo_config/cfg.py:3242}}
Jun 18 13:39:31.797361 np0000182128 neutron-rpc-server[104562]: DEBUG cotyledon.oslo_config_glue [-] enable_services_on_agents_with_admin_state_down = False {{(pid=104562) log_opt_values /opt/stack/data/venv/lib/python3.12/site-packages/oslo_config/cfg.py:3242}}
Jun 18 13:39:31.797361 np0000182128 neutron-rpc-server[104562]: DEBUG cotyledon.oslo_config_glue [-] enable_snat_by_default = True {{(pid=104562) log_opt_values /opt/stack/data/venv/lib/python3.12/site-packages/oslo_config/cfg.py:3242}}
Jun 18 13:39:31.797742 np0000182128 neutron-rpc-server[104562]: DEBUG cotyledon.oslo_config_glue [-] enable_traditional_dhcp = True {{(pid=104562) log_opt_values /opt/stack/data/venv/lib/python3.12/site-packages/oslo_config/cfg.py:3242}}
Jun 18 13:39:31.797742 np0000182128 neutron-rpc-server[104562]: DEBUG cotyledon.oslo_config_glue [-] external_dns_driver = None {{(pid=104562) log_opt_values /opt/stack/data/venv/lib/python3.12/site-packages/oslo_config/cfg.py:3242}}
Jun 18 13:39:31.797742 np0000182128 neutron-rpc-server[104562]: DEBUG cotyledon.oslo_config_glue [-] fatal_deprecations = False {{(pid=104562) log_opt_values /opt/stack/data/venv/lib/python3.12/site-packages/oslo_config/cfg.py:3242}}
Jun 18 13:39:31.797742 np0000182128 neutron-rpc-server[104562]: DEBUG cotyledon.oslo_config_glue [-] filter_validation = True {{(pid=104562) log_opt_values /opt/stack/data/venv/lib/python3.12/site-packages/oslo_config/cfg.py:3242}}
Jun 18 13:39:31.797742 np0000182128 neutron-rpc-server[104562]: DEBUG cotyledon.oslo_config_glue [-] global_physnet_mtu = 1430 {{(pid=104562) log_opt_values /opt/stack/data/venv/lib/python3.12/site-packages/oslo_config/cfg.py:3242}}
Jun 18 13:39:31.797742 np0000182128 neutron-rpc-server[104562]: DEBUG cotyledon.oslo_config_glue [-] graceful_shutdown_timeout = 60 {{(pid=104562) log_opt_values /opt/stack/data/venv/lib/python3.12/site-packages/oslo_config/cfg.py:3242}}
Jun 18 13:39:31.797742 np0000182128 neutron-rpc-server[104562]: DEBUG cotyledon.oslo_config_glue [-] host = np0000182128 {{(pid=104562) log_opt_values /opt/stack/data/venv/lib/python3.12/site-packages/oslo_config/cfg.py:3242}}
Jun 18 13:39:31.797742 np0000182128 neutron-rpc-server[104562]: DEBUG cotyledon.oslo_config_glue [-] host_dvr_for_dhcp = True {{(pid=104562) log_opt_values /opt/stack/data/venv/lib/python3.12/site-packages/oslo_config/cfg.py:3242}}
Jun 18 13:39:31.797742 np0000182128 neutron-rpc-server[104562]: DEBUG cotyledon.oslo_config_glue [-] http_retries = 3 {{(pid=104562) log_opt_values /opt/stack/data/venv/lib/python3.12/site-packages/oslo_config/cfg.py:3242}}
Jun 18 13:39:31.798059 np0000182128 neutron-rpc-server[104484]: INFO ovsdbapp.backend.ovs_idl.vlog [None req-0c0e367d-0b61-415a-8154-b5452a5b6f9d None None] ssl:199.204.45.140:6642: connecting...
Jun 18 13:39:31.798142 np0000182128 neutron-rpc-server[104562]: DEBUG cotyledon.oslo_config_glue [-] instance_format = [instance: %(uuid)s] {{(pid=104562) log_opt_values /opt/stack/data/venv/lib/python3.12/site-packages/oslo_config/cfg.py:3242}}
Jun 18 13:39:31.798142 np0000182128 neutron-rpc-server[104562]: DEBUG cotyledon.oslo_config_glue [-] instance_uuid_format = [instance: %(uuid)s] {{(pid=104562) log_opt_values /opt/stack/data/venv/lib/python3.12/site-packages/oslo_config/cfg.py:3242}}
Jun 18 13:39:31.798142 np0000182128 neutron-rpc-server[104562]: DEBUG cotyledon.oslo_config_glue [-] ipam_driver = internal {{(pid=104562) log_opt_values /opt/stack/data/venv/lib/python3.12/site-packages/oslo_config/cfg.py:3242}}
Jun 18 13:39:31.798142 np0000182128 neutron-rpc-server[104562]: DEBUG cotyledon.oslo_config_glue [-] ipv6_pd_enabled = False {{(pid=104562) log_opt_values /opt/stack/data/venv/lib/python3.12/site-packages/oslo_config/cfg.py:3242}}
Jun 18 13:39:31.798142 np0000182128 neutron-rpc-server[104562]: DEBUG cotyledon.oslo_config_glue [-] l3_ha = False {{(pid=104562) log_opt_values /opt/stack/data/venv/lib/python3.12/site-packages/oslo_config/cfg.py:3242}}
Jun 18 13:39:31.798142 np0000182128 neutron-rpc-server[104562]: DEBUG cotyledon.oslo_config_glue [-] l3_ha_net_cidr = 169.254.192.0/18 {{(pid=104562) log_opt_values /opt/stack/data/venv/lib/python3.12/site-packages/oslo_config/cfg.py:3242}}
Jun 18 13:39:31.798142 np0000182128 neutron-rpc-server[104562]: DEBUG cotyledon.oslo_config_glue [-] l3_ha_network_physical_name = {{(pid=104562) log_opt_values /opt/stack/data/venv/lib/python3.12/site-packages/oslo_config/cfg.py:3242}}
Jun 18 13:39:31.798142 np0000182128 neutron-rpc-server[104562]: DEBUG cotyledon.oslo_config_glue [-] l3_ha_network_type = {{(pid=104562) log_opt_values /opt/stack/data/venv/lib/python3.12/site-packages/oslo_config/cfg.py:3242}}
Jun 18 13:39:31.798142 np0000182128 neutron-rpc-server[104562]: DEBUG cotyledon.oslo_config_glue [-] log_color = False {{(pid=104562) log_opt_values /opt/stack/data/venv/lib/python3.12/site-packages/oslo_config/cfg.py:3242}}
Jun 18 13:39:31.798480 np0000182128 neutron-rpc-server[104514]: WARNING neutron.plugins.ml2.drivers.ovn.mech_driver.mech_driver [-] uWSGI is the only supported loader for the Neutron API; it provides, via ``uwsgi`` library, the worker ID. If other loader is used, a random hash ring node UUID will be provided
Jun 18 13:39:31.798577 np0000182128 neutron-rpc-server[104562]: DEBUG cotyledon.oslo_config_glue [-] log_config_append = None {{(pid=104562) log_opt_values /opt/stack/data/venv/lib/python3.12/site-packages/oslo_config/cfg.py:3242}}
Jun 18 13:39:31.798577 np0000182128 neutron-rpc-server[104562]: DEBUG cotyledon.oslo_config_glue [-] log_date_format = %Y-%m-%d %H:%M:%S {{(pid=104562) log_opt_values /opt/stack/data/venv/lib/python3.12/site-packages/oslo_config/cfg.py:3242}}
Jun 18 13:39:31.798577 np0000182128 neutron-rpc-server[104562]: DEBUG cotyledon.oslo_config_glue [-] log_dir = None {{(pid=104562) log_opt_values /opt/stack/data/venv/lib/python3.12/site-packages/oslo_config/cfg.py:3242}}
Jun 18 13:39:31.798577 np0000182128 neutron-rpc-server[104562]: DEBUG cotyledon.oslo_config_glue [-] log_file = None {{(pid=104562) log_opt_values /opt/stack/data/venv/lib/python3.12/site-packages/oslo_config/cfg.py:3242}}
Jun 18 13:39:31.798577 np0000182128 neutron-rpc-server[104562]: DEBUG cotyledon.oslo_config_glue [-] log_options = True {{(pid=104562) log_opt_values /opt/stack/data/venv/lib/python3.12/site-packages/oslo_config/cfg.py:3242}}
Jun 18 13:39:31.798577 np0000182128 neutron-rpc-server[104562]: DEBUG cotyledon.oslo_config_glue [-] log_rotate_interval = 1 {{(pid=104562) log_opt_values /opt/stack/data/venv/lib/python3.12/site-packages/oslo_config/cfg.py:3242}}
Jun 18 13:39:31.798577 np0000182128 neutron-rpc-server[104562]: DEBUG cotyledon.oslo_config_glue [-] log_rotate_interval_type = days {{(pid=104562) log_opt_values /opt/stack/data/venv/lib/python3.12/site-packages/oslo_config/cfg.py:3242}}
Jun 18 13:39:31.798577 np0000182128 neutron-rpc-server[104562]: DEBUG cotyledon.oslo_config_glue [-] log_rotation_type = none {{(pid=104562) log_opt_values /opt/stack/data/venv/lib/python3.12/site-packages/oslo_config/cfg.py:3242}}
Jun 18 13:39:31.799022 np0000182128 neutron-rpc-server[104562]: DEBUG cotyledon.oslo_config_glue [-] logging_context_format_string = %(color)s%(levelname)s %(name)s [%(global_request_id)s %(request_id)s %(project_name)s %(user_name)s%(color)s] %(instance)s%(color)s%(message)s {{(pid=104562) log_opt_values /opt/stack/data/venv/lib/python3.12/site-packages/oslo_config/cfg.py:3242}}
Jun 18 13:39:31.799022 np0000182128 neutron-rpc-server[104562]: DEBUG cotyledon.oslo_config_glue [-] logging_debug_format_suffix = {{(pid=%(process)d) %(funcName)s %(pathname)s:%(lineno)d}} {{(pid=104562) log_opt_values /opt/stack/data/venv/lib/python3.12/site-packages/oslo_config/cfg.py:3242}}
Jun 18 13:39:31.799022 np0000182128 neutron-rpc-server[104562]: DEBUG cotyledon.oslo_config_glue [-] logging_default_format_string = %(color)s%(levelname)s %(name)s [-%(color)s] %(instance)s%(color)s%(message)s {{(pid=104562) log_opt_values /opt/stack/data/venv/lib/python3.12/site-packages/oslo_config/cfg.py:3242}}
Jun 18 13:39:31.799022 np0000182128 neutron-rpc-server[104562]: DEBUG cotyledon.oslo_config_glue [-] logging_exception_prefix = ERROR %(name)s %(instance)s {{(pid=104562) log_opt_values /opt/stack/data/venv/lib/python3.12/site-packages/oslo_config/cfg.py:3242}}
Jun 18 13:39:31.799022 np0000182128 neutron-rpc-server[104562]: DEBUG cotyledon.oslo_config_glue [-] logging_user_identity_format = %(user)s %(project)s %(domain)s %(system_scope)s %(user_domain)s %(project_domain)s {{(pid=104562) log_opt_values /opt/stack/data/venv/lib/python3.12/site-packages/oslo_config/cfg.py:3242}}
Jun 18 13:39:31.799022 np0000182128 neutron-rpc-server[104562]: DEBUG cotyledon.oslo_config_glue [-] max_allowed_address_pair = 10 {{(pid=104562) log_opt_values /opt/stack/data/venv/lib/python3.12/site-packages/oslo_config/cfg.py:3242}}
Jun 18 13:39:31.799022 np0000182128 neutron-rpc-server[104562]: DEBUG cotyledon.oslo_config_glue [-] max_dns_nameservers = 5 {{(pid=104562) log_opt_values /opt/stack/data/venv/lib/python3.12/site-packages/oslo_config/cfg.py:3242}}
Jun 18 13:39:31.799312 np0000182128 neutron-rpc-server[104562]: DEBUG cotyledon.oslo_config_glue [-] max_header_line = 16384 {{(pid=104562) log_opt_values /opt/stack/data/venv/lib/python3.12/site-packages/oslo_config/cfg.py:3242}}
Jun 18 13:39:31.799312 np0000182128 neutron-rpc-server[104562]: DEBUG cotyledon.oslo_config_glue [-] max_l3_agents_per_router = 3 {{(pid=104562) log_opt_values /opt/stack/data/venv/lib/python3.12/site-packages/oslo_config/cfg.py:3242}}
Jun 18 13:39:31.799312 np0000182128 neutron-rpc-server[104562]: DEBUG cotyledon.oslo_config_glue [-] max_logfile_count = 30 {{(pid=104562) log_opt_values /opt/stack/data/venv/lib/python3.12/site-packages/oslo_config/cfg.py:3242}}
Jun 18 13:39:31.799312 np0000182128 neutron-rpc-server[104562]: DEBUG cotyledon.oslo_config_glue [-] max_logfile_size_mb = 200 {{(pid=104562) log_opt_values /opt/stack/data/venv/lib/python3.12/site-packages/oslo_config/cfg.py:3242}}
Jun 18 13:39:31.799312 np0000182128 neutron-rpc-server[104562]: DEBUG cotyledon.oslo_config_glue [-] max_routes = 30 {{(pid=104562) log_opt_values /opt/stack/data/venv/lib/python3.12/site-packages/oslo_config/cfg.py:3242}}
