Jun 18 13:45:38.418899 np0000182128 devstack@n-api.service[99611]: [pid: 99611|app: 0|req: 18/72] 199.204.45.140 () {68 vars in 1424 bytes} [Thu Jun 18 13:45:38 2026] GET /compute/v2.1/flavors/detail?is_public=None => generated 5262 bytes in 21 msecs (HTTP/1.1 200) 9 headers in 360 bytes (1 switches on core 0)
Jun 18 13:45:38.572345 np0000182128 devstack@n-api.service[99612]: DEBUG nova.api.openstack.wsgi [None req-f184cac3-4004-430b-b461-f7a1d025e33c admin admin] Calling method '>' {{(pid=99612) _process_stack /opt/stack/nova/nova/api/openstack/wsgi.py:551}}
Jun 18 13:45:38.576528 np0000182128 devstack@n-api.service[99612]: INFO nova.api.openstack.requestlog [None req-f184cac3-4004-430b-b461-f7a1d025e33c admin admin] 199.204.45.140 "GET /compute/v2.1" status: 200 len: 393 microversion: 2.1 time: 0.004827
Jun 18 13:45:38.576689 np0000182128 devstack@n-api.service[99612]: [pid: 99612|app: 0|req: 18/73] 199.204.45.140 () {62 vars in 1063 bytes} [Thu Jun 18 13:45:38 2026] GET /compute/v2.1 => generated 393 bytes in 5 msecs (HTTP/1.1 200) 9 headers in 357 bytes (1 switches on core 0)
Jun 18 13:45:38.619574 np0000182128 devstack@n-api.service[99613]: DEBUG nova.api.openstack.wsgi [None req-a1533a74-551e-4201-9125-90472461eb2c admin admin] Calling method '>' {{(pid=99613) _process_stack /opt/stack/nova/nova/api/openstack/wsgi.py:551}}
Jun 18 13:45:38.625688 np0000182128 devstack@n-api.service[99613]: INFO nova.api.openstack.requestlog [None req-a1533a74-551e-4201-9125-90472461eb2c admin admin] 199.204.45.140 "GET /compute/v2.1/" status: 200 len: 393 microversion: 2.1 time: 0.006319
Jun 18 13:45:38.626069 np0000182128 devstack@n-api.service[99613]: [pid: 99613|app: 0|req: 20/74] 199.204.45.140 () {62 vars in 1066 bytes} [Thu Jun 18 13:45:38 2026] GET /compute/v2.1/ => generated 393 bytes in 7 msecs (HTTP/1.1 200) 9 headers in 357 bytes (1 switches on core 0)
Jun 18 13:45:38.665273 np0000182128 devstack@n-api.service[99614]: DEBUG nova.api.openstack.wsgi [None req-8be467cd-b511-49a3-b6cd-08b23539261c demo demo] Calling method '>' {{(pid=99614) _process_stack /opt/stack/nova/nova/api/openstack/wsgi.py:551}}
Jun 18 13:45:38.684876 np0000182128 devstack@n-api.service[99614]: INFO nova.api.openstack.requestlog [None req-8be467cd-b511-49a3-b6cd-08b23539261c demo demo] 199.204.45.140 "GET /compute/v2.1/flavors/detail?is_public=None" status: 200 len: 5262 microversion: 2.61 time: 0.021453
Jun 18 13:45:38.685159 np0000182128 devstack@n-api.service[99614]: [pid: 99614|app: 0|req: 19/75] 199.204.45.140 () {68 vars in 1424 bytes} [Thu Jun 18 13:45:38 2026] GET /compute/v2.1/flavors/detail?is_public=None => generated 5262 bytes in 22 msecs (HTTP/1.1 200) 9 headers in 360 bytes (1 switches on core 0)
Jun 18 13:45:38.735890 np0000182128 devstack@n-api.service[99611]: DEBUG nova.api.openstack.wsgi [None req-1ef1c6c3-3af1-493d-afc2-b99c14dbd278 demo demo] Calling method '>' {{(pid=99611) _process_stack /opt/stack/nova/nova/api/openstack/wsgi.py:551}}
Jun 18 13:45:38.760261 np0000182128 devstack@n-api.service[99611]: INFO nova.api.openstack.requestlog [None req-1ef1c6c3-3af1-493d-afc2-b99c14dbd278 demo demo] 199.204.45.140 "GET /compute/v2.1/flavors/detail?is_public=None" status: 200 len: 5262 microversion: 2.61 time: 0.028388
Jun 18 13:45:38.760568 np0000182128 devstack@n-api.service[99611]: [pid: 99611|app: 0|req: 19/76] 199.204.45.140 () {68 vars in 1424 bytes} [Thu Jun 18 13:45:38 2026] GET /compute/v2.1/flavors/detail?is_public=None => generated 5262 bytes in 29 msecs (HTTP/1.1 200) 9 headers in 360 bytes (1 switches on core 0)
Jun 18 13:45:43.764074 np0000182128 devstack@n-api.service[99612]: DEBUG nova.api.openstack.wsgi [None req-f184cac3-4004-430b-b461-f7a1d025e33c admin admin] Calling method '>' {{(pid=99612) _process_stack /opt/stack/nova/nova/api/openstack/wsgi.py:551}}
Jun 18 13:45:43.767561 np0000182128 devstack@n-api.service[99612]: INFO nova.api.openstack.requestlog [None req-f184cac3-4004-430b-b461-f7a1d025e33c admin admin] 199.204.45.140 "GET /compute/v2.1" status: 200 len: 393 microversion: 2.1 time: 0.003736
Jun 18 13:45:43.767561 np0000182128 devstack@n-api.service[99612]: [pid: 99612|app: 0|req: 19/77] 199.204.45.140 () {62 vars in 1074 bytes} [Thu Jun 18 13:45:43 2026] GET /compute/v2.1 => generated 393 bytes in 4 msecs (HTTP/1.1 200) 9 headers in 357 bytes (1 switches on core 0)
Jun 18 13:45:43.818461 np0000182128 devstack@n-api.service[99613]: DEBUG nova.api.openstack.wsgi [None req-a1533a74-551e-4201-9125-90472461eb2c admin admin] Calling method '>' {{(pid=99613) _process_stack /opt/stack/nova/nova/api/openstack/wsgi.py:551}}
Jun 18 13:45:43.820564 np0000182128 devstack@n-api.service[99613]: INFO nova.api.openstack.requestlog [None req-a1533a74-551e-4201-9125-90472461eb2c admin admin] 199.204.45.140 "GET /compute/v2.1/" status: 200 len: 393 microversion: 2.1 time: 0.004139
Jun 18 13:45:43.820842 np0000182128 devstack@n-api.service[99613]: [pid: 99613|app: 0|req: 21/78] 199.204.45.140 () {62 vars in 1077 bytes} [Thu Jun 18 13:45:43 2026] GET /compute/v2.1/ => generated 393 bytes in 5 msecs (HTTP/1.1 200) 9 headers in 357 bytes (2 switches on core 0)
Jun 18 13:45:43.859492 np0000182128 devstack@n-api.service[99614]: DEBUG nova.api.openstack.wsgi [None req-f485a4f9-2c6a-4d6b-b273-bd850627da13 demo demo] Calling method '>' {{(pid=99614) _process_stack /opt/stack/nova/nova/api/openstack/wsgi.py:551}}
Jun 18 13:45:43.889166 np0000182128 devstack@n-api.service[99614]: INFO nova.api.openstack.requestlog [None req-f485a4f9-2c6a-4d6b-b273-bd850627da13 demo demo] 199.204.45.140 "GET /compute/v2.1/os-server-groups" status: 200 len: 21 microversion: 2.64 time: 0.032338
Jun 18 13:45:43.889652 np0000182128 devstack@n-api.service[99614]: [pid: 99614|app: 0|req: 20/79] 199.204.45.140 () {68 vars in 1412 bytes} [Thu Jun 18 13:45:43 2026] GET /compute/v2.1/os-server-groups => generated 21 bytes in 34 msecs (HTTP/1.1 200) 9 headers in 358 bytes (1 switches on core 0)
Jun 18 13:45:43.928853 np0000182128 devstack@n-api.service[99611]: DEBUG nova.api.openstack.wsgi [None req-1ef1c6c3-3af1-493d-afc2-b99c14dbd278 demo demo] Calling method '>' {{(pid=99611) _process_stack /opt/stack/nova/nova/api/openstack/wsgi.py:551}}
Jun 18 13:45:43.933700 np0000182128 devstack@n-api.service[99611]: INFO nova.api.openstack.requestlog [None req-1ef1c6c3-3af1-493d-afc2-b99c14dbd278 demo demo] 199.204.45.140 "GET /compute/v2.1" status: 200 len: 393 microversion: 2.1 time: 0.005373
Jun 18 13:45:43.933965 np0000182128 devstack@n-api.service[99611]: [pid: 99611|app: 0|req: 20/80] 199.204.45.140 () {62 vars in 1074 bytes} [Thu Jun 18 13:45:43 2026] GET /compute/v2.1 => generated 393 bytes in 6 msecs (HTTP/1.1 200) 9 headers in 357 bytes (1 switches on core 0)
Jun 18 13:45:43.978455 np0000182128 devstack@n-api.service[99612]: DEBUG nova.api.openstack.wsgi [None req-f184cac3-4004-430b-b461-f7a1d025e33c admin admin] Calling method '>' {{(pid=99612) _process_stack /opt/stack/nova/nova/api/openstack/wsgi.py:551}}
Jun 18 13:45:43.982363 np0000182128 devstack@n-api.service[99612]: INFO nova.api.openstack.requestlog [None req-f184cac3-4004-430b-b461-f7a1d025e33c admin admin] 199.204.45.140 "GET /compute/v2.1/" status: 200 len: 393 microversion: 2.1 time: 0.004237
Jun 18 13:45:43.982608 np0000182128 devstack@n-api.service[99612]: [pid: 99612|app: 0|req: 20/81] 199.204.45.140 () {62 vars in 1077 bytes} [Thu Jun 18 13:45:43 2026] GET /compute/v2.1/ => generated 393 bytes in 5 msecs (HTTP/1.1 200) 9 headers in 357 bytes (1 switches on core 0)
Jun 18 13:45:44.022729 np0000182128 devstack@n-api.service[99613]: DEBUG nova.api.openstack.wsgi [None req-9233f245-c7ae-4e57-b704-8e509b1d09f8 demo demo] Action: 'create', calling method: >, body: {"server_group": {"name": "kube-o7ma9", "policy": "soft-anti-affinity"}} {{(pid=99613) _process_stack /opt/stack/nova/nova/api/openstack/wsgi.py:549}}
Jun 18 13:45:44.064585 np0000182128 devstack@n-api.service[99613]: DEBUG nova.quota [None req-9233f245-c7ae-4e57-b704-8e509b1d09f8 demo demo] Getting quotas for project 300d4a121be74cc8934cde45ecc54149. Resources: {'server_groups'} {{(pid=99613) _get_quotas /opt/stack/nova/nova/quota.py:392}}
Jun 18 13:45:44.064585 np0000182128 devstack@n-api.service[99613]: DEBUG nova.quota [None req-9233f245-c7ae-4e57-b704-8e509b1d09f8 demo demo] Getting quotas for user 358ec40c54354c39bd1db42b9e07f62d and project 300d4a121be74cc8934cde45ecc54149. Resources: {'server_groups'} {{(pid=99613) _get_quotas /opt/stack/nova/nova/quota.py:382}}
Jun 18 13:45:44.334766 np0000182128 devstack@n-api.service[99613]: DEBUG nova.quota [None req-9233f245-c7ae-4e57-b704-8e509b1d09f8 demo demo] Getting quotas for project 300d4a121be74cc8934cde45ecc54149. Resources: {'server_groups'} {{(pid=99613) _get_quotas /opt/stack/nova/nova/quota.py:392}}
Jun 18 13:45:44.338900 np0000182128 devstack@n-api.service[99613]: DEBUG nova.quota [None req-9233f245-c7ae-4e57-b704-8e509b1d09f8 demo demo] Getting quotas for user 358ec40c54354c39bd1db42b9e07f62d and project 300d4a121be74cc8934cde45ecc54149. Resources: {'server_groups'} {{(pid=99613) _get_quotas /opt/stack/nova/nova/quota.py:382}}
Jun 18 13:45:44.350963 np0000182128 devstack@n-api.service[99613]: INFO nova.api.openstack.requestlog [None req-9233f245-c7ae-4e57-b704-8e509b1d09f8 demo demo] 199.204.45.140 "POST /compute/v2.1/os-server-groups" status: 200 len: 243 microversion: 2.64 time: 0.332466
Jun 18 13:45:44.351307 np0000182128 devstack@n-api.service[99613]: [pid: 99613|app: 0|req: 22/82] 199.204.45.140 () {72 vars in 1452 bytes} [Thu Jun 18 13:45:44 2026] POST /compute/v2.1/os-server-groups => generated 243 bytes in 334 msecs (HTTP/1.1 200) 9 headers in 359 bytes (1 switches on core 0)
Jun 18 13:45:44.399319 np0000182128 devstack@n-api.service[99614]: DEBUG nova.api.openstack.wsgi [None req-f485a4f9-2c6a-4d6b-b273-bd850627da13 demo demo] Calling method '>' {{(pid=99614) _process_stack /opt/stack/nova/nova/api/openstack/wsgi.py:551}}
Jun 18 13:45:44.407048 np0000182128 devstack@n-api.service[99614]: INFO nova.api.openstack.requestlog [None req-f485a4f9-2c6a-4d6b-b273-bd850627da13 demo demo] 199.204.45.140 "GET /compute/v2.1" status: 200 len: 393 microversion: 2.1 time: 0.008122
Jun 18 13:45:44.407401 np0000182128 devstack@n-api.service[99614]: [pid: 99614|app: 0|req: 21/83] 199.204.45.140 () {62 vars in 1074 bytes} [Thu Jun 18 13:45:44 2026] GET /compute/v2.1 => generated 393 bytes in 9 msecs (HTTP/1.1 200) 9 headers in 357 bytes (1 switches on core 0)
Jun 18 13:45:44.445878 np0000182128 devstack@n-api.service[99611]: DEBUG nova.api.openstack.wsgi [None req-1ef1c6c3-3af1-493d-afc2-b99c14dbd278 demo demo] Calling method '>' {{(pid=99611) _process_stack /opt/stack/nova/nova/api/openstack/wsgi.py:551}}
Jun 18 13:45:44.450914 np0000182128 devstack@n-api.service[99611]: INFO nova.api.openstack.requestlog [None req-1ef1c6c3-3af1-493d-afc2-b99c14dbd278 demo demo] 199.204.45.140 "GET /compute/v2.1/" status: 200 len: 393 microversion: 2.1 time: 0.005580
Jun 18 13:45:44.451227 np0000182128 devstack@n-api.service[99611]: [pid: 99611|app: 0|req: 21/84] 199.204.45.140 () {62 vars in 1077 bytes} [Thu Jun 18 13:45:44 2026] GET /compute/v2.1/ => generated 393 bytes in 6 msecs (HTTP/1.1 200) 9 headers in 357 bytes (1 switches on core 0)
Jun 18 13:45:44.493702 np0000182128 devstack@n-api.service[99612]: DEBUG nova.api.openstack.wsgi [None req-08851344-5ba8-4cc6-90b4-9703644e4db3 demo demo] Calling method '>' {{(pid=99612) _process_stack /opt/stack/nova/nova/api/openstack/wsgi.py:551}}
Jun 18 13:45:44.517551 np0000182128 devstack@n-api.service[99612]: INFO nova.api.openstack.requestlog [None req-08851344-5ba8-4cc6-90b4-9703644e4db3 demo demo] 199.204.45.140 "GET /compute/v2.1/os-server-groups" status: 200 len: 246 microversion: 2.64 time: 0.029358
Jun 18 13:45:44.517910 np0000182128 devstack@n-api.service[99612]: [pid: 99612|app: 0|req: 21/85] 199.204.45.140 () {68 vars in 1412 bytes} [Thu Jun 18 13:45:44 2026] GET /compute/v2.1/os-server-groups => generated 246 bytes in 30 msecs (HTTP/1.1 200) 9 headers in 359 bytes (1 switches on core 0)
Jun 18 13:45:44.558732 np0000182128 devstack@n-api.service[99613]: DEBUG nova.api.openstack.wsgi [None req-9233f245-c7ae-4e57-b704-8e509b1d09f8 demo demo] Calling method '>' {{(pid=99613) _process_stack /opt/stack/nova/nova/api/openstack/wsgi.py:551}}
Jun 18 13:45:44.564901 np0000182128 devstack@n-api.service[99613]: INFO nova.api.openstack.requestlog [None req-9233f245-c7ae-4e57-b704-8e509b1d09f8 demo demo] 199.204.45.140 "GET /compute/v2.1" status: 200 len: 393 microversion: 2.1 time: 0.006478
Jun 18 13:45:44.565298 np0000182128 devstack@n-api.service[99613]: [pid: 99613|app: 0|req: 23/86] 199.204.45.140 () {62 vars in 1074 bytes} [Thu Jun 18 13:45:44 2026] GET /compute/v2.1 => generated 393 bytes in 8 msecs (HTTP/1.1 200) 9 headers in 357 bytes (1 switches on core 0)
Jun 18 13:45:44.605659 np0000182128 devstack@n-api.service[99614]: DEBUG nova.api.openstack.wsgi [None req-f485a4f9-2c6a-4d6b-b273-bd850627da13 demo demo] Calling method '>' {{(pid=99614) _process_stack /opt/stack/nova/nova/api/openstack/wsgi.py:551}}
Jun 18 13:45:44.609826 np0000182128 devstack@n-api.service[99614]: INFO nova.api.openstack.requestlog [None req-f485a4f9-2c6a-4d6b-b273-bd850627da13 demo demo] 199.204.45.140 "GET /compute/v2.1/" status: 200 len: 393 microversion: 2.1 time: 0.004500
Jun 18 13:45:44.610025 np0000182128 devstack@n-api.service[99614]: [pid: 99614|app: 0|req: 22/87] 199.204.45.140 () {62 vars in 1077 bytes} [Thu Jun 18 13:45:44 2026] GET /compute/v2.1/ => generated 393 bytes in 5 msecs (HTTP/1.1 200) 9 headers in 357 bytes (1 switches on core 0)
Jun 18 13:45:44.648575 np0000182128 devstack@n-api.service[99611]: DEBUG nova.api.openstack.wsgi [None req-38f2bc46-630b-499a-8025-28f94d04def7 demo demo] Action: 'create', calling method: >, body: {"server_group": {"name": "kube-o7ma9-default-worker", "policy": "soft-anti-affinity"}} {{(pid=99611) _process_stack /opt/stack/nova/nova/api/openstack/wsgi.py:549}}
Jun 18 13:45:44.678627 np0000182128 devstack@n-api.service[99611]: DEBUG nova.quota [None req-38f2bc46-630b-499a-8025-28f94d04def7 demo demo] Getting quotas for project 300d4a121be74cc8934cde45ecc54149. Resources: {'server_groups'} {{(pid=99611) _get_quotas /opt/stack/nova/nova/quota.py:392}}
Jun 18 13:45:44.681622 np0000182128 devstack@n-api.service[99611]: DEBUG nova.quota [None req-38f2bc46-630b-499a-8025-28f94d04def7 demo demo] Getting quotas for user 358ec40c54354c39bd1db42b9e07f62d and project 300d4a121be74cc8934cde45ecc54149. Resources: {'server_groups'} {{(pid=99611) _get_quotas /opt/stack/nova/nova/quota.py:382}}
Jun 18 13:45:44.746544 np0000182128 devstack@n-api.service[99611]: DEBUG nova.quota [None req-38f2bc46-630b-499a-8025-28f94d04def7 demo demo] Getting quotas for project 300d4a121be74cc8934cde45ecc54149. Resources: {'server_groups'} {{(pid=99611) _get_quotas /opt/stack/nova/nova/quota.py:392}}
Jun 18 13:45:44.748902 np0000182128 devstack@n-api.service[99611]: DEBUG nova.quota [None req-38f2bc46-630b-499a-8025-28f94d04def7 demo demo] Getting quotas for user 358ec40c54354c39bd1db42b9e07f62d and project 300d4a121be74cc8934cde45ecc54149. Resources: {'server_groups'} {{(pid=99611) _get_quotas /opt/stack/nova/nova/quota.py:382}}
Jun 18 13:45:44.758278 np0000182128 devstack@n-api.service[99611]: INFO nova.api.openstack.requestlog [None req-38f2bc46-630b-499a-8025-28f94d04def7 demo demo] 199.204.45.140 "POST /compute/v2.1/os-server-groups" status: 200 len: 258 microversion: 2.64 time: 0.112021
Jun 18 13:45:44.758674 np0000182128 devstack@n-api.service[99611]: [pid: 99611|app: 0|req: 22/88] 199.204.45.140 () {72 vars in 1452 bytes} [Thu Jun 18 13:45:44 2026] POST /compute/v2.1/os-server-groups => generated 258 bytes in 113 msecs (HTTP/1.1 200) 9 headers in 359 bytes (1 switches on core 0)
Jun 18 13:45:48.161650 np0000182128 devstack@n-api.service[99612]: DEBUG nova.api.openstack.wsgi [None req-08851344-5ba8-4cc6-90b4-9703644e4db3 demo demo] Calling method '>' {{(pid=99612) _process_stack /opt/stack/nova/nova/api/openstack/wsgi.py:551}}
Jun 18 13:45:48.165891 np0000182128 devstack@n-api.service[99612]: INFO nova.api.openstack.requestlog [None req-08851344-5ba8-4cc6-90b4-9703644e4db3 demo demo] 199.204.45.140 "GET /compute/v2.1" status: 200 len: 393 microversion: 2.1 time: 0.004734
Jun 18 13:45:48.166336 np0000182128 devstack@n-api.service[99612]: [pid: 99612|app: 0|req: 22/89] 199.204.45.140 () {62 vars in 1074 bytes} [Thu Jun 18 13:45:48 2026] GET /compute/v2.1 => generated 393 bytes in 6 msecs (HTTP/1.1 200) 9 headers in 357 bytes (1 switches on core 0)
Jun 18 13:45:48.211824 np0000182128 devstack@n-api.service[99613]: DEBUG nova.api.openstack.wsgi [None req-9233f245-c7ae-4e57-b704-8e509b1d09f8 demo demo] Calling method '>' {{(pid=99613) _process_stack /opt/stack/nova/nova/api/openstack/wsgi.py:551}}
Jun 18 13:45:48.215922 np0000182128 devstack@n-api.service[99613]: INFO nova.api.openstack.requestlog [None req-9233f245-c7ae-4e57-b704-8e509b1d09f8 demo demo] 199.204.45.140 "GET /compute/v2.1/" status: 200 len: 393 microversion: 2.1 time: 0.004507
Jun 18 13:45:48.216207 np0000182128 devstack@n-api.service[99613]: [pid: 99613|app: 0|req: 24/90] 199.204.45.140 () {62 vars in 1077 bytes} [Thu Jun 18 13:45:48 2026] GET /compute/v2.1/ => generated 393 bytes in 5 msecs (HTTP/1.1 200) 9 headers in 357 bytes (1 switches on core 0)
Jun 18 13:45:48.258484 np0000182128 devstack@n-api.service[99614]: DEBUG nova.api.openstack.wsgi [None req-22d7c1e8-07e8-4238-92ac-e8623817f2fd demo demo] Calling method '>' {{(pid=99614) _process_stack /opt/stack/nova/nova/api/openstack/wsgi.py:551}}
Jun 18 13:45:48.278031 np0000182128 devstack@n-api.service[99614]: INFO nova.api.openstack.requestlog [None req-22d7c1e8-07e8-4238-92ac-e8623817f2fd demo demo] 199.204.45.140 "GET /compute/v2.1/flavors/detail?is_public=None" status: 200 len: 5262 microversion: 2.61 time: 0.021979
Jun 18 13:45:48.278234 np0000182128 devstack@n-api.service[99614]: [pid: 99614|app: 0|req: 23/91] 199.204.45.140 () {68 vars in 1435 bytes} [Thu Jun 18 13:45:48 2026] GET /compute/v2.1/flavors/detail?is_public=None => generated 5262 bytes in 23 msecs (HTTP/1.1 200) 9 headers in 360 bytes (1 switches on core 0)
Jun 18 13:45:48.330314 np0000182128 devstack@n-api.service[99611]: DEBUG nova.api.openstack.wsgi [None req-b6d341b1-4438-4773-9db2-449a3844dcd3 demo demo] Calling method '>' {{(pid=99611) _process_stack /opt/stack/nova/nova/api/openstack/wsgi.py:551}}
Jun 18 13:45:48.351633 np0000182128 devstack@n-api.service[99611]: INFO nova.api.openstack.requestlog [None req-b6d341b1-4438-4773-9db2-449a3844dcd3 demo demo] 199.204.45.140 "GET /compute/v2.1/flavors/detail?is_public=None" status: 200 len: 5262 microversion: 2.61 time: 0.023411
Jun 18 13:45:48.351931 np0000182128 devstack@n-api.service[99611]: [pid: 99611|app: 0|req: 23/92] 199.204.45.140 () {68 vars in 1435 bytes} [Thu Jun 18 13:45:48 2026] GET /compute/v2.1/flavors/detail?is_public=None => generated 5262 bytes in 24 msecs (HTTP/1.1 200) 9 headers in 360 bytes (2 switches on core 0)
Jun 18 13:45:48.524932 np0000182128 devstack@n-api.service[99612]: DEBUG nova.api.openstack.wsgi [None req-08851344-5ba8-4cc6-90b4-9703644e4db3 demo demo] Calling method '>' {{(pid=99612) _process_stack /opt/stack/nova/nova/api/openstack/wsgi.py:551}}
Jun 18 13:45:48.533229 np0000182128 devstack@n-api.service[99612]: INFO nova.api.openstack.requestlog [None req-08851344-5ba8-4cc6-90b4-9703644e4db3 demo demo] 199.204.45.140 "GET /compute/v2.1" status: 200 len: 393 microversion: 2.1 time: 0.008751
Jun 18 13:45:48.533667 np0000182128 devstack@n-api.service[99612]: [pid: 99612|app: 0|req: 23/93] 199.204.45.140 () {62 vars in 1074 bytes} [Thu Jun 18 13:45:48 2026] GET /compute/v2.1 => generated 393 bytes in 10 msecs (HTTP/1.1 200) 9 headers in 357 bytes (1 switches on core 0)
Jun 18 13:45:48.573909 np0000182128 devstack@n-api.service[99613]: DEBUG nova.api.openstack.wsgi [None req-9233f245-c7ae-4e57-b704-8e509b1d09f8 demo demo] Calling method '>' {{(pid=99613) _process_stack /opt/stack/nova/nova/api/openstack/wsgi.py:551}}
Jun 18 13:45:48.578178 np0000182128 devstack@n-api.service[99613]: INFO nova.api.openstack.requestlog [None req-9233f245-c7ae-4e57-b704-8e509b1d09f8 demo demo] 199.204.45.140 "GET /compute/v2.1/" status: 200 len: 393 microversion: 2.1 time: 0.004745
Jun 18 13:45:48.578619 np0000182128 devstack@n-api.service[99613]: [pid: 99613|app: 0|req: 25/94] 199.204.45.140 () {62 vars in 1077 bytes} [Thu Jun 18 13:45:48 2026] GET /compute/v2.1/ => generated 393 bytes in 6 msecs (HTTP/1.1 200) 9 headers in 357 bytes (1 switches on core 0)
Jun 18 13:45:48.616293 np0000182128 devstack@n-api.service[99614]: DEBUG nova.api.openstack.wsgi [None req-6858c34d-2c69-4388-a623-488d63cec112 demo demo] Calling method '>' {{(pid=99614) _process_stack /opt/stack/nova/nova/api/openstack/wsgi.py:551}}
Jun 18 13:45:48.642212 np0000182128 devstack@n-api.service[99614]: INFO nova.api.openstack.requestlog [None req-6858c34d-2c69-4388-a623-488d63cec112 demo demo] 199.204.45.140 "GET /compute/v2.1/flavors/detail?is_public=None" status: 200 len: 5262 microversion: 2.61 time: 0.028385
Jun 18 13:45:48.643182 np0000182128 devstack@n-api.service[99614]: [pid: 99614|app: 0|req: 24/95] 199.204.45.140 () {68 vars in 1435 bytes} [Thu Jun 18 13:45:48 2026] GET /compute/v2.1/flavors/detail?is_public=None => generated 5262 bytes in 29 msecs (HTTP/1.1 200) 9 headers in 360 bytes (1 switches on core 0)
Jun 18 13:45:54.344474 np0000182128 devstack@n-api.service[99613]: DEBUG dbcounter [-] [99613] Writing DB stats nova_cell0:SELECT=4 {{(pid=99613) stat_writer /opt/stack/data/venv/lib/python3.12/site-packages/dbcounter.py:115}}
Jun 18 13:45:54.347498 np0000182128 devstack@n-api.service[99613]: DEBUG dbcounter [-] [99613] Writing DB stats nova_api:SELECT=14,nova_api:INSERT=2 {{(pid=99613) stat_writer /opt/stack/data/venv/lib/python3.12/site-packages/dbcounter.py:115}}
Jun 18 13:45:54.514574 np0000182128 devstack@n-api.service[99612]: DEBUG dbcounter [-] [99612] Writing DB stats nova_api:SELECT=2 {{(pid=99612) stat_writer /opt/stack/data/venv/lib/python3.12/site-packages/dbcounter.py:115}}
Jun 18 13:45:54.753048 np0000182128 devstack@n-api.service[99611]: DEBUG dbcounter [-] [99611] Writing DB stats nova_cell0:SELECT=4 {{(pid=99611) stat_writer /opt/stack/data/venv/lib/python3.12/site-packages/dbcounter.py:115}}
Jun 18 13:45:58.336074 np0000182128 devstack@n-api.service[99611]: DEBUG dbcounter [-] [99611] Writing DB stats nova_api:SELECT=19,nova_api:INSERT=2 {{(pid=99611) stat_writer /opt/stack/data/venv/lib/python3.12/site-packages/dbcounter.py:115}}
Jun 18 13:45:58.622290 np0000182128 devstack@n-api.service[99614]: DEBUG dbcounter [-] [99614] Writing DB stats nova_api:SELECT=8 {{(pid=99614) stat_writer /opt/stack/data/venv/lib/python3.12/site-packages/dbcounter.py:115}}
Jun 18 13:46:14.640581 np0000182128 devstack@n-api.service[99611]: DEBUG nova.api.openstack.wsgi [None req-b6d341b1-4438-4773-9db2-449a3844dcd3 demo demo] Calling method '>' {{(pid=99611) _process_stack /opt/stack/nova/nova/api/openstack/wsgi.py:551}}
Jun 18 13:46:14.644122 np0000182128 devstack@n-api.service[99611]: INFO nova.api.openstack.requestlog [None req-b6d341b1-4438-4773-9db2-449a3844dcd3 demo demo] 172.18.0.2 "GET /compute/v2.1/" status: 200 len: 393 microversion: 2.1 time: 0.003901
Jun 18 13:46:14.644349 np0000182128 devstack@n-api.service[99611]: [pid: 99611|app: 0|req: 24/96] 199.204.45.140 () {64 vars in 1272 bytes} [Thu Jun 18 13:46:14 2026] GET /compute/v2.1/ => generated 393 bytes in 4 msecs (HTTP/1.1 200) 9 headers in 357 bytes (1 switches on core 0)
Jun 18 13:46:14.655698 np0000182128 devstack@n-api.service[99612]: DEBUG nova.api.openstack.wsgi [None req-df6c5946-337e-48f9-9004-fd29deca2a9e demo demo] Calling method '>' {{(pid=99612) _process_stack /opt/stack/nova/nova/api/openstack/wsgi.py:551}}
Jun 18 13:46:14.658903 np0000182128 devstack@n-api.service[99612]: DEBUG oslo_concurrency.lockutils [None req-df6c5946-337e-48f9-9004-fd29deca2a9e demo demo] Acquiring lock "00000000-0000-0000-0000-000000000000" by "nova.context.set_target_cell..get_or_set_cached_cell_and_set_connections" {{(pid=99612) inner /opt/stack/data/venv/lib/python3.12/site-packages/oslo_concurrency/lockutils.py:511}}
Jun 18 13:46:14.659104 np0000182128 devstack@n-api.service[99612]: DEBUG oslo_concurrency.lockutils [None req-df6c5946-337e-48f9-9004-fd29deca2a9e demo demo] Lock "00000000-0000-0000-0000-000000000000" acquired by "nova.context.set_target_cell..get_or_set_cached_cell_and_set_connections" :: waited 0.000s {{(pid=99612) inner /opt/stack/data/venv/lib/python3.12/site-packages/oslo_concurrency/lockutils.py:524}}
Jun 18 13:46:14.659211 np0000182128 devstack@n-api.service[99612]: DEBUG oslo_concurrency.lockutils [None req-df6c5946-337e-48f9-9004-fd29deca2a9e demo demo] Lock "00000000-0000-0000-0000-000000000000" "released" by "nova.context.set_target_cell..get_or_set_cached_cell_and_set_connections" :: held 0.000s {{(pid=99612) inner /opt/stack/data/venv/lib/python3.12/site-packages/oslo_concurrency/lockutils.py:543}}
Jun 18 13:46:14.660044 np0000182128 devstack@n-api.service[99612]: DEBUG oslo_concurrency.lockutils [None req-df6c5946-337e-48f9-9004-fd29deca2a9e demo demo] Acquiring lock "eb7714a2-516e-4a02-bc5f-69d4ed31e046" by "nova.context.set_target_cell..get_or_set_cached_cell_and_set_connections" {{(pid=99612) inner /opt/stack/data/venv/lib/python3.12/site-packages/oslo_concurrency/lockutils.py:511}}
Jun 18 13:46:14.660236 np0000182128 devstack@n-api.service[99612]: DEBUG oslo_concurrency.lockutils [None req-df6c5946-337e-48f9-9004-fd29deca2a9e demo demo] Lock "eb7714a2-516e-4a02-bc5f-69d4ed31e046" acquired by "nova.context.set_target_cell..get_or_set_cached_cell_and_set_connections" :: waited 0.000s {{(pid=99612) inner /opt/stack/data/venv/lib/python3.12/site-packages/oslo_concurrency/lockutils.py:524}}
Jun 18 13:46:14.660516 np0000182128 devstack@n-api.service[99612]: DEBUG oslo_concurrency.lockutils [None req-df6c5946-337e-48f9-9004-fd29deca2a9e demo demo] Lock "eb7714a2-516e-4a02-bc5f-69d4ed31e046" "released" by "nova.context.set_target_cell..get_or_set_cached_cell_and_set_connections" :: held 0.000s {{(pid=99612) inner /opt/stack/data/venv/lib/python3.12/site-packages/oslo_concurrency/lockutils.py:543}}
Jun 18 13:46:14.732899 np0000182128 devstack@n-api.service[99612]: INFO nova.api.openstack.requestlog [None req-df6c5946-337e-48f9-9004-fd29deca2a9e demo demo] 172.18.0.2 "GET /compute/v2.1/os-availability-zone" status: 200 len: 97 microversion: 2.38 time: 0.081270
Jun 18 13:46:14.733743 np0000182128 devstack@n-api.service[99612]: [pid: 99612|app: 0|req: 24/97] 199.204.45.140 () {68 vars in 1415 bytes} [Thu Jun 18 13:46:14 2026] GET /compute/v2.1/os-availability-zone => generated 97 bytes in 83 msecs (HTTP/1.1 200) 9 headers in 358 bytes (1 switches on core 0)
Jun 18 13:46:15.933677 np0000182128 devstack@n-api.service[99613]: DEBUG nova.api.openstack.wsgi [None req-9233f245-c7ae-4e57-b704-8e509b1d09f8 demo demo] Calling method '>' {{(pid=99613) _process_stack /opt/stack/nova/nova/api/openstack/wsgi.py:551}}
Jun 18 13:46:15.942959 np0000182128 devstack@n-api.service[99613]: INFO nova.api.openstack.requestlog [None req-9233f245-c7ae-4e57-b704-8e509b1d09f8 demo demo] 172.18.0.2 "GET /compute/v2.1/" status: 200 len: 393 microversion: 2.1 time: 0.010047
Jun 18 13:46:15.943210 np0000182128 devstack@n-api.service[99613]: [pid: 99613|app: 0|req: 26/98] 199.204.45.140 () {64 vars in 1272 bytes} [Thu Jun 18 13:46:15 2026] GET /compute/v2.1/ => generated 393 bytes in 11 msecs (HTTP/1.1 200) 9 headers in 357 bytes (1 switches on core 0)
Jun 18 13:46:15.952062 np0000182128 devstack@n-api.service[99614]: DEBUG nova.api.openstack.wsgi [None req-ff3a36dd-0874-4591-97c6-904ade05e6bf demo demo] Calling method '>' {{(pid=99614) _process_stack /opt/stack/nova/nova/api/openstack/wsgi.py:551}}
Jun 18 13:46:15.954738 np0000182128 devstack@n-api.service[99614]: DEBUG oslo_concurrency.lockutils [None req-ff3a36dd-0874-4591-97c6-904ade05e6bf demo demo] Acquiring lock "00000000-0000-0000-0000-000000000000" by "nova.context.set_target_cell..get_or_set_cached_cell_and_set_connections" {{(pid=99614) inner /opt/stack/data/venv/lib/python3.12/site-packages/oslo_concurrency/lockutils.py:511}}
Jun 18 13:46:15.955049 np0000182128 devstack@n-api.service[99614]: DEBUG oslo_concurrency.lockutils [None req-ff3a36dd-0874-4591-97c6-904ade05e6bf demo demo] Lock "00000000-0000-0000-0000-000000000000" acquired by "nova.context.set_target_cell..get_or_set_cached_cell_and_set_connections" :: waited 0.000s {{(pid=99614) inner /opt/stack/data/venv/lib/python3.12/site-packages/oslo_concurrency/lockutils.py:524}}
Jun 18 13:46:15.955307 np0000182128 devstack@n-api.service[99614]: DEBUG oslo_concurrency.lockutils [None req-ff3a36dd-0874-4591-97c6-904ade05e6bf demo demo] Lock "00000000-0000-0000-0000-000000000000" "released" by "nova.context.set_target_cell..get_or_set_cached_cell_and_set_connections" :: held 0.000s {{(pid=99614) inner /opt/stack/data/venv/lib/python3.12/site-packages/oslo_concurrency/lockutils.py:543}}
Jun 18 13:46:15.956793 np0000182128 devstack@n-api.service[99614]: DEBUG oslo_concurrency.lockutils [None req-ff3a36dd-0874-4591-97c6-904ade05e6bf demo demo] Acquiring lock "eb7714a2-516e-4a02-bc5f-69d4ed31e046" by "nova.context.set_target_cell..get_or_set_cached_cell_and_set_connections" {{(pid=99614) inner /opt/stack/data/venv/lib/python3.12/site-packages/oslo_concurrency/lockutils.py:511}}
Jun 18 13:46:15.957126 np0000182128 devstack@n-api.service[99614]: DEBUG oslo_concurrency.lockutils [None req-ff3a36dd-0874-4591-97c6-904ade05e6bf demo demo] Lock "eb7714a2-516e-4a02-bc5f-69d4ed31e046" acquired by "nova.context.set_target_cell..get_or_set_cached_cell_and_set_connections" :: waited 0.000s {{(pid=99614) inner /opt/stack/data/venv/lib/python3.12/site-packages/oslo_concurrency/lockutils.py:524}}
Jun 18 13:46:15.957414 np0000182128 devstack@n-api.service[99614]: DEBUG oslo_concurrency.lockutils [None req-ff3a36dd-0874-4591-97c6-904ade05e6bf demo demo] Lock "eb7714a2-516e-4a02-bc5f-69d4ed31e046" "released" by "nova.context.set_target_cell..get_or_set_cached_cell_and_set_connections" :: held 0.000s {{(pid=99614) inner /opt/stack/data/venv/lib/python3.12/site-packages/oslo_concurrency/lockutils.py:543}}
Jun 18 13:46:16.028123 np0000182128 devstack@n-api.service[99614]: INFO nova.api.openstack.requestlog [None req-ff3a36dd-0874-4591-97c6-904ade05e6bf demo demo] 172.18.0.2 "GET /compute/v2.1/os-availability-zone" status: 200 len: 97 microversion: 2.38 time: 0.077638
Jun 18 13:46:16.028543 np0000182128 devstack@n-api.service[99614]: [pid: 99614|app: 0|req: 25/99] 199.204.45.140 () {68 vars in 1415 bytes} [Thu Jun 18 13:46:15 2026] GET /compute/v2.1/os-availability-zone => generated 97 bytes in 79 msecs (HTTP/1.1 200) 9 headers in 358 bytes (1 switches on core 0)
Jun 18 13:46:16.693104 np0000182128 devstack@n-api.service[99611]: DEBUG nova.api.openstack.wsgi [None req-b6d341b1-4438-4773-9db2-449a3844dcd3 demo demo] Calling method '>' {{(pid=99611) _process_stack /opt/stack/nova/nova/api/openstack/wsgi.py:551}}
Jun 18 13:46:16.698981 np0000182128 devstack@n-api.service[99611]: INFO nova.api.openstack.requestlog [None req-b6d341b1-4438-4773-9db2-449a3844dcd3 demo demo] 172.18.0.2 "GET /compute/v2.1/" status: 200 len: 393 microversion: 2.1 time: 0.006328
Jun 18 13:46:16.699253 np0000182128 devstack@n-api.service[99611]: [pid: 99611|app: 0|req: 25/100] 199.204.45.140 () {64 vars in 1272 bytes} [Thu Jun 18 13:46:16 2026] GET /compute/v2.1/ => generated 393 bytes in 7 msecs (HTTP/1.1 200) 9 headers in 357 bytes (1 switches on core 0)
Jun 18 13:46:16.707468 np0000182128 devstack@n-api.service[99612]: DEBUG nova.api.openstack.wsgi [None req-861b9e5f-f99a-45b1-9cc8-9afd26cea25d demo demo] Calling method '>' {{(pid=99612) _process_stack /opt/stack/nova/nova/api/openstack/wsgi.py:551}}
Jun 18 13:46:16.710111 np0000182128 devstack@n-api.service[99612]: DEBUG oslo_concurrency.lockutils [None req-861b9e5f-f99a-45b1-9cc8-9afd26cea25d demo demo] Acquiring lock "00000000-0000-0000-0000-000000000000" by "nova.context.set_target_cell..get_or_set_cached_cell_and_set_connections" {{(pid=99612) inner /opt/stack/data/venv/lib/python3.12/site-packages/oslo_concurrency/lockutils.py:511}}
Jun 18 13:46:16.710355 np0000182128 devstack@n-api.service[99612]: DEBUG oslo_concurrency.lockutils [None req-861b9e5f-f99a-45b1-9cc8-9afd26cea25d demo demo] Lock "00000000-0000-0000-0000-000000000000" acquired by "nova.context.set_target_cell..get_or_set_cached_cell_and_set_connections" :: waited 0.000s {{(pid=99612) inner /opt/stack/data/venv/lib/python3.12/site-packages/oslo_concurrency/lockutils.py:524}}
Jun 18 13:46:16.710610 np0000182128 devstack@n-api.service[99612]: DEBUG oslo_concurrency.lockutils [None req-861b9e5f-f99a-45b1-9cc8-9afd26cea25d demo demo] Lock "00000000-0000-0000-0000-000000000000" "released" by "nova.context.set_target_cell..get_or_set_cached_cell_and_set_connections" :: held 0.000s {{(pid=99612) inner /opt/stack/data/venv/lib/python3.12/site-packages/oslo_concurrency/lockutils.py:543}}
Jun 18 13:46:16.711517 np0000182128 devstack@n-api.service[99612]: DEBUG oslo_concurrency.lockutils [None req-861b9e5f-f99a-45b1-9cc8-9afd26cea25d demo demo] Acquiring lock "eb7714a2-516e-4a02-bc5f-69d4ed31e046" by "nova.context.set_target_cell..get_or_set_cached_cell_and_set_connections" {{(pid=99612) inner /opt/stack/data/venv/lib/python3.12/site-packages/oslo_concurrency/lockutils.py:511}}
Jun 18 13:46:16.711686 np0000182128 devstack@n-api.service[99612]: DEBUG oslo_concurrency.lockutils [None req-861b9e5f-f99a-45b1-9cc8-9afd26cea25d demo demo] Lock "eb7714a2-516e-4a02-bc5f-69d4ed31e046" acquired by "nova.context.set_target_cell..get_or_set_cached_cell_and_set_connections" :: waited 0.000s {{(pid=99612) inner /opt/stack/data/venv/lib/python3.12/site-packages/oslo_concurrency/lockutils.py:524}}
Jun 18 13:46:16.711799 np0000182128 devstack@n-api.service[99612]: DEBUG oslo_concurrency.lockutils [None req-861b9e5f-f99a-45b1-9cc8-9afd26cea25d demo demo] Lock "eb7714a2-516e-4a02-bc5f-69d4ed31e046" "released" by "nova.context.set_target_cell..get_or_set_cached_cell_and_set_connections" :: held 0.000s {{(pid=99612) inner /opt/stack/data/venv/lib/python3.12/site-packages/oslo_concurrency/lockutils.py:543}}
Jun 18 13:46:16.730332 np0000182128 devstack@n-api.service[99612]: INFO nova.api.openstack.requestlog [None req-861b9e5f-f99a-45b1-9cc8-9afd26cea25d demo demo] 172.18.0.2 "GET /compute/v2.1/os-availability-zone" status: 200 len: 97 microversion: 2.38 time: 0.025247
Jun 18 13:46:16.730804 np0000182128 devstack@n-api.service[99612]: [pid: 99612|app: 0|req: 25/101] 199.204.45.140 () {68 vars in 1415 bytes} [Thu Jun 18 13:46:16 2026] GET /compute/v2.1/os-availability-zone => generated 97 bytes in 26 msecs (HTTP/1.1 200) 9 headers in 358 bytes (1 switches on core 0)
Jun 18 13:46:17.392739 np0000182128 devstack@n-api.service[99613]: DEBUG nova.api.openstack.wsgi [None req-9233f245-c7ae-4e57-b704-8e509b1d09f8 demo demo] Calling method '>' {{(pid=99613) _process_stack /opt/stack/nova/nova/api/openstack/wsgi.py:551}}
Jun 18 13:46:17.396991 np0000182128 devstack@n-api.service[99613]: INFO nova.api.openstack.requestlog [None req-9233f245-c7ae-4e57-b704-8e509b1d09f8 demo demo] 172.18.0.2 "GET /compute/v2.1/" status: 200 len: 393 microversion: 2.1 time: 0.004318
Jun 18 13:46:17.397357 np0000182128 devstack@n-api.service[99613]: [pid: 99613|app: 0|req: 27/102] 199.204.45.140 () {64 vars in 1272 bytes} [Thu Jun 18 13:46:17 2026] GET /compute/v2.1/ => generated 393 bytes in 5 msecs (HTTP/1.1 200) 9 headers in 357 bytes (1 switches on core 0)
Jun 18 13:46:17.411243 np0000182128 devstack@n-api.service[99614]: DEBUG nova.api.openstack.wsgi [None req-565a0da3-52fb-45e5-9ba8-5729c4158696 demo demo] Calling method '>' {{(pid=99614) _process_stack /opt/stack/nova/nova/api/openstack/wsgi.py:551}}
Jun 18 13:46:17.418136 np0000182128 devstack@n-api.service[99614]: DEBUG oslo_concurrency.lockutils [None req-565a0da3-52fb-45e5-9ba8-5729c4158696 demo demo] Acquiring lock "00000000-0000-0000-0000-000000000000" by "nova.context.set_target_cell..get_or_set_cached_cell_and_set_connections" {{(pid=99614) inner /opt/stack/data/venv/lib/python3.12/site-packages/oslo_concurrency/lockutils.py:511}}
Jun 18 13:46:17.418522 np0000182128 devstack@n-api.service[99614]: DEBUG oslo_concurrency.lockutils [None req-565a0da3-52fb-45e5-9ba8-5729c4158696 demo demo] Lock "00000000-0000-0000-0000-000000000000" acquired by "nova.context.set_target_cell..get_or_set_cached_cell_and_set_connections" :: waited 0.000s {{(pid=99614) inner /opt/stack/data/venv/lib/python3.12/site-packages/oslo_concurrency/lockutils.py:524}}
Jun 18 13:46:17.418732 np0000182128 devstack@n-api.service[99614]: DEBUG oslo_concurrency.lockutils [None req-565a0da3-52fb-45e5-9ba8-5729c4158696 demo demo] Lock "00000000-0000-0000-0000-000000000000" "released" by "nova.context.set_target_cell..get_or_set_cached_cell_and_set_connections" :: held 0.000s {{(pid=99614) inner /opt/stack/data/venv/lib/python3.12/site-packages/oslo_concurrency/lockutils.py:543}}
Jun 18 13:46:17.419487 np0000182128 devstack@n-api.service[99614]: DEBUG oslo_concurrency.lockutils [None req-565a0da3-52fb-45e5-9ba8-5729c4158696 demo demo] Acquiring lock "eb7714a2-516e-4a02-bc5f-69d4ed31e046" by "nova.context.set_target_cell..get_or_set_cached_cell_and_set_connections" {{(pid=99614) inner /opt/stack/data/venv/lib/python3.12/site-packages/oslo_concurrency/lockutils.py:511}}
Jun 18 13:46:17.419691 np0000182128 devstack@n-api.service[99614]: DEBUG oslo_concurrency.lockutils [None req-565a0da3-52fb-45e5-9ba8-5729c4158696 demo demo] Lock "eb7714a2-516e-4a02-bc5f-69d4ed31e046" acquired by "nova.context.set_target_cell..get_or_set_cached_cell_and_set_connections" :: waited 0.000s {{(pid=99614) inner /opt/stack/data/venv/lib/python3.12/site-packages/oslo_concurrency/lockutils.py:524}}
Jun 18 13:46:17.419840 np0000182128 devstack@n-api.service[99614]: DEBUG oslo_concurrency.lockutils [None req-565a0da3-52fb-45e5-9ba8-5729c4158696 demo demo] Lock "eb7714a2-516e-4a02-bc5f-69d4ed31e046" "released" by "nova.context.set_target_cell..get_or_set_cached_cell_and_set_connections" :: held 0.000s {{(pid=99614) inner /opt/stack/data/venv/lib/python3.12/site-packages/oslo_concurrency/lockutils.py:543}}
Jun 18 13:46:17.439651 np0000182128 devstack@n-api.service[99614]: INFO nova.api.openstack.requestlog [None req-565a0da3-52fb-45e5-9ba8-5729c4158696 demo demo] 172.18.0.2 "GET /compute/v2.1/os-availability-zone" status: 200 len: 97 microversion: 2.38 time: 0.031759
Jun 18 13:46:17.440346 np0000182128 devstack@n-api.service[99614]: [pid: 99614|app: 0|req: 26/103] 199.204.45.140 () {68 vars in 1415 bytes} [Thu Jun 18 13:46:17 2026] GET /compute/v2.1/os-availability-zone => generated 97 bytes in 33 msecs (HTTP/1.1 200) 9 headers in 358 bytes (1 switches on core 0)
Jun 18 13:46:21.458196 np0000182128 devstack@n-api.service[99611]: DEBUG nova.api.openstack.wsgi [None req-b6d341b1-4438-4773-9db2-449a3844dcd3 demo demo] Calling method '>' {{(pid=99611) _process_stack /opt/stack/nova/nova/api/openstack/wsgi.py:551}}
Jun 18 13:46:21.462247 np0000182128 devstack@n-api.service[99611]: INFO nova.api.openstack.requestlog [None req-b6d341b1-4438-4773-9db2-449a3844dcd3 demo demo] 172.18.0.2 "GET /compute/v2.1/" status: 200 len: 393 microversion: 2.1 time: 0.004372
Jun 18 13:46:21.462602 np0000182128 devstack@n-api.service[99611]: [pid: 99611|app: 0|req: 26/104] 199.204.45.140 () {64 vars in 1272 bytes} [Thu Jun 18 13:46:21 2026] GET /compute/v2.1/ => generated 393 bytes in 5 msecs (HTTP/1.1 200) 9 headers in 357 bytes (1 switches on core 0)
Jun 18 13:46:21.473904 np0000182128 devstack@n-api.service[99612]: DEBUG nova.api.openstack.wsgi [None req-b9b12836-496a-4485-aaa3-09d90e496278 demo demo] Calling method '>' {{(pid=99612) _process_stack /opt/stack/nova/nova/api/openstack/wsgi.py:551}}
Jun 18 13:46:21.499019 np0000182128 devstack@n-api.service[99612]: INFO nova.api.openstack.requestlog [None req-b9b12836-496a-4485-aaa3-09d90e496278 demo demo] 172.18.0.2 "GET /compute/v2.1/flavors/detail" status: 200 len: 4022 microversion: 2.38 time: 0.028346
Jun 18 13:46:21.499363 np0000182128 devstack@n-api.service[99612]: [pid: 99612|app: 0|req: 26/105] 199.204.45.140 () {68 vars in 1397 bytes} [Thu Jun 18 13:46:21 2026] GET /compute/v2.1/flavors/detail => generated 4022 bytes in 29 msecs (HTTP/1.1 200) 9 headers in 360 bytes (1 switches on core 0)
Jun 18 13:46:22.240766 np0000182128 devstack@n-api.service[99613]: DEBUG nova.api.openstack.wsgi [None req-9233f245-c7ae-4e57-b704-8e509b1d09f8 demo demo] Calling method '>' {{(pid=99613) _process_stack /opt/stack/nova/nova/api/openstack/wsgi.py:551}}
Jun 18 13:46:22.244493 np0000182128 devstack@n-api.service[99613]: INFO nova.api.openstack.requestlog [None req-9233f245-c7ae-4e57-b704-8e509b1d09f8 demo demo] 172.18.0.2 "GET /compute/v2.1/" status: 200 len: 393 microversion: 2.1 time: 0.004597
Jun 18 13:46:22.244766 np0000182128 devstack@n-api.service[99613]: [pid: 99613|app: 0|req: 28/106] 199.204.45.140 () {64 vars in 1272 bytes} [Thu Jun 18 13:46:22 2026] GET /compute/v2.1/ => generated 393 bytes in 6 msecs (HTTP/1.1 200) 9 headers in 357 bytes (1 switches on core 0)
Jun 18 13:46:22.252294 np0000182128 devstack@n-api.service[99614]: DEBUG nova.api.openstack.wsgi [None req-3d2a8eb7-f018-48df-b8a4-32f08c246013 demo demo] Calling method '>' {{(pid=99614) _process_stack /opt/stack/nova/nova/api/openstack/wsgi.py:551}}
Jun 18 13:46:22.256364 np0000182128 devstack@n-api.service[99614]: DEBUG nova.policy [None req-3d2a8eb7-f018-48df-b8a4-32f08c246013 demo demo] Policy check for os_compute_api:servers:allow_all_filters failed with credentials {'is_admin': False, 'user_id': '358ec40c54354c39bd1db42b9e07f62d', 'user_domain_id': 'default', 'system_scope': None, 'domain_id': None, 'project_id': '300d4a121be74cc8934cde45ecc54149', 'project_domain_id': 'default', 'roles': ['anotherrole', 'load-balancer_member', 'member', 'reader'], 'is_admin_project': True, 'service_user_id': None, 'service_user_domain_id': None, 'service_project_id': None, 'service_project_domain_id': None, 'service_roles': []} {{(pid=99614) authorize /opt/stack/nova/nova/policy.py:192}}
Jun 18 13:46:22.256744 np0000182128 devstack@n-api.service[99614]: DEBUG nova.compute.api [None req-3d2a8eb7-f018-48df-b8a4-32f08c246013 demo demo] Searching by: {'name': '^kube-o7ma9-t6xtg-fw8ft$', 'deleted': False, 'project_id': '300d4a121be74cc8934cde45ecc54149'} {{(pid=99614) get_all /opt/stack/nova/nova/compute/api.py:3111}}
Jun 18 13:46:22.262491 np0000182128 devstack@n-api.service[99614]: DEBUG oslo_concurrency.lockutils [None req-3d2a8eb7-f018-48df-b8a4-32f08c246013 demo demo] Acquiring lock "00000000-0000-0000-0000-000000000000" by "nova.context.set_target_cell..get_or_set_cached_cell_and_set_connections" {{(pid=99614) inner /opt/stack/data/venv/lib/python3.12/site-packages/oslo_concurrency/lockutils.py:511}}
Jun 18 13:46:22.262736 np0000182128 devstack@n-api.service[99614]: DEBUG oslo_concurrency.lockutils [None req-3d2a8eb7-f018-48df-b8a4-32f08c246013 demo demo] Lock "00000000-0000-0000-0000-000000000000" acquired by "nova.context.set_target_cell..get_or_set_cached_cell_and_set_connections" :: waited 0.000s {{(pid=99614) inner /opt/stack/data/venv/lib/python3.12/site-packages/oslo_concurrency/lockutils.py:524}}
Jun 18 13:46:22.263010 np0000182128 devstack@n-api.service[99614]: DEBUG oslo_concurrency.lockutils [None req-3d2a8eb7-f018-48df-b8a4-32f08c246013 demo demo] Lock "00000000-0000-0000-0000-000000000000" "released" by "nova.context.set_target_cell..get_or_set_cached_cell_and_set_connections" :: held 0.000s {{(pid=99614) inner /opt/stack/data/venv/lib/python3.12/site-packages/oslo_concurrency/lockutils.py:543}}
Jun 18 13:46:22.263551 np0000182128 devstack@n-api.service[99614]: DEBUG oslo_concurrency.lockutils [None req-3d2a8eb7-f018-48df-b8a4-32f08c246013 demo demo] Acquiring lock "eb7714a2-516e-4a02-bc5f-69d4ed31e046" by "nova.context.set_target_cell..get_or_set_cached_cell_and_set_connections" {{(pid=99614) inner /opt/stack/data/venv/lib/python3.12/site-packages/oslo_concurrency/lockutils.py:511}}
Jun 18 13:46:22.263861 np0000182128 devstack@n-api.service[99614]: DEBUG oslo_concurrency.lockutils [None req-3d2a8eb7-f018-48df-b8a4-32f08c246013 demo demo] Lock "eb7714a2-516e-4a02-bc5f-69d4ed31e046" acquired by "nova.context.set_target_cell..get_or_set_cached_cell_and_set_connections" :: waited 0.000s {{(pid=99614) inner /opt/stack/data/venv/lib/python3.12/site-packages/oslo_concurrency/lockutils.py:524}}
Jun 18 13:46:22.264203 np0000182128 devstack@n-api.service[99614]: DEBUG oslo_concurrency.lockutils [None req-3d2a8eb7-f018-48df-b8a4-32f08c246013 demo demo] Lock "eb7714a2-516e-4a02-bc5f-69d4ed31e046" "released" by "nova.context.set_target_cell..get_or_set_cached_cell_and_set_connections" :: held 0.000s {{(pid=99614) inner /opt/stack/data/venv/lib/python3.12/site-packages/oslo_concurrency/lockutils.py:543}}
Jun 18 13:46:22.350768 np0000182128 devstack@n-api.service[99614]: DEBUG oslo_concurrency.lockutils [None req-3d2a8eb7-f018-48df-b8a4-32f08c246013 demo demo] Acquiring lock "00000000-0000-0000-0000-000000000000" by "nova.context.set_target_cell..get_or_set_cached_cell_and_set_connections" {{(pid=99614) inner /opt/stack/data/venv/lib/python3.12/site-packages/oslo_concurrency/lockutils.py:511}}
Jun 18 13:46:22.351052 np0000182128 devstack@n-api.service[99614]: DEBUG oslo_concurrency.lockutils [None req-3d2a8eb7-f018-48df-b8a4-32f08c246013 demo demo] Lock "00000000-0000-0000-0000-000000000000" acquired by "nova.context.set_target_cell..get_or_set_cached_cell_and_set_connections" :: waited 0.000s {{(pid=99614) inner /opt/stack/data/venv/lib/python3.12/site-packages/oslo_concurrency/lockutils.py:524}}
Jun 18 13:46:22.351342 np0000182128 devstack@n-api.service[99614]: DEBUG oslo_concurrency.lockutils [None req-3d2a8eb7-f018-48df-b8a4-32f08c246013 demo demo] Lock "00000000-0000-0000-0000-000000000000" "released" by "nova.context.set_target_cell..get_or_set_cached_cell_and_set_connections" :: held 0.000s {{(pid=99614) inner /opt/stack/data/venv/lib/python3.12/site-packages/oslo_concurrency/lockutils.py:543}}
Jun 18 13:46:22.351951 np0000182128 devstack@n-api.service[99614]: DEBUG oslo_concurrency.lockutils [None req-3d2a8eb7-f018-48df-b8a4-32f08c246013 demo demo] Acquiring lock "eb7714a2-516e-4a02-bc5f-69d4ed31e046" by "nova.context.set_target_cell..get_or_set_cached_cell_and_set_connections" {{(pid=99614) inner /opt/stack/data/venv/lib/python3.12/site-packages/oslo_concurrency/lockutils.py:511}}
Jun 18 13:46:22.352232 np0000182128 devstack@n-api.service[99614]: DEBUG oslo_concurrency.lockutils [None req-3d2a8eb7-f018-48df-b8a4-32f08c246013 demo demo] Lock "eb7714a2-516e-4a02-bc5f-69d4ed31e046" acquired by "nova.context.set_target_cell..get_or_set_cached_cell_and_set_connections" :: waited 0.000s {{(pid=99614) inner /opt/stack/data/venv/lib/python3.12/site-packages/oslo_concurrency/lockutils.py:524}}
Jun 18 13:46:22.352511 np0000182128 devstack@n-api.service[99614]: DEBUG oslo_concurrency.lockutils [None req-3d2a8eb7-f018-48df-b8a4-32f08c246013 demo demo] Lock "eb7714a2-516e-4a02-bc5f-69d4ed31e046" "released" by "nova.context.set_target_cell..get_or_set_cached_cell_and_set_connections" :: held 0.000s {{(pid=99614) inner /opt/stack/data/venv/lib/python3.12/site-packages/oslo_concurrency/lockutils.py:543}}
Jun 18 13:46:22.355523 np0000182128 devstack@n-api.service[99614]: DEBUG nova.policy [None req-3d2a8eb7-f018-48df-b8a4-32f08c246013 demo demo] Policy check for os_compute_api:os-extended-server-attributes failed with credentials {'is_admin': False, 'user_id': '358ec40c54354c39bd1db42b9e07f62d', 'user_domain_id': 'default', 'system_scope': None, 'domain_id': None, 'project_id': '300d4a121be74cc8934cde45ecc54149', 'project_domain_id': 'default', 'roles': ['anotherrole', 'load-balancer_member', 'member', 'reader'], 'is_admin_project': True, 'service_user_id': None, 'service_user_domain_id': None, 'service_project_id': None, 'service_project_domain_id': None, 'service_roles': []} {{(pid=99614) authorize /opt/stack/nova/nova/policy.py:192}}
Jun 18 13:46:22.359719 np0000182128 devstack@n-api.service[99614]: DEBUG nova.policy [None req-3d2a8eb7-f018-48df-b8a4-32f08c246013 demo demo] Policy check for os_compute_api:servers:show:host_status failed with credentials {'is_admin': False, 'user_id': '358ec40c54354c39bd1db42b9e07f62d', 'user_domain_id': 'default', 'system_scope': None, 'domain_id': None, 'project_id': '300d4a121be74cc8934cde45ecc54149', 'project_domain_id': 'default', 'roles': ['anotherrole', 'load-balancer_member', 'member', 'reader'], 'is_admin_project': True, 'service_user_id': None, 'service_user_domain_id': None, 'service_project_id': None, 'service_project_domain_id': None, 'service_roles': []} {{(pid=99614) authorize /opt/stack/nova/nova/policy.py:192}}
Jun 18 13:46:22.360353 np0000182128 devstack@n-api.service[99614]: DEBUG nova.policy [None req-3d2a8eb7-f018-48df-b8a4-32f08c246013 demo demo] Policy check for os_compute_api:servers:show:host_status:unknown-only failed with credentials {'is_admin': False, 'user_id': '358ec40c54354c39bd1db42b9e07f62d', 'user_domain_id': 'default', 'system_scope': None, 'domain_id': None, 'project_id': '300d4a121be74cc8934cde45ecc54149', 'project_domain_id': 'default', 'roles': ['anotherrole', 'load-balancer_member', 'member', 'reader'], 'is_admin_project': True, 'service_user_id': None, 'service_user_domain_id': None, 'service_project_id': None, 'service_project_domain_id': None, 'service_roles': []} {{(pid=99614) authorize /opt/stack/nova/nova/policy.py:192}}
