Apr 13 15:32:41.954849 np0000165513 devstack@neutron-api.service[104053]: INFO neutron.quota.resource_registry [None req-2891bbec-443f-42a2-8de1-f7192f9ab0df None None] Creating instance of TrackedResource for resource:subnetpool
Apr 13 15:32:41.954965 np0000165513 devstack@neutron-api.service[104053]: WARNING neutron.quota.resource_registry [None req-2891bbec-443f-42a2-8de1-f7192f9ab0df None None] subnetpool is already registered
Apr 13 15:32:41.956619 np0000165513 devstack@neutron-api.service[104052]: DEBUG oslo_concurrency.processutils [None req-ea22b885-b277-48f4-8e77-0b7cbcc2459d None None] CMD "ovsdb-client transact ssl:199.204.45.205:6641 --timeout 180 -p /opt/stack/data/CA/int-ca/private/devstack-cert.key -c /opt/stack/data/CA/int-ca/devstack-cert.crt -C /opt/stack/data/CA/int-ca/ca-chain.pem ["OVN_Northbound", {"op": "wait", "timeout": 0, "table": "Port_Group", "where": [["name", "==", "neutron_pg_drop"]], "until": "==", "rows": []}, {"op": "insert", "table": "ACL", "row": {"action": "drop", "direction": "to-lport", "match": "outport == @neutron_pg_drop && ip", "priority": 1001}, "uuid-name": "droptoport"}, {"op": "insert", "table": "ACL", "row": {"action": "drop", "direction": "from-lport", "match": "inport == @neutron_pg_drop && ip", "priority": 1001}, "uuid-name": "dropfromport"}, {"op": "insert", "table": "Port_Group", "row": {"name": "neutron_pg_drop", "acls": ["set", [["named-uuid", "droptoport"], ["named-uuid", "dropfromport"]]]}}]" returned: 0 in 0.040s {{(pid=104052) execute /opt/stack/data/venv/lib/python3.12/site-packages/oslo_concurrency/processutils.py:468}}
Apr 13 15:32:41.957036 np0000165513 devstack@neutron-api.service[104053]: DEBUG neutron.api.v2.resource_helper [None req-2891bbec-443f-42a2-8de1-f7192f9ab0df None None] Service L3_ROUTER_NAT assigned prefix: {{(pid=104053) build_resource_info /opt/stack/neutron/neutron/api/v2/resource_helper.py:77}}
Apr 13 15:32:41.957362 np0000165513 devstack@neutron-api.service[104053]: DEBUG neutron.api.v2.resource_helper [None req-2891bbec-443f-42a2-8de1-f7192f9ab0df None None] Service FLAVORS assigned prefix: {{(pid=104053) build_resource_info /opt/stack/neutron/neutron/api/v2/resource_helper.py:77}}
Apr 13 15:32:41.957516 np0000165513 devstack@neutron-api.service[104052]: DEBUG neutron_lib.callbacks.manager [None req-ea22b885-b277-48f4-8e77-0b7cbcc2459d None None] Publish callbacks ['neutron.plugins.ml2.drivers.ovn.mech_driver.mech_driver.OVNMechanismDriver.post_fork_initialize-325836', 'neutron.services.ovn_l3.plugin.OVNL3RouterPlugin._post_fork_initialize-956099'] for process (None), after_init {{(pid=104052) _notify_loop /opt/stack/data/venv/lib/python3.12/site-packages/neutron_lib/callbacks/manager.py:184}}
Apr 13 15:32:41.958071 np0000165513 devstack@neutron-api.service[104052]: DEBUG oslo_concurrency.lockutils [None req-ea22b885-b277-48f4-8e77-0b7cbcc2459d None None] Acquiring lock "singleton_lock" {{(pid=104052) lock /opt/stack/data/venv/lib/python3.12/site-packages/oslo_concurrency/lockutils.py:390}}
Apr 13 15:32:41.958187 np0000165513 devstack@neutron-api.service[104053]: DEBUG neutron.api.v2.resource_helper [None req-2891bbec-443f-42a2-8de1-f7192f9ab0df None None] Service L3_ROUTER_NAT assigned prefix: {{(pid=104053) build_resource_info /opt/stack/neutron/neutron/api/v2/resource_helper.py:77}}
Apr 13 15:32:41.958312 np0000165513 devstack@neutron-api.service[104052]: DEBUG oslo_concurrency.lockutils [None req-ea22b885-b277-48f4-8e77-0b7cbcc2459d None None] Acquired lock "singleton_lock" {{(pid=104052) lock /opt/stack/data/venv/lib/python3.12/site-packages/oslo_concurrency/lockutils.py:393}}
Apr 13 15:32:41.958595 np0000165513 devstack@neutron-api.service[104053]: DEBUG neutron.api.v2.resource_helper [None req-2891bbec-443f-42a2-8de1-f7192f9ab0df None None] Service L3_ROUTER_NAT assigned prefix: {{(pid=104053) build_resource_info /opt/stack/neutron/neutron/api/v2/resource_helper.py:77}}
Apr 13 15:32:41.958682 np0000165513 devstack@neutron-api.service[104053]: INFO neutron.quota.resource_registry [None req-2891bbec-443f-42a2-8de1-f7192f9ab0df None None] Creating instance of TrackedResource for resource:router
Apr 13 15:32:41.958795 np0000165513 devstack@neutron-api.service[104053]: WARNING neutron.quota.resource_registry [None req-2891bbec-443f-42a2-8de1-f7192f9ab0df None None] router is already registered
Apr 13 15:32:41.959002 np0000165513 devstack@neutron-api.service[104052]: DEBUG oslo_concurrency.lockutils [None req-ea22b885-b277-48f4-8e77-0b7cbcc2459d None None] Releasing lock "singleton_lock" {{(pid=104052) lock /opt/stack/data/venv/lib/python3.12/site-packages/oslo_concurrency/lockutils.py:413}}
Apr 13 15:32:41.959170 np0000165513 devstack@neutron-api.service[104053]: INFO neutron.quota.resource_registry [None req-2891bbec-443f-42a2-8de1-f7192f9ab0df None None] Creating instance of TrackedResource for resource:floatingip
Apr 13 15:32:41.959299 np0000165513 devstack@neutron-api.service[104053]: WARNING neutron.quota.resource_registry [None req-2891bbec-443f-42a2-8de1-f7192f9ab0df None None] floatingip is already registered
Apr 13 15:32:41.960156 np0000165513 devstack@neutron-api.service[104053]: INFO neutron.quota.resource_registry [None req-2891bbec-443f-42a2-8de1-f7192f9ab0df None None] Creating instance of CountableResource for resource:rbac_policy
Apr 13 15:32:41.960254 np0000165513 devstack@neutron-api.service[104053]: WARNING neutron.quota.resource_registry [None req-2891bbec-443f-42a2-8de1-f7192f9ab0df None None] rbac_policy is already registered
Apr 13 15:32:41.960879 np0000165513 devstack@neutron-api.service[104053]: INFO neutron.quota.resource_registry [None req-2891bbec-443f-42a2-8de1-f7192f9ab0df None None] Creating instance of TrackedResource for resource:security_group
Apr 13 15:32:41.961005 np0000165513 devstack@neutron-api.service[104053]: WARNING neutron.quota.resource_registry [None req-2891bbec-443f-42a2-8de1-f7192f9ab0df None None] security_group is already registered
Apr 13 15:32:41.961347 np0000165513 devstack@neutron-api.service[104053]: INFO neutron.quota.resource_registry [None req-2891bbec-443f-42a2-8de1-f7192f9ab0df None None] Creating instance of TrackedResource for resource:security_group_rule
Apr 13 15:32:41.961483 np0000165513 devstack@neutron-api.service[104053]: WARNING neutron.quota.resource_registry [None req-2891bbec-443f-42a2-8de1-f7192f9ab0df None None] security_group_rule is already registered
Apr 13 15:32:41.961987 np0000165513 devstack@neutron-api.service[104053]: DEBUG neutron.api.v2.resource_helper [None req-2891bbec-443f-42a2-8de1-f7192f9ab0df None None] Service CORE assigned prefix: {{(pid=104053) build_resource_info /opt/stack/neutron/neutron/api/v2/resource_helper.py:77}}
Apr 13 15:32:41.962128 np0000165513 devstack@neutron-api.service[104052]: DEBUG neutron.plugins.ml2.drivers.ovn.mech_driver.mech_driver [None req-ea22b885-b277-48f4-8e77-0b7cbcc2459d None None] Hash Ring setup using WSGI start time 2026-04-13 15:32:34+00:00 {{(pid=104052) _init_hash_ring /opt/stack/neutron/neutron/plugins/ml2/drivers/ovn/mech_driver/mech_driver.py:402}}
Apr 13 15:32:41.962193 np0000165513 devstack@neutron-api.service[104053]: INFO neutron.quota.resource_registry [None req-2891bbec-443f-42a2-8de1-f7192f9ab0df None None] Creating instance of TrackedResource for resource:subnetpool
Apr 13 15:32:41.962193 np0000165513 devstack@neutron-api.service[104053]: WARNING neutron.quota.resource_registry [None req-2891bbec-443f-42a2-8de1-f7192f9ab0df None None] subnetpool is already registered
Apr 13 15:32:41.962616 np0000165513 devstack@neutron-api.service[104053]: DEBUG neutron.api.extensions [None req-2891bbec-443f-42a2-8de1-f7192f9ab0df None None] Extended resource: extensions {{(pid=104053) __init__ /opt/stack/neutron/neutron/api/extensions.py:156}}
Apr 13 15:32:41.963342 np0000165513 devstack@neutron-api.service[104053]: DEBUG neutron.api.extensions [None req-2891bbec-443f-42a2-8de1-f7192f9ab0df None None] Extended resource: address-groups {{(pid=104053) __init__ /opt/stack/neutron/neutron/api/extensions.py:156}}
Apr 13 15:32:41.963967 np0000165513 devstack@neutron-api.service[104054]: DEBUG oslo_concurrency.processutils [None req-eb860b8c-db61-41bf-9c43-a8f529e34fe0 None None] CMD "ovsdb-client transact ssl:199.204.45.205:6641 --timeout 180 -p /opt/stack/data/CA/int-ca/private/devstack-cert.key -c /opt/stack/data/CA/int-ca/devstack-cert.crt -C /opt/stack/data/CA/int-ca/ca-chain.pem ["OVN_Northbound", {"op": "wait", "timeout": 0, "table": "Port_Group", "where": [["name", "==", "neutron_pg_drop"]], "until": "==", "rows": []}, {"op": "insert", "table": "ACL", "row": {"action": "drop", "direction": "to-lport", "match": "outport == @neutron_pg_drop && ip", "priority": 1001}, "uuid-name": "droptoport"}, {"op": "insert", "table": "ACL", "row": {"action": "drop", "direction": "from-lport", "match": "inport == @neutron_pg_drop && ip", "priority": 1001}, "uuid-name": "dropfromport"}, {"op": "insert", "table": "Port_Group", "row": {"name": "neutron_pg_drop", "acls": ["set", [["named-uuid", "droptoport"], ["named-uuid", "dropfromport"]]]}}]" returned: 0 in 0.038s {{(pid=104054) execute /opt/stack/data/venv/lib/python3.12/site-packages/oslo_concurrency/processutils.py:468}}
Apr 13 15:32:41.964079 np0000165513 devstack@neutron-api.service[104053]: DEBUG neutron.api.extensions [None req-2891bbec-443f-42a2-8de1-f7192f9ab0df None None] Extended resource: address-scopes {{(pid=104053) __init__ /opt/stack/neutron/neutron/api/extensions.py:156}}
Apr 13 15:32:41.964605 np0000165513 devstack@neutron-api.service[104053]: DEBUG neutron.api.extensions [None req-2891bbec-443f-42a2-8de1-f7192f9ab0df None None] Extended resource: agents {{(pid=104053) __init__ /opt/stack/neutron/neutron/api/extensions.py:156}}
Apr 13 15:32:41.964638 np0000165513 devstack@neutron-api.service[104054]: DEBUG neutron_lib.callbacks.manager [None req-eb860b8c-db61-41bf-9c43-a8f529e34fe0 None None] Publish callbacks ['neutron.plugins.ml2.drivers.ovn.mech_driver.mech_driver.OVNMechanismDriver.post_fork_initialize-315776', 'neutron.services.ovn_l3.plugin.OVNL3RouterPlugin._post_fork_initialize-130641'] for process (None), after_init {{(pid=104054) _notify_loop /opt/stack/data/venv/lib/python3.12/site-packages/neutron_lib/callbacks/manager.py:184}}
Apr 13 15:32:41.965066 np0000165513 devstack@neutron-api.service[104053]: DEBUG neutron.api.extensions [None req-2891bbec-443f-42a2-8de1-f7192f9ab0df None None] Extended resource: auto-allocated-topology {{(pid=104053) __init__ /opt/stack/neutron/neutron/api/extensions.py:156}}
Apr 13 15:32:41.965228 np0000165513 devstack@neutron-api.service[104054]: DEBUG oslo_concurrency.lockutils [None req-eb860b8c-db61-41bf-9c43-a8f529e34fe0 None None] Acquiring lock "singleton_lock" {{(pid=104054) lock /opt/stack/data/venv/lib/python3.12/site-packages/oslo_concurrency/lockutils.py:390}}
Apr 13 15:32:41.965490 np0000165513 devstack@neutron-api.service[104054]: DEBUG oslo_concurrency.lockutils [None req-eb860b8c-db61-41bf-9c43-a8f529e34fe0 None None] Acquired lock "singleton_lock" {{(pid=104054) lock /opt/stack/data/venv/lib/python3.12/site-packages/oslo_concurrency/lockutils.py:393}}
Apr 13 15:32:41.965620 np0000165513 devstack@neutron-api.service[104053]: DEBUG neutron.api.extensions [None req-2891bbec-443f-42a2-8de1-f7192f9ab0df None None] Extended resource: availability_zones {{(pid=104053) __init__ /opt/stack/neutron/neutron/api/extensions.py:156}}
Apr 13 15:32:41.965894 np0000165513 devstack@neutron-api.service[104054]: DEBUG oslo_concurrency.lockutils [None req-eb860b8c-db61-41bf-9c43-a8f529e34fe0 None None] Releasing lock "singleton_lock" {{(pid=104054) lock /opt/stack/data/venv/lib/python3.12/site-packages/oslo_concurrency/lockutils.py:413}}
Apr 13 15:32:41.966155 np0000165513 devstack@neutron-api.service[104053]: DEBUG neutron.api.extensions [None req-2891bbec-443f-42a2-8de1-f7192f9ab0df None None] Extended resource: dhcp-networks {{(pid=104053) __init__ /opt/stack/neutron/neutron/api/extensions.py:156}}
Apr 13 15:32:41.966806 np0000165513 devstack@neutron-api.service[104053]: DEBUG neutron.api.extensions [None req-2891bbec-443f-42a2-8de1-f7192f9ab0df None None] Extended resource: dhcp-agents {{(pid=104053) __init__ /opt/stack/neutron/neutron/api/extensions.py:156}}
Apr 13 15:32:41.967426 np0000165513 devstack@neutron-api.service[104053]: DEBUG neutron.api.extensions [None req-2891bbec-443f-42a2-8de1-f7192f9ab0df None None] Extended resource: routers {{(pid=104053) __init__ /opt/stack/neutron/neutron/api/extensions.py:156}}
Apr 13 15:32:41.968398 np0000165513 devstack@neutron-api.service[104053]: DEBUG neutron.api.extensions [None req-2891bbec-443f-42a2-8de1-f7192f9ab0df None None] Extended resource: flavors {{(pid=104053) __init__ /opt/stack/neutron/neutron/api/extensions.py:156}}
Apr 13 15:32:41.968872 np0000165513 devstack@neutron-api.service[104053]: DEBUG neutron.api.extensions [None req-2891bbec-443f-42a2-8de1-f7192f9ab0df None None] Extended resource: service_profiles {{(pid=104053) __init__ /opt/stack/neutron/neutron/api/extensions.py:156}}
Apr 13 15:32:41.968941 np0000165513 devstack@neutron-api.service[104054]: DEBUG neutron.plugins.ml2.drivers.ovn.mech_driver.mech_driver [None req-eb860b8c-db61-41bf-9c43-a8f529e34fe0 None None] Hash Ring setup using WSGI start time 2026-04-13 15:32:34+00:00 {{(pid=104054) _init_hash_ring /opt/stack/neutron/neutron/plugins/ml2/drivers/ovn/mech_driver/mech_driver.py:402}}
Apr 13 15:32:41.969034 np0000165513 devstack@neutron-api.service[104052]: INFO neutron.db.ovn_hash_ring_db [None req-ea22b885-b277-48f4-8e77-0b7cbcc2459d None None] Nodes from host "np0000165513" and group "mechanism_driver" removed from the Hash Ring created at 2026-04-13 15:32:34+00:00
Apr 13 15:32:41.969402 np0000165513 devstack@neutron-api.service[104053]: DEBUG neutron.api.extensions [None req-2891bbec-443f-42a2-8de1-f7192f9ab0df None None] Extended resource: next_providers {{(pid=104053) __init__ /opt/stack/neutron/neutron/api/extensions.py:156}}
Apr 13 15:32:41.970068 np0000165513 devstack@neutron-api.service[104053]: DEBUG neutron.api.extensions [None req-2891bbec-443f-42a2-8de1-f7192f9ab0df None None] Extended resource: service_profiles {{(pid=104053) __init__ /opt/stack/neutron/neutron/api/extensions.py:156}}
Apr 13 15:32:41.970768 np0000165513 devstack@neutron-api.service[104053]: DEBUG neutron.api.extensions [None req-2891bbec-443f-42a2-8de1-f7192f9ab0df None None] Extended resource: floatingip-pools {{(pid=104053) __init__ /opt/stack/neutron/neutron/api/extensions.py:156}}
Apr 13 15:32:41.971278 np0000165513 devstack@neutron-api.service[104053]: DEBUG neutron.api.extensions [None req-2891bbec-443f-42a2-8de1-f7192f9ab0df None None] Extended resource: routers {{(pid=104053) __init__ /opt/stack/neutron/neutron/api/extensions.py:156}}
Apr 13 15:32:41.971897 np0000165513 devstack@neutron-api.service[104052]: INFO neutron.db.ovn_hash_ring_db [None req-ea22b885-b277-48f4-8e77-0b7cbcc2459d None None] Node 0f0faf1a0cc25017955e3c5057a22d91 from host "np0000165513" and group "mechanism_driver" added to the Hash Ring
Apr 13 15:32:41.972262 np0000165513 devstack@neutron-api.service[104053]: DEBUG neutron.api.extensions [None req-2891bbec-443f-42a2-8de1-f7192f9ab0df None None] Extended resource: floatingips {{(pid=104053) __init__ /opt/stack/neutron/neutron/api/extensions.py:156}}
Apr 13 15:32:41.972782 np0000165513 devstack@neutron-api.service[104053]: DEBUG neutron.api.extensions [None req-2891bbec-443f-42a2-8de1-f7192f9ab0df None None] Extended resource: network-ip-availabilities {{(pid=104053) __init__ /opt/stack/neutron/neutron/api/extensions.py:156}}
Apr 13 15:32:41.973313 np0000165513 devstack@neutron-api.service[104053]: DEBUG neutron.api.extensions [None req-2891bbec-443f-42a2-8de1-f7192f9ab0df None None] Extended resource: network-ip-availabilities {{(pid=104053) __init__ /opt/stack/neutron/neutron/api/extensions.py:156}}
Apr 13 15:32:41.974402 np0000165513 devstack@neutron-api.service[104053]: DEBUG neutron.api.extensions [None req-2891bbec-443f-42a2-8de1-f7192f9ab0df None None] Extended resource: bindings {{(pid=104053) __init__ /opt/stack/neutron/neutron/api/extensions.py:156}}
Apr 13 15:32:41.974951 np0000165513 devstack@neutron-api.service[104052]: DEBUG neutron.plugins.ml2.drivers.ovn.mech_driver.mech_driver [None req-ea22b885-b277-48f4-8e77-0b7cbcc2459d None None] Hash Ring setup, this worker has detected 2 OVN hash ring registers in the database {{(pid=104052) _init_hash_ring /opt/stack/neutron/neutron/plugins/ml2/drivers/ovn/mech_driver/mech_driver.py:412}}
Apr 13 15:32:41.975127 np0000165513 devstack@neutron-api.service[104053]: DEBUG neutron.api.extensions [None req-2891bbec-443f-42a2-8de1-f7192f9ab0df None None] Extended resource: quotas {{(pid=104053) __init__ /opt/stack/neutron/neutron/api/extensions.py:156}}
Apr 13 15:32:41.975826 np0000165513 devstack@neutron-api.service[104053]: DEBUG neutron.api.extensions [None req-2891bbec-443f-42a2-8de1-f7192f9ab0df None None] Extended resource: quotas {{(pid=104053) __init__ /opt/stack/neutron/neutron/api/extensions.py:156}}
Apr 13 15:32:41.976545 np0000165513 devstack@neutron-api.service[104053]: DEBUG neutron.api.extensions [None req-2891bbec-443f-42a2-8de1-f7192f9ab0df None None] Extended resource: rbac-policies {{(pid=104053) __init__ /opt/stack/neutron/neutron/api/extensions.py:156}}
Apr 13 15:32:41.977037 np0000165513 devstack@neutron-api.service[104053]: DEBUG neutron.api.extensions [None req-2891bbec-443f-42a2-8de1-f7192f9ab0df None None] Extended resource: default-security-group-rules {{(pid=104053) __init__ /opt/stack/neutron/neutron/api/extensions.py:156}}
Apr 13 15:32:41.977590 np0000165513 devstack@neutron-api.service[104053]: DEBUG neutron.api.extensions [None req-2891bbec-443f-42a2-8de1-f7192f9ab0df None None] Extended resource: security-groups {{(pid=104053) __init__ /opt/stack/neutron/neutron/api/extensions.py:156}}
Apr 13 15:32:41.978127 np0000165513 devstack@neutron-api.service[104053]: DEBUG neutron.api.extensions [None req-2891bbec-443f-42a2-8de1-f7192f9ab0df None None] Extended resource: security-group-rules {{(pid=104053) __init__ /opt/stack/neutron/neutron/api/extensions.py:156}}
Apr 13 15:32:41.978697 np0000165513 devstack@neutron-api.service[104053]: DEBUG neutron.api.extensions [None req-2891bbec-443f-42a2-8de1-f7192f9ab0df None None] Extended resource: service-providers {{(pid=104053) __init__ /opt/stack/neutron/neutron/api/extensions.py:156}}
Apr 13 15:32:41.979192 np0000165513 devstack@neutron-api.service[104053]: DEBUG neutron.api.extensions [None req-2891bbec-443f-42a2-8de1-f7192f9ab0df None None] Extended resource: subnetpools {{(pid=104053) __init__ /opt/stack/neutron/neutron/api/extensions.py:156}}
Apr 13 15:32:41.979575 np0000165513 devstack@neutron-api.service[104054]: INFO neutron.db.ovn_hash_ring_db [None req-eb860b8c-db61-41bf-9c43-a8f529e34fe0 None None] Nodes from host "np0000165513" and group "mechanism_driver" removed from the Hash Ring created at 2026-04-13 15:32:34+00:00
Apr 13 15:32:41.979868 np0000165513 devstack@neutron-api.service[104053]: DEBUG neutron.api.extensions [None req-2891bbec-443f-42a2-8de1-f7192f9ab0df None None] Extended resource: tags {{(pid=104053) __init__ /opt/stack/neutron/neutron/api/extensions.py:156}}
Apr 13 15:32:41.980387 np0000165513 devstack@neutron-api.service[104052]: DEBUG neutron.plugins.ml2.drivers.ovn.mech_driver.ovsdb.maintenance [None req-ea22b885-b277-48f4-8e77-0b7cbcc2459d None None] Periodic task found: HashRingHealthCheckPeriodics.touch_hash_ring_node {{(pid=104052) add_periodics /opt/stack/neutron/neutron/plugins/ml2/drivers/ovn/mech_driver/ovsdb/maintenance.py:148}}
Apr 13 15:32:41.980606 np0000165513 devstack@neutron-api.service[104053]: DEBUG neutron.api.extensions [None req-2891bbec-443f-42a2-8de1-f7192f9ab0df None None] Extended resource: tags {{(pid=104053) __init__ /opt/stack/neutron/neutron/api/extensions.py:156}}
Apr 13 15:32:41.981170 np0000165513 devstack@neutron-api.service[104052]: INFO neutron.plugins.ml2.drivers.ovn.mech_driver.mech_driver [None req-ea22b885-b277-48f4-8e77-0b7cbcc2459d None None] Hash Ring probing thread for node 0f0faf1a0cc25017955e3c5057a22d91 has started
Apr 13 15:32:41.981385 np0000165513 devstack@neutron-api.service[104053]: DEBUG neutron.api.extensions [None req-2891bbec-443f-42a2-8de1-f7192f9ab0df None None] Extended resource: tags {{(pid=104053) __init__ /opt/stack/neutron/neutron/api/extensions.py:156}}
Apr 13 15:32:41.981714 np0000165513 devstack@neutron-api.service[104052]: INFO neutron.plugins.ml2.drivers.ovn.mech_driver.ovsdb.impl_idl_ovn [None req-ea22b885-b277-48f4-8e77-0b7cbcc2459d None None] Getting OvsdbNbOvnIdl for WorkerService with retry
Apr 13 15:32:41.981943 np0000165513 devstack@neutron-api.service[104054]: INFO neutron.db.ovn_hash_ring_db [None req-eb860b8c-db61-41bf-9c43-a8f529e34fe0 None None] Node 346a12734ed45716907267a7119520de from host "np0000165513" and group "mechanism_driver" added to the Hash Ring
Apr 13 15:32:41.982213 np0000165513 devstack@neutron-api.service[104053]: DEBUG neutron.api.extensions [None req-2891bbec-443f-42a2-8de1-f7192f9ab0df None None] Extended resource: tags {{(pid=104053) __init__ /opt/stack/neutron/neutron/api/extensions.py:156}}
Apr 13 15:32:41.982996 np0000165513 devstack@neutron-api.service[104053]: DEBUG neutron.api.extensions [None req-2891bbec-443f-42a2-8de1-f7192f9ab0df None None] Extended resource: tags {{(pid=104053) __init__ /opt/stack/neutron/neutron/api/extensions.py:156}}
Apr 13 15:32:41.983839 np0000165513 devstack@neutron-api.service[104053]: DEBUG neutron.api.extensions [None req-2891bbec-443f-42a2-8de1-f7192f9ab0df None None] Extended resource: tags {{(pid=104053) __init__ /opt/stack/neutron/neutron/api/extensions.py:156}}
Apr 13 15:32:41.984529 np0000165513 devstack@neutron-api.service[104054]: DEBUG neutron.plugins.ml2.drivers.ovn.mech_driver.mech_driver [None req-eb860b8c-db61-41bf-9c43-a8f529e34fe0 None None] Hash Ring setup, this worker has detected 3 OVN hash ring registers in the database {{(pid=104054) _init_hash_ring /opt/stack/neutron/neutron/plugins/ml2/drivers/ovn/mech_driver/mech_driver.py:412}}
Apr 13 15:32:41.984645 np0000165513 devstack@neutron-api.service[104053]: DEBUG neutron.api.extensions [None req-2891bbec-443f-42a2-8de1-f7192f9ab0df None None] Extended resource: tags {{(pid=104053) __init__ /opt/stack/neutron/neutron/api/extensions.py:156}}
Apr 13 15:32:41.985461 np0000165513 devstack@neutron-api.service[104053]: DEBUG neutron.api.extensions [None req-2891bbec-443f-42a2-8de1-f7192f9ab0df None None] Extended resource: tags {{(pid=104053) __init__ /opt/stack/neutron/neutron/api/extensions.py:156}}
Apr 13 15:32:41.986261 np0000165513 devstack@neutron-api.service[104053]: DEBUG neutron.api.extensions [None req-2891bbec-443f-42a2-8de1-f7192f9ab0df None None] Extended resource: tags {{(pid=104053) __init__ /opt/stack/neutron/neutron/api/extensions.py:156}}
Apr 13 15:32:41.987086 np0000165513 devstack@neutron-api.service[104053]: DEBUG neutron.api.extensions [None req-2891bbec-443f-42a2-8de1-f7192f9ab0df None None] Extended resource: tags {{(pid=104053) __init__ /opt/stack/neutron/neutron/api/extensions.py:156}}
Apr 13 15:32:41.989503 np0000165513 devstack@neutron-api.service[104054]: DEBUG neutron.plugins.ml2.drivers.ovn.mech_driver.ovsdb.maintenance [None req-eb860b8c-db61-41bf-9c43-a8f529e34fe0 None None] Periodic task found: HashRingHealthCheckPeriodics.touch_hash_ring_node {{(pid=104054) add_periodics /opt/stack/neutron/neutron/plugins/ml2/drivers/ovn/mech_driver/ovsdb/maintenance.py:148}}
Apr 13 15:32:41.990375 np0000165513 devstack@neutron-api.service[104053]: WARNING keystonemiddleware.auth_token [None req-2891bbec-443f-42a2-8de1-f7192f9ab0df None None] AuthToken middleware is set with keystone_authtoken.service_token_roles_required set to False. This is backwards compatible but deprecated behaviour. Please set this to True.
Apr 13 15:32:41.990568 np0000165513 devstack@neutron-api.service[104054]: INFO neutron.plugins.ml2.drivers.ovn.mech_driver.mech_driver [None req-eb860b8c-db61-41bf-9c43-a8f529e34fe0 None None] Hash Ring probing thread for node 346a12734ed45716907267a7119520de has started
Apr 13 15:32:41.990825 np0000165513 devstack@neutron-api.service[104054]: INFO neutron.plugins.ml2.drivers.ovn.mech_driver.ovsdb.impl_idl_ovn [None req-eb860b8c-db61-41bf-9c43-a8f529e34fe0 None None] Getting OvsdbNbOvnIdl for WorkerService with retry
Apr 13 15:32:41.997431 np0000165513 devstack@neutron-api.service[104053]: DEBUG neutron_lib.callbacks.manager [None req-2891bbec-443f-42a2-8de1-f7192f9ab0df None None] Publish callbacks ['neutron.plugins.ml2.drivers.ovn.mech_driver.mech_driver.OVNMechanismDriver.pre_fork_initialize-307198'] for process (None), before_spawn {{(pid=104053) _notify_loop /opt/stack/data/venv/lib/python3.12/site-packages/neutron_lib/callbacks/manager.py:184}}
Apr 13 15:32:41.997782 np0000165513 devstack@neutron-api.service[104053]: DEBUG oslo_concurrency.processutils [None req-2891bbec-443f-42a2-8de1-f7192f9ab0df None None] Running cmd (subprocess): ovsdb-client transact ssl:199.204.45.205:6641 --timeout 180 -p /opt/stack/data/CA/int-ca/private/devstack-cert.key -c /opt/stack/data/CA/int-ca/devstack-cert.crt -C /opt/stack/data/CA/int-ca/ca-chain.pem ["OVN_Northbound", {"op": "wait", "timeout": 0, "table": "Port_Group", "where": [["name", "==", "neutron_pg_drop"]], "until": "==", "rows": []}, {"op": "insert", "table": "ACL", "row": {"action": "drop", "direction": "to-lport", "match": "outport == @neutron_pg_drop && ip", "priority": 1001}, "uuid-name": "droptoport"}, {"op": "insert", "table": "ACL", "row": {"action": "drop", "direction": "from-lport", "match": "inport == @neutron_pg_drop && ip", "priority": 1001}, "uuid-name": "dropfromport"}, {"op": "insert", "table": "Port_Group", "row": {"name": "neutron_pg_drop", "acls": ["set", [["named-uuid", "droptoport"], ["named-uuid", "dropfromport"]]]}}] {{(pid=104053) execute /opt/stack/data/venv/lib/python3.12/site-packages/oslo_concurrency/processutils.py:440}}
Apr 13 15:32:42.028954 np0000165513 devstack@neutron-api.service[104052]: DEBUG ovsdbapp.backend.ovs_idl [None req-ea22b885-b277-48f4-8e77-0b7cbcc2459d None None] Created lookup_table index Logical_Switch.name {{(pid=104052) autocreate_indices /opt/stack/data/venv/lib/python3.12/site-packages/ovsdbapp/backend/ovs_idl/__init__.py:87}}
Apr 13 15:32:42.029064 np0000165513 devstack@neutron-api.service[104052]: DEBUG ovsdbapp.backend.ovs_idl [None req-ea22b885-b277-48f4-8e77-0b7cbcc2459d None None] Created lookup_table index Logical_Router.name {{(pid=104052) autocreate_indices /opt/stack/data/venv/lib/python3.12/site-packages/ovsdbapp/backend/ovs_idl/__init__.py:87}}
Apr 13 15:32:42.029185 np0000165513 devstack@neutron-api.service[104052]: DEBUG ovsdbapp.backend.ovs_idl [None req-ea22b885-b277-48f4-8e77-0b7cbcc2459d None None] Created lookup_table index Load_Balancer.name {{(pid=104052) autocreate_indices /opt/stack/data/venv/lib/python3.12/site-packages/ovsdbapp/backend/ovs_idl/__init__.py:87}}
Apr 13 15:32:42.029291 np0000165513 devstack@neutron-api.service[104052]: DEBUG ovsdbapp.backend.ovs_idl [None req-ea22b885-b277-48f4-8e77-0b7cbcc2459d None None] Created schema index Copp.name {{(pid=104052) autocreate_indices /opt/stack/data/venv/lib/python3.12/site-packages/ovsdbapp/backend/ovs_idl/__init__.py:106}}
Apr 13 15:32:42.029291 np0000165513 devstack@neutron-api.service[104052]: DEBUG ovsdbapp.backend.ovs_idl [None req-ea22b885-b277-48f4-8e77-0b7cbcc2459d None None] Created schema index Meter.name {{(pid=104052) autocreate_indices /opt/stack/data/venv/lib/python3.12/site-packages/ovsdbapp/backend/ovs_idl/__init__.py:106}}
Apr 13 15:32:42.029483 np0000165513 devstack@neutron-api.service[104052]: DEBUG ovsdbapp.backend.ovs_idl [None req-ea22b885-b277-48f4-8e77-0b7cbcc2459d None None] Created schema index Load_Balancer_Group.name {{(pid=104052) autocreate_indices /opt/stack/data/venv/lib/python3.12/site-packages/ovsdbapp/backend/ovs_idl/__init__.py:106}}
Apr 13 15:32:42.029483 np0000165513 devstack@neutron-api.service[104052]: DEBUG ovsdbapp.backend.ovs_idl [None req-ea22b885-b277-48f4-8e77-0b7cbcc2459d None None] Created schema index HA_Chassis_Group.name {{(pid=104052) autocreate_indices /opt/stack/data/venv/lib/python3.12/site-packages/ovsdbapp/backend/ovs_idl/__init__.py:106}}
Apr 13 15:32:42.029612 np0000165513 devstack@neutron-api.service[104052]: DEBUG ovsdbapp.backend.ovs_idl [None req-ea22b885-b277-48f4-8e77-0b7cbcc2459d None None] Created schema index Address_Set.name {{(pid=104052) autocreate_indices /opt/stack/data/venv/lib/python3.12/site-packages/ovsdbapp/backend/ovs_idl/__init__.py:106}}
Apr 13 15:32:42.029707 np0000165513 devstack@neutron-api.service[104052]: DEBUG ovsdbapp.backend.ovs_idl [None req-ea22b885-b277-48f4-8e77-0b7cbcc2459d None None] Created schema index Connection.target {{(pid=104052) autocreate_indices /opt/stack/data/venv/lib/python3.12/site-packages/ovsdbapp/backend/ovs_idl/__init__.py:106}}
Apr 13 15:32:42.029803 np0000165513 devstack@neutron-api.service[104052]: DEBUG ovsdbapp.backend.ovs_idl [None req-ea22b885-b277-48f4-8e77-0b7cbcc2459d None None] Created schema index Gateway_Chassis.name {{(pid=104052) autocreate_indices /opt/stack/data/venv/lib/python3.12/site-packages/ovsdbapp/backend/ovs_idl/__init__.py:106}}
Apr 13 15:32:42.030005 np0000165513 devstack@neutron-api.service[104052]: DEBUG ovsdbapp.backend.ovs_idl [None req-ea22b885-b277-48f4-8e77-0b7cbcc2459d None None] Created schema index Mirror.name {{(pid=104052) autocreate_indices /opt/stack/data/venv/lib/python3.12/site-packages/ovsdbapp/backend/ovs_idl/__init__.py:106}}
Apr 13 15:32:42.030005 np0000165513 devstack@neutron-api.service[104052]: DEBUG ovsdbapp.backend.ovs_idl [None req-ea22b885-b277-48f4-8e77-0b7cbcc2459d None None] Created schema index Chassis_Template_Var.chassis {{(pid=104052) autocreate_indices /opt/stack/data/venv/lib/python3.12/site-packages/ovsdbapp/backend/ovs_idl/__init__.py:106}}
Apr 13 15:32:42.030005 np0000165513 devstack@neutron-api.service[104052]: DEBUG ovsdbapp.backend.ovs_idl [None req-ea22b885-b277-48f4-8e77-0b7cbcc2459d None None] Created schema index Logical_Router_Port.name {{(pid=104052) autocreate_indices /opt/stack/data/venv/lib/python3.12/site-packages/ovsdbapp/backend/ovs_idl/__init__.py:106}}
Apr 13 15:32:42.030151 np0000165513 devstack@neutron-api.service[104052]: DEBUG ovsdbapp.backend.ovs_idl [None req-ea22b885-b277-48f4-8e77-0b7cbcc2459d None None] Created schema index Port_Group.name {{(pid=104052) autocreate_indices /opt/stack/data/venv/lib/python3.12/site-packages/ovsdbapp/backend/ovs_idl/__init__.py:106}}
Apr 13 15:32:42.030151 np0000165513 devstack@neutron-api.service[104052]: DEBUG ovsdbapp.backend.ovs_idl [None req-ea22b885-b277-48f4-8e77-0b7cbcc2459d None None] Created schema index Logical_Switch_Port.name {{(pid=104052) autocreate_indices /opt/stack/data/venv/lib/python3.12/site-packages/ovsdbapp/backend/ovs_idl/__init__.py:106}}
Apr 13 15:32:42.032337 np0000165513 devstack@neutron-api.service[104052]: INFO ovsdbapp.backend.ovs_idl.vlog [None req-ea22b885-b277-48f4-8e77-0b7cbcc2459d None None] ssl:199.204.45.205:6641: connecting...
Apr 13 15:32:42.034504 np0000165513 devstack@neutron-api.service[104054]: DEBUG ovsdbapp.backend.ovs_idl [None req-eb860b8c-db61-41bf-9c43-a8f529e34fe0 None None] Created lookup_table index Logical_Switch.name {{(pid=104054) autocreate_indices /opt/stack/data/venv/lib/python3.12/site-packages/ovsdbapp/backend/ovs_idl/__init__.py:87}}
Apr 13 15:32:42.034592 np0000165513 devstack@neutron-api.service[104054]: DEBUG ovsdbapp.backend.ovs_idl [None req-eb860b8c-db61-41bf-9c43-a8f529e34fe0 None None] Created lookup_table index Logical_Router.name {{(pid=104054) autocreate_indices /opt/stack/data/venv/lib/python3.12/site-packages/ovsdbapp/backend/ovs_idl/__init__.py:87}}
Apr 13 15:32:42.034712 np0000165513 devstack@neutron-api.service[104054]: DEBUG ovsdbapp.backend.ovs_idl [None req-eb860b8c-db61-41bf-9c43-a8f529e34fe0 None None] Created lookup_table index Load_Balancer.name {{(pid=104054) autocreate_indices /opt/stack/data/venv/lib/python3.12/site-packages/ovsdbapp/backend/ovs_idl/__init__.py:87}}
Apr 13 15:32:42.034931 np0000165513 devstack@neutron-api.service[104054]: DEBUG ovsdbapp.backend.ovs_idl [None req-eb860b8c-db61-41bf-9c43-a8f529e34fe0 None None] Created schema index Copp.name {{(pid=104054) autocreate_indices /opt/stack/data/venv/lib/python3.12/site-packages/ovsdbapp/backend/ovs_idl/__init__.py:106}}
Apr 13 15:32:42.035018 np0000165513 devstack@neutron-api.service[104054]: DEBUG ovsdbapp.backend.ovs_idl [None req-eb860b8c-db61-41bf-9c43-a8f529e34fe0 None None] Created schema index Meter.name {{(pid=104054) autocreate_indices /opt/stack/data/venv/lib/python3.12/site-packages/ovsdbapp/backend/ovs_idl/__init__.py:106}}
Apr 13 15:32:42.035145 np0000165513 devstack@neutron-api.service[104054]: DEBUG ovsdbapp.backend.ovs_idl [None req-eb860b8c-db61-41bf-9c43-a8f529e34fe0 None None] Created schema index Load_Balancer_Group.name {{(pid=104054) autocreate_indices /opt/stack/data/venv/lib/python3.12/site-packages/ovsdbapp/backend/ovs_idl/__init__.py:106}}
Apr 13 15:32:42.035279 np0000165513 devstack@neutron-api.service[104054]: DEBUG ovsdbapp.backend.ovs_idl [None req-eb860b8c-db61-41bf-9c43-a8f529e34fe0 None None] Created schema index HA_Chassis_Group.name {{(pid=104054) autocreate_indices /opt/stack/data/venv/lib/python3.12/site-packages/ovsdbapp/backend/ovs_idl/__init__.py:106}}
Apr 13 15:32:42.035445 np0000165513 devstack@neutron-api.service[104054]: DEBUG ovsdbapp.backend.ovs_idl [None req-eb860b8c-db61-41bf-9c43-a8f529e34fe0 None None] Created schema index Address_Set.name {{(pid=104054) autocreate_indices /opt/stack/data/venv/lib/python3.12/site-packages/ovsdbapp/backend/ovs_idl/__init__.py:106}}
Apr 13 15:32:42.035607 np0000165513 devstack@neutron-api.service[104054]: DEBUG ovsdbapp.backend.ovs_idl [None req-eb860b8c-db61-41bf-9c43-a8f529e34fe0 None None] Created schema index Connection.target {{(pid=104054) autocreate_indices /opt/stack/data/venv/lib/python3.12/site-packages/ovsdbapp/backend/ovs_idl/__init__.py:106}}
Apr 13 15:32:42.035794 np0000165513 devstack@neutron-api.service[104054]: DEBUG ovsdbapp.backend.ovs_idl [None req-eb860b8c-db61-41bf-9c43-a8f529e34fe0 None None] Created schema index Gateway_Chassis.name {{(pid=104054) autocreate_indices /opt/stack/data/venv/lib/python3.12/site-packages/ovsdbapp/backend/ovs_idl/__init__.py:106}}
Apr 13 15:32:42.035889 np0000165513 devstack@neutron-api.service[104054]: DEBUG ovsdbapp.backend.ovs_idl [None req-eb860b8c-db61-41bf-9c43-a8f529e34fe0 None None] Created schema index Mirror.name {{(pid=104054) autocreate_indices /opt/stack/data/venv/lib/python3.12/site-packages/ovsdbapp/backend/ovs_idl/__init__.py:106}}
Apr 13 15:32:42.035976 np0000165513 devstack@neutron-api.service[104054]: DEBUG ovsdbapp.backend.ovs_idl [None req-eb860b8c-db61-41bf-9c43-a8f529e34fe0 None None] Created schema index Chassis_Template_Var.chassis {{(pid=104054) autocreate_indices /opt/stack/data/venv/lib/python3.12/site-packages/ovsdbapp/backend/ovs_idl/__init__.py:106}}
Apr 13 15:32:42.036186 np0000165513 devstack@neutron-api.service[104054]: DEBUG ovsdbapp.backend.ovs_idl [None req-eb860b8c-db61-41bf-9c43-a8f529e34fe0 None None] Created schema index Logical_Router_Port.name {{(pid=104054) autocreate_indices /opt/stack/data/venv/lib/python3.12/site-packages/ovsdbapp/backend/ovs_idl/__init__.py:106}}
Apr 13 15:32:42.036186 np0000165513 devstack@neutron-api.service[104054]: DEBUG ovsdbapp.backend.ovs_idl [None req-eb860b8c-db61-41bf-9c43-a8f529e34fe0 None None] Created schema index Port_Group.name {{(pid=104054) autocreate_indices /opt/stack/data/venv/lib/python3.12/site-packages/ovsdbapp/backend/ovs_idl/__init__.py:106}}
Apr 13 15:32:42.036373 np0000165513 devstack@neutron-api.service[104054]: DEBUG ovsdbapp.backend.ovs_idl [None req-eb860b8c-db61-41bf-9c43-a8f529e34fe0 None None] Created schema index Logical_Switch_Port.name {{(pid=104054) autocreate_indices /opt/stack/data/venv/lib/python3.12/site-packages/ovsdbapp/backend/ovs_idl/__init__.py:106}}
Apr 13 15:32:42.039472 np0000165513 devstack@neutron-api.service[104054]: INFO ovsdbapp.backend.ovs_idl.vlog [None req-eb860b8c-db61-41bf-9c43-a8f529e34fe0 None None] ssl:199.204.45.205:6641: connecting...
Apr 13 15:32:42.040415 np0000165513 devstack@neutron-api.service[104052]: INFO ovsdbapp.backend.ovs_idl.vlog [None req-ea22b885-b277-48f4-8e77-0b7cbcc2459d None None] ssl:199.204.45.205:6641: connected
Apr 13 15:32:42.043491 np0000165513 devstack@neutron-api.service[104053]: DEBUG oslo_concurrency.processutils [None req-2891bbec-443f-42a2-8de1-f7192f9ab0df None None] CMD "ovsdb-client transact ssl:199.204.45.205:6641 --timeout 180 -p /opt/stack/data/CA/int-ca/private/devstack-cert.key -c /opt/stack/data/CA/int-ca/devstack-cert.crt -C /opt/stack/data/CA/int-ca/ca-chain.pem ["OVN_Northbound", {"op": "wait", "timeout": 0, "table": "Port_Group", "where": [["name", "==", "neutron_pg_drop"]], "until": "==", "rows": []}, {"op": "insert", "table": "ACL", "row": {"action": "drop", "direction": "to-lport", "match": "outport == @neutron_pg_drop && ip", "priority": 1001}, "uuid-name": "droptoport"}, {"op": "insert", "table": "ACL", "row": {"action": "drop", "direction": "from-lport", "match": "inport == @neutron_pg_drop && ip", "priority": 1001}, "uuid-name": "dropfromport"}, {"op": "insert", "table": "Port_Group", "row": {"name": "neutron_pg_drop", "acls": ["set", [["named-uuid", "droptoport"], ["named-uuid", "dropfromport"]]]}}]" returned: 0 in 0.045s {{(pid=104053) execute /opt/stack/data/venv/lib/python3.12/site-packages/oslo_concurrency/processutils.py:468}}
Apr 13 15:32:42.043899 np0000165513 devstack@neutron-api.service[104053]: DEBUG neutron_lib.callbacks.manager [None req-2891bbec-443f-42a2-8de1-f7192f9ab0df None None] Publish callbacks ['neutron.plugins.ml2.drivers.ovn.mech_driver.mech_driver.OVNMechanismDriver.post_fork_initialize-306966', 'neutron.services.ovn_l3.plugin.OVNL3RouterPlugin._post_fork_initialize-108897'] for process (None), after_init {{(pid=104053) _notify_loop /opt/stack/data/venv/lib/python3.12/site-packages/neutron_lib/callbacks/manager.py:184}}
Apr 13 15:32:42.044361 np0000165513 devstack@neutron-api.service[104053]: DEBUG oslo_concurrency.lockutils [None req-2891bbec-443f-42a2-8de1-f7192f9ab0df None None] Acquiring lock "singleton_lock" {{(pid=104053) lock /opt/stack/data/venv/lib/python3.12/site-packages/oslo_concurrency/lockutils.py:390}}
Apr 13 15:32:42.044464 np0000165513 devstack@neutron-api.service[104053]: DEBUG oslo_concurrency.lockutils [None req-2891bbec-443f-42a2-8de1-f7192f9ab0df None None] Acquired lock "singleton_lock" {{(pid=104053) lock /opt/stack/data/venv/lib/python3.12/site-packages/oslo_concurrency/lockutils.py:393}}
Apr 13 15:32:42.044716 np0000165513 devstack@neutron-api.service[104053]: DEBUG oslo_concurrency.lockutils [None req-2891bbec-443f-42a2-8de1-f7192f9ab0df None None] Releasing lock "singleton_lock" {{(pid=104053) lock /opt/stack/data/venv/lib/python3.12/site-packages/oslo_concurrency/lockutils.py:413}}
Apr 13 15:32:42.046408 np0000165513 devstack@neutron-api.service[104054]: INFO ovsdbapp.backend.ovs_idl.vlog [None req-eb860b8c-db61-41bf-9c43-a8f529e34fe0 None None] ssl:199.204.45.205:6641: connected
Apr 13 15:32:42.046975 np0000165513 devstack@neutron-api.service[104053]: DEBUG neutron.plugins.ml2.drivers.ovn.mech_driver.mech_driver [None req-2891bbec-443f-42a2-8de1-f7192f9ab0df None None] Hash Ring setup using WSGI start time 2026-04-13 15:32:34+00:00 {{(pid=104053) _init_hash_ring /opt/stack/neutron/neutron/plugins/ml2/drivers/ovn/mech_driver/mech_driver.py:402}}
Apr 13 15:32:42.054091 np0000165513 devstack@neutron-api.service[104053]: INFO neutron.db.ovn_hash_ring_db [None req-2891bbec-443f-42a2-8de1-f7192f9ab0df None None] Nodes from host "np0000165513" and group "mechanism_driver" removed from the Hash Ring created at 2026-04-13 15:32:34+00:00
Apr 13 15:32:42.057094 np0000165513 devstack@neutron-api.service[104053]: INFO neutron.db.ovn_hash_ring_db [None req-2891bbec-443f-42a2-8de1-f7192f9ab0df None None] Node 1c79366b7b29571bb5220c7f0270ccbd from host "np0000165513" and group "mechanism_driver" added to the Hash Ring
Apr 13 15:32:42.060086 np0000165513 devstack@neutron-api.service[104053]: DEBUG neutron.plugins.ml2.drivers.ovn.mech_driver.mech_driver [None req-2891bbec-443f-42a2-8de1-f7192f9ab0df None None] Hash Ring setup, this worker has detected 4 OVN hash ring registers in the database {{(pid=104053) _init_hash_ring /opt/stack/neutron/neutron/plugins/ml2/drivers/ovn/mech_driver/mech_driver.py:412}}
Apr 13 15:32:42.067558 np0000165513 devstack@neutron-api.service[104053]: DEBUG neutron.plugins.ml2.drivers.ovn.mech_driver.ovsdb.maintenance [None req-2891bbec-443f-42a2-8de1-f7192f9ab0df None None] Periodic task found: HashRingHealthCheckPeriodics.touch_hash_ring_node {{(pid=104053) add_periodics /opt/stack/neutron/neutron/plugins/ml2/drivers/ovn/mech_driver/ovsdb/maintenance.py:148}}
Apr 13 15:32:42.068954 np0000165513 devstack@neutron-api.service[104053]: INFO neutron.plugins.ml2.drivers.ovn.mech_driver.mech_driver [None req-2891bbec-443f-42a2-8de1-f7192f9ab0df None None] Hash Ring probing thread for node 1c79366b7b29571bb5220c7f0270ccbd has started
Apr 13 15:32:42.070094 np0000165513 devstack@neutron-api.service[104053]: INFO neutron.plugins.ml2.drivers.ovn.mech_driver.ovsdb.impl_idl_ovn [None req-2891bbec-443f-42a2-8de1-f7192f9ab0df None None] Getting OvsdbNbOvnIdl for WorkerService with retry
Apr 13 15:32:42.074286 np0000165513 devstack@neutron-api.service[104052]: DEBUG neutron.common.ovn.hash_ring_manager [None req-ea22b885-b277-48f4-8e77-0b7cbcc2459d None None] Allow caching, nodes 4>=4 {{(pid=104052) _wait_startup_before_caching /opt/stack/neutron/neutron/common/ovn/hash_ring_manager.py:65}}
Apr 13 15:32:42.077011 np0000165513 devstack@neutron-api.service[104054]: DEBUG neutron.common.ovn.hash_ring_manager [None req-eb860b8c-db61-41bf-9c43-a8f529e34fe0 None None] Allow caching, nodes 4>=4 {{(pid=104054) _wait_startup_before_caching /opt/stack/neutron/neutron/common/ovn/hash_ring_manager.py:65}}
Apr 13 15:32:42.081171 np0000165513 devstack@neutron-api.service[104052]: DEBUG neutron.common.ovn.hash_ring_manager [None req-ea22b885-b277-48f4-8e77-0b7cbcc2459d None None] Hash Ring loaded. 4 active nodes. 0 offline nodes {{(pid=104052) _load_hash_ring /opt/stack/neutron/neutron/common/ovn/hash_ring_manager.py:102}}
Apr 13 15:32:42.081574 np0000165513 devstack@neutron-api.service[104052]: DEBUG neutron.plugins.ml2.drivers.ovn.mech_driver.ovsdb.ovsdb_monitor [None req-ea22b885-b277-48f4-8e77-0b7cbcc2459d None None] Hash Ring: Node 0f0faf1a0cc25017955e3c5057a22d91 (host: np0000165513) handling event "create" for row 337c3c8d-f575-4b5a-9b59-62207152aaf7 (table: Connection) {{(pid=104052) notify /opt/stack/neutron/neutron/plugins/ml2/drivers/ovn/mech_driver/ovsdb/ovsdb_monitor.py:914}}
Apr 13 15:32:42.082476 np0000165513 devstack@neutron-api.service[104054]: DEBUG neutron.common.ovn.hash_ring_manager [None req-eb860b8c-db61-41bf-9c43-a8f529e34fe0 None None] Hash Ring loaded. 4 active nodes. 0 offline nodes {{(pid=104054) _load_hash_ring /opt/stack/neutron/neutron/common/ovn/hash_ring_manager.py:102}}
Apr 13 15:32:42.082526 np0000165513 devstack@neutron-api.service[104052]: INFO neutron.plugins.ml2.drivers.ovn.mech_driver.ovsdb.impl_idl_ovn [None req-ea22b885-b277-48f4-8e77-0b7cbcc2459d None None] Getting OvsdbSbOvnIdl for WorkerService with retry
Apr 13 15:32:42.082779 np0000165513 devstack@neutron-api.service[104054]: DEBUG neutron.plugins.ml2.drivers.ovn.mech_driver.ovsdb.ovsdb_monitor [None req-eb860b8c-db61-41bf-9c43-a8f529e34fe0 None None] Hash Ring: Node 346a12734ed45716907267a7119520de (host: np0000165513) handling event "create" for row 92400d5d-06ff-4ece-ad6e-ae86be1145b8 (table: SSL) {{(pid=104054) notify /opt/stack/neutron/neutron/plugins/ml2/drivers/ovn/mech_driver/ovsdb/ovsdb_monitor.py:914}}
Apr 13 15:32:42.083918 np0000165513 devstack@neutron-api.service[104054]: INFO neutron.plugins.ml2.drivers.ovn.mech_driver.ovsdb.impl_idl_ovn [None req-eb860b8c-db61-41bf-9c43-a8f529e34fe0 None None] Getting OvsdbSbOvnIdl for WorkerService with retry
Apr 13 15:32:42.116083 np0000165513 devstack@neutron-api.service[104053]: DEBUG ovsdbapp.backend.ovs_idl [None req-2891bbec-443f-42a2-8de1-f7192f9ab0df None None] Created lookup_table index Logical_Switch.name {{(pid=104053) autocreate_indices /opt/stack/data/venv/lib/python3.12/site-packages/ovsdbapp/backend/ovs_idl/__init__.py:87}}
Apr 13 15:32:42.116225 np0000165513 devstack@neutron-api.service[104053]: DEBUG ovsdbapp.backend.ovs_idl [None req-2891bbec-443f-42a2-8de1-f7192f9ab0df None None] Created lookup_table index Logical_Router.name {{(pid=104053) autocreate_indices /opt/stack/data/venv/lib/python3.12/site-packages/ovsdbapp/backend/ovs_idl/__init__.py:87}}
Apr 13 15:32:42.116290 np0000165513 devstack@neutron-api.service[104053]: DEBUG ovsdbapp.backend.ovs_idl [None req-2891bbec-443f-42a2-8de1-f7192f9ab0df None None] Created lookup_table index Load_Balancer.name {{(pid=104053) autocreate_indices /opt/stack/data/venv/lib/python3.12/site-packages/ovsdbapp/backend/ovs_idl/__init__.py:87}}
Apr 13 15:32:42.116385 np0000165513 devstack@neutron-api.service[104053]: DEBUG ovsdbapp.backend.ovs_idl [None req-2891bbec-443f-42a2-8de1-f7192f9ab0df None None] Created schema index Copp.name {{(pid=104053) autocreate_indices /opt/stack/data/venv/lib/python3.12/site-packages/ovsdbapp/backend/ovs_idl/__init__.py:106}}
Apr 13 15:32:42.116472 np0000165513 devstack@neutron-api.service[104053]: DEBUG ovsdbapp.backend.ovs_idl [None req-2891bbec-443f-42a2-8de1-f7192f9ab0df None None] Created schema index Meter.name {{(pid=104053) autocreate_indices /opt/stack/data/venv/lib/python3.12/site-packages/ovsdbapp/backend/ovs_idl/__init__.py:106}}
Apr 13 15:32:42.116546 np0000165513 devstack@neutron-api.service[104053]: DEBUG ovsdbapp.backend.ovs_idl [None req-2891bbec-443f-42a2-8de1-f7192f9ab0df None None] Created schema index Load_Balancer_Group.name {{(pid=104053) autocreate_indices /opt/stack/data/venv/lib/python3.12/site-packages/ovsdbapp/backend/ovs_idl/__init__.py:106}}
Apr 13 15:32:42.116707 np0000165513 devstack@neutron-api.service[104053]: DEBUG ovsdbapp.backend.ovs_idl [None req-2891bbec-443f-42a2-8de1-f7192f9ab0df None None] Created schema index HA_Chassis_Group.name {{(pid=104053) autocreate_indices /opt/stack/data/venv/lib/python3.12/site-packages/ovsdbapp/backend/ovs_idl/__init__.py:106}}
Apr 13 15:32:42.116707 np0000165513 devstack@neutron-api.service[104053]: DEBUG ovsdbapp.backend.ovs_idl [None req-2891bbec-443f-42a2-8de1-f7192f9ab0df None None] Created schema index Address_Set.name {{(pid=104053) autocreate_indices /opt/stack/data/venv/lib/python3.12/site-packages/ovsdbapp/backend/ovs_idl/__init__.py:106}}
Apr 13 15:32:42.116842 np0000165513 devstack@neutron-api.service[104053]: DEBUG ovsdbapp.backend.ovs_idl [None req-2891bbec-443f-42a2-8de1-f7192f9ab0df None None] Created schema index Connection.target {{(pid=104053) autocreate_indices /opt/stack/data/venv/lib/python3.12/site-packages/ovsdbapp/backend/ovs_idl/__init__.py:106}}
Apr 13 15:32:42.116910 np0000165513 devstack@neutron-api.service[104053]: DEBUG ovsdbapp.backend.ovs_idl [None req-2891bbec-443f-42a2-8de1-f7192f9ab0df None None] Created schema index Gateway_Chassis.name {{(pid=104053) autocreate_indices /opt/stack/data/venv/lib/python3.12/site-packages/ovsdbapp/backend/ovs_idl/__init__.py:106}}
Apr 13 15:32:42.116970 np0000165513 devstack@neutron-api.service[104053]: DEBUG ovsdbapp.backend.ovs_idl [None req-2891bbec-443f-42a2-8de1-f7192f9ab0df None None] Created schema index Mirror.name {{(pid=104053) autocreate_indices /opt/stack/data/venv/lib/python3.12/site-packages/ovsdbapp/backend/ovs_idl/__init__.py:106}}
Apr 13 15:32:42.117057 np0000165513 devstack@neutron-api.service[104053]: DEBUG ovsdbapp.backend.ovs_idl [None req-2891bbec-443f-42a2-8de1-f7192f9ab0df None None] Created schema index Chassis_Template_Var.chassis {{(pid=104053) autocreate_indices /opt/stack/data/venv/lib/python3.12/site-packages/ovsdbapp/backend/ovs_idl/__init__.py:106}}
Apr 13 15:32:42.117157 np0000165513 devstack@neutron-api.service[104053]: DEBUG ovsdbapp.backend.ovs_idl [None req-2891bbec-443f-42a2-8de1-f7192f9ab0df None None] Created schema index Logical_Router_Port.name {{(pid=104053) autocreate_indices /opt/stack/data/venv/lib/python3.12/site-packages/ovsdbapp/backend/ovs_idl/__init__.py:106}}
Apr 13 15:32:42.117231 np0000165513 devstack@neutron-api.service[104053]: DEBUG ovsdbapp.backend.ovs_idl [None req-2891bbec-443f-42a2-8de1-f7192f9ab0df None None] Created schema index Port_Group.name {{(pid=104053) autocreate_indices /opt/stack/data/venv/lib/python3.12/site-packages/ovsdbapp/backend/ovs_idl/__init__.py:106}}
Apr 13 15:32:42.117313 np0000165513 devstack@neutron-api.service[104053]: DEBUG ovsdbapp.backend.ovs_idl [None req-2891bbec-443f-42a2-8de1-f7192f9ab0df None None] Created schema index Logical_Switch_Port.name {{(pid=104053) autocreate_indices /opt/stack/data/venv/lib/python3.12/site-packages/ovsdbapp/backend/ovs_idl/__init__.py:106}}
Apr 13 15:32:42.119461 np0000165513 devstack@neutron-api.service[104053]: INFO ovsdbapp.backend.ovs_idl.vlog [None req-2891bbec-443f-42a2-8de1-f7192f9ab0df None None] ssl:199.204.45.205:6641: connecting...
Apr 13 15:32:42.120004 np0000165513 devstack@neutron-api.service[104052]: DEBUG ovsdbapp.backend.ovs_idl [None req-ea22b885-b277-48f4-8e77-0b7cbcc2459d None None] Created lookup_table index Chassis.name {{(pid=104052) autocreate_indices /opt/stack/data/venv/lib/python3.12/site-packages/ovsdbapp/backend/ovs_idl/__init__.py:87}}
