Apr 13 15:32:41.670069 np0000165513 devstack@neutron-api.service[104052]: DEBUG neutron.api.extensions [None req-ea22b885-b277-48f4-8e77-0b7cbcc2459d None None] Ext name="Local IP" alias="local_ip" description="Support Node Local Virtual IP" updated="2021-07-26T10:00:00-00:00" {{(pid=104052) _check_extension /opt/stack/neutron/neutron/api/extensions.py:415}}
Apr 13 15:32:41.670069 np0000165513 devstack@neutron-api.service[104052]: INFO neutron.api.extensions [None req-ea22b885-b277-48f4-8e77-0b7cbcc2459d None None] Extension local_ip not supported by any of loaded plugins
Apr 13 15:32:41.670140 np0000165513 devstack@neutron-api.service[104054]: DEBUG neutron.api.extensions [None req-eb860b8c-db61-41bf-9c43-a8f529e34fe0 None None] Loading extension file: __init__.py {{(pid=104054) _load_all_extensions_from_path /opt/stack/neutron/neutron/api/extensions.py:449}}
Apr 13 15:32:41.670163 np0000165513 devstack@neutron-api.service[104052]: DEBUG neutron.api.extensions [None req-ea22b885-b277-48f4-8e77-0b7cbcc2459d None None] Loading extension file: logging.py {{(pid=104052) _load_all_extensions_from_path /opt/stack/neutron/neutron/api/extensions.py:449}}
Apr 13 15:32:41.670373 np0000165513 devstack@neutron-api.service[104054]: DEBUG neutron.api.extensions [None req-eb860b8c-db61-41bf-9c43-a8f529e34fe0 None None] Loading extension file: __pycache__ {{(pid=104054) _load_all_extensions_from_path /opt/stack/neutron/neutron/api/extensions.py:449}}
Apr 13 15:32:41.670512 np0000165513 devstack@neutron-api.service[104054]: DEBUG neutron.api.extensions [None req-eb860b8c-db61-41bf-9c43-a8f529e34fe0 None None] Loading extension file: address_group.py {{(pid=104054) _load_all_extensions_from_path /opt/stack/neutron/neutron/api/extensions.py:449}}
Apr 13 15:32:41.670586 np0000165513 devstack@neutron-api.service[104052]: DEBUG neutron.api.extensions [None req-ea22b885-b277-48f4-8e77-0b7cbcc2459d None None] Ext name="Logging API Extension" alias="logging" description="Provides a logging API for resources such as security group and firewall." updated="2017-01-01T10:00:00-00:00" {{(pid=104052) _check_extension /opt/stack/neutron/neutron/api/extensions.py:415}}
Apr 13 15:32:41.670761 np0000165513 devstack@neutron-api.service[104052]: INFO neutron.api.extensions [None req-ea22b885-b277-48f4-8e77-0b7cbcc2459d None None] Extension logging not supported by any of loaded plugins
Apr 13 15:32:41.670761 np0000165513 devstack@neutron-api.service[104052]: DEBUG neutron.api.extensions [None req-ea22b885-b277-48f4-8e77-0b7cbcc2459d None None] Loading extension file: metering.py {{(pid=104052) _load_all_extensions_from_path /opt/stack/neutron/neutron/api/extensions.py:449}}
Apr 13 15:32:41.670912 np0000165513 devstack@neutron-api.service[104053]: DEBUG neutron_lib.callbacks.manager [None req-2891bbec-443f-42a2-8de1-f7192f9ab0df None None] Subscribe: > router before_delete 55550000, False {{(pid=104053) subscribe /opt/stack/data/venv/lib/python3.12/site-packages/neutron_lib/callbacks/manager.py:52}}
Apr 13 15:32:41.670994 np0000165513 devstack@neutron-api.service[104054]: DEBUG neutron.api.extensions [None req-eb860b8c-db61-41bf-9c43-a8f529e34fe0 None None] Ext name="Address group" alias="address-group" description="Support address group" updated="2020-07-15T10:00:00-00:00" {{(pid=104054) _check_extension /opt/stack/neutron/neutron/api/extensions.py:415}}
Apr 13 15:32:41.671056 np0000165513 devstack@neutron-api.service[104053]: DEBUG neutron_lib.callbacks.manager [None req-2891bbec-443f-42a2-8de1-f7192f9ab0df None None] Subscribe: port after_update 55550000, False {{(pid=104053) subscribe /opt/stack/data/venv/lib/python3.12/site-packages/neutron_lib/callbacks/manager.py:52}}
Apr 13 15:32:41.671056 np0000165513 devstack@neutron-api.service[104053]: DEBUG neutron_lib.callbacks.manager [None req-2891bbec-443f-42a2-8de1-f7192f9ab0df None None] Subscribe: port after_delete 55550000, False {{(pid=104053) subscribe /opt/stack/data/venv/lib/python3.12/site-packages/neutron_lib/callbacks/manager.py:52}}
Apr 13 15:32:41.671104 np0000165513 devstack@neutron-api.service[104053]: DEBUG neutron_lib.callbacks.manager [None req-2891bbec-443f-42a2-8de1-f7192f9ab0df None None] Subscribe: subnet after_update 55550000, False {{(pid=104053) subscribe /opt/stack/data/venv/lib/python3.12/site-packages/neutron_lib/callbacks/manager.py:52}}
Apr 13 15:32:41.671162 np0000165513 devstack@neutron-api.service[104052]: DEBUG neutron.api.extensions [None req-ea22b885-b277-48f4-8e77-0b7cbcc2459d None None] Ext name="Neutron Metering" alias="metering" description="Neutron Metering extension." updated="2013-06-12T10:00:00-00:00" {{(pid=104052) _check_extension /opt/stack/neutron/neutron/api/extensions.py:415}}
Apr 13 15:32:41.671223 np0000165513 devstack@neutron-api.service[104053]: DEBUG neutron_lib.callbacks.manager [None req-2891bbec-443f-42a2-8de1-f7192f9ab0df None None] Subscribe: subnetpool_address_scope after_update 55550000, False {{(pid=104053) subscribe /opt/stack/data/venv/lib/python3.12/site-packages/neutron_lib/callbacks/manager.py:52}}
Apr 13 15:32:41.671280 np0000165513 devstack@neutron-api.service[104054]: INFO neutron.api.extensions [None req-eb860b8c-db61-41bf-9c43-a8f529e34fe0 None None] Loaded extension: address-group
Apr 13 15:32:41.671304 np0000165513 devstack@neutron-api.service[104053]: DEBUG neutron_lib.callbacks.manager [None req-2891bbec-443f-42a2-8de1-f7192f9ab0df None None] Subscribe: port before_update 55550000, False {{(pid=104053) subscribe /opt/stack/data/venv/lib/python3.12/site-packages/neutron_lib/callbacks/manager.py:52}}
Apr 13 15:32:41.671372 np0000165513 devstack@neutron-api.service[104052]: INFO neutron.api.extensions [None req-ea22b885-b277-48f4-8e77-0b7cbcc2459d None None] Extension metering not supported by any of loaded plugins
Apr 13 15:32:41.671397 np0000165513 devstack@neutron-api.service[104054]: DEBUG neutron.api.extensions [None req-eb860b8c-db61-41bf-9c43-a8f529e34fe0 None None] Loading extension file: address_scope.py {{(pid=104054) _load_all_extensions_from_path /opt/stack/neutron/neutron/api/extensions.py:449}}
Apr 13 15:32:41.671428 np0000165513 devstack@neutron-api.service[104053]: DEBUG neutron_lib.callbacks.manager [None req-2891bbec-443f-42a2-8de1-f7192f9ab0df None None] Subscribe: port after_update 55550000, False {{(pid=104053) subscribe /opt/stack/data/venv/lib/python3.12/site-packages/neutron_lib/callbacks/manager.py:52}}
Apr 13 15:32:41.671485 np0000165513 devstack@neutron-api.service[104052]: DEBUG neutron.api.extensions [None req-ea22b885-b277-48f4-8e77-0b7cbcc2459d None None] Loading extension file: metering_source_and_destination_fields.py {{(pid=104052) _load_all_extensions_from_path /opt/stack/neutron/neutron/api/extensions.py:449}}
Apr 13 15:32:41.671536 np0000165513 devstack@neutron-api.service[104053]: DEBUG neutron_lib.callbacks.manager [None req-2891bbec-443f-42a2-8de1-f7192f9ab0df None None] Subscribe: > port precommit_delete 55550000, False {{(pid=104053) subscribe /opt/stack/data/venv/lib/python3.12/site-packages/neutron_lib/callbacks/manager.py:52}}
Apr 13 15:32:41.671921 np0000165513 devstack@neutron-api.service[104053]: DEBUG neutron_lib.callbacks.manager [None req-2891bbec-443f-42a2-8de1-f7192f9ab0df None None] Subscribe: port before_update 55550000, False {{(pid=104053) subscribe /opt/stack/data/venv/lib/python3.12/site-packages/neutron_lib/callbacks/manager.py:52}}
Apr 13 15:32:41.672195 np0000165513 devstack@neutron-api.service[104052]: DEBUG neutron.api.extensions [None req-ea22b885-b277-48f4-8e77-0b7cbcc2459d None None] Ext name="Neutron Metering with source and destination filtering" alias="metering_source_and_destination_fields" description="Neutron Metering extension that enables the use of source and destination IP prefixes to create metering label rules." updated="2020-08-21T08:12:00-00:00" {{(pid=104052) _check_extension /opt/stack/neutron/neutron/api/extensions.py:415}}
Apr 13 15:32:41.672406 np0000165513 devstack@neutron-api.service[104053]: DEBUG neutron_lib.callbacks.manager [None req-2891bbec-443f-42a2-8de1-f7192f9ab0df None None] Subscribe: port before_delete 55550000, False {{(pid=104053) subscribe /opt/stack/data/venv/lib/python3.12/site-packages/neutron_lib/callbacks/manager.py:52}}
Apr 13 15:32:41.672551 np0000165513 devstack@neutron-api.service[104054]: DEBUG neutron.api.extensions [None req-eb860b8c-db61-41bf-9c43-a8f529e34fe0 None None] Ext name="Address scope" alias="address-scope" description="Address scopes extension." updated="2015-07-26T10:00:00-00:00" {{(pid=104054) _check_extension /opt/stack/neutron/neutron/api/extensions.py:415}}
Apr 13 15:32:41.672704 np0000165513 devstack@neutron-api.service[104053]: DEBUG neutron_lib.callbacks.manager [None req-2891bbec-443f-42a2-8de1-f7192f9ab0df None None] Subscribe: > router precommit_create 55550000, False {{(pid=104053) subscribe /opt/stack/data/venv/lib/python3.12/site-packages/neutron_lib/callbacks/manager.py:52}}
Apr 13 15:32:41.672815 np0000165513 devstack@neutron-api.service[104052]: INFO neutron.api.extensions [None req-ea22b885-b277-48f4-8e77-0b7cbcc2459d None None] Extension metering_source_and_destination_fields not supported by any of loaded plugins
Apr 13 15:32:41.672998 np0000165513 devstack@neutron-api.service[104053]: DEBUG neutron_lib.callbacks.manager [None req-2891bbec-443f-42a2-8de1-f7192f9ab0df None None] Subscribe: > router precommit_create 55550000, False {{(pid=104053) subscribe /opt/stack/data/venv/lib/python3.12/site-packages/neutron_lib/callbacks/manager.py:52}}
Apr 13 15:32:41.673143 np0000165513 devstack@neutron-api.service[104052]: DEBUG neutron.api.extensions [None req-ea22b885-b277-48f4-8e77-0b7cbcc2459d None None] Loading extension file: multiprovidernet.py {{(pid=104052) _load_all_extensions_from_path /opt/stack/neutron/neutron/api/extensions.py:449}}
Apr 13 15:32:41.673238 np0000165513 devstack@neutron-api.service[104054]: INFO neutron.api.extensions [None req-eb860b8c-db61-41bf-9c43-a8f529e34fe0 None None] Loaded extension: address-scope
Apr 13 15:32:41.673390 np0000165513 devstack@neutron-api.service[104053]: DEBUG neutron_lib.callbacks.manager [None req-2891bbec-443f-42a2-8de1-f7192f9ab0df None None] Subscribe: > router precommit_update 55550000, False {{(pid=104053) subscribe /opt/stack/data/venv/lib/python3.12/site-packages/neutron_lib/callbacks/manager.py:52}}
Apr 13 15:32:41.673560 np0000165513 devstack@neutron-api.service[104054]: DEBUG neutron.api.extensions [None req-eb860b8c-db61-41bf-9c43-a8f529e34fe0 None None] Loading extension file: admin_state_down_before_update.py {{(pid=104054) _load_all_extensions_from_path /opt/stack/neutron/neutron/api/extensions.py:449}}
Apr 13 15:32:41.673687 np0000165513 devstack@neutron-api.service[104053]: DEBUG neutron_lib.callbacks.manager [None req-2891bbec-443f-42a2-8de1-f7192f9ab0df None None] Subscribe: subnet after_update 55550000, False {{(pid=104053) subscribe /opt/stack/data/venv/lib/python3.12/site-packages/neutron_lib/callbacks/manager.py:52}}
Apr 13 15:32:41.673768 np0000165513 devstack@neutron-api.service[104052]: DEBUG neutron.api.extensions [None req-ea22b885-b277-48f4-8e77-0b7cbcc2459d None None] Ext name="Multi Provider Network" alias="multi-provider" description="Expose mapping of virtual networks to multiple physical networks" updated="2013-06-27T10:00:00-00:00" {{(pid=104052) _check_extension /opt/stack/neutron/neutron/api/extensions.py:415}}
Apr 13 15:32:41.673768 np0000165513 devstack@neutron-api.service[104052]: INFO neutron.api.extensions [None req-ea22b885-b277-48f4-8e77-0b7cbcc2459d None None] Loaded extension: multi-provider
Apr 13 15:32:41.673819 np0000165513 devstack@neutron-api.service[104054]: DEBUG neutron.api.extensions [None req-eb860b8c-db61-41bf-9c43-a8f529e34fe0 None None] Ext name="Enforce Router's Admin State Down Before Update Extension" alias="router-admin-state-down-before-update" description="Ensure that the admin state of a router is DOWN (admin_state_up=False) before updating the distributed attribute" updated="2019-07-02T15:56:00" {{(pid=104054) _check_extension /opt/stack/neutron/neutron/api/extensions.py:415}}
Apr 13 15:32:41.673876 np0000165513 devstack@neutron-api.service[104052]: DEBUG neutron.api.extensions [None req-ea22b885-b277-48f4-8e77-0b7cbcc2459d None None] Loading extension file: netmtu.py {{(pid=104052) _load_all_extensions_from_path /opt/stack/neutron/neutron/api/extensions.py:449}}
Apr 13 15:32:41.673933 np0000165513 devstack@neutron-api.service[104054]: INFO neutron.api.extensions [None req-eb860b8c-db61-41bf-9c43-a8f529e34fe0 None None] Extension router-admin-state-down-before-update not supported by any of loaded plugins
Apr 13 15:32:41.673980 np0000165513 devstack@neutron-api.service[104052]: DEBUG neutron.api.extensions [None req-ea22b885-b277-48f4-8e77-0b7cbcc2459d None None] Ext name="Network MTU" alias="net-mtu" description="Provides MTU attribute for a network resource." updated="2015-03-25T10:00:00-00:00" {{(pid=104052) _check_extension /opt/stack/neutron/neutron/api/extensions.py:415}}
Apr 13 15:32:41.674005 np0000165513 devstack@neutron-api.service[104054]: DEBUG neutron.api.extensions [None req-eb860b8c-db61-41bf-9c43-a8f529e34fe0 None None] Loading extension file: agent.py {{(pid=104054) _load_all_extensions_from_path /opt/stack/neutron/neutron/api/extensions.py:449}}
Apr 13 15:32:41.674032 np0000165513 devstack@neutron-api.service[104053]: DEBUG neutron.quota.resource_registry [None req-2891bbec-443f-42a2-8de1-f7192f9ab0df None None] Tracking information for resource: router configured {{(pid=104053) set_tracked_resource /opt/stack/neutron/neutron/quota/resource_registry.py:203}}
Apr 13 15:32:41.674082 np0000165513 devstack@neutron-api.service[104052]: INFO neutron.api.extensions [None req-ea22b885-b277-48f4-8e77-0b7cbcc2459d None None] Loaded extension: net-mtu
Apr 13 15:32:41.674105 np0000165513 devstack@neutron-api.service[104053]: DEBUG neutron.quota.resource_registry [None req-2891bbec-443f-42a2-8de1-f7192f9ab0df None None] Tracking information for resource: floatingip configured {{(pid=104053) set_tracked_resource /opt/stack/neutron/neutron/quota/resource_registry.py:203}}
Apr 13 15:32:41.674154 np0000165513 devstack@neutron-api.service[104052]: DEBUG neutron.api.extensions [None req-ea22b885-b277-48f4-8e77-0b7cbcc2459d None None] Loading extension file: netmtu_writable.py {{(pid=104052) _load_all_extensions_from_path /opt/stack/neutron/neutron/api/extensions.py:449}}
Apr 13 15:32:41.674182 np0000165513 devstack@neutron-api.service[104054]: DEBUG neutron.api.extensions [None req-eb860b8c-db61-41bf-9c43-a8f529e34fe0 None None] Ext name="agent" alias="agent" description="The agent management extension." updated="2013-02-03T10:00:00-00:00" {{(pid=104054) _check_extension /opt/stack/neutron/neutron/api/extensions.py:415}}
Apr 13 15:32:41.674239 np0000165513 devstack@neutron-api.service[104053]: INFO neutron.services.ovn_l3.plugin [None req-2891bbec-443f-42a2-8de1-f7192f9ab0df None None] Starting OVNL3RouterPlugin
Apr 13 15:32:41.674264 np0000165513 devstack@neutron-api.service[104052]: DEBUG neutron.api.extensions [None req-ea22b885-b277-48f4-8e77-0b7cbcc2459d None None] Ext name="Network MTU (writable)" alias="net-mtu-writable" description="Provides a writable MTU attribute for a network resource." updated="2017-07-12T00:00:00-00:00" {{(pid=104052) _check_extension /opt/stack/neutron/neutron/api/extensions.py:415}}
Apr 13 15:32:41.674350 np0000165513 devstack@neutron-api.service[104054]: INFO neutron.api.extensions [None req-eb860b8c-db61-41bf-9c43-a8f529e34fe0 None None] Loaded extension: agent
Apr 13 15:32:41.674401 np0000165513 devstack@neutron-api.service[104053]: DEBUG neutron_lib.callbacks.manager [None req-2891bbec-443f-42a2-8de1-f7192f9ab0df None None] Subscribe: > port_forwarding_plugin after_init 55550000, False {{(pid=104053) subscribe /opt/stack/data/venv/lib/python3.12/site-packages/neutron_lib/callbacks/manager.py:52}}
Apr 13 15:32:41.674425 np0000165513 devstack@neutron-api.service[104054]: DEBUG neutron.api.extensions [None req-eb860b8c-db61-41bf-9c43-a8f529e34fe0 None None] Loading extension file: agent_resources_synced.py {{(pid=104054) _load_all_extensions_from_path /opt/stack/neutron/neutron/api/extensions.py:449}}
Apr 13 15:32:41.674448 np0000165513 devstack@neutron-api.service[104052]: INFO neutron.api.extensions [None req-ea22b885-b277-48f4-8e77-0b7cbcc2459d None None] Loaded extension: net-mtu-writable
Apr 13 15:32:41.674448 np0000165513 devstack@neutron-api.service[104052]: DEBUG neutron.api.extensions [None req-ea22b885-b277-48f4-8e77-0b7cbcc2459d None None] Loading extension file: network_availability_zone.py {{(pid=104052) _load_all_extensions_from_path /opt/stack/neutron/neutron/api/extensions.py:449}}
Apr 13 15:32:41.674507 np0000165513 devstack@neutron-api.service[104053]: DEBUG neutron_lib.callbacks.manager [None req-2891bbec-443f-42a2-8de1-f7192f9ab0df None None] Subscribe: > router before_create 55550100, False {{(pid=104053) subscribe /opt/stack/data/venv/lib/python3.12/site-packages/neutron_lib/callbacks/manager.py:52}}
Apr 13 15:32:41.674507 np0000165513 devstack@neutron-api.service[104053]: DEBUG neutron_lib.callbacks.manager [None req-2891bbec-443f-42a2-8de1-f7192f9ab0df None None] Subscribe: > router precommit_delete 55550100, False {{(pid=104053) subscribe /opt/stack/data/venv/lib/python3.12/site-packages/neutron_lib/callbacks/manager.py:52}}
Apr 13 15:32:41.674598 np0000165513 devstack@neutron-api.service[104054]: DEBUG neutron.api.extensions [None req-eb860b8c-db61-41bf-9c43-a8f529e34fe0 None None] Ext name="Agent's Resource View Synced to Placement" alias="agent-resources-synced" description="Stores success/failure of last sync to Placement" updated="2018-12-19T00:00:00-00:00" {{(pid=104054) _check_extension /opt/stack/neutron/neutron/api/extensions.py:415}}
Apr 13 15:32:41.674621 np0000165513 devstack@neutron-api.service[104053]: DEBUG neutron_lib.callbacks.manager [None req-2891bbec-443f-42a2-8de1-f7192f9ab0df None None] Subscribe: > router precommit_create 55550100, False {{(pid=104053) subscribe /opt/stack/data/venv/lib/python3.12/site-packages/neutron_lib/callbacks/manager.py:52}}
Apr 13 15:32:41.674677 np0000165513 devstack@neutron-api.service[104052]: DEBUG neutron.api.extensions [None req-ea22b885-b277-48f4-8e77-0b7cbcc2459d None None] Ext name="Network Availability Zone" alias="network_availability_zone" description="Availability zone support for network." updated="2015-01-01T10:00:00-00:00" {{(pid=104052) _check_extension /opt/stack/neutron/neutron/api/extensions.py:415}}
Apr 13 15:32:41.674703 np0000165513 devstack@neutron-api.service[104053]: DEBUG neutron_lib.callbacks.manager [None req-2891bbec-443f-42a2-8de1-f7192f9ab0df None None] Subscribe: > router precommit_update 55550100, False {{(pid=104053) subscribe /opt/stack/data/venv/lib/python3.12/site-packages/neutron_lib/callbacks/manager.py:52}}
Apr 13 15:32:41.674760 np0000165513 devstack@neutron-api.service[104054]: INFO neutron.api.extensions [None req-eb860b8c-db61-41bf-9c43-a8f529e34fe0 None None] Extension agent-resources-synced not supported by any of loaded plugins
Apr 13 15:32:41.674783 np0000165513 devstack@neutron-api.service[104052]: INFO neutron.api.extensions [None req-ea22b885-b277-48f4-8e77-0b7cbcc2459d None None] Loaded extension: network_availability_zone
Apr 13 15:32:41.674838 np0000165513 devstack@neutron-api.service[104054]: DEBUG neutron.api.extensions [None req-eb860b8c-db61-41bf-9c43-a8f529e34fe0 None None] Loading extension file: allowedaddresspairs.py {{(pid=104054) _load_all_extensions_from_path /opt/stack/neutron/neutron/api/extensions.py:449}}
Apr 13 15:32:41.674866 np0000165513 devstack@neutron-api.service[104052]: DEBUG neutron.api.extensions [None req-ea22b885-b277-48f4-8e77-0b7cbcc2459d None None] Loading extension file: network_ha.py {{(pid=104052) _load_all_extensions_from_path /opt/stack/neutron/neutron/api/extensions.py:449}}
Apr 13 15:32:41.674866 np0000165513 devstack@neutron-api.service[104052]: DEBUG neutron.api.extensions [None req-ea22b885-b277-48f4-8e77-0b7cbcc2459d None None] Ext name="Network HA creation flag" alias="network_ha" description="Network high availability creation flag." updated="2023-04-27T10:00:00-00:00" {{(pid=104052) _check_extension /opt/stack/neutron/neutron/api/extensions.py:415}}
Apr 13 15:32:41.674866 np0000165513 devstack@neutron-api.service[104052]: INFO neutron.api.extensions [None req-ea22b885-b277-48f4-8e77-0b7cbcc2459d None None] Extension network_ha not supported by any of loaded plugins
Apr 13 15:32:41.674866 np0000165513 devstack@neutron-api.service[104052]: DEBUG neutron.api.extensions [None req-ea22b885-b277-48f4-8e77-0b7cbcc2459d None None] Loading extension file: network_ip_availability.py {{(pid=104052) _load_all_extensions_from_path /opt/stack/neutron/neutron/api/extensions.py:449}}
Apr 13 15:32:41.675007 np0000165513 devstack@neutron-api.service[104054]: DEBUG neutron.api.extensions [None req-eb860b8c-db61-41bf-9c43-a8f529e34fe0 None None] Ext name="Allowed Address Pairs" alias="allowed-address-pairs" description="Provides allowed address pairs" updated="2013-07-23T10:00:00-00:00" {{(pid=104054) _check_extension /opt/stack/neutron/neutron/api/extensions.py:415}}
Apr 13 15:32:41.675067 np0000165513 devstack@neutron-api.service[104052]: DEBUG neutron.api.extensions [None req-ea22b885-b277-48f4-8e77-0b7cbcc2459d None None] Ext name="Network IP Availability" alias="network-ip-availability" description="Provides IP availability data for each network and subnet." updated="2015-09-24T00:00:00-00:00" {{(pid=104052) _check_extension /opt/stack/neutron/neutron/api/extensions.py:415}}
Apr 13 15:32:41.675096 np0000165513 devstack@neutron-api.service[104054]: INFO neutron.api.extensions [None req-eb860b8c-db61-41bf-9c43-a8f529e34fe0 None None] Loaded extension: allowed-address-pairs
Apr 13 15:32:41.675096 np0000165513 devstack@neutron-api.service[104054]: DEBUG neutron.api.extensions [None req-eb860b8c-db61-41bf-9c43-a8f529e34fe0 None None] Loading extension file: auto_allocated_topology.py {{(pid=104054) _load_all_extensions_from_path /opt/stack/neutron/neutron/api/extensions.py:449}}
Apr 13 15:32:41.675168 np0000165513 devstack@neutron-api.service[104052]: INFO neutron.api.extensions [None req-ea22b885-b277-48f4-8e77-0b7cbcc2459d None None] Loaded extension: network-ip-availability
Apr 13 15:32:41.675168 np0000165513 devstack@neutron-api.service[104052]: DEBUG neutron.api.extensions [None req-ea22b885-b277-48f4-8e77-0b7cbcc2459d None None] Loading extension file: network_ip_availability_details.py {{(pid=104052) _load_all_extensions_from_path /opt/stack/neutron/neutron/api/extensions.py:449}}
Apr 13 15:32:41.675236 np0000165513 devstack@neutron-api.service[104054]: DEBUG neutron.api.extensions [None req-eb860b8c-db61-41bf-9c43-a8f529e34fe0 None None] Ext name="Auto Allocated Topology Services" alias="auto-allocated-topology" description="Auto Allocated Topology Services." updated="2016-01-01T00:00:00-00:00" {{(pid=104054) _check_extension /opt/stack/neutron/neutron/api/extensions.py:415}}
Apr 13 15:32:41.676269 np0000165513 devstack@neutron-api.service[104052]: DEBUG neutron.api.extensions [None req-ea22b885-b277-48f4-8e77-0b7cbcc2459d None None] Ext name="Network IP Availability Details Extension" alias="network-ip-availability-details" description="Add ip_availability_details attribute to network-ip-availabilities resource." updated="2025-10-31T00:00:00-00:00" {{(pid=104052) _check_extension /opt/stack/neutron/neutron/api/extensions.py:415}}
Apr 13 15:32:41.676638 np0000165513 devstack@neutron-api.service[104054]: INFO neutron.api.extensions [None req-eb860b8c-db61-41bf-9c43-a8f529e34fe0 None None] Loaded extension: auto-allocated-topology
Apr 13 15:32:41.676822 np0000165513 devstack@neutron-api.service[104052]: INFO neutron.api.extensions [None req-ea22b885-b277-48f4-8e77-0b7cbcc2459d None None] Loaded extension: network-ip-availability-details
Apr 13 15:32:41.676983 np0000165513 devstack@neutron-api.service[104054]: DEBUG neutron.api.extensions [None req-eb860b8c-db61-41bf-9c43-a8f529e34fe0 None None] Loading extension file: availability_zone.py {{(pid=104054) _load_all_extensions_from_path /opt/stack/neutron/neutron/api/extensions.py:449}}
Apr 13 15:32:41.677039 np0000165513 devstack@neutron-api.service[104052]: DEBUG neutron.api.extensions [None req-ea22b885-b277-48f4-8e77-0b7cbcc2459d None None] Loading extension file: network_segment_range.py {{(pid=104052) _load_all_extensions_from_path /opt/stack/neutron/neutron/api/extensions.py:449}}
Apr 13 15:32:41.677133 np0000165513 devstack@neutron-api.service[104054]: DEBUG neutron.api.extensions [None req-eb860b8c-db61-41bf-9c43-a8f529e34fe0 None None] Ext name="Availability Zone" alias="availability_zone" description="The availability zone extension." updated="2015-01-01T10:00:00-00:00" {{(pid=104054) _check_extension /opt/stack/neutron/neutron/api/extensions.py:415}}
Apr 13 15:32:41.677179 np0000165513 devstack@neutron-api.service[104052]: DEBUG neutron.api.extensions [None req-ea22b885-b277-48f4-8e77-0b7cbcc2459d None None] Ext name="Neutron Network Segment Range" alias="network-segment-range" description="Provides support for the network segment range management" updated="2018-11-29T00:00:00-00:00" {{(pid=104052) _check_extension /opt/stack/neutron/neutron/api/extensions.py:415}}
Apr 13 15:32:41.677276 np0000165513 devstack@neutron-api.service[104054]: INFO neutron.api.extensions [None req-eb860b8c-db61-41bf-9c43-a8f529e34fe0 None None] Loaded extension: availability_zone
Apr 13 15:32:41.677386 np0000165513 devstack@neutron-api.service[104052]: INFO neutron.api.extensions [None req-ea22b885-b277-48f4-8e77-0b7cbcc2459d None None] Extension network-segment-range not supported by any of loaded plugins
Apr 13 15:32:41.677492 np0000165513 devstack@neutron-api.service[104054]: DEBUG neutron.api.extensions [None req-eb860b8c-db61-41bf-9c43-a8f529e34fe0 None None] Loading extension file: availability_zone_filter.py {{(pid=104054) _load_all_extensions_from_path /opt/stack/neutron/neutron/api/extensions.py:449}}
Apr 13 15:32:41.677538 np0000165513 devstack@neutron-api.service[104052]: DEBUG neutron.api.extensions [None req-ea22b885-b277-48f4-8e77-0b7cbcc2459d None None] Loading extension file: pagination.py {{(pid=104052) _load_all_extensions_from_path /opt/stack/neutron/neutron/api/extensions.py:449}}
Apr 13 15:32:41.677647 np0000165513 devstack@neutron-api.service[104054]: DEBUG neutron.api.extensions [None req-eb860b8c-db61-41bf-9c43-a8f529e34fe0 None None] Ext name="Availability Zone Filter Extension" alias="availability_zone_filter" description="Add filter parameters to AvailabilityZone resource" updated="2018-06-22T10:00:00-00:00" {{(pid=104054) _check_extension /opt/stack/neutron/neutron/api/extensions.py:415}}
Apr 13 15:32:41.677743 np0000165513 devstack@neutron-api.service[104052]: DEBUG neutron.api.extensions [None req-ea22b885-b277-48f4-8e77-0b7cbcc2459d None None] Ext name="Pagination support" alias="pagination" description="Extension that indicates that pagination is enabled." updated="2016-06-12T00:00:00-00:00" {{(pid=104052) _check_extension /opt/stack/neutron/neutron/api/extensions.py:415}}
Apr 13 15:32:41.677743 np0000165513 devstack@neutron-api.service[104052]: INFO neutron.api.extensions [None req-ea22b885-b277-48f4-8e77-0b7cbcc2459d None None] Loaded extension: pagination
Apr 13 15:32:41.677933 np0000165513 devstack@neutron-api.service[104054]: INFO neutron.api.extensions [None req-eb860b8c-db61-41bf-9c43-a8f529e34fe0 None None] Extension availability_zone_filter not supported by any of loaded plugins
Apr 13 15:32:41.677978 np0000165513 devstack@neutron-api.service[104052]: DEBUG neutron.api.extensions [None req-ea22b885-b277-48f4-8e77-0b7cbcc2459d None None] Loading extension file: port_device_profile.py {{(pid=104052) _load_all_extensions_from_path /opt/stack/neutron/neutron/api/extensions.py:449}}
Apr 13 15:32:41.678070 np0000165513 devstack@neutron-api.service[104054]: DEBUG neutron.api.extensions [None req-eb860b8c-db61-41bf-9c43-a8f529e34fe0 None None] Loading extension file: data_plane_status.py {{(pid=104054) _load_all_extensions_from_path /opt/stack/neutron/neutron/api/extensions.py:449}}
Apr 13 15:32:41.678171 np0000165513 devstack@neutron-api.service[104052]: DEBUG neutron.api.extensions [None req-ea22b885-b277-48f4-8e77-0b7cbcc2459d None None] Ext name="Port device profile" alias="port-device-profile" description="Expose the port device profile (Cyborg)" updated="2020-12-17T10:00:00-00:00" {{(pid=104052) _check_extension /opt/stack/neutron/neutron/api/extensions.py:415}}
Apr 13 15:32:41.678277 np0000165513 devstack@neutron-api.service[104054]: DEBUG neutron.api.extensions [None req-eb860b8c-db61-41bf-9c43-a8f529e34fe0 None None] Ext name="Port data plane status extension" alias="data-plane-status" description="Expose status of underlying data plane" updated="2017-01-24T10:00:00-00:00" {{(pid=104054) _check_extension /opt/stack/neutron/neutron/api/extensions.py:415}}
Apr 13 15:32:41.678401 np0000165513 devstack@neutron-api.service[104052]: INFO neutron.api.extensions [None req-ea22b885-b277-48f4-8e77-0b7cbcc2459d None None] Loaded extension: port-device-profile
Apr 13 15:32:41.678401 np0000165513 devstack@neutron-api.service[104052]: DEBUG neutron.api.extensions [None req-ea22b885-b277-48f4-8e77-0b7cbcc2459d None None] Loading extension file: port_hardware_offload_type.py {{(pid=104052) _load_all_extensions_from_path /opt/stack/neutron/neutron/api/extensions.py:449}}
Apr 13 15:32:41.678594 np0000165513 devstack@neutron-api.service[104054]: INFO neutron.api.extensions [None req-eb860b8c-db61-41bf-9c43-a8f529e34fe0 None None] Extension data-plane-status not supported by any of loaded plugins
Apr 13 15:32:41.678640 np0000165513 devstack@neutron-api.service[104053]: DEBUG neutron.services.provider_configuration [None req-2891bbec-443f-42a2-8de1-f7192f9ab0df None None] Service providers = [] {{(pid=104053) parse_service_provider_opt /opt/stack/neutron/neutron/services/provider_configuration.py:170}}
Apr 13 15:32:41.678723 np0000165513 devstack@neutron-api.service[104054]: DEBUG neutron.api.extensions [None req-eb860b8c-db61-41bf-9c43-a8f529e34fe0 None None] Loading extension file: default_subnetpools.py {{(pid=104054) _load_all_extensions_from_path /opt/stack/neutron/neutron/api/extensions.py:449}}
Apr 13 15:32:41.678747 np0000165513 devstack@neutron-api.service[104053]: DEBUG neutron.db.servicetype_db [None req-2891bbec-443f-42a2-8de1-f7192f9ab0df None None] Adding provider configuration for service L3_ROUTER_NAT {{(pid=104053) add_provider_configuration /opt/stack/neutron/neutron/db/servicetype_db.py:42}}
Apr 13 15:32:41.678773 np0000165513 devstack@neutron-api.service[104052]: DEBUG neutron.api.extensions [None req-ea22b885-b277-48f4-8e77-0b7cbcc2459d None None] Ext name="Port hardware offload" alias="port-hardware-offload-type" description="Expose port hardware offload extension" updated="2023-05-09T10:00:00-00:00" {{(pid=104052) _check_extension /opt/stack/neutron/neutron/api/extensions.py:415}}
Apr 13 15:32:41.678773 np0000165513 devstack@neutron-api.service[104052]: INFO neutron.api.extensions [None req-ea22b885-b277-48f4-8e77-0b7cbcc2459d None None] Extension port-hardware-offload-type not supported by any of loaded plugins
Apr 13 15:32:41.678844 np0000165513 devstack@neutron-api.service[104054]: DEBUG neutron.api.extensions [None req-eb860b8c-db61-41bf-9c43-a8f529e34fe0 None None] Ext name="Default Subnetpools" alias="default-subnetpools" description="Provides ability to mark and use a subnetpool as the default." updated="2016-02-18T18:00:00-00:00" {{(pid=104054) _check_extension /opt/stack/neutron/neutron/api/extensions.py:415}}
Apr 13 15:32:41.678874 np0000165513 devstack@neutron-api.service[104052]: DEBUG neutron.api.extensions [None req-ea22b885-b277-48f4-8e77-0b7cbcc2459d None None] Loading extension file: port_hint_ovs_tx_steering.py {{(pid=104052) _load_all_extensions_from_path /opt/stack/neutron/neutron/api/extensions.py:449}}
Apr 13 15:32:41.678897 np0000165513 devstack@neutron-api.service[104054]: INFO neutron.api.extensions [None req-eb860b8c-db61-41bf-9c43-a8f529e34fe0 None None] Loaded extension: default-subnetpools
Apr 13 15:32:41.678944 np0000165513 devstack@neutron-api.service[104052]: DEBUG neutron.api.extensions [None req-ea22b885-b277-48f4-8e77-0b7cbcc2459d None None] Ext name="Port hint: Open vSwitch Tx steering" alias="port-hint-ovs-tx-steering" description="Enable Port hint: Open vSwitch Tx steering" updated="2023-01-01T00:00:00-00:00" {{(pid=104052) _check_extension /opt/stack/neutron/neutron/api/extensions.py:415}}
Apr 13 15:32:41.678969 np0000165513 devstack@neutron-api.service[104054]: DEBUG neutron.api.extensions [None req-eb860b8c-db61-41bf-9c43-a8f529e34fe0 None None] Loading extension file: dhcpagentscheduler.py {{(pid=104054) _load_all_extensions_from_path /opt/stack/neutron/neutron/api/extensions.py:449}}
Apr 13 15:32:41.679001 np0000165513 devstack@neutron-api.service[104052]: INFO neutron.api.extensions [None req-ea22b885-b277-48f4-8e77-0b7cbcc2459d None None] Extension port-hint-ovs-tx-steering not supported by any of loaded plugins
Apr 13 15:32:41.679001 np0000165513 devstack@neutron-api.service[104052]: DEBUG neutron.api.extensions [None req-ea22b885-b277-48f4-8e77-0b7cbcc2459d None None] Loading extension file: port_hints.py {{(pid=104052) _load_all_extensions_from_path /opt/stack/neutron/neutron/api/extensions.py:449}}
Apr 13 15:32:41.679001 np0000165513 devstack@neutron-api.service[104052]: DEBUG neutron.api.extensions [None req-ea22b885-b277-48f4-8e77-0b7cbcc2459d None None] Ext name="Port hints" alias="port-hints" description="Backend specific port hints to allow backend specific tuning" updated="2023-01-01T00:00:00-00:00" {{(pid=104052) _check_extension /opt/stack/neutron/neutron/api/extensions.py:415}}
Apr 13 15:32:41.679097 np0000165513 devstack@neutron-api.service[104054]: DEBUG neutron.api.extensions [None req-eb860b8c-db61-41bf-9c43-a8f529e34fe0 None None] Ext name="DHCP Agent Scheduler" alias="dhcp_agent_scheduler" description="Schedule networks among dhcp agents" updated="2013-02-07T10:00:00-00:00" {{(pid=104054) _check_extension /opt/stack/neutron/neutron/api/extensions.py:415}}
Apr 13 15:32:41.679121 np0000165513 devstack@neutron-api.service[104052]: INFO neutron.api.extensions [None req-ea22b885-b277-48f4-8e77-0b7cbcc2459d None None] Extension port-hints not supported by any of loaded plugins
Apr 13 15:32:41.679172 np0000165513 devstack@neutron-api.service[104054]: INFO neutron.api.extensions [None req-eb860b8c-db61-41bf-9c43-a8f529e34fe0 None None] Loaded extension: dhcp_agent_scheduler
Apr 13 15:32:41.679194 np0000165513 devstack@neutron-api.service[104052]: DEBUG neutron.api.extensions [None req-ea22b885-b277-48f4-8e77-0b7cbcc2459d None None] Loading extension file: port_mac_address_override.py {{(pid=104052) _load_all_extensions_from_path /opt/stack/neutron/neutron/api/extensions.py:449}}
Apr 13 15:32:41.679220 np0000165513 devstack@neutron-api.service[104053]: DEBUG neutron_lib.callbacks.manager [None req-2891bbec-443f-42a2-8de1-f7192f9ab0df None None] Subscribe: > router precommit_create 55549900, False {{(pid=104053) subscribe /opt/stack/data/venv/lib/python3.12/site-packages/neutron_lib/callbacks/manager.py:52}}
Apr 13 15:32:41.679281 np0000165513 devstack@neutron-api.service[104054]: DEBUG neutron.api.extensions [None req-eb860b8c-db61-41bf-9c43-a8f529e34fe0 None None] Loading extension file: dns.py {{(pid=104054) _load_all_extensions_from_path /opt/stack/neutron/neutron/api/extensions.py:449}}
Apr 13 15:32:41.679305 np0000165513 devstack@neutron-api.service[104053]: DEBUG neutron_lib.callbacks.manager [None req-2891bbec-443f-42a2-8de1-f7192f9ab0df None None] Subscribe: > router_interface after_create 55550000, False {{(pid=104053) subscribe /opt/stack/data/venv/lib/python3.12/site-packages/neutron_lib/callbacks/manager.py:52}}
Apr 13 15:32:41.679376 np0000165513 devstack@neutron-api.service[104052]: DEBUG neutron.api.extensions [None req-ea22b885-b277-48f4-8e77-0b7cbcc2459d None None] Ext name="Neutron Port MAC address override" alias="port-mac-override" description="Allow overriding the MAC address of a direct-physical Port via the active binding profile" updated="2022-03-18T10:00:00-00:00" {{(pid=104052) _check_extension /opt/stack/neutron/neutron/api/extensions.py:415}}
Apr 13 15:32:41.679401 np0000165513 devstack@neutron-api.service[104053]: DEBUG neutron_lib.callbacks.manager [None req-2891bbec-443f-42a2-8de1-f7192f9ab0df None None] Subscribe: > floatingip after_create 55550000, False {{(pid=104053) subscribe /opt/stack/data/venv/lib/python3.12/site-packages/neutron_lib/callbacks/manager.py:52}}
Apr 13 15:32:41.679428 np0000165513 devstack@neutron-api.service[104054]: DEBUG neutron.api.extensions [None req-eb860b8c-db61-41bf-9c43-a8f529e34fe0 None None] Ext name="DNS Integration" alias="dns-integration" description="Provides integration with DNS." updated="2015-08-15T18:00:00-00:00" {{(pid=104054) _check_extension /opt/stack/neutron/neutron/api/extensions.py:415}}
Apr 13 15:32:41.679452 np0000165513 devstack@neutron-api.service[104053]: DEBUG neutron_lib.callbacks.manager [None req-2891bbec-443f-42a2-8de1-f7192f9ab0df None None] Subscribe: > floatingip precommit_create 55550000, False {{(pid=104053) subscribe /opt/stack/data/venv/lib/python3.12/site-packages/neutron_lib/callbacks/manager.py:52}}
Apr 13 15:32:41.679512 np0000165513 devstack@neutron-api.service[104052]: INFO neutron.api.extensions [None req-ea22b885-b277-48f4-8e77-0b7cbcc2459d None None] Extension port-mac-override not supported by any of loaded plugins
Apr 13 15:32:41.679537 np0000165513 devstack@neutron-api.service[104054]: INFO neutron.api.extensions [None req-eb860b8c-db61-41bf-9c43-a8f529e34fe0 None None] Loaded extension: dns-integration
Apr 13 15:32:41.679586 np0000165513 devstack@neutron-api.service[104053]: DEBUG neutron_lib.callbacks.manager [None req-2891bbec-443f-42a2-8de1-f7192f9ab0df None None] Subscribe: > floatingip precommit_update 55550000, False {{(pid=104053) subscribe /opt/stack/data/venv/lib/python3.12/site-packages/neutron_lib/callbacks/manager.py:52}}
Apr 13 15:32:41.679613 np0000165513 devstack@neutron-api.service[104052]: DEBUG neutron.api.extensions [None req-ea22b885-b277-48f4-8e77-0b7cbcc2459d None None] Loading extension file: port_mac_address_regenerate.py {{(pid=104052) _load_all_extensions_from_path /opt/stack/neutron/neutron/api/extensions.py:449}}
Apr 13 15:32:41.679639 np0000165513 devstack@neutron-api.service[104054]: DEBUG neutron.api.extensions [None req-eb860b8c-db61-41bf-9c43-a8f529e34fe0 None None] Loading extension file: dns_domain_ports.py {{(pid=104054) _load_all_extensions_from_path /opt/stack/neutron/neutron/api/extensions.py:449}}
Apr 13 15:32:41.679662 np0000165513 devstack@neutron-api.service[104053]: DEBUG neutron_lib.callbacks.manager [None req-2891bbec-443f-42a2-8de1-f7192f9ab0df None None] Subscribe: > floatingip after_delete 55550000, False {{(pid=104053) subscribe /opt/stack/data/venv/lib/python3.12/site-packages/neutron_lib/callbacks/manager.py:52}}
Apr 13 15:32:41.679662 np0000165513 devstack@neutron-api.service[104053]: DEBUG neutron_lib.callbacks.manager [None req-2891bbec-443f-42a2-8de1-f7192f9ab0df None None] Subscribe: > floatingip after_status_update 55550000, False {{(pid=104053) subscribe /opt/stack/data/venv/lib/python3.12/site-packages/neutron_lib/callbacks/manager.py:52}}
Apr 13 15:32:41.679867 np0000165513 devstack@neutron-api.service[104052]: DEBUG neutron.api.extensions [None req-ea22b885-b277-48f4-8e77-0b7cbcc2459d None None] Ext name="Neutron Port MAC address regenerate" alias="port-mac-address-regenerate" description="Network port MAC address regenerate" updated="2018-05-03T10:00:00-00:00" {{(pid=104052) _check_extension /opt/stack/neutron/neutron/api/extensions.py:415}}
Apr 13 15:32:41.679951 np0000165513 devstack@neutron-api.service[104053]: DEBUG neutron_lib.callbacks.manager [None req-2891bbec-443f-42a2-8de1-f7192f9ab0df None None] Subscribe: > floatingip after_update 55550000, False {{(pid=104053) subscribe /opt/stack/data/venv/lib/python3.12/site-packages/neutron_lib/callbacks/manager.py:52}}
Apr 13 15:32:41.679979 np0000165513 devstack@neutron-api.service[104054]: DEBUG neutron.api.extensions [None req-eb860b8c-db61-41bf-9c43-a8f529e34fe0 None None] Ext name="dns_domain for ports" alias="dns-domain-ports" description="Allows the DNS domain to be specified for a network port." updated="2017-04-24T10:00:00-00:00" {{(pid=104054) _check_extension /opt/stack/neutron/neutron/api/extensions.py:415}}
Apr 13 15:32:41.680040 np0000165513 devstack@neutron-api.service[104052]: INFO neutron.api.extensions [None req-ea22b885-b277-48f4-8e77-0b7cbcc2459d None None] Loaded extension: port-mac-address-regenerate
Apr 13 15:32:41.680068 np0000165513 devstack@neutron-api.service[104053]: DEBUG neutron_lib.callbacks.manager [None req-2891bbec-443f-42a2-8de1-f7192f9ab0df None None] Subscribe: > port_forwarding after_create 55550000, False {{(pid=104053) subscribe /opt/stack/data/venv/lib/python3.12/site-packages/neutron_lib/callbacks/manager.py:52}}
Apr 13 15:32:41.680096 np0000165513 devstack@neutron-api.service[104052]: DEBUG neutron.api.extensions [None req-ea22b885-b277-48f4-8e77-0b7cbcc2459d None None] Loading extension file: port_numa_affinity_policy.py {{(pid=104052) _load_all_extensions_from_path /opt/stack/neutron/neutron/api/extensions.py:449}}
Apr 13 15:32:41.680146 np0000165513 devstack@neutron-api.service[104053]: DEBUG neutron_lib.callbacks.manager [None req-2891bbec-443f-42a2-8de1-f7192f9ab0df None None] Subscribe: > router_interface after_delete 55550000, False {{(pid=104053) subscribe /opt/stack/data/venv/lib/python3.12/site-packages/neutron_lib/callbacks/manager.py:52}}
Apr 13 15:32:41.680171 np0000165513 devstack@neutron-api.service[104054]: INFO neutron.api.extensions [None req-eb860b8c-db61-41bf-9c43-a8f529e34fe0 None None] Loaded extension: dns-domain-ports
Apr 13 15:32:41.680195 np0000165513 devstack@neutron-api.service[104053]: DEBUG neutron_lib.callbacks.manager [None req-2891bbec-443f-42a2-8de1-f7192f9ab0df None None] Subscribe: > router after_create 55550000, False {{(pid=104053) subscribe /opt/stack/data/venv/lib/python3.12/site-packages/neutron_lib/callbacks/manager.py:52}}
Apr 13 15:32:41.680258 np0000165513 devstack@neutron-api.service[104054]: DEBUG neutron.api.extensions [None req-eb860b8c-db61-41bf-9c43-a8f529e34fe0 None None] Loading extension file: dns_integration_domain_keywords.py {{(pid=104054) _load_all_extensions_from_path /opt/stack/neutron/neutron/api/extensions.py:449}}
Apr 13 15:32:41.680282 np0000165513 devstack@neutron-api.service[104052]: DEBUG neutron.api.extensions [None req-ea22b885-b277-48f4-8e77-0b7cbcc2459d None None] Ext name="Port NUMA affinity policy" alias="port-numa-affinity-policy" description="Expose the port NUMA affinity policy" updated="2020-07-08T10:00:00-00:00" {{(pid=104052) _check_extension /opt/stack/neutron/neutron/api/extensions.py:415}}
Apr 13 15:32:41.680307 np0000165513 devstack@neutron-api.service[104053]: DEBUG neutron_lib.callbacks.manager [None req-2891bbec-443f-42a2-8de1-f7192f9ab0df None None] Subscribe: > router precommit_create 55550000, False {{(pid=104053) subscribe /opt/stack/data/venv/lib/python3.12/site-packages/neutron_lib/callbacks/manager.py:52}}
Apr 13 15:32:41.680307 np0000165513 devstack@neutron-api.service[104053]: DEBUG neutron_lib.callbacks.manager [None req-2891bbec-443f-42a2-8de1-f7192f9ab0df None None] Subscribe: > router after_delete 55550000, False {{(pid=104053) subscribe /opt/stack/data/venv/lib/python3.12/site-packages/neutron_lib/callbacks/manager.py:52}}
Apr 13 15:32:41.680415 np0000165513 devstack@neutron-api.service[104054]: DEBUG neutron.api.extensions [None req-eb860b8c-db61-41bf-9c43-a8f529e34fe0 None None] Ext name="DNS domain names with keywords allowed" alias="dns-integration-domain-keywords" description="Allows to use keywords like , , and as DNS domain name" updated="2020-06-15T18:00:00-00:00" {{(pid=104054) _check_extension /opt/stack/neutron/neutron/api/extensions.py:415}}
Apr 13 15:32:41.680466 np0000165513 devstack@neutron-api.service[104052]: INFO neutron.api.extensions [None req-ea22b885-b277-48f4-8e77-0b7cbcc2459d None None] Loaded extension: port-numa-affinity-policy
Apr 13 15:32:41.680489 np0000165513 devstack@neutron-api.service[104053]: DEBUG neutron_lib.callbacks.manager [None req-2891bbec-443f-42a2-8de1-f7192f9ab0df None None] Subscribe: > router after_update 55550000, False {{(pid=104053) subscribe /opt/stack/data/venv/lib/python3.12/site-packages/neutron_lib/callbacks/manager.py:52}}
Apr 13 15:32:41.680514 np0000165513 devstack@neutron-api.service[104052]: DEBUG neutron.api.extensions [None req-ea22b885-b277-48f4-8e77-0b7cbcc2459d None None] Loading extension file: port_numa_affinity_policy_socket.py {{(pid=104052) _load_all_extensions_from_path /opt/stack/neutron/neutron/api/extensions.py:449}}
Apr 13 15:32:41.680540 np0000165513 devstack@neutron-api.service[104053]: DEBUG neutron.services.service_base [None req-2891bbec-443f-42a2-8de1-f7192f9ab0df None None] Loaded 'neutron.services.ovn_l3.service_providers.ovn.OvnDriver' provider for service L3_ROUTER_NAT {{(pid=104053) load_drivers /opt/stack/neutron/neutron/services/service_base.py:49}}
Apr 13 15:32:41.680589 np0000165513 devstack@neutron-api.service[104054]: INFO neutron.api.extensions [None req-eb860b8c-db61-41bf-9c43-a8f529e34fe0 None None] Loaded extension: dns-integration-domain-keywords
Apr 13 15:32:41.680589 np0000165513 devstack@neutron-api.service[104054]: DEBUG neutron.api.extensions [None req-eb860b8c-db61-41bf-9c43-a8f529e34fe0 None None] Loading extension file: dvr.py {{(pid=104054) _load_all_extensions_from_path /opt/stack/neutron/neutron/api/extensions.py:449}}
Apr 13 15:32:41.680639 np0000165513 devstack@neutron-api.service[104053]: DEBUG neutron_lib.callbacks.manager [None req-2891bbec-443f-42a2-8de1-f7192f9ab0df None None] Subscribe: > process after_init 55550001, True {{(pid=104053) subscribe /opt/stack/data/venv/lib/python3.12/site-packages/neutron_lib/callbacks/manager.py:52}}
Apr 13 15:32:41.680728 np0000165513 devstack@neutron-api.service[104052]: DEBUG neutron.api.extensions [None req-ea22b885-b277-48f4-8e77-0b7cbcc2459d None None] Ext name="Port NUMA affinity policy "socket"" alias="port-numa-affinity-policy-socket" description="Adds "socket" to the supported port NUMA affinity policies" updated="2024-02-09T10:00:00-00:00" {{(pid=104052) _check_extension /opt/stack/neutron/neutron/api/extensions.py:415}}
Apr 13 15:32:41.680790 np0000165513 devstack@neutron-api.service[104053]: DEBUG neutron.manager [None req-2891bbec-443f-42a2-8de1-f7192f9ab0df None None] Successfully loaded L3_ROUTER_NAT plugin. Description: L3 Router Service Plugin for basic L3 forwarding using OVN {{(pid=104053) _create_and_add_service_plugin /opt/stack/neutron/neutron/manager.py:239}}
Apr 13 15:32:41.680815 np0000165513 devstack@neutron-api.service[104052]: INFO neutron.api.extensions [None req-ea22b885-b277-48f4-8e77-0b7cbcc2459d None None] Loaded extension: port-numa-affinity-policy-socket
Apr 13 15:32:41.680839 np0000165513 devstack@neutron-api.service[104053]: INFO neutron.manager [None req-2891bbec-443f-42a2-8de1-f7192f9ab0df None None] Loading Plugin: auto_allocate
Apr 13 15:32:41.680894 np0000165513 devstack@neutron-api.service[104054]: DEBUG neutron.api.extensions [None req-eb860b8c-db61-41bf-9c43-a8f529e34fe0 None None] Ext name="Distributed Virtual Router" alias="dvr" description="Enables configuration of Distributed Virtual Routers." updated="2014-06-1T10:00:00-00:00" {{(pid=104054) _check_extension /opt/stack/neutron/neutron/api/extensions.py:415}}
Apr 13 15:32:41.680919 np0000165513 devstack@neutron-api.service[104052]: DEBUG neutron.api.extensions [None req-ea22b885-b277-48f4-8e77-0b7cbcc2459d None None] Loading extension file: port_resource_request.py {{(pid=104052) _load_all_extensions_from_path /opt/stack/neutron/neutron/api/extensions.py:449}}
Apr 13 15:32:41.680984 np0000165513 devstack@neutron-api.service[104054]: INFO neutron.api.extensions [None req-eb860b8c-db61-41bf-9c43-a8f529e34fe0 None None] Extension dvr not supported by any of loaded plugins
Apr 13 15:32:41.681033 np0000165513 devstack@neutron-api.service[104052]: DEBUG neutron.api.extensions [None req-ea22b885-b277-48f4-8e77-0b7cbcc2459d None None] Ext name="Port Resource Request" alias="port-resource-request" description="Expose resource request to Port" updated="2018-05-08T10:00:00-00:00" {{(pid=104052) _check_extension /opt/stack/neutron/neutron/api/extensions.py:415}}
Apr 13 15:32:41.681057 np0000165513 devstack@neutron-api.service[104054]: DEBUG neutron.api.extensions [None req-eb860b8c-db61-41bf-9c43-a8f529e34fe0 None None] Loading extension file: ecmp_routes.py {{(pid=104054) _load_all_extensions_from_path /opt/stack/neutron/neutron/api/extensions.py:449}}
Apr 13 15:32:41.681080 np0000165513 devstack@neutron-api.service[104052]: INFO neutron.api.extensions [None req-ea22b885-b277-48f4-8e77-0b7cbcc2459d None None] Extension port-resource-request not supported by any of loaded plugins
Apr 13 15:32:41.681080 np0000165513 devstack@neutron-api.service[104052]: DEBUG neutron.api.extensions [None req-ea22b885-b277-48f4-8e77-0b7cbcc2459d None None] Loading extension file: port_resource_request_groups.py {{(pid=104052) _load_all_extensions_from_path /opt/stack/neutron/neutron/api/extensions.py:449}}
