Apr 02 13:04:28.900338 np0000162925 devstack@neutron-api.service[102170]: DEBUG neutron.api.extensions [None req-3249b6c9-b8c8-4611-a9ef-825c2b54dd49 None None] Ext name="Subnet SegmentID (writable)" alias="subnet-segmentid-writable" description="Provides a writable segment_id attribute for a subnet resource." updated="2018-03-12T00:00:00-00:00" {{(pid=102170) _check_extension /opt/stack/neutron/neutron/api/extensions.py:415}}
Apr 02 13:04:28.900378 np0000162925 devstack@neutron-api.service[102169]: DEBUG neutron.api.extensions [None req-b139fead-8569-4d40-b87a-7d70a13c48f4 None None] Ext name="Floating IP QoS" alias="qos-fip" description="The floating IP Quality of Service extension" updated="2017-07-20T00:00:00-00:00" {{(pid=102169) _check_extension /opt/stack/neutron/neutron/api/extensions.py:415}}
Apr 02 13:04:28.900419 np0000162925 devstack@neutron-api.service[102170]: INFO neutron.api.extensions [None req-3249b6c9-b8c8-4611-a9ef-825c2b54dd49 None None] Extension subnet-segmentid-writable not supported by any of loaded plugins
Apr 02 13:04:28.900419 np0000162925 devstack@neutron-api.service[102170]: DEBUG neutron.api.extensions [None req-3249b6c9-b8c8-4611-a9ef-825c2b54dd49 None None] Loading extension file: subnet_service_types.py {{(pid=102170) _load_all_extensions_from_path /opt/stack/neutron/neutron/api/extensions.py:449}}
Apr 02 13:04:28.900496 np0000162925 devstack@neutron-api.service[102169]: INFO neutron.api.extensions [None req-b139fead-8569-4d40-b87a-7d70a13c48f4 None None] Extension qos-fip not supported by any of loaded plugins
Apr 02 13:04:28.900496 np0000162925 devstack@neutron-api.service[102169]: DEBUG neutron.api.extensions [None req-b139fead-8569-4d40-b87a-7d70a13c48f4 None None] Loading extension file: qos_fip_network_policy.py {{(pid=102169) _load_all_extensions_from_path /opt/stack/neutron/neutron/api/extensions.py:449}}
Apr 02 13:04:28.900653 np0000162925 devstack@neutron-api.service[102170]: DEBUG neutron.api.extensions [None req-3249b6c9-b8c8-4611-a9ef-825c2b54dd49 None None] Ext name="Subnet service types" alias="subnet-service-types" description="Provides ability to set the subnet service_types field" updated="2016-03-15T18:00:00-00:00" {{(pid=102170) _check_extension /opt/stack/neutron/neutron/api/extensions.py:415}}
Apr 02 13:04:28.900701 np0000162925 devstack@neutron-api.service[102169]: DEBUG neutron.api.extensions [None req-b139fead-8569-4d40-b87a-7d70a13c48f4 None None] Ext name="QoS floating IP network policy ID" alias="qos-fip-network-policy" description="Adds a the QoS network ID to the floating IP definition" updated="2021-11-15T10:00:00-00:00" {{(pid=102169) _check_extension /opt/stack/neutron/neutron/api/extensions.py:415}}
Apr 02 13:04:28.900834 np0000162925 devstack@neutron-api.service[102170]: INFO neutron.api.extensions [None req-3249b6c9-b8c8-4611-a9ef-825c2b54dd49 None None] Loaded extension: subnet-service-types
Apr 02 13:04:28.900912 np0000162925 devstack@neutron-api.service[102169]: INFO neutron.api.extensions [None req-b139fead-8569-4d40-b87a-7d70a13c48f4 None None] Extension qos-fip-network-policy not supported by any of loaded plugins
Apr 02 13:04:28.900989 np0000162925 devstack@neutron-api.service[102170]: DEBUG neutron.api.extensions [None req-3249b6c9-b8c8-4611-a9ef-825c2b54dd49 None None] Loading extension file: subnetallocation.py {{(pid=102170) _load_all_extensions_from_path /opt/stack/neutron/neutron/api/extensions.py:449}}
Apr 02 13:04:28.901048 np0000162925 devstack@neutron-api.service[102169]: DEBUG neutron.api.extensions [None req-b139fead-8569-4d40-b87a-7d70a13c48f4 None None] Loading extension file: qos_gateway_ip.py {{(pid=102169) _load_all_extensions_from_path /opt/stack/neutron/neutron/api/extensions.py:449}}
Apr 02 13:04:28.901197 np0000162925 devstack@neutron-api.service[102170]: DEBUG neutron.api.extensions [None req-3249b6c9-b8c8-4611-a9ef-825c2b54dd49 None None] Ext name="Subnet Allocation" alias="subnet_allocation" description="Enables allocation of subnets from a subnet pool" updated="2015-03-30T10:00:00-00:00" {{(pid=102170) _check_extension /opt/stack/neutron/neutron/api/extensions.py:415}}
Apr 02 13:04:28.901338 np0000162925 devstack@neutron-api.service[102169]: DEBUG neutron.api.extensions [None req-b139fead-8569-4d40-b87a-7d70a13c48f4 None None] Ext name="Router gateway IP QoS" alias="qos-gateway-ip" description="The Router gateway IP Quality of Service extension" updated="2018-02-24T00:00:00-00:00" {{(pid=102169) _check_extension /opt/stack/neutron/neutron/api/extensions.py:415}}
Apr 02 13:04:28.901424 np0000162925 devstack@neutron-api.service[102170]: INFO neutron.api.extensions [None req-3249b6c9-b8c8-4611-a9ef-825c2b54dd49 None None] Loaded extension: subnet_allocation
Apr 02 13:04:28.901509 np0000162925 devstack@neutron-api.service[102170]: DEBUG neutron.api.extensions [None req-3249b6c9-b8c8-4611-a9ef-825c2b54dd49 None None] Loading extension file: subnetpool_prefix_ops.py {{(pid=102170) _load_all_extensions_from_path /opt/stack/neutron/neutron/api/extensions.py:449}}
Apr 02 13:04:28.901550 np0000162925 devstack@neutron-api.service[102169]: INFO neutron.api.extensions [None req-b139fead-8569-4d40-b87a-7d70a13c48f4 None None] Extension qos-gateway-ip not supported by any of loaded plugins
Apr 02 13:04:28.901674 np0000162925 devstack@neutron-api.service[102169]: DEBUG neutron.api.extensions [None req-b139fead-8569-4d40-b87a-7d70a13c48f4 None None] Loading extension file: qos_port_network_policy.py {{(pid=102169) _load_all_extensions_from_path /opt/stack/neutron/neutron/api/extensions.py:449}}
Apr 02 13:04:28.901708 np0000162925 devstack@neutron-api.service[102170]: DEBUG neutron.api.extensions [None req-3249b6c9-b8c8-4611-a9ef-825c2b54dd49 None None] Ext name="Subnet Pool Prefix Operations" alias="subnetpool-prefix-ops" description="Provides support for adjusting the prefix list of subnet pools" updated="2019-02-08T10:00:00-00:00" {{(pid=102170) _check_extension /opt/stack/neutron/neutron/api/extensions.py:415}}
Apr 02 13:04:28.901872 np0000162925 devstack@neutron-api.service[102170]: INFO neutron.api.extensions [None req-3249b6c9-b8c8-4611-a9ef-825c2b54dd49 None None] Loaded extension: subnetpool-prefix-ops
Apr 02 13:04:28.901936 np0000162925 devstack@neutron-api.service[102169]: DEBUG neutron.api.extensions [None req-b139fead-8569-4d40-b87a-7d70a13c48f4 None None] Ext name="QoS port network policy ID" alias="qos-port-network-policy" description="Adds a the QoS network ID to the port definition" updated="2019-11-01T10:00:00-00:00" {{(pid=102169) _check_extension /opt/stack/neutron/neutron/api/extensions.py:415}}
Apr 02 13:04:28.901971 np0000162925 devstack@neutron-api.service[102170]: DEBUG neutron.api.extensions [None req-3249b6c9-b8c8-4611-a9ef-825c2b54dd49 None None] Loading extension file: tag_creation.py {{(pid=102170) _load_all_extensions_from_path /opt/stack/neutron/neutron/api/extensions.py:449}}
Apr 02 13:04:28.902091 np0000162925 devstack@neutron-api.service[102169]: INFO neutron.api.extensions [None req-b139fead-8569-4d40-b87a-7d70a13c48f4 None None] Extension qos-port-network-policy not supported by any of loaded plugins
Apr 02 13:04:28.902184 np0000162925 devstack@neutron-api.service[102169]: DEBUG neutron.api.extensions [None req-b139fead-8569-4d40-b87a-7d70a13c48f4 None None] Loading extension file: qos_pps_minimum_rule.py {{(pid=102169) _load_all_extensions_from_path /opt/stack/neutron/neutron/api/extensions.py:449}}
Apr 02 13:04:28.902255 np0000162925 devstack@neutron-api.service[102170]: DEBUG neutron.api.extensions [None req-3249b6c9-b8c8-4611-a9ef-825c2b54dd49 None None] Ext name="Tag creation extension" alias="tag-creation" description="Allow to create multiple tags for a resource" updated="2024-23-07T10:00:00-00:00" {{(pid=102170) _check_extension /opt/stack/neutron/neutron/api/extensions.py:415}}
Apr 02 13:04:28.902387 np0000162925 devstack@neutron-api.service[102168]: DEBUG neutron.services.provider_configuration [None req-ae51b7f4-0c0a-4077-97f5-e48e789db4f8 None None] Service providers = [] {{(pid=102168) parse_service_provider_opt /opt/stack/neutron/neutron/services/provider_configuration.py:170}}
Apr 02 13:04:28.902444 np0000162925 devstack@neutron-api.service[102169]: DEBUG neutron.api.extensions [None req-b139fead-8569-4d40-b87a-7d70a13c48f4 None None] Ext name="QoS minimum packet rate rule" alias="qos-pps-minimum" description="Allow to configure QoS minimum packet rate rule." updated="2021-07-14T10:00:00-00:00" {{(pid=102169) _check_extension /opt/stack/neutron/neutron/api/extensions.py:415}}
Apr 02 13:04:28.902482 np0000162925 devstack@neutron-api.service[102168]: DEBUG neutron.db.servicetype_db [None req-ae51b7f4-0c0a-4077-97f5-e48e789db4f8 None None] Adding provider configuration for service L3_ROUTER_NAT {{(pid=102168) add_provider_configuration /opt/stack/neutron/neutron/db/servicetype_db.py:42}}
Apr 02 13:04:28.902511 np0000162925 devstack@neutron-api.service[102170]: INFO neutron.api.extensions [None req-3249b6c9-b8c8-4611-a9ef-825c2b54dd49 None None] Loaded extension: tag-creation
Apr 02 13:04:28.902562 np0000162925 devstack@neutron-api.service[102170]: DEBUG neutron.api.extensions [None req-3249b6c9-b8c8-4611-a9ef-825c2b54dd49 None None] Loading extension file: tag_ports_during_bulk_creation.py {{(pid=102170) _load_all_extensions_from_path /opt/stack/neutron/neutron/api/extensions.py:449}}
Apr 02 13:04:28.902646 np0000162925 devstack@neutron-api.service[102169]: INFO neutron.api.extensions [None req-b139fead-8569-4d40-b87a-7d70a13c48f4 None None] Extension qos-pps-minimum not supported by any of loaded plugins
Apr 02 13:04:28.902716 np0000162925 devstack@neutron-api.service[102169]: DEBUG neutron.api.extensions [None req-b139fead-8569-4d40-b87a-7d70a13c48f4 None None] Loading extension file: qos_pps_minimum_rule_alias.py {{(pid=102169) _load_all_extensions_from_path /opt/stack/neutron/neutron/api/extensions.py:449}}
Apr 02 13:04:28.902792 np0000162925 devstack@neutron-api.service[102170]: DEBUG neutron.api.extensions [None req-3249b6c9-b8c8-4611-a9ef-825c2b54dd49 None None] Ext name="Tag Ports During Bulk Creation" alias="tag-ports-during-bulk-creation" description="Allow to tag ports during bulk creation" updated="2019-12-29T19:00:00-00:00" {{(pid=102170) _check_extension /opt/stack/neutron/neutron/api/extensions.py:415}}
Apr 02 13:04:28.902986 np0000162925 devstack@neutron-api.service[102170]: INFO neutron.api.extensions [None req-3249b6c9-b8c8-4611-a9ef-825c2b54dd49 None None] Extension tag-ports-during-bulk-creation not supported by any of loaded plugins
Apr 02 13:04:28.903059 np0000162925 devstack@neutron-api.service[102169]: DEBUG neutron.api.extensions [None req-b139fead-8569-4d40-b87a-7d70a13c48f4 None None] Ext name="QoS minimum packet rate rule alias" alias="qos-pps-minimum-rule-alias" description="API to enable GET, PUT and DELETE operations on QoS minimum packet rate rule without specifying policy ID" updated="2021-10-22T10:00:00-00:00" {{(pid=102169) _check_extension /opt/stack/neutron/neutron/api/extensions.py:415}}
Apr 02 13:04:28.903114 np0000162925 devstack@neutron-api.service[102170]: DEBUG neutron.api.extensions [None req-3249b6c9-b8c8-4611-a9ef-825c2b54dd49 None None] Loading extension file: tagging.py {{(pid=102170) _load_all_extensions_from_path /opt/stack/neutron/neutron/api/extensions.py:449}}
Apr 02 13:04:28.903199 np0000162925 devstack@neutron-api.service[102169]: INFO neutron.api.extensions [None req-b139fead-8569-4d40-b87a-7d70a13c48f4 None None] Extension qos-pps-minimum-rule-alias not supported by any of loaded plugins
Apr 02 13:04:28.903304 np0000162925 devstack@neutron-api.service[102169]: DEBUG neutron.api.extensions [None req-b139fead-8569-4d40-b87a-7d70a13c48f4 None None] Loading extension file: qos_pps_rule.py {{(pid=102169) _load_all_extensions_from_path /opt/stack/neutron/neutron/api/extensions.py:449}}
Apr 02 13:04:28.903574 np0000162925 devstack@neutron-api.service[102169]: DEBUG neutron.api.extensions [None req-b139fead-8569-4d40-b87a-7d70a13c48f4 None None] Ext name="QoS Rule Type Packet per Second Extension" alias="qos-pps" description="Add QoS Rule Type Packet per Second" updated="2021-05-12T10:00:00-00:00" {{(pid=102169) _check_extension /opt/stack/neutron/neutron/api/extensions.py:415}}
Apr 02 13:04:28.903751 np0000162925 devstack@neutron-api.service[102169]: INFO neutron.api.extensions [None req-b139fead-8569-4d40-b87a-7d70a13c48f4 None None] Extension qos-pps not supported by any of loaded plugins
Apr 02 13:04:28.903792 np0000162925 devstack@neutron-api.service[102170]: DEBUG neutron.api.extensions [None req-3249b6c9-b8c8-4611-a9ef-825c2b54dd49 None None] Ext name="Tag support for resources with standard attribute: port, subnet, subnetpool, network, security_group, router, floatingip, policy, trunk, network_segment_range" alias="standard-attr-tag" description="Enables to set tag on resources with standard attribute." updated="2017-01-01T00:00:00-00:00" {{(pid=102170) _check_extension /opt/stack/neutron/neutron/api/extensions.py:415}}
Apr 02 13:04:28.903854 np0000162925 devstack@neutron-api.service[102168]: DEBUG neutron_lib.callbacks.manager [None req-ae51b7f4-0c0a-4077-97f5-e48e789db4f8 None None] Subscribe: > router precommit_create 55549900, False {{(pid=102168) subscribe /opt/stack/data/venv/lib/python3.12/site-packages/neutron_lib/callbacks/manager.py:52}}
Apr 02 13:04:28.903891 np0000162925 devstack@neutron-api.service[102169]: DEBUG neutron.api.extensions [None req-b139fead-8569-4d40-b87a-7d70a13c48f4 None None] Loading extension file: qos_rule_type_details.py {{(pid=102169) _load_all_extensions_from_path /opt/stack/neutron/neutron/api/extensions.py:449}}
Apr 02 13:04:28.903960 np0000162925 devstack@neutron-api.service[102168]: DEBUG neutron_lib.callbacks.manager [None req-ae51b7f4-0c0a-4077-97f5-e48e789db4f8 None None] Subscribe: > router_interface after_create 55550000, False {{(pid=102168) subscribe /opt/stack/data/venv/lib/python3.12/site-packages/neutron_lib/callbacks/manager.py:52}}
Apr 02 13:04:28.904099 np0000162925 devstack@neutron-api.service[102170]: INFO neutron.api.extensions [None req-3249b6c9-b8c8-4611-a9ef-825c2b54dd49 None None] Loaded extension: standard-attr-tag
Apr 02 13:04:28.904137 np0000162925 devstack@neutron-api.service[102168]: DEBUG neutron_lib.callbacks.manager [None req-ae51b7f4-0c0a-4077-97f5-e48e789db4f8 None None] Subscribe: > floatingip after_create 55550000, False {{(pid=102168) subscribe /opt/stack/data/venv/lib/python3.12/site-packages/neutron_lib/callbacks/manager.py:52}}
Apr 02 13:04:28.904164 np0000162925 devstack@neutron-api.service[102170]: DEBUG neutron.api.extensions [None req-3249b6c9-b8c8-4611-a9ef-825c2b54dd49 None None] Loading extension file: timestamp.py {{(pid=102170) _load_all_extensions_from_path /opt/stack/neutron/neutron/api/extensions.py:449}}
Apr 02 13:04:28.904188 np0000162925 devstack@neutron-api.service[102168]: DEBUG neutron_lib.callbacks.manager [None req-ae51b7f4-0c0a-4077-97f5-e48e789db4f8 None None] Subscribe: > floatingip precommit_create 55550000, False {{(pid=102168) subscribe /opt/stack/data/venv/lib/python3.12/site-packages/neutron_lib/callbacks/manager.py:52}}
Apr 02 13:04:28.904214 np0000162925 devstack@neutron-api.service[102169]: DEBUG neutron.api.extensions [None req-b139fead-8569-4d40-b87a-7d70a13c48f4 None None] Ext name="Details of QoS rule types" alias="qos-rule-type-details" description="Expose details about QoS rule types supported by loaded backend drivers" updated="2017-06-22T10:00:00-00:00" {{(pid=102169) _check_extension /opt/stack/neutron/neutron/api/extensions.py:415}}
Apr 02 13:04:28.904240 np0000162925 devstack@neutron-api.service[102168]: DEBUG neutron_lib.callbacks.manager [None req-ae51b7f4-0c0a-4077-97f5-e48e789db4f8 None None] Subscribe: > floatingip precommit_update 55550000, False {{(pid=102168) subscribe /opt/stack/data/venv/lib/python3.12/site-packages/neutron_lib/callbacks/manager.py:52}}
Apr 02 13:04:28.904334 np0000162925 devstack@neutron-api.service[102170]: DEBUG neutron.api.extensions [None req-3249b6c9-b8c8-4611-a9ef-825c2b54dd49 None None] Ext name="Resource timestamps" alias="standard-attr-timestamp" description="Adds created_at and updated_at fields to all Neutron resources that have Neutron standard attributes." updated="2016-09-12T10:00:00-00:00" {{(pid=102170) _check_extension /opt/stack/neutron/neutron/api/extensions.py:415}}
Apr 02 13:04:28.904367 np0000162925 devstack@neutron-api.service[102168]: DEBUG neutron_lib.callbacks.manager [None req-ae51b7f4-0c0a-4077-97f5-e48e789db4f8 None None] Subscribe: > floatingip after_delete 55550000, False {{(pid=102168) subscribe /opt/stack/data/venv/lib/python3.12/site-packages/neutron_lib/callbacks/manager.py:52}}
Apr 02 13:04:28.904396 np0000162925 devstack@neutron-api.service[102169]: INFO neutron.api.extensions [None req-b139fead-8569-4d40-b87a-7d70a13c48f4 None None] Extension qos-rule-type-details not supported by any of loaded plugins
Apr 02 13:04:28.904441 np0000162925 devstack@neutron-api.service[102168]: DEBUG neutron_lib.callbacks.manager [None req-ae51b7f4-0c0a-4077-97f5-e48e789db4f8 None None] Subscribe: > floatingip after_status_update 55550000, False {{(pid=102168) subscribe /opt/stack/data/venv/lib/python3.12/site-packages/neutron_lib/callbacks/manager.py:52}}
Apr 02 13:04:28.904471 np0000162925 devstack@neutron-api.service[102169]: DEBUG neutron.api.extensions [None req-b139fead-8569-4d40-b87a-7d70a13c48f4 None None] Loading extension file: qos_rule_type_filter.py {{(pid=102169) _load_all_extensions_from_path /opt/stack/neutron/neutron/api/extensions.py:449}}
Apr 02 13:04:28.904496 np0000162925 devstack@neutron-api.service[102170]: INFO neutron.api.extensions [None req-3249b6c9-b8c8-4611-a9ef-825c2b54dd49 None None] Loaded extension: standard-attr-timestamp
Apr 02 13:04:28.904541 np0000162925 devstack@neutron-api.service[102168]: DEBUG neutron_lib.callbacks.manager [None req-ae51b7f4-0c0a-4077-97f5-e48e789db4f8 None None] Subscribe: > floatingip after_update 55550000, False {{(pid=102168) subscribe /opt/stack/data/venv/lib/python3.12/site-packages/neutron_lib/callbacks/manager.py:52}}
Apr 02 13:04:28.904873 np0000162925 devstack@neutron-api.service[102170]: DEBUG neutron.api.extensions [None req-3249b6c9-b8c8-4611-a9ef-825c2b54dd49 None None] Loading extension file: trunk.py {{(pid=102170) _load_all_extensions_from_path /opt/stack/neutron/neutron/api/extensions.py:449}}
Apr 02 13:04:28.904923 np0000162925 devstack@neutron-api.service[102168]: DEBUG neutron_lib.callbacks.manager [None req-ae51b7f4-0c0a-4077-97f5-e48e789db4f8 None None] Subscribe: > port_forwarding after_create 55550000, False {{(pid=102168) subscribe /opt/stack/data/venv/lib/python3.12/site-packages/neutron_lib/callbacks/manager.py:52}}
Apr 02 13:04:28.904966 np0000162925 devstack@neutron-api.service[102169]: DEBUG neutron.api.extensions [None req-b139fead-8569-4d40-b87a-7d70a13c48f4 None None] Ext name="Allow to filter the list of QoS rule types" alias="qos-rule-type-filter" description="Allows to filter the QoS rule type list adding two new flags. "all_rules" prints all implemented QoS rule types."all_supported" prints all supported QoS rule types by the loaded mechanism drivers" updated="2022-02-02T10:00:00-00:00" {{(pid=102169) _check_extension /opt/stack/neutron/neutron/api/extensions.py:415}}
Apr 02 13:04:28.905037 np0000162925 devstack@neutron-api.service[102168]: DEBUG neutron_lib.callbacks.manager [None req-ae51b7f4-0c0a-4077-97f5-e48e789db4f8 None None] Subscribe: > router_interface after_delete 55550000, False {{(pid=102168) subscribe /opt/stack/data/venv/lib/python3.12/site-packages/neutron_lib/callbacks/manager.py:52}}
Apr 02 13:04:28.905076 np0000162925 devstack@neutron-api.service[102170]: DEBUG neutron.api.extensions [None req-3249b6c9-b8c8-4611-a9ef-825c2b54dd49 None None] Ext name="Trunk Extension" alias="trunk" description="Provides support for trunk ports" updated="2016-01-01T10:00:00-00:00" {{(pid=102170) _check_extension /opt/stack/neutron/neutron/api/extensions.py:415}}
Apr 02 13:04:28.905104 np0000162925 devstack@neutron-api.service[102168]: DEBUG neutron_lib.callbacks.manager [None req-ae51b7f4-0c0a-4077-97f5-e48e789db4f8 None None] Subscribe: > router after_create 55550000, False {{(pid=102168) subscribe /opt/stack/data/venv/lib/python3.12/site-packages/neutron_lib/callbacks/manager.py:52}}
Apr 02 13:04:28.905143 np0000162925 devstack@neutron-api.service[102169]: INFO neutron.api.extensions [None req-b139fead-8569-4d40-b87a-7d70a13c48f4 None None] Extension qos-rule-type-filter not supported by any of loaded plugins
Apr 02 13:04:28.905143 np0000162925 devstack@neutron-api.service[102169]: DEBUG neutron.api.extensions [None req-b139fead-8569-4d40-b87a-7d70a13c48f4 None None] Loading extension file: qos_rules_alias.py {{(pid=102169) _load_all_extensions_from_path /opt/stack/neutron/neutron/api/extensions.py:449}}
Apr 02 13:04:28.905201 np0000162925 devstack@neutron-api.service[102168]: DEBUG neutron_lib.callbacks.manager [None req-ae51b7f4-0c0a-4077-97f5-e48e789db4f8 None None] Subscribe: > router precommit_create 55550000, False {{(pid=102168) subscribe /opt/stack/data/venv/lib/python3.12/site-packages/neutron_lib/callbacks/manager.py:52}}
Apr 02 13:04:28.905229 np0000162925 devstack@neutron-api.service[102170]: INFO neutron.api.extensions [None req-3249b6c9-b8c8-4611-a9ef-825c2b54dd49 None None] Extension trunk not supported by any of loaded plugins
Apr 02 13:04:28.905255 np0000162925 devstack@neutron-api.service[102168]: DEBUG neutron_lib.callbacks.manager [None req-ae51b7f4-0c0a-4077-97f5-e48e789db4f8 None None] Subscribe: > router after_delete 55550000, False {{(pid=102168) subscribe /opt/stack/data/venv/lib/python3.12/site-packages/neutron_lib/callbacks/manager.py:52}}
Apr 02 13:04:28.905279 np0000162925 devstack@neutron-api.service[102170]: DEBUG neutron.api.extensions [None req-3249b6c9-b8c8-4611-a9ef-825c2b54dd49 None None] Loading extension file: trunk_details.py {{(pid=102170) _load_all_extensions_from_path /opt/stack/neutron/neutron/api/extensions.py:449}}
Apr 02 13:04:28.905304 np0000162925 devstack@neutron-api.service[102168]: DEBUG neutron_lib.callbacks.manager [None req-ae51b7f4-0c0a-4077-97f5-e48e789db4f8 None None] Subscribe: > router after_update 55550000, False {{(pid=102168) subscribe /opt/stack/data/venv/lib/python3.12/site-packages/neutron_lib/callbacks/manager.py:52}}
Apr 02 13:04:28.905330 np0000162925 devstack@neutron-api.service[102169]: DEBUG neutron.api.extensions [None req-b139fead-8569-4d40-b87a-7d70a13c48f4 None None] Ext name="Quality of Service rules alias API" alias="qos-rules-alias" description="API to enable GET, PUT and DELETE operations on QoS policy rules without specifying policy ID" updated="2018-10-07T10:00:00-00:00" {{(pid=102169) _check_extension /opt/stack/neutron/neutron/api/extensions.py:415}}
Apr 02 13:04:28.905360 np0000162925 devstack@neutron-api.service[102168]: DEBUG neutron.services.service_base [None req-ae51b7f4-0c0a-4077-97f5-e48e789db4f8 None None] Loaded 'neutron.services.ovn_l3.service_providers.ovn.OvnDriver' provider for service L3_ROUTER_NAT {{(pid=102168) load_drivers /opt/stack/neutron/neutron/services/service_base.py:49}}
Apr 02 13:04:28.905438 np0000162925 devstack@neutron-api.service[102170]: DEBUG neutron.api.extensions [None req-3249b6c9-b8c8-4611-a9ef-825c2b54dd49 None None] Ext name="Trunk port details" alias="trunk-details" description="Expose trunk port details" updated="2016-01-01T10:00:00-00:00" {{(pid=102170) _check_extension /opt/stack/neutron/neutron/api/extensions.py:415}}
Apr 02 13:04:28.905470 np0000162925 devstack@neutron-api.service[102168]: DEBUG neutron_lib.callbacks.manager [None req-ae51b7f4-0c0a-4077-97f5-e48e789db4f8 None None] Subscribe: > process after_init 55550001, True {{(pid=102168) subscribe /opt/stack/data/venv/lib/python3.12/site-packages/neutron_lib/callbacks/manager.py:52}}
Apr 02 13:04:28.905495 np0000162925 devstack@neutron-api.service[102169]: INFO neutron.api.extensions [None req-b139fead-8569-4d40-b87a-7d70a13c48f4 None None] Extension qos-rules-alias not supported by any of loaded plugins
Apr 02 13:04:28.905522 np0000162925 devstack@neutron-api.service[102170]: INFO neutron.api.extensions [None req-3249b6c9-b8c8-4611-a9ef-825c2b54dd49 None None] Extension trunk-details not supported by any of loaded plugins
Apr 02 13:04:28.905548 np0000162925 devstack@neutron-api.service[102169]: DEBUG neutron.api.extensions [None req-b139fead-8569-4d40-b87a-7d70a13c48f4 None None] Loading extension file: quota_check_limit.py {{(pid=102169) _load_all_extensions_from_path /opt/stack/neutron/neutron/api/extensions.py:449}}
Apr 02 13:04:28.905578 np0000162925 devstack@neutron-api.service[102168]: DEBUG neutron.manager [None req-ae51b7f4-0c0a-4077-97f5-e48e789db4f8 None None] Successfully loaded L3_ROUTER_NAT plugin. Description: L3 Router Service Plugin for basic L3 forwarding using OVN {{(pid=102168) _create_and_add_service_plugin /opt/stack/neutron/neutron/manager.py:239}}
Apr 02 13:04:28.905610 np0000162925 devstack@neutron-api.service[102170]: DEBUG neutron.api.extensions [None req-3249b6c9-b8c8-4611-a9ef-825c2b54dd49 None None] Loading extension file: uplink_status_propagation.py {{(pid=102170) _load_all_extensions_from_path /opt/stack/neutron/neutron/api/extensions.py:449}}
Apr 02 13:04:28.905638 np0000162925 devstack@neutron-api.service[102168]: INFO neutron.manager [None req-ae51b7f4-0c0a-4077-97f5-e48e789db4f8 None None] Loading Plugin: auto_allocate
Apr 02 13:04:28.905755 np0000162925 devstack@neutron-api.service[102169]: DEBUG neutron.api.extensions [None req-b139fead-8569-4d40-b87a-7d70a13c48f4 None None] Ext name="Quota engine limit check" alias="quota-check-limit" description="Support for checking the resource usage before applying a new quota limit" updated="2021-09-08T16:00:00-00:00" {{(pid=102169) _check_extension /opt/stack/neutron/neutron/api/extensions.py:415}}
Apr 02 13:04:28.905789 np0000162925 devstack@neutron-api.service[102170]: DEBUG neutron.api.extensions [None req-3249b6c9-b8c8-4611-a9ef-825c2b54dd49 None None] Ext name="Uplink status propagation extension" alias="uplink-status-propagation" description="Provides ability to propagate port uplink status." updated="2018-05-31T18:00:00-00:00" {{(pid=102170) _check_extension /opt/stack/neutron/neutron/api/extensions.py:415}}
Apr 02 13:04:28.905929 np0000162925 devstack@neutron-api.service[102169]: INFO neutron.api.extensions [None req-b139fead-8569-4d40-b87a-7d70a13c48f4 None None] Loaded extension: quota-check-limit
Apr 02 13:04:28.905981 np0000162925 devstack@neutron-api.service[102170]: INFO neutron.api.extensions [None req-3249b6c9-b8c8-4611-a9ef-825c2b54dd49 None None] Extension uplink-status-propagation not supported by any of loaded plugins
Apr 02 13:04:28.906029 np0000162925 devstack@neutron-api.service[102169]: DEBUG neutron.api.extensions [None req-b139fead-8569-4d40-b87a-7d70a13c48f4 None None] Loading extension file: quota_check_limit_default.py {{(pid=102169) _load_all_extensions_from_path /opt/stack/neutron/neutron/api/extensions.py:449}}
Apr 02 13:04:28.906077 np0000162925 devstack@neutron-api.service[102170]: DEBUG neutron.api.extensions [None req-3249b6c9-b8c8-4611-a9ef-825c2b54dd49 None None] Loading extension file: uplink_status_propagation_updatable.py {{(pid=102170) _load_all_extensions_from_path /opt/stack/neutron/neutron/api/extensions.py:449}}
Apr 02 13:04:28.906279 np0000162925 devstack@neutron-api.service[102170]: DEBUG neutron.api.extensions [None req-3249b6c9-b8c8-4611-a9ef-825c2b54dd49 None None] Ext name="Uplink status propagation updatable extension" alias="uplink-status-propagation-updatable" description="Provides ability to update the port uplink status." updated="2024-09-03T18:00:00-00:00" {{(pid=102170) _check_extension /opt/stack/neutron/neutron/api/extensions.py:415}}
Apr 02 13:04:28.906320 np0000162925 devstack@neutron-api.service[102169]: DEBUG neutron.api.extensions [None req-b139fead-8569-4d40-b87a-7d70a13c48f4 None None] Ext name="Quota engine limit check by default" alias="quota-check-limit-default" description="By default, the Neutron quota engine checks the resource usage before applying a new quota limit" updated="2024-08-21T16:00:00-00:00" {{(pid=102169) _check_extension /opt/stack/neutron/neutron/api/extensions.py:415}}
Apr 02 13:04:28.906447 np0000162925 devstack@neutron-api.service[102170]: INFO neutron.api.extensions [None req-3249b6c9-b8c8-4611-a9ef-825c2b54dd49 None None] Extension uplink-status-propagation-updatable not supported by any of loaded plugins
Apr 02 13:04:28.906492 np0000162925 devstack@neutron-api.service[102169]: INFO neutron.api.extensions [None req-b139fead-8569-4d40-b87a-7d70a13c48f4 None None] Loaded extension: quota-check-limit-default
Apr 02 13:04:28.906548 np0000162925 devstack@neutron-api.service[102170]: DEBUG neutron.api.extensions [None req-3249b6c9-b8c8-4611-a9ef-825c2b54dd49 None None] Loading extension file: vlantransparent.py {{(pid=102170) _load_all_extensions_from_path /opt/stack/neutron/neutron/api/extensions.py:449}}
Apr 02 13:04:28.906578 np0000162925 devstack@neutron-api.service[102169]: DEBUG neutron.api.extensions [None req-b139fead-8569-4d40-b87a-7d70a13c48f4 None None] Loading extension file: quotasv2.py {{(pid=102169) _load_all_extensions_from_path /opt/stack/neutron/neutron/api/extensions.py:449}}
Apr 02 13:04:28.906649 np0000162925 devstack@neutron-api.service[102168]: DEBUG neutron_lib.callbacks.manager [None req-ae51b7f4-0c0a-4077-97f5-e48e789db4f8 None None] Subscribe: network precommit_update 55550000, False {{(pid=102168) subscribe /opt/stack/data/venv/lib/python3.12/site-packages/neutron_lib/callbacks/manager.py:52}}
Apr 02 13:04:28.906780 np0000162925 devstack@neutron-api.service[102170]: DEBUG neutron.api.extensions [None req-3249b6c9-b8c8-4611-a9ef-825c2b54dd49 None None] Ext name="Vlantransparent" alias="vlan-transparent" description="Provides Vlan Transparent Networks" updated="2015-03-23T09:00:00-00:00" {{(pid=102170) _check_extension /opt/stack/neutron/neutron/api/extensions.py:415}}
Apr 02 13:04:28.906817 np0000162925 devstack@neutron-api.service[102168]: DEBUG neutron_lib.callbacks.manager [None req-ae51b7f4-0c0a-4077-97f5-e48e789db4f8 None None] Subscribe: network precommit_create 55550000, False {{(pid=102168) subscribe /opt/stack/data/venv/lib/python3.12/site-packages/neutron_lib/callbacks/manager.py:52}}
Apr 02 13:04:28.906968 np0000162925 devstack@neutron-api.service[102170]: INFO neutron.api.extensions [None req-3249b6c9-b8c8-4611-a9ef-825c2b54dd49 None None] Loaded extension: vlan-transparent
Apr 02 13:04:28.907140 np0000162925 devstack@neutron-api.service[102169]: DEBUG neutron.api.extensions [None req-b139fead-8569-4d40-b87a-7d70a13c48f4 None None] Ext name="Quota management support" alias="quotas" description="Expose functions for quotas management per project" updated="2012-07-29T10:00:00-00:00" {{(pid=102169) _check_extension /opt/stack/neutron/neutron/api/extensions.py:415}}
Apr 02 13:04:28.907182 np0000162925 devstack@neutron-api.service[102168]: DEBUG neutron.manager [None req-ae51b7f4-0c0a-4077-97f5-e48e789db4f8 None None] Successfully loaded auto-allocated-topology plugin. Description: Auto Allocated Topology - aka get me a network. {{(pid=102168) _create_and_add_service_plugin /opt/stack/neutron/neutron/manager.py:239}}
Apr 02 13:04:28.907349 np0000162925 devstack@neutron-api.service[102168]: INFO neutron.manager [None req-ae51b7f4-0c0a-4077-97f5-e48e789db4f8 None None] Loading Plugin: tag
Apr 02 13:04:28.907411 np0000162925 devstack@neutron-api.service[102169]: INFO neutron.api.extensions [None req-b139fead-8569-4d40-b87a-7d70a13c48f4 None None] Loaded extension: quotas
Apr 02 13:04:28.907588 np0000162925 devstack@neutron-api.service[102169]: DEBUG neutron.api.extensions [None req-b139fead-8569-4d40-b87a-7d70a13c48f4 None None] Loading extension file: quotasv2_detail.py {{(pid=102169) _load_all_extensions_from_path /opt/stack/neutron/neutron/api/extensions.py:449}}
Apr 02 13:04:28.907879 np0000162925 devstack@neutron-api.service[102169]: DEBUG neutron.api.extensions [None req-b139fead-8569-4d40-b87a-7d70a13c48f4 None None] Ext name="Quota details management support" alias="quota_details" description="Expose functions for quotas usage statistics per project" updated="2017-02-10T10:00:00-00:00" {{(pid=102169) _check_extension /opt/stack/neutron/neutron/api/extensions.py:415}}
Apr 02 13:04:28.908000 np0000162925 devstack@neutron-api.service[102169]: INFO neutron.api.extensions [None req-b139fead-8569-4d40-b87a-7d70a13c48f4 None None] Loaded extension: quota_details
Apr 02 13:04:28.908094 np0000162925 devstack@neutron-api.service[102169]: DEBUG neutron.api.extensions [None req-b139fead-8569-4d40-b87a-7d70a13c48f4 None None] Loading extension file: rbac.py {{(pid=102169) _load_all_extensions_from_path /opt/stack/neutron/neutron/api/extensions.py:449}}
Apr 02 13:04:28.908600 np0000162925 devstack@neutron-api.service[102169]: DEBUG neutron.api.extensions [None req-b139fead-8569-4d40-b87a-7d70a13c48f4 None None] Ext name="RBAC Policies" alias="rbac-policies" description="Allows creation and modification of policies that control tenant access to resources." updated="2015-06-17T12:15:12-00:00" {{(pid=102169) _check_extension /opt/stack/neutron/neutron/api/extensions.py:415}}
Apr 02 13:04:28.908672 np0000162925 devstack@neutron-api.service[102170]: INFO neutron.quota.resource_registry [None req-3249b6c9-b8c8-4611-a9ef-825c2b54dd49 None None] Creating instance of TrackedResource for resource:network
Apr 02 13:04:28.908801 np0000162925 devstack@neutron-api.service[102169]: INFO neutron.api.extensions [None req-b139fead-8569-4d40-b87a-7d70a13c48f4 None None] Loaded extension: rbac-policies
Apr 02 13:04:28.908880 np0000162925 devstack@neutron-api.service[102170]: INFO neutron.quota.resource_registry [None req-3249b6c9-b8c8-4611-a9ef-825c2b54dd49 None None] Creating instance of TrackedResource for resource:subnet
Apr 02 13:04:28.909174 np0000162925 devstack@neutron-api.service[102169]: DEBUG neutron.api.extensions [None req-b139fead-8569-4d40-b87a-7d70a13c48f4 None None] Loading extension file: rbac_address_group.py {{(pid=102169) _load_all_extensions_from_path /opt/stack/neutron/neutron/api/extensions.py:449}}
Apr 02 13:04:28.909217 np0000162925 devstack@neutron-api.service[102170]: INFO neutron.quota.resource_registry [None req-3249b6c9-b8c8-4611-a9ef-825c2b54dd49 None None] Creating instance of TrackedResource for resource:subnetpool
Apr 02 13:04:28.909217 np0000162925 devstack@neutron-api.service[102170]: INFO neutron.quota.resource_registry [None req-3249b6c9-b8c8-4611-a9ef-825c2b54dd49 None None] Creating instance of TrackedResource for resource:port
Apr 02 13:04:28.909269 np0000162925 devstack@neutron-api.service[102169]: DEBUG neutron.api.extensions [None req-b139fead-8569-4d40-b87a-7d70a13c48f4 None None] Ext name="Add address_group type to RBAC" alias="rbac-address-group" description="Add address_group type to network RBAC" updated="2021-01-20T00:00:00-00:00" {{(pid=102169) _check_extension /opt/stack/neutron/neutron/api/extensions.py:415}}
Apr 02 13:04:28.909347 np0000162925 devstack@neutron-api.service[102169]: INFO neutron.api.extensions [None req-b139fead-8569-4d40-b87a-7d70a13c48f4 None None] Extension rbac-address-group not supported by any of loaded plugins
Apr 02 13:04:28.909471 np0000162925 devstack@neutron-api.service[102169]: DEBUG neutron.api.extensions [None req-b139fead-8569-4d40-b87a-7d70a13c48f4 None None] Loading extension file: rbac_address_scope.py {{(pid=102169) _load_all_extensions_from_path /opt/stack/neutron/neutron/api/extensions.py:449}}
Apr 02 13:04:28.909713 np0000162925 devstack@neutron-api.service[102169]: DEBUG neutron.api.extensions [None req-b139fead-8569-4d40-b87a-7d70a13c48f4 None None] Ext name="Add address_scope type to RBAC" alias="rbac-address-scope" description="Add address_scope type to RBAC" updated="2020-02-12T00:00:00-00:00" {{(pid=102169) _check_extension /opt/stack/neutron/neutron/api/extensions.py:415}}
Apr 02 13:04:28.909887 np0000162925 devstack@neutron-api.service[102169]: INFO neutron.api.extensions [None req-b139fead-8569-4d40-b87a-7d70a13c48f4 None None] Loaded extension: rbac-address-scope
Apr 02 13:04:28.910003 np0000162925 devstack@neutron-api.service[102169]: DEBUG neutron.api.extensions [None req-b139fead-8569-4d40-b87a-7d70a13c48f4 None None] Loading extension file: rbac_security_groups.py {{(pid=102169) _load_all_extensions_from_path /opt/stack/neutron/neutron/api/extensions.py:449}}
Apr 02 13:04:28.910236 np0000162925 devstack@neutron-api.service[102169]: DEBUG neutron.api.extensions [None req-b139fead-8569-4d40-b87a-7d70a13c48f4 None None] Ext name="Add security_group type to network RBAC" alias="rbac-security-groups" description="Add security_group type to network RBAC" updated="2019-02-14T00:00:00-00:00" {{(pid=102169) _check_extension /opt/stack/neutron/neutron/api/extensions.py:415}}
Apr 02 13:04:28.910492 np0000162925 devstack@neutron-api.service[102169]: INFO neutron.api.extensions [None req-b139fead-8569-4d40-b87a-7d70a13c48f4 None None] Loaded extension: rbac-security-groups
Apr 02 13:04:28.910626 np0000162925 devstack@neutron-api.service[102169]: DEBUG neutron.api.extensions [None req-b139fead-8569-4d40-b87a-7d70a13c48f4 None None] Loading extension file: rbac_subnetpool.py {{(pid=102169) _load_all_extensions_from_path /opt/stack/neutron/neutron/api/extensions.py:449}}
Apr 02 13:04:28.910660 np0000162925 devstack@neutron-api.service[102170]: DEBUG neutron.api.v2.resource_helper [None req-3249b6c9-b8c8-4611-a9ef-825c2b54dd49 None None] Service L3_ROUTER_NAT assigned prefix: {{(pid=102170) build_resource_info /opt/stack/neutron/neutron/api/v2/resource_helper.py:77}}
Apr 02 13:04:28.910835 np0000162925 devstack@neutron-api.service[102169]: DEBUG neutron.api.extensions [None req-b139fead-8569-4d40-b87a-7d70a13c48f4 None None] Ext name="Add subnetpool type to RBAC" alias="rbac-subnetpool" description="Add subnetpool type to RBAC" updated="2020-02-05T00:00:00-00:00" {{(pid=102169) _check_extension /opt/stack/neutron/neutron/api/extensions.py:415}}
Apr 02 13:04:28.911018 np0000162925 devstack@neutron-api.service[102170]: DEBUG neutron.api.v2.resource_helper [None req-3249b6c9-b8c8-4611-a9ef-825c2b54dd49 None None] Service FLAVORS assigned prefix: {{(pid=102170) build_resource_info /opt/stack/neutron/neutron/api/v2/resource_helper.py:77}}
Apr 02 13:04:28.911072 np0000162925 devstack@neutron-api.service[102168]: DEBUG neutron.manager [None req-ae51b7f4-0c0a-4077-97f5-e48e789db4f8 None None] Successfully loaded TAG plugin. Description: Tag support {{(pid=102168) _create_and_add_service_plugin /opt/stack/neutron/neutron/manager.py:239}}
Apr 02 13:04:28.911120 np0000162925 devstack@neutron-api.service[102169]: INFO neutron.api.extensions [None req-b139fead-8569-4d40-b87a-7d70a13c48f4 None None] Extension rbac-subnetpool not supported by any of loaded plugins
Apr 02 13:04:28.911120 np0000162925 devstack@neutron-api.service[102169]: DEBUG neutron.api.extensions [None req-b139fead-8569-4d40-b87a-7d70a13c48f4 None None] Loading extension file: revisionifmatch.py {{(pid=102169) _load_all_extensions_from_path /opt/stack/neutron/neutron/api/extensions.py:449}}
Apr 02 13:04:28.911186 np0000162925 devstack@neutron-api.service[102168]: INFO neutron.manager [None req-ae51b7f4-0c0a-4077-97f5-e48e789db4f8 None None] Loading Plugin: timestamp
Apr 02 13:04:28.911396 np0000162925 devstack@neutron-api.service[102169]: DEBUG neutron.api.extensions [None req-b139fead-8569-4d40-b87a-7d70a13c48f4 None None] Ext name="If-Match constraints based on revision_number" alias="revision-if-match" description="Extension indicating that If-Match based on revision_number is supported." updated="2016-12-11T00:00:00-00:00" {{(pid=102169) _check_extension /opt/stack/neutron/neutron/api/extensions.py:415}}
Apr 02 13:04:28.911538 np0000162925 devstack@neutron-api.service[102169]: INFO neutron.api.extensions [None req-b139fead-8569-4d40-b87a-7d70a13c48f4 None None] Loaded extension: revision-if-match
Apr 02 13:04:28.911657 np0000162925 devstack@neutron-api.service[102169]: DEBUG neutron.api.extensions [None req-b139fead-8569-4d40-b87a-7d70a13c48f4 None None] Loading extension file: revisions.py {{(pid=102169) _load_all_extensions_from_path /opt/stack/neutron/neutron/api/extensions.py:449}}
Apr 02 13:04:28.911871 np0000162925 devstack@neutron-api.service[102169]: DEBUG neutron.api.extensions [None req-b139fead-8569-4d40-b87a-7d70a13c48f4 None None] Ext name="Resource revision numbers" alias="standard-attr-revisions" description="This extension will display the revision number of neutron resources." updated="2016-04-11T10:00:00-00:00" {{(pid=102169) _check_extension /opt/stack/neutron/neutron/api/extensions.py:415}}
Apr 02 13:04:28.911934 np0000162925 devstack@neutron-api.service[102170]: DEBUG neutron.api.v2.resource_helper [None req-3249b6c9-b8c8-4611-a9ef-825c2b54dd49 None None] Service L3_ROUTER_NAT assigned prefix: {{(pid=102170) build_resource_info /opt/stack/neutron/neutron/api/v2/resource_helper.py:77}}
Apr 02 13:04:28.912063 np0000162925 devstack@neutron-api.service[102169]: INFO neutron.api.extensions [None req-b139fead-8569-4d40-b87a-7d70a13c48f4 None None] Loaded extension: standard-attr-revisions
Apr 02 13:04:28.912160 np0000162925 devstack@neutron-api.service[102169]: DEBUG neutron.api.extensions [None req-b139fead-8569-4d40-b87a-7d70a13c48f4 None None] Loading extension file: router_availability_zone.py {{(pid=102169) _load_all_extensions_from_path /opt/stack/neutron/neutron/api/extensions.py:449}}
Apr 02 13:04:28.912249 np0000162925 devstack@neutron-api.service[102170]: DEBUG neutron.api.v2.resource_helper [None req-3249b6c9-b8c8-4611-a9ef-825c2b54dd49 None None] Service L3_ROUTER_NAT assigned prefix: {{(pid=102170) build_resource_info /opt/stack/neutron/neutron/api/v2/resource_helper.py:77}}
Apr 02 13:04:28.912377 np0000162925 devstack@neutron-api.service[102170]: INFO neutron.quota.resource_registry [None req-3249b6c9-b8c8-4611-a9ef-825c2b54dd49 None None] Creating instance of TrackedResource for resource:router
Apr 02 13:04:28.912419 np0000162925 devstack@neutron-api.service[102169]: DEBUG neutron.api.extensions [None req-b139fead-8569-4d40-b87a-7d70a13c48f4 None None] Ext name="Router Availability Zone" alias="router_availability_zone" description="Availability zone support for router." updated="2015-01-01T10:00:00-00:00" {{(pid=102169) _check_extension /opt/stack/neutron/neutron/api/extensions.py:415}}
Apr 02 13:04:28.912569 np0000162925 devstack@neutron-api.service[102168]: DEBUG neutron.manager [None req-ae51b7f4-0c0a-4077-97f5-e48e789db4f8 None None] Successfully loaded timestamp plugin. Description: Adds timestamps to Neutron resources with standard attributes {{(pid=102168) _create_and_add_service_plugin /opt/stack/neutron/neutron/manager.py:239}}
Apr 02 13:04:28.912601 np0000162925 devstack@neutron-api.service[102169]: INFO neutron.api.extensions [None req-b139fead-8569-4d40-b87a-7d70a13c48f4 None None] Loaded extension: router_availability_zone
Apr 02 13:04:28.912679 np0000162925 devstack@neutron-api.service[102169]: DEBUG neutron.api.extensions [None req-b139fead-8569-4d40-b87a-7d70a13c48f4 None None] Loading extension file: router_enable_snat.py {{(pid=102169) _load_all_extensions_from_path /opt/stack/neutron/neutron/api/extensions.py:449}}
Apr 02 13:04:28.912755 np0000162925 devstack@neutron-api.service[102168]: INFO neutron.manager [None req-ae51b7f4-0c0a-4077-97f5-e48e789db4f8 None None] Loading Plugin: network_ip_availability
Apr 02 13:04:28.912787 np0000162925 devstack@neutron-api.service[102170]: INFO neutron.quota.resource_registry [None req-3249b6c9-b8c8-4611-a9ef-825c2b54dd49 None None] Creating instance of TrackedResource for resource:floatingip
Apr 02 13:04:28.912910 np0000162925 devstack@neutron-api.service[102169]: DEBUG neutron.api.extensions [None req-b139fead-8569-4d40-b87a-7d70a13c48f4 None None] Ext name="Exposes the router "enable_snat" read-only configuration flag" alias="router-enable-snat" description="Exposes the router "enable_snat" read-only configuration flag" updated="2025-09-18T18:00:00-00:00" {{(pid=102169) _check_extension /opt/stack/neutron/neutron/api/extensions.py:415}}
Apr 02 13:04:28.913175 np0000162925 devstack@neutron-api.service[102169]: INFO neutron.api.extensions [None req-b139fead-8569-4d40-b87a-7d70a13c48f4 None None] Loaded extension: router-enable-snat
Apr 02 13:04:28.913175 np0000162925 devstack@neutron-api.service[102169]: DEBUG neutron.api.extensions [None req-b139fead-8569-4d40-b87a-7d70a13c48f4 None None] Loading extension file: routerservicetype.py {{(pid=102169) _load_all_extensions_from_path /opt/stack/neutron/neutron/api/extensions.py:449}}
Apr 02 13:04:28.913407 np0000162925 devstack@neutron-api.service[102169]: DEBUG neutron.api.extensions [None req-b139fead-8569-4d40-b87a-7d70a13c48f4 None None] Ext name="Router Service Type" alias="router-service-type" description="Provides router service type" updated="2013-01-29T00:00:00-00:00" {{(pid=102169) _check_extension /opt/stack/neutron/neutron/api/extensions.py:415}}
Apr 02 13:04:28.913573 np0000162925 devstack@neutron-api.service[102169]: INFO neutron.api.extensions [None req-b139fead-8569-4d40-b87a-7d70a13c48f4 None None] Extension router-service-type not supported by any of loaded plugins
Apr 02 13:04:28.913666 np0000162925 devstack@neutron-api.service[102169]: DEBUG neutron.api.extensions [None req-b139fead-8569-4d40-b87a-7d70a13c48f4 None None] Loading extension file: security_groups_default_rules.py {{(pid=102169) _load_all_extensions_from_path /opt/stack/neutron/neutron/api/extensions.py:449}}
Apr 02 13:04:28.913863 np0000162925 devstack@neutron-api.service[102170]: INFO neutron.quota.resource_registry [None req-3249b6c9-b8c8-4611-a9ef-825c2b54dd49 None None] Creating instance of CountableResource for resource:rbac_policy
Apr 02 13:04:28.914137 np0000162925 devstack@neutron-api.service[102169]: DEBUG neutron.api.extensions [None req-b139fead-8569-4d40-b87a-7d70a13c48f4 None None] Ext name="Default rules for security groups" alias="security-groups-default-rules" description="Configure set of security group rules used as default rules for every new security group" updated="2022-12-19T10:00:00-00:00" {{(pid=102169) _check_extension /opt/stack/neutron/neutron/api/extensions.py:415}}
Apr 02 13:04:28.914311 np0000162925 devstack@neutron-api.service[102169]: INFO neutron.api.extensions [None req-b139fead-8569-4d40-b87a-7d70a13c48f4 None None] Loaded extension: security-groups-default-rules
Apr 02 13:04:28.914384 np0000162925 devstack@neutron-api.service[102170]: INFO neutron.quota.resource_registry [None req-3249b6c9-b8c8-4611-a9ef-825c2b54dd49 None None] Creating instance of TrackedResource for resource:security_group
Apr 02 13:04:28.914416 np0000162925 devstack@neutron-api.service[102169]: DEBUG neutron.api.extensions [None req-b139fead-8569-4d40-b87a-7d70a13c48f4 None None] Loading extension file: security_groups_normalized_cidr.py {{(pid=102169) _load_all_extensions_from_path /opt/stack/neutron/neutron/api/extensions.py:449}}
Apr 02 13:04:28.914619 np0000162925 devstack@neutron-api.service[102168]: DEBUG neutron.manager [None req-ae51b7f4-0c0a-4077-97f5-e48e789db4f8 None None] Successfully loaded network-ip-availability plugin. Description: Provides IP availability data for each network and subnet. {{(pid=102168) _create_and_add_service_plugin /opt/stack/neutron/neutron/manager.py:239}}
Apr 02 13:04:28.914657 np0000162925 devstack@neutron-api.service[102169]: DEBUG neutron.api.extensions [None req-b139fead-8569-4d40-b87a-7d70a13c48f4 None None] Ext name="Normalized CIDR field for security group rules" alias="security-groups-normalized-cidr" description="Add new field with normalized remote_ip_prefix cidr in SG rule" updated="2020-07-28T10:00:00-00:00" {{(pid=102169) _check_extension /opt/stack/neutron/neutron/api/extensions.py:415}}
Apr 02 13:04:28.914744 np0000162925 devstack@neutron-api.service[102168]: INFO neutron.manager [None req-ae51b7f4-0c0a-4077-97f5-e48e789db4f8 None None] Loading Plugin: flavors
Apr 02 13:04:28.914796 np0000162925 devstack@neutron-api.service[102169]: INFO neutron.api.extensions [None req-b139fead-8569-4d40-b87a-7d70a13c48f4 None None] Loaded extension: security-groups-normalized-cidr
Apr 02 13:04:28.914851 np0000162925 devstack@neutron-api.service[102170]: INFO neutron.quota.resource_registry [None req-3249b6c9-b8c8-4611-a9ef-825c2b54dd49 None None] Creating instance of TrackedResource for resource:security_group_rule
Apr 02 13:04:28.914880 np0000162925 devstack@neutron-api.service[102169]: DEBUG neutron.api.extensions [None req-b139fead-8569-4d40-b87a-7d70a13c48f4 None None] Loading extension file: security_groups_port_filtering.py {{(pid=102169) _load_all_extensions_from_path /opt/stack/neutron/neutron/api/extensions.py:449}}
Apr 02 13:04:28.915172 np0000162925 devstack@neutron-api.service[102169]: DEBUG neutron.api.extensions [None req-b139fead-8569-4d40-b87a-7d70a13c48f4 None None] Ext name="Port filtering on security groups" alias="port-security-groups-filtering" description="Provides security groups filtering when listing ports" updated="2018-01-09T09:00:00-00:00" {{(pid=102169) _check_extension /opt/stack/neutron/neutron/api/extensions.py:415}}
Apr 02 13:04:28.915374 np0000162925 devstack@neutron-api.service[102169]: INFO neutron.api.extensions [None req-b139fead-8569-4d40-b87a-7d70a13c48f4 None None] Extension port-security-groups-filtering not supported by any of loaded plugins
