Apr 20 18:51:55.460941 np0000168556 devstack@neutron-api.service[104181]: DEBUG ovsdbapp.backend.ovs_idl [None req-fb064fab-6295-4d2b-9197-45644cda88c0 None None] Created schema index Logical_Switch_Port.name {{(pid=104181) autocreate_indices /opt/stack/data/venv/lib/python3.12/site-packages/ovsdbapp/backend/ovs_idl/__init__.py:106}}
Apr 20 18:51:55.462971 np0000168556 devstack@neutron-api.service[104181]: INFO ovsdbapp.backend.ovs_idl.vlog [None req-fb064fab-6295-4d2b-9197-45644cda88c0 None None] ssl:199.204.45.19:6641: connecting...
Apr 20 18:51:55.463242 np0000168556 devstack@neutron-api.service[104179]: DEBUG neutron.common.ovn.hash_ring_manager [None req-c914dbc0-1cc0-4246-992a-5e4563342a2e None None] Hash Ring loaded. 4 active nodes. 0 offline nodes {{(pid=104179) _load_hash_ring /opt/stack/neutron/neutron/common/ovn/hash_ring_manager.py:102}}
Apr 20 18:51:55.463242 np0000168556 devstack@neutron-api.service[104179]: DEBUG neutron.plugins.ml2.drivers.ovn.mech_driver.ovsdb.ovsdb_monitor [None req-c914dbc0-1cc0-4246-992a-5e4563342a2e None None] Hash Ring: Node 5905b878468f5415946f566c2700d185 (host: np0000168556) handling event "create" for row aa71906e-bd00-4f21-8803-80527d3118cd (table: ACL) {{(pid=104179) notify /opt/stack/neutron/neutron/plugins/ml2/drivers/ovn/mech_driver/ovsdb/ovsdb_monitor.py:914}}
Apr 20 18:51:55.463524 np0000168556 devstack@neutron-api.service[104179]: DEBUG neutron.plugins.ml2.drivers.ovn.mech_driver.ovsdb.ovsdb_monitor [None req-c914dbc0-1cc0-4246-992a-5e4563342a2e None None] Hash Ring: Node 5905b878468f5415946f566c2700d185 (host: np0000168556) handling event "create" for row bdc4b018-bec7-467f-9eec-43c182858195 (table: ACL) {{(pid=104179) notify /opt/stack/neutron/neutron/plugins/ml2/drivers/ovn/mech_driver/ovsdb/ovsdb_monitor.py:914}}
Apr 20 18:51:55.464696 np0000168556 devstack@neutron-api.service[104179]: INFO neutron.plugins.ml2.drivers.ovn.mech_driver.ovsdb.impl_idl_ovn [None req-c914dbc0-1cc0-4246-992a-5e4563342a2e None None] Getting OvsdbSbOvnIdl for WorkerService with retry
Apr 20 18:51:55.466400 np0000168556 devstack@neutron-api.service[104182]: DEBUG ovsdbapp.backend.ovs_idl [None req-32c9bdb5-9dfb-4922-9bde-5fd20eee8686 None None] Created lookup_table index Chassis.name {{(pid=104182) autocreate_indices /opt/stack/data/venv/lib/python3.12/site-packages/ovsdbapp/backend/ovs_idl/__init__.py:87}}
Apr 20 18:51:55.466490 np0000168556 devstack@neutron-api.service[104182]: DEBUG ovsdbapp.backend.ovs_idl [None req-32c9bdb5-9dfb-4922-9bde-5fd20eee8686 None None] Created lookup_table index Port_Binding.logical_port {{(pid=104182) autocreate_indices /opt/stack/data/venv/lib/python3.12/site-packages/ovsdbapp/backend/ovs_idl/__init__.py:87}}
Apr 20 18:51:55.466567 np0000168556 devstack@neutron-api.service[104182]: DEBUG ovsdbapp.backend.ovs_idl [None req-32c9bdb5-9dfb-4922-9bde-5fd20eee8686 None None] Created schema index Chassis_Private.name {{(pid=104182) autocreate_indices /opt/stack/data/venv/lib/python3.12/site-packages/ovsdbapp/backend/ovs_idl/__init__.py:106}}
Apr 20 18:51:55.466642 np0000168556 devstack@neutron-api.service[104182]: DEBUG ovsdbapp.backend.ovs_idl [None req-32c9bdb5-9dfb-4922-9bde-5fd20eee8686 None None] Created schema index Datapath_Binding.tunnel_key {{(pid=104182) autocreate_indices /opt/stack/data/venv/lib/python3.12/site-packages/ovsdbapp/backend/ovs_idl/__init__.py:106}}
Apr 20 18:51:55.468129 np0000168556 devstack@neutron-api.service[104181]: INFO ovsdbapp.backend.ovs_idl.vlog [None req-fb064fab-6295-4d2b-9197-45644cda88c0 None None] ssl:199.204.45.19:6641: connected
Apr 20 18:51:55.468498 np0000168556 devstack@neutron-api.service[104182]: INFO ovsdbapp.backend.ovs_idl.vlog [None req-32c9bdb5-9dfb-4922-9bde-5fd20eee8686 None None] ssl:199.204.45.19:6642: connecting...
Apr 20 18:51:55.476412 np0000168556 devstack@neutron-api.service[104182]: INFO ovsdbapp.backend.ovs_idl.vlog [None req-32c9bdb5-9dfb-4922-9bde-5fd20eee8686 None None] ssl:199.204.45.19:6642: connected
Apr 20 18:51:55.500845 np0000168556 devstack@neutron-api.service[104179]: DEBUG ovsdbapp.backend.ovs_idl [None req-c914dbc0-1cc0-4246-992a-5e4563342a2e None None] Created lookup_table index Chassis.name {{(pid=104179) autocreate_indices /opt/stack/data/venv/lib/python3.12/site-packages/ovsdbapp/backend/ovs_idl/__init__.py:87}}
Apr 20 18:51:55.500936 np0000168556 devstack@neutron-api.service[104179]: DEBUG ovsdbapp.backend.ovs_idl [None req-c914dbc0-1cc0-4246-992a-5e4563342a2e None None] Created lookup_table index Port_Binding.logical_port {{(pid=104179) autocreate_indices /opt/stack/data/venv/lib/python3.12/site-packages/ovsdbapp/backend/ovs_idl/__init__.py:87}}
Apr 20 18:51:55.501026 np0000168556 devstack@neutron-api.service[104179]: DEBUG ovsdbapp.backend.ovs_idl [None req-c914dbc0-1cc0-4246-992a-5e4563342a2e None None] Created schema index Chassis_Private.name {{(pid=104179) autocreate_indices /opt/stack/data/venv/lib/python3.12/site-packages/ovsdbapp/backend/ovs_idl/__init__.py:106}}
Apr 20 18:51:55.501131 np0000168556 devstack@neutron-api.service[104179]: DEBUG ovsdbapp.backend.ovs_idl [None req-c914dbc0-1cc0-4246-992a-5e4563342a2e None None] Created schema index Datapath_Binding.tunnel_key {{(pid=104179) autocreate_indices /opt/stack/data/venv/lib/python3.12/site-packages/ovsdbapp/backend/ovs_idl/__init__.py:106}}
Apr 20 18:51:55.502893 np0000168556 devstack@neutron-api.service[104179]: INFO ovsdbapp.backend.ovs_idl.vlog [None req-c914dbc0-1cc0-4246-992a-5e4563342a2e None None] ssl:199.204.45.19:6642: connecting...
Apr 20 18:51:55.503445 np0000168556 devstack@neutron-api.service[104181]: DEBUG neutron.common.ovn.hash_ring_manager [None req-fb064fab-6295-4d2b-9197-45644cda88c0 None None] Allow caching, nodes 4>=4 {{(pid=104181) _wait_startup_before_caching /opt/stack/neutron/neutron/common/ovn/hash_ring_manager.py:65}}
Apr 20 18:51:55.508021 np0000168556 devstack@neutron-api.service[104182]: DEBUG neutron.common.ovn.hash_ring_manager [None req-32c9bdb5-9dfb-4922-9bde-5fd20eee8686 None None] Allow caching, nodes 4>=4 {{(pid=104182) _wait_startup_before_caching /opt/stack/neutron/neutron/common/ovn/hash_ring_manager.py:65}}
Apr 20 18:51:55.508600 np0000168556 devstack@neutron-api.service[104179]: INFO ovsdbapp.backend.ovs_idl.vlog [None req-c914dbc0-1cc0-4246-992a-5e4563342a2e None None] ssl:199.204.45.19:6642: connected
Apr 20 18:51:55.509592 np0000168556 devstack@neutron-api.service[104181]: DEBUG neutron.common.ovn.hash_ring_manager [None req-fb064fab-6295-4d2b-9197-45644cda88c0 None None] Hash Ring loaded. 4 active nodes. 0 offline nodes {{(pid=104181) _load_hash_ring /opt/stack/neutron/neutron/common/ovn/hash_ring_manager.py:102}}
Apr 20 18:51:55.509874 np0000168556 devstack@neutron-api.service[104181]: DEBUG neutron.plugins.ml2.drivers.ovn.mech_driver.ovsdb.ovsdb_monitor [None req-fb064fab-6295-4d2b-9197-45644cda88c0 None None] Hash Ring: Node b3a034e8158057989082841ab884cd62 (host: np0000168556) handling event "create" for row fc2ff43f-df58-4cf0-a0b6-eec34e641812 (table: Connection) {{(pid=104181) notify /opt/stack/neutron/neutron/plugins/ml2/drivers/ovn/mech_driver/ovsdb/ovsdb_monitor.py:914}}
Apr 20 18:51:55.510142 np0000168556 devstack@neutron-api.service[104181]: DEBUG neutron.plugins.ml2.drivers.ovn.mech_driver.ovsdb.ovsdb_monitor [None req-fb064fab-6295-4d2b-9197-45644cda88c0 None None] Hash Ring: Node b3a034e8158057989082841ab884cd62 (host: np0000168556) handling event "create" for row 66de13dd-c79c-49dc-a4b0-501127701a27 (table: Port_Group) {{(pid=104181) notify /opt/stack/neutron/neutron/plugins/ml2/drivers/ovn/mech_driver/ovsdb/ovsdb_monitor.py:914}}
Apr 20 18:51:55.511087 np0000168556 devstack@neutron-api.service[104181]: INFO neutron.plugins.ml2.drivers.ovn.mech_driver.ovsdb.impl_idl_ovn [None req-fb064fab-6295-4d2b-9197-45644cda88c0 None None] Getting OvsdbSbOvnIdl for WorkerService with retry
Apr 20 18:51:55.514531 np0000168556 devstack@neutron-api.service[104182]: DEBUG neutron.common.ovn.hash_ring_manager [None req-32c9bdb5-9dfb-4922-9bde-5fd20eee8686 None None] Hash Ring loaded. 4 active nodes. 0 offline nodes {{(pid=104182) _load_hash_ring /opt/stack/neutron/neutron/common/ovn/hash_ring_manager.py:102}}
Apr 20 18:51:55.514531 np0000168556 devstack@neutron-api.service[104182]: DEBUG neutron.plugins.ml2.drivers.ovn.mech_driver.ovsdb.ovsdb_monitor [None req-32c9bdb5-9dfb-4922-9bde-5fd20eee8686 None None] ChassisAgentWriteEvent : Matched Chassis_Private, create, None None {{(pid=104182) matches /opt/stack/neutron/neutron/plugins/ml2/drivers/ovn/mech_driver/ovsdb/ovsdb_monitor.py:64}}
Apr 20 18:51:55.514894 np0000168556 devstack@neutron-api.service[104182]: DEBUG neutron.plugins.ml2.drivers.ovn.mech_driver.ovsdb.ovsdb_monitor [None req-32c9bdb5-9dfb-4922-9bde-5fd20eee8686 None None] ChassisOVNAgentWriteEvent : Matched Chassis_Private, create, None None {{(pid=104182) matches /opt/stack/neutron/neutron/plugins/ml2/drivers/ovn/mech_driver/ovsdb/ovsdb_monitor.py:64}}
Apr 20 18:51:55.517545 np0000168556 devstack@neutron-api.service[104182]: INFO neutron.plugins.ml2.drivers.ovn.mech_driver.mech_driver [None req-32c9bdb5-9dfb-4922-9bde-5fd20eee8686 None None] WorkerService process has finished the post initialization
Apr 20 18:51:55.519056 np0000168556 devstack@neutron-api.service[104182]: WSGI app 0 (mountpoint='') ready in 7 seconds on interpreter 0x7ed2472a3668 pid: 104182 (default app)
Apr 20 18:51:55.537607 np0000168556 devstack@neutron-api.service[104179]: DEBUG neutron.common.ovn.hash_ring_manager [None req-c914dbc0-1cc0-4246-992a-5e4563342a2e None None] Allow caching, nodes 4>=4 {{(pid=104179) _wait_startup_before_caching /opt/stack/neutron/neutron/common/ovn/hash_ring_manager.py:65}}
Apr 20 18:51:55.542616 np0000168556 devstack@neutron-api.service[104179]: DEBUG neutron.common.ovn.hash_ring_manager [None req-c914dbc0-1cc0-4246-992a-5e4563342a2e None None] Hash Ring loaded. 4 active nodes. 0 offline nodes {{(pid=104179) _load_hash_ring /opt/stack/neutron/neutron/common/ovn/hash_ring_manager.py:102}}
Apr 20 18:51:55.542740 np0000168556 devstack@neutron-api.service[104179]: DEBUG neutron.plugins.ml2.drivers.ovn.mech_driver.ovsdb.ovsdb_monitor [None req-c914dbc0-1cc0-4246-992a-5e4563342a2e None None] ChassisAgentWriteEvent : Matched Chassis_Private, create, None None {{(pid=104179) matches /opt/stack/neutron/neutron/plugins/ml2/drivers/ovn/mech_driver/ovsdb/ovsdb_monitor.py:64}}
Apr 20 18:51:55.542938 np0000168556 devstack@neutron-api.service[104179]: DEBUG neutron.plugins.ml2.drivers.ovn.mech_driver.ovsdb.ovsdb_monitor [None req-c914dbc0-1cc0-4246-992a-5e4563342a2e None None] ChassisOVNAgentWriteEvent : Matched Chassis_Private, create, None None {{(pid=104179) matches /opt/stack/neutron/neutron/plugins/ml2/drivers/ovn/mech_driver/ovsdb/ovsdb_monitor.py:64}}
Apr 20 18:51:55.543221 np0000168556 devstack@neutron-api.service[104179]: DEBUG neutron.plugins.ml2.drivers.ovn.mech_driver.ovsdb.ovsdb_monitor [None req-c914dbc0-1cc0-4246-992a-5e4563342a2e None None] Hash Ring: Node 5905b878468f5415946f566c2700d185 (host: np0000168556) handling event "create" for row 5ceb5b8c-d48b-40d9-b10b-0cedc7fd32de (table: Chassis_Private) {{(pid=104179) notify /opt/stack/neutron/neutron/plugins/ml2/drivers/ovn/mech_driver/ovsdb/ovsdb_monitor.py:914}}
Apr 20 18:51:55.545154 np0000168556 devstack@neutron-api.service[104179]: INFO neutron.plugins.ml2.drivers.ovn.mech_driver.mech_driver [None req-c914dbc0-1cc0-4246-992a-5e4563342a2e None None] WorkerService process has finished the post initialization
Apr 20 18:51:55.546381 np0000168556 devstack@neutron-api.service[104179]: WSGI app 0 (mountpoint='') ready in 7 seconds on interpreter 0x7ed2472a3668 pid: 104179 (default app)
Apr 20 18:51:55.550445 np0000168556 devstack@neutron-api.service[104181]: DEBUG ovsdbapp.backend.ovs_idl [None req-fb064fab-6295-4d2b-9197-45644cda88c0 None None] Created lookup_table index Chassis.name {{(pid=104181) autocreate_indices /opt/stack/data/venv/lib/python3.12/site-packages/ovsdbapp/backend/ovs_idl/__init__.py:87}}
Apr 20 18:51:55.550615 np0000168556 devstack@neutron-api.service[104181]: DEBUG ovsdbapp.backend.ovs_idl [None req-fb064fab-6295-4d2b-9197-45644cda88c0 None None] Created lookup_table index Port_Binding.logical_port {{(pid=104181) autocreate_indices /opt/stack/data/venv/lib/python3.12/site-packages/ovsdbapp/backend/ovs_idl/__init__.py:87}}
Apr 20 18:51:55.550882 np0000168556 devstack@neutron-api.service[104181]: DEBUG ovsdbapp.backend.ovs_idl [None req-fb064fab-6295-4d2b-9197-45644cda88c0 None None] Created schema index Chassis_Private.name {{(pid=104181) autocreate_indices /opt/stack/data/venv/lib/python3.12/site-packages/ovsdbapp/backend/ovs_idl/__init__.py:106}}
Apr 20 18:51:55.551176 np0000168556 devstack@neutron-api.service[104181]: DEBUG ovsdbapp.backend.ovs_idl [None req-fb064fab-6295-4d2b-9197-45644cda88c0 None None] Created schema index Datapath_Binding.tunnel_key {{(pid=104181) autocreate_indices /opt/stack/data/venv/lib/python3.12/site-packages/ovsdbapp/backend/ovs_idl/__init__.py:106}}
Apr 20 18:51:55.554638 np0000168556 devstack@neutron-api.service[104181]: INFO ovsdbapp.backend.ovs_idl.vlog [None req-fb064fab-6295-4d2b-9197-45644cda88c0 None None] ssl:199.204.45.19:6642: connecting...
Apr 20 18:51:55.565029 np0000168556 devstack@neutron-api.service[104181]: INFO ovsdbapp.backend.ovs_idl.vlog [None req-fb064fab-6295-4d2b-9197-45644cda88c0 None None] ssl:199.204.45.19:6642: connected
Apr 20 18:51:55.601771 np0000168556 devstack@neutron-api.service[104181]: DEBUG neutron.common.ovn.hash_ring_manager [None req-fb064fab-6295-4d2b-9197-45644cda88c0 None None] Allow caching, nodes 4>=4 {{(pid=104181) _wait_startup_before_caching /opt/stack/neutron/neutron/common/ovn/hash_ring_manager.py:65}}
Apr 20 18:51:55.605660 np0000168556 devstack@neutron-api.service[104181]: DEBUG neutron.common.ovn.hash_ring_manager [None req-fb064fab-6295-4d2b-9197-45644cda88c0 None None] Hash Ring loaded. 4 active nodes. 0 offline nodes {{(pid=104181) _load_hash_ring /opt/stack/neutron/neutron/common/ovn/hash_ring_manager.py:102}}
Apr 20 18:51:55.605879 np0000168556 devstack@neutron-api.service[104181]: DEBUG neutron.plugins.ml2.drivers.ovn.mech_driver.ovsdb.ovsdb_monitor [None req-fb064fab-6295-4d2b-9197-45644cda88c0 None None] Hash Ring: Node b3a034e8158057989082841ab884cd62 (host: np0000168556) handling event "create" for row df40a50c-7cd8-4af6-8242-5240dfd15cff (table: Chassis) {{(pid=104181) notify /opt/stack/neutron/neutron/plugins/ml2/drivers/ovn/mech_driver/ovsdb/ovsdb_monitor.py:914}}
Apr 20 18:51:55.606633 np0000168556 devstack@neutron-api.service[104181]: DEBUG ovsdbapp.backend.ovs_idl.event [None req-fb064fab-6295-4d2b-9197-45644cda88c0 None None] Matched CREATE: ChassisBandwidthConfigEvent(events=('create', 'update'), table='Chassis', conditions=None, old_conditions=None), priority=20 to row=Chassis(uuid=df40a50c-7cd8-4af6-8242-5240dfd15cff, encaps=[e0adac8b-5e67-4362-9aa9-76b1316affbf], external_ids={}, hostname='np0000168556', name='fcb5c3c0-2904-4be1-b1db-5f9bc3aec938', nb_cfg=0, other_config={'ct-commit-nat-v2': 'true', 'ct-commit-to-zone': 'true', 'ct-next-zone': 'true', 'ct-no-masked-label': 'true', 'ct-state-save': 'true', 'datapath-type': 'system', 'fdb-timestamp': 'true', 'iface-types': 'afxdp,afxdp-nonpmd,bareudp,erspan,geneve,gre,gtpu,internal,ip6erspan,ip6gre,lisp,patch,srv6,stt,system,tap,vxlan', 'is-interconn': 'false', 'ls-dpg-column': 'true', 'mac-binding-timestamp': 'true', 'ovn-bridge-mappings': 'public:br-ex', 'ovn-chassis-mac-mappings': '', 'ovn-cms-options': 'enable-chassis-as-gw', 'ovn-ct-lb-related': 'true', 'ovn-enable-lflow-cache': 'true', 'ovn-limit-lflow-cache': '', 'ovn-memlimit-lflow-cache-kb': '', 'ovn-monitor-all': 'false', 'ovn-trim-limit-lflow-cache': '', 'ovn-trim-timeout-ms': '', 'ovn-trim-wmark-perc-lflow-cache': '', 'port-up-notif': 'true'}, transport_zones=[], vtep_logical_switches=[]) old= {{(pid=104181) matches /opt/stack/data/venv/lib/python3.12/site-packages/ovsdbapp/backend/ovs_idl/event.py:55}}
Apr 20 18:51:55.607142 np0000168556 devstack@neutron-api.service[104181]: DEBUG neutron.plugins.ml2.drivers.ovn.mech_driver.ovsdb.ovsdb_monitor [None req-fb064fab-6295-4d2b-9197-45644cda88c0 None None] ChassisAgentWriteEvent : Matched Chassis_Private, create, None None {{(pid=104181) matches /opt/stack/neutron/neutron/plugins/ml2/drivers/ovn/mech_driver/ovsdb/ovsdb_monitor.py:64}}
Apr 20 18:51:55.607331 np0000168556 devstack@neutron-api.service[104181]: DEBUG neutron.plugins.ml2.drivers.ovn.mech_driver.ovsdb.ovsdb_monitor [None req-fb064fab-6295-4d2b-9197-45644cda88c0 None None] ChassisOVNAgentWriteEvent : Matched Chassis_Private, create, None None {{(pid=104181) matches /opt/stack/neutron/neutron/plugins/ml2/drivers/ovn/mech_driver/ovsdb/ovsdb_monitor.py:64}}
Apr 20 18:51:55.609113 np0000168556 devstack@neutron-api.service[104181]: INFO neutron.plugins.ml2.drivers.ovn.mech_driver.mech_driver [None req-fb064fab-6295-4d2b-9197-45644cda88c0 None None] WorkerService process has finished the post initialization
Apr 20 18:51:55.609806 np0000168556 devstack@neutron-api.service[104181]: INFO neutron.plugins.ml2.drivers.ovn.mech_driver.ovsdb.extensions.qos [-] Starting OVNClientQosExtension
Apr 20 18:51:55.610070 np0000168556 devstack@neutron-api.service[104181]: INFO neutron.plugins.ml2.drivers.ovn.mech_driver.ovsdb.extensions.placement [-] Starting OVNClientPlacementExtension
Apr 20 18:51:55.612719 np0000168556 devstack@neutron-api.service[104181]: WSGI app 0 (mountpoint='') ready in 7 seconds on interpreter 0x7ed2472a3668 pid: 104181 (default app)
Apr 20 18:51:57.101014 np0000168556 devstack@neutron-api.service[104181]: DEBUG neutron.plugins.ml2.drivers.ovn.mech_driver.ovsdb.ovsdb_monitor [-] Hash Ring: Node b3a034e8158057989082841ab884cd62 (host: np0000168556) handling event "update" for row fc2ff43f-df58-4cf0-a0b6-eec34e641812 (table: Connection) {{(pid=104181) notify /opt/stack/neutron/neutron/plugins/ml2/drivers/ovn/mech_driver/ovsdb/ovsdb_monitor.py:914}}
Apr 20 18:51:57.107897 np0000168556 devstack@neutron-api.service[104180]: DEBUG neutron.common.ovn.hash_ring_manager [-] Allow caching, nodes 4>=4 {{(pid=104180) _wait_startup_before_caching /opt/stack/neutron/neutron/common/ovn/hash_ring_manager.py:65}}
Apr 20 18:51:57.108140 np0000168556 devstack@neutron-api.service[104180]: DEBUG neutron.plugins.ml2.drivers.ovn.mech_driver.ovsdb.ovsdb_monitor [-] Hash Ring: Node 09b5cfee0bf55decbad607a86b7afd81 (host: np0000168556) handling event "update" for row fc2ff43f-df58-4cf0-a0b6-eec34e641812 (table: Connection) {{(pid=104180) notify /opt/stack/neutron/neutron/plugins/ml2/drivers/ovn/mech_driver/ovsdb/ovsdb_monitor.py:914}}
Apr 20 18:51:59.603392 np0000168556 devstack@neutron-api.service[104181]: DEBUG neutron.plugins.ml2.drivers.ovn.mech_driver.ovsdb.ovsdb_monitor [-] Hash Ring: Node b3a034e8158057989082841ab884cd62 (host: np0000168556) handling event "update" for row fc2ff43f-df58-4cf0-a0b6-eec34e641812 (table: Connection) {{(pid=104181) notify /opt/stack/neutron/neutron/plugins/ml2/drivers/ovn/mech_driver/ovsdb/ovsdb_monitor.py:914}}
Apr 20 18:51:59.603960 np0000168556 devstack@neutron-api.service[104180]: DEBUG neutron.plugins.ml2.drivers.ovn.mech_driver.ovsdb.ovsdb_monitor [-] Hash Ring: Node 09b5cfee0bf55decbad607a86b7afd81 (host: np0000168556) handling event "update" for row fc2ff43f-df58-4cf0-a0b6-eec34e641812 (table: Connection) {{(pid=104180) notify /opt/stack/neutron/neutron/plugins/ml2/drivers/ovn/mech_driver/ovsdb/ovsdb_monitor.py:914}}
Apr 20 18:52:01.521423 np0000168556 devstack@neutron-api.service[104180]: DEBUG neutron.api.wsgi [None req-5616fd4b-53fc-47aa-9a19-22cc7787ccd9 admin admin] Missing Content-Type {{(pid=104180) get_content_type /opt/stack/neutron/neutron/api/wsgi.py:85}}
Apr 20 18:52:01.521423 np0000168556 devstack@neutron-api.service[104180]: DEBUG neutron.api.wsgi [None req-5616fd4b-53fc-47aa-9a19-22cc7787ccd9 admin admin] https://199.204.45.19/networking/v2.0/extensions returned with HTTP 200 {{(pid=104180) __call__ /opt/stack/neutron/neutron/api/wsgi.py:545}}
Apr 20 18:52:01.521423 np0000168556 devstack@neutron-api.service[104180]: [pid: 104180|app: 0|req: 2/2] 199.204.45.19 () {64 vars in 1316 bytes} [Mon Apr 20 18:52:01 2026] GET /networking/v2.0/extensions => generated 15209 bytes in 401 msecs (HTTP/1.1 200) 4 headers in 159 bytes (1 switches on core 0)
Apr 20 18:52:01.918999 np0000168556 devstack@neutron-api.service[104182]: DEBUG neutron.api.v2.base [None req-0a4226eb-d077-4d06-be15-d33cc5aa58bd admin admin] Request body: {'subnetpool': {'default_prefixlen': 26, 'name': 'shared-default-subnetpool-v4', 'prefixes': ['10.1.0.0/20'], 'shared': True, 'is_default': True}} {{(pid=104182) prepare_request_body /opt/stack/neutron/neutron/api/v2/base.py:729}}
Apr 20 18:52:02.115647 np0000168556 devstack@neutron-api.service[104182]: DEBUG neutron.policy [None req-0a4226eb-d077-4d06-be15-d33cc5aa58bd admin admin] Loaded default policies from ['neutron'] under neutron.policies entry points {{(pid=104182) register_rules /opt/stack/neutron/neutron/policy.py:65}}
Apr 20 18:52:02.261604 np0000168556 devstack@neutron-api.service[104182]: DEBUG neutron_lib.callbacks.manager [None req-0a4226eb-d077-4d06-be15-d33cc5aa58bd admin admin] Publish callbacks ['neutron.objects.securitygroup.RbacNeutronDbObjectMixin.validate_rbac_policy_change-2273334793798', 'neutron.objects.address_group.RbacNeutronDbObjectMixin.validate_rbac_policy_change-2273334898636', 'neutron.objects.network.RbacNeutronDbObjectMixin.validate_rbac_policy_change-2273335025656', 'neutron.objects.qos.policy.RbacNeutronDbObjectMixin.validate_rbac_policy_change-2273335020279', 'neutron.objects.subnetpool.RbacNeutronDbObjectMixin.validate_rbac_policy_change-2273334993996', 'neutron.objects.address_scope.RbacNeutronDbObjectMixin.validate_rbac_policy_change-2273335019524', 'neutron.plugins.ml2.plugin.External_net_db_mixin._process_ext_policy_create-2018916', 'neutron.plugins.ml2.plugin.NeutronDbPluginV2.validate_network_rbac_policy_change-2011760'] for rbac-policy (None), before_create {{(pid=104182) _notify_loop /opt/stack/data/venv/lib/python3.12/site-packages/neutron_lib/callbacks/manager.py:184}}
Apr 20 18:52:02.309481 np0000168556 devstack@neutron-api.service[104182]: DEBUG neutron_lib.callbacks.manager [None req-0a4226eb-d077-4d06-be15-d33cc5aa58bd admin admin] Publish callbacks [] for subnetpool (None), before_response {{(pid=104182) _notify_loop /opt/stack/data/venv/lib/python3.12/site-packages/neutron_lib/callbacks/manager.py:184}}
Apr 20 18:52:02.310093 np0000168556 devstack@neutron-api.service[104182]: [pid: 104182|app: 0|req: 1/3] 199.204.45.19 () {68 vars in 1360 bytes} [Mon Apr 20 18:52:01 2026] POST /networking/v2.0/subnetpools => generated 533 bytes in 497 msecs (HTTP/1.1 201) 4 headers in 162 bytes (1 switches on core 0)
Apr 20 18:52:02.645716 np0000168556 devstack@neutron-api.service[104179]: DEBUG neutron.api.v2.base [None req-6f573eec-c10c-4fe3-b84d-4c8780e688dc admin admin] Request body: {'subnetpool': {'default_prefixlen': 64, 'name': 'shared-default-subnetpool-v6', 'prefixes': ['fd9e:f246:5eef::/56'], 'shared': True, 'is_default': True}} {{(pid=104179) prepare_request_body /opt/stack/neutron/neutron/api/v2/base.py:729}}
Apr 20 18:52:02.828830 np0000168556 devstack@neutron-api.service[104179]: DEBUG neutron.policy [None req-6f573eec-c10c-4fe3-b84d-4c8780e688dc admin admin] Loaded default policies from ['neutron'] under neutron.policies entry points {{(pid=104179) register_rules /opt/stack/neutron/neutron/policy.py:65}}
Apr 20 18:52:02.984384 np0000168556 devstack@neutron-api.service[104179]: DEBUG neutron_lib.callbacks.manager [None req-6f573eec-c10c-4fe3-b84d-4c8780e688dc admin admin] Publish callbacks ['neutron.objects.securitygroup.RbacNeutronDbObjectMixin.validate_rbac_policy_change-2273334800531', 'neutron.objects.address_group.RbacNeutronDbObjectMixin.validate_rbac_policy_change-2273335044631', 'neutron.objects.network.RbacNeutronDbObjectMixin.validate_rbac_policy_change-2273335026428', 'neutron.objects.qos.policy.RbacNeutronDbObjectMixin.validate_rbac_policy_change-2273335022075', 'neutron.objects.subnetpool.RbacNeutronDbObjectMixin.validate_rbac_policy_change-2273334999552', 'neutron.objects.address_scope.RbacNeutronDbObjectMixin.validate_rbac_policy_change-2273335023176', 'neutron.plugins.ml2.plugin.External_net_db_mixin._process_ext_policy_create-2030088', 'neutron.plugins.ml2.plugin.NeutronDbPluginV2.validate_network_rbac_policy_change-2002464'] for rbac-policy (None), before_create {{(pid=104179) _notify_loop /opt/stack/data/venv/lib/python3.12/site-packages/neutron_lib/callbacks/manager.py:184}}
Apr 20 18:52:03.032109 np0000168556 devstack@neutron-api.service[104179]: DEBUG neutron_lib.callbacks.manager [None req-6f573eec-c10c-4fe3-b84d-4c8780e688dc admin admin] Publish callbacks [] for subnetpool (None), before_response {{(pid=104179) _notify_loop /opt/stack/data/venv/lib/python3.12/site-packages/neutron_lib/callbacks/manager.py:184}}
Apr 20 18:52:03.032769 np0000168556 devstack@neutron-api.service[104179]: [pid: 104179|app: 0|req: 1/4] 199.204.45.19 () {68 vars in 1360 bytes} [Mon Apr 20 18:52:02 2026] POST /networking/v2.0/subnetpools => generated 543 bytes in 499 msecs (HTTP/1.1 201) 4 headers in 162 bytes (1 switches on core 0)
Apr 20 18:52:03.440481 np0000168556 devstack@neutron-api.service[104181]: DEBUG neutron.api.v2.base [None req-3cc44997-6df7-4946-9e90-0b7318b7edbf admin admin] Request body: {'network': {'name': 'private', 'admin_state_up': True}} {{(pid=104181) prepare_request_body /opt/stack/neutron/neutron/api/v2/base.py:729}}
Apr 20 18:52:03.470776 np0000168556 devstack@neutron-api.service[104181]: DEBUG neutron.pecan_wsgi.hooks.quota_enforcement [None req-3cc44997-6df7-4946-9e90-0b7318b7edbf admin admin] Made reservation on behalf of 75d2d02082cb4a2db53664dda7f34dc6 for: {'network': 1} {{(pid=104181) before /opt/stack/neutron/neutron/pecan_wsgi/hooks/quota_enforcement.py:66}}
Apr 20 18:52:03.644373 np0000168556 devstack@neutron-api.service[104181]: DEBUG neutron.policy [None req-3cc44997-6df7-4946-9e90-0b7318b7edbf admin admin] Loaded default policies from ['neutron'] under neutron.policies entry points {{(pid=104181) register_rules /opt/stack/neutron/neutron/policy.py:65}}
Apr 20 18:52:03.745300 np0000168556 devstack@neutron-api.service[104181]: DEBUG neutron_lib.callbacks.manager [None req-3cc44997-6df7-4946-9e90-0b7318b7edbf admin admin] Publish callbacks ['neutron.plugins.ml2.plugin.SecurityGroupDbMixin._ensure_default_security_group_handler-32770'] for network (None), before_create {{(pid=104181) _notify_loop /opt/stack/data/venv/lib/python3.12/site-packages/neutron_lib/callbacks/manager.py:184}}
Apr 20 18:52:03.765546 np0000168556 devstack@neutron-api.service[104181]: DEBUG neutron_lib.callbacks.manager [None req-3cc44997-6df7-4946-9e90-0b7318b7edbf admin admin] Publish callbacks [] for security_group (None), before_create {{(pid=104181) _notify_loop /opt/stack/data/venv/lib/python3.12/site-packages/neutron_lib/callbacks/manager.py:184}}
Apr 20 18:52:03.869738 np0000168556 devstack@neutron-api.service[104181]: DEBUG neutron_lib.callbacks.manager [None req-3cc44997-6df7-4946-9e90-0b7318b7edbf admin admin] Publish callbacks ['neutron.plugins.ml2.drivers.ovn.mech_driver.mech_driver.OVNMechanismDriver._create_security_group_precommit-335821'] for security_group (0ffd7507-4944-49c9-ba0e-3a9f21f1cae7), precommit_create {{(pid=104181) _notify_loop /opt/stack/data/venv/lib/python3.12/site-packages/neutron_lib/callbacks/manager.py:184}}
Apr 20 18:52:03.870629 np0000168556 devstack@neutron-api.service[104181]: DEBUG neutron.db.ovn_revision_numbers_db [None req-3cc44997-6df7-4946-9e90-0b7318b7edbf admin admin] create_initial_revision uuid=0ffd7507-4944-49c9-ba0e-3a9f21f1cae7, type=security_groups, rev=-1 {{(pid=104181) create_initial_revision /opt/stack/neutron/neutron/db/ovn_revision_numbers_db.py:98}}
Apr 20 18:52:03.872738 np0000168556 devstack@neutron-api.service[104181]: DEBUG neutron.db.ovn_revision_numbers_db [None req-3cc44997-6df7-4946-9e90-0b7318b7edbf admin admin] create_initial_revision uuid=088b9699-e302-487f-9ee8-7f312e18d9fc, type=security_group_rules, rev=-1 {{(pid=104181) create_initial_revision /opt/stack/neutron/neutron/db/ovn_revision_numbers_db.py:98}}
Apr 20 18:52:03.874540 np0000168556 devstack@neutron-api.service[104181]: DEBUG neutron.db.ovn_revision_numbers_db [None req-3cc44997-6df7-4946-9e90-0b7318b7edbf admin admin] create_initial_revision uuid=b7622af8-6503-470e-be76-b995e2f2f7b1, type=security_group_rules, rev=-1 {{(pid=104181) create_initial_revision /opt/stack/neutron/neutron/db/ovn_revision_numbers_db.py:98}}
Apr 20 18:52:03.875721 np0000168556 devstack@neutron-api.service[104181]: DEBUG neutron.db.ovn_revision_numbers_db [None req-3cc44997-6df7-4946-9e90-0b7318b7edbf admin admin] create_initial_revision uuid=bf24aa42-5d18-4195-b439-e10835c1317a, type=security_group_rules, rev=-1 {{(pid=104181) create_initial_revision /opt/stack/neutron/neutron/db/ovn_revision_numbers_db.py:98}}
Apr 20 18:52:03.876999 np0000168556 devstack@neutron-api.service[104181]: DEBUG neutron.db.ovn_revision_numbers_db [None req-3cc44997-6df7-4946-9e90-0b7318b7edbf admin admin] create_initial_revision uuid=e6b05133-a339-4bc6-8ccd-fc03e56bd169, type=security_group_rules, rev=-1 {{(pid=104181) create_initial_revision /opt/stack/neutron/neutron/db/ovn_revision_numbers_db.py:98}}
Apr 20 18:52:03.885883 np0000168556 devstack@neutron-api.service[104181]: DEBUG neutron_lib.callbacks.manager [None req-3cc44997-6df7-4946-9e90-0b7318b7edbf admin admin] Publish callbacks ['neutron.plugins.ml2.drivers.ovn.mech_driver.mech_driver.OVNMechanismDriver._create_security_group-335831', 'neutron.plugins.ml2.ovo_rpc._ObjectChangeHandler.handle_event-132776767'] for security_group (0ffd7507-4944-49c9-ba0e-3a9f21f1cae7), after_create {{(pid=104181) _notify_loop /opt/stack/data/venv/lib/python3.12/site-packages/neutron_lib/callbacks/manager.py:184}}
Apr 20 18:52:03.887506 np0000168556 devstack@neutron-api.service[104181]: DEBUG ovsdbapp.backend.ovs_idl.transaction [-] Running txn n=1 command(idx=0): PgAddCommand(_result=None, name=pg_0ffd7507_4944_49c9_ba0e_3a9f21f1cae7, may_exist=False, columns={'acls': [], 'external_ids': {'neutron:security_group_id': '0ffd7507-4944-49c9-ba0e-3a9f21f1cae7'}}) {{(pid=104181) do_commit /opt/stack/data/venv/lib/python3.12/site-packages/ovsdbapp/backend/ovs_idl/transaction.py:89}}
Apr 20 18:52:03.890211 np0000168556 devstack@neutron-api.service[104181]: DEBUG ovsdbapp.backend.ovs_idl.transaction [-] Running txn n=1 command(idx=1): PgAclAddCommand(_result=None, entity=pg_0ffd7507_4944_49c9_ba0e_3a9f21f1cae7, direction=to-lport, priority=1002, match=outport == @pg_0ffd7507_4944_49c9_ba0e_3a9f21f1cae7 && ip6 && ip6.src == $pg_0ffd7507_4944_49c9_ba0e_3a9f21f1cae7_ip6, action=allow-related, log=False, may_exist=True, severity=[], name=[], meter=[], external_ids={'neutron:security_group_rule_id': '088b9699-e302-487f-9ee8-7f312e18d9fc'}) {{(pid=104181) do_commit /opt/stack/data/venv/lib/python3.12/site-packages/ovsdbapp/backend/ovs_idl/transaction.py:89}}
Apr 20 18:52:03.890975 np0000168556 devstack@neutron-api.service[104181]: DEBUG ovsdbapp.backend.ovs_idl.transaction [-] Running txn n=1 command(idx=2): PgAclAddCommand(_result=None, entity=pg_0ffd7507_4944_49c9_ba0e_3a9f21f1cae7, direction=from-lport, priority=1002, match=inport == @pg_0ffd7507_4944_49c9_ba0e_3a9f21f1cae7 && ip6, action=allow-related, log=False, may_exist=True, severity=[], name=[], meter=[], external_ids={'neutron:security_group_rule_id': 'b7622af8-6503-470e-be76-b995e2f2f7b1'}) {{(pid=104181) do_commit /opt/stack/data/venv/lib/python3.12/site-packages/ovsdbapp/backend/ovs_idl/transaction.py:89}}
Apr 20 18:52:03.891511 np0000168556 devstack@neutron-api.service[104181]: DEBUG ovsdbapp.backend.ovs_idl.transaction [-] Running txn n=1 command(idx=3): PgAclAddCommand(_result=None, entity=pg_0ffd7507_4944_49c9_ba0e_3a9f21f1cae7, direction=to-lport, priority=1002, match=outport == @pg_0ffd7507_4944_49c9_ba0e_3a9f21f1cae7 && ip4 && ip4.src == $pg_0ffd7507_4944_49c9_ba0e_3a9f21f1cae7_ip4, action=allow-related, log=False, may_exist=True, severity=[], name=[], meter=[], external_ids={'neutron:security_group_rule_id': 'bf24aa42-5d18-4195-b439-e10835c1317a'}) {{(pid=104181) do_commit /opt/stack/data/venv/lib/python3.12/site-packages/ovsdbapp/backend/ovs_idl/transaction.py:89}}
Apr 20 18:52:03.891930 np0000168556 devstack@neutron-api.service[104181]: DEBUG ovsdbapp.backend.ovs_idl.transaction [-] Running txn n=1 command(idx=4): PgAclAddCommand(_result=None, entity=pg_0ffd7507_4944_49c9_ba0e_3a9f21f1cae7, direction=from-lport, priority=1002, match=inport == @pg_0ffd7507_4944_49c9_ba0e_3a9f21f1cae7 && ip4, action=allow-related, log=False, may_exist=True, severity=[], name=[], meter=[], external_ids={'neutron:security_group_rule_id': 'e6b05133-a339-4bc6-8ccd-fc03e56bd169'}) {{(pid=104181) do_commit /opt/stack/data/venv/lib/python3.12/site-packages/ovsdbapp/backend/ovs_idl/transaction.py:89}}
Apr 20 18:52:03.899990 np0000168556 devstack@neutron-api.service[104180]: DEBUG neutron.plugins.ml2.drivers.ovn.mech_driver.ovsdb.ovsdb_monitor [-] Hash Ring: Node 09b5cfee0bf55decbad607a86b7afd81 (host: np0000168556) handling event "create" for row 0961c9d0-ddb3-4c52-afe8-784536b41600 (table: ACL) {{(pid=104180) notify /opt/stack/neutron/neutron/plugins/ml2/drivers/ovn/mech_driver/ovsdb/ovsdb_monitor.py:914}}
Apr 20 18:52:03.900274 np0000168556 devstack@neutron-api.service[104180]: DEBUG neutron.plugins.ml2.drivers.ovn.mech_driver.ovsdb.ovsdb_monitor [-] Hash Ring: Node 09b5cfee0bf55decbad607a86b7afd81 (host: np0000168556) handling event "create" for row 7d500fca-8ea2-4129-8941-3062b195d81e (table: ACL) {{(pid=104180) notify /opt/stack/neutron/neutron/plugins/ml2/drivers/ovn/mech_driver/ovsdb/ovsdb_monitor.py:914}}
Apr 20 18:52:03.900566 np0000168556 devstack@neutron-api.service[104180]: DEBUG neutron.plugins.ml2.drivers.ovn.mech_driver.ovsdb.ovsdb_monitor [-] Hash Ring: Node 09b5cfee0bf55decbad607a86b7afd81 (host: np0000168556) handling event "create" for row 8824894e-b9c7-46a3-9f86-56610cf0ffbc (table: ACL) {{(pid=104180) notify /opt/stack/neutron/neutron/plugins/ml2/drivers/ovn/mech_driver/ovsdb/ovsdb_monitor.py:914}}
Apr 20 18:52:03.900850 np0000168556 devstack@neutron-api.service[104180]: DEBUG neutron.plugins.ml2.drivers.ovn.mech_driver.ovsdb.ovsdb_monitor [-] Hash Ring: Node 09b5cfee0bf55decbad607a86b7afd81 (host: np0000168556) handling event "create" for row 996f8d92-96b2-4ef0-9fe6-fa76f722cc5c (table: ACL) {{(pid=104180) notify /opt/stack/neutron/neutron/plugins/ml2/drivers/ovn/mech_driver/ovsdb/ovsdb_monitor.py:914}}
Apr 20 18:52:03.901102 np0000168556 devstack@neutron-api.service[104180]: DEBUG neutron.plugins.ml2.drivers.ovn.mech_driver.ovsdb.ovsdb_monitor [-] Hash Ring: Node 09b5cfee0bf55decbad607a86b7afd81 (host: np0000168556) handling event "create" for row 8050ea11-9514-4b0b-b7a6-1195f2aa8e46 (table: Port_Group) {{(pid=104180) notify /opt/stack/neutron/neutron/plugins/ml2/drivers/ovn/mech_driver/ovsdb/ovsdb_monitor.py:914}}
Apr 20 18:52:03.904084 np0000168556 devstack@neutron-api.service[104182]: DEBUG neutron.plugins.ml2.drivers.ovn.mech_driver.ovsdb.ovsdb_monitor [-] Hash Ring: Node 25b261cac2f4582f887b6387664ac948 (host: np0000168556) handling event "create" for row 0961c9d0-ddb3-4c52-afe8-784536b41600 (table: ACL) {{(pid=104182) notify /opt/stack/neutron/neutron/plugins/ml2/drivers/ovn/mech_driver/ovsdb/ovsdb_monitor.py:914}}
Apr 20 18:52:03.904499 np0000168556 devstack@neutron-api.service[104182]: DEBUG neutron.plugins.ml2.drivers.ovn.mech_driver.ovsdb.ovsdb_monitor [-] Hash Ring: Node 25b261cac2f4582f887b6387664ac948 (host: np0000168556) handling event "create" for row 7d500fca-8ea2-4129-8941-3062b195d81e (table: ACL) {{(pid=104182) notify /opt/stack/neutron/neutron/plugins/ml2/drivers/ovn/mech_driver/ovsdb/ovsdb_monitor.py:914}}
Apr 20 18:52:03.904750 np0000168556 devstack@neutron-api.service[104182]: DEBUG neutron.plugins.ml2.drivers.ovn.mech_driver.ovsdb.ovsdb_monitor [-] Hash Ring: Node 25b261cac2f4582f887b6387664ac948 (host: np0000168556) handling event "create" for row 8050ea11-9514-4b0b-b7a6-1195f2aa8e46 (table: Port_Group) {{(pid=104182) notify /opt/stack/neutron/neutron/plugins/ml2/drivers/ovn/mech_driver/ovsdb/ovsdb_monitor.py:914}}
Apr 20 18:52:03.931844 np0000168556 devstack@neutron-api.service[104181]: INFO neutron.db.ovn_revision_numbers_db [None req-3cc44997-6df7-4946-9e90-0b7318b7edbf admin admin] Successfully bumped revision number for resource 0ffd7507-4944-49c9-ba0e-3a9f21f1cae7 (type: security_groups) to 1
Apr 20 18:52:03.953595 np0000168556 devstack@neutron-api.service[104181]: INFO neutron.db.ovn_revision_numbers_db [None req-3cc44997-6df7-4946-9e90-0b7318b7edbf admin admin] Successfully bumped revision number for resource 088b9699-e302-487f-9ee8-7f312e18d9fc (type: security_group_rules) to 0
Apr 20 18:52:03.967002 np0000168556 devstack@neutron-api.service[104181]: INFO neutron.db.ovn_revision_numbers_db [None req-3cc44997-6df7-4946-9e90-0b7318b7edbf admin admin] Successfully bumped revision number for resource b7622af8-6503-470e-be76-b995e2f2f7b1 (type: security_group_rules) to 0
Apr 20 18:52:03.980695 np0000168556 devstack@neutron-api.service[104181]: INFO neutron.db.ovn_revision_numbers_db [None req-3cc44997-6df7-4946-9e90-0b7318b7edbf admin admin] Successfully bumped revision number for resource bf24aa42-5d18-4195-b439-e10835c1317a (type: security_group_rules) to 0
Apr 20 18:52:03.993628 np0000168556 devstack@neutron-api.service[104181]: INFO neutron.db.ovn_revision_numbers_db [None req-3cc44997-6df7-4946-9e90-0b7318b7edbf admin admin] Successfully bumped revision number for resource e6b05133-a339-4bc6-8ccd-fc03e56bd169 (type: security_group_rules) to 0
Apr 20 18:52:04.024608 np0000168556 devstack@neutron-api.service[104181]: DEBUG neutron.api.rpc.handlers.resources_rpc [None req-3cc44997-6df7-4946-9e90-0b7318b7edbf admin admin] Pushing event updated for resources: {'SecurityGroup': ['ID=0ffd7507-4944-49c9-ba0e-3a9f21f1cae7,revision_number=1']} {{(pid=104181) push /opt/stack/neutron/neutron/api/rpc/handlers/resources_rpc.py:237}}
Apr 20 18:52:04.033506 np0000168556 devstack@neutron-api.service[104181]: DEBUG ovsdbapp.backend.ovs_idl.transaction [-] Running txn n=1 command(idx=0): CheckLivenessCommand(_result=None) {{(pid=104181) do_commit /opt/stack/data/venv/lib/python3.12/site-packages/ovsdbapp/backend/ovs_idl/transaction.py:89}}
Apr 20 18:52:04.037828 np0000168556 devstack@neutron-api.service[104180]: DEBUG neutron.plugins.ml2.drivers.ovn.mech_driver.ovsdb.ovsdb_monitor [-] Hash Ring: Node 09b5cfee0bf55decbad607a86b7afd81 (host: np0000168556) handling event "update" for row fface69d-00b2-4991-99a5-653bbc0af322 (table: NB_Global) {{(pid=104180) notify /opt/stack/neutron/neutron/plugins/ml2/drivers/ovn/mech_driver/ovsdb/ovsdb_monitor.py:914}}
Apr 20 18:52:04.038087 np0000168556 devstack@neutron-api.service[104182]: DEBUG neutron.plugins.ml2.drivers.ovn.mech_driver.ovsdb.ovsdb_monitor [-] Hash Ring: Node 25b261cac2f4582f887b6387664ac948 (host: np0000168556) handling event "update" for row fface69d-00b2-4991-99a5-653bbc0af322 (table: NB_Global) {{(pid=104182) notify /opt/stack/neutron/neutron/plugins/ml2/drivers/ovn/mech_driver/ovsdb/ovsdb_monitor.py:914}}
Apr 20 18:52:04.038771 np0000168556 devstack@neutron-api.service[104180]: DEBUG neutron.plugins.ml2.drivers.ovn.mech_driver.ovsdb.ovsdb_monitor [-] Hash Ring: Node 09b5cfee0bf55decbad607a86b7afd81 (host: np0000168556) handling event "update" for row fface69d-00b2-4991-99a5-653bbc0af322 (table: NB_Global) {{(pid=104180) notify /opt/stack/neutron/neutron/plugins/ml2/drivers/ovn/mech_driver/ovsdb/ovsdb_monitor.py:914}}
Apr 20 18:52:04.039138 np0000168556 devstack@neutron-api.service[104182]: DEBUG neutron.plugins.ml2.drivers.ovn.mech_driver.ovsdb.ovsdb_monitor [-] Hash Ring: Node 25b261cac2f4582f887b6387664ac948 (host: np0000168556) handling event "update" for row fface69d-00b2-4991-99a5-653bbc0af322 (table: NB_Global) {{(pid=104182) notify /opt/stack/neutron/neutron/plugins/ml2/drivers/ovn/mech_driver/ovsdb/ovsdb_monitor.py:914}}
Apr 20 18:52:04.039875 np0000168556 devstack@neutron-api.service[104180]: DEBUG neutron.plugins.ml2.drivers.ovn.mech_driver.ovsdb.ovsdb_monitor [-] Hash Ring: Node 09b5cfee0bf55decbad607a86b7afd81 (host: np0000168556) handling event "update" for row fface69d-00b2-4991-99a5-653bbc0af322 (table: NB_Global) {{(pid=104180) notify /opt/stack/neutron/neutron/plugins/ml2/drivers/ovn/mech_driver/ovsdb/ovsdb_monitor.py:914}}
Apr 20 18:52:04.041597 np0000168556 devstack@neutron-api.service[104182]: DEBUG neutron.plugins.ml2.drivers.ovn.mech_driver.ovsdb.ovsdb_monitor [-] Hash Ring: Node 25b261cac2f4582f887b6387664ac948 (host: np0000168556) handling event "update" for row fface69d-00b2-4991-99a5-653bbc0af322 (table: NB_Global) {{(pid=104182) notify /opt/stack/neutron/neutron/plugins/ml2/drivers/ovn/mech_driver/ovsdb/ovsdb_monitor.py:914}}
Apr 20 18:52:04.042275 np0000168556 devstack@neutron-api.service[104180]: DEBUG neutron.plugins.ml2.drivers.ovn.mech_driver.ovsdb.ovsdb_monitor [-] ChassisAgentWriteEvent : Matched Chassis_Private, update, None None {{(pid=104180) matches /opt/stack/neutron/neutron/plugins/ml2/drivers/ovn/mech_driver/ovsdb/ovsdb_monitor.py:64}}
Apr 20 18:52:04.042585 np0000168556 devstack@neutron-api.service[104181]: DEBUG neutron.api.rpc.callbacks.version_manager [None req-3cc44997-6df7-4946-9e90-0b7318b7edbf admin admin] Tracked resource versions report:
Apr 20 18:52:04.042585 np0000168556 devstack@neutron-api.service[104181]: pushed versions:
Apr 20 18:52:04.042585 np0000168556 devstack@neutron-api.service[104181]: { 'AddressGroup': {'1.2'},
Apr 20 18:52:04.042585 np0000168556 devstack@neutron-api.service[104181]: 'Agent': {'1.1'},
Apr 20 18:52:04.042585 np0000168556 devstack@neutron-api.service[104181]: 'ConntrackHelper': {'1.0'},
Apr 20 18:52:04.042585 np0000168556 devstack@neutron-api.service[104181]: 'LocalIPAssociation': {'1.0'},
Apr 20 18:52:04.042585 np0000168556 devstack@neutron-api.service[104181]: 'Log': {'1.0'},
Apr 20 18:52:04.042585 np0000168556 devstack@neutron-api.service[104181]: 'NDPProxy': {'1.0'},
Apr 20 18:52:04.042585 np0000168556 devstack@neutron-api.service[104181]: 'Network': {'1.2'},
Apr 20 18:52:04.042585 np0000168556 devstack@neutron-api.service[104181]: 'Port': {'1.10'},
Apr 20 18:52:04.042585 np0000168556 devstack@neutron-api.service[104181]: 'PortForwarding': {'1.3'},
Apr 20 18:52:04.042585 np0000168556 devstack@neutron-api.service[104181]: 'QosPolicy': {'1.10'},
Apr 20 18:52:04.042585 np0000168556 devstack@neutron-api.service[104181]: 'SecurityGroup': {'1.6'},
Apr 20 18:52:04.042585 np0000168556 devstack@neutron-api.service[104181]: 'SecurityGroupRule': {'1.3'},
Apr 20 18:52:04.042585 np0000168556 devstack@neutron-api.service[104181]: 'SubPort': {'1.0'},
Apr 20 18:52:04.042585 np0000168556 devstack@neutron-api.service[104181]: 'Subnet': {'1.2'},
Apr 20 18:52:04.042585 np0000168556 devstack@neutron-api.service[104181]: 'Trunk': {'1.1'}}
Apr 20 18:52:04.042585 np0000168556 devstack@neutron-api.service[104181]: consumer versions:
Apr 20 18:52:04.042585 np0000168556 devstack@neutron-api.service[104181]: {}
Apr 20 18:52:04.042585 np0000168556 devstack@neutron-api.service[104181]: {{(pid=104181) report /opt/stack/neutron/neutron/api/rpc/callbacks/version_manager.py:183}}
Apr 20 18:52:04.043843 np0000168556 devstack@neutron-api.service[104182]: DEBUG neutron.plugins.ml2.drivers.ovn.mech_driver.ovsdb.ovsdb_monitor [-] ChassisAgentWriteEvent : Matched Chassis_Private, update, None None {{(pid=104182) matches /opt/stack/neutron/neutron/plugins/ml2/drivers/ovn/mech_driver/ovsdb/ovsdb_monitor.py:64}}
Apr 20 18:52:04.044705 np0000168556 devstack@neutron-api.service[104179]: DEBUG neutron.plugins.ml2.drivers.ovn.mech_driver.ovsdb.ovsdb_monitor [-] ChassisAgentWriteEvent : Matched Chassis_Private, update, None None {{(pid=104179) matches /opt/stack/neutron/neutron/plugins/ml2/drivers/ovn/mech_driver/ovsdb/ovsdb_monitor.py:64}}
Apr 20 18:52:04.045016 np0000168556 devstack@neutron-api.service[104182]: DEBUG neutron.plugins.ml2.drivers.ovn.mech_driver.ovsdb.ovsdb_monitor [-] Hash Ring: Node 25b261cac2f4582f887b6387664ac948 (host: np0000168556) handling event "update" for row fface69d-00b2-4991-99a5-653bbc0af322 (table: NB_Global) {{(pid=104182) notify /opt/stack/neutron/neutron/plugins/ml2/drivers/ovn/mech_driver/ovsdb/ovsdb_monitor.py:914}}
Apr 20 18:52:04.045108 np0000168556 devstack@neutron-api.service[104179]: DEBUG neutron.plugins.ml2.drivers.ovn.mech_driver.ovsdb.ovsdb_monitor [-] Hash Ring: Node 5905b878468f5415946f566c2700d185 (host: np0000168556) handling event "update" for row 5ceb5b8c-d48b-40d9-b10b-0cedc7fd32de (table: Chassis_Private) {{(pid=104179) notify /opt/stack/neutron/neutron/plugins/ml2/drivers/ovn/mech_driver/ovsdb/ovsdb_monitor.py:914}}
Apr 20 18:52:04.046733 np0000168556 devstack@neutron-api.service[104182]: DEBUG neutron.plugins.ml2.drivers.ovn.mech_driver.ovsdb.ovsdb_monitor [-] ChassisOVNAgentWriteEvent : Matched Chassis_Private, update, None None {{(pid=104182) matches /opt/stack/neutron/neutron/plugins/ml2/drivers/ovn/mech_driver/ovsdb/ovsdb_monitor.py:64}}
Apr 20 18:52:04.047892 np0000168556 devstack@neutron-api.service[104180]: DEBUG neutron.plugins.ml2.drivers.ovn.mech_driver.ovsdb.ovsdb_monitor [-] Hash Ring: Node 09b5cfee0bf55decbad607a86b7afd81 (host: np0000168556) handling event "update" for row fface69d-00b2-4991-99a5-653bbc0af322 (table: NB_Global) {{(pid=104180) notify /opt/stack/neutron/neutron/plugins/ml2/drivers/ovn/mech_driver/ovsdb/ovsdb_monitor.py:914}}
Apr 20 18:52:04.049471 np0000168556 devstack@neutron-api.service[104179]: DEBUG neutron.plugins.ml2.drivers.ovn.mech_driver.ovsdb.ovsdb_monitor [-] ChassisOVNAgentWriteEvent : Matched Chassis_Private, update, None None {{(pid=104179) matches /opt/stack/neutron/neutron/plugins/ml2/drivers/ovn/mech_driver/ovsdb/ovsdb_monitor.py:64}}
Apr 20 18:52:04.050053 np0000168556 devstack@neutron-api.service[104180]: DEBUG neutron.common.ovn.hash_ring_manager [-] Allow caching, nodes 4>=4 {{(pid=104180) _wait_startup_before_caching /opt/stack/neutron/neutron/common/ovn/hash_ring_manager.py:65}}
Apr 20 18:52:04.050362 np0000168556 devstack@neutron-api.service[104179]: DEBUG neutron.plugins.ml2.drivers.ovn.mech_driver.ovsdb.ovsdb_monitor [-] Hash Ring: Node 5905b878468f5415946f566c2700d185 (host: np0000168556) handling event "update" for row 5ceb5b8c-d48b-40d9-b10b-0cedc7fd32de (table: Chassis_Private) {{(pid=104179) notify /opt/stack/neutron/neutron/plugins/ml2/drivers/ovn/mech_driver/ovsdb/ovsdb_monitor.py:914}}
Apr 20 18:52:04.050567 np0000168556 devstack@neutron-api.service[104180]: DEBUG neutron.plugins.ml2.drivers.ovn.mech_driver.ovsdb.ovsdb_monitor [-] Hash Ring: Node 09b5cfee0bf55decbad607a86b7afd81 (host: np0000168556) handling event "update" for row 5ceb5b8c-d48b-40d9-b10b-0cedc7fd32de (table: Chassis_Private) {{(pid=104180) notify /opt/stack/neutron/neutron/plugins/ml2/drivers/ovn/mech_driver/ovsdb/ovsdb_monitor.py:914}}
Apr 20 18:52:04.051217 np0000168556 devstack@neutron-api.service[104180]: DEBUG neutron.plugins.ml2.drivers.ovn.mech_driver.ovsdb.ovsdb_monitor [-] ChassisOVNAgentWriteEvent : Matched Chassis_Private, update, None None {{(pid=104180) matches /opt/stack/neutron/neutron/plugins/ml2/drivers/ovn/mech_driver/ovsdb/ovsdb_monitor.py:64}}
Apr 20 18:52:04.051473 np0000168556 devstack@neutron-api.service[104180]: DEBUG neutron.plugins.ml2.drivers.ovn.mech_driver.ovsdb.ovsdb_monitor [-] Hash Ring: Node 09b5cfee0bf55decbad607a86b7afd81 (host: np0000168556) handling event "update" for row 5ceb5b8c-d48b-40d9-b10b-0cedc7fd32de (table: Chassis_Private) {{(pid=104180) notify /opt/stack/neutron/neutron/plugins/ml2/drivers/ovn/mech_driver/ovsdb/ovsdb_monitor.py:914}}
Apr 20 18:52:04.052608 np0000168556 devstack@neutron-api.service[104181]: DEBUG neutron.plugins.ml2.drivers.ovn.mech_driver.ovsdb.ovsdb_monitor [-] ChassisAgentWriteEvent : Matched Chassis_Private, update, None None {{(pid=104181) matches /opt/stack/neutron/neutron/plugins/ml2/drivers/ovn/mech_driver/ovsdb/ovsdb_monitor.py:64}}
Apr 20 18:52:04.056513 np0000168556 devstack@neutron-api.service[104181]: DEBUG neutron.plugins.ml2.drivers.ovn.mech_driver.ovsdb.ovsdb_monitor [-] ChassisOVNAgentWriteEvent : Matched Chassis_Private, update, None None {{(pid=104181) matches /opt/stack/neutron/neutron/plugins/ml2/drivers/ovn/mech_driver/ovsdb/ovsdb_monitor.py:64}}
Apr 20 18:52:04.108158 np0000168556 devstack@neutron-api.service[104181]: DEBUG neutron.plugins.ml2.drivers.helpers [None req-3cc44997-6df7-4946-9e90-0b7318b7edbf admin admin] geneve segment allocate from pool success with {'geneve_vni': 40004} {{(pid=104181) allocate_partially_specified_segment /opt/stack/neutron/neutron/plugins/ml2/drivers/helpers.py:142}}
Apr 20 18:52:04.119624 np0000168556 devstack@neutron-api.service[104181]: DEBUG neutron_lib.callbacks.manager [None req-3cc44997-6df7-4946-9e90-0b7318b7edbf admin admin] Publish callbacks ['neutron.services.segments.db._add_segment_host_mapping_for_segment-8715093103166', 'neutron.plugins.ml2.plugin.Ml2Plugin._handle_segment_change-826118'] for segment (3a87e5ec-ba38-4b27-9cf1-11a04ee26ab5), precommit_create {{(pid=104181) _notify_loop /opt/stack/data/venv/lib/python3.12/site-packages/neutron_lib/callbacks/manager.py:184}}
Apr 20 18:52:04.119772 np0000168556 devstack@neutron-api.service[104181]: INFO neutron.db.segments_db [None req-3cc44997-6df7-4946-9e90-0b7318b7edbf admin admin] Added segment 3a87e5ec-ba38-4b27-9cf1-11a04ee26ab5 of type geneve for network 869bab67-b629-41ed-82d3-5656ee3f4ad8
