Apr 10 18:06:35.264137 np0000164872 neutron-periodic-workers[104728]: DEBUG cotyledon.oslo_config_glue [-] ml2.path_mtu = 0 {{(pid=104728) log_opt_values /opt/stack/data/venv/lib/python3.12/site-packages/oslo_config/cfg.py:3006}}
Apr 10 18:06:35.264137 np0000164872 neutron-periodic-workers[104728]: DEBUG cotyledon.oslo_config_glue [-] ml2.physical_network_mtus = {} {{(pid=104728) log_opt_values /opt/stack/data/venv/lib/python3.12/site-packages/oslo_config/cfg.py:3006}}
Apr 10 18:06:35.264137 np0000164872 neutron-periodic-workers[104728]: DEBUG cotyledon.oslo_config_glue [-] ml2.project_network_types = ['geneve'] {{(pid=104728) log_opt_values /opt/stack/data/venv/lib/python3.12/site-packages/oslo_config/cfg.py:3006}}
Apr 10 18:06:35.264137 np0000164872 neutron-periodic-workers[104728]: DEBUG cotyledon.oslo_config_glue [-] ml2.tunnelled_network_rp_name = rp_tunnelled {{(pid=104728) log_opt_values /opt/stack/data/venv/lib/python3.12/site-packages/oslo_config/cfg.py:3006}}
Apr 10 18:06:35.264137 np0000164872 neutron-periodic-workers[104728]: DEBUG cotyledon.oslo_config_glue [-] ml2.type_drivers = ['local', 'flat', 'vlan', 'geneve'] {{(pid=104728) log_opt_values /opt/stack/data/venv/lib/python3.12/site-packages/oslo_config/cfg.py:3006}}
Apr 10 18:06:35.264137 np0000164872 neutron-periodic-workers[104728]: DEBUG cotyledon.oslo_config_glue [-] ml2_type_flat.flat_networks = ['public'] {{(pid=104728) log_opt_values /opt/stack/data/venv/lib/python3.12/site-packages/oslo_config/cfg.py:3006}}
Apr 10 18:06:35.264137 np0000164872 neutron-periodic-workers[104728]: DEBUG cotyledon.oslo_config_glue [-] ml2_type_geneve.max_header_size = 38 {{(pid=104728) log_opt_values /opt/stack/data/venv/lib/python3.12/site-packages/oslo_config/cfg.py:3006}}
Apr 10 18:06:35.264378 np0000164872 neutron-periodic-workers[104728]: DEBUG cotyledon.oslo_config_glue [-] ml2_type_geneve.vni_ranges = ['1:65536'] {{(pid=104728) log_opt_values /opt/stack/data/venv/lib/python3.12/site-packages/oslo_config/cfg.py:3006}}
Apr 10 18:06:35.264378 np0000164872 neutron-periodic-workers[104728]: DEBUG cotyledon.oslo_config_glue [-] ml2_type_vlan.network_vlan_ranges = ['public'] {{(pid=104728) log_opt_values /opt/stack/data/venv/lib/python3.12/site-packages/oslo_config/cfg.py:3006}}
Apr 10 18:06:35.264378 np0000164872 neutron-periodic-workers[104728]: DEBUG cotyledon.oslo_config_glue [-] network_log.burst_limit = 25 {{(pid=104728) log_opt_values /opt/stack/data/venv/lib/python3.12/site-packages/oslo_config/cfg.py:3006}}
Apr 10 18:06:35.264378 np0000164872 neutron-periodic-workers[104728]: DEBUG cotyledon.oslo_config_glue [-] network_log.local_output_log_base = None {{(pid=104728) log_opt_values /opt/stack/data/venv/lib/python3.12/site-packages/oslo_config/cfg.py:3006}}
Apr 10 18:06:35.264378 np0000164872 neutron-periodic-workers[104728]: DEBUG cotyledon.oslo_config_glue [-] network_log.rate_limit = 100 {{(pid=104728) log_opt_values /opt/stack/data/venv/lib/python3.12/site-packages/oslo_config/cfg.py:3006}}
Apr 10 18:06:35.264378 np0000164872 neutron-periodic-workers[104728]: DEBUG cotyledon.oslo_config_glue [-] database.asyncio_connection = **** {{(pid=104728) log_opt_values /opt/stack/data/venv/lib/python3.12/site-packages/oslo_config/cfg.py:3006}}
Apr 10 18:06:35.264378 np0000164872 neutron-periodic-workers[104728]: DEBUG cotyledon.oslo_config_glue [-] database.asyncio_slave_connection = **** {{(pid=104728) log_opt_values /opt/stack/data/venv/lib/python3.12/site-packages/oslo_config/cfg.py:3006}}
Apr 10 18:06:35.264378 np0000164872 neutron-periodic-workers[104728]: DEBUG cotyledon.oslo_config_glue [-] database.backend = sqlalchemy {{(pid=104728) log_opt_values /opt/stack/data/venv/lib/python3.12/site-packages/oslo_config/cfg.py:3006}}
Apr 10 18:06:35.264378 np0000164872 neutron-periodic-workers[104728]: DEBUG cotyledon.oslo_config_glue [-] database.connection = **** {{(pid=104728) log_opt_values /opt/stack/data/venv/lib/python3.12/site-packages/oslo_config/cfg.py:3006}}
Apr 10 18:06:35.264630 np0000164872 neutron-periodic-workers[104728]: DEBUG cotyledon.oslo_config_glue [-] database.connection_debug = 0 {{(pid=104728) log_opt_values /opt/stack/data/venv/lib/python3.12/site-packages/oslo_config/cfg.py:3006}}
Apr 10 18:06:35.264630 np0000164872 neutron-periodic-workers[104728]: DEBUG cotyledon.oslo_config_glue [-] database.connection_parameters = {{(pid=104728) log_opt_values /opt/stack/data/venv/lib/python3.12/site-packages/oslo_config/cfg.py:3006}}
Apr 10 18:06:35.264630 np0000164872 neutron-periodic-workers[104728]: DEBUG cotyledon.oslo_config_glue [-] database.connection_recycle_time = 3600 {{(pid=104728) log_opt_values /opt/stack/data/venv/lib/python3.12/site-packages/oslo_config/cfg.py:3006}}
Apr 10 18:06:35.264630 np0000164872 neutron-periodic-workers[104728]: DEBUG cotyledon.oslo_config_glue [-] database.connection_trace = False {{(pid=104728) log_opt_values /opt/stack/data/venv/lib/python3.12/site-packages/oslo_config/cfg.py:3006}}
Apr 10 18:06:35.264630 np0000164872 neutron-periodic-workers[104728]: DEBUG cotyledon.oslo_config_glue [-] database.db_inc_retry_interval = True {{(pid=104728) log_opt_values /opt/stack/data/venv/lib/python3.12/site-packages/oslo_config/cfg.py:3006}}
Apr 10 18:06:35.264630 np0000164872 neutron-periodic-workers[104728]: DEBUG cotyledon.oslo_config_glue [-] database.db_max_retries = 20 {{(pid=104728) log_opt_values /opt/stack/data/venv/lib/python3.12/site-packages/oslo_config/cfg.py:3006}}
Apr 10 18:06:35.264630 np0000164872 neutron-periodic-workers[104728]: DEBUG cotyledon.oslo_config_glue [-] database.db_max_retry_interval = 10 {{(pid=104728) log_opt_values /opt/stack/data/venv/lib/python3.12/site-packages/oslo_config/cfg.py:3006}}
Apr 10 18:06:35.264630 np0000164872 neutron-periodic-workers[104728]: DEBUG cotyledon.oslo_config_glue [-] database.db_retry_interval = 1 {{(pid=104728) log_opt_values /opt/stack/data/venv/lib/python3.12/site-packages/oslo_config/cfg.py:3006}}
Apr 10 18:06:35.264630 np0000164872 neutron-periodic-workers[104728]: DEBUG cotyledon.oslo_config_glue [-] database.max_overflow = 50 {{(pid=104728) log_opt_values /opt/stack/data/venv/lib/python3.12/site-packages/oslo_config/cfg.py:3006}}
Apr 10 18:06:35.264845 np0000164872 neutron-periodic-workers[104728]: DEBUG cotyledon.oslo_config_glue [-] database.max_pool_size = 5 {{(pid=104728) log_opt_values /opt/stack/data/venv/lib/python3.12/site-packages/oslo_config/cfg.py:3006}}
Apr 10 18:06:35.264845 np0000164872 neutron-periodic-workers[104728]: DEBUG cotyledon.oslo_config_glue [-] database.max_retries = 10 {{(pid=104728) log_opt_values /opt/stack/data/venv/lib/python3.12/site-packages/oslo_config/cfg.py:3006}}
Apr 10 18:06:35.264845 np0000164872 neutron-periodic-workers[104728]: DEBUG cotyledon.oslo_config_glue [-] database.mysql_sql_mode = TRADITIONAL {{(pid=104728) log_opt_values /opt/stack/data/venv/lib/python3.12/site-packages/oslo_config/cfg.py:3006}}
Apr 10 18:06:35.264845 np0000164872 neutron-periodic-workers[104728]: DEBUG cotyledon.oslo_config_glue [-] database.mysql_wsrep_sync_wait = None {{(pid=104728) log_opt_values /opt/stack/data/venv/lib/python3.12/site-packages/oslo_config/cfg.py:3006}}
Apr 10 18:06:35.264845 np0000164872 neutron-periodic-workers[104728]: DEBUG cotyledon.oslo_config_glue [-] database.pool_timeout = None {{(pid=104728) log_opt_values /opt/stack/data/venv/lib/python3.12/site-packages/oslo_config/cfg.py:3006}}
Apr 10 18:06:35.264845 np0000164872 neutron-periodic-workers[104728]: DEBUG cotyledon.oslo_config_glue [-] database.retry_interval = 10 {{(pid=104728) log_opt_values /opt/stack/data/venv/lib/python3.12/site-packages/oslo_config/cfg.py:3006}}
Apr 10 18:06:35.264845 np0000164872 neutron-periodic-workers[104728]: DEBUG cotyledon.oslo_config_glue [-] database.slave_connection = **** {{(pid=104728) log_opt_values /opt/stack/data/venv/lib/python3.12/site-packages/oslo_config/cfg.py:3006}}
Apr 10 18:06:35.264845 np0000164872 neutron-periodic-workers[104728]: DEBUG cotyledon.oslo_config_glue [-] database.sqlite_synchronous = True {{(pid=104728) log_opt_values /opt/stack/data/venv/lib/python3.12/site-packages/oslo_config/cfg.py:3006}}
Apr 10 18:06:35.264845 np0000164872 neutron-periodic-workers[104728]: DEBUG cotyledon.oslo_config_glue [-] database.synchronous_reader = True {{(pid=104728) log_opt_values /opt/stack/data/venv/lib/python3.12/site-packages/oslo_config/cfg.py:3006}}
Apr 10 18:06:35.265159 np0000164872 neutron-periodic-workers[104728]: DEBUG cotyledon.oslo_config_glue [-] database.use_db_reconnect = False {{(pid=104728) log_opt_values /opt/stack/data/venv/lib/python3.12/site-packages/oslo_config/cfg.py:3006}}
Apr 10 18:06:35.265159 np0000164872 neutron-periodic-workers[104728]: DEBUG cotyledon.oslo_config_glue [-] ovn.bfd_min_rx = 1000 {{(pid=104728) log_opt_values /opt/stack/data/venv/lib/python3.12/site-packages/oslo_config/cfg.py:3006}}
Apr 10 18:06:35.265159 np0000164872 neutron-periodic-workers[104728]: DEBUG cotyledon.oslo_config_glue [-] ovn.bfd_min_tx = 100 {{(pid=104728) log_opt_values /opt/stack/data/venv/lib/python3.12/site-packages/oslo_config/cfg.py:3006}}
Apr 10 18:06:35.265159 np0000164872 neutron-periodic-workers[104728]: DEBUG cotyledon.oslo_config_glue [-] ovn.bfd_mult = 3 {{(pid=104728) log_opt_values /opt/stack/data/venv/lib/python3.12/site-packages/oslo_config/cfg.py:3006}}
Apr 10 18:06:35.265159 np0000164872 neutron-periodic-workers[104728]: DEBUG cotyledon.oslo_config_glue [-] ovn.broadcast_arps_to_all_routers = True {{(pid=104728) log_opt_values /opt/stack/data/venv/lib/python3.12/site-packages/oslo_config/cfg.py:3006}}
Apr 10 18:06:35.265159 np0000164872 neutron-periodic-workers[104728]: DEBUG cotyledon.oslo_config_glue [-] ovn.dhcp_default_lease_time = 43200 {{(pid=104728) log_opt_values /opt/stack/data/venv/lib/python3.12/site-packages/oslo_config/cfg.py:3006}}
Apr 10 18:06:35.265159 np0000164872 neutron-periodic-workers[104728]: DEBUG cotyledon.oslo_config_glue [-] ovn.disable_ovn_dhcp_for_baremetal_ports = False {{(pid=104728) log_opt_values /opt/stack/data/venv/lib/python3.12/site-packages/oslo_config/cfg.py:3006}}
Apr 10 18:06:35.265159 np0000164872 neutron-periodic-workers[104728]: DEBUG cotyledon.oslo_config_glue [-] ovn.dns_records_ovn_owned = False {{(pid=104728) log_opt_values /opt/stack/data/venv/lib/python3.12/site-packages/oslo_config/cfg.py:3006}}
Apr 10 18:06:35.265159 np0000164872 neutron-periodic-workers[104728]: DEBUG cotyledon.oslo_config_glue [-] ovn.dns_servers = [] {{(pid=104728) log_opt_values /opt/stack/data/venv/lib/python3.12/site-packages/oslo_config/cfg.py:3006}}
Apr 10 18:06:35.265377 np0000164872 neutron-periodic-workers[104728]: DEBUG cotyledon.oslo_config_glue [-] ovn.enable_distributed_floating_ip = False {{(pid=104728) log_opt_values /opt/stack/data/venv/lib/python3.12/site-packages/oslo_config/cfg.py:3006}}
Apr 10 18:06:35.265377 np0000164872 neutron-periodic-workers[104728]: DEBUG cotyledon.oslo_config_glue [-] ovn.fdb_age_threshold = 300 {{(pid=104728) log_opt_values /opt/stack/data/venv/lib/python3.12/site-packages/oslo_config/cfg.py:3006}}
Apr 10 18:06:35.265377 np0000164872 neutron-periodic-workers[104728]: DEBUG cotyledon.oslo_config_glue [-] ovn.ha_failover_strategy = normal {{(pid=104728) log_opt_values /opt/stack/data/venv/lib/python3.12/site-packages/oslo_config/cfg.py:3006}}
Apr 10 18:06:35.265377 np0000164872 neutron-periodic-workers[104728]: DEBUG cotyledon.oslo_config_glue [-] ovn.live_migration_activation_strategy = rarp {{(pid=104728) log_opt_values /opt/stack/data/venv/lib/python3.12/site-packages/oslo_config/cfg.py:3006}}
Apr 10 18:06:35.265377 np0000164872 neutron-periodic-workers[104728]: DEBUG cotyledon.oslo_config_glue [-] ovn.localnet_learn_fdb = False {{(pid=104728) log_opt_values /opt/stack/data/venv/lib/python3.12/site-packages/oslo_config/cfg.py:3006}}
Apr 10 18:06:35.265377 np0000164872 neutron-periodic-workers[104728]: DEBUG cotyledon.oslo_config_glue [-] ovn.mac_binding_age_threshold = 300 {{(pid=104728) log_opt_values /opt/stack/data/venv/lib/python3.12/site-packages/oslo_config/cfg.py:3006}}
Apr 10 18:06:35.265377 np0000164872 neutron-periodic-workers[104728]: DEBUG cotyledon.oslo_config_glue [-] ovn.neutron_sync_mode = log {{(pid=104728) log_opt_values /opt/stack/data/venv/lib/python3.12/site-packages/oslo_config/cfg.py:3006}}
Apr 10 18:06:35.265377 np0000164872 neutron-periodic-workers[104728]: DEBUG cotyledon.oslo_config_glue [-] ovn.ovn_dhcp4_global_options = {} {{(pid=104728) log_opt_values /opt/stack/data/venv/lib/python3.12/site-packages/oslo_config/cfg.py:3006}}
Apr 10 18:06:35.265377 np0000164872 neutron-periodic-workers[104728]: DEBUG cotyledon.oslo_config_glue [-] ovn.ovn_dhcp6_global_options = {} {{(pid=104728) log_opt_values /opt/stack/data/venv/lib/python3.12/site-packages/oslo_config/cfg.py:3006}}
Apr 10 18:06:35.265681 np0000164872 neutron-periodic-workers[104728]: DEBUG cotyledon.oslo_config_glue [-] ovn.ovn_l3_scheduler = leastloaded {{(pid=104728) log_opt_values /opt/stack/data/venv/lib/python3.12/site-packages/oslo_config/cfg.py:3006}}
Apr 10 18:06:35.265681 np0000164872 neutron-periodic-workers[104728]: DEBUG cotyledon.oslo_config_glue [-] ovn.ovn_metadata_enabled = True {{(pid=104728) log_opt_values /opt/stack/data/venv/lib/python3.12/site-packages/oslo_config/cfg.py:3006}}
Apr 10 18:06:35.265681 np0000164872 neutron-periodic-workers[104728]: DEBUG cotyledon.oslo_config_glue [-] ovn.ovn_nb_ca_cert = /opt/stack/data/CA/int-ca/ca-chain.pem {{(pid=104728) log_opt_values /opt/stack/data/venv/lib/python3.12/site-packages/oslo_config/cfg.py:3006}}
Apr 10 18:06:35.265681 np0000164872 neutron-periodic-workers[104728]: DEBUG cotyledon.oslo_config_glue [-] ovn.ovn_nb_certificate = /opt/stack/data/CA/int-ca/devstack-cert.crt {{(pid=104728) log_opt_values /opt/stack/data/venv/lib/python3.12/site-packages/oslo_config/cfg.py:3006}}
Apr 10 18:06:35.265681 np0000164872 neutron-periodic-workers[104728]: DEBUG cotyledon.oslo_config_glue [-] ovn.ovn_nb_connection = ['ssl:199.204.45.223:6641'] {{(pid=104728) log_opt_values /opt/stack/data/venv/lib/python3.12/site-packages/oslo_config/cfg.py:3006}}
Apr 10 18:06:35.265681 np0000164872 neutron-periodic-workers[104728]: DEBUG cotyledon.oslo_config_glue [-] ovn.ovn_nb_private_key = /opt/stack/data/CA/int-ca/private/devstack-cert.key {{(pid=104728) log_opt_values /opt/stack/data/venv/lib/python3.12/site-packages/oslo_config/cfg.py:3006}}
Apr 10 18:06:35.265681 np0000164872 neutron-periodic-workers[104728]: DEBUG cotyledon.oslo_config_glue [-] ovn.ovn_router_indirect_snat = False {{(pid=104728) log_opt_values /opt/stack/data/venv/lib/python3.12/site-packages/oslo_config/cfg.py:3006}}
Apr 10 18:06:35.265681 np0000164872 neutron-periodic-workers[104728]: DEBUG cotyledon.oslo_config_glue [-] ovn.ovn_sb_ca_cert = /opt/stack/data/CA/int-ca/ca-chain.pem {{(pid=104728) log_opt_values /opt/stack/data/venv/lib/python3.12/site-packages/oslo_config/cfg.py:3006}}
Apr 10 18:06:35.265944 np0000164872 neutron-periodic-workers[104728]: DEBUG cotyledon.oslo_config_glue [-] ovn.ovn_sb_certificate = /opt/stack/data/CA/int-ca/devstack-cert.crt {{(pid=104728) log_opt_values /opt/stack/data/venv/lib/python3.12/site-packages/oslo_config/cfg.py:3006}}
Apr 10 18:06:35.265944 np0000164872 neutron-periodic-workers[104728]: DEBUG cotyledon.oslo_config_glue [-] ovn.ovn_sb_connection = ['ssl:199.204.45.223:6642'] {{(pid=104728) log_opt_values /opt/stack/data/venv/lib/python3.12/site-packages/oslo_config/cfg.py:3006}}
Apr 10 18:06:35.265944 np0000164872 neutron-periodic-workers[104728]: DEBUG cotyledon.oslo_config_glue [-] ovn.ovn_sb_private_key = /opt/stack/data/CA/int-ca/private/devstack-cert.key {{(pid=104728) log_opt_values /opt/stack/data/venv/lib/python3.12/site-packages/oslo_config/cfg.py:3006}}
Apr 10 18:06:35.265944 np0000164872 neutron-periodic-workers[104728]: DEBUG cotyledon.oslo_config_glue [-] ovn.ovs_create_tap = False {{(pid=104728) log_opt_values /opt/stack/data/venv/lib/python3.12/site-packages/oslo_config/cfg.py:3006}}
Apr 10 18:06:35.265944 np0000164872 neutron-periodic-workers[104728]: DEBUG cotyledon.oslo_config_glue [-] ovn.ovsdb_connection_timeout = 180 {{(pid=104728) log_opt_values /opt/stack/data/venv/lib/python3.12/site-packages/oslo_config/cfg.py:3006}}
Apr 10 18:06:35.265944 np0000164872 neutron-periodic-workers[104728]: DEBUG cotyledon.oslo_config_glue [-] ovn.ovsdb_log_level = INFO {{(pid=104728) log_opt_values /opt/stack/data/venv/lib/python3.12/site-packages/oslo_config/cfg.py:3006}}
Apr 10 18:06:35.265944 np0000164872 neutron-periodic-workers[104728]: DEBUG cotyledon.oslo_config_glue [-] ovn.ovsdb_probe_interval = 60000 {{(pid=104728) log_opt_values /opt/stack/data/venv/lib/python3.12/site-packages/oslo_config/cfg.py:3006}}
Apr 10 18:06:35.265944 np0000164872 neutron-periodic-workers[104728]: DEBUG cotyledon.oslo_config_glue [-] ovn.ovsdb_retry_max_interval = 180 {{(pid=104728) log_opt_values /opt/stack/data/venv/lib/python3.12/site-packages/oslo_config/cfg.py:3006}}
Apr 10 18:06:35.266118 np0000164872 neutron-periodic-workers[104728]: DEBUG cotyledon.oslo_config_glue [-] ovn.stateless_nat_enabled = False {{(pid=104728) log_opt_values /opt/stack/data/venv/lib/python3.12/site-packages/oslo_config/cfg.py:3006}}
Apr 10 18:06:35.266118 np0000164872 neutron-periodic-workers[104728]: DEBUG cotyledon.oslo_config_glue [-] ovn.vhost_sock_dir = /var/run/openvswitch {{(pid=104728) log_opt_values /opt/stack/data/venv/lib/python3.12/site-packages/oslo_config/cfg.py:3006}}
Apr 10 18:06:35.266118 np0000164872 neutron-periodic-workers[104728]: DEBUG cotyledon.oslo_config_glue [-] OVS.bridge_mac_table_size = 50000 {{(pid=104728) log_opt_values /opt/stack/data/venv/lib/python3.12/site-packages/oslo_config/cfg.py:3006}}
Apr 10 18:06:35.266118 np0000164872 neutron-periodic-workers[104728]: DEBUG cotyledon.oslo_config_glue [-] OVS.igmp_flood = False {{(pid=104728) log_opt_values /opt/stack/data/venv/lib/python3.12/site-packages/oslo_config/cfg.py:3006}}
Apr 10 18:06:35.266264 np0000164872 neutron-periodic-workers[104728]: DEBUG cotyledon.oslo_config_glue [-] OVS.igmp_flood_reports = True {{(pid=104728) log_opt_values /opt/stack/data/venv/lib/python3.12/site-packages/oslo_config/cfg.py:3006}}
Apr 10 18:06:35.266264 np0000164872 neutron-periodic-workers[104728]: DEBUG cotyledon.oslo_config_glue [-] OVS.igmp_flood_unregistered = False {{(pid=104728) log_opt_values /opt/stack/data/venv/lib/python3.12/site-packages/oslo_config/cfg.py:3006}}
Apr 10 18:06:35.266330 np0000164872 neutron-periodic-workers[104728]: DEBUG cotyledon.oslo_config_glue [-] OVS.igmp_snooping_enable = False {{(pid=104728) log_opt_values /opt/stack/data/venv/lib/python3.12/site-packages/oslo_config/cfg.py:3006}}
Apr 10 18:06:35.266370 np0000164872 neutron-periodic-workers[104728]: DEBUG cotyledon.oslo_config_glue [-] OVS.ovsdb_timeout = 10 {{(pid=104728) log_opt_values /opt/stack/data/venv/lib/python3.12/site-packages/oslo_config/cfg.py:3006}}
Apr 10 18:06:35.266426 np0000164872 neutron-periodic-workers[104728]: DEBUG cotyledon.oslo_config_glue [-] ovn_nb_global.fdb_removal_limit = 0 {{(pid=104728) log_opt_values /opt/stack/data/venv/lib/python3.12/site-packages/oslo_config/cfg.py:3006}}
Apr 10 18:06:35.266475 np0000164872 neutron-periodic-workers[104728]: DEBUG cotyledon.oslo_config_glue [-] ovn_nb_global.ignore_lsp_down = False {{(pid=104728) log_opt_values /opt/stack/data/venv/lib/python3.12/site-packages/oslo_config/cfg.py:3006}}
Apr 10 18:06:35.266531 np0000164872 neutron-periodic-workers[104728]: DEBUG cotyledon.oslo_config_glue [-] ovn_nb_global.mac_binding_removal_limit = 0 {{(pid=104728) log_opt_values /opt/stack/data/venv/lib/python3.12/site-packages/oslo_config/cfg.py:3006}}
Apr 10 18:06:35.266579 np0000164872 neutron-periodic-workers[104728]: DEBUG cotyledon.oslo_config_glue [-] ******************************************************************************** {{(pid=104728) log_opt_values /opt/stack/data/venv/lib/python3.12/site-packages/oslo_config/cfg.py:3013}}
Apr 10 18:06:35.266752 np0000164872 neutron-periodic-workers[104728]: DEBUG cotyledon._service_worker [-] Run service ServiceWrapper(0) [104728] {{(pid=104728) wait_forever /opt/stack/data/venv/lib/python3.12/site-packages/cotyledon/_service_worker.py:218}}
Apr 10 18:06:44.862441 np0000164872 neutron-periodic-workers[103935]: DEBUG dbcounter [-] [103935] Writing DB stats neutron:SELECT=4 {{(pid=103935) stat_writer /opt/stack/data/venv/lib/python3.12/site-packages/dbcounter.py:115}}
Apr 10 18:07:13.214281 np0000164872 neutron-periodic-workers[104705]: DEBUG oslo_db.sqlalchemy.engines [None req-c4dce3c6-79b9-435e-b5e5-890de862b118 None None] Parent process 103935 forked (104705) with an open database connection, which is being discarded and recreated. {{(pid=104705) checkout /opt/stack/data/venv/lib/python3.12/site-packages/oslo_db/sqlalchemy/engines.py:402}}
Apr 10 18:07:13.223347 np0000164872 neutron-periodic-workers[104705]: DEBUG dbcounter [-] [104705] Writer thread running {{(pid=104705) stat_writer /opt/stack/data/venv/lib/python3.12/site-packages/dbcounter.py:102}}
Apr 10 18:07:13.232305 np0000164872 neutron-periodic-workers[104705]: DEBUG oslo.service.backend._threading.loopingcall [None req-c4dce3c6-79b9-435e-b5e5-890de862b118 None None] Fixed interval looping call 'neutron.plugins.ml2.plugin.DhcpAgentSchedulerDbMixin.remove_networks_from_down_agents' sleeping for 36.98 seconds {{(pid=104705) _run_loop /opt/stack/data/venv/lib/python3.12/site-packages/oslo_service/backend/_threading/loopingcall.py:125}}
Apr 10 18:07:23.231229 np0000164872 neutron-periodic-workers[104705]: DEBUG dbcounter [-] [104705] Writing DB stats neutron:SELECT=3 {{(pid=104705) stat_writer /opt/stack/data/venv/lib/python3.12/site-packages/dbcounter.py:115}}
Apr 10 18:07:25.252409 np0000164872 neutron-periodic-workers[104713]: DEBUG dbcounter [-] [104713] Writer thread running {{(pid=104713) stat_writer /opt/stack/data/venv/lib/python3.12/site-packages/dbcounter.py:102}}
Apr 10 18:07:25.255524 np0000164872 neutron-periodic-workers[104713]: DEBUG neutron.db.agents_db [None req-f0ae5409-9d29-4335-b9b8-bde86e1b5259 None None] Agent healthcheck: found 0 active agents {{(pid=104713) agent_health_check /opt/stack/neutron/neutron/db/agents_db.py:317}}
Apr 10 18:07:25.255708 np0000164872 neutron-periodic-workers[104713]: DEBUG oslo.service.backend._threading.loopingcall [None req-f0ae5409-9d29-4335-b9b8-bde86e1b5259 None None] Fixed interval looping call 'neutron.plugins.ml2.plugin.AgentDbMixin.agent_health_check' sleeping for 36.98 seconds {{(pid=104713) _run_loop /opt/stack/data/venv/lib/python3.12/site-packages/oslo_service/backend/_threading/loopingcall.py:125}}
Apr 10 18:07:35.252938 np0000164872 neutron-periodic-workers[104713]: DEBUG dbcounter [-] [104713] Writing DB stats neutron:SELECT=1 {{(pid=104713) stat_writer /opt/stack/data/venv/lib/python3.12/site-packages/dbcounter.py:115}}
Apr 10 18:07:50.223157 np0000164872 neutron-periodic-workers[104705]: DEBUG oslo.service.backend._threading.loopingcall [None req-c4dce3c6-79b9-435e-b5e5-890de862b118 None None] Fixed interval looping call 'neutron.plugins.ml2.plugin.DhcpAgentSchedulerDbMixin.remove_networks_from_down_agents' sleeping for 36.99 seconds {{(pid=104705) _run_loop /opt/stack/data/venv/lib/python3.12/site-packages/oslo_service/backend/_threading/loopingcall.py:125}}
Apr 10 18:08:00.221976 np0000164872 neutron-periodic-workers[104705]: DEBUG dbcounter [-] [104705] Writing DB stats neutron:SELECT=3 {{(pid=104705) stat_writer /opt/stack/data/venv/lib/python3.12/site-packages/dbcounter.py:115}}
Apr 10 18:08:02.242594 np0000164872 neutron-periodic-workers[104713]: DEBUG neutron.db.agents_db [None req-f0ae5409-9d29-4335-b9b8-bde86e1b5259 None None] Agent healthcheck: found 0 active agents {{(pid=104713) agent_health_check /opt/stack/neutron/neutron/db/agents_db.py:317}}
Apr 10 18:08:02.243286 np0000164872 neutron-periodic-workers[104713]: DEBUG oslo.service.backend._threading.loopingcall [None req-f0ae5409-9d29-4335-b9b8-bde86e1b5259 None None] Fixed interval looping call 'neutron.plugins.ml2.plugin.AgentDbMixin.agent_health_check' sleeping for 36.99 seconds {{(pid=104713) _run_loop /opt/stack/data/venv/lib/python3.12/site-packages/oslo_service/backend/_threading/loopingcall.py:125}}
Apr 10 18:08:12.240174 np0000164872 neutron-periodic-workers[104713]: DEBUG dbcounter [-] [104713] Writing DB stats neutron:SELECT=1 {{(pid=104713) stat_writer /opt/stack/data/venv/lib/python3.12/site-packages/dbcounter.py:115}}
Apr 10 18:08:27.226426 np0000164872 neutron-periodic-workers[104705]: DEBUG oslo.service.backend._threading.loopingcall [None req-c4dce3c6-79b9-435e-b5e5-890de862b118 None None] Fixed interval looping call 'neutron.plugins.ml2.plugin.DhcpAgentSchedulerDbMixin.remove_networks_from_down_agents' sleeping for 36.99 seconds {{(pid=104705) _run_loop /opt/stack/data/venv/lib/python3.12/site-packages/oslo_service/backend/_threading/loopingcall.py:125}}
Apr 10 18:08:35.283233 np0000164872 neutron-periodic-workers[104719]: DEBUG dbcounter [-] [104719] Writer thread running {{(pid=104719) stat_writer /opt/stack/data/venv/lib/python3.12/site-packages/dbcounter.py:102}}
Apr 10 18:08:35.285839 np0000164872 neutron-periodic-workers[104719]: DEBUG oslo.service.backend._threading.loopingcall [None req-973b49e0-c16b-484f-aede-facf766bb1dd None None] Fixed interval looping call 'neutron.db.quota.driver_nolock.DbQuotaNoLockDriver._remove_expired_reservations' sleeping for 119.98 seconds {{(pid=104719) _run_loop /opt/stack/data/venv/lib/python3.12/site-packages/oslo_service/backend/_threading/loopingcall.py:125}}
Apr 10 18:08:37.225643 np0000164872 neutron-periodic-workers[104705]: DEBUG dbcounter [-] [104705] Writing DB stats neutron:SELECT=3 {{(pid=104705) stat_writer /opt/stack/data/venv/lib/python3.12/site-packages/dbcounter.py:115}}
Apr 10 18:08:39.239131 np0000164872 neutron-periodic-workers[104713]: DEBUG neutron.db.agents_db [None req-f0ae5409-9d29-4335-b9b8-bde86e1b5259 None None] Agent healthcheck: found 0 active agents {{(pid=104713) agent_health_check /opt/stack/neutron/neutron/db/agents_db.py:317}}
Apr 10 18:08:39.239927 np0000164872 neutron-periodic-workers[104713]: DEBUG oslo.service.backend._threading.loopingcall [None req-f0ae5409-9d29-4335-b9b8-bde86e1b5259 None None] Fixed interval looping call 'neutron.plugins.ml2.plugin.AgentDbMixin.agent_health_check' sleeping for 36.99 seconds {{(pid=104713) _run_loop /opt/stack/data/venv/lib/python3.12/site-packages/oslo_service/backend/_threading/loopingcall.py:125}}
Apr 10 18:08:44.297048 np0000164872 neutron-periodic-workers[104728]: DEBUG dbcounter [-] [104728] Writer thread running {{(pid=104728) stat_writer /opt/stack/data/venv/lib/python3.12/site-packages/dbcounter.py:102}}
Apr 10 18:08:44.305538 np0000164872 neutron-periodic-workers[104728]: DEBUG oslo.service.backend._threading.loopingcall [None req-7f461733-fa97-4d5f-9a40-d3b4b955d150 None None] Fixed interval looping call 'neutron.services.ovn_l3.plugin.L3_NAT_dbonly_mixin._clean_garbage' sleeping for 299.96 seconds {{(pid=104728) _run_loop /opt/stack/data/venv/lib/python3.12/site-packages/oslo_service/backend/_threading/loopingcall.py:125}}
Apr 10 18:08:45.284038 np0000164872 neutron-periodic-workers[104719]: DEBUG dbcounter [-] [104719] Writing DB stats neutron:DELETE=1 {{(pid=104719) stat_writer /opt/stack/data/venv/lib/python3.12/site-packages/dbcounter.py:115}}
Apr 10 18:08:49.237194 np0000164872 neutron-periodic-workers[104713]: DEBUG dbcounter [-] [104713] Writing DB stats neutron:SELECT=1 {{(pid=104713) stat_writer /opt/stack/data/venv/lib/python3.12/site-packages/dbcounter.py:115}}
Apr 10 18:08:54.297567 np0000164872 neutron-periodic-workers[104728]: DEBUG dbcounter [-] [104728] Writing DB stats neutron:SELECT=1 {{(pid=104728) stat_writer /opt/stack/data/venv/lib/python3.12/site-packages/dbcounter.py:115}}
Apr 10 18:09:04.226610 np0000164872 neutron-periodic-workers[104705]: DEBUG oslo.service.backend._threading.loopingcall [None req-c4dce3c6-79b9-435e-b5e5-890de862b118 None None] Fixed interval looping call 'neutron.plugins.ml2.plugin.DhcpAgentSchedulerDbMixin.remove_networks_from_down_agents' sleeping for 36.99 seconds {{(pid=104705) _run_loop /opt/stack/data/venv/lib/python3.12/site-packages/oslo_service/backend/_threading/loopingcall.py:125}}
Apr 10 18:09:14.225537 np0000164872 neutron-periodic-workers[104705]: DEBUG dbcounter [-] [104705] Writing DB stats neutron:SELECT=3 {{(pid=104705) stat_writer /opt/stack/data/venv/lib/python3.12/site-packages/dbcounter.py:115}}
Apr 10 18:09:16.234795 np0000164872 neutron-periodic-workers[104713]: DEBUG neutron.db.agents_db [None req-f0ae5409-9d29-4335-b9b8-bde86e1b5259 None None] Agent healthcheck: found 0 active agents {{(pid=104713) agent_health_check /opt/stack/neutron/neutron/db/agents_db.py:317}}
Apr 10 18:09:16.235420 np0000164872 neutron-periodic-workers[104713]: DEBUG oslo.service.backend._threading.loopingcall [None req-f0ae5409-9d29-4335-b9b8-bde86e1b5259 None None] Fixed interval looping call 'neutron.plugins.ml2.plugin.AgentDbMixin.agent_health_check' sleeping for 36.99 seconds {{(pid=104713) _run_loop /opt/stack/data/venv/lib/python3.12/site-packages/oslo_service/backend/_threading/loopingcall.py:125}}
Apr 10 18:09:26.233095 np0000164872 neutron-periodic-workers[104713]: DEBUG dbcounter [-] [104713] Writing DB stats neutron:SELECT=1 {{(pid=104713) stat_writer /opt/stack/data/venv/lib/python3.12/site-packages/dbcounter.py:115}}
Apr 10 18:09:41.229194 np0000164872 neutron-periodic-workers[104705]: DEBUG oslo.service.backend._threading.loopingcall [None req-c4dce3c6-79b9-435e-b5e5-890de862b118 None None] Fixed interval looping call 'neutron.plugins.ml2.plugin.DhcpAgentSchedulerDbMixin.remove_networks_from_down_agents' sleeping for 36.99 seconds {{(pid=104705) _run_loop /opt/stack/data/venv/lib/python3.12/site-packages/oslo_service/backend/_threading/loopingcall.py:125}}
Apr 10 18:09:51.227480 np0000164872 neutron-periodic-workers[104705]: DEBUG dbcounter [-] [104705] Writing DB stats neutron:SELECT=3 {{(pid=104705) stat_writer /opt/stack/data/venv/lib/python3.12/site-packages/dbcounter.py:115}}
Apr 10 18:09:53.230644 np0000164872 neutron-periodic-workers[104713]: DEBUG neutron.db.agents_db [None req-f0ae5409-9d29-4335-b9b8-bde86e1b5259 None None] Agent healthcheck: found 0 active agents {{(pid=104713) agent_health_check /opt/stack/neutron/neutron/db/agents_db.py:317}}
Apr 10 18:09:53.231152 np0000164872 neutron-periodic-workers[104713]: DEBUG oslo.service.backend._threading.loopingcall [None req-f0ae5409-9d29-4335-b9b8-bde86e1b5259 None None] Fixed interval looping call 'neutron.plugins.ml2.plugin.AgentDbMixin.agent_health_check' sleeping for 36.99 seconds {{(pid=104713) _run_loop /opt/stack/data/venv/lib/python3.12/site-packages/oslo_service/backend/_threading/loopingcall.py:125}}
Apr 10 18:10:03.228787 np0000164872 neutron-periodic-workers[104713]: DEBUG dbcounter [-] [104713] Writing DB stats neutron:SELECT=1 {{(pid=104713) stat_writer /opt/stack/data/venv/lib/python3.12/site-packages/dbcounter.py:115}}
Apr 10 18:10:18.228523 np0000164872 neutron-periodic-workers[104705]: DEBUG oslo.service.backend._threading.loopingcall [None req-c4dce3c6-79b9-435e-b5e5-890de862b118 None None] Fixed interval looping call 'neutron.plugins.ml2.plugin.DhcpAgentSchedulerDbMixin.remove_networks_from_down_agents' sleeping for 36.99 seconds {{(pid=104705) _run_loop /opt/stack/data/venv/lib/python3.12/site-packages/oslo_service/backend/_threading/loopingcall.py:125}}
Apr 10 18:10:28.227552 np0000164872 neutron-periodic-workers[104705]: DEBUG dbcounter [-] [104705] Writing DB stats neutron:SELECT=3 {{(pid=104705) stat_writer /opt/stack/data/venv/lib/python3.12/site-packages/dbcounter.py:115}}
Apr 10 18:10:30.224621 np0000164872 neutron-periodic-workers[104713]: DEBUG neutron.db.agents_db [None req-f0ae5409-9d29-4335-b9b8-bde86e1b5259 None None] Agent healthcheck: found 0 active agents {{(pid=104713) agent_health_check /opt/stack/neutron/neutron/db/agents_db.py:317}}
Apr 10 18:10:30.225091 np0000164872 neutron-periodic-workers[104713]: DEBUG oslo.service.backend._threading.loopingcall [None req-f0ae5409-9d29-4335-b9b8-bde86e1b5259 None None] Fixed interval looping call 'neutron.plugins.ml2.plugin.AgentDbMixin.agent_health_check' sleeping for 37.00 seconds {{(pid=104713) _run_loop /opt/stack/data/venv/lib/python3.12/site-packages/oslo_service/backend/_threading/loopingcall.py:125}}
Apr 10 18:10:35.271212 np0000164872 neutron-periodic-workers[104719]: DEBUG oslo.service.backend._threading.loopingcall [None req-973b49e0-c16b-484f-aede-facf766bb1dd None None] Fixed interval looping call 'neutron.db.quota.driver_nolock.DbQuotaNoLockDriver._remove_expired_reservations' sleeping for 120.00 seconds {{(pid=104719) _run_loop /opt/stack/data/venv/lib/python3.12/site-packages/oslo_service/backend/_threading/loopingcall.py:125}}
Apr 10 18:10:40.223711 np0000164872 neutron-periodic-workers[104713]: DEBUG dbcounter [-] [104713] Writing DB stats neutron:SELECT=1 {{(pid=104713) stat_writer /opt/stack/data/venv/lib/python3.12/site-packages/dbcounter.py:115}}
Apr 10 18:10:45.270357 np0000164872 neutron-periodic-workers[104719]: DEBUG dbcounter [-] [104719] Writing DB stats neutron:DELETE=1 {{(pid=104719) stat_writer /opt/stack/data/venv/lib/python3.12/site-packages/dbcounter.py:115}}
Apr 10 18:10:55.227417 np0000164872 neutron-periodic-workers[104705]: DEBUG oslo.service.backend._threading.loopingcall [None req-c4dce3c6-79b9-435e-b5e5-890de862b118 None None] Fixed interval looping call 'neutron.plugins.ml2.plugin.DhcpAgentSchedulerDbMixin.remove_networks_from_down_agents' sleeping for 36.99 seconds {{(pid=104705) _run_loop /opt/stack/data/venv/lib/python3.12/site-packages/oslo_service/backend/_threading/loopingcall.py:125}}
Apr 10 18:11:05.226001 np0000164872 neutron-periodic-workers[104705]: DEBUG dbcounter [-] [104705] Writing DB stats neutron:SELECT=3 {{(pid=104705) stat_writer /opt/stack/data/venv/lib/python3.12/site-packages/dbcounter.py:115}}
Apr 10 18:11:07.229907 np0000164872 neutron-periodic-workers[104713]: DEBUG neutron.db.agents_db [None req-f0ae5409-9d29-4335-b9b8-bde86e1b5259 None None] Agent healthcheck: found 0 active agents {{(pid=104713) agent_health_check /opt/stack/neutron/neutron/db/agents_db.py:317}}
Apr 10 18:11:07.230605 np0000164872 neutron-periodic-workers[104713]: DEBUG oslo.service.backend._threading.loopingcall [None req-f0ae5409-9d29-4335-b9b8-bde86e1b5259 None None] Fixed interval looping call 'neutron.plugins.ml2.plugin.AgentDbMixin.agent_health_check' sleeping for 37.00 seconds {{(pid=104713) _run_loop /opt/stack/data/venv/lib/python3.12/site-packages/oslo_service/backend/_threading/loopingcall.py:125}}
Apr 10 18:11:17.228264 np0000164872 neutron-periodic-workers[104713]: DEBUG dbcounter [-] [104713] Writing DB stats neutron:SELECT=1 {{(pid=104713) stat_writer /opt/stack/data/venv/lib/python3.12/site-packages/dbcounter.py:115}}
Apr 10 18:11:32.226683 np0000164872 neutron-periodic-workers[104705]: DEBUG oslo.service.backend._threading.loopingcall [None req-c4dce3c6-79b9-435e-b5e5-890de862b118 None None] Fixed interval looping call 'neutron.plugins.ml2.plugin.DhcpAgentSchedulerDbMixin.remove_networks_from_down_agents' sleeping for 36.99 seconds {{(pid=104705) _run_loop /opt/stack/data/venv/lib/python3.12/site-packages/oslo_service/backend/_threading/loopingcall.py:125}}
Apr 10 18:11:42.225453 np0000164872 neutron-periodic-workers[104705]: DEBUG dbcounter [-] [104705] Writing DB stats neutron:SELECT=3 {{(pid=104705) stat_writer /opt/stack/data/venv/lib/python3.12/site-packages/dbcounter.py:115}}
Apr 10 18:11:44.235443 np0000164872 neutron-periodic-workers[104713]: DEBUG neutron.db.agents_db [None req-f0ae5409-9d29-4335-b9b8-bde86e1b5259 None None] Agent healthcheck: found 0 active agents {{(pid=104713) agent_health_check /opt/stack/neutron/neutron/db/agents_db.py:317}}
Apr 10 18:11:44.236107 np0000164872 neutron-periodic-workers[104713]: DEBUG oslo.service.backend._threading.loopingcall [None req-f0ae5409-9d29-4335-b9b8-bde86e1b5259 None None] Fixed interval looping call 'neutron.plugins.ml2.plugin.AgentDbMixin.agent_health_check' sleeping for 36.99 seconds {{(pid=104713) _run_loop /opt/stack/data/venv/lib/python3.12/site-packages/oslo_service/backend/_threading/loopingcall.py:125}}
Apr 10 18:11:54.233535 np0000164872 neutron-periodic-workers[104713]: DEBUG dbcounter [-] [104713] Writing DB stats neutron:SELECT=1 {{(pid=104713) stat_writer /opt/stack/data/venv/lib/python3.12/site-packages/dbcounter.py:115}}
Apr 10 18:12:09.225043 np0000164872 neutron-periodic-workers[104705]: DEBUG oslo.service.backend._threading.loopingcall [None req-c4dce3c6-79b9-435e-b5e5-890de862b118 None None] Fixed interval looping call 'neutron.plugins.ml2.plugin.DhcpAgentSchedulerDbMixin.remove_networks_from_down_agents' sleeping for 36.99 seconds {{(pid=104705) _run_loop /opt/stack/data/venv/lib/python3.12/site-packages/oslo_service/backend/_threading/loopingcall.py:125}}
Apr 10 18:12:19.224104 np0000164872 neutron-periodic-workers[104705]: DEBUG dbcounter [-] [104705] Writing DB stats neutron:SELECT=3 {{(pid=104705) stat_writer /opt/stack/data/venv/lib/python3.12/site-packages/dbcounter.py:115}}
Apr 10 18:12:21.231357 np0000164872 neutron-periodic-workers[104713]: DEBUG neutron.db.agents_db [None req-f0ae5409-9d29-4335-b9b8-bde86e1b5259 None None] Agent healthcheck: found 0 active agents {{(pid=104713) agent_health_check /opt/stack/neutron/neutron/db/agents_db.py:317}}
Apr 10 18:12:21.232188 np0000164872 neutron-periodic-workers[104713]: DEBUG oslo.service.backend._threading.loopingcall [None req-f0ae5409-9d29-4335-b9b8-bde86e1b5259 None None] Fixed interval looping call 'neutron.plugins.ml2.plugin.AgentDbMixin.agent_health_check' sleeping for 36.99 seconds {{(pid=104713) _run_loop /opt/stack/data/venv/lib/python3.12/site-packages/oslo_service/backend/_threading/loopingcall.py:125}}
Apr 10 18:12:31.229764 np0000164872 neutron-periodic-workers[104713]: DEBUG dbcounter [-] [104713] Writing DB stats neutron:SELECT=1 {{(pid=104713) stat_writer /opt/stack/data/venv/lib/python3.12/site-packages/dbcounter.py:115}}
Apr 10 18:12:35.275918 np0000164872 neutron-periodic-workers[104719]: DEBUG oslo.service.backend._threading.loopingcall [None req-973b49e0-c16b-484f-aede-facf766bb1dd None None] Fixed interval looping call 'neutron.db.quota.driver_nolock.DbQuotaNoLockDriver._remove_expired_reservations' sleeping for 120.00 seconds {{(pid=104719) _run_loop /opt/stack/data/venv/lib/python3.12/site-packages/oslo_service/backend/_threading/loopingcall.py:125}}
Apr 10 18:12:45.275003 np0000164872 neutron-periodic-workers[104719]: DEBUG dbcounter [-] [104719] Writing DB stats neutron:DELETE=1 {{(pid=104719) stat_writer /opt/stack/data/venv/lib/python3.12/site-packages/dbcounter.py:115}}
Apr 10 18:12:46.224527 np0000164872 neutron-periodic-workers[104705]: DEBUG oslo.service.backend._threading.loopingcall [None req-c4dce3c6-79b9-435e-b5e5-890de862b118 None None] Fixed interval looping call 'neutron.plugins.ml2.plugin.DhcpAgentSchedulerDbMixin.remove_networks_from_down_agents' sleeping for 36.99 seconds {{(pid=104705) _run_loop /opt/stack/data/venv/lib/python3.12/site-packages/oslo_service/backend/_threading/loopingcall.py:125}}
Apr 10 18:12:56.223556 np0000164872 neutron-periodic-workers[104705]: DEBUG dbcounter [-] [104705] Writing DB stats neutron:SELECT=3 {{(pid=104705) stat_writer /opt/stack/data/venv/lib/python3.12/site-packages/dbcounter.py:115}}
Apr 10 18:12:58.226682 np0000164872 neutron-periodic-workers[104713]: DEBUG neutron.db.agents_db [None req-f0ae5409-9d29-4335-b9b8-bde86e1b5259 None None] Agent healthcheck: found 0 active agents {{(pid=104713) agent_health_check /opt/stack/neutron/neutron/db/agents_db.py:317}}
Apr 10 18:12:58.227229 np0000164872 neutron-periodic-workers[104713]: DEBUG oslo.service.backend._threading.loopingcall [None req-f0ae5409-9d29-4335-b9b8-bde86e1b5259 None None] Fixed interval looping call 'neutron.plugins.ml2.plugin.AgentDbMixin.agent_health_check' sleeping for 37.00 seconds {{(pid=104713) _run_loop /opt/stack/data/venv/lib/python3.12/site-packages/oslo_service/backend/_threading/loopingcall.py:125}}
Apr 10 18:13:08.225206 np0000164872 neutron-periodic-workers[104713]: DEBUG dbcounter [-] [104713] Writing DB stats neutron:SELECT=1 {{(pid=104713) stat_writer /opt/stack/data/venv/lib/python3.12/site-packages/dbcounter.py:115}}
Apr 10 18:13:23.220318 np0000164872 neutron-periodic-workers[104705]: DEBUG oslo.service.backend._threading.loopingcall [None req-c4dce3c6-79b9-435e-b5e5-890de862b118 None None] Fixed interval looping call 'neutron.plugins.ml2.plugin.DhcpAgentSchedulerDbMixin.remove_networks_from_down_agents' sleeping for 36.99 seconds {{(pid=104705) _run_loop /opt/stack/data/venv/lib/python3.12/site-packages/oslo_service/backend/_threading/loopingcall.py:125}}
Apr 10 18:13:33.219740 np0000164872 neutron-periodic-workers[104705]: DEBUG dbcounter [-] [104705] Writing DB stats neutron:SELECT=3 {{(pid=104705) stat_writer /opt/stack/data/venv/lib/python3.12/site-packages/dbcounter.py:115}}
Apr 10 18:13:35.231322 np0000164872 neutron-periodic-workers[104713]: DEBUG neutron.db.agents_db [None req-f0ae5409-9d29-4335-b9b8-bde86e1b5259 None None] Agent healthcheck: found 0 active agents {{(pid=104713) agent_health_check /opt/stack/neutron/neutron/db/agents_db.py:317}}
Apr 10 18:13:35.232126 np0000164872 neutron-periodic-workers[104713]: DEBUG oslo.service.backend._threading.loopingcall [None req-f0ae5409-9d29-4335-b9b8-bde86e1b5259 None None] Fixed interval looping call 'neutron.plugins.ml2.plugin.AgentDbMixin.agent_health_check' sleeping for 37.00 seconds {{(pid=104713) _run_loop /opt/stack/data/venv/lib/python3.12/site-packages/oslo_service/backend/_threading/loopingcall.py:125}}
Apr 10 18:13:44.280956 np0000164872 neutron-periodic-workers[104728]: DEBUG oslo.service.backend._threading.loopingcall [None req-7f461733-fa97-4d5f-9a40-d3b4b955d150 None None] Fixed interval looping call 'neutron.services.ovn_l3.plugin.L3_NAT_dbonly_mixin._clean_garbage' sleeping for 299.99 seconds {{(pid=104728) _run_loop /opt/stack/data/venv/lib/python3.12/site-packages/oslo_service/backend/_threading/loopingcall.py:125}}
Apr 10 18:13:45.229916 np0000164872 neutron-periodic-workers[104713]: DEBUG dbcounter [-] [104713] Writing DB stats neutron:SELECT=1 {{(pid=104713) stat_writer /opt/stack/data/venv/lib/python3.12/site-packages/dbcounter.py:115}}
Apr 10 18:13:54.271841 np0000164872 neutron-periodic-workers[104728]: DEBUG dbcounter [-] [104728] Writing DB stats neutron:SELECT=1 {{(pid=104728) stat_writer /opt/stack/data/venv/lib/python3.12/site-packages/dbcounter.py:115}}
Apr 10 18:14:00.220778 np0000164872 neutron-periodic-workers[104705]: DEBUG oslo.service.backend._threading.loopingcall [None req-c4dce3c6-79b9-435e-b5e5-890de862b118 None None] Fixed interval looping call 'neutron.plugins.ml2.plugin.DhcpAgentSchedulerDbMixin.remove_networks_from_down_agents' sleeping for 36.99 seconds {{(pid=104705) _run_loop /opt/stack/data/venv/lib/python3.12/site-packages/oslo_service/backend/_threading/loopingcall.py:125}}
Apr 10 18:14:10.219695 np0000164872 neutron-periodic-workers[104705]: DEBUG dbcounter [-] [104705] Writing DB stats neutron:SELECT=3 {{(pid=104705) stat_writer /opt/stack/data/venv/lib/python3.12/site-packages/dbcounter.py:115}}
Apr 10 18:14:12.238180 np0000164872 neutron-periodic-workers[104713]: DEBUG neutron.db.agents_db [None req-f0ae5409-9d29-4335-b9b8-bde86e1b5259 None None] Agent healthcheck: found 0 active agents {{(pid=104713) agent_health_check /opt/stack/neutron/neutron/db/agents_db.py:317}}
Apr 10 18:14:12.238651 np0000164872 neutron-periodic-workers[104713]: DEBUG oslo.service.backend._threading.loopingcall [None req-f0ae5409-9d29-4335-b9b8-bde86e1b5259 None None] Fixed interval looping call 'neutron.plugins.ml2.plugin.AgentDbMixin.agent_health_check' sleeping for 36.99 seconds {{(pid=104713) _run_loop /opt/stack/data/venv/lib/python3.12/site-packages/oslo_service/backend/_threading/loopingcall.py:125}}
Apr 10 18:14:22.236077 np0000164872 neutron-periodic-workers[104713]: DEBUG dbcounter [-] [104713] Writing DB stats neutron:SELECT=1 {{(pid=104713) stat_writer /opt/stack/data/venv/lib/python3.12/site-packages/dbcounter.py:115}}
Apr 10 18:14:35.280293 np0000164872 neutron-periodic-workers[104719]: DEBUG oslo.service.backend._threading.loopingcall [None req-973b49e0-c16b-484f-aede-facf766bb1dd None None] Fixed interval looping call 'neutron.db.quota.driver_nolock.DbQuotaNoLockDriver._remove_expired_reservations' sleeping for 120.00 seconds {{(pid=104719) _run_loop /opt/stack/data/venv/lib/python3.12/site-packages/oslo_service/backend/_threading/loopingcall.py:125}}
Apr 10 18:14:37.221451 np0000164872 neutron-periodic-workers[104705]: DEBUG oslo.service.backend._threading.loopingcall [None req-c4dce3c6-79b9-435e-b5e5-890de862b118 None None] Fixed interval looping call 'neutron.plugins.ml2.plugin.DhcpAgentSchedulerDbMixin.remove_networks_from_down_agents' sleeping for 36.99 seconds {{(pid=104705) _run_loop /opt/stack/data/venv/lib/python3.12/site-packages/oslo_service/backend/_threading/loopingcall.py:125}}
Apr 10 18:14:45.279449 np0000164872 neutron-periodic-workers[104719]: DEBUG dbcounter [-] [104719] Writing DB stats neutron:DELETE=1 {{(pid=104719) stat_writer /opt/stack/data/venv/lib/python3.12/site-packages/dbcounter.py:115}}
Apr 10 18:14:47.220040 np0000164872 neutron-periodic-workers[104705]: DEBUG dbcounter [-] [104705] Writing DB stats neutron:SELECT=3 {{(pid=104705) stat_writer /opt/stack/data/venv/lib/python3.12/site-packages/dbcounter.py:115}}
Apr 10 18:14:49.233760 np0000164872 neutron-periodic-workers[104713]: DEBUG neutron.db.agents_db [None req-f0ae5409-9d29-4335-b9b8-bde86e1b5259 None None] Agent healthcheck: found 0 active agents {{(pid=104713) agent_health_check /opt/stack/neutron/neutron/db/agents_db.py:317}}
Apr 10 18:14:49.234329 np0000164872 neutron-periodic-workers[104713]: DEBUG oslo.service.backend._threading.loopingcall [None req-f0ae5409-9d29-4335-b9b8-bde86e1b5259 None None] Fixed interval looping call 'neutron.plugins.ml2.plugin.AgentDbMixin.agent_health_check' sleeping for 36.99 seconds {{(pid=104713) _run_loop /opt/stack/data/venv/lib/python3.12/site-packages/oslo_service/backend/_threading/loopingcall.py:125}}
Apr 10 18:14:59.232160 np0000164872 neutron-periodic-workers[104713]: DEBUG dbcounter [-] [104713] Writing DB stats neutron:SELECT=1 {{(pid=104713) stat_writer /opt/stack/data/venv/lib/python3.12/site-packages/dbcounter.py:115}}
Apr 10 18:15:14.219625 np0000164872 neutron-periodic-workers[104705]: DEBUG oslo.service.backend._threading.loopingcall [None req-c4dce3c6-79b9-435e-b5e5-890de862b118 None None] Fixed interval looping call 'neutron.plugins.ml2.plugin.DhcpAgentSchedulerDbMixin.remove_networks_from_down_agents' sleeping for 36.99 seconds {{(pid=104705) _run_loop /opt/stack/data/venv/lib/python3.12/site-packages/oslo_service/backend/_threading/loopingcall.py:125}}
Apr 10 18:15:24.217777 np0000164872 neutron-periodic-workers[104705]: DEBUG dbcounter [-] [104705] Writing DB stats neutron:SELECT=3 {{(pid=104705) stat_writer /opt/stack/data/venv/lib/python3.12/site-packages/dbcounter.py:115}}
Apr 10 18:15:26.227347 np0000164872 neutron-periodic-workers[104713]: DEBUG neutron.db.agents_db [None req-f0ae5409-9d29-4335-b9b8-bde86e1b5259 None None] Agent healthcheck: found 0 active agents {{(pid=104713) agent_health_check /opt/stack/neutron/neutron/db/agents_db.py:317}}
Apr 10 18:15:26.227347 np0000164872 neutron-periodic-workers[104713]: DEBUG oslo.service.backend._threading.loopingcall [None req-f0ae5409-9d29-4335-b9b8-bde86e1b5259 None None] Fixed interval looping call 'neutron.plugins.ml2.plugin.AgentDbMixin.agent_health_check' sleeping for 37.00 seconds {{(pid=104713) _run_loop /opt/stack/data/venv/lib/python3.12/site-packages/oslo_service/backend/_threading/loopingcall.py:125}}
Apr 10 18:15:36.226406 np0000164872 neutron-periodic-workers[104713]: DEBUG dbcounter [-] [104713] Writing DB stats neutron:SELECT=1 {{(pid=104713) stat_writer /opt/stack/data/venv/lib/python3.12/site-packages/dbcounter.py:115}}
Apr 10 18:15:51.218107 np0000164872 neutron-periodic-workers[104705]: DEBUG oslo.service.backend._threading.loopingcall [None req-c4dce3c6-79b9-435e-b5e5-890de862b118 None None] Fixed interval looping call 'neutron.plugins.ml2.plugin.DhcpAgentSchedulerDbMixin.remove_networks_from_down_agents' sleeping for 36.99 seconds {{(pid=104705) _run_loop /opt/stack/data/venv/lib/python3.12/site-packages/oslo_service/backend/_threading/loopingcall.py:125}}
Apr 10 18:16:01.217343 np0000164872 neutron-periodic-workers[104705]: DEBUG dbcounter [-] [104705] Writing DB stats neutron:SELECT=3 {{(pid=104705) stat_writer /opt/stack/data/venv/lib/python3.12/site-packages/dbcounter.py:115}}
Apr 10 18:16:03.232231 np0000164872 neutron-periodic-workers[104713]: DEBUG neutron.db.agents_db [None req-f0ae5409-9d29-4335-b9b8-bde86e1b5259 None None] Agent healthcheck: found 0 active agents {{(pid=104713) agent_health_check /opt/stack/neutron/neutron/db/agents_db.py:317}}
Apr 10 18:16:03.232231 np0000164872 neutron-periodic-workers[104713]: DEBUG oslo.service.backend._threading.loopingcall [None req-f0ae5409-9d29-4335-b9b8-bde86e1b5259 None None] Fixed interval looping call 'neutron.plugins.ml2.plugin.AgentDbMixin.agent_health_check' sleeping for 37.00 seconds {{(pid=104713) _run_loop /opt/stack/data/venv/lib/python3.12/site-packages/oslo_service/backend/_threading/loopingcall.py:125}}
Apr 10 18:16:13.230942 np0000164872 neutron-periodic-workers[104713]: DEBUG dbcounter [-] [104713] Writing DB stats neutron:SELECT=1 {{(pid=104713) stat_writer /opt/stack/data/venv/lib/python3.12/site-packages/dbcounter.py:115}}
