2026-04-20 18:28:00.887 8 INFO neutron.db.ovn_revision_numbers_db [None req-f813de48-0d93-46ea-bbfc-e91b82957dca 21b38a149e834429afcb575aa0813505 bd418415afbe4daf8d08c24cd41ef9e5 - - default default] Successfully bumped revision number for resource b205775f-4713-4618-a9dd-ed105a2f9619 (type: security_group_rules) to 0 [pid: 8|app: 0|req: 1213/2469] 10.0.0.38 () {32 vars in 773 bytes} [Mon Apr 20 18:28:00 2026] GET /v2.0/security-groups?tenant_id=a739b4a7291e4d74b5cc1b2e999e446a&name=default => generated 2929 bytes in 203 msecs (HTTP/1.1 200) 4 headers in 158 bytes (1 switches on core 0) [pid: 7|app: 0|req: 1257/2470] 10.0.0.38 () {32 vars in 723 bytes} [Mon Apr 20 18:28:00 2026] DELETE /v2.0/subnets/50404c3c-7470-4cd6-ac3e-8e464df9ebd4 => generated 0 bytes in 163 msecs (HTTP/1.1 204) 3 headers in 131 bytes (1 switches on core 0) [pid: 7|app: 0|req: 1258/2471] 10.0.0.38 () {32 vars in 723 bytes} [Mon Apr 20 18:28:00 2026] DELETE /v2.0/subnets/e3e4a444-b915-4064-b4aa-2e3e193faf3b => generated 0 bytes in 177 msecs (HTTP/1.1 204) 3 headers in 131 bytes (1 switches on core 0) [pid: 8|app: 0|req: 1214/2472] 10.0.0.38 () {32 vars in 739 bytes} [Mon Apr 20 18:28:00 2026] DELETE /v2.0/security-groups/b8b82709-5656-4f13-ae9d-a830e5ce8c06 => generated 0 bytes in 227 msecs (HTTP/1.1 204) 2 headers in 112 bytes (1 switches on core 0) [pid: 7|app: 0|req: 1259/2473] 10.0.0.38 () {32 vars in 723 bytes} [Mon Apr 20 18:28:01 2026] DELETE /v2.0/subnets/ce927eb4-1d3b-422b-b7b8-d441c25b5bb4 => generated 0 bytes in 160 msecs (HTTP/1.1 204) 3 headers in 131 bytes (1 switches on core 0) [pid: 8|app: 0|req: 1215/2474] 10.0.0.38 () {32 vars in 723 bytes} [Mon Apr 20 18:28:01 2026] DELETE /v2.0/subnets/85b2e953-6fab-448b-a5b5-951990e186c5 => generated 0 bytes in 165 msecs (HTTP/1.1 204) 3 headers in 131 bytes (1 switches on core 0) [pid: 7|app: 0|req: 1260/2475] 10.0.0.38 () {32 vars in 723 bytes} [Mon Apr 20 18:28:01 2026] DELETE /v2.0/subnets/5230e1bc-71b8-45d8-b061-8520912f8173 => generated 0 bytes in 174 msecs (HTTP/1.1 204) 3 headers in 131 bytes (1 switches on core 0)
2026-04-20 18:28:01.739 8 INFO neutron_taas.services.taas.taas_plugin [None req-04c64445-baea-4890-bd38-badacfcc0194 074f304ffd7f4cb9bd60d867674b2b18 455ed51a91ae483ca89766f45ff669fb - - default default] TaaS: Handle Delete Port: 08a0f9bd-4b27-43e5-bf20-c5b51f5fd016
2026-04-20 18:28:01.742 8 INFO neutron_taas.services.taas.tap_mirror_plugin [None req-04c64445-baea-4890-bd38-badacfcc0194 074f304ffd7f4cb9bd60d867674b2b18 455ed51a91ae483ca89766f45ff669fb - - default default] Tap Mirror: Handle Delete Port: 08a0f9bd-4b27-43e5-bf20-c5b51f5fd016
2026-04-20 18:28:01.939 8 INFO neutron.services.segments.plugin [-] Segment 0e186abf-f748-4b2c-9f7e-1b3c2afdc662 resource provider aggregate not found
2026-04-20 18:28:01.941 8 INFO neutron.services.segments.plugin [-] Segment 0e186abf-f748-4b2c-9f7e-1b3c2afdc662 resource provider aggregate not found
2026-04-20 18:28:01.963 8 INFO neutron.services.segments.plugin [-] Segment 0e186abf-f748-4b2c-9f7e-1b3c2afdc662 resource provider not found; error: Placement Client Error (4xx): {"errors": [{"status": 404, "title": "Not Found", "detail": "The resource could not be found.\n\n No resource provider with uuid 0e186abf-f748-4b2c-9f7e-1b3c2afdc662 found for delete ", "request_id": "req-abe11687-f17f-4a66-8b2d-190aa36ce14f"}]}
2026-04-20 18:28:01.963 8 INFO neutron.services.segments.plugin [-] Segment 0e186abf-f748-4b2c-9f7e-1b3c2afdc662 resource provider not found; error: Placement Client Error (4xx): {"errors": [{"status": 404, "title": "Not Found", "detail": "The resource could not be found.\n\n No resource provider with uuid 0e186abf-f748-4b2c-9f7e-1b3c2afdc662 found for delete ", "request_id": "req-e761bac5-fe64-44cd-8faa-5d6248b86fcd"}]} [pid: 8|app: 0|req: 1216/2476] 10.0.0.38 () {32 vars in 725 bytes} [Mon Apr 20 18:28:01 2026] DELETE /v2.0/networks/ee8b5685-4744-451f-80d6-8560e14fe6ce => generated 0 bytes in 362 msecs (HTTP/1.1 204) 3 headers in 131 bytes (1 switches on core 0)
2026-04-20 18:28:02.112 7 INFO neutron_taas.services.taas.taas_plugin [None req-27d8af5a-0cbc-44b5-af51-80ce5fa456e7 074f304ffd7f4cb9bd60d867674b2b18 455ed51a91ae483ca89766f45ff669fb - - default default] TaaS: Handle Delete Port: b726d47c-0ad6-476b-916e-f10228fb53c7
2026-04-20 18:28:02.115 7 INFO neutron_taas.services.taas.tap_mirror_plugin [None req-27d8af5a-0cbc-44b5-af51-80ce5fa456e7 074f304ffd7f4cb9bd60d867674b2b18 455ed51a91ae483ca89766f45ff669fb - - default default] Tap Mirror: Handle Delete Port: b726d47c-0ad6-476b-916e-f10228fb53c7
2026-04-20 18:28:02.328 7 INFO neutron.services.segments.plugin [-] Segment 96293a57-80e3-4423-9254-48552afa08d5 resource provider aggregate not found
2026-04-20 18:28:02.332 7 INFO neutron.services.segments.plugin [-] Segment 96293a57-80e3-4423-9254-48552afa08d5 resource provider aggregate not found
2026-04-20 18:28:02.347 7 INFO neutron.services.segments.plugin [-] Segment 96293a57-80e3-4423-9254-48552afa08d5 resource provider not found; error: Placement Client Error (4xx): {"errors": [{"status": 404, "title": "Not Found", "detail": "The resource could not be found.\n\n No resource provider with uuid 96293a57-80e3-4423-9254-48552afa08d5 found for delete ", "request_id": "req-834ea421-f410-4e41-a742-5b878c9c684f"}]}
2026-04-20 18:28:02.355 7 INFO neutron.services.segments.plugin [-] Segment 96293a57-80e3-4423-9254-48552afa08d5 resource provider not found; error: Placement Client Error (4xx): {"errors": [{"status": 404, "title": "Not Found", "detail": "The resource could not be found.\n\n No resource provider with uuid 96293a57-80e3-4423-9254-48552afa08d5 found for delete ", "request_id": "req-c80c8fd4-d2a1-4cdd-9645-182f800f77e6"}]} [pid: 7|app: 0|req: 1261/2477] 10.0.0.38 () {32 vars in 725 bytes} [Mon Apr 20 18:28:01 2026] DELETE /v2.0/networks/abc24a25-f1ff-47b5-b244-421e77ab45ad => generated 0 bytes in 384 msecs (HTTP/1.1 204) 3 headers in 131 bytes (1 switches on core 0)
2026-04-20 18:28:02.482 8 INFO neutron_taas.services.taas.taas_plugin [None req-aba2ce53-e283-4a63-a70e-c2c162cc1b4e 074f304ffd7f4cb9bd60d867674b2b18 455ed51a91ae483ca89766f45ff669fb - - default default] TaaS: Handle Delete Port: 6fd9e889-a894-40c2-897f-d17fbda21118
2026-04-20 18:28:02.484 8 INFO neutron_taas.services.taas.tap_mirror_plugin [None req-aba2ce53-e283-4a63-a70e-c2c162cc1b4e 074f304ffd7f4cb9bd60d867674b2b18 455ed51a91ae483ca89766f45ff669fb - - default default] Tap Mirror: Handle Delete Port: 6fd9e889-a894-40c2-897f-d17fbda21118 [pid: 8|app: 0|req: 1217/2478] 10.0.0.38 () {32 vars in 725 bytes} [Mon Apr 20 18:28:02 2026] DELETE /v2.0/networks/d7614216-809c-461d-8c65-e01d111093ff => generated 0 bytes in 321 msecs (HTTP/1.1 204) 3 headers in 131 bytes (1 switches on core 0)
2026-04-20 18:28:02.832 7 INFO neutron_taas.services.taas.taas_plugin [None req-b4fb089d-29da-471f-9a34-893b9dd2ce29 074f304ffd7f4cb9bd60d867674b2b18 455ed51a91ae483ca89766f45ff669fb - - default default] TaaS: Handle Delete Port: b745fd81-e6dc-4773-a747-7178c88bac54
2026-04-20 18:28:02.835 7 INFO neutron_taas.services.taas.tap_mirror_plugin [None req-b4fb089d-29da-471f-9a34-893b9dd2ce29 074f304ffd7f4cb9bd60d867674b2b18 455ed51a91ae483ca89766f45ff669fb - - default default] Tap Mirror: Handle Delete Port: b745fd81-e6dc-4773-a747-7178c88bac54 [pid: 7|app: 0|req: 1262/2479] 10.0.0.38 () {32 vars in 725 bytes} [Mon Apr 20 18:28:02 2026] DELETE /v2.0/networks/8dc02bdb-3dc8-41fc-919f-ae3916d78426 => generated 0 bytes in 324 msecs (HTTP/1.1 204) 3 headers in 131 bytes (1 switches on core 0)
2026-04-20 18:28:03.157 8 INFO neutron_taas.services.taas.taas_plugin [None req-0010b9c4-4242-492c-a8c4-dfd57f48d87e 074f304ffd7f4cb9bd60d867674b2b18 455ed51a91ae483ca89766f45ff669fb - - default default] TaaS: Handle Delete Port: bf91c6c6-4044-4b72-9a4e-90112b503278
2026-04-20 18:28:03.160 8 INFO neutron_taas.services.taas.tap_mirror_plugin [None req-0010b9c4-4242-492c-a8c4-dfd57f48d87e 074f304ffd7f4cb9bd60d867674b2b18 455ed51a91ae483ca89766f45ff669fb - - default default] Tap Mirror: Handle Delete Port: bf91c6c6-4044-4b72-9a4e-90112b503278 [pid: 8|app: 0|req: 1218/2480] 10.0.0.38 () {32 vars in 725 bytes} [Mon Apr 20 18:28:03 2026] DELETE /v2.0/networks/35cbe693-df15-4805-8351-11ee4ed25b9a => generated 0 bytes in 337 msecs (HTTP/1.1 204) 3 headers in 131 bytes (1 switches on core 0)
2026-04-20 18:28:03.986 8 INFO neutron.services.segments.plugin [-] Segment 3383a080-2086-4ad6-ae71-0febf59fa874 resource provider aggregate not found
2026-04-20 18:28:03.995 8 INFO neutron.services.segments.plugin [-] Segment 3383a080-2086-4ad6-ae71-0febf59fa874 resource provider aggregate not found
2026-04-20 18:28:04.002 8 INFO neutron.services.segments.plugin [-] Segment 3383a080-2086-4ad6-ae71-0febf59fa874 resource provider not found; error: Placement Client Error (4xx): {"errors": [{"status": 404, "title": "Not Found", "detail": "The resource could not be found.\n\n No resource provider with uuid 3383a080-2086-4ad6-ae71-0febf59fa874 found for delete ", "request_id": "req-5ed367fb-1e3c-4675-8823-0301e3f9c705"}]}
2026-04-20 18:28:04.017 8 INFO neutron.services.segments.plugin [-] Segment e406f258-c10c-4002-98a9-5ddf83151b42 resource provider aggregate not found
2026-04-20 18:28:04.021 8 INFO neutron.services.segments.plugin [-] Segment 3383a080-2086-4ad6-ae71-0febf59fa874 resource provider not found; error: Placement Client Error (4xx): {"errors": [{"status": 404, "title": "Not Found", "detail": "The resource could not be found.\n\n No resource provider with uuid 3383a080-2086-4ad6-ae71-0febf59fa874 found for delete ", "request_id": "req-fb6371b3-afe1-4b56-a1d4-b0c6abf1cf30"}]}
2026-04-20 18:28:04.038 8 INFO neutron.services.segments.plugin [-] Segment e406f258-c10c-4002-98a9-5ddf83151b42 resource provider aggregate not found
2026-04-20 18:28:04.043 8 INFO neutron.services.segments.plugin [-] Segment e406f258-c10c-4002-98a9-5ddf83151b42 resource provider not found; error: Placement Client Error (4xx): {"errors": [{"status": 404, "title": "Not Found", "detail": "The resource could not be found.\n\n No resource provider with uuid e406f258-c10c-4002-98a9-5ddf83151b42 found for delete ", "request_id": "req-05792fbe-a68c-4759-ae55-99e3e7fe3f55"}]}
2026-04-20 18:28:04.053 8 INFO neutron.services.segments.plugin [-] Segment e406f258-c10c-4002-98a9-5ddf83151b42 resource provider not found; error: Placement Client Error (4xx): {"errors": [{"status": 404, "title": "Not Found", "detail": "The resource could not be found.\n\n No resource provider with uuid e406f258-c10c-4002-98a9-5ddf83151b42 found for delete ", "request_id": "req-0f2c7c60-1968-4956-8792-f165d82221c4"}]}
2026-04-20 18:28:04.333 7 INFO neutron.db.ovn_revision_numbers_db [None req-78a46c5e-4906-4fc2-bad6-69e530290d48 21b38a149e834429afcb575aa0813505 bd418415afbe4daf8d08c24cd41ef9e5 - - default default] Successfully bumped revision number for resource 27334c8c-17a8-4cf0-b85e-b48787f3963d (type: security_groups) to 1
2026-04-20 18:28:04.345 7 INFO neutron.db.ovn_revision_numbers_db [None req-78a46c5e-4906-4fc2-bad6-69e530290d48 21b38a149e834429afcb575aa0813505 bd418415afbe4daf8d08c24cd41ef9e5 - - default default] Successfully bumped revision number for resource 940409c0-ef2a-4a08-81ec-af19aa0eb4f7 (type: security_group_rules) to 0
2026-04-20 18:28:04.365 7 INFO neutron.db.ovn_revision_numbers_db [None req-78a46c5e-4906-4fc2-bad6-69e530290d48 21b38a149e834429afcb575aa0813505 bd418415afbe4daf8d08c24cd41ef9e5 - - default default] Successfully bumped revision number for resource 992e2de8-f0d7-4996-a357-fc0336748e66 (type: security_group_rules) to 0
2026-04-20 18:28:04.368 7 INFO neutron.services.segments.plugin [-] Segment 9a1f8dc0-245e-494d-aa79-1d35519839e0 resource provider aggregate not found
2026-04-20 18:28:04.375 7 INFO neutron.services.segments.plugin [-] Segment 9a1f8dc0-245e-494d-aa79-1d35519839e0 resource provider aggregate not found
2026-04-20 18:28:04.385 7 INFO neutron.db.ovn_revision_numbers_db [None req-78a46c5e-4906-4fc2-bad6-69e530290d48 21b38a149e834429afcb575aa0813505 bd418415afbe4daf8d08c24cd41ef9e5 - - default default] Successfully bumped revision number for resource c0687705-67a7-4693-b479-7eb3e60dcd65 (type: security_group_rules) to 0
2026-04-20 18:28:04.387 7 INFO neutron.services.segments.plugin [-] Segment 9a1f8dc0-245e-494d-aa79-1d35519839e0 resource provider not found; error: Placement Client Error (4xx): {"errors": [{"status": 404, "title": "Not Found", "detail": "The resource could not be found.\n\n No resource provider with uuid 9a1f8dc0-245e-494d-aa79-1d35519839e0 found for delete ", "request_id": "req-376c9ec6-587e-4123-b618-c74c346cfc77"}]}
2026-04-20 18:28:04.388 7 INFO neutron.services.segments.plugin [-] Segment 9a1f8dc0-245e-494d-aa79-1d35519839e0 resource provider not found; error: Placement Client Error (4xx): {"errors": [{"status": 404, "title": "Not Found", "detail": "The resource could not be found.\n\n No resource provider with uuid 9a1f8dc0-245e-494d-aa79-1d35519839e0 found for delete ", "request_id": "req-66b3611f-c5b0-4aff-916d-903d974e6969"}]}
2026-04-20 18:28:04.399 7 INFO neutron.db.ovn_revision_numbers_db [None req-78a46c5e-4906-4fc2-bad6-69e530290d48 21b38a149e834429afcb575aa0813505 bd418415afbe4daf8d08c24cd41ef9e5 - - default default] Successfully bumped revision number for resource e928da86-4789-4823-9c58-9341d3af0aaa (type: security_group_rules) to 0 [pid: 7|app: 0|req: 1263/2481] 10.0.0.38 () {32 vars in 773 bytes} [Mon Apr 20 18:28:04 2026] GET /v2.0/security-groups?tenant_id=e6b0080588fc4e9fa99644fc7f612064&name=default => generated 2929 bytes in 333 msecs (HTTP/1.1 200) 4 headers in 158 bytes (1 switches on core 0)
2026-04-20 18:28:04.512 8 INFO neutron.db.ovn_revision_numbers_db [None req-9982fd46-c549-4e92-bc27-748196f0702f ac18ae348b9f4e7ba23788edeb130616 c33c557e653141cc8d7099b080984a85 - - default default] Successfully bumped revision number for resource ca4526de-83ab-4ab8-8c87-1650bc4637ad (type: security_groups) to 1
2026-04-20 18:28:04.524 8 INFO neutron.db.ovn_revision_numbers_db [None req-9982fd46-c549-4e92-bc27-748196f0702f ac18ae348b9f4e7ba23788edeb130616 c33c557e653141cc8d7099b080984a85 - - default default] Successfully bumped revision number for resource 28469079-8aa4-4dc7-ad29-c1a6701b9672 (type: security_group_rules) to 0
2026-04-20 18:28:04.534 8 INFO neutron.db.ovn_revision_numbers_db [None req-9982fd46-c549-4e92-bc27-748196f0702f ac18ae348b9f4e7ba23788edeb130616 c33c557e653141cc8d7099b080984a85 - - default default] Successfully bumped revision number for resource 35910977-3631-46eb-b423-329ec0aba2fa (type: security_group_rules) to 0
2026-04-20 18:28:04.547 8 INFO neutron.db.ovn_revision_numbers_db [None req-9982fd46-c549-4e92-bc27-748196f0702f ac18ae348b9f4e7ba23788edeb130616 c33c557e653141cc8d7099b080984a85 - - default default] Successfully bumped revision number for resource 41303ed6-4b05-4b91-b20a-bc52598c29a0 (type: security_group_rules) to 0
2026-04-20 18:28:04.564 8 INFO neutron.db.ovn_revision_numbers_db [None req-9982fd46-c549-4e92-bc27-748196f0702f ac18ae348b9f4e7ba23788edeb130616 c33c557e653141cc8d7099b080984a85 - - default default] Successfully bumped revision number for resource 8ce8a99e-122e-4867-ad72-7531fe39e6a3 (type: security_group_rules) to 0
2026-04-20 18:28:04.650 8 INFO neutron.db.segments_db [None req-9982fd46-c549-4e92-bc27-748196f0702f ac18ae348b9f4e7ba23788edeb130616 c33c557e653141cc8d7099b080984a85 - - default default] Added segment 7b82a7a3-a236-4e5a-ab9b-81689220b852 of type geneve for network 0e695b20-8f5d-43f4-b986-42ae52f94c0c [pid: 7|app: 0|req: 1264/2482] 10.0.0.38 () {32 vars in 739 bytes} [Mon Apr 20 18:28:04 2026] DELETE /v2.0/security-groups/27334c8c-17a8-4cf0-b85e-b48787f3963d => generated 0 bytes in 228 msecs (HTTP/1.1 204) 2 headers in 112 bytes (1 switches on core 0)
2026-04-20 18:28:04.769 8 INFO neutron.db.ovn_revision_numbers_db [None req-9982fd46-c549-4e92-bc27-748196f0702f ac18ae348b9f4e7ba23788edeb130616 c33c557e653141cc8d7099b080984a85 - - default default] Successfully bumped revision number for resource 0e695b20-8f5d-43f4-b986-42ae52f94c0c (type: networks) to 1
2026-04-20 18:28:04.897 7 INFO neutron.db.ovn_revision_numbers_db [None req-9df99d96-ca20-49b1-92e0-f250764d63d6 21b38a149e834429afcb575aa0813505 bd418415afbe4daf8d08c24cd41ef9e5 - - default default] Successfully bumped revision number for resource 276c77ec-42dd-4cf8-a552-d916c6afb38d (type: security_groups) to 1
2026-04-20 18:28:04.907 7 INFO neutron.db.ovn_revision_numbers_db [None req-9df99d96-ca20-49b1-92e0-f250764d63d6 21b38a149e834429afcb575aa0813505 bd418415afbe4daf8d08c24cd41ef9e5 - - default default] Successfully bumped revision number for resource 3ca98a43-8867-4c18-91cf-41ecc81def87 (type: security_group_rules) to 0
2026-04-20 18:28:04.919 7 INFO neutron.db.ovn_revision_numbers_db [None req-9df99d96-ca20-49b1-92e0-f250764d63d6 21b38a149e834429afcb575aa0813505 bd418415afbe4daf8d08c24cd41ef9e5 - - default default] Successfully bumped revision number for resource 7a5beecb-7cb7-4299-bad5-7bf019d49eef (type: security_group_rules) to 0
2026-04-20 18:28:04.934 7 INFO neutron.db.ovn_revision_numbers_db [None req-9df99d96-ca20-49b1-92e0-f250764d63d6 21b38a149e834429afcb575aa0813505 bd418415afbe4daf8d08c24cd41ef9e5 - - default default] Successfully bumped revision number for resource 91843399-8d85-4bb7-a0a7-4543693cb371 (type: security_group_rules) to 0
2026-04-20 18:28:04.947 7 INFO neutron.db.ovn_revision_numbers_db [None req-9df99d96-ca20-49b1-92e0-f250764d63d6 21b38a149e834429afcb575aa0813505 bd418415afbe4daf8d08c24cd41ef9e5 - - default default] Successfully bumped revision number for resource d245602e-2503-489f-9273-1af412f9ee41 (type: security_group_rules) to 0
2026-04-20 18:28:04.959 8 WARNING neutron.scheduler.dhcp_agent_scheduler [None req-9982fd46-c549-4e92-bc27-748196f0702f ac18ae348b9f4e7ba23788edeb130616 c33c557e653141cc8d7099b080984a85 - - default default] No more DHCP agents
2026-04-20 18:28:04.961 8 WARNING neutron.api.rpc.agentnotifiers.dhcp_rpc_agent_api [None req-9982fd46-c549-4e92-bc27-748196f0702f ac18ae348b9f4e7ba23788edeb130616 c33c557e653141cc8d7099b080984a85 - - default default] Unable to schedule network 0e695b20-8f5d-43f4-b986-42ae52f94c0c: no agents available; will retry on subsequent port and subnet creation events. [pid: 7|app: 0|req: 1265/2483] 10.0.0.38 () {32 vars in 773 bytes} [Mon Apr 20 18:28:04 2026] GET /v2.0/security-groups?tenant_id=ec95c8bc59ba4e709fc2a9a7f45e1ad7&name=default => generated 2929 bytes in 223 msecs (HTTP/1.1 200) 4 headers in 158 bytes (1 switches on core 0)
2026-04-20 18:28:05.011 8 INFO neutron.plugins.ml2.drivers.ovn.mech_driver.mech_driver [None req-61234a2f-a740-49fd-b31f-43b7820dc18a - - - - - -] OVN reports status down for port: bda0dcda-95cd-40de-bb24-dc7bacb0d773
2026-04-20 18:28:05.062 8 INFO neutron.db.ovn_revision_numbers_db [None req-9982fd46-c549-4e92-bc27-748196f0702f ac18ae348b9f4e7ba23788edeb130616 c33c557e653141cc8d7099b080984a85 - - default default] Successfully bumped revision number for resource bda0dcda-95cd-40de-bb24-dc7bacb0d773 (type: ports) to 1 [pid: 8|app: 0|req: 1219/2484] 10.0.0.38 () {34 vars in 669 bytes} [Mon Apr 20 18:28:04 2026] POST /v2.0/networks => generated 645 bytes in 796 msecs (HTTP/1.1 201) 4 headers in 162 bytes (1 switches on core 0) [pid: 7|app: 0|req: 1266/2485] 10.0.0.38 () {32 vars in 739 bytes} [Mon Apr 20 18:28:04 2026] DELETE /v2.0/security-groups/276c77ec-42dd-4cf8-a552-d916c6afb38d => generated 0 bytes in 238 msecs (HTTP/1.1 204) 2 headers in 112 bytes (1 switches on core 0)
2026-04-20 18:28:05.315 8 WARNING neutron.scheduler.dhcp_agent_scheduler [None req-430a87bc-6f8e-4226-9cbd-6593d0fe58b6 ac18ae348b9f4e7ba23788edeb130616 c33c557e653141cc8d7099b080984a85 - - default default] No more DHCP agents
2026-04-20 18:28:05.318 8 WARNING neutron.api.rpc.agentnotifiers.dhcp_rpc_agent_api [None req-430a87bc-6f8e-4226-9cbd-6593d0fe58b6 ac18ae348b9f4e7ba23788edeb130616 c33c557e653141cc8d7099b080984a85 - - default default] Unable to schedule network 0e695b20-8f5d-43f4-b986-42ae52f94c0c: no agents available; will retry on subsequent port and subnet creation events. [pid: 7|app: 0|req: 1267/2486] 10.0.0.38 () {32 vars in 773 bytes} [Mon Apr 20 18:28:05 2026] GET /v2.0/security-groups?tenant_id=455ed51a91ae483ca89766f45ff669fb&name=default => generated 2929 bytes in 29 msecs (HTTP/1.1 200) 4 headers in 158 bytes (1 switches on core 0) [pid: 7|app: 0|req: 1268/2487] 10.0.0.38 () {32 vars in 739 bytes} [Mon Apr 20 18:28:05 2026] DELETE /v2.0/security-groups/43d3c028-85e3-44c3-a059-a1cecf316302 => generated 0 bytes in 228 msecs (HTTP/1.1 204) 2 headers in 112 bytes (1 switches on core 0)
2026-04-20 18:28:05.770 8 INFO neutron.db.ovn_revision_numbers_db [None req-6f54ca6c-cb4b-4559-94cd-e38f19abc59d - - - - - -] Successfully bumped revision number for resource bda0dcda-95cd-40de-bb24-dc7bacb0d773 (type: ports) to 2
2026-04-20 18:28:05.809 8 INFO neutron.db.ovn_revision_numbers_db [None req-6f54ca6c-cb4b-4559-94cd-e38f19abc59d - - - - - -] Successfully bumped revision number for resource 3e2d4288-2626-43f4-9bac-fa17d0083a0c (type: subnets) to 0 [pid: 8|app: 0|req: 1220/2488] 10.0.0.38 () {34 vars in 668 bytes} [Mon Apr 20 18:28:05 2026] POST /v2.0/subnets => generated 626 bytes in 704 msecs (HTTP/1.1 201) 4 headers in 162 bytes (1 switches on core 0)
2026-04-20 18:28:06.207 7 WARNING neutron.scheduler.dhcp_agent_scheduler [None req-5b522652-b6c8-4f19-ba71-d17d6bd1a01a ac18ae348b9f4e7ba23788edeb130616 c33c557e653141cc8d7099b080984a85 - - default default] No more DHCP agents
2026-04-20 18:28:06.208 7 WARNING neutron.api.rpc.agentnotifiers.dhcp_rpc_agent_api [None req-5b522652-b6c8-4f19-ba71-d17d6bd1a01a ac18ae348b9f4e7ba23788edeb130616 c33c557e653141cc8d7099b080984a85 - - default default] Unable to schedule network 1d2ba0a4-0579-443c-9885-fa4d1a399891: no agents available; will retry on subsequent port and subnet creation events.
2026-04-20 18:28:06.306 7 INFO neutron.plugins.ml2.drivers.ovn.mech_driver.mech_driver [None req-995f0736-15b8-4d37-b8e1-b97ff5960152 - - - - - -] OVN reports status down for port: 16285f48-1a1f-4a39-8b20-5c7679a3b143
2026-04-20 18:28:06.358 7 INFO neutron.db.ovn_revision_numbers_db [None req-5b522652-b6c8-4f19-ba71-d17d6bd1a01a ac18ae348b9f4e7ba23788edeb130616 c33c557e653141cc8d7099b080984a85 - - default default] Successfully bumped revision number for resource 16285f48-1a1f-4a39-8b20-5c7679a3b143 (type: ports) to 1
2026-04-20 18:28:06.930 7 INFO neutron.plugins.ml2.drivers.ovn.mech_driver.ovsdb.commands [None req-dbc1fd5d-a78e-4d6a-8c82-d7f4a61c5a3d - - - - - -] Schedule LRP lrp-16285f48-1a1f-4a39-8b20-5c7679a3b143 on gateway 1ffba0bb-05a6-4928-b5d7-1b77b58f31c8 with priority 1
2026-04-20 18:28:06.972 7 INFO neutron.plugins.ml2.drivers.ovn.mech_driver.mech_driver [None req-995f0736-15b8-4d37-b8e1-b97ff5960152 - - - - - -] OVN reports status up for port: 16285f48-1a1f-4a39-8b20-5c7679a3b143
2026-04-20 18:28:06.997 7 INFO neutron.plugins.ml2.plugin [None req-995f0736-15b8-4d37-b8e1-b97ff5960152 - - - - - -] Attempt 1 to provision port 16285f48-1a1f-4a39-8b20-5c7679a3b143
2026-04-20 18:28:07.020 7 INFO neutron.db.ovn_revision_numbers_db [None req-5b522652-b6c8-4f19-ba71-d17d6bd1a01a ac18ae348b9f4e7ba23788edeb130616 c33c557e653141cc8d7099b080984a85 - - default default] Successfully bumped revision number for resource 16285f48-1a1f-4a39-8b20-5c7679a3b143 (type: router_ports) to 1
2026-04-20 18:28:07.120 7 INFO neutron.db.ovn_revision_numbers_db [None req-5b522652-b6c8-4f19-ba71-d17d6bd1a01a ac18ae348b9f4e7ba23788edeb130616 c33c557e653141cc8d7099b080984a85 - - default default] Successfully bumped revision number for resource 13b77368-573d-464c-8fbb-3ab5e7ecdcf8 (type: routers) to 2 [pid: 7|app: 0|req: 1269/2489] 10.0.0.38 () {34 vars in 668 bytes} [Mon Apr 20 18:28:05 2026] POST /v2.0/routers => generated 935 bytes in 1307 msecs (HTTP/1.1 201) 4 headers in 162 bytes (1 switches on core 0)
2026-04-20 18:28:07.658 8 WARNING neutron.scheduler.dhcp_agent_scheduler [None req-81d6fd11-dadf-4309-9e43-9e3df3079350 ac18ae348b9f4e7ba23788edeb130616 c33c557e653141cc8d7099b080984a85 - - default default] No more DHCP agents
2026-04-20 18:28:07.659 8 WARNING neutron.api.rpc.agentnotifiers.dhcp_rpc_agent_api [None req-81d6fd11-dadf-4309-9e43-9e3df3079350 ac18ae348b9f4e7ba23788edeb130616 c33c557e653141cc8d7099b080984a85 - - default default] Unable to schedule network 0e695b20-8f5d-43f4-b986-42ae52f94c0c: no agents available; will retry on subsequent port and subnet creation events.
2026-04-20 18:28:07.794 8 INFO neutron.db.ovn_revision_numbers_db [None req-81d6fd11-dadf-4309-9e43-9e3df3079350 ac18ae348b9f4e7ba23788edeb130616 c33c557e653141cc8d7099b080984a85 - - default default] Successfully bumped revision number for resource 901d9606-3f81-46f1-94ec-0587077fc7a1 (type: ports) to 1
2026-04-20 18:28:08.464 8 WARNING neutron.scheduler.dhcp_agent_scheduler [None req-81d6fd11-dadf-4309-9e43-9e3df3079350 ac18ae348b9f4e7ba23788edeb130616 c33c557e653141cc8d7099b080984a85 - - default default] No more DHCP agents
2026-04-20 18:28:08.465 8 WARNING neutron.api.rpc.agentnotifiers.dhcp_rpc_agent_api [None req-81d6fd11-dadf-4309-9e43-9e3df3079350 ac18ae348b9f4e7ba23788edeb130616 c33c557e653141cc8d7099b080984a85 - - default default] Unable to schedule network 0e695b20-8f5d-43f4-b986-42ae52f94c0c: no agents available; will retry on subsequent port and subnet creation events.
2026-04-20 18:28:08.778 8 INFO neutron.db.ovn_revision_numbers_db [None req-81d6fd11-dadf-4309-9e43-9e3df3079350 ac18ae348b9f4e7ba23788edeb130616 c33c557e653141cc8d7099b080984a85 - - default default] Successfully bumped revision number for resource 901d9606-3f81-46f1-94ec-0587077fc7a1 (type: router_ports) to 1 [pid: 8|app: 0|req: 1221/2490] 10.0.0.38 () {34 vars in 782 bytes} [Mon Apr 20 18:28:07 2026] PUT /v2.0/routers/13b77368-573d-464c-8fbb-3ab5e7ecdcf8/add_router_interface => generated 309 bytes in 1640 msecs (HTTP/1.1 200) 4 headers in 157 bytes (1 switches on core 0)
2026-04-20 18:28:09.445 7 WARNING neutron.scheduler.dhcp_agent_scheduler [None req-5fa34c27-0c8e-48cb-91af-00dbef5f9774 - - - - - -] No more DHCP agents
2026-04-20 18:28:09.446 7 WARNING neutron.api.rpc.agentnotifiers.dhcp_rpc_agent_api [None req-5fa34c27-0c8e-48cb-91af-00dbef5f9774 - - - - - -] Unable to schedule network 1d2ba0a4-0579-443c-9885-fa4d1a399891: no agents available; will retry on subsequent port and subnet creation events.
2026-04-20 18:28:09.554 8 INFO neutron.plugins.ml2.drivers.ovn.mech_driver.mech_driver [None req-61234a2f-a740-49fd-b31f-43b7820dc18a - - - - - -] OVN reports status down for port: 16219d22-cf0c-4f56-b6c2-6ce92d4875d4
2026-04-20 18:28:09.583 7 INFO neutron.db.ovn_revision_numbers_db [None req-5fa34c27-0c8e-48cb-91af-00dbef5f9774 - - - - - -] Successfully bumped revision number for resource 16219d22-cf0c-4f56-b6c2-6ce92d4875d4 (type: ports) to 1
2026-04-20 18:28:09.831 7 INFO neutron.db.ovn_revision_numbers_db [None req-5fa34c27-0c8e-48cb-91af-00dbef5f9774 - - - - - -] Successfully bumped revision number for resource 16219d22-cf0c-4f56-b6c2-6ce92d4875d4 (type: ports) to 3
2026-04-20 18:28:09.887 7 INFO neutron.db.segments_db [None req-5fa34c27-0c8e-48cb-91af-00dbef5f9774 - - - - - -] Added segment de2fa230-b57d-4ff6-9ff5-808cd6930509 of type geneve for network 2d6b2002-7217-4ae4-8ff4-b607a99f49bf
2026-04-20 18:28:09.941 8 INFO neutron.db.ovn_revision_numbers_db [None req-f166834a-ce25-4eca-a48c-f88a674bb9e3 df745fae214f4614b2c3364204a6d570 a994d3034b524b66a35d2cd90d64fd18 - - default default] Successfully bumped revision number for resource 47a8226e-6dae-4534-923d-dbcffcbf967e (type: security_groups) to 1
2026-04-20 18:28:09.954 8 INFO neutron.db.ovn_revision_numbers_db [None req-f166834a-ce25-4eca-a48c-f88a674bb9e3 df745fae214f4614b2c3364204a6d570 a994d3034b524b66a35d2cd90d64fd18 - - default default] Successfully bumped revision number for resource 1f63e454-3831-4936-a523-539f655182b1 (type: security_group_rules) to 0
2026-04-20 18:28:09.966 8 INFO neutron.db.ovn_revision_numbers_db [None req-f166834a-ce25-4eca-a48c-f88a674bb9e3 df745fae214f4614b2c3364204a6d570 a994d3034b524b66a35d2cd90d64fd18 - - default default] Successfully bumped revision number for resource 8b23580f-0d06-4b0d-b1f9-8520808dd3f9 (type: security_group_rules) to 0
2026-04-20 18:28:09.979 8 INFO neutron.db.ovn_revision_numbers_db [None req-f166834a-ce25-4eca-a48c-f88a674bb9e3 df745fae214f4614b2c3364204a6d570 a994d3034b524b66a35d2cd90d64fd18 - - default default] Successfully bumped revision number for resource 8e6acbdb-ebc6-4e27-bbbc-3c0cc3579950 (type: security_group_rules) to 0
2026-04-20 18:28:09.995 8 INFO neutron.db.ovn_revision_numbers_db [None req-f166834a-ce25-4eca-a48c-f88a674bb9e3 df745fae214f4614b2c3364204a6d570 a994d3034b524b66a35d2cd90d64fd18 - - default default] Successfully bumped revision number for resource ba02b7fa-1f1a-4ad4-9b97-11ce253fa030 (type: security_group_rules) to 0
2026-04-20 18:28:10.028 7 INFO neutron.db.ovn_revision_numbers_db [None req-d1ae6ad3-027c-4904-a7d9-e58849bdf9cf - - - - - -] Successfully bumped revision number for resource 2d6b2002-7217-4ae4-8ff4-b607a99f49bf (type: networks) to 1
2026-04-20 18:28:10.077 8 INFO neutron.db.segments_db [None req-f166834a-ce25-4eca-a48c-f88a674bb9e3 df745fae214f4614b2c3364204a6d570 a994d3034b524b66a35d2cd90d64fd18 - - default default] Added segment 041495b8-9d80-4acd-92a4-7bdc9ec49a8e of type geneve for network 60123b76-13bb-441c-8925-5f75577604af
2026-04-20 18:28:10.157 7 WARNING neutron.scheduler.dhcp_agent_scheduler [None req-d1ae6ad3-027c-4904-a7d9-e58849bdf9cf - - - - - -] No more DHCP agents
2026-04-20 18:28:10.158 7 WARNING neutron.api.rpc.agentnotifiers.dhcp_rpc_agent_api [None req-d1ae6ad3-027c-4904-a7d9-e58849bdf9cf - - - - - -] Unable to schedule network 2d6b2002-7217-4ae4-8ff4-b607a99f49bf: no agents available; will retry on subsequent port and subnet creation events.
2026-04-20 18:28:10.185 8 INFO neutron.db.ovn_revision_numbers_db [None req-f166834a-ce25-4eca-a48c-f88a674bb9e3 df745fae214f4614b2c3364204a6d570 a994d3034b524b66a35d2cd90d64fd18 - - default default] Successfully bumped revision number for resource 60123b76-13bb-441c-8925-5f75577604af (type: networks) to 1
2026-04-20 18:28:10.225 7 INFO neutron.db.ovn_revision_numbers_db [None req-d1ae6ad3-027c-4904-a7d9-e58849bdf9cf - - - - - -] Successfully bumped revision number for resource a0509763-2376-4b17-ac5b-ffbf797d9776 (type: ports) to 1
2026-04-20 18:28:10.227 8 INFO neutron.plugins.ml2.drivers.ovn.mech_driver.mech_driver [None req-61234a2f-a740-49fd-b31f-43b7820dc18a - - - - - -] OVN reports status down for port: a0509763-2376-4b17-ac5b-ffbf797d9776
2026-04-20 18:28:10.312 7 WARNING neutron.scheduler.dhcp_agent_scheduler [None req-d1ae6ad3-027c-4904-a7d9-e58849bdf9cf - - - - - -] No more DHCP agents
2026-04-20 18:28:10.313 7 WARNING neutron.api.rpc.agentnotifiers.dhcp_rpc_agent_api [None req-d1ae6ad3-027c-4904-a7d9-e58849bdf9cf - - - - - -] Unable to schedule network 2d6b2002-7217-4ae4-8ff4-b607a99f49bf: no agents available; will retry on subsequent port and subnet creation events.
2026-04-20 18:28:10.334 7 INFO neutron.db.ovn_revision_numbers_db [None req-d1ae6ad3-027c-4904-a7d9-e58849bdf9cf - - - - - -] Successfully bumped revision number for resource b31c4f3d-d210-493c-adef-0005cce9ff4c (type: subnets) to 0
2026-04-20 18:28:10.409 8 WARNING neutron.scheduler.dhcp_agent_scheduler [None req-f166834a-ce25-4eca-a48c-f88a674bb9e3 df745fae214f4614b2c3364204a6d570 a994d3034b524b66a35d2cd90d64fd18 - - default default] No more DHCP agents
2026-04-20 18:28:10.410 8 WARNING neutron.api.rpc.agentnotifiers.dhcp_rpc_agent_api [None req-f166834a-ce25-4eca-a48c-f88a674bb9e3 df745fae214f4614b2c3364204a6d570 a994d3034b524b66a35d2cd90d64fd18 - - default default] Unable to schedule network 60123b76-13bb-441c-8925-5f75577604af: no agents available; will retry on subsequent port and subnet creation events.
2026-04-20 18:28:10.455 8 INFO neutron.plugins.ml2.drivers.ovn.mech_driver.mech_driver [None req-61234a2f-a740-49fd-b31f-43b7820dc18a - - - - - -] OVN reports status down for port: c63b6fbd-f7a1-4826-9944-1a9283da94c6
2026-04-20 18:28:10.508 8 INFO neutron.db.ovn_revision_numbers_db [None req-f166834a-ce25-4eca-a48c-f88a674bb9e3 df745fae214f4614b2c3364204a6d570 a994d3034b524b66a35d2cd90d64fd18 - - default default] Successfully bumped revision number for resource c63b6fbd-f7a1-4826-9944-1a9283da94c6 (type: ports) to 1 [pid: 8|app: 0|req: 1222/2491] 10.0.0.38 () {34 vars in 669 bytes} [Mon Apr 20 18:28:09 2026] POST /v2.0/networks => generated 650 bytes in 939 msecs (HTTP/1.1 201) 4 headers in 162 bytes (1 switches on core 0)
2026-04-20 18:28:10.743 7 WARNING neutron.scheduler.dhcp_agent_scheduler [None req-d1ae6ad3-027c-4904-a7d9-e58849bdf9cf - - - - - -] No more DHCP agents
2026-04-20 18:28:10.745 7 WARNING neutron.api.rpc.agentnotifiers.dhcp_rpc_agent_api [None req-d1ae6ad3-027c-4904-a7d9-e58849bdf9cf - - - - - -] Unable to schedule network 2d6b2002-7217-4ae4-8ff4-b607a99f49bf: no agents available; will retry on subsequent port and subnet creation events.
2026-04-20 18:28:10.766 8 WARNING neutron.scheduler.dhcp_agent_scheduler [None req-2e344e66-8e45-403b-ab91-98e92fde0d97 df745fae214f4614b2c3364204a6d570 a994d3034b524b66a35d2cd90d64fd18 - - default default] No more DHCP agents
2026-04-20 18:28:10.767 8 WARNING neutron.api.rpc.agentnotifiers.dhcp_rpc_agent_api [None req-2e344e66-8e45-403b-ab91-98e92fde0d97 df745fae214f4614b2c3364204a6d570 a994d3034b524b66a35d2cd90d64fd18 - - default default] Unable to schedule network 60123b76-13bb-441c-8925-5f75577604af: no agents available; will retry on subsequent port and subnet creation events.
2026-04-20 18:28:10.819 8 INFO neutron.plugins.ml2.drivers.ovn.mech_driver.mech_driver [None req-61234a2f-a740-49fd-b31f-43b7820dc18a - - - - - -] OVN reports status down for port: 08884853-ad4b-4090-9865-456fd22e108f
2026-04-20 18:28:10.907 8 INFO neutron.db.ovn_revision_numbers_db [None req-2e344e66-8e45-403b-ab91-98e92fde0d97 df745fae214f4614b2c3364204a6d570 a994d3034b524b66a35d2cd90d64fd18 - - default default] Successfully bumped revision number for resource 08884853-ad4b-4090-9865-456fd22e108f (type: ports) to 1
2026-04-20 18:28:10.934 7 INFO neutron.db.ovn_revision_numbers_db [None req-d1ae6ad3-027c-4904-a7d9-e58849bdf9cf - - - - - -] Successfully bumped revision number for resource f987309a-9b1b-41e8-8fe6-9fbfc8c11b98 (type: ports) to 1 [pid: 8|app: 0|req: 1223/2492] 10.0.0.38 () {34 vars in 663 bytes} [Mon Apr 20 18:28:10 2026] POST /v2.0/ports => generated 743 bytes in 426 msecs (HTTP/1.1 201) 4 headers in 162 bytes (1 switches on core 0) /var/lib/openstack/lib/python3.12/site-packages/pycadf/identifier.py:70: UserWarning: Invalid uuid: neutron. To ensure interoperability, identifiers should be a valid uuid. warnings.warn(('Invalid uuid: %s. To ensure interoperability, ' [pid: 8|app: 0|req: 1224/2493] 10.0.0.38 () {34 vars in 665 bytes} [Mon Apr 20 18:28:10 2026] POST /v2.0/trunks => generated 409 bytes in 204 msecs (HTTP/1.1 201) 4 headers in 162 bytes (1 switches on core 0)
2026-04-20 18:28:11.291 8 INFO neutron.db.segments_db [None req-1544f8cf-1f16-474b-b228-73f774931c7b df745fae214f4614b2c3364204a6d570 a994d3034b524b66a35d2cd90d64fd18 - - default default] Added segment 4dbc3996-c382-44f5-9587-6cc776e05c1c of type geneve for network 79021674-8615-435e-9dbb-b1722c9fbd49
2026-04-20 18:28:11.409 8 INFO neutron.db.ovn_revision_numbers_db [None req-1544f8cf-1f16-474b-b228-73f774931c7b df745fae214f4614b2c3364204a6d570 a994d3034b524b66a35d2cd90d64fd18 - - default default] Successfully bumped revision number for resource 79021674-8615-435e-9dbb-b1722c9fbd49 (type: networks) to 1
2026-04-20 18:28:11.489 7 WARNING neutron.plugins.ml2.drivers.ovn.mech_driver.ovsdb.ovn_client [None req-995f0736-15b8-4d37-b8e1-b97ff5960152 - - - - - -] No hosting information found for port 16285f48-1a1f-4a39-8b20-5c7679a3b143: RuntimeError: No hosting information found for port 16285f48-1a1f-4a39-8b20-5c7679a3b143
2026-04-20 18:28:11.489 7 INFO neutron.plugins.ml2.drivers.ovn.mech_driver.mech_driver [None req-995f0736-15b8-4d37-b8e1-b97ff5960152 - - - - - -] OVN reports status down for port: 901d9606-3f81-46f1-94ec-0587077fc7a1
2026-04-20 18:28:11.578 8 WARNING neutron.scheduler.dhcp_agent_scheduler [None req-1544f8cf-1f16-474b-b228-73f774931c7b df745fae214f4614b2c3364204a6d570 a994d3034b524b66a35d2cd90d64fd18 - - default default] No more DHCP agents
2026-04-20 18:28:11.579 8 WARNING neutron.api.rpc.agentnotifiers.dhcp_rpc_agent_api [None req-1544f8cf-1f16-474b-b228-73f774931c7b df745fae214f4614b2c3364204a6d570 a994d3034b524b66a35d2cd90d64fd18 - - default default] Unable to schedule network 79021674-8615-435e-9dbb-b1722c9fbd49: no agents available; will retry on subsequent port and subnet creation events.
2026-04-20 18:28:11.649 8 INFO neutron.db.ovn_revision_numbers_db [None req-1544f8cf-1f16-474b-b228-73f774931c7b df745fae214f4614b2c3364204a6d570 a994d3034b524b66a35d2cd90d64fd18 - - default default] Successfully bumped revision number for resource dd7785f5-53aa-44a2-a67b-4114b95e131c (type: ports) to 1
2026-04-20 18:28:11.668 7 WARNING neutron.plugins.ml2.drivers.ovn.mech_driver.ovsdb.ovn_client [None req-995f0736-15b8-4d37-b8e1-b97ff5960152 - - - - - -] Logical_Switch_Port %s host information not removed, the port state is up
2026-04-20 18:28:11.670 7 INFO neutron.plugins.ml2.drivers.ovn.mech_driver.mech_driver [None req-995f0736-15b8-4d37-b8e1-b97ff5960152 - - - - - -] OVN reports status up for port: 901d9606-3f81-46f1-94ec-0587077fc7a1 [pid: 8|app: 0|req: 1225/2494] 10.0.0.38 () {34 vars in 669 bytes} [Mon Apr 20 18:28:11 2026] POST /v2.0/networks => generated 650 bytes in 476 msecs (HTTP/1.1 201) 4 headers in 162 bytes (1 switches on core 0)
2026-04-20 18:28:11.689 7 INFO neutron.plugins.ml2.plugin [None req-995f0736-15b8-4d37-b8e1-b97ff5960152 - - - - - -] Attempt 1 to provision port 901d9606-3f81-46f1-94ec-0587077fc7a1
2026-04-20 18:28:11.752 7 WARNING neutron.scheduler.dhcp_agent_scheduler [None req-d1ae6ad3-027c-4904-a7d9-e58849bdf9cf - - - - - -] No more DHCP agents
2026-04-20 18:28:11.754 7 WARNING neutron.api.rpc.agentnotifiers.dhcp_rpc_agent_api [None req-d1ae6ad3-027c-4904-a7d9-e58849bdf9cf - - - - - -] Unable to schedule network 2d6b2002-7217-4ae4-8ff4-b607a99f49bf: no agents available; will retry on subsequent port and subnet creation events.
2026-04-20 18:28:11.899 8 WARNING neutron.scheduler.dhcp_agent_scheduler [None req-9606da1c-8e64-47f1-9b8e-1f6d7d850a9f df745fae214f4614b2c3364204a6d570 a994d3034b524b66a35d2cd90d64fd18 - - default default] No more DHCP agents
2026-04-20 18:28:11.901 8 WARNING neutron.api.rpc.agentnotifiers.dhcp_rpc_agent_api [None req-9606da1c-8e64-47f1-9b8e-1f6d7d850a9f df745fae214f4614b2c3364204a6d570 a994d3034b524b66a35d2cd90d64fd18 - - default default] Unable to schedule network 79021674-8615-435e-9dbb-b1722c9fbd49: no agents available; will retry on subsequent port and subnet creation events.
2026-04-20 18:28:11.962 8 INFO neutron.plugins.ml2.drivers.ovn.mech_driver.mech_driver [None req-61234a2f-a740-49fd-b31f-43b7820dc18a - - - - - -] OVN reports status down for port: 124408e7-25ca-42d3-ad99-efc533a2e8e4
2026-04-20 18:28:12.024 8 INFO neutron.db.ovn_revision_numbers_db [None req-9606da1c-8e64-47f1-9b8e-1f6d7d850a9f df745fae214f4614b2c3364204a6d570 a994d3034b524b66a35d2cd90d64fd18 - - default default] Successfully bumped revision number for resource 124408e7-25ca-42d3-ad99-efc533a2e8e4 (type: ports) to 1 [pid: 8|app: 0|req: 1228/2497] 10.0.0.38 () {34 vars in 663 bytes} [Mon Apr 20 18:28:11 2026] POST /v2.0/ports => generated 743 bytes in 413 msecs (HTTP/1.1 201) 4 headers in 162 bytes (1 switches on core 0) /var/lib/openstack/lib/python3.12/site-packages/pycadf/identifier.py:70: UserWarning: Invalid uuid: neutron. To ensure interoperability, identifiers should be a valid uuid. warnings.warn(('Invalid uuid: %s. To ensure interoperability, ' [pid: 8|app: 0|req: 1229/2498] 10.0.0.38 () {34 vars in 665 bytes} [Mon Apr 20 18:28:12 2026] POST /v2.0/trunks => generated 409 bytes in 146 msecs (HTTP/1.1 201) 4 headers in 162 bytes (1 switches on core 0)
2026-04-20 18:28:12.337 8 INFO neutron.db.segments_db [None req-42f79185-2319-4c32-a4cc-f3f87dc3384f df745fae214f4614b2c3364204a6d570 a994d3034b524b66a35d2cd90d64fd18 - - default default] Added segment 5a0f0eb4-f371-421b-861c-c54d8a3b9635 of type geneve for network cac1766f-2428-414f-8ffa-db1c80b4a849
2026-04-20 18:28:12.449 8 INFO neutron.db.ovn_revision_numbers_db [None req-42f79185-2319-4c32-a4cc-f3f87dc3384f df745fae214f4614b2c3364204a6d570 a994d3034b524b66a35d2cd90d64fd18 - - default default] Successfully bumped revision number for resource cac1766f-2428-414f-8ffa-db1c80b4a849 (type: networks) to 1
2026-04-20 18:28:12.453 7 INFO neutron.db.ovn_revision_numbers_db [None req-995f0736-15b8-4d37-b8e1-b97ff5960152 - - - - - -] Successfully bumped revision number for resource 901d9606-3f81-46f1-94ec-0587077fc7a1 (type: ports) to 2
2026-04-20 18:28:12.627 8 WARNING neutron.scheduler.dhcp_agent_scheduler [None req-42f79185-2319-4c32-a4cc-f3f87dc3384f df745fae214f4614b2c3364204a6d570 a994d3034b524b66a35d2cd90d64fd18 - - default default] No more DHCP agents
2026-04-20 18:28:12.629 8 WARNING neutron.api.rpc.agentnotifiers.dhcp_rpc_agent_api [None req-42f79185-2319-4c32-a4cc-f3f87dc3384f df745fae214f4614b2c3364204a6d570 a994d3034b524b66a35d2cd90d64fd18 - - default default] Unable to schedule network cac1766f-2428-414f-8ffa-db1c80b4a849: no agents available; will retry on subsequent port and subnet creation events.
2026-04-20 18:28:12.703 8 INFO neutron.db.ovn_revision_numbers_db [None req-42f79185-2319-4c32-a4cc-f3f87dc3384f df745fae214f4614b2c3364204a6d570 a994d3034b524b66a35d2cd90d64fd18 - - default default] Successfully bumped revision number for resource 9060c12e-f3a3-40ee-9107-820b22a4be78 (type: ports) to 1 [pid: 8|app: 0|req: 1230/2499] 10.0.0.38 () {34 vars in 669 bytes} [Mon Apr 20 18:28:12 2026] POST /v2.0/networks => generated 651 bytes in 476 msecs (HTTP/1.1 201) 4 headers in 162 bytes (1 switches on core 0)
2026-04-20 18:28:12.750 7 INFO neutron.db.ovn_revision_numbers_db [None req-d1ae6ad3-027c-4904-a7d9-e58849bdf9cf - - - - - -] Successfully bumped revision number for resource f987309a-9b1b-41e8-8fe6-9fbfc8c11b98 (type: router_ports) to 1
2026-04-20 18:28:12.941 8 WARNING neutron.scheduler.dhcp_agent_scheduler [None req-88109a6d-29cb-44e4-b566-0afface41966 df745fae214f4614b2c3364204a6d570 a994d3034b524b66a35d2cd90d64fd18 - - default default] No more DHCP agents
2026-04-20 18:28:12.943 8 WARNING neutron.api.rpc.agentnotifiers.dhcp_rpc_agent_api [None req-88109a6d-29cb-44e4-b566-0afface41966 df745fae214f4614b2c3364204a6d570 a994d3034b524b66a35d2cd90d64fd18 - - default default] Unable to schedule network cac1766f-2428-414f-8ffa-db1c80b4a849: no agents available; will retry on subsequent port and subnet creation events.
2026-04-20 18:28:12.969 7 WARNING neutron.scheduler.dhcp_agent_scheduler [None req-d1ae6ad3-027c-4904-a7d9-e58849bdf9cf - - - - - -] No more DHCP agents
2026-04-20 18:28:12.970 7 WARNING neutron.api.rpc.agentnotifiers.dhcp_rpc_agent_api [None req-d1ae6ad3-027c-4904-a7d9-e58849bdf9cf - - - - - -] Unable to schedule network 2d6b2002-7217-4ae4-8ff4-b607a99f49bf: no agents available; will retry on subsequent port and subnet creation events.
2026-04-20 18:28:13.026 8 INFO neutron.db.ovn_revision_numbers_db [None req-88109a6d-29cb-44e4-b566-0afface41966 df745fae214f4614b2c3364204a6d570 a994d3034b524b66a35d2cd90d64fd18 - - default default] Successfully bumped revision number for resource 3ff91304-900e-40b2-ad5e-a110d1829fad (type: ports) to 1 [pid: 8|app: 0|req: 1231/2500] 10.0.0.38 () {34 vars in 663 bytes} [Mon Apr 20 18:28:12 2026] POST /v2.0/ports => generated 743 bytes in 368 msecs (HTTP/1.1 201) 4 headers in 162 bytes (1 switches on core 0) /var/lib/openstack/lib/python3.12/site-packages/pycadf/identifier.py:70: UserWarning: Invalid uuid: neutron. To ensure interoperability, identifiers should be a valid uuid. warnings.warn(('Invalid uuid: %s. To ensure interoperability, '
2026-04-20 18:28:13.128 7 INFO neutron.db.ovn_revision_numbers_db [None req-d1ae6ad3-027c-4904-a7d9-e58849bdf9cf - - - - - -] Successfully bumped revision number for resource d7d9092a-9063-4ff8-a3a2-08066c527f75 (type: ports) to 1
2026-04-20 18:28:13.132 8 INFO neutron.plugins.ml2.drivers.ovn.mech_driver.mech_driver [None req-61234a2f-a740-49fd-b31f-43b7820dc18a - - - - - -] OVN reports status down for port: d7d9092a-9063-4ff8-a3a2-08066c527f75
2026-04-20 18:28:13.348 7 INFO neutron.db.ovn_revision_numbers_db [None req-d1ae6ad3-027c-4904-a7d9-e58849bdf9cf - - - - - -] Successfully bumped revision number for resource d7d9092a-9063-4ff8-a3a2-08066c527f75 (type: ports) to 3 [pid: 8|app: 0|req: 1232/2501] 10.0.0.38 () {34 vars in 665 bytes} [Mon Apr 20 18:28:13 2026] POST /v2.0/trunks => generated 409 bytes in 251 msecs (HTTP/1.1 201) 4 headers in 162 bytes (1 switches on core 0)
2026-04-20 18:28:13.455 8 INFO neutron.db.segments_db [None req-d12a2290-2420-4322-b729-63ff3bc84401 df745fae214f4614b2c3364204a6d570 a994d3034b524b66a35d2cd90d64fd18 - - default default] Added segment addf869c-15d2-4657-88c8-e5177e45c200 of type geneve for network 229a698e-0422-4d4a-a57e-e8da2a9a78c4
2026-04-20 18:28:13.571 8 INFO neutron.db.ovn_revision_numbers_db [None req-d12a2290-2420-4322-b729-63ff3bc84401 df745fae214f4614b2c3364204a6d570 a994d3034b524b66a35d2cd90d64fd18 - - default default] Successfully bumped revision number for resource 229a698e-0422-4d4a-a57e-e8da2a9a78c4 (type: networks) to 1
2026-04-20 18:28:13.733 8 WARNING neutron.scheduler.dhcp_agent_scheduler [None req-d12a2290-2420-4322-b729-63ff3bc84401 df745fae214f4614b2c3364204a6d570 a994d3034b524b66a35d2cd90d64fd18 - - default default] No more DHCP agents
2026-04-20 18:28:13.735 8 WARNING neutron.api.rpc.agentnotifiers.dhcp_rpc_agent_api [None req-d12a2290-2420-4322-b729-63ff3bc84401 df745fae214f4614b2c3364204a6d570 a994d3034b524b66a35d2cd90d64fd18 - - default default] Unable to schedule network 229a698e-0422-4d4a-a57e-e8da2a9a78c4: no agents available; will retry on subsequent port and subnet creation events.
2026-04-20 18:28:13.791 8 INFO neutron.plugins.ml2.drivers.ovn.mech_driver.mech_driver [None req-61234a2f-a740-49fd-b31f-43b7820dc18a - - - - - -] OVN reports status down for port: b25aa647-82e1-4c0e-aae6-c07343918a8c
2026-04-20 18:28:13.853 8 INFO neutron.db.ovn_revision_numbers_db [None req-d12a2290-2420-4322-b729-63ff3bc84401 df745fae214f4614b2c3364204a6d570 a994d3034b524b66a35d2cd90d64fd18 - - default default] Successfully bumped revision number for resource b25aa647-82e1-4c0e-aae6-c07343918a8c (type: ports) to 1 [pid: 8|app: 0|req: 1233/2502] 10.0.0.38 () {34 vars in 669 bytes} [Mon Apr 20 18:28:13 2026] POST /v2.0/networks => generated 651 bytes in 545 msecs (HTTP/1.1 201) 4 headers in 162 bytes (1 switches on core 0)
2026-04-20 18:28:14.157 8 WARNING neutron.scheduler.dhcp_agent_scheduler [None req-8bfe522d-90a0-493d-b387-921cc60670ce df745fae214f4614b2c3364204a6d570 a994d3034b524b66a35d2cd90d64fd18 - - default default] No more DHCP agents
2026-04-20 18:28:14.159 8 WARNING neutron.api.rpc.agentnotifiers.dhcp_rpc_agent_api [None req-8bfe522d-90a0-493d-b387-921cc60670ce df745fae214f4614b2c3364204a6d570 a994d3034b524b66a35d2cd90d64fd18 - - default default] Unable to schedule network 229a698e-0422-4d4a-a57e-e8da2a9a78c4: no agents available; will retry on subsequent port and subnet creation events. [pid: 7|app: 0|req: 1270/2503] 10.0.0.38 () {34 vars in 684 bytes} [Mon Apr 20 18:28:08 2026] POST /v2.0/vpn/vpnservices => generated 457 bytes in 5379 msecs (HTTP/1.1 201) 4 headers in 162 bytes (1 switches on core 0)
2026-04-20 18:28:14.266 8 INFO neutron.db.ovn_revision_numbers_db [None req-8bfe522d-90a0-493d-b387-921cc60670ce df745fae214f4614b2c3364204a6d570 a994d3034b524b66a35d2cd90d64fd18 - - default default] Successfully bumped revision number for resource dcd0ab28-5a0c-4741-b958-a73e8091cfdd (type: ports) to 1 [pid: 8|app: 0|req: 1234/2504] 10.0.0.38 () {34 vars in 663 bytes} [Mon Apr 20 18:28:13 2026] POST /v2.0/ports => generated 743 bytes in 424 msecs (HTTP/1.1 201) 4 headers in 162 bytes (1 switches on core 0) /var/lib/openstack/lib/python3.12/site-packages/pycadf/identifier.py:70: UserWarning: Invalid uuid: neutron. To ensure interoperability, identifiers should be a valid uuid. warnings.warn(('Invalid uuid: %s. To ensure interoperability, ' [pid: 8|app: 0|req: 1235/2505] 10.0.0.38 () {34 vars in 665 bytes} [Mon Apr 20 18:28:14 2026] POST /v2.0/trunks => generated 409 bytes in 159 msecs (HTTP/1.1 201) 4 headers in 162 bytes (1 switches on core 0) [pid: 7|app: 0|req: 1271/2506] 10.0.0.38 () {34 vars in 684 bytes} [Mon Apr 20 18:28:14 2026] POST /v2.0/vpn/vpnservices => generated 424 bytes in 409 msecs (HTTP/1.1 201) 4 headers in 162 bytes (1 switches on core 0)
2026-04-20 18:28:14.611 8 INFO neutron.db.segments_db [None req-a7b226e4-00dc-49d9-990c-c393dfc6d211 df745fae214f4614b2c3364204a6d570 a994d3034b524b66a35d2cd90d64fd18 - - default default] Added segment 53e7e4e4-730c-4d29-9d08-511001c3a37e of type geneve for network 0382ee1e-1e2e-4b1e-bd50-f91fe5fd63d1 [pid: 7|app: 0|req: 1272/2507] 10.0.0.38 () {34 vars in 683 bytes} [Mon Apr 20 18:28:14 2026] POST /v2.0/vpn/ikepolicies => generated 403 bytes in 38 msecs (HTTP/1.1 201) 4 headers in 162 bytes (1 switches on core 0) [pid: 7|app: 0|req: 1273/2508] 10.0.0.38 () {34 vars in 687 bytes} [Mon Apr 20 18:28:14 2026] POST /v2.0/vpn/ipsecpolicies => generated 413 bytes in 43 msecs (HTTP/1.1 201) 4 headers in 162 bytes (1 switches on core 0) [pid: 7|app: 0|req: 1274/2509] 10.0.0.38 () {34 vars in 692 bytes} [Mon Apr 20 18:28:14 2026] POST /v2.0/vpn/endpoint-groups => generated 329 bytes in 61 msecs (HTTP/1.1 201) 4 headers in 162 bytes (1 switches on core 0)
