2026-04-20 18:25:47.135 7 INFO neutron_taas.services.taas.tap_mirror_plugin [None req-db09daa0-255d-450c-8edb-5f574bbf5c6b 77562d689c96459c866d9e3d1e4df1e8 2d9871e7e6d143338a5b2440280e4843 - - default default] Tap Mirror: Handle Delete Port: a41d1c25-6abb-45a3-8b22-67afeed9c027 [pid: 8|app: 0|req: 779/1603] 10.0.0.38 () {34 vars in 787 bytes} [Mon Apr 20 18:25:47 2026] PUT /v2.0/floatingips/43bee114-b22d-4a48-9cbc-8ed2fe3dab2c/tags/black.or.white => generated 4 bytes in 61 msecs (HTTP/1.1 201) 4 headers in 160 bytes (1 switches on core 0) [pid: 8|app: 0|req: 780/1604] 10.0.0.38 () {32 vars in 642 bytes} [Mon Apr 20 18:25:47 2026] GET /v2.0/ports => generated 1523 bytes in 53 msecs (HTTP/1.1 200) 4 headers in 158 bytes (1 switches on core 0) [pid: 8|app: 0|req: 781/1605] 10.0.0.38 () {32 vars in 738 bytes} [Mon Apr 20 18:25:47 2026] GET /v2.0/floatingips/43bee114-b22d-4a48-9cbc-8ed2fe3dab2c/tags => generated 52 bytes in 29 msecs (HTTP/1.1 200) 4 headers in 156 bytes (1 switches on core 0)
2026-04-20 18:25:47.349 8 INFO neutron.db.segments_db [None req-d79ed4a2-7197-42ee-b1f0-0134818fab40 d956104c6ba7403fb2e2a2335dc72673 ff8600cf46504c429f1f9f2bdc526aa7 - - default default] Added segment 3e2f7bcb-5c37-4793-a5dc-4feda9bd37d7 of type geneve for network dbb2dcee-436b-4f5d-be73-814a1452db1a
2026-04-20 18:25:47.465 8 INFO neutron.db.ovn_revision_numbers_db [None req-d79ed4a2-7197-42ee-b1f0-0134818fab40 d956104c6ba7403fb2e2a2335dc72673 ff8600cf46504c429f1f9f2bdc526aa7 - - default default] Successfully bumped revision number for resource dbb2dcee-436b-4f5d-be73-814a1452db1a (type: networks) to 1 [pid: 7|app: 0|req: 825/1606] 10.0.0.38 () {34 vars in 788 bytes} [Mon Apr 20 18:25:46 2026] PUT /v2.0/routers/b6c30ee4-9fee-4e33-b70d-8d7332428179/remove_router_interface => generated 309 bytes in 593 msecs (HTTP/1.1 200) 4 headers in 157 bytes (1 switches on core 0) /var/lib/openstack/lib/python3.12/site-packages/pycadf/identifier.py:70: UserWarning: Invalid uuid: neutron. To ensure interoperability, identifiers should be a valid uuid. warnings.warn(('Invalid uuid: %s. To ensure interoperability, '
2026-04-20 18:25:47.591 8 WARNING neutron.scheduler.dhcp_agent_scheduler [None req-d79ed4a2-7197-42ee-b1f0-0134818fab40 d956104c6ba7403fb2e2a2335dc72673 ff8600cf46504c429f1f9f2bdc526aa7 - - default default] No more DHCP agents
2026-04-20 18:25:47.592 8 WARNING neutron.api.rpc.agentnotifiers.dhcp_rpc_agent_api [None req-d79ed4a2-7197-42ee-b1f0-0134818fab40 d956104c6ba7403fb2e2a2335dc72673 ff8600cf46504c429f1f9f2bdc526aa7 - - default default] Unable to schedule network dbb2dcee-436b-4f5d-be73-814a1452db1a: no agents available; will retry on subsequent port and subnet creation events.
2026-04-20 18:25:47.669 8 INFO neutron.db.ovn_revision_numbers_db [None req-d79ed4a2-7197-42ee-b1f0-0134818fab40 d956104c6ba7403fb2e2a2335dc72673 ff8600cf46504c429f1f9f2bdc526aa7 - - default default] Successfully bumped revision number for resource d6cdbd17-ef92-4fc7-9931-ef3dc819680a (type: ports) to 1 [pid: 8|app: 0|req: 782/1607] 10.0.0.38 () {34 vars in 669 bytes} [Mon Apr 20 18:25:47 2026] POST /v2.0/networks => generated 672 bytes in 451 msecs (HTTP/1.1 201) 4 headers in 162 bytes (1 switches on core 0) [pid: 8|app: 0|req: 783/1608] 10.0.0.38 () {32 vars in 735 bytes} [Mon Apr 20 18:25:47 2026] GET /v2.0/ports?device_id=b6c30ee4-9fee-4e33-b70d-8d7332428179 => generated 12 bytes in 18 msecs (HTTP/1.1 200) 4 headers in 156 bytes (1 switches on core 0)
2026-04-20 18:25:47.788 8 INFO neutron.db.segments_db [None req-e52a78fc-aa78-407e-9ab6-079970d16326 d956104c6ba7403fb2e2a2335dc72673 ff8600cf46504c429f1f9f2bdc526aa7 - - default default] Added segment 69a77c5f-d6b5-4c08-9124-e81c4d1bb288 of type geneve for network ceb40e95-c2c6-48cf-8049-86238672b498
2026-04-20 18:25:47.880 8 INFO neutron.db.ovn_revision_numbers_db [None req-e52a78fc-aa78-407e-9ab6-079970d16326 d956104c6ba7403fb2e2a2335dc72673 ff8600cf46504c429f1f9f2bdc526aa7 - - default default] Successfully bumped revision number for resource ceb40e95-c2c6-48cf-8049-86238672b498 (type: networks) to 1 [pid: 7|app: 0|req: 826/1609] 10.0.0.38 () {34 vars in 758 bytes} [Mon Apr 20 18:25:47 2026] PUT /v2.0/floatingips/43bee114-b22d-4a48-9cbc-8ed2fe3dab2c/tags => generated 37 bytes in 543 msecs (HTTP/1.1 200) 4 headers in 156 bytes (1 switches on core 0)
2026-04-20 18:25:48.029 8 WARNING neutron.scheduler.dhcp_agent_scheduler [None req-e52a78fc-aa78-407e-9ab6-079970d16326 d956104c6ba7403fb2e2a2335dc72673 ff8600cf46504c429f1f9f2bdc526aa7 - - default default] No more DHCP agents
2026-04-20 18:25:48.030 8 WARNING neutron.api.rpc.agentnotifiers.dhcp_rpc_agent_api [None req-e52a78fc-aa78-407e-9ab6-079970d16326 d956104c6ba7403fb2e2a2335dc72673 ff8600cf46504c429f1f9f2bdc526aa7 - - default default] Unable to schedule network ceb40e95-c2c6-48cf-8049-86238672b498: no agents available; will retry on subsequent port and subnet creation events.
2026-04-20 18:25:48.085 8 INFO neutron.db.ovn_revision_numbers_db [None req-e52a78fc-aa78-407e-9ab6-079970d16326 d956104c6ba7403fb2e2a2335dc72673 ff8600cf46504c429f1f9f2bdc526aa7 - - default default] Successfully bumped revision number for resource 9f3304b0-0041-4727-8fae-00f0a62eb024 (type: ports) to 1 [pid: 8|app: 0|req: 784/1610] 10.0.0.38 () {34 vars in 669 bytes} [Mon Apr 20 18:25:47 2026] POST /v2.0/networks => generated 673 bytes in 385 msecs (HTTP/1.1 201) 4 headers in 162 bytes (1 switches on core 0) [pid: 8|app: 0|req: 785/1611] 10.0.0.38 () {32 vars in 738 bytes} [Mon Apr 20 18:25:48 2026] GET /v2.0/floatingips/43bee114-b22d-4a48-9cbc-8ed2fe3dab2c/tags => generated 37 bytes in 30 msecs (HTTP/1.1 200) 4 headers in 156 bytes (1 switches on core 0) [pid: 7|app: 0|req: 827/1612] 10.0.0.38 () {32 vars in 723 bytes} [Mon Apr 20 18:25:48 2026] DELETE /v2.0/routers/b6c30ee4-9fee-4e33-b70d-8d7332428179 => generated 0 bytes in 166 msecs (HTTP/1.1 204) 2 headers in 112 bytes (1 switches on core 0) [pid: 8|app: 0|req: 786/1613] 10.0.0.38 () {32 vars in 746 bytes} [Mon Apr 20 18:25:48 2026] GET /v2.0/floatingips/43bee114-b22d-4a48-9cbc-8ed2fe3dab2c/tags/red => generated 0 bytes in 39 msecs (HTTP/1.1 204) 2 headers in 112 bytes (1 switches on core 0)
2026-04-20 18:25:48.228 8 INFO neutron.api.v2.resource [None req-70863c6d-9c00-4061-a5cf-7f09e8466765 0d023f666e2742a0b7c18965314a1264 53e4575601c84bedb072467cbaa2b373 - - default default] show failed (client error): The resource could not be found. [pid: 8|app: 0|req: 787/1614] 10.0.0.38 () {32 vars in 750 bytes} [Mon Apr 20 18:25:48 2026] GET /v2.0/floatingips/43bee114-b22d-4a48-9cbc-8ed2fe3dab2c/tags/green => generated 99 bytes in 47 msecs (HTTP/1.1 404) 4 headers in 163 bytes (1 switches on core 0) [pid: 8|app: 0|req: 788/1615] 10.0.0.38 () {32 vars in 749 bytes} [Mon Apr 20 18:25:48 2026] DELETE /v2.0/floatingips/43bee114-b22d-4a48-9cbc-8ed2fe3dab2c/tags/red => generated 0 bytes in 49 msecs (HTTP/1.1 204) 2 headers in 112 bytes (1 switches on core 0) [pid: 7|app: 0|req: 828/1616] 10.0.0.38 () {32 vars in 723 bytes} [Mon Apr 20 18:25:48 2026] DELETE /v2.0/subnets/e4e6468f-6833-419b-bbd8-7167ef7c65ed => generated 0 bytes in 123 msecs (HTTP/1.1 204) 3 headers in 131 bytes (1 switches on core 0) [pid: 8|app: 0|req: 789/1617] 10.0.0.38 () {32 vars in 738 bytes} [Mon Apr 20 18:25:48 2026] GET /v2.0/floatingips/43bee114-b22d-4a48-9cbc-8ed2fe3dab2c/tags => generated 30 bytes in 52 msecs (HTTP/1.1 200) 4 headers in 156 bytes (1 switches on core 0)
2026-04-20 18:25:48.387 8 INFO neutron.api.v2.resource [None req-f4d8de9e-5594-4252-9676-d4d9fad65554 0d023f666e2742a0b7c18965314a1264 53e4575601c84bedb072467cbaa2b373 - - default default] delete failed (client error): The resource could not be found. [pid: 8|app: 0|req: 790/1618] 10.0.0.38 () {32 vars in 753 bytes} [Mon Apr 20 18:25:48 2026] DELETE /v2.0/floatingips/43bee114-b22d-4a48-9cbc-8ed2fe3dab2c/tags/green => generated 99 bytes in 44 msecs (HTTP/1.1 404) 4 headers in 163 bytes (1 switches on core 0) [pid: 7|app: 0|req: 829/1619] 10.0.0.38 () {32 vars in 723 bytes} [Mon Apr 20 18:25:48 2026] DELETE /v2.0/subnets/018e0c48-2f3a-4816-877d-f5d925c18d1d => generated 0 bytes in 145 msecs (HTTP/1.1 204) 3 headers in 131 bytes (1 switches on core 0)
2026-04-20 18:25:48.636 7 INFO neutron_taas.services.taas.taas_plugin [None req-949b9f26-c58f-48f5-8f1b-1b07e37f71a2 77562d689c96459c866d9e3d1e4df1e8 2d9871e7e6d143338a5b2440280e4843 - - default default] TaaS: Handle Delete Port: c2575fec-2116-4d71-8b33-43ebd8fb0b7e
2026-04-20 18:25:48.639 7 INFO neutron_taas.services.taas.tap_mirror_plugin [None req-949b9f26-c58f-48f5-8f1b-1b07e37f71a2 77562d689c96459c866d9e3d1e4df1e8 2d9871e7e6d143338a5b2440280e4843 - - default default] Tap Mirror: Handle Delete Port: c2575fec-2116-4d71-8b33-43ebd8fb0b7e
2026-04-20 18:25:48.859 7 INFO neutron.services.segments.plugin [-] Segment 8e3fc0d9-22d8-4503-a110-5b7deee8c525 resource provider aggregate not found
2026-04-20 18:25:48.864 7 INFO neutron.services.segments.plugin [-] Segment 8e3fc0d9-22d8-4503-a110-5b7deee8c525 resource provider aggregate not found
2026-04-20 18:25:48.878 7 INFO neutron.services.segments.plugin [-] Segment 8e3fc0d9-22d8-4503-a110-5b7deee8c525 resource provider not found; error: Placement Client Error (4xx): {"errors": [{"status": 404, "title": "Not Found", "detail": "The resource could not be found.\n\n No resource provider with uuid 8e3fc0d9-22d8-4503-a110-5b7deee8c525 found for delete ", "request_id": "req-1580409d-a784-4d4d-87b0-853c82bf6b26"}]}
2026-04-20 18:25:48.884 7 INFO neutron.services.segments.plugin [-] Segment 8e3fc0d9-22d8-4503-a110-5b7deee8c525 resource provider not found; error: Placement Client Error (4xx): {"errors": [{"status": 404, "title": "Not Found", "detail": "The resource could not be found.\n\n No resource provider with uuid 8e3fc0d9-22d8-4503-a110-5b7deee8c525 found for delete ", "request_id": "req-31cfa856-e2d1-45ca-9322-c0eb0d6043bb"}]} [pid: 7|app: 0|req: 830/1620] 10.0.0.38 () {32 vars in 725 bytes} [Mon Apr 20 18:25:48 2026] DELETE /v2.0/networks/eb8f1c65-211c-4902-92da-0e01036cc646 => generated 0 bytes in 442 msecs (HTTP/1.1 204) 3 headers in 131 bytes (1 switches on core 0) [pid: 8|app: 0|req: 791/1621] 10.0.0.38 () {32 vars in 741 bytes} [Mon Apr 20 18:25:48 2026] DELETE /v2.0/floatingips/43bee114-b22d-4a48-9cbc-8ed2fe3dab2c/tags => generated 0 bytes in 511 msecs (HTTP/1.1 204) 2 headers in 112 bytes (1 switches on core 0)
2026-04-20 18:25:48.994 8 INFO neutron_taas.services.taas.taas_plugin [None req-2d1634c5-5a3c-4809-a561-69386f26f735 77562d689c96459c866d9e3d1e4df1e8 2d9871e7e6d143338a5b2440280e4843 - - default default] TaaS: Handle Delete Port: 73c3c819-a46a-48d3-a6f6-8afa007a42f9
2026-04-20 18:25:48.997 8 INFO neutron_taas.services.taas.tap_mirror_plugin [None req-2d1634c5-5a3c-4809-a561-69386f26f735 77562d689c96459c866d9e3d1e4df1e8 2d9871e7e6d143338a5b2440280e4843 - - default default] Tap Mirror: Handle Delete Port: 73c3c819-a46a-48d3-a6f6-8afa007a42f9
2026-04-20 18:25:49.130 8 INFO neutron.services.segments.plugin [-] Segment 6e7b2657-46c9-4bb8-969e-f62735491a14 resource provider aggregate not found
2026-04-20 18:25:49.137 8 INFO neutron.services.segments.plugin [-] Segment 6e7b2657-46c9-4bb8-969e-f62735491a14 resource provider aggregate not found
2026-04-20 18:25:49.154 8 INFO neutron.services.segments.plugin [-] Segment 6e7b2657-46c9-4bb8-969e-f62735491a14 resource provider not found; error: Placement Client Error (4xx): {"errors": [{"status": 404, "title": "Not Found", "detail": "The resource could not be found.\n\n No resource provider with uuid 6e7b2657-46c9-4bb8-969e-f62735491a14 found for delete ", "request_id": "req-e47368fe-c337-414b-a68a-90c83dabfef7"}]}
2026-04-20 18:25:49.158 8 INFO neutron.services.segments.plugin [-] Segment 6e7b2657-46c9-4bb8-969e-f62735491a14 resource provider not found; error: Placement Client Error (4xx): {"errors": [{"status": 404, "title": "Not Found", "detail": "The resource could not be found.\n\n No resource provider with uuid 6e7b2657-46c9-4bb8-969e-f62735491a14 found for delete ", "request_id": "req-13b19125-4b3e-497a-9611-a8cb90f425a0"}]} [pid: 8|app: 0|req: 792/1622] 10.0.0.38 () {32 vars in 725 bytes} [Mon Apr 20 18:25:48 2026] DELETE /v2.0/networks/3d11c756-8064-45c1-8541-98b12209bdc1 => generated 0 bytes in 260 msecs (HTTP/1.1 204) 3 headers in 131 bytes (1 switches on core 0)
2026-04-20 18:25:49.192 8 WARNING neutron.plugins.ml2.drivers.ovn.mech_driver.ovsdb.ovn_client [None req-786f3b04-4ab5-4ea0-8665-35c9e36a7d46 - - - - - -] No port found with ID a41d1c25-6abb-45a3-8b22-67afeed9c027: RuntimeError: No port found with ID a41d1c25-6abb-45a3-8b22-67afeed9c027
2026-04-20 18:25:49.211 7 WARNING neutron.scheduler.dhcp_agent_scheduler [None req-03e7876a-4582-4014-8107-307fe127983b d956104c6ba7403fb2e2a2335dc72673 ff8600cf46504c429f1f9f2bdc526aa7 - - default default] No more DHCP agents
2026-04-20 18:25:49.212 7 WARNING neutron.api.rpc.agentnotifiers.dhcp_rpc_agent_api [None req-03e7876a-4582-4014-8107-307fe127983b d956104c6ba7403fb2e2a2335dc72673 ff8600cf46504c429f1f9f2bdc526aa7 - - default default] Unable to schedule network dbb2dcee-436b-4f5d-be73-814a1452db1a: no agents available; will retry on subsequent port and subnet creation events. [pid: 8|app: 0|req: 793/1623] 10.0.0.38 () {32 vars in 738 bytes} [Mon Apr 20 18:25:49 2026] GET /v2.0/floatingips/43bee114-b22d-4a48-9cbc-8ed2fe3dab2c/tags => generated 12 bytes in 48 msecs (HTTP/1.1 200) 4 headers in 156 bytes (1 switches on core 0)
2026-04-20 18:25:49.230 8 INFO neutron.plugins.ml2.drivers.ovn.mech_driver.mech_driver [None req-786f3b04-4ab5-4ea0-8665-35c9e36a7d46 - - - - - -] OVN reports status down for port: e757444d-e0cd-4855-abfe-4fecc4ca8b35
2026-04-20 18:25:49.239 7 INFO neutron.db.ovn_revision_numbers_db [None req-03e7876a-4582-4014-8107-307fe127983b d956104c6ba7403fb2e2a2335dc72673 ff8600cf46504c429f1f9f2bdc526aa7 - - default default] Successfully bumped revision number for resource 85ed2235-8c0b-4f2b-ad16-0021c648ecd2 (type: subnets) to 0
2026-04-20 18:25:49.265 7 WARNING neutron.scheduler.dhcp_agent_scheduler [None req-03e7876a-4582-4014-8107-307fe127983b d956104c6ba7403fb2e2a2335dc72673 ff8600cf46504c429f1f9f2bdc526aa7 - - default default] No more DHCP agents
2026-04-20 18:25:49.267 7 WARNING neutron.api.rpc.agentnotifiers.dhcp_rpc_agent_api [None req-03e7876a-4582-4014-8107-307fe127983b d956104c6ba7403fb2e2a2335dc72673 ff8600cf46504c429f1f9f2bdc526aa7 - - default default] Unable to schedule network ceb40e95-c2c6-48cf-8049-86238672b498: no agents available; will retry on subsequent port and subnet creation events.
2026-04-20 18:25:49.291 7 INFO neutron.db.ovn_revision_numbers_db [None req-03e7876a-4582-4014-8107-307fe127983b d956104c6ba7403fb2e2a2335dc72673 ff8600cf46504c429f1f9f2bdc526aa7 - - default default] Successfully bumped revision number for resource de148afb-c916-4258-b4ef-6aa5ef327049 (type: subnets) to 0
2026-04-20 18:25:49.304 8 INFO neutron.plugins.ml2.drivers.ovn.mech_driver.mech_driver [None req-786f3b04-4ab5-4ea0-8665-35c9e36a7d46 - - - - - -] OVN reports status down for port: 6b495ff1-c320-4f17-ba02-64e9b028fb5a [pid: 7|app: 0|req: 831/1624] 10.0.0.38 () {34 vars in 668 bytes} [Mon Apr 20 18:25:48 2026] POST /v2.0/subnets => generated 1323 bytes in 409 msecs (HTTP/1.1 201) 4 headers in 163 bytes (1 switches on core 0)
2026-04-20 18:25:49.315 8 INFO neutron.plugins.ml2.drivers.ovn.mech_driver.mech_driver [None req-786f3b04-4ab5-4ea0-8665-35c9e36a7d46 - - - - - -] OVN reports status down for port: d6cdbd17-ef92-4fc7-9931-ef3dc819680a
2026-04-20 18:25:49.326 8 INFO neutron.db.segments_db [None req-b9d0f24b-7e36-458d-b146-8b5a54d2aa9d 77562d689c96459c866d9e3d1e4df1e8 2d9871e7e6d143338a5b2440280e4843 - - default default] Added segment 194eec5f-7ee6-4c59-9c86-43f10eb661e3 of type geneve for network cb56d979-3264-4097-af33-1b131370dd7d
2026-04-20 18:25:49.411 8 INFO neutron.plugins.ml2.drivers.ovn.mech_driver.mech_driver [None req-786f3b04-4ab5-4ea0-8665-35c9e36a7d46 - - - - - -] OVN reports status down for port: 9f3304b0-0041-4727-8fae-00f0a62eb024
2026-04-20 18:25:49.428 7 INFO neutron_taas.services.taas.taas_plugin [None req-6328770f-2dda-45c6-b936-5a597385d300 0d023f666e2742a0b7c18965314a1264 53e4575601c84bedb072467cbaa2b373 - - default default] TaaS: Handle Delete Port: e63b1abe-1f10-4b12-9b49-72f04e1f606b
2026-04-20 18:25:49.431 7 INFO neutron_taas.services.taas.tap_mirror_plugin [None req-6328770f-2dda-45c6-b936-5a597385d300 0d023f666e2742a0b7c18965314a1264 53e4575601c84bedb072467cbaa2b373 - - default default] Tap Mirror: Handle Delete Port: e63b1abe-1f10-4b12-9b49-72f04e1f606b
2026-04-20 18:25:49.481 8 INFO neutron.db.ovn_revision_numbers_db [None req-b9d0f24b-7e36-458d-b146-8b5a54d2aa9d 77562d689c96459c866d9e3d1e4df1e8 2d9871e7e6d143338a5b2440280e4843 - - default default] Successfully bumped revision number for resource cb56d979-3264-4097-af33-1b131370dd7d (type: networks) to 1 [pid: 7|app: 0|req: 832/1625] 10.0.0.38 () {32 vars in 731 bytes} [Mon Apr 20 18:25:49 2026] DELETE /v2.0/floatingips/43bee114-b22d-4a48-9cbc-8ed2fe3dab2c => generated 0 bytes in 279 msecs (HTTP/1.1 204) 2 headers in 112 bytes (1 switches on core 0) [pid: 7|app: 0|req: 833/1626] 10.0.0.38 () {32 vars in 646 bytes} [Mon Apr 20 18:25:49 2026] GET /v2.0/subnets => generated 1959 bytes in 36 msecs (HTTP/1.1 200) 4 headers in 158 bytes (1 switches on core 0)
2026-04-20 18:25:49.665 8 WARNING neutron.scheduler.dhcp_agent_scheduler [None req-b9d0f24b-7e36-458d-b146-8b5a54d2aa9d 77562d689c96459c866d9e3d1e4df1e8 2d9871e7e6d143338a5b2440280e4843 - - default default] No more DHCP agents
2026-04-20 18:25:49.667 8 WARNING neutron.api.rpc.agentnotifiers.dhcp_rpc_agent_api [None req-b9d0f24b-7e36-458d-b146-8b5a54d2aa9d 77562d689c96459c866d9e3d1e4df1e8 2d9871e7e6d143338a5b2440280e4843 - - default default] Unable to schedule network cb56d979-3264-4097-af33-1b131370dd7d: no agents available; will retry on subsequent port and subnet creation events.
2026-04-20 18:25:49.705 8 INFO neutron.plugins.ml2.drivers.ovn.mech_driver.mech_driver [None req-786f3b04-4ab5-4ea0-8665-35c9e36a7d46 - - - - - -] OVN reports status down for port: bab8d4a0-e94d-4aab-b02c-69b98fd98018
2026-04-20 18:25:49.761 8 INFO neutron.db.ovn_revision_numbers_db [None req-b9d0f24b-7e36-458d-b146-8b5a54d2aa9d 77562d689c96459c866d9e3d1e4df1e8 2d9871e7e6d143338a5b2440280e4843 - - default default] Successfully bumped revision number for resource bab8d4a0-e94d-4aab-b02c-69b98fd98018 (type: ports) to 1 [pid: 7|app: 0|req: 834/1627] 10.0.0.38 () {32 vars in 723 bytes} [Mon Apr 20 18:25:49 2026] DELETE /v2.0/subnets/85ed2235-8c0b-4f2b-ad16-0021c648ecd2 => generated 0 bytes in 151 msecs (HTTP/1.1 204) 3 headers in 131 bytes (1 switches on core 0) [pid: 8|app: 0|req: 794/1628] 10.0.0.38 () {34 vars in 669 bytes} [Mon Apr 20 18:25:49 2026] POST /v2.0/networks => generated 652 bytes in 582 msecs (HTTP/1.1 201) 4 headers in 162 bytes (1 switches on core 0) [pid: 7|app: 0|req: 835/1629] 10.0.0.38 () {32 vars in 723 bytes} [Mon Apr 20 18:25:49 2026] DELETE /v2.0/subnets/de148afb-c916-4258-b4ef-6aa5ef327049 => generated 0 bytes in 145 msecs (HTTP/1.1 204) 3 headers in 131 bytes (1 switches on core 0) [pid: 7|app: 0|req: 836/1630] 10.0.0.38 () {32 vars in 646 bytes} [Mon Apr 20 18:25:49 2026] GET /v2.0/subnets => generated 649 bytes in 29 msecs (HTTP/1.1 200) 4 headers in 157 bytes (1 switches on core 0)
2026-04-20 18:25:49.990 8 WARNING neutron.scheduler.dhcp_agent_scheduler [None req-2808a768-8bd5-487a-a831-b936eecf620e 77562d689c96459c866d9e3d1e4df1e8 2d9871e7e6d143338a5b2440280e4843 - - default default] No more DHCP agents
2026-04-20 18:25:49.999 8 WARNING neutron.api.rpc.agentnotifiers.dhcp_rpc_agent_api [None req-2808a768-8bd5-487a-a831-b936eecf620e 77562d689c96459c866d9e3d1e4df1e8 2d9871e7e6d143338a5b2440280e4843 - - default default] Unable to schedule network cb56d979-3264-4097-af33-1b131370dd7d: no agents available; will retry on subsequent port and subnet creation events.
2026-04-20 18:25:50.037 8 INFO neutron.db.ovn_revision_numbers_db [None req-2808a768-8bd5-487a-a831-b936eecf620e 77562d689c96459c866d9e3d1e4df1e8 2d9871e7e6d143338a5b2440280e4843 - - default default] Successfully bumped revision number for resource c555c41a-6598-458e-be86-7bf5a6ef6990 (type: subnets) to 0 [pid: 8|app: 0|req: 795/1631] 10.0.0.38 () {34 vars in 668 bytes} [Mon Apr 20 18:25:49 2026] POST /v2.0/subnets => generated 646 bytes in 255 msecs (HTTP/1.1 201) 4 headers in 162 bytes (1 switches on core 0)
2026-04-20 18:25:50.136 7 INFO neutron_taas.services.taas.taas_plugin [None req-8039bf7f-8a45-4142-91e9-cdc88a5ea235 d956104c6ba7403fb2e2a2335dc72673 ff8600cf46504c429f1f9f2bdc526aa7 - - default default] TaaS: Handle Delete Port: 9f3304b0-0041-4727-8fae-00f0a62eb024
2026-04-20 18:25:50.145 7 INFO neutron_taas.services.taas.tap_mirror_plugin [None req-8039bf7f-8a45-4142-91e9-cdc88a5ea235 d956104c6ba7403fb2e2a2335dc72673 ff8600cf46504c429f1f9f2bdc526aa7 - - default default] Tap Mirror: Handle Delete Port: 9f3304b0-0041-4727-8fae-00f0a62eb024
2026-04-20 18:25:50.195 8 INFO neutron.db.ovn_revision_numbers_db [None req-0b2dc73f-cdb1-4833-a21b-e033f0a981e0 77562d689c96459c866d9e3d1e4df1e8 2d9871e7e6d143338a5b2440280e4843 - - default default] Successfully bumped revision number for resource 25da4195-ecfd-46c4-a012-2bdc8d28cce0 (type: routers) to 1 [pid: 8|app: 0|req: 796/1632] 10.0.0.38 () {34 vars in 668 bytes} [Mon Apr 20 18:25:50 2026] POST /v2.0/routers => generated 607 bytes in 153 msecs (HTTP/1.1 201) 4 headers in 162 bytes (1 switches on core 0) [pid: 7|app: 0|req: 837/1633] 10.0.0.38 () {32 vars in 725 bytes} [Mon Apr 20 18:25:49 2026] DELETE /v2.0/networks/ceb40e95-c2c6-48cf-8049-86238672b498 => generated 0 bytes in 397 msecs (HTTP/1.1 204) 3 headers in 131 bytes (1 switches on core 0)
2026-04-20 18:25:50.450 8 INFO neutron.db.ovn_revision_numbers_db [None req-32b29218-538e-4a7c-8d9d-8b82aeac8dba 21b38a149e834429afcb575aa0813505 bd418415afbe4daf8d08c24cd41ef9e5 - - default default] Successfully bumped revision number for resource 8542709b-dc92-4f56-9129-6393be8b8bf3 (type: security_groups) to 1
2026-04-20 18:25:50.462 8 INFO neutron.db.ovn_revision_numbers_db [None req-32b29218-538e-4a7c-8d9d-8b82aeac8dba 21b38a149e834429afcb575aa0813505 bd418415afbe4daf8d08c24cd41ef9e5 - - default default] Successfully bumped revision number for resource 05a9424b-0211-4da3-bb03-ca407285204b (type: security_group_rules) to 0
2026-04-20 18:25:50.475 8 INFO neutron.db.ovn_revision_numbers_db [None req-32b29218-538e-4a7c-8d9d-8b82aeac8dba 21b38a149e834429afcb575aa0813505 bd418415afbe4daf8d08c24cd41ef9e5 - - default default] Successfully bumped revision number for resource 7f5cb8b9-b3f3-4cc7-91b4-22181b8381ef (type: security_group_rules) to 0
2026-04-20 18:25:50.485 8 INFO neutron.db.ovn_revision_numbers_db [None req-32b29218-538e-4a7c-8d9d-8b82aeac8dba 21b38a149e834429afcb575aa0813505 bd418415afbe4daf8d08c24cd41ef9e5 - - default default] Successfully bumped revision number for resource 9c662f04-19b4-407a-bce0-96d071d1187c (type: security_group_rules) to 0
2026-04-20 18:25:50.497 8 INFO neutron.db.ovn_revision_numbers_db [None req-32b29218-538e-4a7c-8d9d-8b82aeac8dba 21b38a149e834429afcb575aa0813505 bd418415afbe4daf8d08c24cd41ef9e5 - - default default] Successfully bumped revision number for resource a833ea90-2036-4265-a486-3f9de6e83192 (type: security_group_rules) to 0 [pid: 8|app: 0|req: 797/1634] 10.0.0.38 () {32 vars in 773 bytes} [Mon Apr 20 18:25:50 2026] GET /v2.0/security-groups?tenant_id=404af053c8e241b2866637f45542f7ac&name=default => generated 2925 bytes in 317 msecs (HTTP/1.1 200) 4 headers in 158 bytes (1 switches on core 0)
2026-04-20 18:25:50.642 8 INFO neutron_taas.services.taas.taas_plugin [None req-19610d25-e1f3-4acd-b8ee-4d1c1de5968c d956104c6ba7403fb2e2a2335dc72673 ff8600cf46504c429f1f9f2bdc526aa7 - - default default] TaaS: Handle Delete Port: d6cdbd17-ef92-4fc7-9931-ef3dc819680a
2026-04-20 18:25:50.645 8 INFO neutron_taas.services.taas.tap_mirror_plugin [None req-19610d25-e1f3-4acd-b8ee-4d1c1de5968c d956104c6ba7403fb2e2a2335dc72673 ff8600cf46504c429f1f9f2bdc526aa7 - - default default] Tap Mirror: Handle Delete Port: d6cdbd17-ef92-4fc7-9931-ef3dc819680a
2026-04-20 18:25:50.670 7 WARNING neutron.scheduler.dhcp_agent_scheduler [None req-61a3faf5-3ad3-42b6-8948-ddb6e62ccc5d 77562d689c96459c866d9e3d1e4df1e8 2d9871e7e6d143338a5b2440280e4843 - - default default] No more DHCP agents
2026-04-20 18:25:50.671 7 WARNING neutron.api.rpc.agentnotifiers.dhcp_rpc_agent_api [None req-61a3faf5-3ad3-42b6-8948-ddb6e62ccc5d 77562d689c96459c866d9e3d1e4df1e8 2d9871e7e6d143338a5b2440280e4843 - - default default] Unable to schedule network cb56d979-3264-4097-af33-1b131370dd7d: no agents available; will retry on subsequent port and subnet creation events.
2026-04-20 18:25:50.790 7 INFO neutron.db.ovn_revision_numbers_db [None req-61a3faf5-3ad3-42b6-8948-ddb6e62ccc5d 77562d689c96459c866d9e3d1e4df1e8 2d9871e7e6d143338a5b2440280e4843 - - default default] Successfully bumped revision number for resource 52baf93a-a480-449e-98af-88e5bdf6ffcd (type: ports) to 1 [pid: 7|app: 0|req: 838/1635] 10.0.0.38 () {34 vars in 664 bytes} [Mon Apr 20 18:25:50 2026] POST /v2.0/ports => generated 956 bytes in 478 msecs (HTTP/1.1 201) 4 headers in 162 bytes (1 switches on core 0) /var/lib/openstack/lib/python3.12/site-packages/pycadf/identifier.py:70: UserWarning: Invalid uuid: neutron. To ensure interoperability, identifiers should be a valid uuid. warnings.warn(('Invalid uuid: %s. To ensure interoperability, ' [pid: 8|app: 0|req: 798/1636] 10.0.0.38 () {32 vars in 725 bytes} [Mon Apr 20 18:25:50 2026] DELETE /v2.0/networks/dbb2dcee-436b-4f5d-be73-814a1452db1a => generated 0 bytes in 354 msecs (HTTP/1.1 204) 3 headers in 131 bytes (1 switches on core 0)
2026-04-20 18:25:50.901 7 INFO neutron.services.segments.plugin [-] Segment 69a77c5f-d6b5-4c08-9124-e81c4d1bb288 resource provider aggregate not found
2026-04-20 18:25:50.906 7 INFO neutron.services.segments.plugin [-] Segment 69a77c5f-d6b5-4c08-9124-e81c4d1bb288 resource provider aggregate not found
2026-04-20 18:25:50.917 7 INFO neutron.services.segments.plugin [-] Segment 69a77c5f-d6b5-4c08-9124-e81c4d1bb288 resource provider not found; error: Placement Client Error (4xx): {"errors": [{"status": 404, "title": "Not Found", "detail": "The resource could not be found.\n\n No resource provider with uuid 69a77c5f-d6b5-4c08-9124-e81c4d1bb288 found for delete ", "request_id": "req-01f52d9b-99e5-4fa2-b52d-218c89970046"}]}
2026-04-20 18:25:50.924 7 INFO neutron.services.segments.plugin [-] Segment 69a77c5f-d6b5-4c08-9124-e81c4d1bb288 resource provider not found; error: Placement Client Error (4xx): {"errors": [{"status": 404, "title": "Not Found", "detail": "The resource could not be found.\n\n No resource provider with uuid 69a77c5f-d6b5-4c08-9124-e81c4d1bb288 found for delete ", "request_id": "req-c345a913-99df-4194-ace1-e00dd297a8bf"}]}
2026-04-20 18:25:51.076 7 WARNING neutron.plugins.ml2.drivers.ovn.mech_driver.ovsdb.ovn_client [None req-bd68bb32-3ba9-478d-a965-e71bbbe41cbe - - - - - -] No port found with ID 4bba355d-54ac-496e-90ba-284d21f6fd85: RuntimeError: No port found with ID 4bba355d-54ac-496e-90ba-284d21f6fd85
2026-04-20 18:25:51.076 7 INFO neutron.plugins.ml2.drivers.ovn.mech_driver.mech_driver [None req-bd68bb32-3ba9-478d-a965-e71bbbe41cbe - - - - - -] OVN reports status down for port: 31e46cdf-8f0b-4ae8-95b3-8c2f4780dfb5 [pid: 7|app: 0|req: 839/1637] 10.0.0.38 () {32 vars in 739 bytes} [Mon Apr 20 18:25:50 2026] DELETE /v2.0/security-groups/8542709b-dc92-4f56-9129-6393be8b8bf3 => generated 0 bytes in 271 msecs (HTTP/1.1 204) 2 headers in 112 bytes (1 switches on core 0)
2026-04-20 18:25:51.185 8 INFO neutron.services.segments.plugin [-] Segment 3e2f7bcb-5c37-4793-a5dc-4feda9bd37d7 resource provider aggregate not found
2026-04-20 18:25:51.196 8 INFO neutron.services.segments.plugin [-] Segment 3e2f7bcb-5c37-4793-a5dc-4feda9bd37d7 resource provider aggregate not found
2026-04-20 18:25:51.205 7 INFO neutron.plugins.ml2.drivers.ovn.mech_driver.mech_driver [None req-bd68bb32-3ba9-478d-a965-e71bbbe41cbe - - - - - -] OVN reports status down for port: dcd2d483-3072-4c9e-bcd9-c70076c0a900
2026-04-20 18:25:51.213 8 INFO neutron.services.segments.plugin [-] Segment 3e2f7bcb-5c37-4793-a5dc-4feda9bd37d7 resource provider not found; error: Placement Client Error (4xx): {"errors": [{"status": 404, "title": "Not Found", "detail": "The resource could not be found.\n\n No resource provider with uuid 3e2f7bcb-5c37-4793-a5dc-4feda9bd37d7 found for delete ", "request_id": "req-6a84f8c7-ab91-43de-bbfb-99ee508dbfc5"}]}
2026-04-20 18:25:51.216 7 INFO neutron.plugins.ml2.drivers.ovn.mech_driver.mech_driver [None req-bd68bb32-3ba9-478d-a965-e71bbbe41cbe - - - - - -] OVN reports status down for port: 52baf93a-a480-449e-98af-88e5bdf6ffcd
2026-04-20 18:25:51.232 8 INFO neutron.services.segments.plugin [-] Segment 3e2f7bcb-5c37-4793-a5dc-4feda9bd37d7 resource provider not found; error: Placement Client Error (4xx): {"errors": [{"status": 404, "title": "Not Found", "detail": "The resource could not be found.\n\n No resource provider with uuid 3e2f7bcb-5c37-4793-a5dc-4feda9bd37d7 found for delete ", "request_id": "req-845a44bc-d868-4c74-b060-27b3c3d24a94"}]}
2026-04-20 18:25:51.340 7 INFO neutron_taas.services.taas.taas_plugin [None req-b13d6c7f-f40d-4f1a-84ec-e226b32caaeb d956104c6ba7403fb2e2a2335dc72673 ff8600cf46504c429f1f9f2bdc526aa7 - - default default] TaaS: Handle Delete Port: 31e46cdf-8f0b-4ae8-95b3-8c2f4780dfb5
2026-04-20 18:25:51.344 7 INFO neutron_taas.services.taas.tap_mirror_plugin [None req-b13d6c7f-f40d-4f1a-84ec-e226b32caaeb d956104c6ba7403fb2e2a2335dc72673 ff8600cf46504c429f1f9f2bdc526aa7 - - default default] Tap Mirror: Handle Delete Port: 31e46cdf-8f0b-4ae8-95b3-8c2f4780dfb5
2026-04-20 18:25:51.396 7 INFO neutron.plugins.ml2.drivers.ovn.mech_driver.mech_driver [None req-bd68bb32-3ba9-478d-a965-e71bbbe41cbe - - - - - -] OVN reports status up for port: 52baf93a-a480-449e-98af-88e5bdf6ffcd
2026-04-20 18:25:51.414 7 INFO neutron.plugins.ml2.plugin [None req-bd68bb32-3ba9-478d-a965-e71bbbe41cbe - - - - - -] Attempt 1 to provision port 52baf93a-a480-449e-98af-88e5bdf6ffcd
2026-04-20 18:25:51.419 8 INFO neutron.db.ovn_revision_numbers_db [None req-61ae41dd-924a-4d85-bcb6-875a7ce0abbf 77562d689c96459c866d9e3d1e4df1e8 2d9871e7e6d143338a5b2440280e4843 - - default default] Successfully bumped revision number for resource 52baf93a-a480-449e-98af-88e5bdf6ffcd (type: ports) to 2 [pid: 7|app: 0|req: 840/1638] 10.0.0.38 () {32 vars in 725 bytes} [Mon Apr 20 18:25:51 2026] DELETE /v2.0/networks/3d584824-1d6b-4e30-b185-3e56a2183fe7 => generated 0 bytes in 627 msecs (HTTP/1.1 204) 3 headers in 131 bytes (1 switches on core 0) [pid: 7|app: 0|req: 841/1639] 10.0.0.15 () {34 vars in 989 bytes} [Mon Apr 20 18:25:51 2026] GET /v2.0/ports?device_id=b1b9712b-0152-432c-a876-60775092076a => generated 1213 bytes in 75 msecs (HTTP/1.1 200) 4 headers in 158 bytes (1 switches on core 0)
2026-04-20 18:25:51.960 7 INFO neutron.db.ovn_revision_numbers_db [None req-bd68bb32-3ba9-478d-a965-e71bbbe41cbe - - - - - -] Successfully bumped revision number for resource 52baf93a-a480-449e-98af-88e5bdf6ffcd (type: ports) to 3
2026-04-20 18:25:52.081 7 INFO neutron.db.ovn_revision_numbers_db [None req-0d93f8c3-5573-43ca-bb97-6a7b7f016825 21b38a149e834429afcb575aa0813505 bd418415afbe4daf8d08c24cd41ef9e5 - - default default] Successfully bumped revision number for resource efc7c111-0d9d-41de-816d-bf6449331394 (type: security_groups) to 1
2026-04-20 18:25:52.095 7 INFO neutron.db.ovn_revision_numbers_db [None req-0d93f8c3-5573-43ca-bb97-6a7b7f016825 21b38a149e834429afcb575aa0813505 bd418415afbe4daf8d08c24cd41ef9e5 - - default default] Successfully bumped revision number for resource 600078e0-04af-4fac-8288-aa532b81ccc3 (type: security_group_rules) to 0
2026-04-20 18:25:52.108 7 INFO neutron.db.ovn_revision_numbers_db [None req-0d93f8c3-5573-43ca-bb97-6a7b7f016825 21b38a149e834429afcb575aa0813505 bd418415afbe4daf8d08c24cd41ef9e5 - - default default] Successfully bumped revision number for resource 676ff63c-d745-493e-8d98-005f7156e65a (type: security_group_rules) to 0
2026-04-20 18:25:52.118 7 INFO neutron.db.ovn_revision_numbers_db [None req-0d93f8c3-5573-43ca-bb97-6a7b7f016825 21b38a149e834429afcb575aa0813505 bd418415afbe4daf8d08c24cd41ef9e5 - - default default] Successfully bumped revision number for resource 914cfccc-9584-4988-8ad2-b09aa154b77e (type: security_group_rules) to 0
2026-04-20 18:25:52.130 7 INFO neutron.db.ovn_revision_numbers_db [None req-0d93f8c3-5573-43ca-bb97-6a7b7f016825 21b38a149e834429afcb575aa0813505 bd418415afbe4daf8d08c24cd41ef9e5 - - default default] Successfully bumped revision number for resource cf6f587e-99e9-4515-bd2b-7266a171a1a9 (type: security_group_rules) to 0 [pid: 7|app: 0|req: 842/1640] 10.0.0.38 () {32 vars in 773 bytes} [Mon Apr 20 18:25:51 2026] GET /v2.0/security-groups?tenant_id=53e4575601c84bedb072467cbaa2b373&name=default => generated 2925 bytes in 332 msecs (HTTP/1.1 200) 4 headers in 158 bytes (1 switches on core 0) /var/lib/openstack/lib/python3.12/site-packages/pycadf/identifier.py:70: UserWarning: Invalid uuid: neutron. To ensure interoperability, identifiers should be a valid uuid. warnings.warn(('Invalid uuid: %s. To ensure interoperability, '
2026-04-20 18:25:52.261 7 INFO neutron_taas.services.taas.taas_plugin [None req-53ff1b55-5acc-4e46-af5f-db7a0030d11c d956104c6ba7403fb2e2a2335dc72673 ff8600cf46504c429f1f9f2bdc526aa7 - - default default] TaaS: Handle Delete Port: e757444d-e0cd-4855-abfe-4fecc4ca8b35
2026-04-20 18:25:52.264 7 INFO neutron_taas.services.taas.tap_mirror_plugin [None req-53ff1b55-5acc-4e46-af5f-db7a0030d11c d956104c6ba7403fb2e2a2335dc72673 ff8600cf46504c429f1f9f2bdc526aa7 - - default default] Tap Mirror: Handle Delete Port: e757444d-e0cd-4855-abfe-4fecc4ca8b35 [pid: 7|app: 0|req: 843/1641] 10.0.0.38 () {32 vars in 725 bytes} [Mon Apr 20 18:25:52 2026] DELETE /v2.0/networks/f2726fe5-437d-4a4e-bab1-51d0161bc6d6 => generated 0 bytes in 364 msecs (HTTP/1.1 204) 3 headers in 131 bytes (1 switches on core 0)
2026-04-20 18:25:52.536 8 WARNING neutron.scheduler.dhcp_agent_scheduler [None req-61ae41dd-924a-4d85-bcb6-875a7ce0abbf 77562d689c96459c866d9e3d1e4df1e8 2d9871e7e6d143338a5b2440280e4843 - - default default] No more DHCP agents
2026-04-20 18:25:52.537 8 WARNING neutron.api.rpc.agentnotifiers.dhcp_rpc_agent_api [None req-61ae41dd-924a-4d85-bcb6-875a7ce0abbf 77562d689c96459c866d9e3d1e4df1e8 2d9871e7e6d143338a5b2440280e4843 - - default default] Unable to schedule network cb56d979-3264-4097-af33-1b131370dd7d: no agents available; will retry on subsequent port and subnet creation events. [pid: 7|app: 0|req: 844/1642] 10.0.0.15 () {34 vars in 1039 bytes} [Mon Apr 20 18:25:52 2026] GET /v2.0/security-groups?id=e98f11d6-2232-4baf-ad30-dde5ab5d6e12&fields=id&fields=name => generated 114 bytes in 27 msecs (HTTP/1.1 200) 4 headers in 157 bytes (1 switches on core 0)
2026-04-20 18:25:52.731 8 INFO neutron.db.ovn_revision_numbers_db [None req-61ae41dd-924a-4d85-bcb6-875a7ce0abbf 77562d689c96459c866d9e3d1e4df1e8 2d9871e7e6d143338a5b2440280e4843 - - default default] Successfully bumped revision number for resource 52baf93a-a480-449e-98af-88e5bdf6ffcd (type: router_ports) to 3 [pid: 8|app: 0|req: 799/1643] 10.0.0.38 () {34 vars in 782 bytes} [Mon Apr 20 18:25:50 2026] PUT /v2.0/routers/25da4195-ecfd-46c4-a012-2bdc8d28cce0/add_router_interface => generated 309 bytes in 1850 msecs (HTTP/1.1 200) 4 headers in 157 bytes (1 switches on core 0) /var/lib/openstack/lib/python3.12/site-packages/pycadf/identifier.py:70: UserWarning: Invalid uuid: neutron. To ensure interoperability, identifiers should be a valid uuid. warnings.warn(('Invalid uuid: %s. To ensure interoperability, ' [pid: 8|app: 0|req: 800/1644] 10.0.0.38 () {32 vars in 716 bytes} [Mon Apr 20 18:25:52 2026] GET /v2.0/ports/52baf93a-a480-449e-98af-88e5bdf6ffcd => generated 1018 bytes in 33 msecs (HTTP/1.1 200) 4 headers in 158 bytes (1 switches on core 0) [pid: 7|app: 0|req: 845/1645] 10.0.0.38 () {32 vars in 739 bytes} [Mon Apr 20 18:25:52 2026] DELETE /v2.0/security-groups/efc7c111-0d9d-41de-816d-bf6449331394 => generated 0 bytes in 312 msecs (HTTP/1.1 204) 2 headers in 112 bytes (1 switches on core 0)
2026-04-20 18:25:52.949 7 INFO neutron.services.segments.plugin [-] Segment d8d3476b-f2d7-4684-a3a2-1c3d9722fd4f resource provider aggregate not found
2026-04-20 18:25:52.965 7 INFO neutron.services.segments.plugin [-] Segment d8d3476b-f2d7-4684-a3a2-1c3d9722fd4f resource provider not found; error: Placement Client Error (4xx): {"errors": [{"status": 404, "title": "Not Found", "detail": "The resource could not be found.\n\n No resource provider with uuid d8d3476b-f2d7-4684-a3a2-1c3d9722fd4f found for delete ", "request_id": "req-dd49db6a-7e46-4402-9570-5f7e131c17d5"}]}
2026-04-20 18:25:52.971 7 INFO neutron.services.segments.plugin [-] Segment d8d3476b-f2d7-4684-a3a2-1c3d9722fd4f resource provider aggregate not found
2026-04-20 18:25:52.995 7 INFO neutron.services.segments.plugin [-] Segment d8d3476b-f2d7-4684-a3a2-1c3d9722fd4f resource provider not found; error: Placement Client Error (4xx): {"errors": [{"status": 404, "title": "Not Found", "detail": "The resource could not be found.\n\n No resource provider with uuid d8d3476b-f2d7-4684-a3a2-1c3d9722fd4f found for delete ", "request_id": "req-0bd9a48f-7a75-497a-8142-a873f551c497"}]}
2026-04-20 18:25:53.000 7 INFO neutron.services.segments.plugin [-] Segment 8186b281-2ddb-4323-b2d2-b4365687ddb0 resource provider aggregate not found
2026-04-20 18:25:53.016 7 INFO neutron.services.segments.plugin [-] Segment 8186b281-2ddb-4323-b2d2-b4365687ddb0 resource provider aggregate not found
2026-04-20 18:25:53.022 7 INFO neutron.services.segments.plugin [-] Segment 8186b281-2ddb-4323-b2d2-b4365687ddb0 resource provider not found; error: Placement Client Error (4xx): {"errors": [{"status": 404, "title": "Not Found", "detail": "The resource could not be found.\n\n No resource provider with uuid 8186b281-2ddb-4323-b2d2-b4365687ddb0 found for delete ", "request_id": "req-c9d92172-bf94-47de-9383-362267cac0b4"}]}
2026-04-20 18:25:53.039 7 INFO neutron.services.segments.plugin [-] Segment 8186b281-2ddb-4323-b2d2-b4365687ddb0 resource provider not found; error: Placement Client Error (4xx): {"errors": [{"status": 404, "title": "Not Found", "detail": "The resource could not be found.\n\n No resource provider with uuid 8186b281-2ddb-4323-b2d2-b4365687ddb0 found for delete ", "request_id": "req-ecf2c73b-249a-4a65-8833-ebc60feb7aac"}]}
2026-04-20 18:25:53.102 8 INFO neutron_taas.services.taas.taas_plugin [None req-19101165-ca60-4940-925b-22ec5e20fc3f 77562d689c96459c866d9e3d1e4df1e8 2d9871e7e6d143338a5b2440280e4843 - - default default] TaaS: Handle Delete Port: 52baf93a-a480-449e-98af-88e5bdf6ffcd
2026-04-20 18:25:53.105 8 INFO neutron_taas.services.taas.tap_mirror_plugin [None req-19101165-ca60-4940-925b-22ec5e20fc3f 77562d689c96459c866d9e3d1e4df1e8 2d9871e7e6d143338a5b2440280e4843 - - default default] Tap Mirror: Handle Delete Port: 52baf93a-a480-449e-98af-88e5bdf6ffcd [pid: 7|app: 0|req: 846/1646] 10.0.0.38 () {32 vars in 773 bytes} [Mon Apr 20 18:25:53 2026] GET /v2.0/security-groups?tenant_id=ff8600cf46504c429f1f9f2bdc526aa7&name=default => generated 2925 bytes in 241 msecs (HTTP/1.1 200) 4 headers in 158 bytes (1 switches on core 0) [pid: 8|app: 0|req: 801/1647] 10.0.0.38 () {34 vars in 788 bytes} [Mon Apr 20 18:25:52 2026] PUT /v2.0/routers/25da4195-ecfd-46c4-a012-2bdc8d28cce0/remove_router_interface => generated 309 bytes in 600 msecs (HTTP/1.1 200) 4 headers in 157 bytes (1 switches on core 0) /var/lib/openstack/lib/python3.12/site-packages/pycadf/identifier.py:70: UserWarning: Invalid uuid: neutron. To ensure interoperability, identifiers should be a valid uuid. warnings.warn(('Invalid uuid: %s. To ensure interoperability, '
2026-04-20 18:25:53.445 8 INFO neutron.api.v2.resource [None req-86d3df1d-4f83-4288-95ea-e5117393bc91 77562d689c96459c866d9e3d1e4df1e8 2d9871e7e6d143338a5b2440280e4843 - - default default] remove_router_interface failed (client error): The resource could not be found. [pid: 8|app: 0|req: 802/1648] 10.0.0.38 () {34 vars in 788 bytes} [Mon Apr 20 18:25:53 2026] PUT /v2.0/routers/25da4195-ecfd-46c4-a012-2bdc8d28cce0/remove_router_interface => generated 197 bytes in 55 msecs (HTTP/1.1 404) 4 headers in 164 bytes (1 switches on core 0) [pid: 8|app: 0|req: 803/1649] 10.0.0.38 () {32 vars in 735 bytes} [Mon Apr 20 18:25:53 2026] GET /v2.0/ports?device_id=25da4195-ecfd-46c4-a012-2bdc8d28cce0 => generated 12 bytes in 16 msecs (HTTP/1.1 200) 4 headers in 156 bytes (1 switches on core 0) [pid: 7|app: 0|req: 847/1650] 10.0.0.38 () {32 vars in 739 bytes} [Mon Apr 20 18:25:53 2026] DELETE /v2.0/security-groups/dfa81b2a-e39a-4829-ba97-f67b91ee08d2 => generated 0 bytes in 242 msecs (HTTP/1.1 204) 2 headers in 112 bytes (1 switches on core 0) [pid: 8|app: 0|req: 804/1651] 10.0.0.38 () {32 vars in 723 bytes} [Mon Apr 20 18:25:53 2026] DELETE /v2.0/routers/25da4195-ecfd-46c4-a012-2bdc8d28cce0 => generated 0 bytes in 199 msecs (HTTP/1.1 204) 2 headers in 112 bytes (1 switches on core 0) [pid: 7|app: 0|req: 848/1652] 10.0.0.38 () {32 vars in 723 bytes} [Mon Apr 20 18:25:53 2026] DELETE /v2.0/subnets/c555c41a-6598-458e-be86-7bf5a6ef6990 => generated 0 bytes in 127 msecs (HTTP/1.1 204) 3 headers in 131 bytes (1 switches on core 0)
2026-04-20 18:25:53.931 8 INFO neutron_taas.services.taas.taas_plugin [None req-ae69a060-8f22-4ad4-80e6-b1cf24fdd19c 77562d689c96459c866d9e3d1e4df1e8 2d9871e7e6d143338a5b2440280e4843 - - default default] TaaS: Handle Delete Port: bab8d4a0-e94d-4aab-b02c-69b98fd98018
2026-04-20 18:25:53.934 8 INFO neutron_taas.services.taas.tap_mirror_plugin [None req-ae69a060-8f22-4ad4-80e6-b1cf24fdd19c 77562d689c96459c866d9e3d1e4df1e8 2d9871e7e6d143338a5b2440280e4843 - - default default] Tap Mirror: Handle Delete Port: bab8d4a0-e94d-4aab-b02c-69b98fd98018 [pid: 7|app: 0|req: 849/1653] 10.0.0.38 () {32 vars in 825 bytes} [Mon Apr 20 18:25:53 2026] GET /v2.0/ports?project_id=48bafe3c91254dd38a3a5eac329e2631&network_id=64aae481-23e4-476e-aa30-25b5fe76582e => generated 3319 bytes in 76 msecs (HTTP/1.1 200) 4 headers in 158 bytes (1 switches on core 0)
2026-04-20 18:25:54.122 8 INFO neutron.services.segments.plugin [-] Segment 194eec5f-7ee6-4c59-9c86-43f10eb661e3 resource provider aggregate not found
2026-04-20 18:25:54.131 8 INFO neutron.services.segments.plugin [-] Segment 194eec5f-7ee6-4c59-9c86-43f10eb661e3 resource provider aggregate not found
2026-04-20 18:25:54.144 8 INFO neutron.services.segments.plugin [-] Segment 194eec5f-7ee6-4c59-9c86-43f10eb661e3 resource provider not found; error: Placement Client Error (4xx): {"errors": [{"status": 404, "title": "Not Found", "detail": "The resource could not be found.\n\n No resource provider with uuid 194eec5f-7ee6-4c59-9c86-43f10eb661e3 found for delete ", "request_id": "req-5d5c404b-a20a-4690-a0b7-09d04ed7d337"}]}
2026-04-20 18:25:54.148 8 INFO neutron.services.segments.plugin [-] Segment 194eec5f-7ee6-4c59-9c86-43f10eb661e3 resource provider not found; error: Placement Client Error (4xx): {"errors": [{"status": 404, "title": "Not Found", "detail": "The resource could not be found.\n\n No resource provider with uuid 194eec5f-7ee6-4c59-9c86-43f10eb661e3 found for delete ", "request_id": "req-6ceb1553-c682-4c82-b7d1-e25c72448eba"}]} [pid: 8|app: 0|req: 805/1654] 10.0.0.38 () {32 vars in 725 bytes} [Mon Apr 20 18:25:53 2026] DELETE /v2.0/networks/cb56d979-3264-4097-af33-1b131370dd7d => generated 0 bytes in 366 msecs (HTTP/1.1 204) 3 headers in 131 bytes (1 switches on core 0)
2026-04-20 18:25:54.279 7 INFO neutron.db.segments_db [None req-f404c3b6-1bc2-40f8-958b-0a0b88da8ea4 77562d689c96459c866d9e3d1e4df1e8 2d9871e7e6d143338a5b2440280e4843 - - default default] Added segment 6ffe763e-540e-4a76-85d8-f13f158ebb61 of type geneve for network c6de6b74-0b92-49c2-856e-1b0f67e80ac0 [pid: 8|app: 0|req: 806/1655] 10.0.0.38 () {32 vars in 741 bytes} [Mon Apr 20 18:25:54 2026] GET /v2.0/subnets?network_id=1d2ba0a4-0579-443c-9885-fa4d1a399891 => generated 667 bytes in 43 msecs (HTTP/1.1 200) 4 headers in 157 bytes (1 switches on core 0)
2026-04-20 18:25:54.393 7 INFO neutron.db.ovn_revision_numbers_db [None req-f404c3b6-1bc2-40f8-958b-0a0b88da8ea4 77562d689c96459c866d9e3d1e4df1e8 2d9871e7e6d143338a5b2440280e4843 - - default default] Successfully bumped revision number for resource c6de6b74-0b92-49c2-856e-1b0f67e80ac0 (type: networks) to 1
2026-04-20 18:25:54.587 7 WARNING neutron.scheduler.dhcp_agent_scheduler [None req-f404c3b6-1bc2-40f8-958b-0a0b88da8ea4 77562d689c96459c866d9e3d1e4df1e8 2d9871e7e6d143338a5b2440280e4843 - - default default] No more DHCP agents
2026-04-20 18:25:54.588 7 WARNING neutron.api.rpc.agentnotifiers.dhcp_rpc_agent_api [None req-f404c3b6-1bc2-40f8-958b-0a0b88da8ea4 77562d689c96459c866d9e3d1e4df1e8 2d9871e7e6d143338a5b2440280e4843 - - default default] Unable to schedule network c6de6b74-0b92-49c2-856e-1b0f67e80ac0: no agents available; will retry on subsequent port and subnet creation events.
2026-04-20 18:25:54.708 8 INFO neutron.db.ovn_revision_numbers_db [None req-f7a4546d-e8ff-47a0-95d8-c226c7a61ed1 f28d115534464fe7866d5d679c190567 48bafe3c91254dd38a3a5eac329e2631 - - default default] Successfully bumped revision number for resource 4da8ccde-7766-447a-a2f6-101df3fe443a (type: floatingips) to 2
2026-04-20 18:25:54.731 7 INFO neutron.db.ovn_revision_numbers_db [None req-f404c3b6-1bc2-40f8-958b-0a0b88da8ea4 77562d689c96459c866d9e3d1e4df1e8 2d9871e7e6d143338a5b2440280e4843 - - default default] Successfully bumped revision number for resource 1ab42ff2-58f1-4070-a98e-db426018874c (type: ports) to 1 [pid: 7|app: 0|req: 850/1656] 10.0.0.38 () {34 vars in 669 bytes} [Mon Apr 20 18:25:54 2026] POST /v2.0/networks => generated 652 bytes in 574 msecs (HTTP/1.1 201) 4 headers in 162 bytes (1 switches on core 0)
2026-04-20 18:25:54.757 8 INFO neutron.db.l3_db [None req-f7a4546d-e8ff-47a0-95d8-c226c7a61ed1 f28d115534464fe7866d5d679c190567 48bafe3c91254dd38a3a5eac329e2631 - - default default] Floating IP 4da8ccde-7766-447a-a2f6-101df3fe443a disassociated. External IP: 10.96.250.215, port: fcc39b0f-bc6d-4cc6-b37b-9054f1a60671. [pid: 8|app: 0|req: 807/1657] 10.0.0.38 () {34 vars in 748 bytes} [Mon Apr 20 18:25:54 2026] PUT /v2.0/floatingips/4da8ccde-7766-447a-a2f6-101df3fe443a => generated 554 bytes in 246 msecs (HTTP/1.1 200) 4 headers in 157 bytes (1 switches on core 0)
2026-04-20 18:25:54.816 8 INFO neutron.notifiers.nova [-] Nova event matching ['req-c45b786f-013f-4494-b8fc-9f61ba346b22'] response: {'name': 'network-changed', 'server_uuid': 'b1b9712b-0152-432c-a876-60775092076a', 'tag': 'fcc39b0f-bc6d-4cc6-b37b-9054f1a60671', 'status': 'completed', 'code': 200} [pid: 8|app: 0|req: 808/1658] 10.0.0.38 () {32 vars in 728 bytes} [Mon Apr 20 18:25:54 2026] GET /v2.0/floatingips/4da8ccde-7766-447a-a2f6-101df3fe443a => generated 552 bytes in 32 msecs (HTTP/1.1 200) 4 headers in 157 bytes (1 switches on core 0)
2026-04-20 18:25:54.939 7 WARNING neutron.scheduler.dhcp_agent_scheduler [None req-f049c9b3-1b9c-4cc7-8cb5-3ef5939dbc60 77562d689c96459c866d9e3d1e4df1e8 2d9871e7e6d143338a5b2440280e4843 - - default default] No more DHCP agents
2026-04-20 18:25:54.941 7 WARNING neutron.api.rpc.agentnotifiers.dhcp_rpc_agent_api [None req-f049c9b3-1b9c-4cc7-8cb5-3ef5939dbc60 77562d689c96459c866d9e3d1e4df1e8 2d9871e7e6d143338a5b2440280e4843 - - default default] Unable to schedule network c6de6b74-0b92-49c2-856e-1b0f67e80ac0: no agents available; will retry on subsequent port and subnet creation events.
2026-04-20 18:25:54.972 7 INFO neutron.db.ovn_revision_numbers_db [None req-f049c9b3-1b9c-4cc7-8cb5-3ef5939dbc60 77562d689c96459c866d9e3d1e4df1e8 2d9871e7e6d143338a5b2440280e4843 - - default default] Successfully bumped revision number for resource a1831dee-46b8-49c3-9c78-a6c2161597e6 (type: subnets) to 0 [pid: 7|app: 0|req: 851/1659] 10.0.0.38 () {34 vars in 668 bytes} [Mon Apr 20 18:25:54 2026] POST /v2.0/subnets => generated 646 bytes in 226 msecs (HTTP/1.1 201) 4 headers in 162 bytes (1 switches on core 0)
2026-04-20 18:25:55.116 8 INFO neutron.db.ovn_revision_numbers_db [None req-7cfdedd9-d502-4f7e-a1d5-cc404683771c 77562d689c96459c866d9e3d1e4df1e8 2d9871e7e6d143338a5b2440280e4843 - - default default] Successfully bumped revision number for resource bb7ae2b3-a442-40c0-bb0b-7c00ae128f14 (type: routers) to 1 [pid: 8|app: 0|req: 809/1660] 10.0.0.38 () {34 vars in 668 bytes} [Mon Apr 20 18:25:54 2026] POST /v2.0/routers => generated 607 bytes in 142 msecs (HTTP/1.1 201) 4 headers in 162 bytes (1 switches on core 0)
2026-04-20 18:25:55.454 7 WARNING neutron.scheduler.dhcp_agent_scheduler [None req-71c02014-6af8-4989-8402-91bbc631d23b 77562d689c96459c866d9e3d1e4df1e8 2d9871e7e6d143338a5b2440280e4843 - - default default] No more DHCP agents
2026-04-20 18:25:55.455 7 WARNING neutron.api.rpc.agentnotifiers.dhcp_rpc_agent_api [None req-71c02014-6af8-4989-8402-91bbc631d23b 77562d689c96459c866d9e3d1e4df1e8 2d9871e7e6d143338a5b2440280e4843 - - default default] Unable to schedule network c6de6b74-0b92-49c2-856e-1b0f67e80ac0: no agents available; will retry on subsequent port and subnet creation events.
2026-04-20 18:25:55.539 8 INFO neutron.plugins.ml2.drivers.ovn.mech_driver.mech_driver [None req-786f3b04-4ab5-4ea0-8665-35c9e36a7d46 - - - - - -] OVN reports status down for port: db8538b1-d333-4e27-bc3f-69c6709c0ed1
2026-04-20 18:25:55.566 7 INFO neutron.db.ovn_revision_numbers_db [None req-71c02014-6af8-4989-8402-91bbc631d23b 77562d689c96459c866d9e3d1e4df1e8 2d9871e7e6d143338a5b2440280e4843 - - default default] Successfully bumped revision number for resource db8538b1-d333-4e27-bc3f-69c6709c0ed1 (type: ports) to 1
