2026-04-20 18:25:38.703 7 INFO neutron.plugins.ml2.drivers.ovn.mech_driver.mech_driver [None req-914898c5-61b3-47d8-b8d3-b7b5f8cf0688 - - - - - -] OVN reports status up for port: fcc39b0f-bc6d-4cc6-b37b-9054f1a60671
2026-04-20 18:25:38.722 7 INFO neutron.plugins.ml2.plugin [None req-914898c5-61b3-47d8-b8d3-b7b5f8cf0688 - - - - - -] Attempt 1 to provision port fcc39b0f-bc6d-4cc6-b37b-9054f1a60671
2026-04-20 18:25:38.914 7 INFO neutron.notifiers.nova [-] Nova event matching ['req-8e1fff06-bf3c-4fcf-91a8-7ea9f16c85d9'] response: {'server_uuid': 'b1b9712b-0152-432c-a876-60775092076a', 'name': 'network-vif-plugged', 'status': 'completed', 'tag': 'fcc39b0f-bc6d-4cc6-b37b-9054f1a60671', 'code': 200} [pid: 7|app: 0|req: 796/1548] 10.0.0.38 () {32 vars in 739 bytes} [Mon Apr 20 18:25:38 2026] DELETE /v2.0/security-groups/64ea293d-d997-473c-8d6b-486666bd5400 => generated 0 bytes in 392 msecs (HTTP/1.1 204) 2 headers in 112 bytes (1 switches on core 0)
2026-04-20 18:25:39.075 7 INFO neutron.db.ovn_revision_numbers_db [None req-914898c5-61b3-47d8-b8d3-b7b5f8cf0688 - - - - - -] Successfully bumped revision number for resource fcc39b0f-bc6d-4cc6-b37b-9054f1a60671 (type: ports) to 5 /var/lib/openstack/lib/python3.12/site-packages/pycadf/identifier.py:70: UserWarning: Invalid uuid: neutron. To ensure interoperability, identifiers should be a valid uuid. warnings.warn(('Invalid uuid: %s. To ensure interoperability, ' [pid: 7|app: 0|req: 797/1549] 10.0.0.183 () {34 vars in 990 bytes} [Mon Apr 20 18:25:39 2026] GET /v2.0/ports?device_id=b1b9712b-0152-432c-a876-60775092076a => generated 975 bytes in 104 msecs (HTTP/1.1 200) 4 headers in 157 bytes (1 switches on core 0)
2026-04-20 18:25:39.713 8 INFO neutron.db.ovn_revision_numbers_db [None req-9fee2aa1-3b1d-4fb0-8f03-a7dd7f84c3e2 21b38a149e834429afcb575aa0813505 bd418415afbe4daf8d08c24cd41ef9e5 - - default default] Successfully bumped revision number for resource 1eb21cb1-77f4-43e8-acbc-419910b04636 (type: security_groups) to 1
2026-04-20 18:25:39.730 8 INFO neutron.db.ovn_revision_numbers_db [None req-9fee2aa1-3b1d-4fb0-8f03-a7dd7f84c3e2 21b38a149e834429afcb575aa0813505 bd418415afbe4daf8d08c24cd41ef9e5 - - default default] Successfully bumped revision number for resource 086a9baa-f000-4a04-a87d-ef2e0f40954e (type: security_group_rules) to 0
2026-04-20 18:25:39.751 8 INFO neutron.db.ovn_revision_numbers_db [None req-9fee2aa1-3b1d-4fb0-8f03-a7dd7f84c3e2 21b38a149e834429afcb575aa0813505 bd418415afbe4daf8d08c24cd41ef9e5 - - default default] Successfully bumped revision number for resource 6459c6ee-d591-460e-b1b7-bcbf8a762392 (type: security_group_rules) to 0 [pid: 7|app: 0|req: 798/1550] 10.0.0.183 () {34 vars in 1040 bytes} [Mon Apr 20 18:25:39 2026] GET /v2.0/security-groups?id=e98f11d6-2232-4baf-ad30-dde5ab5d6e12&fields=id&fields=name => generated 114 bytes in 46 msecs (HTTP/1.1 200) 4 headers in 157 bytes (1 switches on core 0)
2026-04-20 18:25:39.771 8 INFO neutron.db.ovn_revision_numbers_db [None req-9fee2aa1-3b1d-4fb0-8f03-a7dd7f84c3e2 21b38a149e834429afcb575aa0813505 bd418415afbe4daf8d08c24cd41ef9e5 - - default default] Successfully bumped revision number for resource 6e5593e0-5e1c-433a-a5d2-670848d4e67f (type: security_group_rules) to 0
2026-04-20 18:25:39.790 8 INFO neutron.db.ovn_revision_numbers_db [None req-9fee2aa1-3b1d-4fb0-8f03-a7dd7f84c3e2 21b38a149e834429afcb575aa0813505 bd418415afbe4daf8d08c24cd41ef9e5 - - default default] Successfully bumped revision number for resource 95e91bc1-bcda-49f3-bdba-4975a7eee43e (type: security_group_rules) to 0 [pid: 8|app: 0|req: 753/1551] 10.0.0.38 () {32 vars in 773 bytes} [Mon Apr 20 18:25:39 2026] GET /v2.0/security-groups?tenant_id=7bd78e7f5e8a4f8cbdff53786644a2e9&name=default => generated 2925 bytes in 410 msecs (HTTP/1.1 200) 4 headers in 158 bytes (1 switches on core 0)
2026-04-20 18:25:39.979 7 INFO neutron.db.ovn_revision_numbers_db [None req-1b891fd3-694a-4fe1-9d39-a88022c916ed 77562d689c96459c866d9e3d1e4df1e8 2d9871e7e6d143338a5b2440280e4843 - - default default] Successfully bumped revision number for resource 7e3784bf-e34f-40fd-a33a-946d9dbac31b (type: security_groups) to 1
2026-04-20 18:25:39.994 7 INFO neutron.db.ovn_revision_numbers_db [None req-1b891fd3-694a-4fe1-9d39-a88022c916ed 77562d689c96459c866d9e3d1e4df1e8 2d9871e7e6d143338a5b2440280e4843 - - default default] Successfully bumped revision number for resource 02aa488a-f5c6-44b0-b876-5a9488840d1d (type: security_group_rules) to 0
2026-04-20 18:25:40.019 7 INFO neutron.db.ovn_revision_numbers_db [None req-1b891fd3-694a-4fe1-9d39-a88022c916ed 77562d689c96459c866d9e3d1e4df1e8 2d9871e7e6d143338a5b2440280e4843 - - default default] Successfully bumped revision number for resource 12f2d739-17fd-4fa7-bc9e-2ef979a9433c (type: security_group_rules) to 0
2026-04-20 18:25:40.029 7 INFO neutron.db.ovn_revision_numbers_db [None req-1b891fd3-694a-4fe1-9d39-a88022c916ed 77562d689c96459c866d9e3d1e4df1e8 2d9871e7e6d143338a5b2440280e4843 - - default default] Successfully bumped revision number for resource f8a9a70d-4c8d-49a9-929d-9c729fd81f91 (type: security_group_rules) to 0
2026-04-20 18:25:40.040 7 INFO neutron.db.ovn_revision_numbers_db [None req-1b891fd3-694a-4fe1-9d39-a88022c916ed 77562d689c96459c866d9e3d1e4df1e8 2d9871e7e6d143338a5b2440280e4843 - - default default] Successfully bumped revision number for resource fa092a47-daab-4a1c-94a9-85cd55b9cfee (type: security_group_rules) to 0 [pid: 8|app: 0|req: 754/1552] 10.0.0.38 () {32 vars in 739 bytes} [Mon Apr 20 18:25:39 2026] DELETE /v2.0/security-groups/1eb21cb1-77f4-43e8-acbc-419910b04636 => generated 0 bytes in 252 msecs (HTTP/1.1 204) 2 headers in 112 bytes (1 switches on core 0)
2026-04-20 18:25:40.128 7 INFO neutron.db.segments_db [None req-1b891fd3-694a-4fe1-9d39-a88022c916ed 77562d689c96459c866d9e3d1e4df1e8 2d9871e7e6d143338a5b2440280e4843 - - default default] Added segment 6e7b2657-46c9-4bb8-969e-f62735491a14 of type geneve for network 3d11c756-8064-45c1-8541-98b12209bdc1
2026-04-20 18:25:40.229 7 INFO neutron.db.ovn_revision_numbers_db [None req-1b891fd3-694a-4fe1-9d39-a88022c916ed 77562d689c96459c866d9e3d1e4df1e8 2d9871e7e6d143338a5b2440280e4843 - - default default] Successfully bumped revision number for resource 3d11c756-8064-45c1-8541-98b12209bdc1 (type: networks) to 1
2026-04-20 18:25:40.333 8 INFO neutron.db.ovn_revision_numbers_db [None req-35ed8dac-19db-44b6-8e71-8078fa9bf83c 21b38a149e834429afcb575aa0813505 bd418415afbe4daf8d08c24cd41ef9e5 - - default default] Successfully bumped revision number for resource bbc12073-facd-4281-bc22-7699a121e867 (type: security_groups) to 1
2026-04-20 18:25:40.346 8 INFO neutron.db.ovn_revision_numbers_db [None req-35ed8dac-19db-44b6-8e71-8078fa9bf83c 21b38a149e834429afcb575aa0813505 bd418415afbe4daf8d08c24cd41ef9e5 - - default default] Successfully bumped revision number for resource 398ba738-506f-470a-b03e-5fd2dc1c2c98 (type: security_group_rules) to 0
2026-04-20 18:25:40.359 8 INFO neutron.db.ovn_revision_numbers_db [None req-35ed8dac-19db-44b6-8e71-8078fa9bf83c 21b38a149e834429afcb575aa0813505 bd418415afbe4daf8d08c24cd41ef9e5 - - default default] Successfully bumped revision number for resource 7eb3e9b8-51d5-468a-8a2c-b99554eb3d9c (type: security_group_rules) to 0
2026-04-20 18:25:40.372 8 INFO neutron.db.ovn_revision_numbers_db [None req-35ed8dac-19db-44b6-8e71-8078fa9bf83c 21b38a149e834429afcb575aa0813505 bd418415afbe4daf8d08c24cd41ef9e5 - - default default] Successfully bumped revision number for resource be945aaa-8eee-4333-89f1-b8136a6d9292 (type: security_group_rules) to 0
2026-04-20 18:25:40.387 8 INFO neutron.db.ovn_revision_numbers_db [None req-35ed8dac-19db-44b6-8e71-8078fa9bf83c 21b38a149e834429afcb575aa0813505 bd418415afbe4daf8d08c24cd41ef9e5 - - default default] Successfully bumped revision number for resource e05596da-f3ae-42b0-a2ba-574d55733ce9 (type: security_group_rules) to 0
2026-04-20 18:25:40.413 7 WARNING neutron.scheduler.dhcp_agent_scheduler [None req-1b891fd3-694a-4fe1-9d39-a88022c916ed 77562d689c96459c866d9e3d1e4df1e8 2d9871e7e6d143338a5b2440280e4843 - - default default] No more DHCP agents
2026-04-20 18:25:40.414 7 WARNING neutron.api.rpc.agentnotifiers.dhcp_rpc_agent_api [None req-1b891fd3-694a-4fe1-9d39-a88022c916ed 77562d689c96459c866d9e3d1e4df1e8 2d9871e7e6d143338a5b2440280e4843 - - default default] Unable to schedule network 3d11c756-8064-45c1-8541-98b12209bdc1: no agents available; will retry on subsequent port and subnet creation events. [pid: 8|app: 0|req: 755/1553] 10.0.0.38 () {32 vars in 773 bytes} [Mon Apr 20 18:25:40 2026] GET /v2.0/security-groups?tenant_id=3d7163cd896e44ce8b40254485116b28&name=default => generated 2925 bytes in 251 msecs (HTTP/1.1 200) 4 headers in 158 bytes (1 switches on core 0)
2026-04-20 18:25:40.463 7 INFO neutron.plugins.ml2.drivers.ovn.mech_driver.mech_driver [None req-7e8a6e31-a4a8-4e6d-962b-afb6c0b47ed1 - - - - - -] OVN reports status down for port: 73c3c819-a46a-48d3-a6f6-8afa007a42f9
2026-04-20 18:25:40.537 7 INFO neutron.db.ovn_revision_numbers_db [None req-1b891fd3-694a-4fe1-9d39-a88022c916ed 77562d689c96459c866d9e3d1e4df1e8 2d9871e7e6d143338a5b2440280e4843 - - default default] Successfully bumped revision number for resource 73c3c819-a46a-48d3-a6f6-8afa007a42f9 (type: ports) to 1 [pid: 7|app: 0|req: 799/1554] 10.0.0.38 () {34 vars in 669 bytes} [Mon Apr 20 18:25:39 2026] POST /v2.0/networks => generated 653 bytes in 832 msecs (HTTP/1.1 201) 4 headers in 162 bytes (1 switches on core 0)
2026-04-20 18:25:40.692 7 INFO neutron.db.segments_db [None req-16f7cbf8-cf65-4d85-a755-ec15aac82e42 77562d689c96459c866d9e3d1e4df1e8 2d9871e7e6d143338a5b2440280e4843 - - default default] Added segment 8e3fc0d9-22d8-4503-a110-5b7deee8c525 of type geneve for network eb8f1c65-211c-4902-92da-0e01036cc646 [pid: 8|app: 0|req: 756/1555] 10.0.0.38 () {32 vars in 739 bytes} [Mon Apr 20 18:25:40 2026] DELETE /v2.0/security-groups/bbc12073-facd-4281-bc22-7699a121e867 => generated 0 bytes in 297 msecs (HTTP/1.1 204) 2 headers in 112 bytes (1 switches on core 0)
2026-04-20 18:25:40.807 7 INFO neutron.db.ovn_revision_numbers_db [None req-16f7cbf8-cf65-4d85-a755-ec15aac82e42 77562d689c96459c866d9e3d1e4df1e8 2d9871e7e6d143338a5b2440280e4843 - - default default] Successfully bumped revision number for resource eb8f1c65-211c-4902-92da-0e01036cc646 (type: networks) to 1
2026-04-20 18:25:40.950 7 INFO neutron.notifiers.nova [-] Nova event matching ['req-3867a772-e674-41ff-b5f1-04eb6d1a9b4e'] response: {'server_uuid': 'b1b9712b-0152-432c-a876-60775092076a', 'name': 'network-vif-plugged', 'status': 'completed', 'tag': 'fcc39b0f-bc6d-4cc6-b37b-9054f1a60671', 'code': 200}
2026-04-20 18:25:40.966 7 WARNING neutron.scheduler.dhcp_agent_scheduler [None req-16f7cbf8-cf65-4d85-a755-ec15aac82e42 77562d689c96459c866d9e3d1e4df1e8 2d9871e7e6d143338a5b2440280e4843 - - default default] No more DHCP agents
2026-04-20 18:25:40.968 7 WARNING neutron.api.rpc.agentnotifiers.dhcp_rpc_agent_api [None req-16f7cbf8-cf65-4d85-a755-ec15aac82e42 77562d689c96459c866d9e3d1e4df1e8 2d9871e7e6d143338a5b2440280e4843 - - default default] Unable to schedule network eb8f1c65-211c-4902-92da-0e01036cc646: no agents available; will retry on subsequent port and subnet creation events.
2026-04-20 18:25:41.003 7 INFO neutron.plugins.ml2.drivers.ovn.mech_driver.mech_driver [None req-7e8a6e31-a4a8-4e6d-962b-afb6c0b47ed1 - - - - - -] OVN reports status down for port: c2575fec-2116-4d71-8b33-43ebd8fb0b7e
2026-04-20 18:25:41.056 7 INFO neutron.db.ovn_revision_numbers_db [None req-16f7cbf8-cf65-4d85-a755-ec15aac82e42 77562d689c96459c866d9e3d1e4df1e8 2d9871e7e6d143338a5b2440280e4843 - - default default] Successfully bumped revision number for resource c2575fec-2116-4d71-8b33-43ebd8fb0b7e (type: ports) to 1 [pid: 7|app: 0|req: 800/1556] 10.0.0.38 () {34 vars in 669 bytes} [Mon Apr 20 18:25:40 2026] POST /v2.0/networks => generated 652 bytes in 498 msecs (HTTP/1.1 201) 4 headers in 162 bytes (1 switches on core 0)
2026-04-20 18:25:41.133 8 INFO neutron.db.ovn_revision_numbers_db [None req-d59bee26-d5d5-4c45-94c1-f43b1707077a d956104c6ba7403fb2e2a2335dc72673 ff8600cf46504c429f1f9f2bdc526aa7 - - default default] Successfully bumped revision number for resource dfa81b2a-e39a-4829-ba97-f67b91ee08d2 (type: security_groups) to 1 [pid: 7|app: 0|req: 801/1557] 10.0.0.183 () {34 vars in 990 bytes} [Mon Apr 20 18:25:41 2026] GET /v2.0/ports?device_id=b1b9712b-0152-432c-a876-60775092076a => generated 975 bytes in 53 msecs (HTTP/1.1 200) 4 headers in 157 bytes (1 switches on core 0)
2026-04-20 18:25:41.148 8 INFO neutron.db.ovn_revision_numbers_db [None req-d59bee26-d5d5-4c45-94c1-f43b1707077a d956104c6ba7403fb2e2a2335dc72673 ff8600cf46504c429f1f9f2bdc526aa7 - - default default] Successfully bumped revision number for resource 120d437b-e559-49a3-ad82-32c813966d7b (type: security_group_rules) to 0
2026-04-20 18:25:41.158 8 INFO neutron.db.ovn_revision_numbers_db [None req-d59bee26-d5d5-4c45-94c1-f43b1707077a d956104c6ba7403fb2e2a2335dc72673 ff8600cf46504c429f1f9f2bdc526aa7 - - default default] Successfully bumped revision number for resource 487edce4-4612-47be-b2d4-428b2d1d3b3f (type: security_group_rules) to 0
2026-04-20 18:25:41.172 8 INFO neutron.db.ovn_revision_numbers_db [None req-d59bee26-d5d5-4c45-94c1-f43b1707077a d956104c6ba7403fb2e2a2335dc72673 ff8600cf46504c429f1f9f2bdc526aa7 - - default default] Successfully bumped revision number for resource 76c7f3c3-c6eb-4980-8f75-d064a13105b1 (type: security_group_rules) to 0
2026-04-20 18:25:41.188 8 INFO neutron.db.ovn_revision_numbers_db [None req-d59bee26-d5d5-4c45-94c1-f43b1707077a d956104c6ba7403fb2e2a2335dc72673 ff8600cf46504c429f1f9f2bdc526aa7 - - default default] Successfully bumped revision number for resource 9ca70565-a9ce-4bc0-989d-1cae90a65a84 (type: security_group_rules) to 0
2026-04-20 18:25:41.276 7 INFO neutron.db.ovn_revision_numbers_db [None req-843e3536-b37f-4b05-82ab-0861404a6630 21b38a149e834429afcb575aa0813505 bd418415afbe4daf8d08c24cd41ef9e5 - - default default] Successfully bumped revision number for resource 1f343494-5966-45eb-a710-f121b933b8bd (type: security_groups) to 1
2026-04-20 18:25:41.288 7 INFO neutron.db.ovn_revision_numbers_db [None req-843e3536-b37f-4b05-82ab-0861404a6630 21b38a149e834429afcb575aa0813505 bd418415afbe4daf8d08c24cd41ef9e5 - - default default] Successfully bumped revision number for resource 12f17a47-d8ca-44a1-b543-a23c296105cc (type: security_group_rules) to 0
2026-04-20 18:25:41.293 8 INFO neutron.db.segments_db [None req-d59bee26-d5d5-4c45-94c1-f43b1707077a d956104c6ba7403fb2e2a2335dc72673 ff8600cf46504c429f1f9f2bdc526aa7 - - default default] Added segment 58b56fc7-3585-457c-9a0b-81d7c5743a18 of type geneve for network cad8c21f-99e6-42c6-9c38-e6f5836334bf
2026-04-20 18:25:41.299 7 INFO neutron.db.ovn_revision_numbers_db [None req-843e3536-b37f-4b05-82ab-0861404a6630 21b38a149e834429afcb575aa0813505 bd418415afbe4daf8d08c24cd41ef9e5 - - default default] Successfully bumped revision number for resource 50b6a40c-6569-41e6-b952-c04e5d8dffbb (type: security_group_rules) to 0
2026-04-20 18:25:41.312 7 INFO neutron.db.ovn_revision_numbers_db [None req-843e3536-b37f-4b05-82ab-0861404a6630 21b38a149e834429afcb575aa0813505 bd418415afbe4daf8d08c24cd41ef9e5 - - default default] Successfully bumped revision number for resource 586a515d-68d5-4b43-8ffb-1e524ba28704 (type: security_group_rules) to 0
2026-04-20 18:25:41.323 7 INFO neutron.db.ovn_revision_numbers_db [None req-843e3536-b37f-4b05-82ab-0861404a6630 21b38a149e834429afcb575aa0813505 bd418415afbe4daf8d08c24cd41ef9e5 - - default default] Successfully bumped revision number for resource 7266ca84-cbe6-4b88-90e5-e7fff24e36ba (type: security_group_rules) to 0 [pid: 7|app: 0|req: 802/1558] 10.0.0.38 () {32 vars in 773 bytes} [Mon Apr 20 18:25:41 2026] GET /v2.0/security-groups?tenant_id=303f7b8e779c452d9a342a6ac37f345e&name=default => generated 2925 bytes in 215 msecs (HTTP/1.1 200) 4 headers in 158 bytes (1 switches on core 0)
2026-04-20 18:25:41.393 8 INFO neutron.db.segments_db [None req-d59bee26-d5d5-4c45-94c1-f43b1707077a d956104c6ba7403fb2e2a2335dc72673 ff8600cf46504c429f1f9f2bdc526aa7 - - default default] Added segment 966f89ba-5894-450a-814f-ba791bea678d of type geneve for network 253f8d10-7db7-4d72-85d7-8c543c25e4ba
2026-04-20 18:25:41.517 8 INFO neutron.db.ovn_revision_numbers_db [None req-d59bee26-d5d5-4c45-94c1-f43b1707077a d956104c6ba7403fb2e2a2335dc72673 ff8600cf46504c429f1f9f2bdc526aa7 - - default default] Successfully bumped revision number for resource cad8c21f-99e6-42c6-9c38-e6f5836334bf (type: networks) to 1
2026-04-20 18:25:41.543 7 WARNING neutron.scheduler.dhcp_agent_scheduler [None req-4a16d00b-e0dc-4ba9-adf5-62b00d835f1f 77562d689c96459c866d9e3d1e4df1e8 2d9871e7e6d143338a5b2440280e4843 - - default default] No more DHCP agents
2026-04-20 18:25:41.544 7 WARNING neutron.api.rpc.agentnotifiers.dhcp_rpc_agent_api [None req-4a16d00b-e0dc-4ba9-adf5-62b00d835f1f 77562d689c96459c866d9e3d1e4df1e8 2d9871e7e6d143338a5b2440280e4843 - - default default] Unable to schedule network 3d11c756-8064-45c1-8541-98b12209bdc1: no agents available; will retry on subsequent port and subnet creation events.
2026-04-20 18:25:41.569 7 INFO neutron.db.ovn_revision_numbers_db [None req-4a16d00b-e0dc-4ba9-adf5-62b00d835f1f 77562d689c96459c866d9e3d1e4df1e8 2d9871e7e6d143338a5b2440280e4843 - - default default] Successfully bumped revision number for resource 018e0c48-2f3a-4816-877d-f5d925c18d1d (type: subnets) to 0 [pid: 7|app: 0|req: 803/1559] 10.0.0.38 () {34 vars in 668 bytes} [Mon Apr 20 18:25:41 2026] POST /v2.0/subnets => generated 646 bytes in 224 msecs (HTTP/1.1 201) 4 headers in 162 bytes (1 switches on core 0) [pid: 7|app: 0|req: 804/1560] 10.0.0.183 () {34 vars in 1040 bytes} [Mon Apr 20 18:25:41 2026] GET /v2.0/security-groups?id=e98f11d6-2232-4baf-ad30-dde5ab5d6e12&fields=id&fields=name => generated 114 bytes in 27 msecs (HTTP/1.1 200) 4 headers in 157 bytes (1 switches on core 0)
2026-04-20 18:25:41.739 8 WARNING neutron.scheduler.dhcp_agent_scheduler [None req-d59bee26-d5d5-4c45-94c1-f43b1707077a d956104c6ba7403fb2e2a2335dc72673 ff8600cf46504c429f1f9f2bdc526aa7 - - default default] No more DHCP agents
2026-04-20 18:25:41.741 8 WARNING neutron.api.rpc.agentnotifiers.dhcp_rpc_agent_api [None req-d59bee26-d5d5-4c45-94c1-f43b1707077a d956104c6ba7403fb2e2a2335dc72673 ff8600cf46504c429f1f9f2bdc526aa7 - - default default] Unable to schedule network cad8c21f-99e6-42c6-9c38-e6f5836334bf: no agents available; will retry on subsequent port and subnet creation events.
2026-04-20 18:25:41.788 7 INFO neutron.plugins.ml2.drivers.ovn.mech_driver.mech_driver [None req-7e8a6e31-a4a8-4e6d-962b-afb6c0b47ed1 - - - - - -] OVN reports status down for port: 4e448068-04ab-4f15-977a-bf4dc9fcf358
2026-04-20 18:25:41.827 8 INFO neutron.db.ovn_revision_numbers_db [None req-d59bee26-d5d5-4c45-94c1-f43b1707077a d956104c6ba7403fb2e2a2335dc72673 ff8600cf46504c429f1f9f2bdc526aa7 - - default default] Successfully bumped revision number for resource 4e448068-04ab-4f15-977a-bf4dc9fcf358 (type: ports) to 1
2026-04-20 18:25:41.903 8 INFO neutron.db.ovn_revision_numbers_db [None req-d59bee26-d5d5-4c45-94c1-f43b1707077a d956104c6ba7403fb2e2a2335dc72673 ff8600cf46504c429f1f9f2bdc526aa7 - - default default] Successfully bumped revision number for resource 253f8d10-7db7-4d72-85d7-8c543c25e4ba (type: networks) to 1 [pid: 7|app: 0|req: 805/1561] 10.0.0.38 () {32 vars in 739 bytes} [Mon Apr 20 18:25:41 2026] DELETE /v2.0/security-groups/1f343494-5966-45eb-a710-f121b933b8bd => generated 0 bytes in 297 msecs (HTTP/1.1 204) 2 headers in 112 bytes (1 switches on core 0)
2026-04-20 18:25:42.080 7 WARNING neutron.scheduler.dhcp_agent_scheduler [None req-b23863a4-e8e3-4f29-9453-499ef8d53930 77562d689c96459c866d9e3d1e4df1e8 2d9871e7e6d143338a5b2440280e4843 - - default default] No more DHCP agents
2026-04-20 18:25:42.080 8 WARNING neutron.scheduler.dhcp_agent_scheduler [None req-d59bee26-d5d5-4c45-94c1-f43b1707077a d956104c6ba7403fb2e2a2335dc72673 ff8600cf46504c429f1f9f2bdc526aa7 - - default default] No more DHCP agents
2026-04-20 18:25:42.081 8 WARNING neutron.api.rpc.agentnotifiers.dhcp_rpc_agent_api [None req-d59bee26-d5d5-4c45-94c1-f43b1707077a d956104c6ba7403fb2e2a2335dc72673 ff8600cf46504c429f1f9f2bdc526aa7 - - default default] Unable to schedule network 253f8d10-7db7-4d72-85d7-8c543c25e4ba: no agents available; will retry on subsequent port and subnet creation events.
2026-04-20 18:25:42.081 7 WARNING neutron.api.rpc.agentnotifiers.dhcp_rpc_agent_api [None req-b23863a4-e8e3-4f29-9453-499ef8d53930 77562d689c96459c866d9e3d1e4df1e8 2d9871e7e6d143338a5b2440280e4843 - - default default] Unable to schedule network eb8f1c65-211c-4902-92da-0e01036cc646: no agents available; will retry on subsequent port and subnet creation events.
2026-04-20 18:25:42.104 7 INFO neutron.db.ovn_revision_numbers_db [None req-b23863a4-e8e3-4f29-9453-499ef8d53930 77562d689c96459c866d9e3d1e4df1e8 2d9871e7e6d143338a5b2440280e4843 - - default default] Successfully bumped revision number for resource e4e6468f-6833-419b-bbd8-7167ef7c65ed (type: subnets) to 0
2026-04-20 18:25:42.128 7 INFO neutron.plugins.ml2.drivers.ovn.mech_driver.mech_driver [None req-7e8a6e31-a4a8-4e6d-962b-afb6c0b47ed1 - - - - - -] OVN reports status down for port: 44e8c91d-eeae-4da7-aaa9-217159c4909b [pid: 7|app: 0|req: 808/1564] 10.0.0.38 () {34 vars in 668 bytes} [Mon Apr 20 18:25:41 2026] POST /v2.0/subnets => generated 655 bytes in 219 msecs (HTTP/1.1 201) 4 headers in 162 bytes (1 switches on core 0)
2026-04-20 18:25:42.163 8 INFO neutron.db.ovn_revision_numbers_db [None req-d59bee26-d5d5-4c45-94c1-f43b1707077a d956104c6ba7403fb2e2a2335dc72673 ff8600cf46504c429f1f9f2bdc526aa7 - - default default] Successfully bumped revision number for resource 44e8c91d-eeae-4da7-aaa9-217159c4909b (type: ports) to 1 [pid: 7|app: 0|req: 809/1565] 10.0.0.183 () {34 vars in 990 bytes} [Mon Apr 20 18:25:42 2026] GET /v2.0/ports?device_id=b1b9712b-0152-432c-a876-60775092076a => generated 975 bytes in 57 msecs (HTTP/1.1 200) 4 headers in 157 bytes (1 switches on core 0) [pid: 8|app: 0|req: 757/1566] 10.0.0.38 () {34 vars in 669 bytes} [Mon Apr 20 18:25:40 2026] POST /v2.0/networks => generated 1283 bytes in 1374 msecs (HTTP/1.1 201) 4 headers in 163 bytes (1 switches on core 0) [pid: 8|app: 0|req: 758/1567] 10.0.0.38 () {32 vars in 648 bytes} [Mon Apr 20 18:25:42 2026] GET /v2.0/networks => generated 1970 bytes in 58 msecs (HTTP/1.1 200) 4 headers in 158 bytes (1 switches on core 0) [pid: 8|app: 0|req: 759/1568] 10.0.0.183 () {34 vars in 1040 bytes} [Mon Apr 20 18:25:42 2026] GET /v2.0/security-groups?id=e98f11d6-2232-4baf-ad30-dde5ab5d6e12&fields=id&fields=name => generated 114 bytes in 34 msecs (HTTP/1.1 200) 4 headers in 157 bytes (1 switches on core 0)
2026-04-20 18:25:42.314 7 INFO neutron.db.ovn_revision_numbers_db [None req-32722986-6efe-4f55-8663-59f8ff1a48ff 77562d689c96459c866d9e3d1e4df1e8 2d9871e7e6d143338a5b2440280e4843 - - default default] Successfully bumped revision number for resource b6c30ee4-9fee-4e33-b70d-8d7332428179 (type: routers) to 1 [pid: 7|app: 0|req: 810/1569] 10.0.0.38 () {34 vars in 668 bytes} [Mon Apr 20 18:25:42 2026] POST /v2.0/routers => generated 606 bytes in 137 msecs (HTTP/1.1 201) 4 headers in 162 bytes (1 switches on core 0) [pid: 7|app: 0|req: 811/1570] 10.0.0.38 () {32 vars in 735 bytes} [Mon Apr 20 18:25:42 2026] GET /v2.0/ports?device_id=b1b9712b-0152-432c-a876-60775092076a => generated 1213 bytes in 27 msecs (HTTP/1.1 200) 4 headers in 158 bytes (1 switches on core 0)
2026-04-20 18:25:42.429 8 INFO neutron_taas.services.taas.taas_plugin [None req-68f606a1-4be1-496c-923f-c6a611786445 d956104c6ba7403fb2e2a2335dc72673 ff8600cf46504c429f1f9f2bdc526aa7 - - default default] TaaS: Handle Delete Port: 4e448068-04ab-4f15-977a-bf4dc9fcf358
2026-04-20 18:25:42.432 8 INFO neutron_taas.services.taas.tap_mirror_plugin [None req-68f606a1-4be1-496c-923f-c6a611786445 d956104c6ba7403fb2e2a2335dc72673 ff8600cf46504c429f1f9f2bdc526aa7 - - default default] Tap Mirror: Handle Delete Port: 4e448068-04ab-4f15-977a-bf4dc9fcf358
2026-04-20 18:25:42.621 8 INFO neutron.services.segments.plugin [-] Segment 58b56fc7-3585-457c-9a0b-81d7c5743a18 resource provider aggregate not found
2026-04-20 18:25:42.630 8 INFO neutron.services.segments.plugin [-] Segment 58b56fc7-3585-457c-9a0b-81d7c5743a18 resource provider aggregate not found
2026-04-20 18:25:42.655 8 INFO neutron.services.segments.plugin [-] Segment 58b56fc7-3585-457c-9a0b-81d7c5743a18 resource provider not found; error: Placement Client Error (4xx): {"errors": [{"status": 404, "title": "Not Found", "detail": "The resource could not be found.\n\n No resource provider with uuid 58b56fc7-3585-457c-9a0b-81d7c5743a18 found for delete ", "request_id": "req-0b83bb8f-e195-4a47-8941-7d057601af68"}]}
2026-04-20 18:25:42.659 8 INFO neutron.services.segments.plugin [-] Segment 58b56fc7-3585-457c-9a0b-81d7c5743a18 resource provider not found; error: Placement Client Error (4xx): {"errors": [{"status": 404, "title": "Not Found", "detail": "The resource could not be found.\n\n No resource provider with uuid 58b56fc7-3585-457c-9a0b-81d7c5743a18 found for delete ", "request_id": "req-5d754e6e-c328-4366-adea-75e90cd6f130"}]} [pid: 8|app: 0|req: 760/1571] 10.0.0.38 () {32 vars in 725 bytes} [Mon Apr 20 18:25:42 2026] DELETE /v2.0/networks/cad8c21f-99e6-42c6-9c38-e6f5836334bf => generated 0 bytes in 406 msecs (HTTP/1.1 204) 3 headers in 131 bytes (1 switches on core 0)
2026-04-20 18:25:42.743 7 WARNING neutron.scheduler.dhcp_agent_scheduler [None req-45b47535-f73c-4121-ac72-4f7d2aa9e314 77562d689c96459c866d9e3d1e4df1e8 2d9871e7e6d143338a5b2440280e4843 - - default default] No more DHCP agents
2026-04-20 18:25:42.744 7 WARNING neutron.api.rpc.agentnotifiers.dhcp_rpc_agent_api [None req-45b47535-f73c-4121-ac72-4f7d2aa9e314 77562d689c96459c866d9e3d1e4df1e8 2d9871e7e6d143338a5b2440280e4843 - - default default] Unable to schedule network 3d11c756-8064-45c1-8541-98b12209bdc1: no agents available; will retry on subsequent port and subnet creation events.
2026-04-20 18:25:42.814 8 INFO neutron.plugins.ml2.drivers.ovn.mech_driver.mech_driver [None req-78ff6f3f-2c3b-4047-9c80-2dd0d551ceb2 - - - - - -] OVN reports status down for port: a41d1c25-6abb-45a3-8b22-67afeed9c027
2026-04-20 18:25:42.853 7 INFO neutron.db.ovn_revision_numbers_db [None req-45b47535-f73c-4121-ac72-4f7d2aa9e314 77562d689c96459c866d9e3d1e4df1e8 2d9871e7e6d143338a5b2440280e4843 - - default default] Successfully bumped revision number for resource a41d1c25-6abb-45a3-8b22-67afeed9c027 (type: ports) to 1
2026-04-20 18:25:43.002 8 WARNING neutron.scheduler.dhcp_agent_scheduler [None req-4dd9885a-5d16-4f9b-8f9f-c36bd6342b67 f28d115534464fe7866d5d679c190567 48bafe3c91254dd38a3a5eac329e2631 - - default default] No more DHCP agents
2026-04-20 18:25:43.003 8 WARNING neutron.api.rpc.agentnotifiers.dhcp_rpc_agent_api [None req-4dd9885a-5d16-4f9b-8f9f-c36bd6342b67 f28d115534464fe7866d5d679c190567 48bafe3c91254dd38a3a5eac329e2631 - - default default] Unable to schedule network 1d2ba0a4-0579-443c-9885-fa4d1a399891: no agents available; will retry on subsequent port and subnet creation events.
2026-04-20 18:25:43.293 8 INFO neutron.plugins.ml2.drivers.ovn.mech_driver.mech_driver [None req-78ff6f3f-2c3b-4047-9c80-2dd0d551ceb2 - - - - - -] OVN reports status up for port: a41d1c25-6abb-45a3-8b22-67afeed9c027
2026-04-20 18:25:43.319 8 INFO neutron.plugins.ml2.plugin [None req-78ff6f3f-2c3b-4047-9c80-2dd0d551ceb2 - - - - - -] Attempt 1 to provision port a41d1c25-6abb-45a3-8b22-67afeed9c027
2026-04-20 18:25:43.349 7 WARNING neutron.scheduler.dhcp_agent_scheduler [None req-45b47535-f73c-4121-ac72-4f7d2aa9e314 77562d689c96459c866d9e3d1e4df1e8 2d9871e7e6d143338a5b2440280e4843 - - default default] No more DHCP agents
2026-04-20 18:25:43.350 7 WARNING neutron.api.rpc.agentnotifiers.dhcp_rpc_agent_api [None req-45b47535-f73c-4121-ac72-4f7d2aa9e314 77562d689c96459c866d9e3d1e4df1e8 2d9871e7e6d143338a5b2440280e4843 - - default default] Unable to schedule network 3d11c756-8064-45c1-8541-98b12209bdc1: no agents available; will retry on subsequent port and subnet creation events.
2026-04-20 18:25:43.543 7 INFO neutron.db.ovn_revision_numbers_db [None req-45b47535-f73c-4121-ac72-4f7d2aa9e314 77562d689c96459c866d9e3d1e4df1e8 2d9871e7e6d143338a5b2440280e4843 - - default default] Successfully bumped revision number for resource a41d1c25-6abb-45a3-8b22-67afeed9c027 (type: router_ports) to 1 [pid: 7|app: 0|req: 812/1572] 10.0.0.38 () {34 vars in 782 bytes} [Mon Apr 20 18:25:42 2026] PUT /v2.0/routers/b6c30ee4-9fee-4e33-b70d-8d7332428179/add_router_interface => generated 309 bytes in 1191 msecs (HTTP/1.1 200) 4 headers in 157 bytes (1 switches on core 0)
2026-04-20 18:25:43.673 7 INFO neutron_taas.services.taas.taas_plugin [None req-242920c4-8e6f-49f8-9d2a-b6617abfeb47 d956104c6ba7403fb2e2a2335dc72673 ff8600cf46504c429f1f9f2bdc526aa7 - - default default] TaaS: Handle Delete Port: 44e8c91d-eeae-4da7-aaa9-217159c4909b
2026-04-20 18:25:43.676 7 INFO neutron_taas.services.taas.tap_mirror_plugin [None req-242920c4-8e6f-49f8-9d2a-b6617abfeb47 d956104c6ba7403fb2e2a2335dc72673 ff8600cf46504c429f1f9f2bdc526aa7 - - default default] Tap Mirror: Handle Delete Port: 44e8c91d-eeae-4da7-aaa9-217159c4909b
2026-04-20 18:25:43.866 7 INFO neutron.services.segments.plugin [-] Segment 966f89ba-5894-450a-814f-ba791bea678d resource provider aggregate not found
2026-04-20 18:25:43.876 7 INFO neutron.services.segments.plugin [-] Segment 966f89ba-5894-450a-814f-ba791bea678d resource provider aggregate not found
2026-04-20 18:25:43.897 7 INFO neutron.services.segments.plugin [-] Segment 966f89ba-5894-450a-814f-ba791bea678d resource provider not found; error: Placement Client Error (4xx): {"errors": [{"status": 404, "title": "Not Found", "detail": "The resource could not be found.\n\n No resource provider with uuid 966f89ba-5894-450a-814f-ba791bea678d found for delete ", "request_id": "req-16ce3072-3359-4f5c-87d3-0d03843eeb03"}]}
2026-04-20 18:25:43.897 7 INFO neutron.services.segments.plugin [-] Segment 966f89ba-5894-450a-814f-ba791bea678d resource provider not found; error: Placement Client Error (4xx): {"errors": [{"status": 404, "title": "Not Found", "detail": "The resource could not be found.\n\n No resource provider with uuid 966f89ba-5894-450a-814f-ba791bea678d found for delete ", "request_id": "req-7bac74ab-1710-407a-ad40-d43c4090ed66"}]} [pid: 7|app: 0|req: 813/1573] 10.0.0.38 () {32 vars in 725 bytes} [Mon Apr 20 18:25:43 2026] DELETE /v2.0/networks/253f8d10-7db7-4d72-85d7-8c543c25e4ba => generated 0 bytes in 363 msecs (HTTP/1.1 204) 3 headers in 131 bytes (1 switches on core 0) [pid: 7|app: 0|req: 814/1574] 10.0.0.38 () {32 vars in 716 bytes} [Mon Apr 20 18:25:43 2026] GET /v2.0/ports/a41d1c25-6abb-45a3-8b22-67afeed9c027 => generated 947 bytes in 42 msecs (HTTP/1.1 200) 4 headers in 157 bytes (1 switches on core 0) [pid: 7|app: 0|req: 815/1575] 10.0.0.38 () {32 vars in 648 bytes} [Mon Apr 20 18:25:43 2026] GET /v2.0/networks => generated 689 bytes in 52 msecs (HTTP/1.1 200) 4 headers in 157 bytes (1 switches on core 0)
2026-04-20 18:25:44.040 8 INFO neutron.db.ovn_revision_numbers_db [None req-78ff6f3f-2c3b-4047-9c80-2dd0d551ceb2 - - - - - -] Successfully bumped revision number for resource a41d1c25-6abb-45a3-8b22-67afeed9c027 (type: ports) to 2
2026-04-20 18:25:44.253 8 INFO neutron.db.ovn_revision_numbers_db [None req-4dd9885a-5d16-4f9b-8f9f-c36bd6342b67 f28d115534464fe7866d5d679c190567 48bafe3c91254dd38a3a5eac329e2631 - - default default] Successfully bumped revision number for resource 4da8ccde-7766-447a-a2f6-101df3fe443a (type: floatingips) to 1
2026-04-20 18:25:44.254 8 INFO neutron.db.l3_db [None req-4dd9885a-5d16-4f9b-8f9f-c36bd6342b67 f28d115534464fe7866d5d679c190567 48bafe3c91254dd38a3a5eac329e2631 - - default default] Floating IP 4da8ccde-7766-447a-a2f6-101df3fe443a associated. External IP: 10.96.250.215, port: fcc39b0f-bc6d-4cc6-b37b-9054f1a60671. [pid: 8|app: 0|req: 761/1576] 10.0.0.38 () {34 vars in 676 bytes} [Mon Apr 20 18:25:42 2026] POST /v2.0/floatingips => generated 856 bytes in 1598 msecs (HTTP/1.1 201) 4 headers in 162 bytes (1 switches on core 0)
2026-04-20 18:25:44.329 8 INFO neutron.notifiers.nova [-] Nova event matching ['req-00990c3e-8ac0-4066-8594-88a6c6e19410'] response: {'name': 'network-changed', 'server_uuid': 'b1b9712b-0152-432c-a876-60775092076a', 'tag': 'fcc39b0f-bc6d-4cc6-b37b-9054f1a60671', 'status': 'completed', 'code': 200}
2026-04-20 18:25:44.387 8 INFO neutron.db.segments_db [None req-1879d887-9021-4a43-9747-3f677996ba26 d956104c6ba7403fb2e2a2335dc72673 ff8600cf46504c429f1f9f2bdc526aa7 - - default default] Added segment 8186b281-2ddb-4323-b2d2-b4365687ddb0 of type geneve for network f2726fe5-437d-4a4e-bab1-51d0161bc6d6
2026-04-20 18:25:44.462 7 WARNING neutron.scheduler.dhcp_agent_scheduler [None req-98362ff4-df36-46b5-85bb-dc7aa971cd66 77562d689c96459c866d9e3d1e4df1e8 2d9871e7e6d143338a5b2440280e4843 - - default default] No more DHCP agents
2026-04-20 18:25:44.465 7 WARNING neutron.api.rpc.agentnotifiers.dhcp_rpc_agent_api [None req-98362ff4-df36-46b5-85bb-dc7aa971cd66 77562d689c96459c866d9e3d1e4df1e8 2d9871e7e6d143338a5b2440280e4843 - - default default] Unable to schedule network eb8f1c65-211c-4902-92da-0e01036cc646: no agents available; will retry on subsequent port and subnet creation events.
2026-04-20 18:25:44.477 8 INFO neutron.db.ovn_revision_numbers_db [None req-1879d887-9021-4a43-9747-3f677996ba26 d956104c6ba7403fb2e2a2335dc72673 ff8600cf46504c429f1f9f2bdc526aa7 - - default default] Successfully bumped revision number for resource f2726fe5-437d-4a4e-bab1-51d0161bc6d6 (type: networks) to 1
2026-04-20 18:25:44.535 7 INFO neutron.plugins.ml2.drivers.ovn.mech_driver.mech_driver [None req-7e8a6e31-a4a8-4e6d-962b-afb6c0b47ed1 - - - - - -] OVN reports status down for port: 4bba355d-54ac-496e-90ba-284d21f6fd85
2026-04-20 18:25:44.586 7 INFO neutron.db.ovn_revision_numbers_db [None req-98362ff4-df36-46b5-85bb-dc7aa971cd66 77562d689c96459c866d9e3d1e4df1e8 2d9871e7e6d143338a5b2440280e4843 - - default default] Successfully bumped revision number for resource 4bba355d-54ac-496e-90ba-284d21f6fd85 (type: ports) to 1
2026-04-20 18:25:44.653 8 WARNING neutron.scheduler.dhcp_agent_scheduler [None req-1879d887-9021-4a43-9747-3f677996ba26 d956104c6ba7403fb2e2a2335dc72673 ff8600cf46504c429f1f9f2bdc526aa7 - - default default] No more DHCP agents
2026-04-20 18:25:44.655 8 WARNING neutron.api.rpc.agentnotifiers.dhcp_rpc_agent_api [None req-1879d887-9021-4a43-9747-3f677996ba26 d956104c6ba7403fb2e2a2335dc72673 ff8600cf46504c429f1f9f2bdc526aa7 - - default default] Unable to schedule network f2726fe5-437d-4a4e-bab1-51d0161bc6d6: no agents available; will retry on subsequent port and subnet creation events.
2026-04-20 18:25:44.739 8 INFO neutron.db.ovn_revision_numbers_db [None req-1879d887-9021-4a43-9747-3f677996ba26 d956104c6ba7403fb2e2a2335dc72673 ff8600cf46504c429f1f9f2bdc526aa7 - - default default] Successfully bumped revision number for resource e757444d-e0cd-4855-abfe-4fecc4ca8b35 (type: ports) to 1 [pid: 8|app: 0|req: 762/1577] 10.0.0.38 () {34 vars in 669 bytes} [Mon Apr 20 18:25:44 2026] POST /v2.0/networks => generated 673 bytes in 466 msecs (HTTP/1.1 201) 4 headers in 162 bytes (1 switches on core 0) [pid: 8|app: 0|req: 763/1578] 10.0.0.38 () {32 vars in 728 bytes} [Mon Apr 20 18:25:44 2026] GET /v2.0/floatingips/4da8ccde-7766-447a-a2f6-101df3fe443a => generated 858 bytes in 33 msecs (HTTP/1.1 200) 4 headers in 157 bytes (1 switches on core 0)
2026-04-20 18:25:44.864 8 INFO neutron.db.segments_db [None req-bbfde734-41ae-44d3-b82d-7fc9f78b1fb4 d956104c6ba7403fb2e2a2335dc72673 ff8600cf46504c429f1f9f2bdc526aa7 - - default default] Added segment d8d3476b-f2d7-4684-a3a2-1c3d9722fd4f of type geneve for network 3d584824-1d6b-4e30-b185-3e56a2183fe7
2026-04-20 18:25:44.967 8 INFO neutron.db.ovn_revision_numbers_db [None req-bbfde734-41ae-44d3-b82d-7fc9f78b1fb4 d956104c6ba7403fb2e2a2335dc72673 ff8600cf46504c429f1f9f2bdc526aa7 - - default default] Successfully bumped revision number for resource 3d584824-1d6b-4e30-b185-3e56a2183fe7 (type: networks) to 1
2026-04-20 18:25:45.132 8 WARNING neutron.scheduler.dhcp_agent_scheduler [None req-bbfde734-41ae-44d3-b82d-7fc9f78b1fb4 d956104c6ba7403fb2e2a2335dc72673 ff8600cf46504c429f1f9f2bdc526aa7 - - default default] No more DHCP agents
2026-04-20 18:25:45.133 8 WARNING neutron.api.rpc.agentnotifiers.dhcp_rpc_agent_api [None req-bbfde734-41ae-44d3-b82d-7fc9f78b1fb4 d956104c6ba7403fb2e2a2335dc72673 ff8600cf46504c429f1f9f2bdc526aa7 - - default default] Unable to schedule network 3d584824-1d6b-4e30-b185-3e56a2183fe7: no agents available; will retry on subsequent port and subnet creation events.
2026-04-20 18:25:45.171 7 INFO neutron.plugins.ml2.drivers.ovn.mech_driver.mech_driver [None req-7e8a6e31-a4a8-4e6d-962b-afb6c0b47ed1 - - - - - -] OVN reports status up for port: 4bba355d-54ac-496e-90ba-284d21f6fd85
2026-04-20 18:25:45.210 8 INFO neutron.db.ovn_revision_numbers_db [None req-bbfde734-41ae-44d3-b82d-7fc9f78b1fb4 d956104c6ba7403fb2e2a2335dc72673 ff8600cf46504c429f1f9f2bdc526aa7 - - default default] Successfully bumped revision number for resource 31e46cdf-8f0b-4ae8-95b3-8c2f4780dfb5 (type: ports) to 1
2026-04-20 18:25:45.212 7 INFO neutron.plugins.ml2.plugin [None req-7e8a6e31-a4a8-4e6d-962b-afb6c0b47ed1 - - - - - -] Attempt 1 to provision port 4bba355d-54ac-496e-90ba-284d21f6fd85 [pid: 8|app: 0|req: 764/1579] 10.0.0.38 () {34 vars in 669 bytes} [Mon Apr 20 18:25:44 2026] POST /v2.0/networks => generated 673 bytes in 439 msecs (HTTP/1.1 201) 4 headers in 162 bytes (1 switches on core 0) [pid: 8|app: 0|req: 765/1580] 199.204.45.69 () {34 vars in 1079 bytes} [Mon Apr 20 18:25:45 2026] GET /v2.0/ports?tenant_id=48bafe3c91254dd38a3a5eac329e2631&device_id=b1b9712b-0152-432c-a876-60775092076a => generated 1213 bytes in 29 msecs (HTTP/1.1 200) 4 headers in 158 bytes (1 switches on core 0)
2026-04-20 18:25:45.308 7 WARNING neutron.scheduler.dhcp_agent_scheduler [None req-98362ff4-df36-46b5-85bb-dc7aa971cd66 77562d689c96459c866d9e3d1e4df1e8 2d9871e7e6d143338a5b2440280e4843 - - default default] No more DHCP agents
2026-04-20 18:25:45.311 7 WARNING neutron.api.rpc.agentnotifiers.dhcp_rpc_agent_api [None req-98362ff4-df36-46b5-85bb-dc7aa971cd66 77562d689c96459c866d9e3d1e4df1e8 2d9871e7e6d143338a5b2440280e4843 - - default default] Unable to schedule network eb8f1c65-211c-4902-92da-0e01036cc646: no agents available; will retry on subsequent port and subnet creation events.
2026-04-20 18:25:45.620 8 WARNING neutron.scheduler.dhcp_agent_scheduler [None req-2aeab805-d74b-45e0-9fa2-86865aa113e5 0d023f666e2742a0b7c18965314a1264 53e4575601c84bedb072467cbaa2b373 - - default default] No more DHCP agents
2026-04-20 18:25:45.620 8 WARNING neutron.api.rpc.agentnotifiers.dhcp_rpc_agent_api [None req-2aeab805-d74b-45e0-9fa2-86865aa113e5 0d023f666e2742a0b7c18965314a1264 53e4575601c84bedb072467cbaa2b373 - - default default] Unable to schedule network 1d2ba0a4-0579-443c-9885-fa4d1a399891: no agents available; will retry on subsequent port and subnet creation events.
2026-04-20 18:25:45.693 7 INFO neutron.db.ovn_revision_numbers_db [None req-98362ff4-df36-46b5-85bb-dc7aa971cd66 77562d689c96459c866d9e3d1e4df1e8 2d9871e7e6d143338a5b2440280e4843 - - default default] Successfully bumped revision number for resource 4bba355d-54ac-496e-90ba-284d21f6fd85 (type: router_ports) to 1 [pid: 7|app: 0|req: 816/1581] 10.0.0.38 () {34 vars in 782 bytes} [Mon Apr 20 18:25:44 2026] PUT /v2.0/routers/b6c30ee4-9fee-4e33-b70d-8d7332428179/add_router_interface => generated 309 bytes in 1694 msecs (HTTP/1.1 200) 4 headers in 157 bytes (1 switches on core 0) /var/lib/openstack/lib/python3.12/site-packages/pycadf/identifier.py:70: UserWarning: Invalid uuid: neutron. To ensure interoperability, identifiers should be a valid uuid. warnings.warn(('Invalid uuid: %s. To ensure interoperability, '
2026-04-20 18:25:45.826 7 INFO neutron.db.ovn_revision_numbers_db [None req-7e8a6e31-a4a8-4e6d-962b-afb6c0b47ed1 - - - - - -] Successfully bumped revision number for resource 4bba355d-54ac-496e-90ba-284d21f6fd85 (type: ports) to 2 [pid: 8|app: 0|req: 766/1582] 10.0.0.38 () {34 vars in 675 bytes} [Mon Apr 20 18:25:45 2026] POST /v2.0/floatingips => generated 552 bytes in 611 msecs (HTTP/1.1 201) 4 headers in 162 bytes (1 switches on core 0) [pid: 8|app: 0|req: 767/1583] 199.204.45.69 () {34 vars in 985 bytes} [Mon Apr 20 18:25:45 2026] GET /v2.0/networks?id=64aae481-23e4-476e-aa30-25b5fe76582e => generated 798 bytes in 34 msecs (HTTP/1.1 200) 4 headers in 157 bytes (1 switches on core 0) [pid: 8|app: 0|req: 768/1584] 10.0.0.38 () {32 vars in 716 bytes} [Mon Apr 20 18:25:45 2026] GET /v2.0/ports/4bba355d-54ac-496e-90ba-284d21f6fd85 => generated 955 bytes in 75 msecs (HTTP/1.1 200) 4 headers in 157 bytes (1 switches on core 0) [pid: 8|app: 0|req: 769/1585] 10.0.0.38 () {34 vars in 758 bytes} [Mon Apr 20 18:25:45 2026] PUT /v2.0/floatingips/43bee114-b22d-4a48-9cbc-8ed2fe3dab2c/tags => generated 25 bytes in 47 msecs (HTTP/1.1 200) 4 headers in 156 bytes (1 switches on core 0) [pid: 8|app: 0|req: 770/1586] 199.204.45.69 () {34 vars in 1059 bytes} [Mon Apr 20 18:25:46 2026] GET /v2.0/floatingips?fixed_ip_address=10.100.0.13&port_id=fcc39b0f-bc6d-4cc6-b37b-9054f1a60671 => generated 861 bytes in 35 msecs (HTTP/1.1 200) 4 headers in 157 bytes (1 switches on core 0) [pid: 8|app: 0|req: 771/1587] 10.0.0.38 () {32 vars in 716 bytes} [Mon Apr 20 18:25:46 2026] GET /v2.0/ports/4bba355d-54ac-496e-90ba-284d21f6fd85 => generated 955 bytes in 26 msecs (HTTP/1.1 200) 4 headers in 157 bytes (1 switches on core 0) [pid: 8|app: 0|req: 772/1588] 10.0.0.38 () {32 vars in 738 bytes} [Mon Apr 20 18:25:46 2026] GET /v2.0/floatingips/43bee114-b22d-4a48-9cbc-8ed2fe3dab2c/tags => generated 25 bytes in 32 msecs (HTTP/1.1 200) 4 headers in 156 bytes (1 switches on core 0) [pid: 8|app: 0|req: 773/1589] 199.204.45.69 () {34 vars in 983 bytes} [Mon Apr 20 18:25:46 2026] GET /v2.0/subnets?id=8cf5762a-f597-4ef2-a3ac-e8abdfdc3358 => generated 678 bytes in 19 msecs (HTTP/1.1 200) 4 headers in 157 bytes (1 switches on core 0)
2026-04-20 18:25:46.213 7 WARNING neutron.scheduler.dhcp_agent_scheduler [None req-9b8fdea6-46b5-4b9d-9bfb-b1a76bb84909 d956104c6ba7403fb2e2a2335dc72673 ff8600cf46504c429f1f9f2bdc526aa7 - - default default] No more DHCP agents
2026-04-20 18:25:46.214 7 WARNING neutron.api.rpc.agentnotifiers.dhcp_rpc_agent_api [None req-9b8fdea6-46b5-4b9d-9bfb-b1a76bb84909 d956104c6ba7403fb2e2a2335dc72673 ff8600cf46504c429f1f9f2bdc526aa7 - - default default] Unable to schedule network f2726fe5-437d-4a4e-bab1-51d0161bc6d6: no agents available; will retry on subsequent port and subnet creation events.
2026-04-20 18:25:46.295 7 INFO neutron.db.ovn_revision_numbers_db [None req-9b8fdea6-46b5-4b9d-9bfb-b1a76bb84909 d956104c6ba7403fb2e2a2335dc72673 ff8600cf46504c429f1f9f2bdc526aa7 - - default default] Successfully bumped revision number for resource dcd2d483-3072-4c9e-bcd9-c70076c0a900 (type: ports) to 1
2026-04-20 18:25:46.338 7 WARNING neutron.scheduler.dhcp_agent_scheduler [None req-9b8fdea6-46b5-4b9d-9bfb-b1a76bb84909 d956104c6ba7403fb2e2a2335dc72673 ff8600cf46504c429f1f9f2bdc526aa7 - - default default] No more DHCP agents
2026-04-20 18:25:46.339 7 WARNING neutron.api.rpc.agentnotifiers.dhcp_rpc_agent_api [None req-9b8fdea6-46b5-4b9d-9bfb-b1a76bb84909 d956104c6ba7403fb2e2a2335dc72673 ff8600cf46504c429f1f9f2bdc526aa7 - - default default] Unable to schedule network 3d584824-1d6b-4e30-b185-3e56a2183fe7: no agents available; will retry on subsequent port and subnet creation events.
2026-04-20 18:25:46.405 7 INFO neutron.db.ovn_revision_numbers_db [None req-9b8fdea6-46b5-4b9d-9bfb-b1a76bb84909 d956104c6ba7403fb2e2a2335dc72673 ff8600cf46504c429f1f9f2bdc526aa7 - - default default] Successfully bumped revision number for resource 6b495ff1-c320-4f17-ba02-64e9b028fb5a (type: ports) to 1
2026-04-20 18:25:46.418 8 INFO neutron_taas.services.taas.taas_plugin [None req-fc78e33a-7c18-49eb-9af7-ddb3aafdce7b 77562d689c96459c866d9e3d1e4df1e8 2d9871e7e6d143338a5b2440280e4843 - - default default] TaaS: Handle Delete Port: 4bba355d-54ac-496e-90ba-284d21f6fd85
2026-04-20 18:25:46.422 8 INFO neutron_taas.services.taas.tap_mirror_plugin [None req-fc78e33a-7c18-49eb-9af7-ddb3aafdce7b 77562d689c96459c866d9e3d1e4df1e8 2d9871e7e6d143338a5b2440280e4843 - - default default] Tap Mirror: Handle Delete Port: 4bba355d-54ac-496e-90ba-284d21f6fd85 [pid: 7|app: 0|req: 817/1590] 10.0.0.38 () {34 vars in 664 bytes} [Mon Apr 20 18:25:45 2026] POST /v2.0/ports => generated 1505 bytes in 781 msecs (HTTP/1.1 201) 4 headers in 163 bytes (1 switches on core 0) /var/lib/openstack/lib/python3.12/site-packages/pycadf/identifier.py:70: UserWarning: Invalid uuid: neutron. To ensure interoperability, identifiers should be a valid uuid. warnings.warn(('Invalid uuid: %s. To ensure interoperability, ' [pid: 7|app: 0|req: 818/1591] 10.0.0.38 () {34 vars in 769 bytes} [Mon Apr 20 18:25:46 2026] PUT /v2.0/floatingips/43bee114-b22d-4a48-9cbc-8ed2fe3dab2c/tags/green => generated 4 bytes in 67 msecs (HTTP/1.1 201) 4 headers in 160 bytes (1 switches on core 0) [pid: 7|app: 0|req: 819/1592] 199.204.45.69 () {34 vars in 1051 bytes} [Mon Apr 20 18:25:46 2026] GET /v2.0/ports?network_id=64aae481-23e4-476e-aa30-25b5fe76582e&device_owner=network%3Adhcp => generated 12 bytes in 19 msecs (HTTP/1.1 200) 4 headers in 156 bytes (1 switches on core 0) [pid: 7|app: 0|req: 820/1593] 10.0.0.38 () {32 vars in 642 bytes} [Mon Apr 20 18:25:46 2026] GET /v2.0/ports => generated 3017 bytes in 43 msecs (HTTP/1.1 200) 4 headers in 158 bytes (1 switches on core 0) [pid: 7|app: 0|req: 821/1594] 10.0.0.38 () {32 vars in 738 bytes} [Mon Apr 20 18:25:46 2026] GET /v2.0/floatingips/43bee114-b22d-4a48-9cbc-8ed2fe3dab2c/tags => generated 34 bytes in 32 msecs (HTTP/1.1 200) 4 headers in 156 bytes (1 switches on core 0) [pid: 7|app: 0|req: 822/1595] 199.204.45.69 () {34 vars in 1011 bytes} [Mon Apr 20 18:25:46 2026] GET /v2.0/networks/64aae481-23e4-476e-aa30-25b5fe76582e?fields=segments => generated 14 bytes in 26 msecs (HTTP/1.1 200) 4 headers in 156 bytes (1 switches on core 0) [pid: 8|app: 0|req: 774/1596] 10.0.0.38 () {34 vars in 788 bytes} [Mon Apr 20 18:25:46 2026] PUT /v2.0/routers/b6c30ee4-9fee-4e33-b70d-8d7332428179/remove_router_interface => generated 309 bytes in 556 msecs (HTTP/1.1 200) 4 headers in 157 bytes (1 switches on core 0) /var/lib/openstack/lib/python3.12/site-packages/pycadf/identifier.py:70: UserWarning: Invalid uuid: neutron. To ensure interoperability, identifiers should be a valid uuid. warnings.warn(('Invalid uuid: %s. To ensure interoperability, ' [pid: 8|app: 0|req: 775/1597] 10.0.0.38 () {34 vars in 765 bytes} [Mon Apr 20 18:25:46 2026] PUT /v2.0/floatingips/43bee114-b22d-4a48-9cbc-8ed2fe3dab2c/tags/red => generated 4 bytes in 48 msecs (HTTP/1.1 201) 4 headers in 160 bytes (1 switches on core 0)
2026-04-20 18:25:46.758 7 INFO neutron_taas.services.taas.taas_plugin [None req-e01f9c60-bcc1-4996-add4-50efb8d79506 d956104c6ba7403fb2e2a2335dc72673 ff8600cf46504c429f1f9f2bdc526aa7 - - default default] TaaS: Handle Delete Port: dcd2d483-3072-4c9e-bcd9-c70076c0a900
2026-04-20 18:25:46.761 7 INFO neutron_taas.services.taas.tap_mirror_plugin [None req-e01f9c60-bcc1-4996-add4-50efb8d79506 d956104c6ba7403fb2e2a2335dc72673 ff8600cf46504c429f1f9f2bdc526aa7 - - default default] Tap Mirror: Handle Delete Port: dcd2d483-3072-4c9e-bcd9-c70076c0a900 [pid: 8|app: 0|req: 776/1598] 199.204.45.69 () {34 vars in 1111 bytes} [Mon Apr 20 18:25:46 2026] GET /v2.0/networks/64aae481-23e4-476e-aa30-25b5fe76582e?fields=provider%3Aphysical_network&fields=provider%3Anetwork_type => generated 79 bytes in 30 msecs (HTTP/1.1 200) 4 headers in 156 bytes (1 switches on core 0) [pid: 7|app: 0|req: 823/1599] 10.0.0.38 () {32 vars in 719 bytes} [Mon Apr 20 18:25:46 2026] DELETE /v2.0/ports/dcd2d483-3072-4c9e-bcd9-c70076c0a900 => generated 0 bytes in 168 msecs (HTTP/1.1 204) 3 headers in 131 bytes (1 switches on core 0) [pid: 8|app: 0|req: 777/1600] 10.0.0.38 () {32 vars in 716 bytes} [Mon Apr 20 18:25:46 2026] GET /v2.0/ports/a41d1c25-6abb-45a3-8b22-67afeed9c027 => generated 947 bytes in 67 msecs (HTTP/1.1 200) 4 headers in 157 bytes (1 switches on core 0) [pid: 7|app: 0|req: 824/1601] 10.0.0.38 () {32 vars in 738 bytes} [Mon Apr 20 18:25:46 2026] GET /v2.0/floatingips/43bee114-b22d-4a48-9cbc-8ed2fe3dab2c/tags => generated 34 bytes in 29 msecs (HTTP/1.1 200) 4 headers in 156 bytes (1 switches on core 0)
2026-04-20 18:25:47.000 8 INFO neutron_taas.services.taas.taas_plugin [None req-28237ef8-1986-4da1-b79c-4a2a271c8525 d956104c6ba7403fb2e2a2335dc72673 ff8600cf46504c429f1f9f2bdc526aa7 - - default default] TaaS: Handle Delete Port: 6b495ff1-c320-4f17-ba02-64e9b028fb5a
2026-04-20 18:25:47.003 8 INFO neutron_taas.services.taas.tap_mirror_plugin [None req-28237ef8-1986-4da1-b79c-4a2a271c8525 d956104c6ba7403fb2e2a2335dc72673 ff8600cf46504c429f1f9f2bdc526aa7 - - default default] Tap Mirror: Handle Delete Port: 6b495ff1-c320-4f17-ba02-64e9b028fb5a [pid: 8|app: 0|req: 778/1602] 10.0.0.38 () {32 vars in 719 bytes} [Mon Apr 20 18:25:46 2026] DELETE /v2.0/ports/6b495ff1-c320-4f17-ba02-64e9b028fb5a => generated 0 bytes in 252 msecs (HTTP/1.1 204) 3 headers in 131 bytes (1 switches on core 0)
2026-04-20 18:25:47.132 7 INFO neutron_taas.services.taas.taas_plugin [None req-db09daa0-255d-450c-8edb-5f574bbf5c6b 77562d689c96459c866d9e3d1e4df1e8 2d9871e7e6d143338a5b2440280e4843 - - default default] TaaS: Handle Delete Port: a41d1c25-6abb-45a3-8b22-67afeed9c027
