2026-04-20 18:28:37.721 8 INFO neutron.db.ovn_revision_numbers_db [None req-ae78e47c-e2b4-42b4-b95e-d507cdbe1c38 4a7e2ddae8634459a193434ab177d1b9 468772ecb95142b98d7c128497404178 - - default default] Successfully bumped revision number for resource e92c5220-db92-48e3-b23f-843be249349a (type: routers) to 2
2026-04-20 18:28:37.726 8 INFO neutron.db.ovn_revision_numbers_db [None req-e5e873a8-1c38-44ae-8eb7-8e19e67df72b - - - - - -] Successfully bumped revision number for resource 3469da94-e16d-4ef7-9664-34571ba54cdd (type: ports) to 2 [pid: 8|app: 0|req: 1313/2655] 10.0.0.38 () {34 vars in 668 bytes} [Mon Apr 20 18:28:35 2026] POST /v2.0/routers => generated 945 bytes in 1980 msecs (HTTP/1.1 201) 4 headers in 162 bytes (1 switches on core 0)
2026-04-20 18:28:37.780 7 WARNING neutron.scheduler.dhcp_agent_scheduler [None req-0a02a0bd-7b19-4706-ab9a-678cc888efe6 - - - - - -] No more DHCP agents
2026-04-20 18:28:37.781 7 WARNING neutron.api.rpc.agentnotifiers.dhcp_rpc_agent_api [None req-0a02a0bd-7b19-4706-ab9a-678cc888efe6 - - - - - -] Unable to schedule network 1d2ba0a4-0579-443c-9885-fa4d1a399891: no agents available; will retry on subsequent port and subnet creation events.
2026-04-20 18:28:37.926 7 INFO neutron.db.ovn_revision_numbers_db [None req-0a02a0bd-7b19-4706-ab9a-678cc888efe6 - - - - - -] Successfully bumped revision number for resource 3b13e893-0827-4be1-ba79-d709322ecaa4 (type: ports) to 1 [pid: 8|app: 0|req: 1314/2656] 10.0.0.24 () {28 vars in 582 bytes} [Mon Apr 20 18:28:37 2026] GET /v2.0/routers => generated 3910 bytes in 248 msecs (HTTP/1.1 200) 4 headers in 158 bytes (1 switches on core 0)
2026-04-20 18:28:38.133 7 INFO neutron.db.ovn_revision_numbers_db [None req-0a02a0bd-7b19-4706-ab9a-678cc888efe6 - - - - - -] Successfully bumped revision number for resource 3b13e893-0827-4be1-ba79-d709322ecaa4 (type: ports) to 3
2026-04-20 18:28:38.213 7 INFO neutron.db.segments_db [None req-0a02a0bd-7b19-4706-ab9a-678cc888efe6 - - - - - -] Added segment e6888db5-edea-4c39-abbf-51135b1af21f of type geneve for network ecff3ebb-931b-4f93-847c-e7562665a7d7
2026-04-20 18:28:38.327 7 INFO neutron.db.ovn_revision_numbers_db [None req-a6569889-ba80-4054-936f-8fded6e2f5e2 - - - - - -] Successfully bumped revision number for resource ecff3ebb-931b-4f93-847c-e7562665a7d7 (type: networks) to 1
2026-04-20 18:28:38.468 7 WARNING neutron.scheduler.dhcp_agent_scheduler [None req-a6569889-ba80-4054-936f-8fded6e2f5e2 - - - - - -] No more DHCP agents
2026-04-20 18:28:38.470 7 WARNING neutron.api.rpc.agentnotifiers.dhcp_rpc_agent_api [None req-a6569889-ba80-4054-936f-8fded6e2f5e2 - - - - - -] Unable to schedule network ecff3ebb-931b-4f93-847c-e7562665a7d7: no agents available; will retry on subsequent port and subnet creation events.
2026-04-20 18:28:38.558 7 INFO neutron.db.ovn_revision_numbers_db [None req-a6569889-ba80-4054-936f-8fded6e2f5e2 - - - - - -] Successfully bumped revision number for resource d12ea7b2-8539-49ce-bd49-23b76bbe5b02 (type: ports) to 1
2026-04-20 18:28:38.678 7 WARNING neutron.scheduler.dhcp_agent_scheduler [None req-a6569889-ba80-4054-936f-8fded6e2f5e2 - - - - - -] No more DHCP agents
2026-04-20 18:28:38.679 7 WARNING neutron.api.rpc.agentnotifiers.dhcp_rpc_agent_api [None req-a6569889-ba80-4054-936f-8fded6e2f5e2 - - - - - -] Unable to schedule network ecff3ebb-931b-4f93-847c-e7562665a7d7: no agents available; will retry on subsequent port and subnet creation events.
2026-04-20 18:28:38.705 7 INFO neutron.db.ovn_revision_numbers_db [None req-a6569889-ba80-4054-936f-8fded6e2f5e2 - - - - - -] Successfully bumped revision number for resource 8d2109db-61f8-46c2-a81b-0d0163f98e19 (type: subnets) to 0
2026-04-20 18:28:39.004 8 WARNING neutron.scheduler.dhcp_agent_scheduler [None req-a4a68eb2-7515-4599-9b92-8d90ceafb2eb 4a7e2ddae8634459a193434ab177d1b9 468772ecb95142b98d7c128497404178 - - default default] No more DHCP agents
2026-04-20 18:28:39.013 8 WARNING neutron.api.rpc.agentnotifiers.dhcp_rpc_agent_api [None req-a4a68eb2-7515-4599-9b92-8d90ceafb2eb 4a7e2ddae8634459a193434ab177d1b9 468772ecb95142b98d7c128497404178 - - default default] Unable to schedule network 04bb14b8-4990-4f4c-8f6d-2a4b31284fac: no agents available; will retry on subsequent port and subnet creation events.
2026-04-20 18:28:39.059 7 WARNING neutron.scheduler.dhcp_agent_scheduler [None req-a6569889-ba80-4054-936f-8fded6e2f5e2 - - - - - -] No more DHCP agents
2026-04-20 18:28:39.060 7 WARNING neutron.api.rpc.agentnotifiers.dhcp_rpc_agent_api [None req-a6569889-ba80-4054-936f-8fded6e2f5e2 - - - - - -] Unable to schedule network ecff3ebb-931b-4f93-847c-e7562665a7d7: no agents available; will retry on subsequent port and subnet creation events.
2026-04-20 18:28:39.122 8 INFO neutron.db.ovn_revision_numbers_db [None req-1921f78d-73de-48c8-9f4b-43e600054ccd - - - - - -] Successfully bumped revision number for resource de1369da-40bc-4805-8cca-1168878c30b6 (type: ports) to 4
2026-04-20 18:28:39.214 7 INFO neutron.db.ovn_revision_numbers_db [None req-a6569889-ba80-4054-936f-8fded6e2f5e2 - - - - - -] Successfully bumped revision number for resource 2ccc4c27-63eb-4b96-9151-27412541ccd6 (type: ports) to 1
2026-04-20 18:28:39.250 8 INFO neutron.db.ovn_revision_numbers_db [None req-a4a68eb2-7515-4599-9b92-8d90ceafb2eb 4a7e2ddae8634459a193434ab177d1b9 468772ecb95142b98d7c128497404178 - - default default] Successfully bumped revision number for resource d872edaf-946c-4995-a586-cb0cb8291851 (type: ports) to 1
2026-04-20 18:28:39.732 8 INFO neutron.db.ovn_revision_numbers_db [None req-1921f78d-73de-48c8-9f4b-43e600054ccd - - - - - -] Successfully bumped revision number for resource de1369da-40bc-4805-8cca-1168878c30b6 (type: ports) to 5
2026-04-20 18:28:39.737 7 WARNING neutron.scheduler.dhcp_agent_scheduler [None req-a6569889-ba80-4054-936f-8fded6e2f5e2 - - - - - -] No more DHCP agents
2026-04-20 18:28:39.738 7 WARNING neutron.api.rpc.agentnotifiers.dhcp_rpc_agent_api [None req-a6569889-ba80-4054-936f-8fded6e2f5e2 - - - - - -] Unable to schedule network ecff3ebb-931b-4f93-847c-e7562665a7d7: no agents available; will retry on subsequent port and subnet creation events.
2026-04-20 18:28:39.975 7 WARNING neutron.plugins.ml2.drivers.ovn.mech_driver.ovsdb.ovn_client [None req-839ad281-6e59-4cc1-99c0-a8c19b1de180 - - - - - -] No hosting information found for port c4cbaf46-aabd-442e-a985-dcce76a4d173: RuntimeError: No hosting information found for port c4cbaf46-aabd-442e-a985-dcce76a4d173
2026-04-20 18:28:39.977 7 INFO neutron.plugins.ml2.drivers.ovn.mech_driver.mech_driver [None req-839ad281-6e59-4cc1-99c0-a8c19b1de180 - - - - - -] OVN reports status down for port: a39c300d-295a-4cab-9653-5c5ba4e4f9c6
2026-04-20 18:28:40.066 7 INFO neutron.plugins.ml2.drivers.ovn.mech_driver.mech_driver [None req-839ad281-6e59-4cc1-99c0-a8c19b1de180 - - - - - -] OVN reports status down for port: de1369da-40bc-4805-8cca-1168878c30b6
2026-04-20 18:28:40.245 7 INFO neutron.db.ovn_revision_numbers_db [None req-a6569889-ba80-4054-936f-8fded6e2f5e2 - - - - - -] Successfully bumped revision number for resource 2ccc4c27-63eb-4b96-9151-27412541ccd6 (type: router_ports) to 1
2026-04-20 18:28:40.274 8 WARNING neutron.scheduler.dhcp_agent_scheduler [None req-a4a68eb2-7515-4599-9b92-8d90ceafb2eb 4a7e2ddae8634459a193434ab177d1b9 468772ecb95142b98d7c128497404178 - - default default] No more DHCP agents
2026-04-20 18:28:40.275 8 WARNING neutron.api.rpc.agentnotifiers.dhcp_rpc_agent_api [None req-a4a68eb2-7515-4599-9b92-8d90ceafb2eb 4a7e2ddae8634459a193434ab177d1b9 468772ecb95142b98d7c128497404178 - - default default] Unable to schedule network 04bb14b8-4990-4f4c-8f6d-2a4b31284fac: no agents available; will retry on subsequent port and subnet creation events.
2026-04-20 18:28:40.644 7 WARNING neutron.scheduler.dhcp_agent_scheduler [None req-a6569889-ba80-4054-936f-8fded6e2f5e2 - - - - - -] No more DHCP agents
2026-04-20 18:28:40.646 7 WARNING neutron.api.rpc.agentnotifiers.dhcp_rpc_agent_api [None req-a6569889-ba80-4054-936f-8fded6e2f5e2 - - - - - -] Unable to schedule network ecff3ebb-931b-4f93-847c-e7562665a7d7: no agents available; will retry on subsequent port and subnet creation events.
2026-04-20 18:28:40.651 7 INFO neutron.db.ovn_revision_numbers_db [None req-839ad281-6e59-4cc1-99c0-a8c19b1de180 - - - - - -] Successfully bumped revision number for resource de1369da-40bc-4805-8cca-1168878c30b6 (type: ports) to 6
2026-04-20 18:28:40.666 8 INFO neutron.db.ovn_revision_numbers_db [None req-a4a68eb2-7515-4599-9b92-8d90ceafb2eb 4a7e2ddae8634459a193434ab177d1b9 468772ecb95142b98d7c128497404178 - - default default] Successfully bumped revision number for resource d872edaf-946c-4995-a586-cb0cb8291851 (type: router_ports) to 1 [pid: 8|app: 0|req: 1315/2657] 10.0.0.38 () {34 vars in 782 bytes} [Mon Apr 20 18:28:38 2026] PUT /v2.0/routers/e92c5220-db92-48e3-b23f-843be249349a/add_router_interface => generated 309 bytes in 2654 msecs (HTTP/1.1 200) 4 headers in 157 bytes (1 switches on core 0) [pid: 8|app: 0|req: 1316/2658] 10.0.0.24 () {28 vars in 623 bytes} [Mon Apr 20 18:28:40 2026] GET /v2.0/agents?binary=ovn-controller => generated 416 bytes in 13 msecs (HTTP/1.1 200) 4 headers in 157 bytes (1 switches on core 0)
2026-04-20 18:28:40.801 7 WARNING neutron.plugins.ml2.drivers.ovn.mech_driver.ovsdb.ovn_client [None req-737fa9d4-4bf0-4c71-b079-98df57c82ef4 - - - - - -] Logical_Switch_Port %s host information not removed, the port state is up
2026-04-20 18:28:40.801 7 INFO neutron.plugins.ml2.drivers.ovn.mech_driver.mech_driver [None req-737fa9d4-4bf0-4c71-b079-98df57c82ef4 - - - - - -] OVN reports status up for port: de1369da-40bc-4805-8cca-1168878c30b6
2026-04-20 18:28:40.827 7 INFO neutron.plugins.ml2.plugin [None req-737fa9d4-4bf0-4c71-b079-98df57c82ef4 - - - - - -] Attempt 1 to provision port de1369da-40bc-4805-8cca-1168878c30b6
2026-04-20 18:28:40.851 7 INFO neutron.db.ovn_revision_numbers_db [None req-a6569889-ba80-4054-936f-8fded6e2f5e2 - - - - - -] Successfully bumped revision number for resource 4edb114c-ff7c-4043-b66a-26ca87f5cca8 (type: ports) to 1
2026-04-20 18:28:41.275 7 INFO neutron.db.ovn_revision_numbers_db [None req-a6569889-ba80-4054-936f-8fded6e2f5e2 - - - - - -] Successfully bumped revision number for resource 4edb114c-ff7c-4043-b66a-26ca87f5cca8 (type: ports) to 3
2026-04-20 18:28:41.367 7 INFO neutron.db.ovn_revision_numbers_db [None req-737fa9d4-4bf0-4c71-b079-98df57c82ef4 - - - - - -] Successfully bumped revision number for resource de1369da-40bc-4805-8cca-1168878c30b6 (type: ports) to 7
2026-04-20 18:28:41.557 7 INFO neutron.plugins.ml2.drivers.ovn.mech_driver.mech_driver [None req-4fa460aa-41ce-4aed-b6d6-cddbe610ad23 - - - - - -] OVN reports status down for port: 3b13e893-0827-4be1-ba79-d709322ecaa4 [pid: 7|app: 0|req: 1343/2659] 10.0.0.38 () {34 vars in 684 bytes} [Mon Apr 20 18:28:37 2026] POST /v2.0/vpn/vpnservices => generated 459 bytes in 4386 msecs (HTTP/1.1 201) 4 headers in 162 bytes (1 switches on core 0) [pid: 7|app: 0|req: 1344/2660] 10.0.0.24 () {28 vars in 580 bytes} [Mon Apr 20 18:28:41 2026] GET /v2.0/agents => generated 1214 bytes in 13 msecs (HTTP/1.1 200) 4 headers in 158 bytes (1 switches on core 0) [pid: 7|app: 0|req: 1347/2663] 10.0.0.38 () {32 vars in 662 bytes} [Mon Apr 20 18:28:41 2026] GET /v2.0/vpn/vpnservices => generated 1307 bytes in 25 msecs (HTTP/1.1 200) 4 headers in 158 bytes (1 switches on core 0)
2026-04-20 18:28:41.651 7 INFO neutron.plugins.ml2.drivers.ovn.mech_driver.mech_driver [None req-4fa460aa-41ce-4aed-b6d6-cddbe610ad23 - - - - - -] OVN reports status down for port: 4edb114c-ff7c-4043-b66a-26ca87f5cca8 [pid: 7|app: 0|req: 1348/2664] 10.0.0.24 () {28 vars in 582 bytes} [Mon Apr 20 18:28:41 2026] GET /v2.0/subnets => generated 8809 bytes in 81 msecs (HTTP/1.1 200) 4 headers in 158 bytes (1 switches on core 0)
2026-04-20 18:28:41.826 8 WARNING neutron.scheduler.dhcp_agent_scheduler [None req-593f0d07-fc70-4494-a181-546f35714efb 4a7e2ddae8634459a193434ab177d1b9 468772ecb95142b98d7c128497404178 - - default default] No more DHCP agents
2026-04-20 18:28:41.827 8 WARNING neutron.api.rpc.agentnotifiers.dhcp_rpc_agent_api [None req-593f0d07-fc70-4494-a181-546f35714efb 4a7e2ddae8634459a193434ab177d1b9 468772ecb95142b98d7c128497404178 - - default default] Unable to schedule network 839230f9-f86f-4de5-aa0d-f4f2ac5ca63e: no agents available; will retry on subsequent port and subnet creation events.
2026-04-20 18:28:41.961 8 INFO neutron.db.ovn_revision_numbers_db [None req-593f0d07-fc70-4494-a181-546f35714efb 4a7e2ddae8634459a193434ab177d1b9 468772ecb95142b98d7c128497404178 - - default default] Successfully bumped revision number for resource bfd40a43-1965-4ec6-b4f2-283586d8ae78 (type: ports) to 1
2026-04-20 18:28:41.971 7 INFO neutron_taas.services.taas.taas_plugin [None req-c41fbb22-3c2e-417b-8ddc-1dd69ad9476d ac18ae348b9f4e7ba23788edeb130616 c33c557e653141cc8d7099b080984a85 - - default default] TaaS: Handle Delete Port: 3b13e893-0827-4be1-ba79-d709322ecaa4
2026-04-20 18:28:41.974 7 INFO neutron_taas.services.taas.tap_mirror_plugin [None req-c41fbb22-3c2e-417b-8ddc-1dd69ad9476d ac18ae348b9f4e7ba23788edeb130616 c33c557e653141cc8d7099b080984a85 - - default default] Tap Mirror: Handle Delete Port: 3b13e893-0827-4be1-ba79-d709322ecaa4
2026-04-20 18:28:42.204 7 INFO neutron_taas.services.taas.taas_plugin [None req-7d7e53ca-8b49-43f8-a60f-d5d51e4eff50 - - - - - -] TaaS: Handle Delete Port: 4edb114c-ff7c-4043-b66a-26ca87f5cca8
2026-04-20 18:28:42.207 7 INFO neutron_taas.services.taas.tap_mirror_plugin [None req-7d7e53ca-8b49-43f8-a60f-d5d51e4eff50 - - - - - -] Tap Mirror: Handle Delete Port: 4edb114c-ff7c-4043-b66a-26ca87f5cca8
2026-04-20 18:28:42.559 7 INFO neutron_taas.services.taas.taas_plugin [None req-1d16f5c6-e71a-49fb-bb79-adb738f7a7a0 - - - - - -] TaaS: Handle Delete Port: 2ccc4c27-63eb-4b96-9151-27412541ccd6
2026-04-20 18:28:42.561 7 INFO neutron_taas.services.taas.tap_mirror_plugin [None req-1d16f5c6-e71a-49fb-bb79-adb738f7a7a0 - - - - - -] Tap Mirror: Handle Delete Port: 2ccc4c27-63eb-4b96-9151-27412541ccd6
2026-04-20 18:28:42.659 8 WARNING neutron.plugins.ml2.drivers.ovn.mech_driver.ovsdb.ovn_client [None req-0f977a79-4842-4578-996a-9626aa10fd79 - - - - - -] No hosting information found for port 3469da94-e16d-4ef7-9664-34571ba54cdd: RuntimeError: No hosting information found for port 3469da94-e16d-4ef7-9664-34571ba54cdd
2026-04-20 18:28:42.771 8 WARNING neutron.scheduler.dhcp_agent_scheduler [None req-593f0d07-fc70-4494-a181-546f35714efb 4a7e2ddae8634459a193434ab177d1b9 468772ecb95142b98d7c128497404178 - - default default] No more DHCP agents
2026-04-20 18:28:42.773 8 WARNING neutron.api.rpc.agentnotifiers.dhcp_rpc_agent_api [None req-593f0d07-fc70-4494-a181-546f35714efb 4a7e2ddae8634459a193434ab177d1b9 468772ecb95142b98d7c128497404178 - - default default] Unable to schedule network 839230f9-f86f-4de5-aa0d-f4f2ac5ca63e: no agents available; will retry on subsequent port and subnet creation events.
2026-04-20 18:28:42.789 8 INFO neutron.db.ovn_revision_numbers_db [None req-0f977a79-4842-4578-996a-9626aa10fd79 - - - - - -] Successfully bumped revision number for resource 3469da94-e16d-4ef7-9664-34571ba54cdd (type: router_ports) to 2
2026-04-20 18:28:42.869 8 INFO neutron.plugins.ml2.drivers.ovn.mech_driver.mech_driver [None req-0f977a79-4842-4578-996a-9626aa10fd79 - - - - - -] OVN reports status down for port: d12ea7b2-8539-49ce-bd49-23b76bbe5b02
2026-04-20 18:28:42.979 8 INFO neutron.plugins.ml2.drivers.ovn.mech_driver.mech_driver [None req-0f977a79-4842-4578-996a-9626aa10fd79 - - - - - -] OVN reports status down for port: 2ccc4c27-63eb-4b96-9151-27412541ccd6
2026-04-20 18:28:42.991 8 INFO neutron.plugins.ml2.drivers.ovn.mech_driver.mech_driver [None req-0f977a79-4842-4578-996a-9626aa10fd79 - - - - - -] OVN reports status down for port: d872edaf-946c-4995-a586-cb0cb8291851
2026-04-20 18:28:43.077 8 WARNING neutron.plugins.ml2.drivers.ovn.mech_driver.ovsdb.ovn_client [None req-0f977a79-4842-4578-996a-9626aa10fd79 - - - - - -] Logical_Switch_Port %s host information not removed, the port state is up
2026-04-20 18:28:43.077 8 INFO neutron.plugins.ml2.drivers.ovn.mech_driver.mech_driver [None req-0f977a79-4842-4578-996a-9626aa10fd79 - - - - - -] OVN reports status up for port: 2ccc4c27-63eb-4b96-9151-27412541ccd6
2026-04-20 18:28:43.100 8 INFO neutron.plugins.ml2.drivers.ovn.mech_driver.mech_driver [None req-0f977a79-4842-4578-996a-9626aa10fd79 - - - - - -] OVN reports status up for port: d872edaf-946c-4995-a586-cb0cb8291851
2026-04-20 18:28:43.122 8 INFO neutron.plugins.ml2.plugin [None req-0f977a79-4842-4578-996a-9626aa10fd79 - - - - - -] Attempt 1 to provision port d872edaf-946c-4995-a586-cb0cb8291851
2026-04-20 18:28:43.359 7 INFO neutron_taas.services.taas.taas_plugin [None req-1d16f5c6-e71a-49fb-bb79-adb738f7a7a0 - - - - - -] TaaS: Handle Delete Port: d12ea7b2-8539-49ce-bd49-23b76bbe5b02
2026-04-20 18:28:43.364 7 INFO neutron_taas.services.taas.tap_mirror_plugin [None req-1d16f5c6-e71a-49fb-bb79-adb738f7a7a0 - - - - - -] Tap Mirror: Handle Delete Port: d12ea7b2-8539-49ce-bd49-23b76bbe5b02
2026-04-20 18:28:43.378 8 INFO neutron.db.ovn_revision_numbers_db [None req-593f0d07-fc70-4494-a181-546f35714efb 4a7e2ddae8634459a193434ab177d1b9 468772ecb95142b98d7c128497404178 - - default default] Successfully bumped revision number for resource bfd40a43-1965-4ec6-b4f2-283586d8ae78 (type: router_ports) to 1 [pid: 8|app: 0|req: 1317/2665] 10.0.0.38 () {34 vars in 782 bytes} [Mon Apr 20 18:28:40 2026] PUT /v2.0/routers/e92c5220-db92-48e3-b23f-843be249349a/add_router_interface => generated 309 bytes in 2704 msecs (HTTP/1.1 200) 4 headers in 157 bytes (1 switches on core 0) [pid: 8|app: 0|req: 1318/2666] 10.0.0.24 () {28 vars in 582 bytes} [Mon Apr 20 18:28:43 2026] GET /v2.0/subnets => generated 8115 bytes in 123 msecs (HTTP/1.1 200) 4 headers in 158 bytes (1 switches on core 0)
2026-04-20 18:28:43.551 7 INFO neutron.services.segments.plugin [-] Segment e6888db5-edea-4c39-abbf-51135b1af21f resource provider aggregate not found
2026-04-20 18:28:43.555 7 INFO neutron.services.segments.plugin [-] Segment e6888db5-edea-4c39-abbf-51135b1af21f resource provider aggregate not found
2026-04-20 18:28:43.570 7 INFO neutron.services.segments.plugin [-] Segment e6888db5-edea-4c39-abbf-51135b1af21f resource provider not found; error: Placement Client Error (4xx): {"errors": [{"status": 404, "title": "Not Found", "detail": "The resource could not be found.\n\n No resource provider with uuid e6888db5-edea-4c39-abbf-51135b1af21f found for delete ", "request_id": "req-85d311d3-890c-4c67-b886-529873a7692e"}]}
2026-04-20 18:28:43.576 7 INFO neutron.services.segments.plugin [-] Segment e6888db5-edea-4c39-abbf-51135b1af21f resource provider not found; error: Placement Client Error (4xx): {"errors": [{"status": 404, "title": "Not Found", "detail": "The resource could not be found.\n\n No resource provider with uuid e6888db5-edea-4c39-abbf-51135b1af21f found for delete ", "request_id": "req-9d947327-7014-4d97-a9b1-a04a8758e5be"}]} [pid: 7|app: 0|req: 1349/2667] 10.0.0.38 () {32 vars in 739 bytes} [Mon Apr 20 18:28:41 2026] DELETE /v2.0/vpn/vpnservices/eabfe823-1ae8-4e48-92a0-515392522e9b => generated 0 bytes in 1897 msecs (HTTP/1.1 204) 2 headers in 112 bytes (1 switches on core 0) /var/lib/openstack/lib/python3.12/site-packages/pycadf/identifier.py:70: UserWarning: Invalid uuid: neutron. To ensure interoperability, identifiers should be a valid uuid. warnings.warn(('Invalid uuid: %s. To ensure interoperability, ' [pid: 7|app: 0|req: 1350/2668] 10.0.0.24 () {28 vars in 590 bytes} [Mon Apr 20 18:28:43 2026] GET /v2.0/subnetpools => generated 19 bytes in 17 msecs (HTTP/1.1 200) 4 headers in 156 bytes (1 switches on core 0) [pid: 7|app: 0|req: 1351/2669] 10.0.0.38 () {32 vars in 662 bytes} [Mon Apr 20 18:28:43 2026] GET /v2.0/vpn/vpnservices => generated 862 bytes in 13 msecs (HTTP/1.1 200) 4 headers in 157 bytes (1 switches on core 0) [pid: 7|app: 0|req: 1352/2670] 10.0.0.24 () {28 vars in 618 bytes} [Mon Apr 20 18:28:43 2026] GET /v2.0/network-ip-availabilities => generated 4861 bytes in 17 msecs (HTTP/1.1 200) 4 headers in 158 bytes (1 switches on core 0)
2026-04-20 18:28:43.722 7 INFO neutron.api.v2.resource [None req-14549791-80bb-4939-9ea5-83294cb52aef ac18ae348b9f4e7ba23788edeb130616 c33c557e653141cc8d7099b080984a85 - - default default] create failed (client error): The server could not comply with the request since it is either malformed or otherwise incorrect. [pid: 7|app: 0|req: 1353/2671] 10.0.0.38 () {34 vars in 706 bytes} [Mon Apr 20 18:28:43 2026] POST /v2.0/vpn/ipsec-site-connections => generated 127 bytes in 57 msecs (HTTP/1.1 400) 4 headers in 166 bytes (1 switches on core 0) [pid: 7|app: 0|req: 1354/2672] 10.0.0.24 () {28 vars in 598 bytes} [Mon Apr 20 18:28:43 2026] GET /v2.0/security-groups => generated 23213 bytes in 42 msecs (HTTP/1.1 200) 4 headers in 159 bytes (1 switches on core 0)
2026-04-20 18:28:43.815 7 INFO neutron.api.v2.resource [None req-c0628662-451b-4439-a7be-c0d78c6cc41b ac18ae348b9f4e7ba23788edeb130616 c33c557e653141cc8d7099b080984a85 - - default default] create failed (client error): The server could not comply with the request since it is either malformed or otherwise incorrect. [pid: 7|app: 0|req: 1355/2673] 10.0.0.38 () {34 vars in 706 bytes} [Mon Apr 20 18:28:43 2026] POST /v2.0/vpn/ipsec-site-connections => generated 136 bytes in 50 msecs (HTTP/1.1 400) 4 headers in 166 bytes (1 switches on core 0)
2026-04-20 18:28:43.827 7 WARNING neutron.api.v2.base [None req-6a1a0499-ad46-4878-b94e-18ea0fab63cc ac18ae348b9f4e7ba23788edeb130616 c33c557e653141cc8d7099b080984a85 - - default default] An exception happened while processing the request body. The exception message is [Invalid input for dpd. Reason: '59' is not a dictionary.].: webob.exc.HTTPBadRequest: Invalid input for dpd. Reason: '59' is not a dictionary.
2026-04-20 18:28:43.827 7 INFO neutron.api.v2.resource [None req-6a1a0499-ad46-4878-b94e-18ea0fab63cc ac18ae348b9f4e7ba23788edeb130616 c33c557e653141cc8d7099b080984a85 - - default default] create failed (client error): Invalid input for dpd. Reason: '59' is not a dictionary. [pid: 7|app: 0|req: 1356/2674] 10.0.0.38 () {34 vars in 706 bytes} [Mon Apr 20 18:28:43 2026] POST /v2.0/vpn/ipsec-site-connections => generated 129 bytes in 6 msecs (HTTP/1.1 400) 4 headers in 166 bytes (1 switches on core 0)
2026-04-20 18:28:43.859 8 INFO neutron.db.ovn_revision_numbers_db [None req-0f977a79-4842-4578-996a-9626aa10fd79 - - - - - -] Successfully bumped revision number for resource d872edaf-946c-4995-a586-cb0cb8291851 (type: ports) to 2 [pid: 7|app: 0|req: 1357/2675] 10.0.0.38 () {34 vars in 692 bytes} [Mon Apr 20 18:28:43 2026] POST /v2.0/vpn/endpoint-groups => generated 294 bytes in 41 msecs (HTTP/1.1 201) 4 headers in 162 bytes (1 switches on core 0)
2026-04-20 18:28:43.913 7 INFO neutron.api.v2.resource [None req-701b4e5f-0ce1-429a-b380-df923373907a ac18ae348b9f4e7ba23788edeb130616 c33c557e653141cc8d7099b080984a85 - - default default] create failed (client error): The server could not comply with the request since it is either malformed or otherwise incorrect. [pid: 7|app: 0|req: 1358/2676] 10.0.0.38 () {34 vars in 706 bytes} [Mon Apr 20 18:28:43 2026] POST /v2.0/vpn/ipsec-site-connections => generated 149 bytes in 37 msecs (HTTP/1.1 400) 4 headers in 166 bytes (1 switches on core 0) [pid: 7|app: 0|req: 1359/2677] 10.0.0.38 () {32 vars in 670 bytes} [Mon Apr 20 18:28:43 2026] GET /v2.0/vpn/endpoint-groups => generated 909 bytes in 15 msecs (HTTP/1.1 200) 4 headers in 157 bytes (1 switches on core 0) [pid: 7|app: 0|req: 1360/2678] 10.0.0.38 () {32 vars in 747 bytes} [Mon Apr 20 18:28:43 2026] DELETE /v2.0/vpn/endpoint-groups/5eac1d40-a3ae-444c-9d4e-56b784e74e3b => generated 0 bytes in 22 msecs (HTTP/1.1 204) 2 headers in 112 bytes (1 switches on core 0) [pid: 7|app: 0|req: 1361/2679] 10.0.0.38 () {32 vars in 670 bytes} [Mon Apr 20 18:28:43 2026] GET /v2.0/vpn/endpoint-groups => generated 633 bytes in 9 msecs (HTTP/1.1 200) 4 headers in 157 bytes (1 switches on core 0) [pid: 7|app: 0|req: 1362/2680] 10.0.0.38 () {34 vars in 692 bytes} [Mon Apr 20 18:28:43 2026] POST /v2.0/vpn/endpoint-groups => generated 301 bytes in 50 msecs (HTTP/1.1 201) 4 headers in 162 bytes (1 switches on core 0)
2026-04-20 18:28:44.081 7 INFO neutron.api.v2.resource [None req-82b29623-ef9e-4771-94cc-bd91ea7d115a ac18ae348b9f4e7ba23788edeb130616 c33c557e653141cc8d7099b080984a85 - - default default] create failed (client error): The server could not comply with the request since it is either malformed or otherwise incorrect. [pid: 7|app: 0|req: 1363/2681] 10.0.0.38 () {34 vars in 706 bytes} [Mon Apr 20 18:28:44 2026] POST /v2.0/vpn/ipsec-site-connections => generated 148 bytes in 39 msecs (HTTP/1.1 400) 4 headers in 166 bytes (1 switches on core 0) [pid: 7|app: 0|req: 1364/2682] 10.0.0.38 () {32 vars in 670 bytes} [Mon Apr 20 18:28:44 2026] GET /v2.0/vpn/endpoint-groups => generated 916 bytes in 11 msecs (HTTP/1.1 200) 4 headers in 157 bytes (1 switches on core 0) [pid: 7|app: 0|req: 1365/2683] 10.0.0.38 () {32 vars in 747 bytes} [Mon Apr 20 18:28:44 2026] DELETE /v2.0/vpn/endpoint-groups/af0e1581-00e4-46e5-a7ed-cb8749cfbca8 => generated 0 bytes in 23 msecs (HTTP/1.1 204) 2 headers in 112 bytes (1 switches on core 0) [pid: 7|app: 0|req: 1366/2684] 10.0.0.38 () {32 vars in 670 bytes} [Mon Apr 20 18:28:44 2026] GET /v2.0/vpn/endpoint-groups => generated 633 bytes in 9 msecs (HTTP/1.1 200) 4 headers in 157 bytes (1 switches on core 0)
2026-04-20 18:28:44.152 7 WARNING neutron.api.v2.base [None req-1c061576-0af4-45e3-9ac2-698405bc5795 ac18ae348b9f4e7ba23788edeb130616 c33c557e653141cc8d7099b080984a85 - - default default] An exception happened while processing the request body. The exception message is [Invalid input for peer_cidrs. Reason: '1.0.0.0/33' is not a valid IP subnet.].: webob.exc.HTTPBadRequest: Invalid input for peer_cidrs. Reason: '1.0.0.0/33' is not a valid IP subnet.
2026-04-20 18:28:44.152 7 INFO neutron.api.v2.resource [None req-1c061576-0af4-45e3-9ac2-698405bc5795 ac18ae348b9f4e7ba23788edeb130616 c33c557e653141cc8d7099b080984a85 - - default default] create failed (client error): Invalid input for peer_cidrs. Reason: '1.0.0.0/33' is not a valid IP subnet. [pid: 7|app: 0|req: 1367/2685] 10.0.0.38 () {34 vars in 706 bytes} [Mon Apr 20 18:28:44 2026] POST /v2.0/vpn/ipsec-site-connections => generated 149 bytes in 6 msecs (HTTP/1.1 400) 4 headers in 166 bytes (1 switches on core 0)
2026-04-20 18:28:44.242 7 INFO neutron.db.segments_db [None req-98bd7f2f-2235-4a63-9f59-9631998fffea ac18ae348b9f4e7ba23788edeb130616 c33c557e653141cc8d7099b080984a85 - - default default] Added segment 444d1bde-9c43-440b-9f33-0d9e08a885ac of type geneve for network aaa8d9a9-1826-4597-b2fa-e3ebffc2b8ff
2026-04-20 18:28:44.268 8 WARNING neutron.scheduler.dhcp_agent_scheduler [None req-cfe652af-664c-41c4-b36c-c003a9247a4f 4a7e2ddae8634459a193434ab177d1b9 468772ecb95142b98d7c128497404178 - - default default] No more DHCP agents
2026-04-20 18:28:44.270 8 WARNING neutron.api.rpc.agentnotifiers.dhcp_rpc_agent_api [None req-cfe652af-664c-41c4-b36c-c003a9247a4f 4a7e2ddae8634459a193434ab177d1b9 468772ecb95142b98d7c128497404178 - - default default] Unable to schedule network 80f32a61-ad94-4a3f-a827-efdaa034ba0b: no agents available; will retry on subsequent port and subnet creation events.
2026-04-20 18:28:44.340 7 INFO neutron.db.ovn_revision_numbers_db [None req-98bd7f2f-2235-4a63-9f59-9631998fffea ac18ae348b9f4e7ba23788edeb130616 c33c557e653141cc8d7099b080984a85 - - default default] Successfully bumped revision number for resource aaa8d9a9-1826-4597-b2fa-e3ebffc2b8ff (type: networks) to 1
2026-04-20 18:28:44.380 7 INFO neutron.plugins.ml2.drivers.ovn.mech_driver.mech_driver [None req-4fa460aa-41ce-4aed-b6d6-cddbe610ad23 - - - - - -] OVN reports status down for port: 345ebe87-0611-491f-9c8c-1731c6b96312
2026-04-20 18:28:44.412 8 INFO neutron.db.ovn_revision_numbers_db [None req-cfe652af-664c-41c4-b36c-c003a9247a4f 4a7e2ddae8634459a193434ab177d1b9 468772ecb95142b98d7c128497404178 - - default default] Successfully bumped revision number for resource 345ebe87-0611-491f-9c8c-1731c6b96312 (type: ports) to 1
2026-04-20 18:28:44.570 7 WARNING neutron.scheduler.dhcp_agent_scheduler [None req-98bd7f2f-2235-4a63-9f59-9631998fffea ac18ae348b9f4e7ba23788edeb130616 c33c557e653141cc8d7099b080984a85 - - default default] No more DHCP agents
2026-04-20 18:28:44.571 7 WARNING neutron.api.rpc.agentnotifiers.dhcp_rpc_agent_api [None req-98bd7f2f-2235-4a63-9f59-9631998fffea ac18ae348b9f4e7ba23788edeb130616 c33c557e653141cc8d7099b080984a85 - - default default] Unable to schedule network aaa8d9a9-1826-4597-b2fa-e3ebffc2b8ff: no agents available; will retry on subsequent port and subnet creation events.
2026-04-20 18:28:44.642 7 INFO neutron.db.ovn_revision_numbers_db [None req-98bd7f2f-2235-4a63-9f59-9631998fffea ac18ae348b9f4e7ba23788edeb130616 c33c557e653141cc8d7099b080984a85 - - default default] Successfully bumped revision number for resource 714c73bf-2131-42f2-a73c-6c2520c25f13 (type: ports) to 1 [pid: 7|app: 0|req: 1368/2686] 10.0.0.38 () {34 vars in 669 bytes} [Mon Apr 20 18:28:44 2026] POST /v2.0/networks => generated 651 bytes in 506 msecs (HTTP/1.1 201) 4 headers in 162 bytes (1 switches on core 0)
2026-04-20 18:28:44.838 7 WARNING neutron.scheduler.dhcp_agent_scheduler [None req-f3ba933b-2f6e-4712-b34e-113b7fd514c2 ac18ae348b9f4e7ba23788edeb130616 c33c557e653141cc8d7099b080984a85 - - default default] No more DHCP agents
2026-04-20 18:28:44.840 7 WARNING neutron.api.rpc.agentnotifiers.dhcp_rpc_agent_api [None req-f3ba933b-2f6e-4712-b34e-113b7fd514c2 ac18ae348b9f4e7ba23788edeb130616 c33c557e653141cc8d7099b080984a85 - - default default] Unable to schedule network aaa8d9a9-1826-4597-b2fa-e3ebffc2b8ff: no agents available; will retry on subsequent port and subnet creation events.
2026-04-20 18:28:45.060 7 INFO neutron.plugins.ml2.drivers.ovn.mech_driver.mech_driver [None req-4fa460aa-41ce-4aed-b6d6-cddbe610ad23 - - - - - -] OVN reports status up for port: 345ebe87-0611-491f-9c8c-1731c6b96312
2026-04-20 18:28:45.078 7 INFO neutron.plugins.ml2.plugin [None req-4fa460aa-41ce-4aed-b6d6-cddbe610ad23 - - - - - -] Attempt 1 to provision port 345ebe87-0611-491f-9c8c-1731c6b96312
2026-04-20 18:28:45.141 8 WARNING neutron.scheduler.dhcp_agent_scheduler [None req-cfe652af-664c-41c4-b36c-c003a9247a4f 4a7e2ddae8634459a193434ab177d1b9 468772ecb95142b98d7c128497404178 - - default default] No more DHCP agents
2026-04-20 18:28:45.142 8 WARNING neutron.api.rpc.agentnotifiers.dhcp_rpc_agent_api [None req-cfe652af-664c-41c4-b36c-c003a9247a4f 4a7e2ddae8634459a193434ab177d1b9 468772ecb95142b98d7c128497404178 - - default default] Unable to schedule network 80f32a61-ad94-4a3f-a827-efdaa034ba0b: no agents available; will retry on subsequent port and subnet creation events.
2026-04-20 18:28:45.409 7 INFO neutron.db.ovn_revision_numbers_db [None req-26e1bcc2-4a40-49b8-acee-2950573a5c9b - - - - - -] Successfully bumped revision number for resource 714c73bf-2131-42f2-a73c-6c2520c25f13 (type: ports) to 2
2026-04-20 18:28:45.460 8 INFO neutron.db.ovn_revision_numbers_db [None req-cfe652af-664c-41c4-b36c-c003a9247a4f 4a7e2ddae8634459a193434ab177d1b9 468772ecb95142b98d7c128497404178 - - default default] Successfully bumped revision number for resource 345ebe87-0611-491f-9c8c-1731c6b96312 (type: router_ports) to 1 [pid: 8|app: 0|req: 1319/2687] 10.0.0.38 () {34 vars in 782 bytes} [Mon Apr 20 18:28:43 2026] PUT /v2.0/routers/e92c5220-db92-48e3-b23f-843be249349a/add_router_interface => generated 309 bytes in 1951 msecs (HTTP/1.1 200) 4 headers in 157 bytes (1 switches on core 0)
2026-04-20 18:28:45.491 7 INFO neutron.db.ovn_revision_numbers_db [None req-26e1bcc2-4a40-49b8-acee-2950573a5c9b - - - - - -] Successfully bumped revision number for resource 6de18a77-ef5f-4acc-ae29-21846e01af67 (type: subnets) to 0 [pid: 7|app: 0|req: 1369/2688] 10.0.0.38 () {34 vars in 668 bytes} [Mon Apr 20 18:28:44 2026] POST /v2.0/subnets => generated 629 bytes in 852 msecs (HTTP/1.1 201) 4 headers in 162 bytes (1 switches on core 0)
2026-04-20 18:28:45.629 8 INFO neutron.db.ovn_revision_numbers_db [None req-005f67bf-9ab1-4a1e-89b1-7044e3bc6739 4a7e2ddae8634459a193434ab177d1b9 468772ecb95142b98d7c128497404178 - - default default] Successfully bumped revision number for resource 9ef02593-2b25-4769-aca3-4429ff1e64e4 (type: security_groups) to 1
2026-04-20 18:28:45.641 8 INFO neutron.db.ovn_revision_numbers_db [None req-005f67bf-9ab1-4a1e-89b1-7044e3bc6739 4a7e2ddae8634459a193434ab177d1b9 468772ecb95142b98d7c128497404178 - - default default] Successfully bumped revision number for resource 73807e47-502b-4b8c-a31a-9ce8f5ee1e7d (type: security_group_rules) to 0
2026-04-20 18:28:45.652 8 INFO neutron.db.ovn_revision_numbers_db [None req-005f67bf-9ab1-4a1e-89b1-7044e3bc6739 4a7e2ddae8634459a193434ab177d1b9 468772ecb95142b98d7c128497404178 - - default default] Successfully bumped revision number for resource 8afcd95b-9f59-4544-991f-2a72ae80e505 (type: security_group_rules) to 0 [pid: 8|app: 0|req: 1320/2689] 10.0.0.38 () {34 vars in 683 bytes} [Mon Apr 20 18:28:45 2026] POST /v2.0/security-groups => generated 1630 bytes in 166 msecs (HTTP/1.1 201) 4 headers in 163 bytes (1 switches on core 0)
2026-04-20 18:28:45.804 8 INFO neutron.db.ovn_revision_numbers_db [None req-f9b6c2c8-71c7-4551-b0d2-18c8150121ad 4a7e2ddae8634459a193434ab177d1b9 468772ecb95142b98d7c128497404178 - - default default] Successfully bumped revision number for resource bbb53da7-621c-457b-8adc-c1a3804d27d0 (type: security_group_rules) to 0 [pid: 8|app: 0|req: 1321/2690] 10.0.0.38 () {34 vars in 694 bytes} [Mon Apr 20 18:28:45 2026] POST /v2.0/security-group-rules => generated 597 bytes in 154 msecs (HTTP/1.1 201) 4 headers in 162 bytes (1 switches on core 0)
2026-04-20 18:28:45.847 7 INFO neutron.db.ovn_revision_numbers_db [None req-4fa460aa-41ce-4aed-b6d6-cddbe610ad23 - - - - - -] Successfully bumped revision number for resource 345ebe87-0611-491f-9c8c-1731c6b96312 (type: ports) to 2
2026-04-20 18:28:45.965 8 INFO neutron.db.ovn_revision_numbers_db [None req-b0614d56-0184-4bcd-a3d8-fc1ac650d78a 4a7e2ddae8634459a193434ab177d1b9 468772ecb95142b98d7c128497404178 - - default default] Successfully bumped revision number for resource fbde72cb-3ad3-4576-95b5-d23e1ac3aa16 (type: security_group_rules) to 0 [pid: 8|app: 0|req: 1322/2691] 10.0.0.38 () {34 vars in 694 bytes} [Mon Apr 20 18:28:45 2026] POST /v2.0/security-group-rules => generated 597 bytes in 143 msecs (HTTP/1.1 201) 4 headers in 162 bytes (1 switches on core 0)
2026-04-20 18:28:46.129 8 INFO neutron.db.ovn_revision_numbers_db [None req-e13a117e-90f0-4c7f-83d5-77855d7fc124 4a7e2ddae8634459a193434ab177d1b9 468772ecb95142b98d7c128497404178 - - default default] Successfully bumped revision number for resource 09cf5cf2-8fe5-4fc3-8823-2e456db30a20 (type: security_group_rules) to 0 [pid: 8|app: 0|req: 1323/2692] 10.0.0.38 () {34 vars in 694 bytes} [Mon Apr 20 18:28:45 2026] POST /v2.0/security-group-rules => generated 599 bytes in 165 msecs (HTTP/1.1 201) 4 headers in 162 bytes (1 switches on core 0)
2026-04-20 18:28:46.184 7 WARNING neutron.scheduler.dhcp_agent_scheduler [None req-a8c5eb27-2527-4935-adb8-843f656c0a05 ac18ae348b9f4e7ba23788edeb130616 c33c557e653141cc8d7099b080984a85 - - default default] No more DHCP agents
2026-04-20 18:28:46.185 7 WARNING neutron.api.rpc.agentnotifiers.dhcp_rpc_agent_api [None req-a8c5eb27-2527-4935-adb8-843f656c0a05 ac18ae348b9f4e7ba23788edeb130616 c33c557e653141cc8d7099b080984a85 - - default default] Unable to schedule network 1d2ba0a4-0579-443c-9885-fa4d1a399891: no agents available; will retry on subsequent port and subnet creation events.
2026-04-20 18:28:46.308 7 INFO neutron.db.ovn_revision_numbers_db [None req-a8c5eb27-2527-4935-adb8-843f656c0a05 ac18ae348b9f4e7ba23788edeb130616 c33c557e653141cc8d7099b080984a85 - - default default] Successfully bumped revision number for resource 84a0a12a-7a3d-4cc6-bfa5-f5d368f20dae (type: ports) to 1
2026-04-20 18:28:46.313 8 INFO neutron.db.ovn_revision_numbers_db [None req-5fcd935a-f63a-418b-8789-f81ea8d20a2f 4a7e2ddae8634459a193434ab177d1b9 468772ecb95142b98d7c128497404178 - - default default] Successfully bumped revision number for resource acab5426-5d1f-4302-982c-a2f9fa5fca96 (type: security_group_rules) to 0 [pid: 8|app: 0|req: 1324/2693] 10.0.0.38 () {34 vars in 694 bytes} [Mon Apr 20 18:28:46 2026] POST /v2.0/security-group-rules => generated 601 bytes in 174 msecs (HTTP/1.1 201) 4 headers in 162 bytes (1 switches on core 0)
2026-04-20 18:28:46.485 8 INFO neutron.db.ovn_revision_numbers_db [None req-589b7421-7297-4974-97cb-ae0588fe8f5b 4a7e2ddae8634459a193434ab177d1b9 468772ecb95142b98d7c128497404178 - - default default] Successfully bumped revision number for resource 9878e33f-d1a2-419d-9af4-1bf4b9c4aadf (type: security_group_rules) to 0 [pid: 8|app: 0|req: 1325/2694] 10.0.0.38 () {34 vars in 694 bytes} [Mon Apr 20 18:28:46 2026] POST /v2.0/security-group-rules => generated 601 bytes in 169 msecs (HTTP/1.1 201) 4 headers in 162 bytes (1 switches on core 0)
2026-04-20 18:28:46.683 8 INFO neutron.db.ovn_revision_numbers_db [None req-7713e6f9-59f7-45b8-a58f-e39234ff29f1 4a7e2ddae8634459a193434ab177d1b9 468772ecb95142b98d7c128497404178 - - default default] Successfully bumped revision number for resource b4d62d99-7987-4179-a38e-53cc5f577086 (type: security_group_rules) to 0 [pid: 8|app: 0|req: 1326/2695] 10.0.0.38 () {34 vars in 694 bytes} [Mon Apr 20 18:28:46 2026] POST /v2.0/security-group-rules => generated 597 bytes in 194 msecs (HTTP/1.1 201) 4 headers in 162 bytes (1 switches on core 0)
2026-04-20 18:28:46.906 7 INFO neutron.plugins.ml2.drivers.ovn.mech_driver.ovsdb.commands [None req-dbc1fd5d-a78e-4d6a-8c82-d7f4a61c5a3d - - - - - -] Schedule LRP lrp-84a0a12a-7a3d-4cc6-bfa5-f5d368f20dae on gateway 1ffba0bb-05a6-4928-b5d7-1b77b58f31c8 with priority 1
2026-04-20 18:28:46.934 8 INFO neutron.db.ovn_revision_numbers_db [None req-cb361c5b-146e-4360-a77b-402a5118dab7 4a7e2ddae8634459a193434ab177d1b9 468772ecb95142b98d7c128497404178 - - default default] Successfully bumped revision number for resource d928f48c-e768-46fe-994d-1fe332ab3dff (type: security_group_rules) to 0
2026-04-20 18:28:46.950 7 INFO neutron.db.ovn_revision_numbers_db [None req-a8c5eb27-2527-4935-adb8-843f656c0a05 ac18ae348b9f4e7ba23788edeb130616 c33c557e653141cc8d7099b080984a85 - - default default] Successfully bumped revision number for resource 84a0a12a-7a3d-4cc6-bfa5-f5d368f20dae (type: router_ports) to 1 [pid: 8|app: 0|req: 1327/2696] 10.0.0.38 () {34 vars in 694 bytes} [Mon Apr 20 18:28:46 2026] POST /v2.0/security-group-rules => generated 597 bytes in 253 msecs (HTTP/1.1 201) 4 headers in 162 bytes (1 switches on core 0)
2026-04-20 18:28:47.022 7 INFO neutron.db.ovn_revision_numbers_db [None req-a8c5eb27-2527-4935-adb8-843f656c0a05 ac18ae348b9f4e7ba23788edeb130616 c33c557e653141cc8d7099b080984a85 - - default default] Successfully bumped revision number for resource 5f5463fe-ef09-4f33-aab7-d02d03c825f9 (type: routers) to 2 [pid: 7|app: 0|req: 1370/2697] 10.0.0.38 () {34 vars in 668 bytes} [Mon Apr 20 18:28:45 2026] POST /v2.0/routers => generated 937 bytes in 1516 msecs (HTTP/1.1 201) 4 headers in 162 bytes (1 switches on core 0)
2026-04-20 18:28:47.121 7 INFO neutron.api.v2.resource [None req-8e56c1a6-6e83-4ecb-a995-0190018f7440 0d6991a66be74a199c4e737f893e9642 1168e72114744ce880d7a1df8163d6b4 - - default default] create failed (client error): The server could not comply with the request since it is either malformed or otherwise incorrect. [pid: 7|app: 0|req: 1371/2698] 10.0.0.38 () {34 vars in 684 bytes} [Mon Apr 20 18:28:47 2026] POST /v2.0/vpn/vpnservices => generated 194 bytes in 78 msecs (HTTP/1.1 400) 4 headers in 166 bytes (1 switches on core 0)
2026-04-20 18:28:47.158 8 INFO neutron.db.ovn_revision_numbers_db [None req-2d64c8f9-aba0-4f0a-8ee9-1a76ef336503 4a7e2ddae8634459a193434ab177d1b9 468772ecb95142b98d7c128497404178 - - default default] Successfully bumped revision number for resource 48993751-55d4-4b9d-995b-348a334c58a0 (type: security_group_rules) to 0 [pid: 8|app: 0|req: 1328/2699] 10.0.0.38 () {34 vars in 694 bytes} [Mon Apr 20 18:28:46 2026] POST /v2.0/security-group-rules => generated 597 bytes in 211 msecs (HTTP/1.1 201) 4 headers in 162 bytes (1 switches on core 0)
2026-04-20 18:28:47.284 7 INFO neutron_taas.services.taas.taas_plugin [None req-50a31b1a-bec2-4262-a674-cd040f67a3a3 0d6991a66be74a199c4e737f893e9642 1168e72114744ce880d7a1df8163d6b4 - - default default] TaaS: Handle Delete Port: 714c73bf-2131-42f2-a73c-6c2520c25f13
2026-04-20 18:28:47.290 7 INFO neutron_taas.services.taas.tap_mirror_plugin [None req-50a31b1a-bec2-4262-a674-cd040f67a3a3 0d6991a66be74a199c4e737f893e9642 1168e72114744ce880d7a1df8163d6b4 - - default default] Tap Mirror: Handle Delete Port: 714c73bf-2131-42f2-a73c-6c2520c25f13
2026-04-20 18:28:47.374 8 INFO neutron.db.ovn_revision_numbers_db [None req-e685100f-3544-4ac4-aef2-a0eab0b2c201 4a7e2ddae8634459a193434ab177d1b9 468772ecb95142b98d7c128497404178 - - default default] Successfully bumped revision number for resource d658b8e2-2c90-4415-9d0d-801401a350a9 (type: security_group_rules) to 0 [pid: 8|app: 0|req: 1329/2700] 10.0.0.38 () {34 vars in 694 bytes} [Mon Apr 20 18:28:47 2026] POST /v2.0/security-group-rules => generated 599 bytes in 230 msecs (HTTP/1.1 201) 4 headers in 162 bytes (1 switches on core 0)
2026-04-20 18:28:47.622 8 INFO neutron.db.ovn_revision_numbers_db [None req-ec607f79-c644-4ff0-97da-a89056a66666 4a7e2ddae8634459a193434ab177d1b9 468772ecb95142b98d7c128497404178 - - default default] Successfully bumped revision number for resource 8749ed43-a27e-48bc-baf7-7a457bdf6b69 (type: security_group_rules) to 0
2026-04-20 18:28:47.635 7 INFO neutron.services.segments.plugin [-] Segment 444d1bde-9c43-440b-9f33-0d9e08a885ac resource provider aggregate not found
2026-04-20 18:28:47.636 7 INFO neutron.services.segments.plugin [-] Segment 444d1bde-9c43-440b-9f33-0d9e08a885ac resource provider aggregate not found [pid: 8|app: 0|req: 1330/2701] 10.0.0.38 () {34 vars in 694 bytes} [Mon Apr 20 18:28:47 2026] POST /v2.0/security-group-rules => generated 601 bytes in 222 msecs (HTTP/1.1 201) 4 headers in 162 bytes (1 switches on core 0)
2026-04-20 18:28:47.652 7 INFO neutron.services.segments.plugin [-] Segment 444d1bde-9c43-440b-9f33-0d9e08a885ac resource provider not found; error: Placement Client Error (4xx): {"errors": [{"status": 404, "title": "Not Found", "detail": "The resource could not be found.\n\n No resource provider with uuid 444d1bde-9c43-440b-9f33-0d9e08a885ac found for delete ", "request_id": "req-4c52bd84-6209-4ef1-a09a-7856d2e49fa1"}]}
2026-04-20 18:28:47.666 7 INFO neutron.services.segments.plugin [-] Segment 444d1bde-9c43-440b-9f33-0d9e08a885ac resource provider not found; error: Placement Client Error (4xx): {"errors": [{"status": 404, "title": "Not Found", "detail": "The resource could not be found.\n\n No resource provider with uuid 444d1bde-9c43-440b-9f33-0d9e08a885ac found for delete ", "request_id": "req-780487a3-476b-4705-a64d-919628189c4a"}]} [pid: 7|app: 0|req: 1372/2702] 10.0.0.38 () {32 vars in 725 bytes} [Mon Apr 20 18:28:47 2026] DELETE /v2.0/networks/aaa8d9a9-1826-4597-b2fa-e3ebffc2b8ff => generated 0 bytes in 554 msecs (HTTP/1.1 204) 3 headers in 131 bytes (1 switches on core 0)
2026-04-20 18:28:47.824 8 INFO neutron.db.ovn_revision_numbers_db [None req-97697880-2ebf-4a06-a654-18475499ad58 4a7e2ddae8634459a193434ab177d1b9 468772ecb95142b98d7c128497404178 - - default default] Successfully bumped revision number for resource 47f4306a-5b2c-4682-97ce-371363bc6691 (type: security_group_rules) to 0 [pid: 8|app: 0|req: 1331/2703] 10.0.0.38 () {34 vars in 694 bytes} [Mon Apr 20 18:28:47 2026] POST /v2.0/security-group-rules => generated 597 bytes in 195 msecs (HTTP/1.1 201) 4 headers in 162 bytes (1 switches on core 0)
2026-04-20 18:28:47.985 7 INFO neutron_taas.services.taas.taas_plugin [None req-c16e33ae-4e65-48a6-8f7e-04fe27ceff58 0d6991a66be74a199c4e737f893e9642 1168e72114744ce880d7a1df8163d6b4 - - default default] TaaS: Handle Delete Port: 84a0a12a-7a3d-4cc6-bfa5-f5d368f20dae
2026-04-20 18:28:47.988 7 INFO neutron_taas.services.taas.tap_mirror_plugin [None req-c16e33ae-4e65-48a6-8f7e-04fe27ceff58 0d6991a66be74a199c4e737f893e9642 1168e72114744ce880d7a1df8163d6b4 - - default default] Tap Mirror: Handle Delete Port: 84a0a12a-7a3d-4cc6-bfa5-f5d368f20dae [pid: 7|app: 0|req: 1373/2704] 10.0.0.38 () {32 vars in 723 bytes} [Mon Apr 20 18:28:47 2026] DELETE /v2.0/routers/5f5463fe-ef09-4f33-aab7-d02d03c825f9 => generated 0 bytes in 621 msecs (HTTP/1.1 204) 2 headers in 112 bytes (1 switches on core 0)
2026-04-20 18:28:48.330 8 WARNING neutron.api.v2.base [None req-1ec268c0-7cae-45c2-a627-c1437685ba37 ac18ae348b9f4e7ba23788edeb130616 c33c557e653141cc8d7099b080984a85 - - default default] An exception happened while processing the request body. The exception message is [Invalid input for description. Reason: 'yyyyyyyyyyyyyyyyyyyyyyyyyyyyyyyyyyyyyyyyyyyyyyyyyyyyyyyyyyyyyyyyyyyyyyyyyyyyyyyyyyyyyyyyyyyyyyyyyyyyyyyyyyyyyyyyyyyyyyyyyyyyyyyyyyyyyyyyyyyyyyyyyyyyyyyyyyyyyyyyyyyyyyyyyyyyyyyyyyyyyyyyyyyyyyyyyyyyyyyyyyyyyyyyyyyyyyyyyyyyyyyyyyyyyyyyyyyyyyyyyyyyyyyyyyyyyyyy' exceeds maximum length of 255.].: webob.exc.HTTPBadRequest: Invalid input for description. Reason: 'yyyyyyyyyyyyyyyyyyyyyyyyyyyyyyyyyyyyyyyyyyyyyyyyyyyyyyyyyyyyyyyyyyyyyyyyyyyyyyyyyyyyyyyyyyyyyyyyyyyyyyyyyyyyyyyyyyyyyyyyyyyyyyyyyyyyyyyyyyyyyyyyyyyyyyyyyyyyyyyyyyyyyyyyyyyyyyyyyyyyyyyyyyyyyyyyyyyyyyyyyyyyyyyyyyyyyyyyyyyyyyyyyyyyyyyyyyyyyyyyyyyyyyyyyyyyyyyy' exceeds maximum length of 255.
2026-04-20 18:28:48.331 8 INFO neutron.api.v2.resource [None req-1ec268c0-7cae-45c2-a627-c1437685ba37 ac18ae348b9f4e7ba23788edeb130616 c33c557e653141cc8d7099b080984a85 - - default default] create failed (client error): Invalid input for description. Reason: 'yyyyyyyyyyyyyyyyyyyyyyyyyyyyyyyyyyyyyyyyyyyyyyyyyyyyyyyyyyyyyyyyyyyyyyyyyyyyyyyyyyyyyyyyyyyyyyyyyyyyyyyyyyyyyyyyyyyyyyyyyyyyyyyyyyyyyyyyyyyyyyyyyyyyyyyyyyyyyyyyyyyyyyyyyyyyyyyyyyyyyyyyyyyyyyyyyyyyyyyyyyyyyyyyyyyyyyyyyyyyyyyyyyyyyyyyyyyyyyyyyyyyyyyyyyyyyyyy' exceeds maximum length of 255. [pid: 8|app: 0|req: 1332/2705] 10.0.0.38 () {34 vars in 684 bytes} [Mon Apr 20 18:28:48 2026] POST /v2.0/vpn/vpnservices => generated 401 bytes in 9 msecs (HTTP/1.1 400) 4 headers in 166 bytes (1 switches on core 0)
2026-04-20 18:28:48.345 7 WARNING neutron.api.v2.base [None req-1f6a9069-8c01-487a-9405-43ec8e172db3 ac18ae348b9f4e7ba23788edeb130616 c33c557e653141cc8d7099b080984a85 - - default default] An exception happened while processing the request body. The exception message is [Invalid input for name. Reason: 'xxxxxxxxxxxxxxxxxxxxxxxxxxxxxxxxxxxxxxxxxxxxxxxxxxxxxxxxxxxxxxxxxxxxxxxxxxxxxxxxxxxxxxxxxxxxxxxxxxxxxxxxxxxxxxxxxxxxxxxxxxxxxxxxxxxxxxxxxxxxxxxxxxxxxxxxxxxxxxxxxxxxxxxxxxxxxxxxxxxxxxxxxxxxxxxxxxxxxxxxxxxxxxxxxxxxxxxxxxxxxxxxxxxxxxxxxxxxxxxxxxxxxxxxxxxxxxxx' exceeds maximum length of 255.].: webob.exc.HTTPBadRequest: Invalid input for name. Reason: 'xxxxxxxxxxxxxxxxxxxxxxxxxxxxxxxxxxxxxxxxxxxxxxxxxxxxxxxxxxxxxxxxxxxxxxxxxxxxxxxxxxxxxxxxxxxxxxxxxxxxxxxxxxxxxxxxxxxxxxxxxxxxxxxxxxxxxxxxxxxxxxxxxxxxxxxxxxxxxxxxxxxxxxxxxxxxxxxxxxxxxxxxxxxxxxxxxxxxxxxxxxxxxxxxxxxxxxxxxxxxxxxxxxxxxxxxxxxxxxxxxxxxxxxxxxxxxxxx' exceeds maximum length of 255.
2026-04-20 18:28:48.345 7 INFO neutron.api.v2.resource [None req-1f6a9069-8c01-487a-9405-43ec8e172db3 ac18ae348b9f4e7ba23788edeb130616 c33c557e653141cc8d7099b080984a85 - - default default] create failed (client error): Invalid input for name. Reason: 'xxxxxxxxxxxxxxxxxxxxxxxxxxxxxxxxxxxxxxxxxxxxxxxxxxxxxxxxxxxxxxxxxxxxxxxxxxxxxxxxxxxxxxxxxxxxxxxxxxxxxxxxxxxxxxxxxxxxxxxxxxxxxxxxxxxxxxxxxxxxxxxxxxxxxxxxxxxxxxxxxxxxxxxxxxxxxxxxxxxxxxxxxxxxxxxxxxxxxxxxxxxxxxxxxxxxxxxxxxxxxxxxxxxxxxxxxxxxxxxxxxxxxxxxxxxxxxxx' exceeds maximum length of 255. [pid: 7|app: 0|req: 1374/2706] 10.0.0.38 () {34 vars in 684 bytes} [Mon Apr 20 18:28:48 2026] POST /v2.0/vpn/vpnservices => generated 394 bytes in 10 msecs (HTTP/1.1 400) 4 headers in 166 bytes (1 switches on core 0)
2026-04-20 18:28:48.384 8 INFO neutron.api.v2.resource [None req-b2b9c631-c392-44b1-a6fb-74cd73cff40e ac18ae348b9f4e7ba23788edeb130616 c33c557e653141cc8d7099b080984a85 - - default default] create failed (client error): The server could not comply with the request since it is either malformed or otherwise incorrect. [pid: 8|app: 0|req: 1333/2707] 10.0.0.38 () {34 vars in 692 bytes} [Mon Apr 20 18:28:48 2026] POST /v2.0/vpn/endpoint-groups => generated 183 bytes in 35 msecs (HTTP/1.1 400) 4 headers in 166 bytes (1 switches on core 0) [pid: 7|app: 0|req: 1375/2708] 10.0.0.183 () {34 vars in 1096 bytes} [Mon Apr 20 18:28:48 2026] GET /v2.0/security-groups?name=tempest-lb_member_SG-1741540812&fields=id&tenant_id=468772ecb95142b98d7c128497404178 => generated 69 bytes in 70 msecs (HTTP/1.1 200) 4 headers in 156 bytes (1 switches on core 0)
2026-04-20 18:28:48.458 8 INFO neutron.api.v2.resource [None req-9beafb06-009f-4843-834e-d8da0b090f19 ac18ae348b9f4e7ba23788edeb130616 c33c557e653141cc8d7099b080984a85 - - default default] create failed (client error): The server could not comply with the request since it is either malformed or otherwise incorrect. [pid: 8|app: 0|req: 1334/2709] 10.0.0.38 () {34 vars in 692 bytes} [Mon Apr 20 18:28:48 2026] POST /v2.0/vpn/endpoint-groups => generated 160 bytes in 67 msecs (HTTP/1.1 400) 4 headers in 166 bytes (1 switches on core 0)
