+ COMMAND=start + start + for KEYSTONE_WSGI_SCRIPT in keystone-wsgi-public ++ type -p keystone-wsgi-public + cp -a /var/lib/openstack/bin/keystone-wsgi-public /var/www/cgi-bin/keystone/ + '[' -f /etc/apache2/envvars ']' + source /etc/apache2/envvars ++ unset HOME ++ '[' '' '!=' '' ']' ++ SUFFIX= ++ export APACHE_RUN_USER=www-data ++ APACHE_RUN_USER=www-data ++ export APACHE_RUN_GROUP=www-data ++ APACHE_RUN_GROUP=www-data ++ export APACHE_PID_FILE=/var/run/apache2/apache2.pid ++ APACHE_PID_FILE=/var/run/apache2/apache2.pid ++ export APACHE_RUN_DIR=/var/run/apache2 ++ APACHE_RUN_DIR=/var/run/apache2 ++ export APACHE_LOCK_DIR=/var/lock/apache2 ++ APACHE_LOCK_DIR=/var/lock/apache2 ++ export APACHE_LOG_DIR=/var/log/apache2 ++ APACHE_LOG_DIR=/var/log/apache2 ++ export LANG=C ++ LANG=C ++ export LANG + '[' -f /var/run/apache2/apache2.pid ']' + exec apache2 -DFOREGROUND AH00558: apache2: Could not reliably determine the server's fully qualified domain name, using 10.0.0.239. Set the 'ServerName' directive globally to suppress this message AH00558: apache2: Could not reliably determine the server's fully qualified domain name, using 10.0.0.239. Set the 'ServerName' directive globally to suppress this message
[Sat Jun 13 22:57:03.275836 2026] [mpm_event:notice] [pid 1:tid 139722880550784] AH00489: Apache/2.4.58 (Ubuntu) mod_wsgi/5.0.0 Python/3.12 configured -- resuming normal operations
[Sat Jun 13 22:57:03.275978 2026] [core:notice] [pid 1:tid 139722880550784] AH00094: Command line: 'apache2 -D FOREGROUND'
[Sat Jun 13 22:58:08.498482 2026] [wsgi:error] [pid 10:tid 139722242729664] /var/lib/openstack/lib/python3.12/site-packages/oslo_utils/importutils.py:77: EventletDeprecationWarning:
[Sat Jun 13 22:58:08.498519 2026] [wsgi:error] [pid 10:tid 139722242729664] Eventlet is deprecated. It is currently being maintained in bugfix mode, and
[Sat Jun 13 22:58:08.498521 2026] [wsgi:error] [pid 10:tid 139722242729664] we strongly recommend against using it for new projects.
[Sat Jun 13 22:58:08.498522 2026] [wsgi:error] [pid 10:tid 139722242729664]
[Sat Jun 13 22:58:08.498523 2026] [wsgi:error] [pid 10:tid 139722242729664] If you are already using Eventlet, we recommend migrating to a different
[Sat Jun 13 22:58:08.498525 2026] [wsgi:error] [pid 10:tid 139722242729664] framework. For more detail see
[Sat Jun 13 22:58:08.498526 2026] [wsgi:error] [pid 10:tid 139722242729664] https://eventlet.readthedocs.io/en/latest/asyncio/migration.html
[Sat Jun 13 22:58:08.498527 2026] [wsgi:error] [pid 10:tid 139722242729664]
[Sat Jun 13 22:58:08.498528 2026] [wsgi:error] [pid 10:tid 139722242729664] __import__(import_str)
[Sat Jun 13 22:58:08.516073 2026] [wsgi:error] [pid 12:tid 139722242729664] /var/lib/openstack/lib/python3.12/site-packages/oslo_utils/importutils.py:77: EventletDeprecationWarning:
[Sat Jun 13 22:58:08.516103 2026] [wsgi:error] [pid 12:tid 139722242729664] Eventlet is deprecated. It is currently being maintained in bugfix mode, and
[Sat Jun 13 22:58:08.516105 2026] [wsgi:error] [pid 12:tid 139722242729664] we strongly recommend against using it for new projects.
[Sat Jun 13 22:58:08.516106 2026] [wsgi:error] [pid 12:tid 139722242729664]
[Sat Jun 13 22:58:08.516107 2026] [wsgi:error] [pid 12:tid 139722242729664] If you are already using Eventlet, we recommend migrating to a different
[Sat Jun 13 22:58:08.516108 2026] [wsgi:error] [pid 12:tid 139722242729664] framework. For more detail see
[Sat Jun 13 22:58:08.516109 2026] [wsgi:error] [pid 12:tid 139722242729664] https://eventlet.readthedocs.io/en/latest/asyncio/migration.html
[Sat Jun 13 22:58:08.516111 2026] [wsgi:error] [pid 12:tid 139722242729664]
[Sat Jun 13 22:58:08.516149 2026] [wsgi:error] [pid 12:tid 139722242729664] __import__(import_str) 10.0.0.176 - - [13/Jun/2026:22:58:07 +0000] "GET /v3/ HTTP/1.1" 200 250 10.0.0.176 - - [13/Jun/2026:22:58:07 +0000] "GET /v3/ HTTP/1.1" 200 250
[Sat Jun 13 22:58:20.998941 2026] [wsgi:error] [pid 11:tid 139722242729664] /var/lib/openstack/lib/python3.12/site-packages/oslo_utils/importutils.py:77: EventletDeprecationWarning:
[Sat Jun 13 22:58:20.998979 2026] [wsgi:error] [pid 11:tid 139722242729664] Eventlet is deprecated. It is currently being maintained in bugfix mode, and
[Sat Jun 13 22:58:20.998981 2026] [wsgi:error] [pid 11:tid 139722242729664] we strongly recommend against using it for new projects.
[Sat Jun 13 22:58:20.998982 2026] [wsgi:error] [pid 11:tid 139722242729664]
[Sat Jun 13 22:58:20.998983 2026] [wsgi:error] [pid 11:tid 139722242729664] If you are already using Eventlet, we recommend migrating to a different
[Sat Jun 13 22:58:20.998985 2026] [wsgi:error] [pid 11:tid 139722242729664] framework. For more detail see
[Sat Jun 13 22:58:20.998986 2026] [wsgi:error] [pid 11:tid 139722242729664] https://eventlet.readthedocs.io/en/latest/asyncio/migration.html
[Sat Jun 13 22:58:20.998987 2026] [wsgi:error] [pid 11:tid 139722242729664]
[Sat Jun 13 22:58:20.998988 2026] [wsgi:error] [pid 11:tid 139722242729664] __import__(import_str) 10.0.0.191 - - [13/Jun/2026:22:58:20 +0000] "GET / HTTP/1.1" 300 295
[Sat Jun 13 22:58:26.332870 2026] [wsgi:error] [pid 9:tid 139722242729664] /var/lib/openstack/lib/python3.12/site-packages/oslo_utils/importutils.py:77: EventletDeprecationWarning:
[Sat Jun 13 22:58:26.332907 2026] [wsgi:error] [pid 9:tid 139722242729664] Eventlet is deprecated. It is currently being maintained in bugfix mode, and
[Sat Jun 13 22:58:26.332909 2026] [wsgi:error] [pid 9:tid 139722242729664] we strongly recommend against using it for new projects.
[Sat Jun 13 22:58:26.332910 2026] [wsgi:error] [pid 9:tid 139722242729664]
[Sat Jun 13 22:58:26.332911 2026] [wsgi:error] [pid 9:tid 139722242729664] If you are already using Eventlet, we recommend migrating to a different
[Sat Jun 13 22:58:26.332913 2026] [wsgi:error] [pid 9:tid 139722242729664] framework. For more detail see
[Sat Jun 13 22:58:26.332914 2026] [wsgi:error] [pid 9:tid 139722242729664] https://eventlet.readthedocs.io/en/latest/asyncio/migration.html
[Sat Jun 13 22:58:26.332915 2026] [wsgi:error] [pid 9:tid 139722242729664]
[Sat Jun 13 22:58:26.332916 2026] [wsgi:error] [pid 9:tid 139722242729664] __import__(import_str)
[Sat Jun 13 22:58:31.000535 2026] [wsgi:error] [pid 9:tid 139722242729664] [remote 10.0.0.191:53996] 2026-06-13 22:58:30.996 9 WARNING keystone.identity.core [None req-4f59425b-c5d8-427b-ba98-7a7a8330d322 - - - - - -] Invalid domain name (atmosphere) found in config file name: keystone.exception.DomainNotFound: Could not find domain: atmosphere.
[Sat Jun 13 22:58:31.067991 2026] [wsgi:error] [pid 9:tid 139722242729664] [remote 10.0.0.191:53996] 2026-06-13 22:58:31.067 9 WARNING keystone.common.password_hashing [None req-4f59425b-c5d8-427b-ba98-7a7a8330d322 - - - - - -] Truncating password to algorithm specific maximum length 72 characters.
[Sat Jun 13 22:58:31.358107 2026] [wsgi:error] [pid 9:tid 139722242729664] [remote 10.0.0.191:53996] 2026-06-13 22:58:31.357 9 WARNING keystone.common.fernet_utils [None req-4f59425b-c5d8-427b-ba98-7a7a8330d322 - - - - - -] key_repository is world readable: /etc/keystone/fernet-keys/ 10.0.0.191 - - [13/Jun/2026:22:58:25 +0000] "POST /v3/auth/tokens HTTP/1.1" 201 1360
[Sat Jun 13 22:58:31.737927 2026] [wsgi:error] [pid 10:tid 139722242729664] [remote 10.0.0.191:53996] 2026-06-13 22:58:31.734 10 WARNING keystone.identity.core [None req-1631f756-cc2c-4004-8fe2-4a07c4b556dc - - - - - -] Invalid domain name (atmosphere) found in config file name: keystone.exception.DomainNotFound: Could not find domain: atmosphere. 10.0.0.191 - - [13/Jun/2026:22:58:31 +0000] "POST /v3/domains HTTP/1.1" 201 261 10.0.0.24 - - [13/Jun/2026:22:58:43 +0000] "GET / HTTP/1.1" 300 295
[Sat Jun 13 22:58:43.726924 2026] [wsgi:error] [pid 11:tid 139722242729664] [remote 10.0.0.24:60028] 2026-06-13 22:58:43.726 11 WARNING keystone.common.password_hashing [None req-85722120-2606-41ca-bc3d-0d3a91735e6c - - - - - -] Truncating password to algorithm specific maximum length 72 characters.
[Sat Jun 13 22:58:44.008957 2026] [wsgi:error] [pid 11:tid 139722242729664] [remote 10.0.0.24:60028] 2026-06-13 22:58:44.008 11 WARNING keystone.common.fernet_utils [None req-85722120-2606-41ca-bc3d-0d3a91735e6c - - - - - -] key_repository is world readable: /etc/keystone/fernet-keys/ 10.0.0.24 - - [13/Jun/2026:22:58:43 +0000] "POST /v3/auth/tokens HTTP/1.1" 201 1360 10.0.0.24 - - [13/Jun/2026:22:58:44 +0000] "GET /v3/roles/admin HTTP/1.1" 404 83
[Sat Jun 13 22:58:44.271963 2026] [wsgi:error] [pid 10:tid 139722242729664] [remote 10.0.0.24:60028] 2026-06-13 22:58:44.271 10 WARNING keystone.common.rbac_enforcer.enforcer [None req-ef03dfcd-5787-42c1-9092-dccb156f1d8a 511c88db872145fcbd6f4f1cb0341858 b06494914cea4f7a9d6cb172ff9baa43 - - default default] Deprecated policy rules found. Use oslopolicy-policy-generator and oslopolicy-policy-upgrade to detect and resolve deprecated policies in your configuration. 10.0.0.24 - - [13/Jun/2026:22:58:44 +0000] "GET /v3/roles?name=admin HTTP/1.1" 200 389
[Sat Jun 13 22:58:44.891389 2026] [wsgi:error] [pid 12:tid 139722242729664] [remote 10.0.0.24:60028] 2026-06-13 22:58:44.890 12 WARNING keystone.common.rbac_enforcer.enforcer [None req-b3d410cb-3bfe-4fec-8305-f927f7f390b2 511c88db872145fcbd6f4f1cb0341858 b06494914cea4f7a9d6cb172ff9baa43 - - default default] Deprecated policy rules found. Use oslopolicy-policy-generator and oslopolicy-policy-upgrade to detect and resolve deprecated policies in your configuration. 10.0.0.24 - - [13/Jun/2026:22:58:44 +0000] "GET /v3/users/admin-RegionOne HTTP/1.1" 404 93
[Sat Jun 13 22:58:45.030130 2026] [wsgi:error] [pid 11:tid 139722242729664] [remote 10.0.0.24:60028] 2026-06-13 22:58:45.029 11 WARNING keystone.common.rbac_enforcer.enforcer [None req-a4e286fd-d381-47d0-81db-2d02a5413c71 511c88db872145fcbd6f4f1cb0341858 b06494914cea4f7a9d6cb172ff9baa43 - - default default] Deprecated policy rules found. Use oslopolicy-policy-generator and oslopolicy-policy-upgrade to detect and resolve deprecated policies in your configuration. 10.0.0.24 - - [13/Jun/2026:22:58:44 +0000] "GET /v3/users?name=admin-RegionOne HTTP/1.1" 200 422
[Sat Jun 13 22:58:45.185708 2026] [wsgi:error] [pid 9:tid 139722242729664] [remote 10.0.0.24:60028] 2026-06-13 22:58:45.185 9 WARNING keystone.common.rbac_enforcer.enforcer [None req-3138b069-cb13-4bf7-b33b-9194e76351fb 511c88db872145fcbd6f4f1cb0341858 b06494914cea4f7a9d6cb172ff9baa43 - - default default] Deprecated policy rules found. Use oslopolicy-policy-generator and oslopolicy-policy-upgrade to detect and resolve deprecated policies in your configuration. 10.0.0.24 - - [13/Jun/2026:22:58:45 +0000] "GET /v3/domains/default HTTP/1.1" 200 224 10.0.0.24 - - [13/Jun/2026:22:58:45 +0000] "PUT /v3/domains/default/users/511c88db872145fcbd6f4f1cb0341858/roles/33c024d2e4524668a2778d7e78dd6346 HTTP/1.1" 204 - 10.0.0.176 - - [13/Jun/2026:22:58:54 +0000] "GET / HTTP/1.1" 300 281 10.0.0.176 - - [13/Jun/2026:22:58:56 +0000] "GET /v3 HTTP/1.1" 200 266
[Sat Jun 13 22:58:56.196729 2026] [wsgi:error] [pid 9:tid 139722242729664] [remote 10.0.0.176:45464] 2026-06-13 22:58:56.196 9 WARNING keystone.common.password_hashing [None req-e45256ed-e3a0-479d-a951-4686a9046af7 - - - - - -] Truncating password to algorithm specific maximum length 72 characters.
[Sat Jun 13 22:58:56.476731 2026] [wsgi:error] [pid 9:tid 139722242729664] [remote 10.0.0.176:45464] 2026-06-13 22:58:56.476 9 WARNING keystone.common.fernet_utils [None req-e45256ed-e3a0-479d-a951-4686a9046af7 - - - - - -] key_repository is world readable: /etc/keystone/fernet-keys/ 10.0.0.176 - - [13/Jun/2026:22:58:56 +0000] "POST /v3/auth/tokens HTTP/1.1" 201 1360 10.0.0.176 - - [13/Jun/2026:22:58:56 +0000] "GET / HTTP/1.1" 300 281 10.0.0.176 - - [13/Jun/2026:22:58:56 +0000] "GET /v3/domains/atmosphere HTTP/1.1" 404 90 10.0.0.176 - - [13/Jun/2026:22:58:56 +0000] "GET /v3/domains?name=atmosphere HTTP/1.1" 200 370 10.0.0.176 - - [13/Jun/2026:22:58:56 +0000] "GET /v3/domains/70f6717ac7224fb8813dbd29a7c18e81 HTTP/1.1" 200 247 10.0.0.176 - - [13/Jun/2026:22:58:57 +0000] "GET /v3 HTTP/1.1" 200 266
[Sat Jun 13 22:58:57.582369 2026] [wsgi:error] [pid 12:tid 139722242729664] [remote 10.0.0.176:45464] 2026-06-13 22:58:57.581 12 WARNING keystone.common.password_hashing [None req-26761a66-2a44-49c1-863d-80e9d80603ed - - - - - -] Truncating password to algorithm specific maximum length 72 characters.
[Sat Jun 13 22:58:57.862514 2026] [wsgi:error] [pid 12:tid 139722242729664] [remote 10.0.0.176:45464] 2026-06-13 22:58:57.862 12 WARNING keystone.common.fernet_utils [None req-26761a66-2a44-49c1-863d-80e9d80603ed - - - - - -] key_repository is world readable: /etc/keystone/fernet-keys/ 10.0.0.176 - - [13/Jun/2026:22:58:57 +0000] "POST /v3/auth/tokens HTTP/1.1" 201 1360 10.0.0.176 - - [13/Jun/2026:22:58:57 +0000] "GET / HTTP/1.1" 300 281 10.0.0.176 - - [13/Jun/2026:22:58:57 +0000] "GET /v3/OS-FEDERATION/identity_providers/atmosphere HTTP/1.1" 404 101 10.0.0.176 - - [13/Jun/2026:22:58:57 +0000] "GET /v3/OS-FEDERATION/identity_providers HTTP/1.1" 200 156 10.0.0.176 - - [13/Jun/2026:22:58:57 +0000] "PUT /v3/OS-FEDERATION/identity_providers/atmosphere HTTP/1.1" 201 342 10.0.0.176 - - [13/Jun/2026:22:58:58 +0000] "GET /v3 HTTP/1.1" 200 266
[Sat Jun 13 22:58:58.728734 2026] [wsgi:error] [pid 9:tid 139722242729664] [remote 10.0.0.176:45464] 2026-06-13 22:58:58.728 9 WARNING keystone.common.password_hashing [None req-6d14f6d4-4c19-4f29-8d7c-a4d763b6a954 - - - - - -] Truncating password to algorithm specific maximum length 72 characters.
[Sat Jun 13 22:58:59.002762 2026] [wsgi:error] [pid 9:tid 139722242729664] [remote 10.0.0.176:45464] 2026-06-13 22:58:59.002 9 WARNING keystone.common.fernet_utils [None req-6d14f6d4-4c19-4f29-8d7c-a4d763b6a954 - - - - - -] key_repository is world readable: /etc/keystone/fernet-keys/ 10.0.0.176 - - [13/Jun/2026:22:58:58 +0000] "POST /v3/auth/tokens HTTP/1.1" 201 1360 10.0.0.176 - - [13/Jun/2026:22:58:59 +0000] "GET / HTTP/1.1" 300 281 10.0.0.176 - - [13/Jun/2026:22:58:59 +0000] "GET /v3/OS-FEDERATION/mappings/atmosphere-openid HTTP/1.1" 404 98 10.0.0.176 - - [13/Jun/2026:22:58:59 +0000] "GET /v3/OS-FEDERATION/mappings HTTP/1.1" 200 136 10.0.0.176 - - [13/Jun/2026:22:58:59 +0000] "PUT /v3/OS-FEDERATION/mappings/atmosphere-openid HTTP/1.1" 201 357 10.0.0.176 - - [13/Jun/2026:22:58:59 +0000] "GET /v3 HTTP/1.1" 200 266
[Sat Jun 13 22:58:59.848040 2026] [wsgi:error] [pid 12:tid 139722242729664] [remote 10.0.0.176:45464] 2026-06-13 22:58:59.847 12 WARNING keystone.common.password_hashing [None req-a855cd2c-c1b8-4a8c-837a-7d2fc514d148 - - - - - -] Truncating password to algorithm specific maximum length 72 characters.
[Sat Jun 13 22:59:00.134137 2026] [wsgi:error] [pid 12:tid 139722242729664] [remote 10.0.0.176:45464] 2026-06-13 22:59:00.133 12 WARNING keystone.common.fernet_utils [None req-a855cd2c-c1b8-4a8c-837a-7d2fc514d148 - - - - - -] key_repository is world readable: /etc/keystone/fernet-keys/ 10.0.0.176 - - [13/Jun/2026:22:58:59 +0000] "POST /v3/auth/tokens HTTP/1.1" 201 1360 10.0.0.176 - - [13/Jun/2026:22:59:00 +0000] "GET / HTTP/1.1" 300 281 10.0.0.176 - - [13/Jun/2026:22:59:00 +0000] "GET /v3/OS-FEDERATION/identity_providers/atmosphere/protocols/openid?idp_id=atmosphere HTTP/1.1" 404 131 10.0.0.176 - - [13/Jun/2026:22:59:00 +0000] "GET /v3/OS-FEDERATION/identity_providers/atmosphere/protocols HTTP/1.1" 200 168 10.0.0.176 - - [13/Jun/2026:22:59:00 +0000] "PUT /v3/OS-FEDERATION/identity_providers/atmosphere/protocols/openid HTTP/1.1" 201 224 10.0.0.176 - - [13/Jun/2026:22:59:07 +0000] "GET /v3/ HTTP/1.1" 200 250 10.0.0.176 - - [13/Jun/2026:22:59:07 +0000] "GET /v3/ HTTP/1.1" 200 250 10.0.0.176 - - [13/Jun/2026:23:00:07 +0000] "GET /v3/ HTTP/1.1" 200 250 10.0.0.176 - - [13/Jun/2026:23:00:07 +0000] "GET /v3/ HTTP/1.1" 200 250 10.0.0.26 - - [13/Jun/2026:23:00:22 +0000] "GET / HTTP/1.1" 300 295
[Sat Jun 13 23:00:22.289297 2026] [wsgi:error] [pid 9:tid 139722242729664] [remote 10.0.0.26:53992] 2026-06-13 23:00:22.289 9 WARNING keystone.common.password_hashing [None req-31e4c9e4-40f5-47d0-b860-7cc754856718 - - - - - -] Truncating password to algorithm specific maximum length 72 characters.
[Sat Jun 13 23:00:22.566449 2026] [wsgi:error] [pid 9:tid 139722242729664] [remote 10.0.0.26:53992] 2026-06-13 23:00:22.566 9 WARNING keystone.common.fernet_utils [None req-31e4c9e4-40f5-47d0-b860-7cc754856718 - - - - - -] key_repository is world readable: /etc/keystone/fernet-keys/ 10.0.0.26 - - [13/Jun/2026:23:00:22 +0000] "POST /v3/auth/tokens HTTP/1.1" 201 1360 10.0.0.26 - - [13/Jun/2026:23:00:22 +0000] "GET /v3/services HTTP/1.1" 200 355 10.0.0.26 - - [13/Jun/2026:23:00:26 +0000] "GET / HTTP/1.1" 300 295
[Sat Jun 13 23:00:26.089231 2026] [wsgi:error] [pid 12:tid 139722242729664] [remote 10.0.0.26:50294] 2026-06-13 23:00:26.089 12 WARNING keystone.common.password_hashing [None req-a498c1a6-497e-4f58-b28f-6686c736da8a - - - - - -] Truncating password to algorithm specific maximum length 72 characters.
[Sat Jun 13 23:00:26.362166 2026] [wsgi:error] [pid 12:tid 139722242729664] [remote 10.0.0.26:50294] 2026-06-13 23:00:26.362 12 WARNING keystone.common.fernet_utils [None req-a498c1a6-497e-4f58-b28f-6686c736da8a - - - - - -] key_repository is world readable: /etc/keystone/fernet-keys/ 10.0.0.26 - - [13/Jun/2026:23:00:26 +0000] "POST /v3/auth/tokens HTTP/1.1" 201 1360 10.0.0.26 - - [13/Jun/2026:23:00:26 +0000] "GET /v3/services HTTP/1.1" 200 355 10.0.0.26 - - [13/Jun/2026:23:00:29 +0000] "GET / HTTP/1.1" 300 295
[Sat Jun 13 23:00:29.775230 2026] [wsgi:error] [pid 11:tid 139722242729664] [remote 10.0.0.26:50308] 2026-06-13 23:00:29.775 11 WARNING keystone.common.password_hashing [None req-d8b6bcc0-deb6-41ba-926a-6ea89f1a031e - - - - - -] Truncating password to algorithm specific maximum length 72 characters.
[Sat Jun 13 23:00:30.078985 2026] [wsgi:error] [pid 11:tid 139722242729664] [remote 10.0.0.26:50308] 2026-06-13 23:00:30.078 11 WARNING keystone.common.fernet_utils [None req-d8b6bcc0-deb6-41ba-926a-6ea89f1a031e - - - - - -] key_repository is world readable: /etc/keystone/fernet-keys/ 10.0.0.26 - - [13/Jun/2026:23:00:29 +0000] "POST /v3/auth/tokens HTTP/1.1" 201 1360 10.0.0.26 - - [13/Jun/2026:23:00:30 +0000] "GET /v3/services HTTP/1.1" 200 355 10.0.0.26 - - [13/Jun/2026:23:00:33 +0000] "GET / HTTP/1.1" 300 295
[Sat Jun 13 23:00:33.572404 2026] [wsgi:error] [pid 10:tid 139722242729664] [remote 10.0.0.26:55554] 2026-06-13 23:00:33.571 10 WARNING keystone.common.password_hashing [None req-ef5a7a55-97fe-4373-8e47-5e41048fc565 - - - - - -] Truncating password to algorithm specific maximum length 72 characters.
[Sat Jun 13 23:00:33.856245 2026] [wsgi:error] [pid 10:tid 139722242729664] [remote 10.0.0.26:55554] 2026-06-13 23:00:33.856 10 WARNING keystone.common.fernet_utils [None req-ef5a7a55-97fe-4373-8e47-5e41048fc565 - - - - - -] key_repository is world readable: /etc/keystone/fernet-keys/ 10.0.0.26 - - [13/Jun/2026:23:00:33 +0000] "POST /v3/auth/tokens HTTP/1.1" 201 1360 10.0.0.26 - - [13/Jun/2026:23:00:33 +0000] "POST /v3/services HTTP/1.1" 201 296 10.0.0.210 - - [13/Jun/2026:23:00:44 +0000] "GET / HTTP/1.1" 300 295
[Sat Jun 13 23:00:44.468993 2026] [wsgi:error] [pid 9:tid 139722242729664] [remote 10.0.0.210:57010] 2026-06-13 23:00:44.468 9 WARNING keystone.common.password_hashing [None req-81b1c578-bc81-4dd2-ab4d-1f532fe5a29b - - - - - -] Truncating password to algorithm specific maximum length 72 characters. 10.0.0.210 - - [13/Jun/2026:23:00:44 +0000] "GET / HTTP/1.1" 300 295
[Sat Jun 13 23:00:44.699109 2026] [wsgi:error] [pid 11:tid 139722242729664] [remote 10.0.0.210:57024] 2026-06-13 23:00:44.698 11 WARNING keystone.common.password_hashing [None req-18b101d5-2959-4bf1-9a6f-908af1ebf832 - - - - - -] Truncating password to algorithm specific maximum length 72 characters. 10.0.0.210 - - [13/Jun/2026:23:00:44 +0000] "GET / HTTP/1.1" 300 295
[Sat Jun 13 23:00:44.720671 2026] [wsgi:error] [pid 10:tid 139722242729664] [remote 10.0.0.210:57032] 2026-06-13 23:00:44.720 10 WARNING keystone.common.password_hashing [None req-d1c810cd-fe6e-4d64-9118-2859471c25d7 - - - - - -] Truncating password to algorithm specific maximum length 72 characters.
[Sat Jun 13 23:00:44.749468 2026] [wsgi:error] [pid 9:tid 139722242729664] [remote 10.0.0.210:57010] 2026-06-13 23:00:44.749 9 WARNING keystone.common.fernet_utils [None req-81b1c578-bc81-4dd2-ab4d-1f532fe5a29b - - - - - -] key_repository is world readable: /etc/keystone/fernet-keys/ 10.0.0.210 - - [13/Jun/2026:23:00:44 +0000] "POST /v3/auth/tokens HTTP/1.1" 201 1464 10.0.0.210 - - [13/Jun/2026:23:00:44 +0000] "GET /v3/services HTTP/1.1" 200 639
[Sat Jun 13 23:00:44.989437 2026] [wsgi:error] [pid 10:tid 139722242729664] [remote 10.0.0.210:57032] 2026-06-13 23:00:44.989 10 WARNING keystone.common.fernet_utils [None req-d1c810cd-fe6e-4d64-9118-2859471c25d7 - - - - - -] key_repository is world readable: /etc/keystone/fernet-keys/
[Sat Jun 13 23:00:44.991488 2026] [wsgi:error] [pid 11:tid 139722242729664] [remote 10.0.0.210:57024] 2026-06-13 23:00:44.991 11 WARNING keystone.common.fernet_utils [None req-18b101d5-2959-4bf1-9a6f-908af1ebf832 - - - - - -] key_repository is world readable: /etc/keystone/fernet-keys/ 10.0.0.210 - - [13/Jun/2026:23:00:44 +0000] "POST /v3/auth/tokens HTTP/1.1" 201 1464 10.0.0.210 - - [13/Jun/2026:23:00:44 +0000] "POST /v3/auth/tokens HTTP/1.1" 201 1464 10.0.0.210 - - [13/Jun/2026:23:00:45 +0000] "GET /v3/services HTTP/1.1" 200 639 10.0.0.210 - - [13/Jun/2026:23:00:45 +0000] "GET /v3/services HTTP/1.1" 200 639 10.0.0.210 - - [13/Jun/2026:23:00:46 +0000] "GET / HTTP/1.1" 300 295
[Sat Jun 13 23:00:46.230814 2026] [wsgi:error] [pid 11:tid 139722242729664] [remote 10.0.0.210:57042] 2026-06-13 23:00:46.230 11 WARNING keystone.common.password_hashing [None req-597eb8ce-514f-4c50-838b-d92c8d82dcfb - - - - - -] Truncating password to algorithm specific maximum length 72 characters. 10.0.0.210 - - [13/Jun/2026:23:00:46 +0000] "GET / HTTP/1.1" 300 295
[Sat Jun 13 23:00:46.477671 2026] [wsgi:error] [pid 12:tid 139722242729664] [remote 10.0.0.210:57054] 2026-06-13 23:00:46.477 12 WARNING keystone.common.password_hashing [None req-28c3cc63-2115-40e2-b184-38182f50c96f - - - - - -] Truncating password to algorithm specific maximum length 72 characters.
[Sat Jun 13 23:00:46.512500 2026] [wsgi:error] [pid 11:tid 139722242729664] [remote 10.0.0.210:57042] 2026-06-13 23:00:46.512 11 WARNING keystone.common.fernet_utils [None req-597eb8ce-514f-4c50-838b-d92c8d82dcfb - - - - - -] key_repository is world readable: /etc/keystone/fernet-keys/ 10.0.0.210 - - [13/Jun/2026:23:00:46 +0000] "POST /v3/auth/tokens HTTP/1.1" 201 1464 10.0.0.210 - - [13/Jun/2026:23:00:46 +0000] "GET / HTTP/1.1" 300 295
[Sat Jun 13 23:00:46.545775 2026] [wsgi:error] [pid 9:tid 139722242729664] [remote 10.0.0.210:57068] 2026-06-13 23:00:46.545 9 WARNING keystone.common.password_hashing [None req-28217c66-e327-4f93-bacc-bb869b0a17a6 - - - - - -] Truncating password to algorithm specific maximum length 72 characters. 10.0.0.210 - - [13/Jun/2026:23:00:46 +0000] "GET /v3/endpoints HTTP/1.1" 200 1227 10.0.0.210 - - [13/Jun/2026:23:00:46 +0000] "GET /v3/services/6e5afa3879ca4d54907eab762461ae1b HTTP/1.1" 200 233 10.0.0.210 - - [13/Jun/2026:23:00:46 +0000] "GET /v3/services/6e5afa3879ca4d54907eab762461ae1b HTTP/1.1" 200 233 10.0.0.210 - - [13/Jun/2026:23:00:46 +0000] "GET /v3/services/6e5afa3879ca4d54907eab762461ae1b HTTP/1.1" 200 233
[Sat Jun 13 23:00:46.758265 2026] [wsgi:error] [pid 12:tid 139722242729664] [remote 10.0.0.210:57054] 2026-06-13 23:00:46.758 12 WARNING keystone.common.fernet_utils [None req-28c3cc63-2115-40e2-b184-38182f50c96f - - - - - -] key_repository is world readable: /etc/keystone/fernet-keys/ 10.0.0.210 - - [13/Jun/2026:23:00:46 +0000] "POST /v3/auth/tokens HTTP/1.1" 201 1464
[Sat Jun 13 23:00:46.814968 2026] [wsgi:error] [pid 9:tid 139722242729664] [remote 10.0.0.210:57068] 2026-06-13 23:00:46.814 9 WARNING keystone.common.fernet_utils [None req-28217c66-e327-4f93-bacc-bb869b0a17a6 - - - - - -] key_repository is world readable: /etc/keystone/fernet-keys/ 10.0.0.210 - - [13/Jun/2026:23:00:46 +0000] "POST /v3/auth/tokens HTTP/1.1" 201 1464 10.0.0.210 - - [13/Jun/2026:23:00:46 +0000] "GET /v3/endpoints HTTP/1.1" 200 1227 10.0.0.210 - - [13/Jun/2026:23:00:46 +0000] "GET /v3/services/6e5afa3879ca4d54907eab762461ae1b HTTP/1.1" 200 233 10.0.0.210 - - [13/Jun/2026:23:00:46 +0000] "GET /v3/services/6e5afa3879ca4d54907eab762461ae1b HTTP/1.1" 200 233 10.0.0.210 - - [13/Jun/2026:23:00:46 +0000] "GET /v3/endpoints HTTP/1.1" 200 1227 10.0.0.210 - - [13/Jun/2026:23:00:46 +0000] "GET /v3/services/6e5afa3879ca4d54907eab762461ae1b HTTP/1.1" 200 233 10.0.0.210 - - [13/Jun/2026:23:00:46 +0000] "GET /v3/services/6e5afa3879ca4d54907eab762461ae1b HTTP/1.1" 200 233 10.0.0.210 - - [13/Jun/2026:23:00:46 +0000] "GET /v3/services/6e5afa3879ca4d54907eab762461ae1b HTTP/1.1" 200 233 10.0.0.210 - - [13/Jun/2026:23:00:46 +0000] "GET /v3/services/6e5afa3879ca4d54907eab762461ae1b HTTP/1.1" 200 233 10.0.0.210 - - [13/Jun/2026:23:00:48 +0000] "GET / HTTP/1.1" 300 295
[Sat Jun 13 23:00:48.027795 2026] [wsgi:error] [pid 10:tid 139722242729664] [remote 10.0.0.210:57074] 2026-06-13 23:00:48.027 10 WARNING keystone.common.password_hashing [None req-19c34f01-9ed0-46bc-affe-e953cb9932a1 - - - - - -] Truncating password to algorithm specific maximum length 72 characters. 10.0.0.210 - - [13/Jun/2026:23:00:48 +0000] "GET / HTTP/1.1" 300 295
[Sat Jun 13 23:00:48.283281 2026] [wsgi:error] [pid 9:tid 139722242729664] [remote 10.0.0.210:57080] 2026-06-13 23:00:48.283 9 WARNING keystone.common.password_hashing [None req-f00e955e-207e-4979-9885-e5044fb751cf - - - - - -] Truncating password to algorithm specific maximum length 72 characters.
[Sat Jun 13 23:00:48.303656 2026] [wsgi:error] [pid 10:tid 139722242729664] [remote 10.0.0.210:57074] 2026-06-13 23:00:48.303 10 WARNING keystone.common.fernet_utils [None req-19c34f01-9ed0-46bc-affe-e953cb9932a1 - - - - - -] key_repository is world readable: /etc/keystone/fernet-keys/ 10.0.0.210 - - [13/Jun/2026:23:00:48 +0000] "GET / HTTP/1.1" 300 295 10.0.0.210 - - [13/Jun/2026:23:00:48 +0000] "POST /v3/auth/tokens HTTP/1.1" 201 1464
[Sat Jun 13 23:00:48.332378 2026] [wsgi:error] [pid 12:tid 139722242729664] [remote 10.0.0.210:57086] 2026-06-13 23:00:48.332 12 WARNING keystone.common.password_hashing [None req-2f11c12a-7e92-4078-bf49-03e0f701ff3f - - - - - -] Truncating password to algorithm specific maximum length 72 characters. 10.0.0.210 - - [13/Jun/2026:23:00:48 +0000] "GET /v3/services/ccf6f895a4044bc898939c5b88271e18 HTTP/1.1" 200 296 10.0.0.210 - - [13/Jun/2026:23:00:48 +0000] "GET /v3/regions/RegionOne HTTP/1.1" 200 173 10.0.0.210 - - [13/Jun/2026:23:00:48 +0000] "POST /v3/endpoints HTTP/1.1" 201 380
[Sat Jun 13 23:00:48.564127 2026] [wsgi:error] [pid 9:tid 139722242729664] [remote 10.0.0.210:57080] 2026-06-13 23:00:48.563 9 WARNING keystone.common.fernet_utils [None req-f00e955e-207e-4979-9885-e5044fb751cf - - - - - -] key_repository is world readable: /etc/keystone/fernet-keys/ 10.0.0.210 - - [13/Jun/2026:23:00:48 +0000] "POST /v3/auth/tokens HTTP/1.1" 201 1641
[Sat Jun 13 23:00:48.606795 2026] [wsgi:error] [pid 12:tid 139722242729664] [remote 10.0.0.210:57086] 2026-06-13 23:00:48.606 12 WARNING keystone.common.fernet_utils [None req-2f11c12a-7e92-4078-bf49-03e0f701ff3f - - - - - -] key_repository is world readable: /etc/keystone/fernet-keys/ 10.0.0.210 - - [13/Jun/2026:23:00:48 +0000] "POST /v3/auth/tokens HTTP/1.1" 201 1641 10.0.0.210 - - [13/Jun/2026:23:00:48 +0000] "GET /v3/services/ccf6f895a4044bc898939c5b88271e18 HTTP/1.1" 200 296 10.0.0.210 - - [13/Jun/2026:23:00:48 +0000] "GET /v3/regions/RegionOne HTTP/1.1" 200 173 10.0.0.210 - - [13/Jun/2026:23:00:48 +0000] "GET /v3/services/ccf6f895a4044bc898939c5b88271e18 HTTP/1.1" 200 296 10.0.0.210 - - [13/Jun/2026:23:00:48 +0000] "GET /v3/regions/RegionOne HTTP/1.1" 200 173 10.0.0.210 - - [13/Jun/2026:23:00:48 +0000] "POST /v3/endpoints HTTP/1.1" 201 383 10.0.0.210 - - [13/Jun/2026:23:00:48 +0000] "POST /v3/endpoints HTTP/1.1" 201 370 10.0.0.210 - - [13/Jun/2026:23:00:49 +0000] "GET / HTTP/1.1" 300 295
[Sat Jun 13 23:00:49.802516 2026] [wsgi:error] [pid 9:tid 139722242729664] [remote 10.0.0.210:57088] 2026-06-13 23:00:49.802 9 WARNING keystone.common.password_hashing [None req-1a69c9ac-8f54-4c16-99b4-bfaaa2b5e14c - - - - - -] Truncating password to algorithm specific maximum length 72 characters. 10.0.0.210 - - [13/Jun/2026:23:00:50 +0000] "GET / HTTP/1.1" 300 295
[Sat Jun 13 23:00:50.098593 2026] [wsgi:error] [pid 9:tid 139722242729664] [remote 10.0.0.210:57088] 2026-06-13 23:00:50.098 9 WARNING keystone.common.fernet_utils [None req-1a69c9ac-8f54-4c16-99b4-bfaaa2b5e14c - - - - - -] key_repository is world readable: /etc/keystone/fernet-keys/
[Sat Jun 13 23:00:50.102454 2026] [wsgi:error] [pid 11:tid 139722242729664] [remote 10.0.0.210:57104] 2026-06-13 23:00:50.102 11 WARNING keystone.common.password_hashing [None req-533e0a2f-a30b-42b1-a685-9175f0d829b3 - - - - - -] Truncating password to algorithm specific maximum length 72 characters. 10.0.0.210 - - [13/Jun/2026:23:00:49 +0000] "POST /v3/auth/tokens HTTP/1.1" 201 1992 10.0.0.210 - - [13/Jun/2026:23:00:50 +0000] "GET / HTTP/1.1" 300 295
[Sat Jun 13 23:00:50.196746 2026] [wsgi:error] [pid 10:tid 139722242729664] [remote 10.0.0.210:57116] 2026-06-13 23:00:50.196 10 WARNING keystone.common.password_hashing [None req-6a716e07-7a2b-4c11-b024-2b96e0e7b864 - - - - - -] Truncating password to algorithm specific maximum length 72 characters. 10.0.0.210 - - [13/Jun/2026:23:00:50 +0000] "GET /v3/endpoints/5f625c884a494e38b475fe27a390d8bf HTTP/1.1" 200 380 10.0.0.210 - - [13/Jun/2026:23:00:50 +0000] "GET /v3/services/ccf6f895a4044bc898939c5b88271e18 HTTP/1.1" 200 296
[Sat Jun 13 23:00:50.380396 2026] [wsgi:error] [pid 11:tid 139722242729664] [remote 10.0.0.210:57104] 2026-06-13 23:00:50.380 11 WARNING keystone.common.fernet_utils [None req-533e0a2f-a30b-42b1-a685-9175f0d829b3 - - - - - -] key_repository is world readable: /etc/keystone/fernet-keys/ 10.0.0.210 - - [13/Jun/2026:23:00:50 +0000] "POST /v3/auth/tokens HTTP/1.1" 201 1992
[Sat Jun 13 23:00:50.499073 2026] [wsgi:error] [pid 10:tid 139722242729664] [remote 10.0.0.210:57116] 2026-06-13 23:00:50.498 10 WARNING keystone.common.fernet_utils [None req-6a716e07-7a2b-4c11-b024-2b96e0e7b864 - - - - - -] key_repository is world readable: /etc/keystone/fernet-keys/ 10.0.0.210 - - [13/Jun/2026:23:00:50 +0000] "GET /v3/endpoints/81374e690f624b229df6e0b2406c1e0b HTTP/1.1" 200 383 10.0.0.210 - - [13/Jun/2026:23:00:50 +0000] "POST /v3/auth/tokens HTTP/1.1" 201 1992 10.0.0.210 - - [13/Jun/2026:23:00:50 +0000] "GET /v3/services/ccf6f895a4044bc898939c5b88271e18 HTTP/1.1" 200 296 10.0.0.210 - - [13/Jun/2026:23:00:50 +0000] "GET /v3/endpoints/90a935ffdb0742d9a85a20206702b241 HTTP/1.1" 200 370 10.0.0.210 - - [13/Jun/2026:23:00:50 +0000] "GET /v3/services/ccf6f895a4044bc898939c5b88271e18 HTTP/1.1" 200 296 10.0.0.238 - - [13/Jun/2026:23:01:00 +0000] "GET / HTTP/1.1" 300 295
[Sat Jun 13 23:01:00.655970 2026] [wsgi:error] [pid 12:tid 139722242729664] [remote 10.0.0.238:55902] 2026-06-13 23:01:00.655 12 WARNING keystone.common.password_hashing [None req-5674dbdd-3b86-4f64-9a60-5745e1d34b59 - - - - - -] Truncating password to algorithm specific maximum length 72 characters.
[Sat Jun 13 23:01:00.938194 2026] [wsgi:error] [pid 12:tid 139722242729664] [remote 10.0.0.238:55902] 2026-06-13 23:01:00.938 12 WARNING keystone.common.fernet_utils [None req-5674dbdd-3b86-4f64-9a60-5745e1d34b59 - - - - - -] key_repository is world readable: /etc/keystone/fernet-keys/ 10.0.0.238 - - [13/Jun/2026:23:01:00 +0000] "POST /v3/auth/tokens HTTP/1.1" 201 1992 10.0.0.238 - - [13/Jun/2026:23:01:01 +0000] "POST /v3/domains HTTP/1.1" 201 284 10.0.0.238 - - [13/Jun/2026:23:01:02 +0000] "GET / HTTP/1.1" 300 295
[Sat Jun 13 23:01:02.503423 2026] [wsgi:error] [pid 10:tid 139722242729664] [remote 10.0.0.238:55904] 2026-06-13 23:01:02.503 10 WARNING keystone.common.password_hashing [None req-cd6dc127-2437-457a-8a9b-d03ffd596b77 - - - - - -] Truncating password to algorithm specific maximum length 72 characters.
[Sat Jun 13 23:01:02.777601 2026] [wsgi:error] [pid 10:tid 139722242729664] [remote 10.0.0.238:55904] 2026-06-13 23:01:02.777 10 WARNING keystone.common.fernet_utils [None req-cd6dc127-2437-457a-8a9b-d03ffd596b77 - - - - - -] key_repository is world readable: /etc/keystone/fernet-keys/ 10.0.0.238 - - [13/Jun/2026:23:01:02 +0000] "POST /v3/auth/tokens HTTP/1.1" 201 1992
[Sat Jun 13 23:01:02.996029 2026] [wsgi:error] [pid 12:tid 139722242729664] [remote 10.0.0.238:55904] 2026-06-13 23:01:02.982 12 ERROR keystone.server.flask.application [None req-323e6f4c-4860-4aa8-bd70-beb0c6a9c196 511c88db872145fcbd6f4f1cb0341858 b06494914cea4f7a9d6cb172ff9baa43 - - default default] Conflict occurred attempting to store project - it is not permitted to have two projects acting as domains with the same name: service.: keystone.exception.Conflict: Conflict occurred attempting to store project - it is not permitted to have two projects acting as domains with the same name: service.
[Sat Jun 13 23:01:02.996054 2026] [wsgi:error] [pid 12:tid 139722242729664] [remote 10.0.0.238:55904] 2026-06-13 23:01:02.982 12 ERROR keystone.server.flask.application
Traceback (most recent call last):
[Sat Jun 13 23:01:02.996057 2026] [wsgi:error] [pid 12:tid 139722242729664] [remote 10.0.0.238:55904] 2026-06-13 23:01:02.982 12 ERROR keystone.server.flask.application
File "/var/lib/openstack/lib/python3.12/site-packages/sqlalchemy/engine/base.py", line 1969, in _exec_single_context
[Sat Jun 13 23:01:02.996058 2026] [wsgi:error] [pid 12:tid 139722242729664] [remote 10.0.0.238:55904] 2026-06-13 23:01:02.982 12 ERROR keystone.server.flask.application self.dialect.do_execute(
[Sat Jun 13 23:01:02.996060 2026] [wsgi:error] [pid 12:tid 139722242729664] [remote 10.0.0.238:55904] 2026-06-13 23:01:02.982 12 ERROR keystone.server.flask.application
File "/var/lib/openstack/lib/python3.12/site-packages/sqlalchemy/engine/default.py", line 952, in do_execute
[Sat Jun 13 23:01:02.996062 2026] [wsgi:error] [pid 12:tid 139722242729664] [remote 10.0.0.238:55904] 2026-06-13 23:01:02.982 12 ERROR keystone.server.flask.application cursor.execute(statement, parameters)
[Sat Jun 13 23:01:02.996064 2026] [wsgi:error] [pid 12:tid 139722242729664] [remote 10.0.0.238:55904] 2026-06-13 23:01:02.982 12 ERROR keystone.server.flask.application
File "/var/lib/openstack/lib/python3.12/site-packages/pymysql/cursors.py", line 159, in execute
[Sat Jun 13 23:01:02.996065 2026] [wsgi:error] [pid 12:tid 139722242729664] [remote 10.0.0.238:55904] 2026-06-13 23:01:02.982 12 ERROR keystone.server.flask.application result = self._query(query)
[Sat Jun 13 23:01:02.996067 2026] [wsgi:error] [pid 12:tid 139722242729664] [remote 10.0.0.238:55904] 2026-06-13 23:01:02.982 12 ERROR keystone.server.flask.application ^^^^^^^^^^^^^^^^^^
[Sat Jun 13 23:01:02.996068 2026] [wsgi:error] [pid 12:tid 139722242729664] [remote 10.0.0.238:55904] 2026-06-13 23:01:02.982 12 ERROR keystone.server.flask.application
File "/var/lib/openstack/lib/python3.12/site-packages/pymysql/cursors.py", line 330, in _query
[Sat Jun 13 23:01:02.996070 2026] [wsgi:error] [pid 12:tid 139722242729664] [remote 10.0.0.238:55904] 2026-06-13 23:01:02.982 12 ERROR keystone.server.flask.application conn.query(q)
[Sat Jun 13 23:01:02.996071 2026] [wsgi:error] [pid 12:tid 139722242729664] [remote 10.0.0.238:55904] 2026-06-13 23:01:02.982 12 ERROR keystone.server.flask.application
File "/var/lib/openstack/lib/python3.12/site-packages/pymysql/connections.py", line 582, in query
[Sat Jun 13 23:01:02.996073 2026] [wsgi:error] [pid 12:tid 139722242729664] [remote 10.0.0.238:55904] 2026-06-13 23:01:02.982 12 ERROR keystone.server.flask.application self._affected_rows = self._read_query_result(unbuffered=unbuffered)
[Sat Jun 13 23:01:02.996074 2026] [wsgi:error] [pid 12:tid 139722242729664] [remote 10.0.0.238:55904] 2026-06-13 23:01:02.982 12 ERROR keystone.server.flask.application ^^^^^^^^^^^^^^^^^^^^^^^^^^^^^^^^^^^^^^^^^^^^^^
[Sat Jun 13 23:01:02.996076 2026] [wsgi:error] [pid 12:tid 139722242729664] [remote 10.0.0.238:55904] 2026-06-13 23:01:02.982 12 ERROR keystone.server.flask.application
File "/var/lib/openstack/lib/python3.12/site-packages/pymysql/connections.py", line 847, in _read_query_result
[Sat Jun 13 23:01:02.996077 2026] [wsgi:error] [pid 12:tid 139722242729664] [remote 10.0.0.238:55904] 2026-06-13 23:01:02.982 12 ERROR keystone.server.flask.application result.read()
[Sat Jun 13 23:01:02.996081 2026] [wsgi:error] [pid 12:tid 139722242729664] [remote 10.0.0.238:55904] 2026-06-13 23:01:02.982 12 ERROR keystone.server.flask.application
File "/var/lib/openstack/lib/python3.12/site-packages/pymysql/connections.py", line 1245, in read
[Sat Jun 13 23:01:02.996083 2026] [wsgi:error] [pid 12:tid 139722242729664] [remote 10.0.0.238:55904] 2026-06-13 23:01:02.982 12 ERROR keystone.server.flask.application first_packet = self.connection._read_packet()
[Sat Jun 13 23:01:02.996084 2026] [wsgi:error] [pid 12:tid 139722242729664] [remote 10.0.0.238:55904] 2026-06-13 23:01:02.982 12 ERROR keystone.server.flask.application ^^^^^^^^^^^^^^^^^^^^^^^^^^^^^^
[Sat Jun 13 23:01:02.996085 2026] [wsgi:error] [pid 12:tid 139722242729664] [remote 10.0.0.238:55904] 2026-06-13 23:01:02.982 12 ERROR keystone.server.flask.application
File "/var/lib/openstack/lib/python3.12/site-packages/pymysql/connections.py", line 803, in _read_packet
[Sat Jun 13 23:01:02.996087 2026] [wsgi:error] [pid 12:tid 139722242729664] [remote 10.0.0.238:55904] 2026-06-13 23:01:02.982 12 ERROR keystone.server.flask.application packet.raise_for_error()
[Sat Jun 13 23:01:02.996088 2026] [wsgi:error] [pid 12:tid 139722242729664] [remote 10.0.0.238:55904] 2026-06-13 23:01:02.982 12 ERROR keystone.server.flask.application
File "/var/lib/openstack/lib/python3.12/site-packages/pymysql/protocol.py", line 219, in raise_for_error
[Sat Jun 13 23:01:02.996090 2026] [wsgi:error] [pid 12:tid 139722242729664] [remote 10.0.0.238:55904] 2026-06-13 23:01:02.982 12 ERROR keystone.server.flask.application err.raise_mysql_exception(self._data)
[Sat Jun 13 23:01:02.996091 2026] [wsgi:error] [pid 12:tid 139722242729664] [remote 10.0.0.238:55904] 2026-06-13 23:01:02.982 12 ERROR keystone.server.flask.application
File "/var/lib/openstack/lib/python3.12/site-packages/pymysql/err.py", line 154, in raise_mysql_exception
[Sat Jun 13 23:01:02.996092 2026] [wsgi:error] [pid 12:tid 139722242729664] [remote 10.0.0.238:55904] 2026-06-13 23:01:02.982 12 ERROR keystone.server.flask.application raise errorclass(errno, errval, sqlstate=sqlstate)
[Sat Jun 13 23:01:02.996094 2026] [wsgi:error] [pid 12:tid 139722242729664] [remote 10.0.0.238:55904] 2026-06-13 23:01:02.982 12 ERROR keystone.server.flask.application pymysql.err.IntegrityError: (1062, "Duplicate entry '<>-service' for key 'project.ixu_project_name_domain_id'")
[Sat Jun 13 23:01:02.996096 2026] [wsgi:error] [pid 12:tid 139722242729664] [remote 10.0.0.238:55904] 2026-06-13 23:01:02.982 12 ERROR keystone.server.flask.application
[Sat Jun 13 23:01:02.996097 2026] [wsgi:error] [pid 12:tid 139722242729664] [remote 10.0.0.238:55904] 2026-06-13 23:01:02.982 12 ERROR keystone.server.flask.application The above exception was the direct cause of the following exception:
[Sat Jun 13 23:01:02.996098 2026] [wsgi:error] [pid 12:tid 139722242729664] [remote 10.0.0.238:55904] 2026-06-13 23:01:02.982 12 ERROR keystone.server.flask.application
[Sat Jun 13 23:01:02.996099 2026] [wsgi:error] [pid 12:tid 139722242729664] [remote 10.0.0.238:55904] 2026-06-13 23:01:02.982 12 ERROR keystone.server.flask.application
Traceback (most recent call last):
[Sat Jun 13 23:01:02.996101 2026] [wsgi:error] [pid 12:tid 139722242729664] [remote 10.0.0.238:55904] 2026-06-13 23:01:02.982 12 ERROR keystone.server.flask.application
File "/var/lib/openstack/lib/python3.12/site-packages/keystone/common/sql/core.py", line 575, in wrapper
[Sat Jun 13 23:01:02.996102 2026] [wsgi:error] [pid 12:tid 139722242729664] [remote 10.0.0.238:55904] 2026-06-13 23:01:02.982 12 ERROR keystone.server.flask.application return method(*args, **kwargs)
[Sat Jun 13 23:01:02.996104 2026] [wsgi:error] [pid 12:tid 139722242729664] [remote 10.0.0.238:55904] 2026-06-13 23:01:02.982 12 ERROR keystone.server.flask.application ^^^^^^^^^^^^^^^^^^^^^^^
[Sat Jun 13 23:01:02.996106 2026] [wsgi:error] [pid 12:tid 139722242729664] [remote 10.0.0.238:55904] 2026-06-13 23:01:02.982 12 ERROR keystone.server.flask.application
File "/var/lib/openstack/lib/python3.12/site-packages/keystone/resource/backends/sql.py", line 278, in create_project
[Sat Jun 13 23:01:02.996107 2026] [wsgi:error] [pid 12:tid 139722242729664] [remote 10.0.0.238:55904] 2026-06-13 23:01:02.982 12 ERROR keystone.server.flask.application with sql.session_for_write() as session:
[Sat Jun 13 23:01:02.996118 2026] [wsgi:error] [pid 12:tid 139722242729664] [remote 10.0.0.238:55904] 2026-06-13 23:01:02.982 12 ERROR keystone.server.flask.application
File "/usr/lib/python3.12/contextlib.py", line 144, in __exit__
[Sat Jun 13 23:01:02.996120 2026] [wsgi:error] [pid 12:tid 139722242729664] [remote 10.0.0.238:55904] 2026-06-13 23:01:02.982 12 ERROR keystone.server.flask.application next(self.gen)
[Sat Jun 13 23:01:02.996122 2026] [wsgi:error] [pid 12:tid 139722242729664] [remote 10.0.0.238:55904] 2026-06-13 23:01:02.982 12 ERROR keystone.server.flask.application
File "/var/lib/openstack/lib/python3.12/site-packages/oslo_db/sqlalchemy/enginefacade.py", line 1175, in _transaction_scope
[Sat Jun 13 23:01:02.996123 2026] [wsgi:error] [pid 12:tid 139722242729664] [remote 10.0.0.238:55904] 2026-06-13 23:01:02.982 12 ERROR keystone.server.flask.application with current._produce_block(
[Sat Jun 13 23:01:02.996125 2026] [wsgi:error] [pid 12:tid 139722242729664] [remote 10.0.0.238:55904] 2026-06-13 23:01:02.982 12 ERROR keystone.server.flask.application
File "/usr/lib/python3.12/contextlib.py", line 144, in __exit__
[Sat Jun 13 23:01:02.996126 2026] [wsgi:error] [pid 12:tid 139722242729664] [remote 10.0.0.238:55904] 2026-06-13 23:01:02.982 12 ERROR keystone.server.flask.application next(self.gen)
[Sat Jun 13 23:01:02.996128 2026] [wsgi:error] [pid 12:tid 139722242729664] [remote 10.0.0.238:55904] 2026-06-13 23:01:02.982 12 ERROR keystone.server.flask.application
File "/var/lib/openstack/lib/python3.12/site-packages/oslo_db/sqlalchemy/enginefacade.py", line 837, in _session
[Sat Jun 13 23:01:02.996129 2026] [wsgi:error] [pid 12:tid 139722242729664] [remote 10.0.0.238:55904] 2026-06-13 23:01:02.982 12 ERROR keystone.server.flask.application with excutils.save_and_reraise_exception():
[Sat Jun 13 23:01:02.996131 2026] [wsgi:error] [pid 12:tid 139722242729664] [remote 10.0.0.238:55904] 2026-06-13 23:01:02.982 12 ERROR keystone.server.flask.application
File "/var/lib/openstack/lib/python3.12/site-packages/oslo_utils/excutils.py", line 266, in __exit__
[Sat Jun 13 23:01:02.996132 2026] [wsgi:error] [pid 12:tid 139722242729664] [remote 10.0.0.238:55904] 2026-06-13 23:01:02.982 12 ERROR keystone.server.flask.application self.force_reraise()
[Sat Jun 13 23:01:02.996134 2026] [wsgi:error] [pid 12:tid 139722242729664] [remote 10.0.0.238:55904] 2026-06-13 23:01:02.982 12 ERROR keystone.server.flask.application
File "/var/lib/openstack/lib/python3.12/site-packages/oslo_utils/excutils.py", line 232, in force_reraise
[Sat Jun 13 23:01:02.996135 2026] [wsgi:error] [pid 12:tid 139722242729664] [remote 10.0.0.238:55904] 2026-06-13 23:01:02.982 12 ERROR keystone.server.flask.application raise self.value
[Sat Jun 13 23:01:02.996137 2026] [wsgi:error] [pid 12:tid 139722242729664] [remote 10.0.0.238:55904] 2026-06-13 23:01:02.982 12 ERROR keystone.server.flask.application
File "/var/lib/openstack/lib/python3.12/site-packages/oslo_db/sqlalchemy/enginefacade.py", line 835, in _session
[Sat Jun 13 23:01:02.996138 2026] [wsgi:error] [pid 12:tid 139722242729664] [remote 10.0.0.238:55904] 2026-06-13 23:01:02.982 12 ERROR keystone.server.flask.application self._end_session_transaction(self.session)
[Sat Jun 13 23:01:02.996140 2026] [wsgi:error] [pid 12:tid 139722242729664] [remote 10.0.0.238:55904] 2026-06-13 23:01:02.982 12 ERROR keystone.server.flask.application
File "/var/lib/openstack/lib/python3.12/site-packages/oslo_db/sqlalchemy/enginefacade.py", line 748, in _end_session_transaction
[Sat Jun 13 23:01:02.996142 2026] [wsgi:error] [pid 12:tid 139722242729664] [remote 10.0.0.238:55904] 2026-06-13 23:01:02.982 12 ERROR keystone.server.flask.application session.commit()
[Sat Jun 13 23:01:02.996143 2026] [wsgi:error] [pid 12:tid 139722242729664] [remote 10.0.0.238:55904] 2026-06-13 23:01:02.982 12 ERROR keystone.server.flask.application
File "/var/lib/openstack/lib/python3.12/site-packages/sqlalchemy/orm/session.py", line 2034, in commit
[Sat Jun 13 23:01:02.996145 2026] [wsgi:error] [pid 12:tid 139722242729664] [remote 10.0.0.238:55904] 2026-06-13 23:01:02.982 12 ERROR keystone.server.flask.application trans.commit(_to_root=True)
[Sat Jun 13 23:01:02.996147 2026] [wsgi:error] [pid 12:tid 139722242729664] [remote 10.0.0.238:55904] 2026-06-13 23:01:02.982 12 ERROR keystone.server.flask.application File "", line 2, in commit
[Sat Jun 13 23:01:02.996149 2026] [wsgi:error] [pid 12:tid 139722242729664] [remote 10.0.0.238:55904] 2026-06-13 23:01:02.982 12 ERROR keystone.server.flask.application
File "/var/lib/openstack/lib/python3.12/site-packages/sqlalchemy/orm/state_changes.py", line 137, in _go
[Sat Jun 13 23:01:02.996151 2026] [wsgi:error] [pid 12:tid 139722242729664] [remote 10.0.0.238:55904] 2026-06-13 23:01:02.982 12 ERROR keystone.server.flask.application ret_value = fn(self, *arg, **kw)
[Sat Jun 13 23:01:02.996152 2026] [wsgi:error] [pid 12:tid 139722242729664] [remote 10.0.0.238:55904] 2026-06-13 23:01:02.982 12 ERROR keystone.server.flask.application ^^^^^^^^^^^^^^^^^^^^
[Sat Jun 13 23:01:02.996154 2026] [wsgi:error] [pid 12:tid 139722242729664] [remote 10.0.0.238:55904] 2026-06-13 23:01:02.982 12 ERROR keystone.server.flask.application
File "/var/lib/openstack/lib/python3.12/site-packages/sqlalchemy/orm/session.py", line 1315, in commit
[Sat Jun 13 23:01:02.996156 2026] [wsgi:error] [pid 12:tid 139722242729664] [remote 10.0.0.238:55904] 2026-06-13 23:01:02.982 12 ERROR keystone.server.flask.application self._prepare_impl()
[Sat Jun 13 23:01:02.996157 2026] [wsgi:error] [pid 12:tid 139722242729664] [remote 10.0.0.238:55904] 2026-06-13 23:01:02.982 12 ERROR keystone.server.flask.application File "", line 2, in _prepare_impl
[Sat Jun 13 23:01:02.996160 2026] [wsgi:error] [pid 12:tid 139722242729664] [remote 10.0.0.238:55904] 2026-06-13 23:01:02.982 12 ERROR keystone.server.flask.application
File "/var/lib/openstack/lib/python3.12/site-packages/sqlalchemy/orm/state_changes.py", line 137, in _go
[Sat Jun 13 23:01:02.996162 2026] [wsgi:error] [pid 12:tid 139722242729664] [remote 10.0.0.238:55904] 2026-06-13 23:01:02.982 12 ERROR keystone.server.flask.application ret_value = fn(self, *arg, **kw)
[Sat Jun 13 23:01:02.996164 2026] [wsgi:error] [pid 12:tid 139722242729664] [remote 10.0.0.238:55904] 2026-06-13 23:01:02.982 12 ERROR keystone.server.flask.application ^^^^^^^^^^^^^^^^^^^^
[Sat Jun 13 23:01:02.996165 2026] [wsgi:error] [pid 12:tid 139722242729664] [remote 10.0.0.238:55904] 2026-06-13 23:01:02.982 12 ERROR keystone.server.flask.application
File "/var/lib/openstack/lib/python3.12/site-packages/sqlalchemy/orm/session.py", line 1290, in _prepare_impl
[Sat Jun 13 23:01:02.996167 2026] [wsgi:error] [pid 12:tid 139722242729664] [remote 10.0.0.238:55904] 2026-06-13 23:01:02.982 12 ERROR keystone.server.flask.application self.session.flush()
[Sat Jun 13 23:01:02.996169 2026] [wsgi:error] [pid 12:tid 139722242729664] [remote 10.0.0.238:55904] 2026-06-13 23:01:02.982 12 ERROR keystone.server.flask.application
File "/var/lib/openstack/lib/python3.12/site-packages/sqlalchemy/orm/session.py", line 4352, in flush
[Sat Jun 13 23:01:02.996171 2026] [wsgi:error] [pid 12:tid 139722242729664] [remote 10.0.0.238:55904] 2026-06-13 23:01:02.982 12 ERROR keystone.server.flask.application self._flush(objects)
[Sat Jun 13 23:01:02.996173 2026] [wsgi:error] [pid 12:tid 139722242729664] [remote 10.0.0.238:55904] 2026-06-13 23:01:02.982 12 ERROR keystone.server.flask.application
File "/var/lib/openstack/lib/python3.12/site-packages/sqlalchemy/orm/session.py", line 4487, in _flush
[Sat Jun 13 23:01:02.996175 2026] [wsgi:error] [pid 12:tid 139722242729664] [remote 10.0.0.238:55904] 2026-06-13 23:01:02.982 12 ERROR keystone.server.flask.application with util.safe_reraise():
[Sat Jun 13 23:01:02.996177 2026] [wsgi:error] [pid 12:tid 139722242729664] [remote 10.0.0.238:55904] 2026-06-13 23:01:02.982 12 ERROR keystone.server.flask.application
File "/var/lib/openstack/lib/python3.12/site-packages/sqlalchemy/util/langhelpers.py", line 122, in __exit__
[Sat Jun 13 23:01:02.996179 2026] [wsgi:error] [pid 12:tid 139722242729664] [remote 10.0.0.238:55904] 2026-06-13 23:01:02.982 12 ERROR keystone.server.flask.application raise exc_value.with_traceback(exc_tb)
[Sat Jun 13 23:01:02.996181 2026] [wsgi:error] [pid 12:tid 139722242729664] [remote 10.0.0.238:55904] 2026-06-13 23:01:02.982 12 ERROR keystone.server.flask.application
File "/var/lib/openstack/lib/python3.12/site-packages/sqlalchemy/orm/session.py", line 4448, in _flush
[Sat Jun 13 23:01:02.996183 2026] [wsgi:error] [pid 12:tid 139722242729664] [remote 10.0.0.238:55904] 2026-06-13 23:01:02.982 12 ERROR keystone.server.flask.application flush_context.execute()
[Sat Jun 13 23:01:02.996185 2026] [wsgi:error] [pid 12:tid 139722242729664] [remote 10.0.0.238:55904] 2026-06-13 23:01:02.982 12 ERROR keystone.server.flask.application
File "/var/lib/openstack/lib/python3.12/site-packages/sqlalchemy/orm/unitofwork.py", line 465, in execute
