Mar 04 06:12:22.729990 np0000157786 devstack@neutron-api.service[103152]: INFO neutron.plugins.ml2.drivers.ovn.mech_driver.ovsdb.impl_idl_ovn [None req-13a20c21-96a5-46fe-9dfe-56cd89037f60 None None] Getting OvsdbSbOvnIdl for WorkerService with retry
Mar 04 06:12:22.730046 np0000157786 devstack@neutron-api.service[103155]: DEBUG ovsdbapp.backend.ovs_idl [None req-a57ce636-7388-4a35-b81c-410b28f85d59 None None] Created schema index Copp.name {{(pid=103155) autocreate_indices /opt/stack/data/venv/lib/python3.12/site-packages/ovsdbapp/backend/ovs_idl/__init__.py:106}}
Mar 04 06:12:22.730046 np0000157786 devstack@neutron-api.service[103155]: DEBUG ovsdbapp.backend.ovs_idl [None req-a57ce636-7388-4a35-b81c-410b28f85d59 None None] Created schema index Meter.name {{(pid=103155) autocreate_indices /opt/stack/data/venv/lib/python3.12/site-packages/ovsdbapp/backend/ovs_idl/__init__.py:106}}
Mar 04 06:12:22.730147 np0000157786 devstack@neutron-api.service[103155]: DEBUG ovsdbapp.backend.ovs_idl [None req-a57ce636-7388-4a35-b81c-410b28f85d59 None None] Created schema index Load_Balancer_Group.name {{(pid=103155) autocreate_indices /opt/stack/data/venv/lib/python3.12/site-packages/ovsdbapp/backend/ovs_idl/__init__.py:106}}
Mar 04 06:12:22.730241 np0000157786 devstack@neutron-api.service[103155]: DEBUG ovsdbapp.backend.ovs_idl [None req-a57ce636-7388-4a35-b81c-410b28f85d59 None None] Created schema index HA_Chassis_Group.name {{(pid=103155) autocreate_indices /opt/stack/data/venv/lib/python3.12/site-packages/ovsdbapp/backend/ovs_idl/__init__.py:106}}
Mar 04 06:12:22.730340 np0000157786 devstack@neutron-api.service[103155]: DEBUG ovsdbapp.backend.ovs_idl [None req-a57ce636-7388-4a35-b81c-410b28f85d59 None None] Created schema index Address_Set.name {{(pid=103155) autocreate_indices /opt/stack/data/venv/lib/python3.12/site-packages/ovsdbapp/backend/ovs_idl/__init__.py:106}}
Mar 04 06:12:22.730415 np0000157786 devstack@neutron-api.service[103155]: DEBUG ovsdbapp.backend.ovs_idl [None req-a57ce636-7388-4a35-b81c-410b28f85d59 None None] Created schema index Connection.target {{(pid=103155) autocreate_indices /opt/stack/data/venv/lib/python3.12/site-packages/ovsdbapp/backend/ovs_idl/__init__.py:106}}
Mar 04 06:12:22.730513 np0000157786 devstack@neutron-api.service[103155]: DEBUG ovsdbapp.backend.ovs_idl [None req-a57ce636-7388-4a35-b81c-410b28f85d59 None None] Created schema index Gateway_Chassis.name {{(pid=103155) autocreate_indices /opt/stack/data/venv/lib/python3.12/site-packages/ovsdbapp/backend/ovs_idl/__init__.py:106}}
Mar 04 06:12:22.730605 np0000157786 devstack@neutron-api.service[103155]: DEBUG ovsdbapp.backend.ovs_idl [None req-a57ce636-7388-4a35-b81c-410b28f85d59 None None] Created schema index Mirror.name {{(pid=103155) autocreate_indices /opt/stack/data/venv/lib/python3.12/site-packages/ovsdbapp/backend/ovs_idl/__init__.py:106}}
Mar 04 06:12:22.730706 np0000157786 devstack@neutron-api.service[103155]: DEBUG ovsdbapp.backend.ovs_idl [None req-a57ce636-7388-4a35-b81c-410b28f85d59 None None] Created schema index Chassis_Template_Var.chassis {{(pid=103155) autocreate_indices /opt/stack/data/venv/lib/python3.12/site-packages/ovsdbapp/backend/ovs_idl/__init__.py:106}}
Mar 04 06:12:22.730798 np0000157786 devstack@neutron-api.service[103155]: DEBUG ovsdbapp.backend.ovs_idl [None req-a57ce636-7388-4a35-b81c-410b28f85d59 None None] Created schema index Logical_Router_Port.name {{(pid=103155) autocreate_indices /opt/stack/data/venv/lib/python3.12/site-packages/ovsdbapp/backend/ovs_idl/__init__.py:106}}
Mar 04 06:12:22.730889 np0000157786 devstack@neutron-api.service[103155]: DEBUG ovsdbapp.backend.ovs_idl [None req-a57ce636-7388-4a35-b81c-410b28f85d59 None None] Created schema index Port_Group.name {{(pid=103155) autocreate_indices /opt/stack/data/venv/lib/python3.12/site-packages/ovsdbapp/backend/ovs_idl/__init__.py:106}}
Mar 04 06:12:22.730967 np0000157786 devstack@neutron-api.service[103155]: DEBUG ovsdbapp.backend.ovs_idl [None req-a57ce636-7388-4a35-b81c-410b28f85d59 None None] Created schema index Logical_Switch_Port.name {{(pid=103155) autocreate_indices /opt/stack/data/venv/lib/python3.12/site-packages/ovsdbapp/backend/ovs_idl/__init__.py:106}}
Mar 04 06:12:22.735559 np0000157786 devstack@neutron-api.service[103155]: INFO ovsdbapp.backend.ovs_idl.vlog [None req-a57ce636-7388-4a35-b81c-410b28f85d59 None None] ssl:162.253.55.12:6641: connecting...
Mar 04 06:12:22.786489 np0000157786 devstack@neutron-api.service[103154]: DEBUG neutron.common.ovn.hash_ring_manager [None req-bb044401-8dd1-43bf-9239-5834e9287545 None None] Allow caching, nodes 4>=4 {{(pid=103154) _wait_startup_before_caching /opt/stack/neutron/neutron/common/ovn/hash_ring_manager.py:65}}
Mar 04 06:12:22.787086 np0000157786 devstack@neutron-api.service[103155]: INFO ovsdbapp.backend.ovs_idl.vlog [None req-a57ce636-7388-4a35-b81c-410b28f85d59 None None] ssl:162.253.55.12:6641: connected
Mar 04 06:12:22.794724 np0000157786 devstack@neutron-api.service[103154]: DEBUG neutron.common.ovn.hash_ring_manager [None req-bb044401-8dd1-43bf-9239-5834e9287545 None None] Hash Ring loaded. 4 active nodes. 0 offline nodes {{(pid=103154) _load_hash_ring /opt/stack/neutron/neutron/common/ovn/hash_ring_manager.py:102}}
Mar 04 06:12:22.796114 np0000157786 devstack@neutron-api.service[103154]: INFO neutron.plugins.ml2.drivers.ovn.mech_driver.ovsdb.impl_idl_ovn [None req-bb044401-8dd1-43bf-9239-5834e9287545 None None] Getting OvsdbSbOvnIdl for WorkerService with retry
Mar 04 06:12:22.813655 np0000157786 devstack@neutron-api.service[103152]: DEBUG ovsdbapp.backend.ovs_idl [None req-13a20c21-96a5-46fe-9dfe-56cd89037f60 None None] Created lookup_table index Chassis.name {{(pid=103152) autocreate_indices /opt/stack/data/venv/lib/python3.12/site-packages/ovsdbapp/backend/ovs_idl/__init__.py:87}}
Mar 04 06:12:22.813800 np0000157786 devstack@neutron-api.service[103152]: DEBUG ovsdbapp.backend.ovs_idl [None req-13a20c21-96a5-46fe-9dfe-56cd89037f60 None None] Created lookup_table index Port_Binding.logical_port {{(pid=103152) autocreate_indices /opt/stack/data/venv/lib/python3.12/site-packages/ovsdbapp/backend/ovs_idl/__init__.py:87}}
Mar 04 06:12:22.813909 np0000157786 devstack@neutron-api.service[103152]: DEBUG ovsdbapp.backend.ovs_idl [None req-13a20c21-96a5-46fe-9dfe-56cd89037f60 None None] Created schema index Chassis_Private.name {{(pid=103152) autocreate_indices /opt/stack/data/venv/lib/python3.12/site-packages/ovsdbapp/backend/ovs_idl/__init__.py:106}}
Mar 04 06:12:22.813909 np0000157786 devstack@neutron-api.service[103152]: DEBUG ovsdbapp.backend.ovs_idl [None req-13a20c21-96a5-46fe-9dfe-56cd89037f60 None None] Created schema index Datapath_Binding.tunnel_key {{(pid=103152) autocreate_indices /opt/stack/data/venv/lib/python3.12/site-packages/ovsdbapp/backend/ovs_idl/__init__.py:106}}
Mar 04 06:12:22.816316 np0000157786 devstack@neutron-api.service[103155]: DEBUG neutron.common.ovn.hash_ring_manager [None req-a57ce636-7388-4a35-b81c-410b28f85d59 None None] Allow caching, nodes 4>=4 {{(pid=103155) _wait_startup_before_caching /opt/stack/neutron/neutron/common/ovn/hash_ring_manager.py:65}}
Mar 04 06:12:22.816918 np0000157786 devstack@neutron-api.service[103152]: INFO ovsdbapp.backend.ovs_idl.vlog [None req-13a20c21-96a5-46fe-9dfe-56cd89037f60 None None] ssl:162.253.55.12:6642: connecting...
Mar 04 06:12:22.820423 np0000157786 devstack@neutron-api.service[103152]: INFO ovsdbapp.backend.ovs_idl.vlog [None req-13a20c21-96a5-46fe-9dfe-56cd89037f60 None None] ssl:162.253.55.12:6642: connected
Mar 04 06:12:22.821242 np0000157786 devstack@neutron-api.service[103155]: DEBUG neutron.common.ovn.hash_ring_manager [None req-a57ce636-7388-4a35-b81c-410b28f85d59 None None] Hash Ring loaded. 4 active nodes. 0 offline nodes {{(pid=103155) _load_hash_ring /opt/stack/neutron/neutron/common/ovn/hash_ring_manager.py:102}}
Mar 04 06:12:22.821403 np0000157786 devstack@neutron-api.service[103155]: DEBUG neutron.plugins.ml2.drivers.ovn.mech_driver.ovsdb.ovsdb_monitor [None req-a57ce636-7388-4a35-b81c-410b28f85d59 None None] Hash Ring: Node 301d1d353f765bb49f1512839f68e3a0 (host: np0000157786) handling event "create" for row 24a7f04d-68b5-4e4b-9568-01e4d9b27448 (table: ACL) {{(pid=103155) notify /opt/stack/neutron/neutron/plugins/ml2/drivers/ovn/mech_driver/ovsdb/ovsdb_monitor.py:906}}
Mar 04 06:12:22.821631 np0000157786 devstack@neutron-api.service[103155]: DEBUG neutron.plugins.ml2.drivers.ovn.mech_driver.ovsdb.ovsdb_monitor [None req-a57ce636-7388-4a35-b81c-410b28f85d59 None None] Hash Ring: Node 301d1d353f765bb49f1512839f68e3a0 (host: np0000157786) handling event "create" for row 7991a7fa-66e5-4739-b094-b4d6fd8818ca (table: Connection) {{(pid=103155) notify /opt/stack/neutron/neutron/plugins/ml2/drivers/ovn/mech_driver/ovsdb/ovsdb_monitor.py:906}}
Mar 04 06:12:22.821866 np0000157786 devstack@neutron-api.service[103155]: DEBUG neutron.plugins.ml2.drivers.ovn.mech_driver.ovsdb.ovsdb_monitor [None req-a57ce636-7388-4a35-b81c-410b28f85d59 None None] Hash Ring: Node 301d1d353f765bb49f1512839f68e3a0 (host: np0000157786) handling event "create" for row 532ed893-9884-43fb-af2e-409876dcc7fc (table: Port_Group) {{(pid=103155) notify /opt/stack/neutron/neutron/plugins/ml2/drivers/ovn/mech_driver/ovsdb/ovsdb_monitor.py:906}}
Mar 04 06:12:22.822002 np0000157786 devstack@neutron-api.service[103155]: DEBUG neutron.plugins.ml2.drivers.ovn.mech_driver.ovsdb.ovsdb_monitor [None req-a57ce636-7388-4a35-b81c-410b28f85d59 None None] Hash Ring: Node 301d1d353f765bb49f1512839f68e3a0 (host: np0000157786) handling event "create" for row fb7c95c6-4841-4f08-951e-9c13f4667387 (table: SSL) {{(pid=103155) notify /opt/stack/neutron/neutron/plugins/ml2/drivers/ovn/mech_driver/ovsdb/ovsdb_monitor.py:906}}
Mar 04 06:12:22.822850 np0000157786 devstack@neutron-api.service[103155]: INFO neutron.plugins.ml2.drivers.ovn.mech_driver.ovsdb.impl_idl_ovn [None req-a57ce636-7388-4a35-b81c-410b28f85d59 None None] Getting OvsdbSbOvnIdl for WorkerService with retry
Mar 04 06:12:22.824882 np0000157786 devstack@neutron-api.service[103154]: DEBUG ovsdbapp.backend.ovs_idl [None req-bb044401-8dd1-43bf-9239-5834e9287545 None None] Created lookup_table index Chassis.name {{(pid=103154) autocreate_indices /opt/stack/data/venv/lib/python3.12/site-packages/ovsdbapp/backend/ovs_idl/__init__.py:87}}
Mar 04 06:12:22.824972 np0000157786 devstack@neutron-api.service[103154]: DEBUG ovsdbapp.backend.ovs_idl [None req-bb044401-8dd1-43bf-9239-5834e9287545 None None] Created lookup_table index Port_Binding.logical_port {{(pid=103154) autocreate_indices /opt/stack/data/venv/lib/python3.12/site-packages/ovsdbapp/backend/ovs_idl/__init__.py:87}}
Mar 04 06:12:22.825078 np0000157786 devstack@neutron-api.service[103154]: DEBUG ovsdbapp.backend.ovs_idl [None req-bb044401-8dd1-43bf-9239-5834e9287545 None None] Created schema index Chassis_Private.name {{(pid=103154) autocreate_indices /opt/stack/data/venv/lib/python3.12/site-packages/ovsdbapp/backend/ovs_idl/__init__.py:106}}
Mar 04 06:12:22.825242 np0000157786 devstack@neutron-api.service[103154]: DEBUG ovsdbapp.backend.ovs_idl [None req-bb044401-8dd1-43bf-9239-5834e9287545 None None] Created schema index Datapath_Binding.tunnel_key {{(pid=103154) autocreate_indices /opt/stack/data/venv/lib/python3.12/site-packages/ovsdbapp/backend/ovs_idl/__init__.py:106}}
Mar 04 06:12:22.827388 np0000157786 devstack@neutron-api.service[103154]: INFO ovsdbapp.backend.ovs_idl.vlog [None req-bb044401-8dd1-43bf-9239-5834e9287545 None None] ssl:162.253.55.12:6642: connecting...
Mar 04 06:12:22.831742 np0000157786 devstack@neutron-api.service[103154]: INFO ovsdbapp.backend.ovs_idl.vlog [None req-bb044401-8dd1-43bf-9239-5834e9287545 None None] ssl:162.253.55.12:6642: connected
Mar 04 06:12:22.849402 np0000157786 devstack@neutron-api.service[103152]: DEBUG neutron.common.ovn.hash_ring_manager [None req-13a20c21-96a5-46fe-9dfe-56cd89037f60 None None] Allow caching, nodes 4>=4 {{(pid=103152) _wait_startup_before_caching /opt/stack/neutron/neutron/common/ovn/hash_ring_manager.py:65}}
Mar 04 06:12:22.851749 np0000157786 devstack@neutron-api.service[103155]: DEBUG ovsdbapp.backend.ovs_idl [None req-a57ce636-7388-4a35-b81c-410b28f85d59 None None] Created lookup_table index Chassis.name {{(pid=103155) autocreate_indices /opt/stack/data/venv/lib/python3.12/site-packages/ovsdbapp/backend/ovs_idl/__init__.py:87}}
Mar 04 06:12:22.851839 np0000157786 devstack@neutron-api.service[103155]: DEBUG ovsdbapp.backend.ovs_idl [None req-a57ce636-7388-4a35-b81c-410b28f85d59 None None] Created lookup_table index Port_Binding.logical_port {{(pid=103155) autocreate_indices /opt/stack/data/venv/lib/python3.12/site-packages/ovsdbapp/backend/ovs_idl/__init__.py:87}}
Mar 04 06:12:22.851949 np0000157786 devstack@neutron-api.service[103155]: DEBUG ovsdbapp.backend.ovs_idl [None req-a57ce636-7388-4a35-b81c-410b28f85d59 None None] Created schema index Chassis_Private.name {{(pid=103155) autocreate_indices /opt/stack/data/venv/lib/python3.12/site-packages/ovsdbapp/backend/ovs_idl/__init__.py:106}}
Mar 04 06:12:22.852034 np0000157786 devstack@neutron-api.service[103155]: DEBUG ovsdbapp.backend.ovs_idl [None req-a57ce636-7388-4a35-b81c-410b28f85d59 None None] Created schema index Datapath_Binding.tunnel_key {{(pid=103155) autocreate_indices /opt/stack/data/venv/lib/python3.12/site-packages/ovsdbapp/backend/ovs_idl/__init__.py:106}}
Mar 04 06:12:22.852754 np0000157786 devstack@neutron-api.service[103152]: DEBUG neutron.common.ovn.hash_ring_manager [None req-13a20c21-96a5-46fe-9dfe-56cd89037f60 None None] Hash Ring loaded. 4 active nodes. 0 offline nodes {{(pid=103152) _load_hash_ring /opt/stack/neutron/neutron/common/ovn/hash_ring_manager.py:102}}
Mar 04 06:12:22.852979 np0000157786 devstack@neutron-api.service[103152]: DEBUG neutron.plugins.ml2.drivers.ovn.mech_driver.ovsdb.ovsdb_monitor [None req-13a20c21-96a5-46fe-9dfe-56cd89037f60 None None] ChassisOVNAgentWriteEvent : Matched Chassis_Private, create, None None {{(pid=103152) matches /opt/stack/neutron/neutron/plugins/ml2/drivers/ovn/mech_driver/ovsdb/ovsdb_monitor.py:64}}
Mar 04 06:12:22.853086 np0000157786 devstack@neutron-api.service[103152]: DEBUG neutron.plugins.ml2.drivers.ovn.mech_driver.ovsdb.ovsdb_monitor [None req-13a20c21-96a5-46fe-9dfe-56cd89037f60 None None] ChassisAgentWriteEvent : Matched Chassis_Private, create, None None {{(pid=103152) matches /opt/stack/neutron/neutron/plugins/ml2/drivers/ovn/mech_driver/ovsdb/ovsdb_monitor.py:64}}
Mar 04 06:12:22.854066 np0000157786 devstack@neutron-api.service[103155]: INFO ovsdbapp.backend.ovs_idl.vlog [None req-a57ce636-7388-4a35-b81c-410b28f85d59 None None] ssl:162.253.55.12:6642: connecting...
Mar 04 06:12:22.855355 np0000157786 devstack@neutron-api.service[103152]: INFO neutron.plugins.ml2.drivers.ovn.mech_driver.mech_driver [None req-13a20c21-96a5-46fe-9dfe-56cd89037f60 None None] WorkerService process has finished the post initialization
Mar 04 06:12:22.856523 np0000157786 devstack@neutron-api.service[103152]: WSGI app 0 (mountpoint='') ready in 7 seconds on interpreter 0x703f70aa3668 pid: 103152 (default app)
Mar 04 06:12:22.858501 np0000157786 devstack@neutron-api.service[103155]: INFO ovsdbapp.backend.ovs_idl.vlog [None req-a57ce636-7388-4a35-b81c-410b28f85d59 None None] ssl:162.253.55.12:6642: connected
Mar 04 06:12:22.862680 np0000157786 devstack@neutron-api.service[103154]: DEBUG neutron.common.ovn.hash_ring_manager [None req-bb044401-8dd1-43bf-9239-5834e9287545 None None] Allow caching, nodes 4>=4 {{(pid=103154) _wait_startup_before_caching /opt/stack/neutron/neutron/common/ovn/hash_ring_manager.py:65}}
Mar 04 06:12:22.866757 np0000157786 devstack@neutron-api.service[103154]: DEBUG neutron.common.ovn.hash_ring_manager [None req-bb044401-8dd1-43bf-9239-5834e9287545 None None] Hash Ring loaded. 4 active nodes. 0 offline nodes {{(pid=103154) _load_hash_ring /opt/stack/neutron/neutron/common/ovn/hash_ring_manager.py:102}}
Mar 04 06:12:22.866894 np0000157786 devstack@neutron-api.service[103154]: DEBUG neutron.plugins.ml2.drivers.ovn.mech_driver.ovsdb.ovsdb_monitor [None req-bb044401-8dd1-43bf-9239-5834e9287545 None None] ChassisAgentWriteEvent : Matched Chassis_Private, create, None None {{(pid=103154) matches /opt/stack/neutron/neutron/plugins/ml2/drivers/ovn/mech_driver/ovsdb/ovsdb_monitor.py:64}}
Mar 04 06:12:22.867041 np0000157786 devstack@neutron-api.service[103154]: DEBUG neutron.plugins.ml2.drivers.ovn.mech_driver.ovsdb.ovsdb_monitor [None req-bb044401-8dd1-43bf-9239-5834e9287545 None None] ChassisOVNAgentWriteEvent : Matched Chassis_Private, create, None None {{(pid=103154) matches /opt/stack/neutron/neutron/plugins/ml2/drivers/ovn/mech_driver/ovsdb/ovsdb_monitor.py:64}}
Mar 04 06:12:22.867336 np0000157786 devstack@neutron-api.service[103154]: DEBUG neutron.plugins.ml2.drivers.ovn.mech_driver.ovsdb.ovsdb_monitor [None req-bb044401-8dd1-43bf-9239-5834e9287545 None None] Hash Ring: Node 5de8847b57a454bcaf664e5a5f1311d3 (host: np0000157786) handling event "create" for row d342656d-db31-4f06-8f34-6823095d3735 (table: Chassis_Private) {{(pid=103154) notify /opt/stack/neutron/neutron/plugins/ml2/drivers/ovn/mech_driver/ovsdb/ovsdb_monitor.py:906}}
Mar 04 06:12:22.867488 np0000157786 devstack@neutron-api.service[103154]: DEBUG neutron.plugins.ml2.drivers.ovn.mech_driver.ovsdb.ovsdb_monitor [None req-bb044401-8dd1-43bf-9239-5834e9287545 None None] Hash Ring: Node 5de8847b57a454bcaf664e5a5f1311d3 (host: np0000157786) handling event "create" for row 7449c99b-5a0f-4643-a262-ec0a510c86df (table: Encap) {{(pid=103154) notify /opt/stack/neutron/neutron/plugins/ml2/drivers/ovn/mech_driver/ovsdb/ovsdb_monitor.py:906}}
Mar 04 06:12:22.870128 np0000157786 devstack@neutron-api.service[103154]: INFO neutron.plugins.ml2.drivers.ovn.mech_driver.mech_driver [None req-bb044401-8dd1-43bf-9239-5834e9287545 None None] WorkerService process has finished the post initialization
Mar 04 06:12:22.871712 np0000157786 devstack@neutron-api.service[103154]: WSGI app 0 (mountpoint='') ready in 7 seconds on interpreter 0x703f70aa3668 pid: 103154 (default app)
Mar 04 06:12:22.894357 np0000157786 devstack@neutron-api.service[103155]: DEBUG neutron.common.ovn.hash_ring_manager [None req-a57ce636-7388-4a35-b81c-410b28f85d59 None None] Allow caching, nodes 4>=4 {{(pid=103155) _wait_startup_before_caching /opt/stack/neutron/neutron/common/ovn/hash_ring_manager.py:65}}
Mar 04 06:12:22.901616 np0000157786 devstack@neutron-api.service[103155]: DEBUG neutron.common.ovn.hash_ring_manager [None req-a57ce636-7388-4a35-b81c-410b28f85d59 None None] Hash Ring loaded. 4 active nodes. 0 offline nodes {{(pid=103155) _load_hash_ring /opt/stack/neutron/neutron/common/ovn/hash_ring_manager.py:102}}
Mar 04 06:12:22.901754 np0000157786 devstack@neutron-api.service[103155]: DEBUG neutron.plugins.ml2.drivers.ovn.mech_driver.ovsdb.ovsdb_monitor [None req-a57ce636-7388-4a35-b81c-410b28f85d59 None None] Hash Ring: Node 301d1d353f765bb49f1512839f68e3a0 (host: np0000157786) handling event "create" for row 54077cca-ece1-4db0-b45c-13ae590706d9 (table: Chassis) {{(pid=103155) notify /opt/stack/neutron/neutron/plugins/ml2/drivers/ovn/mech_driver/ovsdb/ovsdb_monitor.py:906}}
Mar 04 06:12:22.902732 np0000157786 devstack@neutron-api.service[103155]: DEBUG ovsdbapp.backend.ovs_idl.event [None req-a57ce636-7388-4a35-b81c-410b28f85d59 None None] Matched CREATE: ChassisBandwidthConfigEvent(events=('create', 'update'), table='Chassis', conditions=None, old_conditions=None), priority=20 to row=Chassis(uuid=54077cca-ece1-4db0-b45c-13ae590706d9, encaps=[7449c99b-5a0f-4643-a262-ec0a510c86df], external_ids={}, hostname='np0000157786', name='015f656c-441e-4a51-8b3b-9ab66d393fad', nb_cfg=0, other_config={'ct-commit-nat-v2': 'true', 'ct-commit-to-zone': 'true', 'ct-next-zone': 'true', 'ct-no-masked-label': 'true', 'ct-state-save': 'true', 'datapath-type': 'system', 'fdb-timestamp': 'true', 'iface-types': 'afxdp,afxdp-nonpmd,bareudp,erspan,geneve,gre,gtpu,internal,ip6erspan,ip6gre,lisp,patch,srv6,stt,system,tap,vxlan', 'is-interconn': 'false', 'ls-dpg-column': 'true', 'mac-binding-timestamp': 'true', 'ovn-bridge-mappings': 'public:br-ex', 'ovn-chassis-mac-mappings': '', 'ovn-cms-options': 'enable-chassis-as-gw', 'ovn-ct-lb-related': 'true', 'ovn-enable-lflow-cache': 'true', 'ovn-limit-lflow-cache': '', 'ovn-memlimit-lflow-cache-kb': '', 'ovn-monitor-all': 'false', 'ovn-trim-limit-lflow-cache': '', 'ovn-trim-timeout-ms': '', 'ovn-trim-wmark-perc-lflow-cache': '', 'port-up-notif': 'true'}, transport_zones=[], vtep_logical_switches=[]) old= {{(pid=103155) matches /opt/stack/data/venv/lib/python3.12/site-packages/ovsdbapp/backend/ovs_idl/event.py:55}}
Mar 04 06:12:22.903122 np0000157786 devstack@neutron-api.service[103155]: DEBUG neutron.plugins.ml2.drivers.ovn.mech_driver.ovsdb.ovsdb_monitor [None req-a57ce636-7388-4a35-b81c-410b28f85d59 None None] ChassisOVNAgentWriteEvent : Matched Chassis_Private, create, None None {{(pid=103155) matches /opt/stack/neutron/neutron/plugins/ml2/drivers/ovn/mech_driver/ovsdb/ovsdb_monitor.py:64}}
Mar 04 06:12:22.903273 np0000157786 devstack@neutron-api.service[103155]: DEBUG neutron.plugins.ml2.drivers.ovn.mech_driver.ovsdb.ovsdb_monitor [None req-a57ce636-7388-4a35-b81c-410b28f85d59 None None] ChassisAgentWriteEvent : Matched Chassis_Private, create, None None {{(pid=103155) matches /opt/stack/neutron/neutron/plugins/ml2/drivers/ovn/mech_driver/ovsdb/ovsdb_monitor.py:64}}
Mar 04 06:12:22.904658 np0000157786 devstack@neutron-api.service[103155]: INFO neutron.plugins.ml2.drivers.ovn.mech_driver.mech_driver [None req-a57ce636-7388-4a35-b81c-410b28f85d59 None None] WorkerService process has finished the post initialization
Mar 04 06:12:22.905430 np0000157786 devstack@neutron-api.service[103155]: INFO neutron.plugins.ml2.drivers.ovn.mech_driver.ovsdb.extensions.qos [-] Starting OVNClientQosExtension
Mar 04 06:12:22.906208 np0000157786 devstack@neutron-api.service[103155]: INFO neutron.plugins.ml2.drivers.ovn.mech_driver.ovsdb.extensions.placement [-] Starting OVNClientPlacementExtension
Mar 04 06:12:22.908394 np0000157786 devstack@neutron-api.service[103155]: WSGI app 0 (mountpoint='') ready in 7 seconds on interpreter 0x703f70aa3668 pid: 103155 (default app)
Mar 04 06:12:24.538639 np0000157786 devstack@neutron-api.service[103155]: DEBUG neutron.plugins.ml2.drivers.ovn.mech_driver.ovsdb.ovsdb_monitor [-] Hash Ring: Node 301d1d353f765bb49f1512839f68e3a0 (host: np0000157786) handling event "update" for row 7991a7fa-66e5-4739-b094-b4d6fd8818ca (table: Connection) {{(pid=103155) notify /opt/stack/neutron/neutron/plugins/ml2/drivers/ovn/mech_driver/ovsdb/ovsdb_monitor.py:906}}
Mar 04 06:12:24.542732 np0000157786 devstack@neutron-api.service[103153]: DEBUG neutron.common.ovn.hash_ring_manager [-] Allow caching, nodes 4>=4 {{(pid=103153) _wait_startup_before_caching /opt/stack/neutron/neutron/common/ovn/hash_ring_manager.py:65}}
Mar 04 06:12:24.542732 np0000157786 devstack@neutron-api.service[103153]: DEBUG neutron.plugins.ml2.drivers.ovn.mech_driver.ovsdb.ovsdb_monitor [-] Hash Ring: Node cf7f32eef4315b63b42ecb5c928873c9 (host: np0000157786) handling event "update" for row 7991a7fa-66e5-4739-b094-b4d6fd8818ca (table: Connection) {{(pid=103153) notify /opt/stack/neutron/neutron/plugins/ml2/drivers/ovn/mech_driver/ovsdb/ovsdb_monitor.py:906}}
Mar 04 06:12:28.145242 np0000157786 devstack@neutron-api.service[103153]: DEBUG neutron.api.wsgi [None req-2100f243-0b92-4001-a42b-a5b2c38f7937 admin admin] Missing Content-Type {{(pid=103153) get_content_type /opt/stack/neutron/neutron/api/wsgi.py:85}}
Mar 04 06:12:28.146178 np0000157786 devstack@neutron-api.service[103153]: DEBUG neutron.api.wsgi [None req-2100f243-0b92-4001-a42b-a5b2c38f7937 admin admin] https://162.253.55.12/networking/v2.0/extensions returned with HTTP 200 {{(pid=103153) __call__ /opt/stack/neutron/neutron/api/wsgi.py:545}}
Mar 04 06:12:28.146178 np0000157786 devstack@neutron-api.service[103153]: [pid: 103153|app: 0|req: 2/2] 162.253.55.12 () {64 vars in 1316 bytes} [Wed Mar 4 06:12:27 2026] GET /networking/v2.0/extensions => generated 15208 bytes in 252 msecs (HTTP/1.1 200) 4 headers in 159 bytes (1 switches on core 0)
Mar 04 06:12:28.544054 np0000157786 devstack@neutron-api.service[103152]: DEBUG neutron.api.v2.base [None req-5ed385e1-c2b7-45e2-8eb3-318f70efe8ed admin admin] Request body: {'subnetpool': {'is_default': True, 'name': 'shared-default-subnetpool-v4', 'shared': True, 'default_prefixlen': 26, 'prefixes': ['10.1.0.0/20']}} {{(pid=103152) prepare_request_body /opt/stack/neutron/neutron/api/v2/base.py:729}}
Mar 04 06:12:28.750089 np0000157786 devstack@neutron-api.service[103152]: DEBUG neutron.policy [None req-5ed385e1-c2b7-45e2-8eb3-318f70efe8ed admin admin] Loaded default policies from ['neutron'] under neutron.policies entry points {{(pid=103152) register_rules /opt/stack/neutron/neutron/policy.py:65}}
Mar 04 06:12:28.909473 np0000157786 devstack@neutron-api.service[103152]: DEBUG neutron_lib.callbacks.manager [None req-5ed385e1-c2b7-45e2-8eb3-318f70efe8ed admin admin] Publish callbacks ['neutron.objects.securitygroup.RbacNeutronDbObjectMixin.validate_rbac_policy_change-1344630126046', 'neutron.objects.address_group.RbacNeutronDbObjectMixin.validate_rbac_policy_change-1344630135829', 'neutron.objects.network.RbacNeutronDbObjectMixin.validate_rbac_policy_change-1344630151981', 'neutron.objects.qos.policy.RbacNeutronDbObjectMixin.validate_rbac_policy_change-1344630150638', 'neutron.objects.subnetpool.RbacNeutronDbObjectMixin.validate_rbac_policy_change-1344629930527', 'neutron.objects.address_scope.RbacNeutronDbObjectMixin.validate_rbac_policy_change-1344629912981', 'neutron.plugins.ml2.plugin.External_net_db_mixin._process_ext_policy_create-55522', 'neutron.plugins.ml2.plugin.NeutronDbPluginV2.validate_network_rbac_policy_change-59930', 'neutron.services.network_ip_availability.plugin.NeutronDbPluginV2.validate_network_rbac_policy_change-14154438', 'neutron.services.network_ip_availability.plugin.NeutronDbPluginV2.validate_network_rbac_policy_change-14145008'] for rbac-policy (None), before_create {{(pid=103152) _notify_loop /opt/stack/data/venv/lib/python3.12/site-packages/neutron_lib/callbacks/manager.py:184}}
Mar 04 06:12:28.957607 np0000157786 devstack@neutron-api.service[103152]: DEBUG neutron_lib.callbacks.manager [None req-5ed385e1-c2b7-45e2-8eb3-318f70efe8ed admin admin] Publish callbacks [] for subnetpool (None), before_response {{(pid=103152) _notify_loop /opt/stack/data/venv/lib/python3.12/site-packages/neutron_lib/callbacks/manager.py:184}}
Mar 04 06:12:28.958161 np0000157786 devstack@neutron-api.service[103152]: [pid: 103152|app: 0|req: 1/3] 162.253.55.12 () {68 vars in 1360 bytes} [Wed Mar 4 06:12:28 2026] POST /networking/v2.0/subnetpools => generated 533 bytes in 525 msecs (HTTP/1.1 201) 4 headers in 162 bytes (1 switches on core 0)
Mar 04 06:12:29.258722 np0000157786 devstack@neutron-api.service[103154]: DEBUG neutron.api.v2.base [None req-2334508c-7737-4de8-bb57-7cee1508c7a1 admin admin] Request body: {'subnetpool': {'is_default': True, 'name': 'shared-default-subnetpool-v6', 'shared': True, 'default_prefixlen': 64, 'prefixes': ['fdd8:6923:0858::/56']}} {{(pid=103154) prepare_request_body /opt/stack/neutron/neutron/api/v2/base.py:729}}
Mar 04 06:12:29.434498 np0000157786 devstack@neutron-api.service[103154]: DEBUG neutron.policy [None req-2334508c-7737-4de8-bb57-7cee1508c7a1 admin admin] Loaded default policies from ['neutron'] under neutron.policies entry points {{(pid=103154) register_rules /opt/stack/neutron/neutron/policy.py:65}}
Mar 04 06:12:29.623338 np0000157786 devstack@neutron-api.service[103154]: DEBUG neutron_lib.callbacks.manager [None req-2334508c-7737-4de8-bb57-7cee1508c7a1 admin admin] Publish callbacks ['neutron.objects.securitygroup.RbacNeutronDbObjectMixin.validate_rbac_policy_change-1344630126464', 'neutron.objects.address_group.RbacNeutronDbObjectMixin.validate_rbac_policy_change-1344630136466', 'neutron.objects.network.RbacNeutronDbObjectMixin.validate_rbac_policy_change-1344630154570', 'neutron.objects.qos.policy.RbacNeutronDbObjectMixin.validate_rbac_policy_change-1344630149152', 'neutron.objects.subnetpool.RbacNeutronDbObjectMixin.validate_rbac_policy_change-1344629912768', 'neutron.objects.address_scope.RbacNeutronDbObjectMixin.validate_rbac_policy_change-1344629908058', 'neutron.plugins.ml2.plugin.External_net_db_mixin._process_ext_policy_create-151323', 'neutron.plugins.ml2.plugin.NeutronDbPluginV2.validate_network_rbac_policy_change-147521', 'neutron.services.network_ip_availability.plugin.NeutronDbPluginV2.validate_network_rbac_policy_change-2572942', 'neutron.services.network_ip_availability.plugin.NeutronDbPluginV2.validate_network_rbac_policy_change-14124484'] for rbac-policy (None), before_create {{(pid=103154) _notify_loop /opt/stack/data/venv/lib/python3.12/site-packages/neutron_lib/callbacks/manager.py:184}}
Mar 04 06:12:29.670118 np0000157786 devstack@neutron-api.service[103154]: DEBUG neutron_lib.callbacks.manager [None req-2334508c-7737-4de8-bb57-7cee1508c7a1 admin admin] Publish callbacks [] for subnetpool (None), before_response {{(pid=103154) _notify_loop /opt/stack/data/venv/lib/python3.12/site-packages/neutron_lib/callbacks/manager.py:184}}
Mar 04 06:12:29.670803 np0000157786 devstack@neutron-api.service[103154]: [pid: 103154|app: 0|req: 1/4] 162.253.55.12 () {68 vars in 1360 bytes} [Wed Mar 4 06:12:29 2026] POST /networking/v2.0/subnetpools => generated 542 bytes in 516 msecs (HTTP/1.1 201) 4 headers in 162 bytes (1 switches on core 0)
Mar 04 06:12:30.082522 np0000157786 devstack@neutron-api.service[103155]: DEBUG neutron.api.v2.base [None req-445d5b64-af32-4997-9b42-17feb02a55d7 admin admin] Request body: {'network': {'admin_state_up': True, 'name': 'private'}} {{(pid=103155) prepare_request_body /opt/stack/neutron/neutron/api/v2/base.py:729}}
Mar 04 06:12:30.112432 np0000157786 devstack@neutron-api.service[103155]: DEBUG neutron.pecan_wsgi.hooks.quota_enforcement [None req-445d5b64-af32-4997-9b42-17feb02a55d7 admin admin] Made reservation on behalf of 9c17628ff0a0454c9e619846b6adfe92 for: {'network': 1} {{(pid=103155) before /opt/stack/neutron/neutron/pecan_wsgi/hooks/quota_enforcement.py:66}}
Mar 04 06:12:30.288294 np0000157786 devstack@neutron-api.service[103155]: DEBUG neutron.policy [None req-445d5b64-af32-4997-9b42-17feb02a55d7 admin admin] Loaded default policies from ['neutron'] under neutron.policies entry points {{(pid=103155) register_rules /opt/stack/neutron/neutron/policy.py:65}}
Mar 04 06:12:30.390069 np0000157786 devstack@neutron-api.service[103155]: DEBUG neutron_lib.callbacks.manager [None req-445d5b64-af32-4997-9b42-17feb02a55d7 admin admin] Publish callbacks ['neutron.plugins.ml2.plugin.SecurityGroupDbMixin._ensure_default_security_group_handler-4188537'] for network (None), before_create {{(pid=103155) _notify_loop /opt/stack/data/venv/lib/python3.12/site-packages/neutron_lib/callbacks/manager.py:184}}
Mar 04 06:12:30.409428 np0000157786 devstack@neutron-api.service[103155]: DEBUG neutron_lib.callbacks.manager [None req-445d5b64-af32-4997-9b42-17feb02a55d7 admin admin] Publish callbacks [] for security_group (None), before_create {{(pid=103155) _notify_loop /opt/stack/data/venv/lib/python3.12/site-packages/neutron_lib/callbacks/manager.py:184}}
Mar 04 06:12:30.500378 np0000157786 devstack@neutron-api.service[103155]: DEBUG neutron_lib.callbacks.manager [None req-445d5b64-af32-4997-9b42-17feb02a55d7 admin admin] Publish callbacks ['neutron.plugins.ml2.drivers.ovn.mech_driver.mech_driver.OVNMechanismDriver._create_security_group_precommit-300617'] for security_group (65b16f01-1c8f-4bf8-973f-e9ce8bd8e5ea), precommit_create {{(pid=103155) _notify_loop /opt/stack/data/venv/lib/python3.12/site-packages/neutron_lib/callbacks/manager.py:184}}
Mar 04 06:12:30.500492 np0000157786 devstack@neutron-api.service[103155]: DEBUG neutron.db.ovn_revision_numbers_db [None req-445d5b64-af32-4997-9b42-17feb02a55d7 admin admin] create_initial_revision uuid=65b16f01-1c8f-4bf8-973f-e9ce8bd8e5ea, type=security_groups, rev=-1 {{(pid=103155) create_initial_revision /opt/stack/neutron/neutron/db/ovn_revision_numbers_db.py:98}}
Mar 04 06:12:30.502816 np0000157786 devstack@neutron-api.service[103155]: DEBUG neutron.db.ovn_revision_numbers_db [None req-445d5b64-af32-4997-9b42-17feb02a55d7 admin admin] create_initial_revision uuid=5b7f7e15-69ae-495d-b454-473082166394, type=security_group_rules, rev=-1 {{(pid=103155) create_initial_revision /opt/stack/neutron/neutron/db/ovn_revision_numbers_db.py:98}}
Mar 04 06:12:30.503877 np0000157786 devstack@neutron-api.service[103155]: DEBUG neutron.db.ovn_revision_numbers_db [None req-445d5b64-af32-4997-9b42-17feb02a55d7 admin admin] create_initial_revision uuid=8c87b72d-92f9-44ef-9804-05ac4706b95b, type=security_group_rules, rev=-1 {{(pid=103155) create_initial_revision /opt/stack/neutron/neutron/db/ovn_revision_numbers_db.py:98}}
Mar 04 06:12:30.505083 np0000157786 devstack@neutron-api.service[103155]: DEBUG neutron.db.ovn_revision_numbers_db [None req-445d5b64-af32-4997-9b42-17feb02a55d7 admin admin] create_initial_revision uuid=bea14e0b-ab86-4c72-add6-84d35187073c, type=security_group_rules, rev=-1 {{(pid=103155) create_initial_revision /opt/stack/neutron/neutron/db/ovn_revision_numbers_db.py:98}}
Mar 04 06:12:30.506156 np0000157786 devstack@neutron-api.service[103155]: DEBUG neutron.db.ovn_revision_numbers_db [None req-445d5b64-af32-4997-9b42-17feb02a55d7 admin admin] create_initial_revision uuid=cbdb284e-543e-4c7e-bb41-dd0d46e31676, type=security_group_rules, rev=-1 {{(pid=103155) create_initial_revision /opt/stack/neutron/neutron/db/ovn_revision_numbers_db.py:98}}
Mar 04 06:12:30.513719 np0000157786 devstack@neutron-api.service[103155]: DEBUG neutron_lib.callbacks.manager [None req-445d5b64-af32-4997-9b42-17feb02a55d7 admin admin] Publish callbacks ['neutron.plugins.ml2.drivers.ovn.mech_driver.mech_driver.OVNMechanismDriver._create_security_group-300639', 'neutron.plugins.ml2.ovo_rpc._ObjectChangeHandler.handle_event-2473404'] for security_group (65b16f01-1c8f-4bf8-973f-e9ce8bd8e5ea), after_create {{(pid=103155) _notify_loop /opt/stack/data/venv/lib/python3.12/site-packages/neutron_lib/callbacks/manager.py:184}}
Mar 04 06:12:30.514969 np0000157786 devstack@neutron-api.service[103155]: DEBUG ovsdbapp.backend.ovs_idl.transaction [-] Running txn n=1 command(idx=0): PgAddCommand(_result=None, name=pg_65b16f01_1c8f_4bf8_973f_e9ce8bd8e5ea, may_exist=False, columns={'acls': [], 'external_ids': {'neutron:security_group_id': '65b16f01-1c8f-4bf8-973f-e9ce8bd8e5ea'}}) {{(pid=103155) do_commit /opt/stack/data/venv/lib/python3.12/site-packages/ovsdbapp/backend/ovs_idl/transaction.py:89}}
Mar 04 06:12:30.516691 np0000157786 devstack@neutron-api.service[103155]: DEBUG ovsdbapp.backend.ovs_idl.transaction [-] Running txn n=1 command(idx=1): PgAclAddCommand(_result=None, entity=pg_65b16f01_1c8f_4bf8_973f_e9ce8bd8e5ea, direction=to-lport, priority=1002, match=outport == @pg_65b16f01_1c8f_4bf8_973f_e9ce8bd8e5ea && ip4 && ip4.src == $pg_65b16f01_1c8f_4bf8_973f_e9ce8bd8e5ea_ip4, action=allow-related, log=False, may_exist=True, severity=[], name=[], meter=[], external_ids={'neutron:security_group_rule_id': '5b7f7e15-69ae-495d-b454-473082166394'}) {{(pid=103155) do_commit /opt/stack/data/venv/lib/python3.12/site-packages/ovsdbapp/backend/ovs_idl/transaction.py:89}}
Mar 04 06:12:30.517267 np0000157786 devstack@neutron-api.service[103155]: DEBUG ovsdbapp.backend.ovs_idl.transaction [-] Running txn n=1 command(idx=2): PgAclAddCommand(_result=None, entity=pg_65b16f01_1c8f_4bf8_973f_e9ce8bd8e5ea, direction=from-lport, priority=1002, match=inport == @pg_65b16f01_1c8f_4bf8_973f_e9ce8bd8e5ea && ip4, action=allow-related, log=False, may_exist=True, severity=[], name=[], meter=[], external_ids={'neutron:security_group_rule_id': '8c87b72d-92f9-44ef-9804-05ac4706b95b'}) {{(pid=103155) do_commit /opt/stack/data/venv/lib/python3.12/site-packages/ovsdbapp/backend/ovs_idl/transaction.py:89}}
Mar 04 06:12:30.517795 np0000157786 devstack@neutron-api.service[103155]: DEBUG ovsdbapp.backend.ovs_idl.transaction [-] Running txn n=1 command(idx=3): PgAclAddCommand(_result=None, entity=pg_65b16f01_1c8f_4bf8_973f_e9ce8bd8e5ea, direction=from-lport, priority=1002, match=inport == @pg_65b16f01_1c8f_4bf8_973f_e9ce8bd8e5ea && ip6, action=allow-related, log=False, may_exist=True, severity=[], name=[], meter=[], external_ids={'neutron:security_group_rule_id': 'bea14e0b-ab86-4c72-add6-84d35187073c'}) {{(pid=103155) do_commit /opt/stack/data/venv/lib/python3.12/site-packages/ovsdbapp/backend/ovs_idl/transaction.py:89}}
Mar 04 06:12:30.518255 np0000157786 devstack@neutron-api.service[103155]: DEBUG ovsdbapp.backend.ovs_idl.transaction [-] Running txn n=1 command(idx=4): PgAclAddCommand(_result=None, entity=pg_65b16f01_1c8f_4bf8_973f_e9ce8bd8e5ea, direction=to-lport, priority=1002, match=outport == @pg_65b16f01_1c8f_4bf8_973f_e9ce8bd8e5ea && ip6 && ip6.src == $pg_65b16f01_1c8f_4bf8_973f_e9ce8bd8e5ea_ip6, action=allow-related, log=False, may_exist=True, severity=[], name=[], meter=[], external_ids={'neutron:security_group_rule_id': 'cbdb284e-543e-4c7e-bb41-dd0d46e31676'}) {{(pid=103155) do_commit /opt/stack/data/venv/lib/python3.12/site-packages/ovsdbapp/backend/ovs_idl/transaction.py:89}}
Mar 04 06:12:30.526906 np0000157786 devstack@neutron-api.service[103155]: DEBUG neutron.plugins.ml2.drivers.ovn.mech_driver.ovsdb.ovsdb_monitor [-] Hash Ring: Node 301d1d353f765bb49f1512839f68e3a0 (host: np0000157786) handling event "create" for row 881b5627-a261-4bf4-8207-4865490383eb (table: ACL) {{(pid=103155) notify /opt/stack/neutron/neutron/plugins/ml2/drivers/ovn/mech_driver/ovsdb/ovsdb_monitor.py:906}}
Mar 04 06:12:30.527907 np0000157786 devstack@neutron-api.service[103153]: DEBUG neutron.plugins.ml2.drivers.ovn.mech_driver.ovsdb.ovsdb_monitor [-] Hash Ring: Node cf7f32eef4315b63b42ecb5c928873c9 (host: np0000157786) handling event "create" for row 077db8d5-9404-4fe1-a4ce-4b80a8f64667 (table: ACL) {{(pid=103153) notify /opt/stack/neutron/neutron/plugins/ml2/drivers/ovn/mech_driver/ovsdb/ovsdb_monitor.py:906}}
Mar 04 06:12:30.528353 np0000157786 devstack@neutron-api.service[103153]: DEBUG neutron.plugins.ml2.drivers.ovn.mech_driver.ovsdb.ovsdb_monitor [-] Hash Ring: Node cf7f32eef4315b63b42ecb5c928873c9 (host: np0000157786) handling event "create" for row 42f3a4af-d234-4ed5-9fea-9bb1c59b957c (table: ACL) {{(pid=103153) notify /opt/stack/neutron/neutron/plugins/ml2/drivers/ovn/mech_driver/ovsdb/ovsdb_monitor.py:906}}
Mar 04 06:12:30.528408 np0000157786 devstack@neutron-api.service[103154]: DEBUG neutron.plugins.ml2.drivers.ovn.mech_driver.ovsdb.ovsdb_monitor [-] Hash Ring: Node 5de8847b57a454bcaf664e5a5f1311d3 (host: np0000157786) handling event "create" for row 42f3a4af-d234-4ed5-9fea-9bb1c59b957c (table: ACL) {{(pid=103154) notify /opt/stack/neutron/neutron/plugins/ml2/drivers/ovn/mech_driver/ovsdb/ovsdb_monitor.py:906}}
Mar 04 06:12:30.528753 np0000157786 devstack@neutron-api.service[103153]: DEBUG neutron.plugins.ml2.drivers.ovn.mech_driver.ovsdb.ovsdb_monitor [-] Hash Ring: Node cf7f32eef4315b63b42ecb5c928873c9 (host: np0000157786) handling event "create" for row 881b5627-a261-4bf4-8207-4865490383eb (table: ACL) {{(pid=103153) notify /opt/stack/neutron/neutron/plugins/ml2/drivers/ovn/mech_driver/ovsdb/ovsdb_monitor.py:906}}
Mar 04 06:12:30.528911 np0000157786 devstack@neutron-api.service[103154]: DEBUG neutron.plugins.ml2.drivers.ovn.mech_driver.ovsdb.ovsdb_monitor [-] Hash Ring: Node 5de8847b57a454bcaf664e5a5f1311d3 (host: np0000157786) handling event "create" for row 121cb335-fc72-4dc3-93bf-2f0c2be59fd4 (table: Port_Group) {{(pid=103154) notify /opt/stack/neutron/neutron/plugins/ml2/drivers/ovn/mech_driver/ovsdb/ovsdb_monitor.py:906}}
Mar 04 06:12:30.529018 np0000157786 devstack@neutron-api.service[103153]: DEBUG neutron.plugins.ml2.drivers.ovn.mech_driver.ovsdb.ovsdb_monitor [-] Hash Ring: Node cf7f32eef4315b63b42ecb5c928873c9 (host: np0000157786) handling event "create" for row 9a880741-33fd-4f53-a746-f09dd92dd818 (table: ACL) {{(pid=103153) notify /opt/stack/neutron/neutron/plugins/ml2/drivers/ovn/mech_driver/ovsdb/ovsdb_monitor.py:906}}
Mar 04 06:12:30.529342 np0000157786 devstack@neutron-api.service[103153]: DEBUG neutron.plugins.ml2.drivers.ovn.mech_driver.ovsdb.ovsdb_monitor [-] Hash Ring: Node cf7f32eef4315b63b42ecb5c928873c9 (host: np0000157786) handling event "create" for row 121cb335-fc72-4dc3-93bf-2f0c2be59fd4 (table: Port_Group) {{(pid=103153) notify /opt/stack/neutron/neutron/plugins/ml2/drivers/ovn/mech_driver/ovsdb/ovsdb_monitor.py:906}}
Mar 04 06:12:30.558971 np0000157786 devstack@neutron-api.service[103155]: INFO neutron.db.ovn_revision_numbers_db [None req-445d5b64-af32-4997-9b42-17feb02a55d7 admin admin] Successfully bumped revision number for resource 65b16f01-1c8f-4bf8-973f-e9ce8bd8e5ea (type: security_groups) to 1
Mar 04 06:12:30.578562 np0000157786 devstack@neutron-api.service[103155]: INFO neutron.db.ovn_revision_numbers_db [None req-445d5b64-af32-4997-9b42-17feb02a55d7 admin admin] Successfully bumped revision number for resource 5b7f7e15-69ae-495d-b454-473082166394 (type: security_group_rules) to 0
Mar 04 06:12:30.590789 np0000157786 devstack@neutron-api.service[103155]: INFO neutron.db.ovn_revision_numbers_db [None req-445d5b64-af32-4997-9b42-17feb02a55d7 admin admin] Successfully bumped revision number for resource 8c87b72d-92f9-44ef-9804-05ac4706b95b (type: security_group_rules) to 0
Mar 04 06:12:30.603181 np0000157786 devstack@neutron-api.service[103155]: INFO neutron.db.ovn_revision_numbers_db [None req-445d5b64-af32-4997-9b42-17feb02a55d7 admin admin] Successfully bumped revision number for resource bea14e0b-ab86-4c72-add6-84d35187073c (type: security_group_rules) to 0
Mar 04 06:12:30.618774 np0000157786 devstack@neutron-api.service[103155]: INFO neutron.db.ovn_revision_numbers_db [None req-445d5b64-af32-4997-9b42-17feb02a55d7 admin admin] Successfully bumped revision number for resource cbdb284e-543e-4c7e-bb41-dd0d46e31676 (type: security_group_rules) to 0
Mar 04 06:12:30.645196 np0000157786 devstack@neutron-api.service[103155]: DEBUG neutron.api.rpc.handlers.resources_rpc [None req-445d5b64-af32-4997-9b42-17feb02a55d7 admin admin] Pushing event updated for resources: {'SecurityGroup': ['ID=65b16f01-1c8f-4bf8-973f-e9ce8bd8e5ea,revision_number=1']} {{(pid=103155) push /opt/stack/neutron/neutron/api/rpc/handlers/resources_rpc.py:237}}
Mar 04 06:12:30.654258 np0000157786 devstack@neutron-api.service[103155]: DEBUG ovsdbapp.backend.ovs_idl.transaction [-] Running txn n=1 command(idx=0): CheckLivenessCommand(_result=None) {{(pid=103155) do_commit /opt/stack/data/venv/lib/python3.12/site-packages/ovsdbapp/backend/ovs_idl/transaction.py:89}}
Mar 04 06:12:30.695916 np0000157786 devstack@neutron-api.service[103153]: DEBUG neutron.plugins.ml2.drivers.ovn.mech_driver.ovsdb.ovsdb_monitor [-] Hash Ring: Node cf7f32eef4315b63b42ecb5c928873c9 (host: np0000157786) handling event "update" for row 86d8da5f-1afd-46a7-acbb-b7124f98ff6c (table: NB_Global) {{(pid=103153) notify /opt/stack/neutron/neutron/plugins/ml2/drivers/ovn/mech_driver/ovsdb/ovsdb_monitor.py:906}}
Mar 04 06:12:30.696624 np0000157786 devstack@neutron-api.service[103152]: DEBUG neutron.plugins.ml2.drivers.ovn.mech_driver.ovsdb.ovsdb_monitor [-] Hash Ring: Node 3748840382bd5b2f99b44ae55a28724e (host: np0000157786) handling event "update" for row 86d8da5f-1afd-46a7-acbb-b7124f98ff6c (table: NB_Global) {{(pid=103152) notify /opt/stack/neutron/neutron/plugins/ml2/drivers/ovn/mech_driver/ovsdb/ovsdb_monitor.py:906}}
Mar 04 06:12:30.697947 np0000157786 devstack@neutron-api.service[103153]: DEBUG neutron.plugins.ml2.drivers.ovn.mech_driver.ovsdb.ovsdb_monitor [-] Hash Ring: Node cf7f32eef4315b63b42ecb5c928873c9 (host: np0000157786) handling event "update" for row 86d8da5f-1afd-46a7-acbb-b7124f98ff6c (table: NB_Global) {{(pid=103153) notify /opt/stack/neutron/neutron/plugins/ml2/drivers/ovn/mech_driver/ovsdb/ovsdb_monitor.py:906}}
Mar 04 06:12:30.698277 np0000157786 devstack@neutron-api.service[103152]: DEBUG neutron.plugins.ml2.drivers.ovn.mech_driver.ovsdb.ovsdb_monitor [-] Hash Ring: Node 3748840382bd5b2f99b44ae55a28724e (host: np0000157786) handling event "update" for row 86d8da5f-1afd-46a7-acbb-b7124f98ff6c (table: NB_Global) {{(pid=103152) notify /opt/stack/neutron/neutron/plugins/ml2/drivers/ovn/mech_driver/ovsdb/ovsdb_monitor.py:906}}
Mar 04 06:12:30.698498 np0000157786 devstack@neutron-api.service[103153]: DEBUG neutron.plugins.ml2.drivers.ovn.mech_driver.ovsdb.ovsdb_monitor [-] Hash Ring: Node cf7f32eef4315b63b42ecb5c928873c9 (host: np0000157786) handling event "update" for row 86d8da5f-1afd-46a7-acbb-b7124f98ff6c (table: NB_Global) {{(pid=103153) notify /opt/stack/neutron/neutron/plugins/ml2/drivers/ovn/mech_driver/ovsdb/ovsdb_monitor.py:906}}
Mar 04 06:12:30.700935 np0000157786 devstack@neutron-api.service[103155]: DEBUG neutron.api.rpc.callbacks.version_manager [None req-445d5b64-af32-4997-9b42-17feb02a55d7 admin admin] Tracked resource versions report:
Mar 04 06:12:30.700935 np0000157786 devstack@neutron-api.service[103155]: pushed versions:
Mar 04 06:12:30.700935 np0000157786 devstack@neutron-api.service[103155]: { 'AddressGroup': {'1.2'},
Mar 04 06:12:30.700935 np0000157786 devstack@neutron-api.service[103155]: 'Agent': {'1.1'},
Mar 04 06:12:30.700935 np0000157786 devstack@neutron-api.service[103155]: 'ConntrackHelper': {'1.0'},
Mar 04 06:12:30.700935 np0000157786 devstack@neutron-api.service[103155]: 'LocalIPAssociation': {'1.0'},
Mar 04 06:12:30.700935 np0000157786 devstack@neutron-api.service[103155]: 'Log': {'1.0'},
Mar 04 06:12:30.700935 np0000157786 devstack@neutron-api.service[103155]: 'NDPProxy': {'1.0'},
Mar 04 06:12:30.700935 np0000157786 devstack@neutron-api.service[103155]: 'Network': {'1.2'},
Mar 04 06:12:30.700935 np0000157786 devstack@neutron-api.service[103155]: 'Port': {'1.10'},
Mar 04 06:12:30.700935 np0000157786 devstack@neutron-api.service[103155]: 'PortForwarding': {'1.3'},
Mar 04 06:12:30.700935 np0000157786 devstack@neutron-api.service[103155]: 'QosPolicy': {'1.10'},
Mar 04 06:12:30.700935 np0000157786 devstack@neutron-api.service[103155]: 'SecurityGroup': {'1.6'},
Mar 04 06:12:30.700935 np0000157786 devstack@neutron-api.service[103155]: 'SecurityGroupRule': {'1.3'},
Mar 04 06:12:30.700935 np0000157786 devstack@neutron-api.service[103155]: 'SubPort': {'1.0'},
Mar 04 06:12:30.700935 np0000157786 devstack@neutron-api.service[103155]: 'Subnet': {'1.2'},
Mar 04 06:12:30.700935 np0000157786 devstack@neutron-api.service[103155]: 'Trunk': {'1.1'}}
Mar 04 06:12:30.700935 np0000157786 devstack@neutron-api.service[103155]: consumer versions:
Mar 04 06:12:30.700935 np0000157786 devstack@neutron-api.service[103155]: {}
Mar 04 06:12:30.700935 np0000157786 devstack@neutron-api.service[103155]: {{(pid=103155) report /opt/stack/neutron/neutron/api/rpc/callbacks/version_manager.py:183}}
Mar 04 06:12:30.702354 np0000157786 devstack@neutron-api.service[103154]: DEBUG neutron.plugins.ml2.drivers.ovn.mech_driver.ovsdb.ovsdb_monitor [-] ChassisAgentWriteEvent : Matched Chassis_Private, update, None None {{(pid=103154) matches /opt/stack/neutron/neutron/plugins/ml2/drivers/ovn/mech_driver/ovsdb/ovsdb_monitor.py:64}}
Mar 04 06:12:30.702459 np0000157786 devstack@neutron-api.service[103153]: DEBUG neutron.plugins.ml2.drivers.ovn.mech_driver.ovsdb.ovsdb_monitor [-] ChassisAgentWriteEvent : Matched Chassis_Private, update, None None {{(pid=103153) matches /opt/stack/neutron/neutron/plugins/ml2/drivers/ovn/mech_driver/ovsdb/ovsdb_monitor.py:64}}
Mar 04 06:12:30.702612 np0000157786 devstack@neutron-api.service[103152]: DEBUG neutron.plugins.ml2.drivers.ovn.mech_driver.ovsdb.ovsdb_monitor [-] Hash Ring: Node 3748840382bd5b2f99b44ae55a28724e (host: np0000157786) handling event "update" for row 86d8da5f-1afd-46a7-acbb-b7124f98ff6c (table: NB_Global) {{(pid=103152) notify /opt/stack/neutron/neutron/plugins/ml2/drivers/ovn/mech_driver/ovsdb/ovsdb_monitor.py:906}}
Mar 04 06:12:30.702711 np0000157786 devstack@neutron-api.service[103154]: DEBUG neutron.plugins.ml2.drivers.ovn.mech_driver.ovsdb.ovsdb_monitor [-] Hash Ring: Node 5de8847b57a454bcaf664e5a5f1311d3 (host: np0000157786) handling event "update" for row d342656d-db31-4f06-8f34-6823095d3735 (table: Chassis_Private) {{(pid=103154) notify /opt/stack/neutron/neutron/plugins/ml2/drivers/ovn/mech_driver/ovsdb/ovsdb_monitor.py:906}}
Mar 04 06:12:30.702806 np0000157786 devstack@neutron-api.service[103153]: DEBUG neutron.plugins.ml2.drivers.ovn.mech_driver.ovsdb.ovsdb_monitor [-] Hash Ring: Node cf7f32eef4315b63b42ecb5c928873c9 (host: np0000157786) handling event "update" for row 86d8da5f-1afd-46a7-acbb-b7124f98ff6c (table: NB_Global) {{(pid=103153) notify /opt/stack/neutron/neutron/plugins/ml2/drivers/ovn/mech_driver/ovsdb/ovsdb_monitor.py:906}}
Mar 04 06:12:30.702893 np0000157786 devstack@neutron-api.service[103152]: DEBUG neutron.plugins.ml2.drivers.ovn.mech_driver.ovsdb.ovsdb_monitor [-] ChassisAgentWriteEvent : Matched Chassis_Private, update, None None {{(pid=103152) matches /opt/stack/neutron/neutron/plugins/ml2/drivers/ovn/mech_driver/ovsdb/ovsdb_monitor.py:64}}
Mar 04 06:12:30.703102 np0000157786 devstack@neutron-api.service[103152]: DEBUG neutron.plugins.ml2.drivers.ovn.mech_driver.ovsdb.ovsdb_monitor [-] Hash Ring: Node 3748840382bd5b2f99b44ae55a28724e (host: np0000157786) handling event "update" for row 86d8da5f-1afd-46a7-acbb-b7124f98ff6c (table: NB_Global) {{(pid=103152) notify /opt/stack/neutron/neutron/plugins/ml2/drivers/ovn/mech_driver/ovsdb/ovsdb_monitor.py:906}}
