2026-06-30 19:40:08.649 7 INFO neutron.plugins.ml2.drivers.ovn.mech_driver.mech_driver [None req-4e80ea3e-7d45-45ba-ab4b-fb24e41166a6 - - - - - -] OVN reports status down for port: 4b890f15-48c2-47c8-81be-596a9ca56190
2026-06-30 19:40:08.679 8 INFO neutron.db.ovn_revision_numbers_db [None req-7d77b14b-476b-42d8-8697-552f4009e3ab bacb5d904d9346df819766668d5a9bcb 9398c265ba414284b67fda09085bfa5d - - default default] Successfully bumped revision number for resource 4b890f15-48c2-47c8-81be-596a9ca56190 (type: ports) to 1 [pid: 8|app: 0|req: 595/1101] 10.0.0.156 () {34 vars in 670 bytes} [Tue Jun 30 19:40:08 2026] POST /v2.0/networks => generated 673 bytes in 564 msecs (HTTP/1.1 201) 4 headers in 162 bytes (1 switches on core 0)
2026-06-30 19:40:08.814 8 INFO neutron.db.segments_db [None req-53aa2a4e-1488-4860-bd4e-c83dda0789bf bacb5d904d9346df819766668d5a9bcb 9398c265ba414284b67fda09085bfa5d - - default default] Added segment 86afbf44-3c6a-44b2-ad6f-b1ac9181ecf4 of type geneve for network 7fc85b47-152a-4e8d-b887-4341b2e05c57
2026-06-30 19:40:08.937 8 INFO neutron.db.ovn_revision_numbers_db [None req-53aa2a4e-1488-4860-bd4e-c83dda0789bf bacb5d904d9346df819766668d5a9bcb 9398c265ba414284b67fda09085bfa5d - - default default] Successfully bumped revision number for resource 7fc85b47-152a-4e8d-b887-4341b2e05c57 (type: networks) to 1
2026-06-30 19:40:08.943 7 INFO neutron.notifiers.nova [-] Nova event matching ['req-48556a98-11e1-4c17-aabf-a16cf6fe59f4'] response: {'name': 'network-changed', 'server_uuid': '2a5277d9-3c60-4fd8-bb6e-5a191619514b', 'tag': '8d43e3d4-c878-42fe-aab1-4d08e3d71397', 'status': 'completed', 'code': 200}
2026-06-30 19:40:08.996 7 INFO neutron_taas.services.taas.taas_plugin [None req-801780dd-976b-442c-be0a-4f585955a75e e38e1cb48f1c45858cb505a9e70a312b d83617622efd473db3d5dc1d16094695 - - default default] TaaS: Handle Delete Port: 44028fef-c580-4191-a838-98f04664c358
2026-06-30 19:40:08.999 7 INFO neutron_taas.services.taas.tap_mirror_plugin [None req-801780dd-976b-442c-be0a-4f585955a75e e38e1cb48f1c45858cb505a9e70a312b d83617622efd473db3d5dc1d16094695 - - default default] Tap Mirror: Handle Delete Port: 44028fef-c580-4191-a838-98f04664c358
2026-06-30 19:40:09.129 8 WARNING neutron.scheduler.dhcp_agent_scheduler [None req-53aa2a4e-1488-4860-bd4e-c83dda0789bf bacb5d904d9346df819766668d5a9bcb 9398c265ba414284b67fda09085bfa5d - - default default] No more DHCP agents
2026-06-30 19:40:09.131 8 WARNING neutron.api.rpc.agentnotifiers.dhcp_rpc_agent_api [None req-53aa2a4e-1488-4860-bd4e-c83dda0789bf bacb5d904d9346df819766668d5a9bcb 9398c265ba414284b67fda09085bfa5d - - default default] Unable to schedule network 7fc85b47-152a-4e8d-b887-4341b2e05c57: no agents available; will retry on subsequent port and subnet creation events.
2026-06-30 19:40:09.193 8 INFO neutron.plugins.ml2.drivers.ovn.mech_driver.mech_driver [None req-6ef42651-3352-438c-908b-a8e02a086d83 - - - - - -] OVN reports status down for port: f06cb925-b9af-4783-bd1f-2797441716aa
2026-06-30 19:40:09.284 8 INFO neutron.db.ovn_revision_numbers_db [None req-53aa2a4e-1488-4860-bd4e-c83dda0789bf bacb5d904d9346df819766668d5a9bcb 9398c265ba414284b67fda09085bfa5d - - default default] Successfully bumped revision number for resource f06cb925-b9af-4783-bd1f-2797441716aa (type: ports) to 1 [pid: 8|app: 0|req: 596/1102] 10.0.0.156 () {34 vars in 670 bytes} [Tue Jun 30 19:40:08 2026] POST /v2.0/networks => generated 672 bytes in 625 msecs (HTTP/1.1 201) 4 headers in 162 bytes (1 switches on core 0) [pid: 8|app: 0|req: 597/1103] 199.204.45.138 () {34 vars in 1080 bytes} [Tue Jun 30 19:40:09 2026] GET /v2.0/ports?tenant_id=61fc44ad74054c65830234df72bf51bc&device_id=2a5277d9-3c60-4fd8-bb6e-5a191619514b => generated 1213 bytes in 45 msecs (HTTP/1.1 200) 4 headers in 158 bytes (1 switches on core 0) [pid: 8|app: 0|req: 598/1104] 199.204.45.138 () {34 vars in 986 bytes} [Tue Jun 30 19:40:09 2026] GET /v2.0/networks?id=a9e2442f-fd20-42d3-bb98-1e4a0dc85291 => generated 813 bytes in 72 msecs (HTTP/1.1 200) 4 headers in 157 bytes (1 switches on core 0) [pid: 8|app: 0|req: 599/1105] 199.204.45.138 () {34 vars in 1060 bytes} [Tue Jun 30 19:40:09 2026] GET /v2.0/floatingips?fixed_ip_address=10.100.0.12&port_id=8d43e3d4-c878-42fe-aab1-4d08e3d71397 => generated 861 bytes in 70 msecs (HTTP/1.1 200) 4 headers in 157 bytes (1 switches on core 0) [pid: 8|app: 0|req: 600/1106] 199.204.45.138 () {34 vars in 984 bytes} [Tue Jun 30 19:40:09 2026] GET /v2.0/subnets?id=9d96b50a-fe43-4ce2-b255-5afc19bd9cda => generated 694 bytes in 34 msecs (HTTP/1.1 200) 4 headers in 157 bytes (1 switches on core 0) [pid: 8|app: 0|req: 601/1107] 199.204.45.138 () {34 vars in 1052 bytes} [Tue Jun 30 19:40:09 2026] GET /v2.0/ports?network_id=a9e2442f-fd20-42d3-bb98-1e4a0dc85291&device_owner=network%3Adhcp => generated 12 bytes in 27 msecs (HTTP/1.1 200) 4 headers in 156 bytes (1 switches on core 0) [pid: 8|app: 0|req: 602/1108] 199.204.45.138 () {34 vars in 1012 bytes} [Tue Jun 30 19:40:09 2026] GET /v2.0/networks/a9e2442f-fd20-42d3-bb98-1e4a0dc85291?fields=segments => generated 14 bytes in 62 msecs (HTTP/1.1 200) 4 headers in 156 bytes (1 switches on core 0) [pid: 7|app: 0|req: 507/1109] 10.0.0.156 () {34 vars in 789 bytes} [Tue Jun 30 19:40:08 2026] PUT /v2.0/routers/70fd0e19-71ce-4458-954f-1ad435a117db/remove_router_interface => generated 309 bytes in 1216 msecs (HTTP/1.1 200) 4 headers in 157 bytes (1 switches on core 0) /var/lib/openstack/lib/python3.12/site-packages/pycadf/identifier.py:70: UserWarning: Invalid uuid: neutron. To ensure interoperability, identifiers should be a valid uuid. warnings.warn(('Invalid uuid: %s. To ensure interoperability, ' [pid: 8|app: 0|req: 603/1110] 199.204.45.138 () {34 vars in 1112 bytes} [Tue Jun 30 19:40:09 2026] GET /v2.0/networks/a9e2442f-fd20-42d3-bb98-1e4a0dc85291?fields=provider%3Aphysical_network&fields=provider%3Anetwork_type => generated 79 bytes in 41 msecs (HTTP/1.1 200) 4 headers in 156 bytes (1 switches on core 0)
2026-06-30 19:40:10.180 7 INFO neutron_taas.services.taas.taas_plugin [None req-152ca524-aa52-4df4-b308-66e24d1ef1e3 e38e1cb48f1c45858cb505a9e70a312b d83617622efd473db3d5dc1d16094695 - - default default] TaaS: Handle Delete Port: 0434a783-5061-474b-a3d1-ebeaa5e8b3fa
2026-06-30 19:40:10.184 7 INFO neutron_taas.services.taas.tap_mirror_plugin [None req-152ca524-aa52-4df4-b308-66e24d1ef1e3 e38e1cb48f1c45858cb505a9e70a312b d83617622efd473db3d5dc1d16094695 - - default default] Tap Mirror: Handle Delete Port: 0434a783-5061-474b-a3d1-ebeaa5e8b3fa
2026-06-30 19:40:10.242 8 WARNING neutron.scheduler.dhcp_agent_scheduler [None req-a13eea9d-a0de-4dc4-9013-528bd1ccd963 bacb5d904d9346df819766668d5a9bcb 9398c265ba414284b67fda09085bfa5d - - default default] No more DHCP agents
2026-06-30 19:40:10.244 8 WARNING neutron.api.rpc.agentnotifiers.dhcp_rpc_agent_api [None req-a13eea9d-a0de-4dc4-9013-528bd1ccd963 bacb5d904d9346df819766668d5a9bcb 9398c265ba414284b67fda09085bfa5d - - default default] Unable to schedule network 4b29d8c0-a525-4a75-bb2e-b91f5f28df47: no agents available; will retry on subsequent port and subnet creation events.
2026-06-30 19:40:10.273 8 INFO neutron.db.ovn_revision_numbers_db [None req-a13eea9d-a0de-4dc4-9013-528bd1ccd963 bacb5d904d9346df819766668d5a9bcb 9398c265ba414284b67fda09085bfa5d - - default default] Successfully bumped revision number for resource a25f73ec-af4d-4bd3-91b4-c93465be6f6f (type: subnets) to 0
2026-06-30 19:40:10.312 8 WARNING neutron.scheduler.dhcp_agent_scheduler [None req-a13eea9d-a0de-4dc4-9013-528bd1ccd963 bacb5d904d9346df819766668d5a9bcb 9398c265ba414284b67fda09085bfa5d - - default default] No more DHCP agents
2026-06-30 19:40:10.314 8 WARNING neutron.api.rpc.agentnotifiers.dhcp_rpc_agent_api [None req-a13eea9d-a0de-4dc4-9013-528bd1ccd963 bacb5d904d9346df819766668d5a9bcb 9398c265ba414284b67fda09085bfa5d - - default default] Unable to schedule network 7fc85b47-152a-4e8d-b887-4341b2e05c57: no agents available; will retry on subsequent port and subnet creation events.
2026-06-30 19:40:10.344 8 INFO neutron.db.ovn_revision_numbers_db [None req-a13eea9d-a0de-4dc4-9013-528bd1ccd963 bacb5d904d9346df819766668d5a9bcb 9398c265ba414284b67fda09085bfa5d - - default default] Successfully bumped revision number for resource 6460a02d-c1ee-470b-aad1-926e8ba99dfa (type: subnets) to 0 [pid: 8|app: 0|req: 604/1111] 10.0.0.156 () {34 vars in 669 bytes} [Tue Jun 30 19:40:09 2026] POST /v2.0/subnets => generated 1324 bytes in 480 msecs (HTTP/1.1 201) 4 headers in 163 bytes (1 switches on core 0) [pid: 8|app: 0|req: 605/1112] 10.0.0.156 () {32 vars in 647 bytes} [Tue Jun 30 19:40:10 2026] GET /v2.0/subnets => generated 1960 bytes in 57 msecs (HTTP/1.1 200) 4 headers in 158 bytes (1 switches on core 0) [pid: 7|app: 0|req: 508/1113] 10.0.0.156 () {32 vars in 724 bytes} [Tue Jun 30 19:40:09 2026] DELETE /v2.0/routers/70fd0e19-71ce-4458-954f-1ad435a117db => generated 0 bytes in 829 msecs (HTTP/1.1 204) 2 headers in 112 bytes (1 switches on core 0) [pid: 8|app: 0|req: 606/1114] 10.0.0.156 () {32 vars in 724 bytes} [Tue Jun 30 19:40:10 2026] DELETE /v2.0/subnets/a25f73ec-af4d-4bd3-91b4-c93465be6f6f => generated 0 bytes in 213 msecs (HTTP/1.1 204) 3 headers in 131 bytes (1 switches on core 0) [pid: 8|app: 0|req: 607/1115] 10.0.0.156 () {32 vars in 724 bytes} [Tue Jun 30 19:40:10 2026] DELETE /v2.0/subnets/6460a02d-c1ee-470b-aad1-926e8ba99dfa => generated 0 bytes in 152 msecs (HTTP/1.1 204) 3 headers in 131 bytes (1 switches on core 0) [pid: 7|app: 0|req: 509/1116] 10.0.0.156 () {32 vars in 724 bytes} [Tue Jun 30 19:40:10 2026] DELETE /v2.0/subnets/19250cb0-965f-4a1b-956b-01ecda2a50c3 => generated 0 bytes in 192 msecs (HTTP/1.1 204) 3 headers in 131 bytes (1 switches on core 0) [pid: 8|app: 0|req: 608/1117] 10.0.0.156 () {32 vars in 647 bytes} [Tue Jun 30 19:40:10 2026] GET /v2.0/subnets => generated 649 bytes in 31 msecs (HTTP/1.1 200) 4 headers in 157 bytes (1 switches on core 0)
2026-06-30 19:40:10.962 7 INFO neutron_taas.services.taas.taas_plugin [None req-9e58f63b-8d12-4893-890d-14e68972aa94 e38e1cb48f1c45858cb505a9e70a312b d83617622efd473db3d5dc1d16094695 - - default default] TaaS: Handle Delete Port: 17c418ad-bff7-4812-a8d8-b87337767cdc
2026-06-30 19:40:10.965 7 INFO neutron_taas.services.taas.tap_mirror_plugin [None req-9e58f63b-8d12-4893-890d-14e68972aa94 e38e1cb48f1c45858cb505a9e70a312b d83617622efd473db3d5dc1d16094695 - - default default] Tap Mirror: Handle Delete Port: 17c418ad-bff7-4812-a8d8-b87337767cdc
2026-06-30 19:40:10.991 8 INFO neutron_taas.services.taas.taas_plugin [None req-43865aed-7c37-4e9b-b475-6f4df2755a33 bacb5d904d9346df819766668d5a9bcb 9398c265ba414284b67fda09085bfa5d - - default default] TaaS: Handle Delete Port: f06cb925-b9af-4783-bd1f-2797441716aa
2026-06-30 19:40:10.997 8 INFO neutron_taas.services.taas.tap_mirror_plugin [None req-43865aed-7c37-4e9b-b475-6f4df2755a33 bacb5d904d9346df819766668d5a9bcb 9398c265ba414284b67fda09085bfa5d - - default default] Tap Mirror: Handle Delete Port: f06cb925-b9af-4783-bd1f-2797441716aa
2026-06-30 19:40:11.162 7 INFO neutron.services.segments.plugin [-] Segment 85293ebd-db6f-45b3-ad4e-91614fdb2384 resource provider aggregate not found
2026-06-30 19:40:11.169 7 INFO neutron.services.segments.plugin [-] Segment 85293ebd-db6f-45b3-ad4e-91614fdb2384 resource provider aggregate not found
2026-06-30 19:40:11.186 7 INFO neutron.services.segments.plugin [-] Segment 85293ebd-db6f-45b3-ad4e-91614fdb2384 resource provider not found; error: Placement Client Error (4xx): {"errors": [{"status": 404, "title": "Not Found", "detail": "The resource could not be found.\n\n No resource provider with uuid 85293ebd-db6f-45b3-ad4e-91614fdb2384 found for delete ", "request_id": "req-4973cedb-3050-4f15-8411-5c7bdabbe4aa"}]}
2026-06-30 19:40:11.191 7 INFO neutron.services.segments.plugin [-] Segment 85293ebd-db6f-45b3-ad4e-91614fdb2384 resource provider not found; error: Placement Client Error (4xx): {"errors": [{"status": 404, "title": "Not Found", "detail": "The resource could not be found.\n\n No resource provider with uuid 85293ebd-db6f-45b3-ad4e-91614fdb2384 found for delete ", "request_id": "req-d4234f8f-39ed-4d71-b7ac-fb0319f0fa97"}]} [pid: 7|app: 0|req: 510/1118] 10.0.0.156 () {32 vars in 726 bytes} [Tue Jun 30 19:40:10 2026] DELETE /v2.0/networks/3752b43d-3bb3-426a-ab19-5b145cd733f8 => generated 0 bytes in 379 msecs (HTTP/1.1 204) 3 headers in 131 bytes (1 switches on core 0)
2026-06-30 19:40:11.260 8 INFO neutron.services.segments.plugin [-] Segment 86afbf44-3c6a-44b2-ad6f-b1ac9181ecf4 resource provider aggregate not found
2026-06-30 19:40:11.267 8 INFO neutron.services.segments.plugin [-] Segment 86afbf44-3c6a-44b2-ad6f-b1ac9181ecf4 resource provider aggregate not found
2026-06-30 19:40:11.286 8 INFO neutron.services.segments.plugin [-] Segment 86afbf44-3c6a-44b2-ad6f-b1ac9181ecf4 resource provider not found; error: Placement Client Error (4xx): {"errors": [{"status": 404, "title": "Not Found", "detail": "The resource could not be found.\n\n No resource provider with uuid 86afbf44-3c6a-44b2-ad6f-b1ac9181ecf4 found for delete ", "request_id": "req-8a764e01-1af5-433f-a351-4f126701079b"}]}
2026-06-30 19:40:11.293 8 INFO neutron.services.segments.plugin [-] Segment 86afbf44-3c6a-44b2-ad6f-b1ac9181ecf4 resource provider not found; error: Placement Client Error (4xx): {"errors": [{"status": 404, "title": "Not Found", "detail": "The resource could not be found.\n\n No resource provider with uuid 86afbf44-3c6a-44b2-ad6f-b1ac9181ecf4 found for delete ", "request_id": "req-45eb9783-9a45-4636-a2d7-f0166c77d91f"}]} [pid: 8|app: 0|req: 609/1119] 10.0.0.156 () {32 vars in 726 bytes} [Tue Jun 30 19:40:10 2026] DELETE /v2.0/networks/7fc85b47-152a-4e8d-b887-4341b2e05c57 => generated 0 bytes in 481 msecs (HTTP/1.1 204) 3 headers in 131 bytes (1 switches on core 0) [pid: 8|app: 0|req: 610/1120] 10.0.0.156 () {32 vars in 774 bytes} [Tue Jun 30 19:40:11 2026] GET /v2.0/security-groups?tenant_id=c7185e35467f4f62a585e7b7b5a3301d&name=default => generated 2921 bytes in 30 msecs (HTTP/1.1 200) 4 headers in 158 bytes (1 switches on core 0)
2026-06-30 19:40:11.497 7 INFO neutron_taas.services.taas.taas_plugin [None req-be43d6cd-e4ac-453a-8381-00b515485ec7 bacb5d904d9346df819766668d5a9bcb 9398c265ba414284b67fda09085bfa5d - - default default] TaaS: Handle Delete Port: 4b890f15-48c2-47c8-81be-596a9ca56190
2026-06-30 19:40:11.500 7 INFO neutron_taas.services.taas.tap_mirror_plugin [None req-be43d6cd-e4ac-453a-8381-00b515485ec7 bacb5d904d9346df819766668d5a9bcb 9398c265ba414284b67fda09085bfa5d - - default default] Tap Mirror: Handle Delete Port: 4b890f15-48c2-47c8-81be-596a9ca56190 [pid: 7|app: 0|req: 511/1121] 10.0.0.156 () {32 vars in 726 bytes} [Tue Jun 30 19:40:11 2026] DELETE /v2.0/networks/4b29d8c0-a525-4a75-bb2e-b91f5f28df47 => generated 0 bytes in 393 msecs (HTTP/1.1 204) 3 headers in 131 bytes (1 switches on core 0) [pid: 8|app: 0|req: 611/1122] 10.0.0.156 () {32 vars in 740 bytes} [Tue Jun 30 19:40:11 2026] DELETE /v2.0/security-groups/bc22c5b8-feb7-46d7-831b-1d04f2fcf74b => generated 0 bytes in 262 msecs (HTTP/1.1 204) 2 headers in 112 bytes (1 switches on core 0)
2026-06-30 19:40:11.853 7 INFO neutron_taas.services.taas.taas_plugin [None req-d2a6ca42-1f8d-4294-bb3d-08f25fbab5e4 bacb5d904d9346df819766668d5a9bcb 9398c265ba414284b67fda09085bfa5d - - default default] TaaS: Handle Delete Port: 68d05c73-98be-4e11-9fd0-2cd8e9fcdc8e
2026-06-30 19:40:11.855 7 INFO neutron_taas.services.taas.tap_mirror_plugin [None req-d2a6ca42-1f8d-4294-bb3d-08f25fbab5e4 bacb5d904d9346df819766668d5a9bcb 9398c265ba414284b67fda09085bfa5d - - default default] Tap Mirror: Handle Delete Port: 68d05c73-98be-4e11-9fd0-2cd8e9fcdc8e [pid: 7|app: 0|req: 512/1123] 10.0.0.156 () {32 vars in 726 bytes} [Tue Jun 30 19:40:11 2026] DELETE /v2.0/networks/7b649bf7-fc3f-4dab-87ca-6940a6f64c83 => generated 0 bytes in 359 msecs (HTTP/1.1 204) 3 headers in 131 bytes (1 switches on core 0)
2026-06-30 19:40:12.236 8 INFO neutron_taas.services.taas.taas_plugin [None req-a19dee63-c9f6-4e1d-97a9-2f1b4b5868e7 bacb5d904d9346df819766668d5a9bcb 9398c265ba414284b67fda09085bfa5d - - default default] TaaS: Handle Delete Port: e4aca59a-6a50-4d34-8d27-eb11d953a92b
2026-06-30 19:40:12.239 8 INFO neutron_taas.services.taas.tap_mirror_plugin [None req-a19dee63-c9f6-4e1d-97a9-2f1b4b5868e7 bacb5d904d9346df819766668d5a9bcb 9398c265ba414284b67fda09085bfa5d - - default default] Tap Mirror: Handle Delete Port: e4aca59a-6a50-4d34-8d27-eb11d953a92b [pid: 8|app: 0|req: 612/1124] 10.0.0.156 () {32 vars in 726 bytes} [Tue Jun 30 19:40:12 2026] DELETE /v2.0/networks/18bcabd2-8d1a-48a9-a022-e4fece1b6d4b => generated 0 bytes in 394 msecs (HTTP/1.1 204) 3 headers in 131 bytes (1 switches on core 0) [pid: 7|app: 0|req: 513/1125] 10.0.0.156 () {32 vars in 774 bytes} [Tue Jun 30 19:40:12 2026] GET /v2.0/security-groups?tenant_id=9398c265ba414284b67fda09085bfa5d&name=default => generated 2925 bytes in 227 msecs (HTTP/1.1 200) 4 headers in 158 bytes (1 switches on core 0)
2026-06-30 19:40:13.208 7 INFO neutron.services.segments.plugin [-] Segment 330ddfe7-8a31-4c2a-aab3-2d9c7778064c resource provider aggregate not found
2026-06-30 19:40:13.212 7 INFO neutron.services.segments.plugin [-] Segment 330ddfe7-8a31-4c2a-aab3-2d9c7778064c resource provider aggregate not found
2026-06-30 19:40:13.228 7 INFO neutron.services.segments.plugin [-] Segment 330ddfe7-8a31-4c2a-aab3-2d9c7778064c resource provider not found; error: Placement Client Error (4xx): {"errors": [{"status": 404, "title": "Not Found", "detail": "The resource could not be found.\n\n No resource provider with uuid 330ddfe7-8a31-4c2a-aab3-2d9c7778064c found for delete ", "request_id": "req-60600e9a-2792-464c-9ee3-15acd7a8bdae"}]}
2026-06-30 19:40:13.236 7 INFO neutron.services.segments.plugin [-] Segment 330ddfe7-8a31-4c2a-aab3-2d9c7778064c resource provider not found; error: Placement Client Error (4xx): {"errors": [{"status": 404, "title": "Not Found", "detail": "The resource could not be found.\n\n No resource provider with uuid 330ddfe7-8a31-4c2a-aab3-2d9c7778064c found for delete ", "request_id": "req-f121cc4e-5834-438f-9b22-192b0f5786c8"}]}
2026-06-30 19:40:13.248 7 INFO neutron.services.segments.plugin [-] Segment 59204b3e-cf1e-4dd6-b990-5800a72f1493 resource provider aggregate not found
2026-06-30 19:40:13.256 7 INFO neutron.services.segments.plugin [-] Segment 59204b3e-cf1e-4dd6-b990-5800a72f1493 resource provider aggregate not found
2026-06-30 19:40:13.271 7 INFO neutron.services.segments.plugin [-] Segment 59204b3e-cf1e-4dd6-b990-5800a72f1493 resource provider not found; error: Placement Client Error (4xx): {"errors": [{"status": 404, "title": "Not Found", "detail": "The resource could not be found.\n\n No resource provider with uuid 59204b3e-cf1e-4dd6-b990-5800a72f1493 found for delete ", "request_id": "req-56597df1-c4e2-45a9-b81b-90ec1940202a"}]}
2026-06-30 19:40:13.275 7 INFO neutron.services.segments.plugin [-] Segment 59204b3e-cf1e-4dd6-b990-5800a72f1493 resource provider not found; error: Placement Client Error (4xx): {"errors": [{"status": 404, "title": "Not Found", "detail": "The resource could not be found.\n\n No resource provider with uuid 59204b3e-cf1e-4dd6-b990-5800a72f1493 found for delete ", "request_id": "req-5d856f10-5047-4960-994d-05c4b611bd8b"}]}
2026-06-30 19:40:13.317 8 INFO neutron.services.segments.plugin [-] Segment 8ddadce2-ec10-4033-a340-a00db91268e9 resource provider aggregate not found
2026-06-30 19:40:13.325 8 INFO neutron.services.segments.plugin [-] Segment 8ddadce2-ec10-4033-a340-a00db91268e9 resource provider aggregate not found
2026-06-30 19:40:13.343 8 INFO neutron.services.segments.plugin [-] Segment 8ddadce2-ec10-4033-a340-a00db91268e9 resource provider not found; error: Placement Client Error (4xx): {"errors": [{"status": 404, "title": "Not Found", "detail": "The resource could not be found.\n\n No resource provider with uuid 8ddadce2-ec10-4033-a340-a00db91268e9 found for delete ", "request_id": "req-0bcb8dc0-af92-45f2-9e13-a5ba300684d5"}]}
2026-06-30 19:40:13.344 8 INFO neutron.services.segments.plugin [-] Segment 8ddadce2-ec10-4033-a340-a00db91268e9 resource provider not found; error: Placement Client Error (4xx): {"errors": [{"status": 404, "title": "Not Found", "detail": "The resource could not be found.\n\n No resource provider with uuid 8ddadce2-ec10-4033-a340-a00db91268e9 found for delete ", "request_id": "req-445de9d9-5439-4cf9-9bee-796437e311dc"}]} [pid: 8|app: 0|req: 613/1126] 10.0.0.156 () {32 vars in 740 bytes} [Tue Jun 30 19:40:13 2026] DELETE /v2.0/security-groups/7ffb500d-3262-4270-8572-4078e0d35da4 => generated 0 bytes in 335 msecs (HTTP/1.1 204) 2 headers in 112 bytes (1 switches on core 0)
2026-06-30 19:40:13.924 7 INFO neutron.db.ovn_revision_numbers_db [None req-a3c44806-7667-4550-a03e-3fad5fbc413e e38e1cb48f1c45858cb505a9e70a312b d83617622efd473db3d5dc1d16094695 - - default default] Successfully bumped revision number for resource 07e08d3c-e8c3-4b19-a7d1-4389fb31d623 (type: security_groups) to 1
2026-06-30 19:40:13.939 7 INFO neutron.db.ovn_revision_numbers_db [None req-a3c44806-7667-4550-a03e-3fad5fbc413e e38e1cb48f1c45858cb505a9e70a312b d83617622efd473db3d5dc1d16094695 - - default default] Successfully bumped revision number for resource 31ca99e7-c5ac-4f6d-b122-9af5990e9da6 (type: security_group_rules) to 0
2026-06-30 19:40:13.957 7 INFO neutron.db.ovn_revision_numbers_db [None req-a3c44806-7667-4550-a03e-3fad5fbc413e e38e1cb48f1c45858cb505a9e70a312b d83617622efd473db3d5dc1d16094695 - - default default] Successfully bumped revision number for resource 4286c84e-7c5d-48cd-89cc-7fbb1c7f0880 (type: security_group_rules) to 0
2026-06-30 19:40:13.974 7 INFO neutron.db.ovn_revision_numbers_db [None req-a3c44806-7667-4550-a03e-3fad5fbc413e e38e1cb48f1c45858cb505a9e70a312b d83617622efd473db3d5dc1d16094695 - - default default] Successfully bumped revision number for resource 982f3851-302f-47fc-a3a0-2ef6400fd7c8 (type: security_group_rules) to 0
2026-06-30 19:40:13.989 7 INFO neutron.db.ovn_revision_numbers_db [None req-a3c44806-7667-4550-a03e-3fad5fbc413e e38e1cb48f1c45858cb505a9e70a312b d83617622efd473db3d5dc1d16094695 - - default default] Successfully bumped revision number for resource f094681d-0eaa-4113-a3e5-930d8556358f (type: security_group_rules) to 0
2026-06-30 19:40:14.096 7 INFO neutron.db.segments_db [None req-a3c44806-7667-4550-a03e-3fad5fbc413e e38e1cb48f1c45858cb505a9e70a312b d83617622efd473db3d5dc1d16094695 - - default default] Added segment 0c17b1dd-b08a-4b65-84c0-ff2e6707d81d of type geneve for network 5105c540-8226-4b3c-b4c5-a4dff1b84a07
2026-06-30 19:40:14.259 7 INFO neutron.db.ovn_revision_numbers_db [None req-a3c44806-7667-4550-a03e-3fad5fbc413e e38e1cb48f1c45858cb505a9e70a312b d83617622efd473db3d5dc1d16094695 - - default default] Successfully bumped revision number for resource 5105c540-8226-4b3c-b4c5-a4dff1b84a07 (type: networks) to 1
2026-06-30 19:40:14.465 7 WARNING neutron.scheduler.dhcp_agent_scheduler [None req-a3c44806-7667-4550-a03e-3fad5fbc413e e38e1cb48f1c45858cb505a9e70a312b d83617622efd473db3d5dc1d16094695 - - default default] No more DHCP agents
2026-06-30 19:40:14.467 7 WARNING neutron.api.rpc.agentnotifiers.dhcp_rpc_agent_api [None req-a3c44806-7667-4550-a03e-3fad5fbc413e e38e1cb48f1c45858cb505a9e70a312b d83617622efd473db3d5dc1d16094695 - - default default] Unable to schedule network 5105c540-8226-4b3c-b4c5-a4dff1b84a07: no agents available; will retry on subsequent port and subnet creation events.
2026-06-30 19:40:14.530 8 INFO neutron.plugins.ml2.drivers.ovn.mech_driver.mech_driver [None req-6ef42651-3352-438c-908b-a8e02a086d83 - - - - - -] OVN reports status down for port: 160f7c8a-9b65-4b59-baf6-49e2d45d0bde
2026-06-30 19:40:14.570 7 INFO neutron.db.ovn_revision_numbers_db [None req-a3c44806-7667-4550-a03e-3fad5fbc413e e38e1cb48f1c45858cb505a9e70a312b d83617622efd473db3d5dc1d16094695 - - default default] Successfully bumped revision number for resource 160f7c8a-9b65-4b59-baf6-49e2d45d0bde (type: ports) to 1 [pid: 7|app: 0|req: 514/1127] 10.0.0.156 () {34 vars in 671 bytes} [Tue Jun 30 19:40:13 2026] POST /v2.0/networks => generated 764 bytes in 983 msecs (HTTP/1.1 201) 4 headers in 162 bytes (1 switches on core 0)
2026-06-30 19:40:14.783 8 WARNING neutron.scheduler.dhcp_agent_scheduler [None req-5bfad416-9da6-440a-97e2-e48af0406754 e38e1cb48f1c45858cb505a9e70a312b d83617622efd473db3d5dc1d16094695 - - default default] No more DHCP agents
2026-06-30 19:40:14.785 8 WARNING neutron.api.rpc.agentnotifiers.dhcp_rpc_agent_api [None req-5bfad416-9da6-440a-97e2-e48af0406754 e38e1cb48f1c45858cb505a9e70a312b d83617622efd473db3d5dc1d16094695 - - default default] Unable to schedule network 5105c540-8226-4b3c-b4c5-a4dff1b84a07: no agents available; will retry on subsequent port and subnet creation events.
2026-06-30 19:40:15.316 8 INFO neutron.db.ovn_revision_numbers_db [None req-35e238fa-4604-44da-bf08-f57ebd754b18 - - - - - -] Successfully bumped revision number for resource 160f7c8a-9b65-4b59-baf6-49e2d45d0bde (type: ports) to 2
2026-06-30 19:40:15.373 8 INFO neutron.db.ovn_revision_numbers_db [None req-35e238fa-4604-44da-bf08-f57ebd754b18 - - - - - -] Successfully bumped revision number for resource cecc183d-4dcf-46dc-a8ca-14247b525c9d (type: subnets) to 0 [pid: 8|app: 0|req: 614/1128] 10.0.0.156 () {34 vars in 669 bytes} [Tue Jun 30 19:40:14 2026] POST /v2.0/subnets => generated 690 bytes in 795 msecs (HTTP/1.1 201) 4 headers in 162 bytes (1 switches on core 0)
2026-06-30 19:40:15.688 7 INFO neutron.db.ovn_revision_numbers_db [None req-5fa030f7-3d3f-4b7b-8cfa-f5218addb2c5 88797b97169147cb9561d351ae5ae76f 9d67ef7f5b30487bbb608067405838ed - - default default] Successfully bumped revision number for resource 29744530-9a88-46cf-b2b7-926792679882 (type: security_groups) to 1
2026-06-30 19:40:15.710 7 INFO neutron.db.ovn_revision_numbers_db [None req-5fa030f7-3d3f-4b7b-8cfa-f5218addb2c5 88797b97169147cb9561d351ae5ae76f 9d67ef7f5b30487bbb608067405838ed - - default default] Successfully bumped revision number for resource 5e55fef6-63c0-4900-b34e-aa1286c6a07c (type: security_group_rules) to 0
2026-06-30 19:40:15.725 7 INFO neutron.db.ovn_revision_numbers_db [None req-5fa030f7-3d3f-4b7b-8cfa-f5218addb2c5 88797b97169147cb9561d351ae5ae76f 9d67ef7f5b30487bbb608067405838ed - - default default] Successfully bumped revision number for resource 6ba8e90b-eabb-41c7-bd8e-5a3b5420b9b7 (type: security_group_rules) to 0
2026-06-30 19:40:15.742 7 INFO neutron.db.ovn_revision_numbers_db [None req-5fa030f7-3d3f-4b7b-8cfa-f5218addb2c5 88797b97169147cb9561d351ae5ae76f 9d67ef7f5b30487bbb608067405838ed - - default default] Successfully bumped revision number for resource 6d3ee989-1e7b-41bb-9498-d895894904cc (type: security_group_rules) to 0
2026-06-30 19:40:15.763 7 INFO neutron.db.ovn_revision_numbers_db [None req-5fa030f7-3d3f-4b7b-8cfa-f5218addb2c5 88797b97169147cb9561d351ae5ae76f 9d67ef7f5b30487bbb608067405838ed - - default default] Successfully bumped revision number for resource d460ba07-220c-4cac-ab58-514f38d7e00e (type: security_group_rules) to 0
2026-06-30 19:40:15.883 7 INFO neutron.db.segments_db [None req-5fa030f7-3d3f-4b7b-8cfa-f5218addb2c5 88797b97169147cb9561d351ae5ae76f 9d67ef7f5b30487bbb608067405838ed - - default default] Added segment 6c66673f-8ea1-42a5-947b-ae9d3a8bb48b of type geneve for network b895f6a5-e11d-414e-9f97-1d63a7853166
2026-06-30 19:40:15.957 8 WARNING neutron.scheduler.dhcp_agent_scheduler [None req-32316dab-8da0-4b7f-a060-64171a071a48 e38e1cb48f1c45858cb505a9e70a312b d83617622efd473db3d5dc1d16094695 - - default default] No more DHCP agents
2026-06-30 19:40:15.958 8 WARNING neutron.api.rpc.agentnotifiers.dhcp_rpc_agent_api [None req-32316dab-8da0-4b7f-a060-64171a071a48 e38e1cb48f1c45858cb505a9e70a312b d83617622efd473db3d5dc1d16094695 - - default default] Unable to schedule network a68de0a6-e0a8-4ccf-9e1e-18eb41414fbc: no agents available; will retry on subsequent port and subnet creation events.
2026-06-30 19:40:15.968 7 INFO neutron.db.segments_db [None req-5fa030f7-3d3f-4b7b-8cfa-f5218addb2c5 88797b97169147cb9561d351ae5ae76f 9d67ef7f5b30487bbb608067405838ed - - default default] Added segment c2cc0438-b071-4969-bec0-b283aa8d5e33 of type geneve for network 69a1313c-090c-4f30-b901-e323d2fe0a83
2026-06-30 19:40:16.107 7 INFO neutron.plugins.ml2.drivers.ovn.mech_driver.mech_driver [None req-4e80ea3e-7d45-45ba-ab4b-fb24e41166a6 - - - - - -] OVN reports status down for port: d9049154-3ba5-4c94-951d-1b8b935ab724
2026-06-30 19:40:16.112 7 INFO neutron.db.ovn_revision_numbers_db [None req-5fa030f7-3d3f-4b7b-8cfa-f5218addb2c5 88797b97169147cb9561d351ae5ae76f 9d67ef7f5b30487bbb608067405838ed - - default default] Successfully bumped revision number for resource b895f6a5-e11d-414e-9f97-1d63a7853166 (type: networks) to 1
2026-06-30 19:40:16.114 8 INFO neutron.db.ovn_revision_numbers_db [None req-32316dab-8da0-4b7f-a060-64171a071a48 e38e1cb48f1c45858cb505a9e70a312b d83617622efd473db3d5dc1d16094695 - - default default] Successfully bumped revision number for resource d9049154-3ba5-4c94-951d-1b8b935ab724 (type: ports) to 1
2026-06-30 19:40:16.381 7 WARNING neutron.scheduler.dhcp_agent_scheduler [None req-5fa030f7-3d3f-4b7b-8cfa-f5218addb2c5 88797b97169147cb9561d351ae5ae76f 9d67ef7f5b30487bbb608067405838ed - - default default] No more DHCP agents
2026-06-30 19:40:16.384 7 WARNING neutron.api.rpc.agentnotifiers.dhcp_rpc_agent_api [None req-5fa030f7-3d3f-4b7b-8cfa-f5218addb2c5 88797b97169147cb9561d351ae5ae76f 9d67ef7f5b30487bbb608067405838ed - - default default] Unable to schedule network b895f6a5-e11d-414e-9f97-1d63a7853166: no agents available; will retry on subsequent port and subnet creation events.
2026-06-30 19:40:16.462 7 INFO neutron.plugins.ml2.drivers.ovn.mech_driver.mech_driver [None req-4e80ea3e-7d45-45ba-ab4b-fb24e41166a6 - - - - - -] OVN reports status down for port: 0f7dc152-220e-4e94-8c89-110a8f8c274f
2026-06-30 19:40:16.533 7 INFO neutron.db.ovn_revision_numbers_db [None req-5fa030f7-3d3f-4b7b-8cfa-f5218addb2c5 88797b97169147cb9561d351ae5ae76f 9d67ef7f5b30487bbb608067405838ed - - default default] Successfully bumped revision number for resource 0f7dc152-220e-4e94-8c89-110a8f8c274f (type: ports) to 1
2026-06-30 19:40:16.637 7 INFO neutron.db.ovn_revision_numbers_db [None req-5fa030f7-3d3f-4b7b-8cfa-f5218addb2c5 88797b97169147cb9561d351ae5ae76f 9d67ef7f5b30487bbb608067405838ed - - default default] Successfully bumped revision number for resource 69a1313c-090c-4f30-b901-e323d2fe0a83 (type: networks) to 1
2026-06-30 19:40:16.799 7 WARNING neutron.scheduler.dhcp_agent_scheduler [None req-5fa030f7-3d3f-4b7b-8cfa-f5218addb2c5 88797b97169147cb9561d351ae5ae76f 9d67ef7f5b30487bbb608067405838ed - - default default] No more DHCP agents
2026-06-30 19:40:16.800 7 WARNING neutron.api.rpc.agentnotifiers.dhcp_rpc_agent_api [None req-5fa030f7-3d3f-4b7b-8cfa-f5218addb2c5 88797b97169147cb9561d351ae5ae76f 9d67ef7f5b30487bbb608067405838ed - - default default] Unable to schedule network 69a1313c-090c-4f30-b901-e323d2fe0a83: no agents available; will retry on subsequent port and subnet creation events.
2026-06-30 19:40:16.867 8 INFO neutron.plugins.ml2.drivers.ovn.mech_driver.mech_driver [None req-6ef42651-3352-438c-908b-a8e02a086d83 - - - - - -] OVN reports status down for port: 5a5e56a8-fcd6-4819-b251-efb25b19f784
2026-06-30 19:40:16.881 8 INFO neutron.plugins.ml2.drivers.ovn.mech_driver.ovsdb.commands [None req-11ba5b41-1c04-4c96-951d-81b131bfd7db - - - - - -] Schedule LRP lrp-d9049154-3ba5-4c94-951d-1b8b935ab724 on gateway 1e0b5730-c7a3-4ed0-8a76-b605adc0adbc with priority 1
2026-06-30 19:40:16.910 7 INFO neutron.db.ovn_revision_numbers_db [None req-5fa030f7-3d3f-4b7b-8cfa-f5218addb2c5 88797b97169147cb9561d351ae5ae76f 9d67ef7f5b30487bbb608067405838ed - - default default] Successfully bumped revision number for resource 5a5e56a8-fcd6-4819-b251-efb25b19f784 (type: ports) to 1
2026-06-30 19:40:16.952 8 INFO neutron.plugins.ml2.drivers.ovn.mech_driver.ovsdb.ovsdb_monitor [None req-6224dfee-c442-4d6c-a499-92bdf9f10369 - - - - - -] Router fd448dc0-a038-4f7a-8c68-ca840de0775a is bound to host instance [pid: 7|app: 0|req: 515/1129] 10.0.0.156 () {34 vars in 670 bytes} [Tue Jun 30 19:40:15 2026] POST /v2.0/networks => generated 1283 bytes in 1723 msecs (HTTP/1.1 201) 4 headers in 163 bytes (1 switches on core 0)
2026-06-30 19:40:16.988 7 INFO neutron.plugins.ml2.drivers.ovn.mech_driver.mech_driver [None req-4e80ea3e-7d45-45ba-ab4b-fb24e41166a6 - - - - - -] OVN reports status up for port: d9049154-3ba5-4c94-951d-1b8b935ab724
2026-06-30 19:40:17.003 7 INFO neutron.plugins.ml2.plugin [None req-4e80ea3e-7d45-45ba-ab4b-fb24e41166a6 - - - - - -] Attempt 1 to provision port d9049154-3ba5-4c94-951d-1b8b935ab724
2026-06-30 19:40:17.067 8 INFO neutron.db.ovn_revision_numbers_db [None req-32316dab-8da0-4b7f-a060-64171a071a48 e38e1cb48f1c45858cb505a9e70a312b d83617622efd473db3d5dc1d16094695 - - default default] Successfully bumped revision number for resource d9049154-3ba5-4c94-951d-1b8b935ab724 (type: router_ports) to 1 [pid: 7|app: 0|req: 516/1130] 10.0.0.159 () {34 vars in 990 bytes} [Tue Jun 30 19:40:16 2026] GET /v2.0/ports?device_id=8f9d6edb-be01-4f3c-9ba4-9fb14c6cf790 => generated 1209 bytes in 194 msecs (HTTP/1.1 200) 4 headers in 158 bytes (1 switches on core 0) [pid: 7|app: 0|req: 517/1131] 10.0.0.156 () {32 vars in 649 bytes} [Tue Jun 30 19:40:17 2026] GET /v2.0/networks => generated 1970 bytes in 74 msecs (HTTP/1.1 200) 4 headers in 158 bytes (1 switches on core 0)
2026-06-30 19:40:17.260 8 INFO neutron.db.ovn_revision_numbers_db [None req-32316dab-8da0-4b7f-a060-64171a071a48 e38e1cb48f1c45858cb505a9e70a312b d83617622efd473db3d5dc1d16094695 - - default default] Successfully bumped revision number for resource fd448dc0-a038-4f7a-8c68-ca840de0775a (type: routers) to 2 [pid: 8|app: 0|req: 615/1132] 10.0.0.156 () {34 vars in 669 bytes} [Tue Jun 30 19:40:15 2026] POST /v2.0/routers => generated 968 bytes in 1888 msecs (HTTP/1.1 201) 4 headers in 162 bytes (1 switches on core 0) [pid: 7|app: 0|req: 518/1133] 10.0.0.159 () {34 vars in 990 bytes} [Tue Jun 30 19:40:17 2026] GET /v2.0/ports?device_id=2a5277d9-3c60-4fd8-bb6e-5a191619514b => generated 1213 bytes in 117 msecs (HTTP/1.1 200) 4 headers in 158 bytes (1 switches on core 0) [pid: 8|app: 0|req: 616/1134] 10.0.0.159 () {34 vars in 1040 bytes} [Tue Jun 30 19:40:17 2026] GET /v2.0/security-groups?id=03979f26-cc1a-424f-b741-80d31adc652c&fields=id&fields=name => generated 113 bytes in 102 msecs (HTTP/1.1 200) 4 headers in 157 bytes (1 switches on core 0)
2026-06-30 19:40:17.521 7 INFO neutron_taas.services.taas.taas_plugin [None req-4635c08f-b8a4-4b41-9f68-2be84bd3be6f 88797b97169147cb9561d351ae5ae76f 9d67ef7f5b30487bbb608067405838ed - - default default] TaaS: Handle Delete Port: 0f7dc152-220e-4e94-8c89-110a8f8c274f
2026-06-30 19:40:17.524 7 INFO neutron_taas.services.taas.tap_mirror_plugin [None req-4635c08f-b8a4-4b41-9f68-2be84bd3be6f 88797b97169147cb9561d351ae5ae76f 9d67ef7f5b30487bbb608067405838ed - - default default] Tap Mirror: Handle Delete Port: 0f7dc152-220e-4e94-8c89-110a8f8c274f
2026-06-30 19:40:17.748 7 INFO neutron.services.segments.plugin [-] Segment 6c66673f-8ea1-42a5-947b-ae9d3a8bb48b resource provider aggregate not found
2026-06-30 19:40:17.753 7 INFO neutron.services.segments.plugin [-] Segment 6c66673f-8ea1-42a5-947b-ae9d3a8bb48b resource provider aggregate not found
2026-06-30 19:40:17.775 7 INFO neutron.services.segments.plugin [-] Segment 6c66673f-8ea1-42a5-947b-ae9d3a8bb48b resource provider not found; error: Placement Client Error (4xx): {"errors": [{"status": 404, "title": "Not Found", "detail": "The resource could not be found.\n\n No resource provider with uuid 6c66673f-8ea1-42a5-947b-ae9d3a8bb48b found for delete ", "request_id": "req-4f527cca-2c81-4c84-93ec-179e6f19a2c4"}]}
2026-06-30 19:40:17.775 7 INFO neutron.services.segments.plugin [-] Segment 6c66673f-8ea1-42a5-947b-ae9d3a8bb48b resource provider not found; error: Placement Client Error (4xx): {"errors": [{"status": 404, "title": "Not Found", "detail": "The resource could not be found.\n\n No resource provider with uuid 6c66673f-8ea1-42a5-947b-ae9d3a8bb48b found for delete ", "request_id": "req-0e97656f-8376-43fc-bb5e-ef7fc984d8cb"}]} [pid: 7|app: 0|req: 519/1135] 10.0.0.156 () {32 vars in 726 bytes} [Tue Jun 30 19:40:17 2026] DELETE /v2.0/networks/b895f6a5-e11d-414e-9f97-1d63a7853166 => generated 0 bytes in 456 msecs (HTTP/1.1 204) 3 headers in 131 bytes (1 switches on core 0) [pid: 7|app: 0|req: 520/1136] 10.0.0.159 () {34 vars in 1040 bytes} [Tue Jun 30 19:40:17 2026] GET /v2.0/security-groups?id=6faca74b-b1c4-438a-b633-f54ffea36ef2&fields=id&fields=name => generated 114 bytes in 42 msecs (HTTP/1.1 200) 4 headers in 157 bytes (1 switches on core 0)
2026-06-30 19:40:18.019 7 INFO neutron_taas.services.taas.taas_plugin [None req-5b411bc3-c7a3-44d6-82fa-8acb9f5038f3 88797b97169147cb9561d351ae5ae76f 9d67ef7f5b30487bbb608067405838ed - - default default] TaaS: Handle Delete Port: 5a5e56a8-fcd6-4819-b251-efb25b19f784
2026-06-30 19:40:18.022 7 INFO neutron_taas.services.taas.tap_mirror_plugin [None req-5b411bc3-c7a3-44d6-82fa-8acb9f5038f3 88797b97169147cb9561d351ae5ae76f 9d67ef7f5b30487bbb608067405838ed - - default default] Tap Mirror: Handle Delete Port: 5a5e56a8-fcd6-4819-b251-efb25b19f784 [pid: 7|app: 0|req: 521/1137] 10.0.0.156 () {32 vars in 726 bytes} [Tue Jun 30 19:40:17 2026] DELETE /v2.0/networks/69a1313c-090c-4f30-b901-e323d2fe0a83 => generated 0 bytes in 408 msecs (HTTP/1.1 204) 3 headers in 131 bytes (1 switches on core 0) [pid: 7|app: 0|req: 524/1140] 10.0.0.156 () {32 vars in 649 bytes} [Tue Jun 30 19:40:18 2026] GET /v2.0/networks => generated 689 bytes in 111 msecs (HTTP/1.1 200) 4 headers in 157 bytes (1 switches on core 0)
2026-06-30 19:40:18.424 8 WARNING neutron.scheduler.dhcp_agent_scheduler [None req-34f364a9-ec7d-481c-a423-4ed330142bbd e38e1cb48f1c45858cb505a9e70a312b d83617622efd473db3d5dc1d16094695 - - default default] No more DHCP agents
2026-06-30 19:40:18.427 8 WARNING neutron.api.rpc.agentnotifiers.dhcp_rpc_agent_api [None req-34f364a9-ec7d-481c-a423-4ed330142bbd e38e1cb48f1c45858cb505a9e70a312b d83617622efd473db3d5dc1d16094695 - - default default] Unable to schedule network 5105c540-8226-4b3c-b4c5-a4dff1b84a07: no agents available; will retry on subsequent port and subnet creation events.
2026-06-30 19:40:18.492 7 INFO neutron.db.segments_db [None req-f3069672-f3c7-48e9-928a-d44c4e6215f5 88797b97169147cb9561d351ae5ae76f 9d67ef7f5b30487bbb608067405838ed - - default default] Added segment e260e34c-0668-432d-bd9a-734cdbbdd520 of type geneve for network a130994a-5610-48d9-bacf-3e6ee035636d
2026-06-30 19:40:18.621 7 INFO neutron.db.ovn_revision_numbers_db [None req-f3069672-f3c7-48e9-928a-d44c4e6215f5 88797b97169147cb9561d351ae5ae76f 9d67ef7f5b30487bbb608067405838ed - - default default] Successfully bumped revision number for resource a130994a-5610-48d9-bacf-3e6ee035636d (type: networks) to 1
2026-06-30 19:40:18.758 8 INFO neutron.db.ovn_revision_numbers_db [None req-34f364a9-ec7d-481c-a423-4ed330142bbd e38e1cb48f1c45858cb505a9e70a312b d83617622efd473db3d5dc1d16094695 - - default default] Successfully bumped revision number for resource 66c90c22-37b2-47cf-a92d-17207017ac28 (type: ports) to 1
2026-06-30 19:40:18.826 7 WARNING neutron.scheduler.dhcp_agent_scheduler [None req-f3069672-f3c7-48e9-928a-d44c4e6215f5 88797b97169147cb9561d351ae5ae76f 9d67ef7f5b30487bbb608067405838ed - - default default] No more DHCP agents
2026-06-30 19:40:18.827 7 WARNING neutron.api.rpc.agentnotifiers.dhcp_rpc_agent_api [None req-f3069672-f3c7-48e9-928a-d44c4e6215f5 88797b97169147cb9561d351ae5ae76f 9d67ef7f5b30487bbb608067405838ed - - default default] Unable to schedule network a130994a-5610-48d9-bacf-3e6ee035636d: no agents available; will retry on subsequent port and subnet creation events.
2026-06-30 19:40:18.912 7 INFO neutron.db.ovn_revision_numbers_db [None req-f3069672-f3c7-48e9-928a-d44c4e6215f5 88797b97169147cb9561d351ae5ae76f 9d67ef7f5b30487bbb608067405838ed - - default default] Successfully bumped revision number for resource fdae67e7-b644-4bbc-952e-042235ff0244 (type: ports) to 1 [pid: 7|app: 0|req: 525/1141] 10.0.0.156 () {34 vars in 670 bytes} [Tue Jun 30 19:40:18 2026] POST /v2.0/networks => generated 668 bytes in 539 msecs (HTTP/1.1 201) 4 headers in 162 bytes (1 switches on core 0)
2026-06-30 19:40:18.943 8 INFO neutron.plugins.ml2.drivers.ovn.mech_driver.mech_driver [None req-6ef42651-3352-438c-908b-a8e02a086d83 - - - - - -] OVN reports status down for port: fdae67e7-b644-4bbc-952e-042235ff0244
2026-06-30 19:40:19.074 7 INFO neutron.db.segments_db [None req-77e5247a-165f-4281-91d6-a7fe7235c683 88797b97169147cb9561d351ae5ae76f 9d67ef7f5b30487bbb608067405838ed - - default default] Added segment 923807ef-3bcc-4724-9be5-8a808bc9e081 of type geneve for network d4713146-33e9-46ad-b098-c3522de8f43e
2026-06-30 19:40:19.097 8 INFO neutron.db.ovn_revision_numbers_db [None req-d9c54520-a9e8-4d9d-9502-2e55eaf51d7c - - - - - -] Successfully bumped revision number for resource d9049154-3ba5-4c94-951d-1b8b935ab724 (type: ports) to 4
2026-06-30 19:40:19.214 7 INFO neutron.db.ovn_revision_numbers_db [None req-77e5247a-165f-4281-91d6-a7fe7235c683 88797b97169147cb9561d351ae5ae76f 9d67ef7f5b30487bbb608067405838ed - - default default] Successfully bumped revision number for resource d4713146-33e9-46ad-b098-c3522de8f43e (type: networks) to 1
2026-06-30 19:40:19.459 7 INFO neutron.plugins.ml2.drivers.ovn.mech_driver.mech_driver [None req-4e80ea3e-7d45-45ba-ab4b-fb24e41166a6 - - - - - -] OVN reports status down for port: 66c90c22-37b2-47cf-a92d-17207017ac28
2026-06-30 19:40:19.475 7 WARNING neutron.scheduler.dhcp_agent_scheduler [None req-77e5247a-165f-4281-91d6-a7fe7235c683 88797b97169147cb9561d351ae5ae76f 9d67ef7f5b30487bbb608067405838ed - - default default] No more DHCP agents
2026-06-30 19:40:19.479 7 WARNING neutron.api.rpc.agentnotifiers.dhcp_rpc_agent_api [None req-77e5247a-165f-4281-91d6-a7fe7235c683 88797b97169147cb9561d351ae5ae76f 9d67ef7f5b30487bbb608067405838ed - - default default] Unable to schedule network d4713146-33e9-46ad-b098-c3522de8f43e: no agents available; will retry on subsequent port and subnet creation events.
2026-06-30 19:40:19.591 7 INFO neutron.db.ovn_revision_numbers_db [None req-77e5247a-165f-4281-91d6-a7fe7235c683 88797b97169147cb9561d351ae5ae76f 9d67ef7f5b30487bbb608067405838ed - - default default] Successfully bumped revision number for resource 2b330195-65fa-4481-b775-aedcaadfa1d0 (type: ports) to 1 [pid: 7|app: 0|req: 526/1142] 10.0.0.156 () {34 vars in 670 bytes} [Tue Jun 30 19:40:18 2026] POST /v2.0/networks => generated 669 bytes in 670 msecs (HTTP/1.1 201) 4 headers in 162 bytes (1 switches on core 0)
2026-06-30 19:40:19.799 7 INFO neutron.services.segments.plugin [-] Segment c2cc0438-b071-4969-bec0-b283aa8d5e33 resource provider aggregate not found
2026-06-30 19:40:19.810 7 INFO neutron.services.segments.plugin [-] Segment c2cc0438-b071-4969-bec0-b283aa8d5e33 resource provider aggregate not found
2026-06-30 19:40:19.834 7 INFO neutron.services.segments.plugin [-] Segment c2cc0438-b071-4969-bec0-b283aa8d5e33 resource provider not found; error: Placement Client Error (4xx): {"errors": [{"status": 404, "title": "Not Found", "detail": "The resource could not be found.\n\n No resource provider with uuid c2cc0438-b071-4969-bec0-b283aa8d5e33 found for delete ", "request_id": "req-00c00eb4-e490-499f-8f34-5822426352fa"}]}
2026-06-30 19:40:19.848 7 INFO neutron.services.segments.plugin [-] Segment c2cc0438-b071-4969-bec0-b283aa8d5e33 resource provider not found; error: Placement Client Error (4xx): {"errors": [{"status": 404, "title": "Not Found", "detail": "The resource could not be found.\n\n No resource provider with uuid c2cc0438-b071-4969-bec0-b283aa8d5e33 found for delete ", "request_id": "req-0a45dbde-a3f3-449b-8595-68e51f60b485"}]}
2026-06-30 19:40:19.915 7 INFO neutron.plugins.ml2.drivers.ovn.mech_driver.mech_driver [None req-4e80ea3e-7d45-45ba-ab4b-fb24e41166a6 - - - - - -] OVN reports status down for port: 2b330195-65fa-4481-b775-aedcaadfa1d0
2026-06-30 19:40:19.970 8 INFO neutron.db.ovn_revision_numbers_db [None req-d9c54520-a9e8-4d9d-9502-2e55eaf51d7c - - - - - -] Successfully bumped revision number for resource d9049154-3ba5-4c94-951d-1b8b935ab724 (type: ports) to 5
2026-06-30 19:40:20.248 7 INFO neutron.plugins.ml2.drivers.ovn.mech_driver.mech_driver [None req-4e80ea3e-7d45-45ba-ab4b-fb24e41166a6 - - - - - -] OVN reports status up for port: 66c90c22-37b2-47cf-a92d-17207017ac28
2026-06-30 19:40:20.270 7 WARNING neutron.scheduler.dhcp_agent_scheduler [None req-4cf7cf14-630b-46d0-902a-15e29394c280 88797b97169147cb9561d351ae5ae76f 9d67ef7f5b30487bbb608067405838ed - - default default] No more DHCP agents
2026-06-30 19:40:20.272 7 INFO neutron.plugins.ml2.plugin [None req-4e80ea3e-7d45-45ba-ab4b-fb24e41166a6 - - - - - -] Attempt 1 to provision port 66c90c22-37b2-47cf-a92d-17207017ac28
2026-06-30 19:40:20.273 7 WARNING neutron.api.rpc.agentnotifiers.dhcp_rpc_agent_api [None req-4cf7cf14-630b-46d0-902a-15e29394c280 88797b97169147cb9561d351ae5ae76f 9d67ef7f5b30487bbb608067405838ed - - default default] Unable to schedule network a130994a-5610-48d9-bacf-3e6ee035636d: no agents available; will retry on subsequent port and subnet creation events.
2026-06-30 19:40:20.337 8 WARNING neutron.scheduler.dhcp_agent_scheduler [None req-34f364a9-ec7d-481c-a423-4ed330142bbd e38e1cb48f1c45858cb505a9e70a312b d83617622efd473db3d5dc1d16094695 - - default default] No more DHCP agents
2026-06-30 19:40:20.339 8 WARNING neutron.api.rpc.agentnotifiers.dhcp_rpc_agent_api [None req-34f364a9-ec7d-481c-a423-4ed330142bbd e38e1cb48f1c45858cb505a9e70a312b d83617622efd473db3d5dc1d16094695 - - default default] Unable to schedule network 5105c540-8226-4b3c-b4c5-a4dff1b84a07: no agents available; will retry on subsequent port and subnet creation events.
2026-06-30 19:40:20.409 8 INFO neutron.plugins.ml2.drivers.ovn.mech_driver.mech_driver [None req-6ef42651-3352-438c-908b-a8e02a086d83 - - - - - -] OVN reports status down for port: 80066feb-19b3-48a4-ab45-c3d8911ae553
2026-06-30 19:40:20.502 7 INFO neutron.db.ovn_revision_numbers_db [None req-4cf7cf14-630b-46d0-902a-15e29394c280 88797b97169147cb9561d351ae5ae76f 9d67ef7f5b30487bbb608067405838ed - - default default] Successfully bumped revision number for resource 80066feb-19b3-48a4-ab45-c3d8911ae553 (type: ports) to 1
2026-06-30 19:40:20.649 7 WARNING neutron.scheduler.dhcp_agent_scheduler [None req-4cf7cf14-630b-46d0-902a-15e29394c280 88797b97169147cb9561d351ae5ae76f 9d67ef7f5b30487bbb608067405838ed - - default default] No more DHCP agents
2026-06-30 19:40:20.652 7 WARNING neutron.api.rpc.agentnotifiers.dhcp_rpc_agent_api [None req-4cf7cf14-630b-46d0-902a-15e29394c280 88797b97169147cb9561d351ae5ae76f 9d67ef7f5b30487bbb608067405838ed - - default default] Unable to schedule network d4713146-33e9-46ad-b098-c3522de8f43e: no agents available; will retry on subsequent port and subnet creation events.
2026-06-30 19:40:20.840 7 INFO neutron.db.ovn_revision_numbers_db [None req-4cf7cf14-630b-46d0-902a-15e29394c280 88797b97169147cb9561d351ae5ae76f 9d67ef7f5b30487bbb608067405838ed - - default default] Successfully bumped revision number for resource 1e7147f1-ad51-4d38-9c7c-c09df59f5147 (type: ports) to 1
2026-06-30 19:40:21.050 8 INFO neutron.db.ovn_revision_numbers_db [None req-34f364a9-ec7d-481c-a423-4ed330142bbd e38e1cb48f1c45858cb505a9e70a312b d83617622efd473db3d5dc1d16094695 - - default default] Successfully bumped revision number for resource 66c90c22-37b2-47cf-a92d-17207017ac28 (type: router_ports) to 1 [pid: 8|app: 0|req: 617/1143] 10.0.0.156 () {34 vars in 783 bytes} [Tue Jun 30 19:40:17 2026] PUT /v2.0/routers/fd448dc0-a038-4f7a-8c68-ca840de0775a/add_router_interface => generated 309 bytes in 3653 msecs (HTTP/1.1 200) 4 headers in 157 bytes (1 switches on core 0) [pid: 7|app: 0|req: 527/1144] 10.0.0.156 () {34 vars in 665 bytes} [Tue Jun 30 19:40:19 2026] POST /v2.0/ports => generated 1505 bytes in 1461 msecs (HTTP/1.1 201) 4 headers in 163 bytes (1 switches on core 0)
2026-06-30 19:40:21.094 7 INFO neutron.db.ovn_revision_numbers_db [None req-4e80ea3e-7d45-45ba-ab4b-fb24e41166a6 - - - - - -] Successfully bumped revision number for resource 66c90c22-37b2-47cf-a92d-17207017ac28 (type: ports) to 2 /var/lib/openstack/lib/python3.12/site-packages/pycadf/identifier.py:70: UserWarning: Invalid uuid: neutron. To ensure interoperability, identifiers should be a valid uuid. warnings.warn(('Invalid uuid: %s. To ensure interoperability, ' [pid: 8|app: 0|req: 618/1145] 10.0.0.214 () {34 vars in 990 bytes} [Tue Jun 30 19:40:21 2026] GET /v2.0/ports?device_id=8f9d6edb-be01-4f3c-9ba4-9fb14c6cf790 => generated 971 bytes in 88 msecs (HTTP/1.1 200) 4 headers in 157 bytes (1 switches on core 0) [pid: 7|app: 0|req: 528/1146] 10.0.0.156 () {32 vars in 643 bytes} [Tue Jun 30 19:40:21 2026] GET /v2.0/ports => generated 3017 bytes in 145 msecs (HTTP/1.1 200) 4 headers in 158 bytes (1 switches on core 0) [pid: 8|app: 0|req: 619/1147] 10.0.0.214 () {34 vars in 971 bytes} [Tue Jun 30 19:40:21 2026] GET /v2.0/ports/c898a36b-8f4c-49c2-b0ff-e3ab063333e5 => generated 968 bytes in 51 msecs (HTTP/1.1 200) 4 headers in 157 bytes (1 switches on core 0)
2026-06-30 19:40:21.505 7 INFO neutron_taas.services.taas.taas_plugin [None req-4b1b1c5f-e92f-4414-aae1-f0d4afbeb656 88797b97169147cb9561d351ae5ae76f 9d67ef7f5b30487bbb608067405838ed - - default default] TaaS: Handle Delete Port: 80066feb-19b3-48a4-ab45-c3d8911ae553
