2026-08-22 15:19:41.454 10 WARNING neutron.services.revisions.revision_plugin [None req-9ac6b813-3f43-4ad1-bfc9-5ccc2d8791cc 88167f9fd10e408abe04062400d35569 2247bde776484dd19c432c10429cd910 - - default default] Could not find related network for resource to bump revision.
2026-08-22 15:19:41.503 10 INFO neutron.db.segments_db [None req-9ac6b813-3f43-4ad1-bfc9-5ccc2d8791cc 88167f9fd10e408abe04062400d35569 2247bde776484dd19c432c10429cd910 - - default default] Added segment 6dc8fd16-339b-4ed9-888d-f9d8903c9d6f of type flat for network 15387c42-da07-434d-bc16-302b9d285466
2026-08-22 15:19:41.727 10 INFO neutron.db.ovn_revision_numbers_db [None req-9ac6b813-3f43-4ad1-bfc9-5ccc2d8791cc 88167f9fd10e408abe04062400d35569 2247bde776484dd19c432c10429cd910 - - default default] Successfully bumped revision number for resource 15387c42-da07-434d-bc16-302b9d285466 (type: networks) to 1
2026-08-22 15:19:41.833 15 WARNING neutron.plugins.ml2.drivers.ovn.mech_driver.ovsdb.ovn_db_sync [None req-a9e4a136-1763-44fe-842b-af4a2c4a4003 - - - - - -] New host instance found in OVN SB DB, but not in Neutron. Add its SegmentHostMapping in Neutron
2026-08-22 15:19:41.998 10 WARNING neutron.scheduler.dhcp_agent_scheduler [None req-9ac6b813-3f43-4ad1-bfc9-5ccc2d8791cc 88167f9fd10e408abe04062400d35569 2247bde776484dd19c432c10429cd910 - - default default] No more DHCP agents
2026-08-22 15:19:42.000 10 WARNING neutron.api.rpc.agentnotifiers.dhcp_rpc_agent_api [None req-9ac6b813-3f43-4ad1-bfc9-5ccc2d8791cc 88167f9fd10e408abe04062400d35569 2247bde776484dd19c432c10429cd910 - - default default] Unable to schedule network 15387c42-da07-434d-bc16-302b9d285466: no agents available; will retry on subsequent port and subnet creation events.
2026-08-22 15:19:42.113 10 INFO neutron.db.ovn_revision_numbers_db [None req-9ac6b813-3f43-4ad1-bfc9-5ccc2d8791cc 88167f9fd10e408abe04062400d35569 2247bde776484dd19c432c10429cd910 - - default default] Successfully bumped revision number for resource 79cb0925-15d0-4a24-9948-31a368c64d7a (type: ports) to 1
2026-08-22 15:19:42.122 15 INFO neutron.plugins.ml2.drivers.ovn.mech_driver.ovsdb.extensions.qos [None req-6002ac48-f1c4-46a1-841c-5ccf5d107c03 - - - - - -] Starting OVNClientQosExtension
2026-08-22 15:19:42.141 10 INFO neutron.wsgi [None req-9ac6b813-3f43-4ad1-bfc9-5ccc2d8791cc 88167f9fd10e408abe04062400d35569 2247bde776484dd19c432c10429cd910 - - default default] 199.204.45.182,10.0.0.161 "POST /v2.0/networks HTTP/1.1" status: 201 len: 886 time: 1.1923516
2026-08-22 15:19:42.151 15 INFO neutron.plugins.ml2.drivers.ovn.mech_driver.ovsdb.extensions.qos [None req-6002ac48-f1c4-46a1-841c-5ccf5d107c03 - - - - - -] Starting OVNClientQosExtension
2026-08-22 15:19:43.186 10 INFO neutron.pecan_wsgi.hooks.translation [None req-f71654e0-4134-4f6c-abaf-df85a3a23a1a 88167f9fd10e408abe04062400d35569 2247bde776484dd19c432c10429cd910 - - default default] GET failed (client error): The resource could not be found.
2026-08-22 15:19:43.188 10 INFO neutron.wsgi [None req-f71654e0-4134-4f6c-abaf-df85a3a23a1a 88167f9fd10e408abe04062400d35569 2247bde776484dd19c432c10429cd910 - - default default] 199.204.45.182,10.0.0.161 "GET /v2.0/networks/public HTTP/1.1" status: 404 len: 290 time: 0.0609334
2026-08-22 15:19:43.237 10 INFO neutron.wsgi [None req-e59ce8be-e023-425d-90b5-c1af6532d158 88167f9fd10e408abe04062400d35569 2247bde776484dd19c432c10429cd910 - - default default] 199.204.45.182,10.0.0.161 "GET /v2.0/networks?name=public HTTP/1.1" status: 200 len: 890 time: 0.0462232
2026-08-22 15:19:43.274 10 INFO neutron.pecan_wsgi.hooks.translation [None req-9943e335-79d4-4a86-92e9-41895c91ba7e 88167f9fd10e408abe04062400d35569 2247bde776484dd19c432c10429cd910 - - default default] GET failed (client error): The resource could not be found.
2026-08-22 15:19:43.275 10 INFO neutron.wsgi [None req-9943e335-79d4-4a86-92e9-41895c91ba7e 88167f9fd10e408abe04062400d35569 2247bde776484dd19c432c10429cd910 - - default default] 199.204.45.182,10.0.0.161 "GET /v2.0/subnets/public-subnet?network_id=15387c42-da07-434d-bc16-302b9d285466 HTTP/1.1" status: 404 len: 295 time: 0.0280609
2026-08-22 15:19:43.302 10 INFO neutron.wsgi [None req-4cbf35c7-9fd8-4f08-9b51-2c8543ef292a 88167f9fd10e408abe04062400d35569 2247bde776484dd19c432c10429cd910 - - default default] 199.204.45.182,10.0.0.161 "GET /v2.0/subnets?name=public-subnet&network_id=15387c42-da07-434d-bc16-302b9d285466 HTTP/1.1" status: 200 len: 188 time: 0.0235167
2026-08-22 15:19:43.590 10 WARNING neutron.scheduler.dhcp_agent_scheduler [None req-4c96ecab-195a-4bf9-a0d8-7d5f2a6e0679 88167f9fd10e408abe04062400d35569 2247bde776484dd19c432c10429cd910 - - default default] No more DHCP agents
2026-08-22 15:19:43.598 10 WARNING neutron.api.rpc.agentnotifiers.dhcp_rpc_agent_api [None req-4c96ecab-195a-4bf9-a0d8-7d5f2a6e0679 88167f9fd10e408abe04062400d35569 2247bde776484dd19c432c10429cd910 - - default default] Unable to schedule network 15387c42-da07-434d-bc16-302b9d285466: no agents available; will retry on subsequent port and subnet creation events.
2026-08-22 15:19:45.078 10 INFO neutron.db.ovn_revision_numbers_db [None req-4c96ecab-195a-4bf9-a0d8-7d5f2a6e0679 88167f9fd10e408abe04062400d35569 2247bde776484dd19c432c10429cd910 - - default default] Successfully bumped revision number for resource 79cb0925-15d0-4a24-9948-31a368c64d7a (type: ports) to 2
2026-08-22 15:19:45.149 10 INFO neutron.db.ovn_revision_numbers_db [None req-4c96ecab-195a-4bf9-a0d8-7d5f2a6e0679 88167f9fd10e408abe04062400d35569 2247bde776484dd19c432c10429cd910 - - default default] Successfully bumped revision number for resource 4863cc8b-0af8-4ea5-b676-5e59cc4617f5 (type: subnets) to 0
2026-08-22 15:19:45.185 10 INFO neutron.wsgi [None req-4c96ecab-195a-4bf9-a0d8-7d5f2a6e0679 88167f9fd10e408abe04062400d35569 2247bde776484dd19c432c10429cd910 - - default default] 199.204.45.182,10.0.0.161 "POST /v2.0/subnets HTTP/1.1" status: 201 len: 821 time: 1.8692968
2026-08-22 15:19:49.665 10 INFO neutron.wsgi [-] 10.0.0.161 "GET / HTTP/1.1" status: 200 len: 247 time: 0.0018728
2026-08-22 15:20:04.663 10 INFO neutron.wsgi [-] 10.0.0.161 "GET / HTTP/1.1" status: 200 len: 247 time: 0.0016129
2026-08-22 15:20:19.664 9 INFO neutron.wsgi [-] 10.0.0.161 "GET / HTTP/1.1" status: 200 len: 247 time: 0.0024629
2026-08-22 15:20:34.664 9 INFO neutron.wsgi [-] 10.0.0.161 "GET / HTTP/1.1" status: 200 len: 247 time: 0.0024357
2026-08-22 15:20:34.665 10 INFO neutron.wsgi [-] 10.0.0.161 "GET / HTTP/1.1" status: 200 len: 247 time: 0.0031111
2026-08-22 15:20:49.668 10 INFO neutron.wsgi [-] 10.0.0.161 "GET / HTTP/1.1" status: 200 len: 247 time: 0.0071826
2026-08-22 15:20:49.673 10 INFO neutron.wsgi [-] 10.0.0.161 "GET / HTTP/1.1" status: 200 len: 247 time: 0.0031025
2026-08-22 15:21:04.664 9 INFO neutron.wsgi [-] 10.0.0.161 "GET / HTTP/1.1" status: 200 len: 247 time: 0.0016692
2026-08-22 15:21:04.664 10 INFO neutron.wsgi [-] 10.0.0.161 "GET / HTTP/1.1" status: 200 len: 247 time: 0.0017600
2026-08-22 15:21:19.664 9 INFO neutron.wsgi [-] 10.0.0.161 "GET / HTTP/1.1" status: 200 len: 247 time: 0.0023057
2026-08-22 15:21:19.666 9 INFO neutron.wsgi [-] 10.0.0.161 "GET / HTTP/1.1" status: 200 len: 247 time: 0.0016928
2026-08-22 15:21:34.664 9 INFO neutron.wsgi [-] 10.0.0.161 "GET / HTTP/1.1" status: 200 len: 247 time: 0.0023010
2026-08-22 15:21:34.665 10 INFO neutron.wsgi [-] 10.0.0.161 "GET / HTTP/1.1" status: 200 len: 247 time: 0.0020609
2026-08-22 15:21:49.663 9 INFO neutron.wsgi [-] 10.0.0.161 "GET / HTTP/1.1" status: 200 len: 247 time: 0.0015347
2026-08-22 15:21:49.665 10 INFO neutron.wsgi [-] 10.0.0.161 "GET / HTTP/1.1" status: 200 len: 247 time: 0.0025368
2026-08-22 15:22:04.663 10 INFO neutron.wsgi [-] 10.0.0.161 "GET / HTTP/1.1" status: 200 len: 247 time: 0.0016518
2026-08-22 15:22:04.666 10 INFO neutron.wsgi [-] 10.0.0.161 "GET / HTTP/1.1" status: 200 len: 247 time: 0.0016575
2026-08-22 15:22:19.664 9 INFO neutron.wsgi [-] 10.0.0.161 "GET / HTTP/1.1" status: 200 len: 247 time: 0.0020788
2026-08-22 15:22:19.666 9 INFO neutron.wsgi [-] 10.0.0.161 "GET / HTTP/1.1" status: 200 len: 247 time: 0.0012650
2026-08-22 15:22:34.665 9 INFO neutron.wsgi [-] 10.0.0.161 "GET / HTTP/1.1" status: 200 len: 247 time: 0.0027971
2026-08-22 15:22:34.668 9 INFO neutron.wsgi [-] 10.0.0.161 "GET / HTTP/1.1" status: 200 len: 247 time: 0.0020764
2026-08-22 15:22:49.664 9 INFO neutron.wsgi [-] 10.0.0.161 "GET / HTTP/1.1" status: 200 len: 247 time: 0.0023701
2026-08-22 15:22:49.664 10 INFO neutron.wsgi [-] 10.0.0.161 "GET / HTTP/1.1" status: 200 len: 247 time: 0.0024807
2026-08-22 15:23:04.665 10 INFO neutron.wsgi [-] 10.0.0.161 "GET / HTTP/1.1" status: 200 len: 247 time: 0.0035589
2026-08-22 15:23:04.671 10 INFO neutron.wsgi [-] 10.0.0.161 "GET / HTTP/1.1" status: 200 len: 247 time: 0.0042219
2026-08-22 15:23:19.663 10 INFO neutron.wsgi [-] 10.0.0.161 "GET / HTTP/1.1" status: 200 len: 247 time: 0.0016358
2026-08-22 15:23:19.665 9 INFO neutron.wsgi [-] 10.0.0.161 "GET / HTTP/1.1" status: 200 len: 247 time: 0.0024481
2026-08-22 15:23:34.664 10 INFO neutron.wsgi [-] 10.0.0.161 "GET / HTTP/1.1" status: 200 len: 247 time: 0.0020523
2026-08-22 15:23:34.665 9 INFO neutron.wsgi [-] 10.0.0.161 "GET / HTTP/1.1" status: 200 len: 247 time: 0.0036535
2026-08-22 15:23:49.663 10 INFO neutron.wsgi [-] 10.0.0.161 "GET / HTTP/1.1" status: 200 len: 247 time: 0.0018327
2026-08-22 15:23:49.663 9 INFO neutron.wsgi [-] 10.0.0.161 "GET / HTTP/1.1" status: 200 len: 247 time: 0.0021138
2026-08-22 15:24:04.665 9 INFO neutron.wsgi [-] 10.0.0.161 "GET / HTTP/1.1" status: 200 len: 247 time: 0.0028586
2026-08-22 15:24:04.666 10 INFO neutron.wsgi [-] 10.0.0.161 "GET / HTTP/1.1" status: 200 len: 247 time: 0.0038371
2026-08-22 15:24:19.663 10 INFO neutron.wsgi [-] 10.0.0.161 "GET / HTTP/1.1" status: 200 len: 247 time: 0.0018153
2026-08-22 15:24:19.663 9 INFO neutron.wsgi [-] 10.0.0.161 "GET / HTTP/1.1" status: 200 len: 247 time: 0.0017898
2026-08-22 15:24:28.524 10 INFO neutron.pecan_wsgi.hooks.translation [None req-ba9818f4-d85a-46d7-918f-a79540bab19e 88167f9fd10e408abe04062400d35569 2247bde776484dd19c432c10429cd910 - - default default] GET failed (client error): The resource could not be found.
2026-08-22 15:24:28.525 10 INFO neutron.wsgi [None req-ba9818f4-d85a-46d7-918f-a79540bab19e 88167f9fd10e408abe04062400d35569 2247bde776484dd19c432c10429cd910 - - default default] 199.204.45.182,10.0.0.161 "GET /v2.0/networks/lb-mgmt-net HTTP/1.1" status: 404 len: 295 time: 0.1384234
2026-08-22 15:24:28.542 10 INFO neutron.wsgi [None req-b3b67b03-1b2a-42e3-b161-5c47db403c35 88167f9fd10e408abe04062400d35569 2247bde776484dd19c432c10429cd910 - - default default] 199.204.45.182,10.0.0.161 "GET /v2.0/networks?name=lb-mgmt-net HTTP/1.1" status: 200 len: 189 time: 0.0127227
2026-08-22 15:24:28.718 10 INFO neutron.db.segments_db [None req-292caf7a-69f2-43ca-be3e-864629ace1e0 88167f9fd10e408abe04062400d35569 2247bde776484dd19c432c10429cd910 - - default default] Added segment 3f35f2c3-2694-4583-a8c4-64387aaa21e7 of type geneve for network b94c4546-185f-4bea-b24b-4f343a4d1f56
2026-08-22 15:24:29.025 10 INFO neutron.db.ovn_revision_numbers_db [None req-292caf7a-69f2-43ca-be3e-864629ace1e0 88167f9fd10e408abe04062400d35569 2247bde776484dd19c432c10429cd910 - - default default] Successfully bumped revision number for resource b94c4546-185f-4bea-b24b-4f343a4d1f56 (type: networks) to 1
2026-08-22 15:24:29.235 10 WARNING neutron.scheduler.dhcp_agent_scheduler [None req-292caf7a-69f2-43ca-be3e-864629ace1e0 88167f9fd10e408abe04062400d35569 2247bde776484dd19c432c10429cd910 - - default default] No more DHCP agents
2026-08-22 15:24:29.236 10 WARNING neutron.api.rpc.agentnotifiers.dhcp_rpc_agent_api [None req-292caf7a-69f2-43ca-be3e-864629ace1e0 88167f9fd10e408abe04062400d35569 2247bde776484dd19c432c10429cd910 - - default default] Unable to schedule network b94c4546-185f-4bea-b24b-4f343a4d1f56: no agents available; will retry on subsequent port and subnet creation events.
2026-08-22 15:24:29.348 10 INFO neutron.db.ovn_revision_numbers_db [None req-292caf7a-69f2-43ca-be3e-864629ace1e0 88167f9fd10e408abe04062400d35569 2247bde776484dd19c432c10429cd910 - - default default] Successfully bumped revision number for resource 0fe1c0ee-8d5d-4c44-94da-c4fb8e6b4c0a (type: ports) to 1
2026-08-22 15:24:29.389 10 INFO neutron.wsgi [None req-292caf7a-69f2-43ca-be3e-864629ace1e0 88167f9fd10e408abe04062400d35569 2247bde776484dd19c432c10429cd910 - - default default] 199.204.45.182,10.0.0.161 "POST /v2.0/networks HTTP/1.1" status: 201 len: 890 time: 0.8405128
2026-08-22 15:24:30.362 10 INFO neutron.pecan_wsgi.hooks.translation [None req-98da70dd-c2e1-417b-9c1d-4dcb238485a0 88167f9fd10e408abe04062400d35569 2247bde776484dd19c432c10429cd910 - - default default] GET failed (client error): The resource could not be found.
2026-08-22 15:24:30.364 10 INFO neutron.wsgi [None req-98da70dd-c2e1-417b-9c1d-4dcb238485a0 88167f9fd10e408abe04062400d35569 2247bde776484dd19c432c10429cd910 - - default default] 199.204.45.182,10.0.0.161 "GET /v2.0/networks/lb-mgmt-net HTTP/1.1" status: 404 len: 295 time: 0.0924010
2026-08-22 15:24:30.417 10 INFO neutron.wsgi [None req-c745d547-85df-4e84-832b-4a754269a52e 88167f9fd10e408abe04062400d35569 2247bde776484dd19c432c10429cd910 - - default default] 199.204.45.182,10.0.0.161 "GET /v2.0/networks?name=lb-mgmt-net HTTP/1.1" status: 200 len: 875 time: 0.0493839
2026-08-22 15:24:30.442 10 INFO neutron.pecan_wsgi.hooks.translation [None req-daa128f3-7858-4180-ab20-94da162c2f8d 88167f9fd10e408abe04062400d35569 2247bde776484dd19c432c10429cd910 - - default default] GET failed (client error): The resource could not be found.
2026-08-22 15:24:30.443 10 INFO neutron.wsgi [None req-daa128f3-7858-4180-ab20-94da162c2f8d 88167f9fd10e408abe04062400d35569 2247bde776484dd19c432c10429cd910 - - default default] 199.204.45.182,10.0.0.161 "GET /v2.0/subnets/lb-mgmt-subnet?network_id=b94c4546-185f-4bea-b24b-4f343a4d1f56 HTTP/1.1" status: 404 len: 296 time: 0.0170953
2026-08-22 15:24:30.461 10 INFO neutron.wsgi [None req-adaadf27-e033-4e49-b620-37733b57c705 88167f9fd10e408abe04062400d35569 2247bde776484dd19c432c10429cd910 - - default default] 199.204.45.182,10.0.0.161 "GET /v2.0/subnets?name=lb-mgmt-subnet&network_id=b94c4546-185f-4bea-b24b-4f343a4d1f56 HTTP/1.1" status: 200 len: 188 time: 0.0146148
2026-08-22 15:24:30.713 10 WARNING neutron.scheduler.dhcp_agent_scheduler [None req-46bf1db4-5d6e-4bf0-83ac-a70480aca378 88167f9fd10e408abe04062400d35569 2247bde776484dd19c432c10429cd910 - - default default] No more DHCP agents
2026-08-22 15:24:30.714 10 WARNING neutron.api.rpc.agentnotifiers.dhcp_rpc_agent_api [None req-46bf1db4-5d6e-4bf0-83ac-a70480aca378 88167f9fd10e408abe04062400d35569 2247bde776484dd19c432c10429cd910 - - default default] Unable to schedule network b94c4546-185f-4bea-b24b-4f343a4d1f56: no agents available; will retry on subsequent port and subnet creation events.
2026-08-22 15:24:31.471 10 INFO neutron.db.ovn_revision_numbers_db [None req-46bf1db4-5d6e-4bf0-83ac-a70480aca378 88167f9fd10e408abe04062400d35569 2247bde776484dd19c432c10429cd910 - - default default] Successfully bumped revision number for resource 0fe1c0ee-8d5d-4c44-94da-c4fb8e6b4c0a (type: ports) to 2
2026-08-22 15:24:31.588 10 INFO neutron.db.ovn_revision_numbers_db [None req-46bf1db4-5d6e-4bf0-83ac-a70480aca378 88167f9fd10e408abe04062400d35569 2247bde776484dd19c432c10429cd910 - - default default] Successfully bumped revision number for resource ac88b02e-6cce-486c-a6bd-b84ffc87a965 (type: subnets) to 0
2026-08-22 15:24:31.642 10 INFO neutron.wsgi [None req-46bf1db4-5d6e-4bf0-83ac-a70480aca378 88167f9fd10e408abe04062400d35569 2247bde776484dd19c432c10429cd910 - - default default] 199.204.45.182,10.0.0.161 "POST /v2.0/subnets HTTP/1.1" status: 201 len: 807 time: 1.1741383
2026-08-22 15:24:32.114 15 INFO neutron.db.ovn_revision_numbers_db [None req-f591bbf2-e058-495e-8fa6-9bc0e4433ae9 - - - - - -] Successfully bumped revision number for resource 15387c42-da07-434d-bc16-302b9d285466 (type: networks) to 2
2026-08-22 15:24:32.114 15 INFO neutron.plugins.ml2.drivers.ovn.mech_driver.ovsdb.maintenance [None req-f591bbf2-e058-495e-8fa6-9bc0e4433ae9 - - - - - -] Maintenance task: Synchronization completed (took 0.20 seconds)
2026-08-22 15:24:32.762 10 INFO neutron.api.v2.resource [None req-7eceb0f5-2368-4e69-bb27-dd98bd47676a 88167f9fd10e408abe04062400d35569 2247bde776484dd19c432c10429cd910 - - default default] show failed (client error): The resource could not be found.
2026-08-22 15:24:32.763 10 INFO neutron.wsgi [None req-7eceb0f5-2368-4e69-bb27-dd98bd47676a 88167f9fd10e408abe04062400d35569 2247bde776484dd19c432c10429cd910 - - default default] 199.204.45.182,10.0.0.161 "GET /v2.0/security-groups/lb-health-mgr-sec-grp HTTP/1.1" status: 404 len: 313 time: 0.0428820
2026-08-22 15:24:32.800 10 INFO neutron.wsgi [None req-d90c50cb-a0e2-4755-84d8-4539523f9326 88167f9fd10e408abe04062400d35569 2247bde776484dd19c432c10429cd910 - - default default] 199.204.45.182,10.0.0.161 "GET /v2.0/security-groups?name=lb-health-mgr-sec-grp HTTP/1.1" status: 200 len: 197 time: 0.0329690
2026-08-22 15:24:33.074 10 INFO neutron.db.ovn_revision_numbers_db [None req-ab96e288-b55a-4c15-8664-3214a98c316a 88167f9fd10e408abe04062400d35569 2247bde776484dd19c432c10429cd910 - - default default] Successfully bumped revision number for resource 1dd22fdf-e494-4ba1-9781-9502bbc14e02 (type: security_groups) to 1
2026-08-22 15:24:33.097 10 INFO neutron.db.ovn_revision_numbers_db [None req-ab96e288-b55a-4c15-8664-3214a98c316a 88167f9fd10e408abe04062400d35569 2247bde776484dd19c432c10429cd910 - - default default] Successfully bumped revision number for resource 2e30ecc3-bd03-4688-9972-2a4eb1c40a8f (type: security_group_rules) to 0
2026-08-22 15:24:33.119 10 INFO neutron.db.ovn_revision_numbers_db [None req-ab96e288-b55a-4c15-8664-3214a98c316a 88167f9fd10e408abe04062400d35569 2247bde776484dd19c432c10429cd910 - - default default] Successfully bumped revision number for resource b6bc557c-71bd-4653-9830-d3ed504b0fac (type: security_group_rules) to 0
2026-08-22 15:24:33.151 10 INFO neutron.wsgi [None req-ab96e288-b55a-4c15-8664-3214a98c316a 88167f9fd10e408abe04062400d35569 2247bde776484dd19c432c10429cd910 - - default default] 199.204.45.182,10.0.0.161 "POST /v2.0/security-groups HTTP/1.1" status: 201 len: 1797 time: 0.3443129
2026-08-22 15:24:34.164 10 INFO neutron.wsgi [None req-0abcda46-fb36-4bb6-8726-eabafd3599e7 88167f9fd10e408abe04062400d35569 2247bde776484dd19c432c10429cd910 - - default default] 199.204.45.182,10.0.0.161 "GET /v2.0/security-groups/1dd22fdf-e494-4ba1-9781-9502bbc14e02 HTTP/1.1" status: 200 len: 1792 time: 0.0507772
2026-08-22 15:24:34.193 10 INFO neutron.wsgi [None req-8d5451fe-2138-42f3-8f81-af5161ad503f 88167f9fd10e408abe04062400d35569 2247bde776484dd19c432c10429cd910 - - default default] 199.204.45.182,10.0.0.161 "GET /v2.0/security-groups/1dd22fdf-e494-4ba1-9781-9502bbc14e02 HTTP/1.1" status: 200 len: 1792 time: 0.0216339
2026-08-22 15:24:34.234 10 INFO neutron.wsgi [None req-bbbea5e7-029b-4904-9630-70e7d5ae8a61 88167f9fd10e408abe04062400d35569 2247bde776484dd19c432c10429cd910 - - default default] 199.204.45.182,10.0.0.161 "GET /v2.0/security-groups/1dd22fdf-e494-4ba1-9781-9502bbc14e02 HTTP/1.1" status: 200 len: 1792 time: 0.0340078
2026-08-22 15:24:34.524 10 INFO neutron.db.ovn_revision_numbers_db [None req-d24e3fd6-5e05-4066-adfe-9fe3b30f62ab 88167f9fd10e408abe04062400d35569 2247bde776484dd19c432c10429cd910 - - default default] Successfully bumped revision number for resource fe47543b-633a-4879-9f03-814c918d49c7 (type: security_group_rules) to 0
2026-08-22 15:24:34.582 10 INFO neutron.wsgi [None req-d24e3fd6-5e05-4066-adfe-9fe3b30f62ab 88167f9fd10e408abe04062400d35569 2247bde776484dd19c432c10429cd910 - - default default] 199.204.45.182,10.0.0.161 "POST /v2.0/security-group-rules HTTP/1.1" status: 201 len: 781 time: 0.3430474
2026-08-22 15:24:34.665 10 INFO neutron.wsgi [-] 10.0.0.161 "GET / HTTP/1.1" status: 200 len: 247 time: 0.0034473
2026-08-22 15:24:34.667 10 INFO neutron.wsgi [-] 10.0.0.161 "GET / HTTP/1.1" status: 200 len: 247 time: 0.0013702
2026-08-22 15:24:35.445 10 INFO neutron.wsgi [None req-d35a6044-ad8e-41aa-951e-ed52f7323d5d 88167f9fd10e408abe04062400d35569 2247bde776484dd19c432c10429cd910 - - default default] 199.204.45.182,10.0.0.161 "GET /v2.0/security-groups/1dd22fdf-e494-4ba1-9781-9502bbc14e02 HTTP/1.1" status: 200 len: 2406 time: 0.0533803
2026-08-22 15:24:35.479 10 INFO neutron.wsgi [None req-d8385212-73ba-475c-a0db-70c025f12369 88167f9fd10e408abe04062400d35569 2247bde776484dd19c432c10429cd910 - - default default] 199.204.45.182,10.0.0.161 "GET /v2.0/security-groups/1dd22fdf-e494-4ba1-9781-9502bbc14e02 HTTP/1.1" status: 200 len: 2406 time: 0.0264785
2026-08-22 15:24:35.516 10 INFO neutron.wsgi [None req-2dc88d67-cced-4402-ade8-6f52ca1a5b8a 88167f9fd10e408abe04062400d35569 2247bde776484dd19c432c10429cd910 - - default default] 199.204.45.182,10.0.0.161 "GET /v2.0/security-groups/1dd22fdf-e494-4ba1-9781-9502bbc14e02 HTTP/1.1" status: 200 len: 2406 time: 0.0313931
2026-08-22 15:24:35.703 10 INFO neutron.db.ovn_revision_numbers_db [None req-203dcc47-d6ca-4e11-ada0-241ad1e2f93e 88167f9fd10e408abe04062400d35569 2247bde776484dd19c432c10429cd910 - - default default] Successfully bumped revision number for resource 09a3a0d6-50af-428f-9618-1d119f9f8944 (type: security_group_rules) to 0
2026-08-22 15:24:35.799 10 INFO neutron.wsgi [None req-203dcc47-d6ca-4e11-ada0-241ad1e2f93e 88167f9fd10e408abe04062400d35569 2247bde776484dd19c432c10429cd910 - - default default] 199.204.45.182,10.0.0.161 "POST /v2.0/security-group-rules HTTP/1.1" status: 201 len: 783 time: 0.2781119
2026-08-22 15:24:36.668 10 INFO neutron.wsgi [None req-69c225a1-0403-4a01-bc7c-223094384e87 88167f9fd10e408abe04062400d35569 2247bde776484dd19c432c10429cd910 - - default default] 199.204.45.182,10.0.0.161 "GET /v2.0/security-groups/1dd22fdf-e494-4ba1-9781-9502bbc14e02 HTTP/1.1" status: 200 len: 3022 time: 0.0810676
2026-08-22 15:24:36.706 10 INFO neutron.wsgi [None req-5114eeda-ba76-4187-84b7-7a4a3dee0318 88167f9fd10e408abe04062400d35569 2247bde776484dd19c432c10429cd910 - - default default] 199.204.45.182,10.0.0.161 "GET /v2.0/security-groups/1dd22fdf-e494-4ba1-9781-9502bbc14e02 HTTP/1.1" status: 200 len: 3022 time: 0.0300817
2026-08-22 15:24:36.744 10 INFO neutron.wsgi [None req-8bffa874-72bb-405f-bd70-68f5bd1dc774 88167f9fd10e408abe04062400d35569 2247bde776484dd19c432c10429cd910 - - default default] 199.204.45.182,10.0.0.161 "GET /v2.0/security-groups/1dd22fdf-e494-4ba1-9781-9502bbc14e02 HTTP/1.1" status: 200 len: 3022 time: 0.0306938
2026-08-22 15:24:36.924 10 INFO neutron.db.ovn_revision_numbers_db [None req-ef9d1a01-a873-48ec-9102-dd3250ef02a4 88167f9fd10e408abe04062400d35569 2247bde776484dd19c432c10429cd910 - - default default] Successfully bumped revision number for resource ff4e8ce1-29bc-4048-9158-45fbba0cab6e (type: security_group_rules) to 0
2026-08-22 15:24:36.957 10 INFO neutron.wsgi [None req-ef9d1a01-a873-48ec-9102-dd3250ef02a4 88167f9fd10e408abe04062400d35569 2247bde776484dd19c432c10429cd910 - - default default] 199.204.45.182,10.0.0.161 "POST /v2.0/security-group-rules HTTP/1.1" status: 201 len: 783 time: 0.2056956
2026-08-22 15:24:37.822 10 INFO neutron.wsgi [None req-c68eef6c-b863-4cc2-bf4f-c6c2237246fc 88167f9fd10e408abe04062400d35569 2247bde776484dd19c432c10429cd910 - - default default] 199.204.45.182,10.0.0.161 "GET /v2.0/security-groups/1dd22fdf-e494-4ba1-9781-9502bbc14e02 HTTP/1.1" status: 200 len: 3638 time: 0.0613441
2026-08-22 15:24:37.860 10 INFO neutron.wsgi [None req-68960964-fc4f-428a-92ef-a59e863e0aee 88167f9fd10e408abe04062400d35569 2247bde776484dd19c432c10429cd910 - - default default] 199.204.45.182,10.0.0.161 "GET /v2.0/security-groups/1dd22fdf-e494-4ba1-9781-9502bbc14e02 HTTP/1.1" status: 200 len: 3638 time: 0.0307481
2026-08-22 15:24:37.897 10 INFO neutron.wsgi [None req-73440557-52e5-4f84-b98b-ceaa89c7e3fe 88167f9fd10e408abe04062400d35569 2247bde776484dd19c432c10429cd910 - - default default] 199.204.45.182,10.0.0.161 "GET /v2.0/security-groups/1dd22fdf-e494-4ba1-9781-9502bbc14e02 HTTP/1.1" status: 200 len: 3638 time: 0.0322464
2026-08-22 15:24:38.039 10 INFO neutron.db.ovn_revision_numbers_db [None req-0c19bd9f-581d-4c7d-9efd-d8e1484f3422 88167f9fd10e408abe04062400d35569 2247bde776484dd19c432c10429cd910 - - default default] Successfully bumped revision number for resource 6618a4cc-a2da-4d84-8ff9-e7b6c12de475 (type: security_group_rules) to 0
2026-08-22 15:24:38.063 10 INFO neutron.wsgi [None req-0c19bd9f-581d-4c7d-9efd-d8e1484f3422 88167f9fd10e408abe04062400d35569 2247bde776484dd19c432c10429cd910 - - default default] 199.204.45.182,10.0.0.161 "POST /v2.0/security-group-rules HTTP/1.1" status: 201 len: 783 time: 0.1583498
2026-08-22 15:24:39.027 10 INFO neutron.wsgi [None req-c56a3df6-2bfc-4ad0-a6dc-17f64eee501e 88167f9fd10e408abe04062400d35569 2247bde776484dd19c432c10429cd910 - - default default] 199.204.45.182,10.0.0.161 "GET /v2.0/security-groups/1dd22fdf-e494-4ba1-9781-9502bbc14e02 HTTP/1.1" status: 200 len: 4254 time: 0.0710027
2026-08-22 15:24:39.067 10 INFO neutron.wsgi [None req-9b5fc032-0f4c-4bc0-8503-7b40dd874bc5 88167f9fd10e408abe04062400d35569 2247bde776484dd19c432c10429cd910 - - default default] 199.204.45.182,10.0.0.161 "GET /v2.0/security-groups/1dd22fdf-e494-4ba1-9781-9502bbc14e02 HTTP/1.1" status: 200 len: 4254 time: 0.0317979
2026-08-22 15:24:39.108 10 INFO neutron.wsgi [None req-bc84deef-d7bc-4f72-acde-e91cec48e4e9 88167f9fd10e408abe04062400d35569 2247bde776484dd19c432c10429cd910 - - default default] 199.204.45.182,10.0.0.161 "GET /v2.0/security-groups/1dd22fdf-e494-4ba1-9781-9502bbc14e02 HTTP/1.1" status: 200 len: 4254 time: 0.0339732
2026-08-22 15:24:39.379 10 INFO neutron.db.ovn_revision_numbers_db [None req-20276f15-b687-4620-87b0-e0ce815f5574 88167f9fd10e408abe04062400d35569 2247bde776484dd19c432c10429cd910 - - default default] Successfully bumped revision number for resource e4c3a799-80b4-4450-8e38-cf848873f0ed (type: security_group_rules) to 0
2026-08-22 15:24:39.414 10 INFO neutron.wsgi [None req-20276f15-b687-4620-87b0-e0ce815f5574 88167f9fd10e408abe04062400d35569 2247bde776484dd19c432c10429cd910 - - default default] 199.204.45.182,10.0.0.161 "POST /v2.0/security-group-rules HTTP/1.1" status: 201 len: 783 time: 0.2985997
2026-08-22 15:24:40.497 10 INFO neutron.wsgi [None req-6d70d12a-ba7f-4fb7-88c3-a6873cfa412b 88167f9fd10e408abe04062400d35569 2247bde776484dd19c432c10429cd910 - - default default] 199.204.45.182,10.0.0.161 "GET /v2.0/networks/b94c4546-185f-4bea-b24b-4f343a4d1f56 HTTP/1.1" status: 200 len: 910 time: 0.0806146
2026-08-22 15:24:40.525 10 INFO neutron.pecan_wsgi.hooks.translation [None req-e30eaf50-0a9e-4d99-8bb1-a0e10536be46 88167f9fd10e408abe04062400d35569 2247bde776484dd19c432c10429cd910 - - default default] GET failed (client error): The resource could not be found.
2026-08-22 15:24:40.527 10 INFO neutron.wsgi [None req-e30eaf50-0a9e-4d99-8bb1-a0e10536be46 88167f9fd10e408abe04062400d35569 2247bde776484dd19c432c10429cd910 - - default default] 199.204.45.182,10.0.0.161 "GET /v2.0/ports/octavia-health-manager-port-instance?network_id=b94c4546-185f-4bea-b24b-4f343a4d1f56 HTTP/1.1" status: 404 len: 314 time: 0.0211670
2026-08-22 15:24:40.562 10 INFO neutron.wsgi [None req-6cff4e72-a2ad-49d1-b90e-383f69ede709 88167f9fd10e408abe04062400d35569 2247bde776484dd19c432c10429cd910 - - default default] 199.204.45.182,10.0.0.161 "GET /v2.0/ports?name=octavia-health-manager-port-instance&network_id=b94c4546-185f-4bea-b24b-4f343a4d1f56 HTTP/1.1" status: 200 len: 186 time: 0.0320718
2026-08-22 15:24:40.605 10 INFO neutron.wsgi [None req-4dfd431e-978a-463f-b515-e0537f547602 88167f9fd10e408abe04062400d35569 2247bde776484dd19c432c10429cd910 - - default default] 199.204.45.182,10.0.0.161 "GET /v2.0/security-groups/1dd22fdf-e494-4ba1-9781-9502bbc14e02 HTTP/1.1" status: 200 len: 4870 time: 0.0387249
2026-08-22 15:24:40.950 10 WARNING neutron.scheduler.dhcp_agent_scheduler [None req-a7b0d444-0e61-426c-901c-5803b534db76 88167f9fd10e408abe04062400d35569 2247bde776484dd19c432c10429cd910 - - default default] No more DHCP agents
2026-08-22 15:24:40.952 10 WARNING neutron.api.rpc.agentnotifiers.dhcp_rpc_agent_api [None req-a7b0d444-0e61-426c-901c-5803b534db76 88167f9fd10e408abe04062400d35569 2247bde776484dd19c432c10429cd910 - - default default] Unable to schedule network b94c4546-185f-4bea-b24b-4f343a4d1f56: no agents available; will retry on subsequent port and subnet creation events.
2026-08-22 15:24:41.103 10 INFO neutron.db.ovn_revision_numbers_db [None req-a7b0d444-0e61-426c-901c-5803b534db76 88167f9fd10e408abe04062400d35569 2247bde776484dd19c432c10429cd910 - - default default] Successfully bumped revision number for resource f14295fc-1543-4c5e-be79-6ecde7faf0ed (type: ports) to 1
2026-08-22 15:24:41.130 10 INFO neutron.wsgi [None req-a7b0d444-0e61-426c-901c-5803b534db76 88167f9fd10e408abe04062400d35569 2247bde776484dd19c432c10429cd910 - - default default] 199.204.45.182,10.0.0.161 "POST /v2.0/ports HTTP/1.1" status: 201 len: 1277 time: 0.5159414 /var/lib/openstack/lib/python3.10/site-packages/pycadf/identifier.py:71: UserWarning: Invalid uuid: unknown. To ensure interoperability, identifiers should be a valid uuid. warnings.warn(('Invalid uuid: %s. To ensure interoperability, '
2026-08-22 15:24:46.796 10 INFO neutron.pecan_wsgi.hooks.translation [None req-b63bc65d-24cd-4a9f-a741-7aee47ca6cc3 88167f9fd10e408abe04062400d35569 2247bde776484dd19c432c10429cd910 - - default default] GET failed (client error): The resource could not be found.
2026-08-22 15:24:46.798 10 INFO neutron.wsgi [None req-b63bc65d-24cd-4a9f-a741-7aee47ca6cc3 88167f9fd10e408abe04062400d35569 2247bde776484dd19c432c10429cd910 - - default default] 199.204.45.182,10.0.0.161 "GET /v2.0/ports/octavia-health-manager-port-instance HTTP/1.1" status: 404 len: 314 time: 0.0927124
2026-08-22 15:24:46.853 10 INFO neutron.wsgi [None req-76333b02-9ceb-4087-821b-cf3d9814f1e7 88167f9fd10e408abe04062400d35569 2247bde776484dd19c432c10429cd910 - - default default] 199.204.45.182,10.0.0.161 "GET /v2.0/ports?name=octavia-health-manager-port-instance HTTP/1.1" status: 200 len: 1275 time: 0.0509388
2026-08-22 15:24:47.308 10 INFO neutron.db.ovn_revision_numbers_db [None req-ec5240db-c379-4907-9225-c06795f84c4a 88167f9fd10e408abe04062400d35569 2247bde776484dd19c432c10429cd910 - - default default] Successfully bumped revision number for resource f14295fc-1543-4c5e-be79-6ecde7faf0ed (type: ports) to 1
2026-08-22 15:24:47.573 10 INFO neutron.db.ovn_revision_numbers_db [None req-ec5240db-c379-4907-9225-c06795f84c4a 88167f9fd10e408abe04062400d35569 2247bde776484dd19c432c10429cd910 - - default default] Successfully bumped revision number for resource f14295fc-1543-4c5e-be79-6ecde7faf0ed (type: ports) to 2
2026-08-22 15:24:47.597 10 INFO neutron.wsgi [None req-ec5240db-c379-4907-9225-c06795f84c4a 88167f9fd10e408abe04062400d35569 2247bde776484dd19c432c10429cd910 - - default default] 199.204.45.182,10.0.0.161 "PUT /v2.0/ports/f14295fc-1543-4c5e-be79-6ecde7faf0ed HTTP/1.1" status: 200 len: 1362 time: 0.7365904 /var/lib/openstack/lib/python3.10/site-packages/pycadf/identifier.py:71: UserWarning: Invalid uuid: unknown. To ensure interoperability, identifiers should be a valid uuid. warnings.warn(('Invalid uuid: %s. To ensure interoperability, '
2026-08-22 15:24:49.298 10 INFO neutron.wsgi [None req-d3a3ea3e-5cdf-45e3-ab2d-35c55abb8380 88167f9fd10e408abe04062400d35569 2247bde776484dd19c432c10429cd910 - - default default] 199.204.45.182,10.0.0.161 "GET /v2.0/ports HTTP/1.1" status: 200 len: 3507 time: 0.0825925
2026-08-22 15:24:49.664 10 INFO neutron.wsgi [-] 10.0.0.161 "GET / HTTP/1.1" status: 200 len: 247 time: 0.0017283
2026-08-22 15:24:49.665 9 INFO neutron.wsgi [-] 10.0.0.161 "GET / HTTP/1.1" status: 200 len: 247 time: 0.0027001
2026-08-22 15:24:50.312 10 INFO neutron.api.v2.resource [None req-788e7d84-3f77-4bbe-8fde-40ee0645b6e0 88167f9fd10e408abe04062400d35569 2247bde776484dd19c432c10429cd910 - - default default] show failed (client error): The resource could not be found.
2026-08-22 15:24:50.313 10 INFO neutron.wsgi [None req-788e7d84-3f77-4bbe-8fde-40ee0645b6e0 88167f9fd10e408abe04062400d35569 2247bde776484dd19c432c10429cd910 - - default default] 199.204.45.182,10.0.0.161 "GET /v2.0/security-groups/lb-mgmt-sec-grp HTTP/1.1" status: 404 len: 307 time: 0.0507979
2026-08-22 15:24:50.346 10 INFO neutron.wsgi [None req-65276841-8c10-45af-99fb-a82770006426 88167f9fd10e408abe04062400d35569 2247bde776484dd19c432c10429cd910 - - default default] 199.204.45.182,10.0.0.161 "GET /v2.0/security-groups?name=lb-mgmt-sec-grp HTTP/1.1" status: 200 len: 197 time: 0.0305281
2026-08-22 15:24:50.480 10 INFO neutron.db.ovn_revision_numbers_db [None req-5e04be4a-f395-479d-b21e-e6c24713f16d 88167f9fd10e408abe04062400d35569 2247bde776484dd19c432c10429cd910 - - default default] Successfully bumped revision number for resource d3a9c92b-432b-4a39-92aa-2eba851d5ae6 (type: security_groups) to 1
2026-08-22 15:24:50.494 10 INFO neutron.db.ovn_revision_numbers_db [None req-5e04be4a-f395-479d-b21e-e6c24713f16d 88167f9fd10e408abe04062400d35569 2247bde776484dd19c432c10429cd910 - - default default] Successfully bumped revision number for resource dfc698a1-7cec-40a7-9a6d-d6f12bd1a527 (type: security_group_rules) to 0
2026-08-22 15:24:50.522 10 INFO neutron.db.ovn_revision_numbers_db [None req-5e04be4a-f395-479d-b21e-e6c24713f16d 88167f9fd10e408abe04062400d35569 2247bde776484dd19c432c10429cd910 - - default default] Successfully bumped revision number for resource f086e6d9-9602-4972-9cde-5d67ec987c45 (type: security_group_rules) to 0
2026-08-22 15:24:50.553 10 INFO neutron.wsgi [None req-5e04be4a-f395-479d-b21e-e6c24713f16d 88167f9fd10e408abe04062400d35569 2247bde776484dd19c432c10429cd910 - - default default] 199.204.45.182,10.0.0.161 "POST /v2.0/security-groups HTTP/1.1" status: 201 len: 1791 time: 0.2044725
2026-08-22 15:24:51.492 10 INFO neutron.wsgi [None req-c202fdbc-3f7d-444b-b205-5a87ef25f035 88167f9fd10e408abe04062400d35569 2247bde776484dd19c432c10429cd910 - - default default] 199.204.45.182,10.0.0.161 "GET /v2.0/security-groups/d3a9c92b-432b-4a39-92aa-2eba851d5ae6 HTTP/1.1" status: 200 len: 1786 time: 0.0578871
2026-08-22 15:24:51.535 10 INFO neutron.wsgi [None req-939e6ec7-73ad-4f6d-aa52-e77f9cff35ab 88167f9fd10e408abe04062400d35569 2247bde776484dd19c432c10429cd910 - - default default] 199.204.45.182,10.0.0.161 "GET /v2.0/security-groups/d3a9c92b-432b-4a39-92aa-2eba851d5ae6 HTTP/1.1" status: 200 len: 1786 time: 0.0311334
2026-08-22 15:24:51.571 10 INFO neutron.wsgi [None req-752afbed-8f31-4637-ae60-ef9b0d1e8aff 88167f9fd10e408abe04062400d35569 2247bde776484dd19c432c10429cd910 - - default default] 199.204.45.182,10.0.0.161 "GET /v2.0/security-groups/d3a9c92b-432b-4a39-92aa-2eba851d5ae6 HTTP/1.1" status: 200 len: 1786 time: 0.0283113
2026-08-22 15:24:51.728 10 INFO neutron.db.ovn_revision_numbers_db [None req-7f32684b-300c-4def-81cd-0e8bb254918f 88167f9fd10e408abe04062400d35569 2247bde776484dd19c432c10429cd910 - - default default] Successfully bumped revision number for resource 59a0c496-33a9-4dcc-9c6a-6c4a98948be6 (type: security_group_rules) to 0
2026-08-22 15:24:51.753 10 INFO neutron.wsgi [None req-7f32684b-300c-4def-81cd-0e8bb254918f 88167f9fd10e408abe04062400d35569 2247bde776484dd19c432c10429cd910 - - default default] 199.204.45.182,10.0.0.161 "POST /v2.0/security-group-rules HTTP/1.1" status: 201 len: 801 time: 0.1744778
2026-08-22 15:24:52.589 10 INFO neutron.wsgi [None req-0ef3d3fb-d7c9-4be9-b65a-aed0a579eb17 88167f9fd10e408abe04062400d35569 2247bde776484dd19c432c10429cd910 - - default default] 199.204.45.182,10.0.0.161 "GET /v2.0/security-groups/d3a9c92b-432b-4a39-92aa-2eba851d5ae6 HTTP/1.1" status: 200 len: 2420 time: 0.0700915
2026-08-22 15:24:52.629 10 INFO neutron.wsgi [None req-05e8388d-bbc8-4285-8e3f-30eca2dd9030 88167f9fd10e408abe04062400d35569 2247bde776484dd19c432c10429cd910 - - default default] 199.204.45.182,10.0.0.161 "GET /v2.0/security-groups/d3a9c92b-432b-4a39-92aa-2eba851d5ae6 HTTP/1.1" status: 200 len: 2420 time: 0.0342600
2026-08-22 15:24:52.669 10 INFO neutron.wsgi [None req-dbf37be6-2558-46be-b5ec-79b34f9a6013 88167f9fd10e408abe04062400d35569 2247bde776484dd19c432c10429cd910 - - default default] 199.204.45.182,10.0.0.161 "GET /v2.0/security-groups/d3a9c92b-432b-4a39-92aa-2eba851d5ae6 HTTP/1.1" status: 200 len: 2420 time: 0.0312729
2026-08-22 15:24:52.846 10 INFO neutron.db.ovn_revision_numbers_db [None req-2b237159-1e86-4dee-bdf4-e5f50e8c70ad 88167f9fd10e408abe04062400d35569 2247bde776484dd19c432c10429cd910 - - default default] Successfully bumped revision number for resource d7f3b638-b8b0-47b6-a889-481a42eea043 (type: security_group_rules) to 0
2026-08-22 15:24:52.872 10 INFO neutron.wsgi [None req-2b237159-1e86-4dee-bdf4-e5f50e8c70ad 88167f9fd10e408abe04062400d35569 2247bde776484dd19c432c10429cd910 - - default default] 199.204.45.182,10.0.0.161 "POST /v2.0/security-group-rules HTTP/1.1" status: 201 len: 805 time: 0.1941962
2026-08-22 15:25:04.665 9 INFO neutron.wsgi [-] 10.0.0.161 "GET / HTTP/1.1" status: 200 len: 247 time: 0.0025134
2026-08-22 15:25:04.665 10 INFO neutron.wsgi [-] 10.0.0.161 "GET / HTTP/1.1" status: 200 len: 247 time: 0.0027442
2026-08-22 15:25:19.666 9 INFO neutron.wsgi [-] 10.0.0.161 "GET / HTTP/1.1" status: 200 len: 247 time: 0.0038860
2026-08-22 15:25:19.668 9 INFO neutron.wsgi [-] 10.0.0.161 "GET / HTTP/1.1" status: 200 len: 247 time: 0.0012839
2026-08-22 15:25:34.702 9 INFO neutron.wsgi [-] 10.0.0.161 "GET / HTTP/1.1" status: 200 len: 247 time: 0.0014777
2026-08-22 15:25:34.704 9 INFO neutron.wsgi [-] 10.0.0.161 "GET / HTTP/1.1" status: 200 len: 247 time: 0.0010679
2026-08-22 15:25:49.663 10 INFO neutron.wsgi [-] 10.0.0.161 "GET / HTTP/1.1" status: 200 len: 247 time: 0.0015929
2026-08-22 15:25:49.665 10 INFO neutron.wsgi [-] 10.0.0.161 "GET / HTTP/1.1" status: 200 len: 247 time: 0.0012486
2026-08-22 15:26:04.663 9 INFO neutron.wsgi [-] 10.0.0.161 "GET / HTTP/1.1" status: 200 len: 247 time: 0.0023198
2026-08-22 15:26:04.664 10 INFO neutron.wsgi [-] 10.0.0.161 "GET / HTTP/1.1" status: 200 len: 247 time: 0.0029209
2026-08-22 15:26:19.663 9 INFO neutron.wsgi [-] 10.0.0.161 "GET / HTTP/1.1" status: 200 len: 247 time: 0.0018039
2026-08-22 15:26:19.664 10 INFO neutron.wsgi [-] 10.0.0.161 "GET / HTTP/1.1" status: 200 len: 247 time: 0.0026598 /var/lib/openstack/lib/python3.10/site-packages/pycadf/identifier.py:71: UserWarning: Invalid uuid: unknown. To ensure interoperability, identifiers should be a valid uuid. warnings.warn(('Invalid uuid: %s. To ensure interoperability, '
2026-08-22 15:26:31.036 9 INFO neutron.wsgi [None req-0567009c-b68f-4d51-b7a2-063fd0fe66cb 88167f9fd10e408abe04062400d35569 2247bde776484dd19c432c10429cd910 - - default default] 199.204.45.182,10.0.0.161 "GET /v2.0/quotas/2247bde776484dd19c432c10429cd910 HTTP/1.1" status: 200 len: 467 time: 0.2071502
2026-08-22 15:26:31.693 9 WARNING oslo_policy.policy [None req-9b37ba73-9ed1-4262-8261-29c4b9335892 88167f9fd10e408abe04062400d35569 2247bde776484dd19c432c10429cd910 - - default default] Policies ['get_subnets_tags'] reference a rule that is not defined. /var/lib/openstack/lib/python3.10/site-packages/neutron/extensions/quotasv2.py:139: UserWarning: Neutron quota engine will require "--force" parameter to set a quota limit without checking the resource usage. warnings.warn('Neutron quota engine will require "--force" '
2026-08-22 15:26:31.756 9 INFO neutron.wsgi [None req-9b37ba73-9ed1-4262-8261-29c4b9335892 88167f9fd10e408abe04062400d35569 2247bde776484dd19c432c10429cd910 - - default default] 199.204.45.182,10.0.0.161 "PUT /v2.0/quotas/2247bde776484dd19c432c10429cd910 HTTP/1.1" status: 200 len: 466 time: 0.1970892
2026-08-22 15:26:34.662 9 INFO neutron.wsgi [-] 10.0.0.161 "GET / HTTP/1.1" status: 200 len: 247 time: 0.0014677
2026-08-22 15:26:34.665 10 INFO neutron.wsgi [-] 10.0.0.161 "GET / HTTP/1.1" status: 200 len: 247 time: 0.0031538
2026-08-22 15:26:49.667 9 INFO neutron.wsgi [-] 10.0.0.161 "GET / HTTP/1.1" status: 200 len: 247 time: 0.0025043
2026-08-22 15:26:49.670 9 INFO neutron.wsgi [-] 10.0.0.161 "GET / HTTP/1.1" status: 200 len: 247 time: 0.0020285
2026-08-22 15:27:04.663 10 INFO neutron.wsgi [-] 10.0.0.161 "GET / HTTP/1.1" status: 200 len: 247 time: 0.0013154
2026-08-22 15:27:04.665 9 INFO neutron.wsgi [-] 10.0.0.161 "GET / HTTP/1.1" status: 200 len: 247 time: 0.0028646
2026-08-22 15:27:19.664 10 INFO neutron.wsgi [-] 10.0.0.161 "GET / HTTP/1.1" status: 200 len: 247 time: 0.0022752
2026-08-22 15:27:19.664 9 INFO neutron.wsgi [-] 10.0.0.161 "GET / HTTP/1.1" status: 200 len: 247 time: 0.0026207
2026-08-22 15:27:34.663 10 INFO neutron.wsgi [-] 10.0.0.161 "GET / HTTP/1.1" status: 200 len: 247 time: 0.0017037
2026-08-22 15:27:34.665 9 INFO neutron.wsgi [-] 10.0.0.161 "GET / HTTP/1.1" status: 200 len: 247 time: 0.0025501
2026-08-22 15:27:49.666 9 INFO neutron.wsgi [-] 10.0.0.161 "GET / HTTP/1.1" status: 200 len: 247 time: 0.0037708
2026-08-22 15:27:49.668 9 INFO neutron.wsgi [-] 10.0.0.161 "GET / HTTP/1.1" status: 200 len: 247 time: 0.0012865
2026-08-22 15:28:04.664 10 INFO neutron.wsgi [-] 10.0.0.161 "GET / HTTP/1.1" status: 200 len: 247 time: 0.0024099
2026-08-22 15:28:04.667 10 INFO neutron.wsgi [-] 10.0.0.161 "GET / HTTP/1.1" status: 200 len: 247 time: 0.0018542
2026-08-22 15:28:19.663 9 INFO neutron.wsgi [-] 10.0.0.161 "GET / HTTP/1.1" status: 200 len: 247 time: 0.0016546
2026-08-22 15:28:19.665 9 INFO neutron.wsgi [-] 10.0.0.161 "GET / HTTP/1.1" status: 200 len: 247 time: 0.0011880
2026-08-22 15:28:34.669 9 INFO neutron.wsgi [-] 10.0.0.161 "GET / HTTP/1.1" status: 200 len: 247 time: 0.0016344
2026-08-22 15:28:34.671 9 INFO neutron.wsgi [-] 10.0.0.161 "GET / HTTP/1.1" status: 200 len: 247 time: 0.0015581
2026-08-22 15:28:49.663 10 INFO neutron.wsgi [-] 10.0.0.161 "GET / HTTP/1.1" status: 200 len: 247 time: 0.0018048
2026-08-22 15:28:49.664 9 INFO neutron.wsgi [-] 10.0.0.161 "GET / HTTP/1.1" status: 200 len: 247 time: 0.0018606
2026-08-22 15:29:04.665 10 INFO neutron.wsgi [-] 10.0.0.161 "GET / HTTP/1.1" status: 200 len: 247 time: 0.0027709
2026-08-22 15:29:04.665 9 INFO neutron.wsgi [-] 10.0.0.161 "GET / HTTP/1.1" status: 200 len: 247 time: 0.0031219
2026-08-22 15:29:19.664 9 INFO neutron.wsgi [-] 10.0.0.161 "GET / HTTP/1.1" status: 200 len: 247 time: 0.0024717
2026-08-22 15:29:19.667 9 INFO neutron.wsgi [-] 10.0.0.161 "GET / HTTP/1.1" status: 200 len: 247 time: 0.0019178 /var/lib/openstack/lib/python3.10/site-packages/pycadf/identifier.py:71: UserWarning: Invalid uuid: neutron. To ensure interoperability, identifiers should be a valid uuid. warnings.warn(('Invalid uuid: %s. To ensure interoperability, '
2026-08-22 15:29:24.904 10 INFO neutron.pecan_wsgi.hooks.translation [None req-8e958cce-b76c-4c55-8ba1-0f7031139c13 88167f9fd10e408abe04062400d35569 2247bde776484dd19c432c10429cd910 - - default default] GET failed (client error): The resource could not be found.
2026-08-22 15:29:24.906 10 INFO neutron.wsgi [None req-8e958cce-b76c-4c55-8ba1-0f7031139c13 88167f9fd10e408abe04062400d35569 2247bde776484dd19c432c10429cd910 - - default default] 199.204.45.182 "GET /v2.0/ports/octavia-health-manager-port-instance HTTP/1.1" status: 404 len: 338 time: 0.2401519
2026-08-22 15:29:24.952 10 INFO neutron.wsgi [None req-aa880f33-ff37-4cee-b1c1-756110e673b8 88167f9fd10e408abe04062400d35569 2247bde776484dd19c432c10429cd910 - - default default] 199.204.45.182 "GET /v2.0/ports?name=octavia-health-manager-port-instance HTTP/1.1" status: 200 len: 1417 time: 0.0429430
2026-08-22 15:29:26.700 10 INFO neutron.pecan_wsgi.hooks.translation [None req-6a4f3396-e041-482e-b184-97074f94e283 88167f9fd10e408abe04062400d35569 2247bde776484dd19c432c10429cd910 - - default default] GET failed (client error): The resource could not be found.
2026-08-22 15:29:26.702 10 INFO neutron.wsgi [None req-6a4f3396-e041-482e-b184-97074f94e283 88167f9fd10e408abe04062400d35569 2247bde776484dd19c432c10429cd910 - - default default] 199.204.45.182 "GET /v2.0/ports/octavia-health-manager-port-instance HTTP/1.1" status: 404 len: 338 time: 0.0526340
2026-08-22 15:29:26.743 10 INFO neutron.wsgi [None req-d2935b3c-60e4-4278-9a14-a73a822c4ab0 88167f9fd10e408abe04062400d35569 2247bde776484dd19c432c10429cd910 - - default default] 199.204.45.182 "GET /v2.0/ports?name=octavia-health-manager-port-instance HTTP/1.1" status: 200 len: 1417 time: 0.0359371
2026-08-22 15:29:27.653 9 INFO neutron.plugins.ml2.drivers.ovn.mech_driver.mech_driver [-] OVN reports status up for port: f14295fc-1543-4c5e-be79-6ecde7faf0ed
2026-08-22 15:29:27.674 9 INFO neutron.plugins.ml2.plugin [None req-05d0c80c-20dc-4147-bc83-d3981924b579 - - - - - -] Attempt 1 to provision port f14295fc-1543-4c5e-be79-6ecde7faf0ed
2026-08-22 15:29:28.017 9 INFO neutron.plugins.ml2.drivers.ovn.mech_driver.ovsdb.extensions.qos [None req-05d0c80c-20dc-4147-bc83-d3981924b579 - - - - - -] Starting OVNClientQosExtension
2026-08-22 15:29:28.017 9 INFO neutron.plugins.ml2.drivers.ovn.mech_driver.ovsdb.extensions.placement [None req-05d0c80c-20dc-4147-bc83-d3981924b579 - - - - - -] Starting OVNClientPlacementExtension
2026-08-22 15:29:28.188 9 INFO neutron.db.ovn_revision_numbers_db [None req-05d0c80c-20dc-4147-bc83-d3981924b579 - - - - - -] Successfully bumped revision number for resource f14295fc-1543-4c5e-be79-6ecde7faf0ed (type: ports) to 4
2026-08-22 15:29:32.052 15 INFO neutron.db.ovn_revision_numbers_db [None req-f591bbf2-e058-495e-8fa6-9bc0e4433ae9 - - - - - -] Successfully bumped revision number for resource b94c4546-185f-4bea-b24b-4f343a4d1f56 (type: networks) to 2
2026-08-22 15:29:32.125 15 INFO neutron.db.ovn_revision_numbers_db [None req-f591bbf2-e058-495e-8fa6-9bc0e4433ae9 - - - - - -] Successfully bumped revision number for resource 1dd22fdf-e494-4ba1-9781-9502bbc14e02 (type: security_groups) to 6
2026-08-22 15:29:32.174 15 INFO neutron.db.ovn_revision_numbers_db [None req-f591bbf2-e058-495e-8fa6-9bc0e4433ae9 - - - - - -] Successfully bumped revision number for resource d3a9c92b-432b-4a39-92aa-2eba851d5ae6 (type: security_groups) to 3
2026-08-22 15:29:32.176 15 INFO neutron.plugins.ml2.drivers.ovn.mech_driver.ovsdb.maintenance [None req-f591bbf2-e058-495e-8fa6-9bc0e4433ae9 - - - - - -] Maintenance task: Synchronization completed (took 0.24 seconds)
2026-08-22 15:29:34.665 10 INFO neutron.wsgi [-] 10.0.0.161 "GET / HTTP/1.1" status: 200 len: 247 time: 0.0028164
2026-08-22 15:29:34.665 9 INFO neutron.wsgi [-] 10.0.0.161 "GET / HTTP/1.1" status: 200 len: 247 time: 0.0026226
2026-08-22 15:29:49.664 10 INFO neutron.wsgi [-] 10.0.0.161 "GET / HTTP/1.1" status: 200 len: 247 time: 0.0017872
2026-08-22 15:29:49.666 9 INFO neutron.wsgi [-] 10.0.0.161 "GET / HTTP/1.1" status: 200 len: 247 time: 0.0041277
2026-08-22 15:30:04.663 9 INFO neutron.wsgi [-] 10.0.0.161 "GET / HTTP/1.1" status: 200 len: 247 time: 0.0017960
2026-08-22 15:30:04.665 10 INFO neutron.wsgi [-] 10.0.0.161 "GET / HTTP/1.1" status: 200 len: 247 time: 0.0042496
2026-08-22 15:30:19.663 9 INFO neutron.wsgi [-] 10.0.0.161 "GET / HTTP/1.1" status: 200 len: 247 time: 0.0016019
2026-08-22 15:30:19.666 9 INFO neutron.wsgi [-] 10.0.0.161 "GET / HTTP/1.1" status: 200 len: 247 time: 0.0021708
2026-08-22 15:30:34.664 9 INFO neutron.wsgi [-] 10.0.0.161 "GET / HTTP/1.1" status: 200 len: 247 time: 0.0027092
2026-08-22 15:30:34.668 9 INFO neutron.wsgi [-] 10.0.0.161 "GET / HTTP/1.1" status: 200 len: 247 time: 0.0021932
2026-08-22 15:30:49.664 9 INFO neutron.wsgi [-] 10.0.0.161 "GET / HTTP/1.1" status: 200 len: 247 time: 0.0020483
2026-08-22 15:30:49.667 10 INFO neutron.wsgi [-] 10.0.0.161 "GET / HTTP/1.1" status: 200 len: 247 time: 0.0030167
2026-08-22 15:31:04.665 9 INFO neutron.wsgi [-] 10.0.0.161 "GET / HTTP/1.1" status: 200 len: 247 time: 0.0022612
2026-08-22 15:31:04.667 9 INFO neutron.wsgi [-] 10.0.0.161 "GET / HTTP/1.1" status: 200 len: 247 time: 0.0019517
2026-08-22 15:31:19.666 10 INFO neutron.wsgi [-] 10.0.0.161 "GET / HTTP/1.1" status: 200 len: 247 time: 0.0028944
2026-08-22 15:31:19.666 9 INFO neutron.wsgi [-] 10.0.0.161 "GET / HTTP/1.1" status: 200 len: 247 time: 0.0044463
2026-08-22 15:31:34.666 10 INFO neutron.wsgi [-] 10.0.0.161 "GET / HTTP/1.1" status: 200 len: 247 time: 0.0035460
2026-08-22 15:31:34.667 10 INFO neutron.wsgi [-] 10.0.0.161 "GET / HTTP/1.1" status: 200 len: 247 time: 0.0008833
2026-08-22 15:31:49.664 9 INFO neutron.wsgi [-] 10.0.0.161 "GET / HTTP/1.1" status: 200 len: 247 time: 0.0023928
2026-08-22 15:31:49.664 10 INFO neutron.wsgi [-] 10.0.0.161 "GET / HTTP/1.1" status: 200 len: 247 time: 0.0024559
2026-08-22 15:32:04.665 10 INFO neutron.wsgi [-] 10.0.0.161 "GET / HTTP/1.1" status: 200 len: 247 time: 0.0026240
2026-08-22 15:32:04.668 9 INFO neutron.wsgi [-] 10.0.0.161 "GET / HTTP/1.1" status: 200 len: 247 time: 0.0064309
2026-08-22 15:32:19.665 10 INFO neutron.wsgi [-] 10.0.0.161 "GET / HTTP/1.1" status: 200 len: 247 time: 0.0026360
2026-08-22 15:32:19.666 9 INFO neutron.wsgi [-] 10.0.0.161 "GET / HTTP/1.1" status: 200 len: 247 time: 0.0034139
2026-08-22 15:32:34.667 10 INFO neutron.wsgi [-] 10.0.0.161 "GET / HTTP/1.1" status: 200 len: 247 time: 0.0041857
2026-08-22 15:32:34.671 10 INFO neutron.wsgi [-] 10.0.0.161 "GET / HTTP/1.1" status: 200 len: 247 time: 0.0020354
2026-08-22 15:32:49.663 10 INFO neutron.wsgi [-] 10.0.0.161 "GET / HTTP/1.1" status: 200 len: 247 time: 0.0015748
2026-08-22 15:32:49.665 10 INFO neutron.wsgi [-] 10.0.0.161 "GET / HTTP/1.1" status: 200 len: 247 time: 0.0012493
2026-08-22 15:33:04.665 10 INFO neutron.wsgi [-] 10.0.0.161 "GET / HTTP/1.1" status: 200 len: 247 time: 0.0031385
2026-08-22 15:33:04.671 10 INFO neutron.wsgi [-] 10.0.0.161 "GET / HTTP/1.1" status: 200 len: 247 time: 0.0048163
2026-08-22 15:33:19.664 10 INFO neutron.wsgi [-] 10.0.0.161 "GET / HTTP/1.1" status: 200 len: 247 time: 0.0023766
2026-08-22 15:33:19.665 9 INFO neutron.wsgi [-] 10.0.0.161 "GET / HTTP/1.1" status: 200 len: 247 time: 0.0028305
