Jun 30 22:29:22.482079 np0000183641 devstack@neutron-api.service[102002]: DEBUG oslo_concurrency.processutils [None req-fc691af2-e77b-443c-9d29-67b35db42704 None None] CMD "ovsdb-client transact ssl:199.204.45.238:6641 --timeout 180 -p /opt/stack/data/CA/int-ca/private/devstack-cert.key -c /opt/stack/data/CA/int-ca/devstack-cert.crt -C /opt/stack/data/CA/int-ca/ca-chain.pem ["OVN_Northbound", {"op": "wait", "timeout": 0, "table": "Port_Group", "where": [["name", "==", "pvlan_pg_drop"]], "until": "==", "rows": []}, {"op": "insert", "table": "ACL", "row": {"action": "drop", "direction": "to-lport", "match": "outport == @pvlan_pg_drop && ip", "priority": 1010}, "uuid-name": "pvlandroptoport"}, {"op": "insert", "table": "ACL", "row": {"action": "drop", "direction": "from-lport", "match": "inport == @pvlan_pg_drop && ip", "priority": 1010}, "uuid-name": "pvlandropfromport"}, {"op": "insert", "table": "Port_Group", "row": {"name": "pvlan_pg_drop", "acls": ["set", [["named-uuid", "pvlandroptoport"], ["named-uuid", "pvlandropfromport"]]]}}]" returned: 0 in 0.034s {{(pid=102002) execute /opt/stack/data/venv/lib/python3.12/site-packages/oslo_concurrency/processutils.py:468}}
Jun 30 22:29:22.484550 np0000183641 devstack@neutron-api.service[102002]: WSGI app 0 (mountpoint='') ready in 7 seconds on interpreter 0x715723ea3668 pid: 102002 (default app)
Jun 30 22:29:22.509043 np0000183641 devstack@neutron-api.service[102000]: DEBUG oslo_concurrency.processutils [None req-93a521df-5e3d-4f28-a28c-b3de30b3ad50 None None] CMD "ovsdb-client transact ssl:199.204.45.238:6641 --timeout 180 -p /opt/stack/data/CA/int-ca/private/devstack-cert.key -c /opt/stack/data/CA/int-ca/devstack-cert.crt -C /opt/stack/data/CA/int-ca/ca-chain.pem ["OVN_Northbound", {"op": "wait", "timeout": 0, "table": "Port_Group", "where": [["name", "==", "pvlan_pg_drop"]], "until": "==", "rows": []}, {"op": "insert", "table": "ACL", "row": {"action": "drop", "direction": "to-lport", "match": "outport == @pvlan_pg_drop && ip", "priority": 1010}, "uuid-name": "pvlandroptoport"}, {"op": "insert", "table": "ACL", "row": {"action": "drop", "direction": "from-lport", "match": "inport == @pvlan_pg_drop && ip", "priority": 1010}, "uuid-name": "pvlandropfromport"}, {"op": "insert", "table": "Port_Group", "row": {"name": "pvlan_pg_drop", "acls": ["set", [["named-uuid", "pvlandroptoport"], ["named-uuid", "pvlandropfromport"]]]}}]" returned: 0 in 0.041s {{(pid=102000) execute /opt/stack/data/venv/lib/python3.12/site-packages/oslo_concurrency/processutils.py:468}}
Jun 30 22:29:22.512784 np0000183641 devstack@neutron-api.service[102000]: WSGI app 0 (mountpoint='') ready in 7 seconds on interpreter 0x715723ea3668 pid: 102000 (default app)
Jun 30 22:29:24.413186 np0000183641 devstack@neutron-api.service[102002]: DEBUG neutron.plugins.ml2.drivers.ovn.mech_driver.ovsdb.ovsdb_monitor [-] Hash Ring: Node 35d3e3c3ed215bc4b053707a027a9046 (host: np0000183641) handling event "update" for row 7ba00913-b687-4234-9141-681f0355020f (table: Connection) {{(pid=102002) notify /opt/stack/neutron/neutron/plugins/ml2/drivers/ovn/mech_driver/ovsdb/ovsdb_monitor.py:1015}}
Jun 30 22:29:24.417106 np0000183641 devstack@neutron-api.service[102001]: DEBUG neutron.common.ovn.hash_ring_manager [-] Allow caching, nodes 4>=4 {{(pid=102001) _wait_startup_before_caching /opt/stack/neutron/neutron/common/ovn/hash_ring_manager.py:71}}
Jun 30 22:29:24.417385 np0000183641 devstack@neutron-api.service[102001]: DEBUG neutron.plugins.ml2.drivers.ovn.mech_driver.ovsdb.ovsdb_monitor [-] Hash Ring: Node 5148bcd2d00c59e78dfd01f0a6d36724 (host: np0000183641) handling event "update" for row 7ba00913-b687-4234-9141-681f0355020f (table: Connection) {{(pid=102001) notify /opt/stack/neutron/neutron/plugins/ml2/drivers/ovn/mech_driver/ovsdb/ovsdb_monitor.py:1015}}
Jun 30 22:29:26.911225 np0000183641 devstack@neutron-api.service[102001]: DEBUG neutron.plugins.ml2.drivers.ovn.mech_driver.ovsdb.ovsdb_monitor [-] Hash Ring: Node 5148bcd2d00c59e78dfd01f0a6d36724 (host: np0000183641) handling event "update" for row 7ba00913-b687-4234-9141-681f0355020f (table: Connection) {{(pid=102001) notify /opt/stack/neutron/neutron/plugins/ml2/drivers/ovn/mech_driver/ovsdb/ovsdb_monitor.py:1015}}
Jun 30 22:29:26.915294 np0000183641 devstack@neutron-api.service[102002]: DEBUG neutron.plugins.ml2.drivers.ovn.mech_driver.ovsdb.ovsdb_monitor [-] Hash Ring: Node 35d3e3c3ed215bc4b053707a027a9046 (host: np0000183641) handling event "update" for row 7ba00913-b687-4234-9141-681f0355020f (table: Connection) {{(pid=102002) notify /opt/stack/neutron/neutron/plugins/ml2/drivers/ovn/mech_driver/ovsdb/ovsdb_monitor.py:1015}}
Jun 30 22:29:28.326028 np0000183641 devstack@neutron-api.service[102001]: DEBUG neutron.api.wsgi [None req-8125be33-9dc2-411f-bb8a-bec863af545b admin admin] Missing Content-Type {{(pid=102001) get_content_type /opt/stack/neutron/neutron/api/wsgi.py:80}}
Jun 30 22:29:28.326632 np0000183641 devstack@neutron-api.service[102001]: DEBUG neutron.api.wsgi [None req-8125be33-9dc2-411f-bb8a-bec863af545b admin admin] https://199.204.45.238/networking/v2.0/extensions returned with HTTP 200 {{(pid=102001) __call__ /opt/stack/neutron/neutron/api/wsgi.py:540}}
Jun 30 22:29:28.326833 np0000183641 devstack@neutron-api.service[102001]: [pid: 102001|app: 0|req: 2/2] 199.204.45.238 () {64 vars in 1323 bytes} [Tue Jun 30 22:29:27 2026] GET /networking/v2.0/extensions => generated 16171 bytes in 429 msecs (HTTP/1.1 200) 4 headers in 159 bytes (1 switches on core 0)
Jun 30 22:29:28.733965 np0000183641 devstack@neutron-api.service[102003]: DEBUG neutron.api.v2.base [None req-2ec345b5-b41a-45b6-99c3-4d2b5b9bae2f admin admin] Request body: {'subnetpool': {'name': 'shared-default-subnetpool-v4', 'prefixes': ['10.1.0.0/20'], 'is_default': True, 'default_prefixlen': 26, 'shared': True}} {{(pid=102003) prepare_request_body /opt/stack/neutron/neutron/api/v2/base.py:727}}
Jun 30 22:29:28.957205 np0000183641 devstack@neutron-api.service[102003]: DEBUG neutron.policy [None req-2ec345b5-b41a-45b6-99c3-4d2b5b9bae2f admin admin] Loaded default policies from ['neutron'] under neutron.policies entry points {{(pid=102003) register_rules /opt/stack/neutron/neutron/policy.py:65}}
Jun 30 22:29:29.124841 np0000183641 devstack@neutron-api.service[102003]: DEBUG neutron_lib.callbacks.manager [None req-2ec345b5-b41a-45b6-99c3-4d2b5b9bae2f admin admin] Publish callbacks ['neutron.objects.securitygroup.RbacNeutronDbObjectMixin.validate_rbac_policy_change-2879610673861', 'neutron.objects.address_group.RbacNeutronDbObjectMixin.validate_rbac_policy_change-2879610533774', 'neutron.objects.network.RbacNeutronDbObjectMixin.validate_rbac_policy_change-2879610635380', 'neutron.objects.qos.policy.RbacNeutronDbObjectMixin.validate_rbac_policy_change-2879610648828', 'neutron.objects.subnetpool.RbacNeutronDbObjectMixin.validate_rbac_policy_change-2879610736798', 'neutron.objects.address_scope.RbacNeutronDbObjectMixin.validate_rbac_policy_change-2879610643908', 'neutron.plugins.ml2.plugin.External_net_db_mixin._process_ext_policy_create-245371', 'neutron.plugins.ml2.plugin.NeutronDbPluginV2.validate_network_rbac_policy_change-239187'] for rbac-policy (None), before_create {{(pid=102003) _notify_loop /opt/stack/data/venv/lib/python3.12/site-packages/neutron_lib/callbacks/manager.py:184}}
Jun 30 22:29:29.180366 np0000183641 devstack@neutron-api.service[102003]: DEBUG neutron_lib.callbacks.manager [None req-2ec345b5-b41a-45b6-99c3-4d2b5b9bae2f admin admin] Publish callbacks [] for subnetpool (None), before_response {{(pid=102003) _notify_loop /opt/stack/data/venv/lib/python3.12/site-packages/neutron_lib/callbacks/manager.py:184}}
Jun 30 22:29:29.181360 np0000183641 devstack@neutron-api.service[102003]: [pid: 102003|app: 0|req: 1/3] 199.204.45.238 () {68 vars in 1367 bytes} [Tue Jun 30 22:29:28 2026] POST /networking/v2.0/subnetpools => generated 533 bytes in 567 msecs (HTTP/1.1 201) 4 headers in 162 bytes (1 switches on core 0)
Jun 30 22:29:29.507392 np0000183641 devstack@neutron-api.service[102002]: DEBUG neutron.api.v2.base [None req-67132cc0-6eed-4fa8-8fdb-9cfabee8b284 admin admin] Request body: {'subnetpool': {'name': 'shared-default-subnetpool-v6', 'prefixes': ['fd47:1aeb:be5d::/56'], 'is_default': True, 'default_prefixlen': 64, 'shared': True}} {{(pid=102002) prepare_request_body /opt/stack/neutron/neutron/api/v2/base.py:727}}
Jun 30 22:29:29.691188 np0000183641 devstack@neutron-api.service[102002]: DEBUG neutron.policy [None req-67132cc0-6eed-4fa8-8fdb-9cfabee8b284 admin admin] Loaded default policies from ['neutron'] under neutron.policies entry points {{(pid=102002) register_rules /opt/stack/neutron/neutron/policy.py:65}}
Jun 30 22:29:29.836742 np0000183641 devstack@neutron-api.service[102002]: DEBUG neutron_lib.callbacks.manager [None req-67132cc0-6eed-4fa8-8fdb-9cfabee8b284 admin admin] Publish callbacks ['neutron.objects.securitygroup.RbacNeutronDbObjectMixin.validate_rbac_policy_change-2879610610149', 'neutron.objects.address_group.RbacNeutronDbObjectMixin.validate_rbac_policy_change-2879610636367', 'neutron.objects.network.RbacNeutronDbObjectMixin.validate_rbac_policy_change-2879610648339', 'neutron.objects.qos.policy.RbacNeutronDbObjectMixin.validate_rbac_policy_change-2879610654094', 'neutron.objects.subnetpool.RbacNeutronDbObjectMixin.validate_rbac_policy_change-2879610685110', 'neutron.objects.address_scope.RbacNeutronDbObjectMixin.validate_rbac_policy_change-2879610655105', 'neutron.plugins.ml2.plugin.External_net_db_mixin._process_ext_policy_create-229771', 'neutron.plugins.ml2.plugin.NeutronDbPluginV2.validate_network_rbac_policy_change-29327'] for rbac-policy (None), before_create {{(pid=102002) _notify_loop /opt/stack/data/venv/lib/python3.12/site-packages/neutron_lib/callbacks/manager.py:184}}
Jun 30 22:29:29.877579 np0000183641 devstack@neutron-api.service[102002]: DEBUG neutron_lib.callbacks.manager [None req-67132cc0-6eed-4fa8-8fdb-9cfabee8b284 admin admin] Publish callbacks [] for subnetpool (None), before_response {{(pid=102002) _notify_loop /opt/stack/data/venv/lib/python3.12/site-packages/neutron_lib/callbacks/manager.py:184}}
Jun 30 22:29:29.878035 np0000183641 devstack@neutron-api.service[102002]: [pid: 102002|app: 0|req: 1/4] 199.204.45.238 () {68 vars in 1367 bytes} [Tue Jun 30 22:29:29 2026] POST /networking/v2.0/subnetpools => generated 543 bytes in 486 msecs (HTTP/1.1 201) 4 headers in 162 bytes (1 switches on core 0)
Jun 30 22:29:30.294581 np0000183641 devstack@neutron-api.service[102000]: DEBUG neutron.api.v2.base [None req-fca1a278-13ac-41fd-b050-327a5146017c admin admin] Request body: {'network': {'name': 'private', 'admin_state_up': True}} {{(pid=102000) prepare_request_body /opt/stack/neutron/neutron/api/v2/base.py:727}}
Jun 30 22:29:30.328968 np0000183641 devstack@neutron-api.service[102000]: DEBUG neutron.pecan_wsgi.hooks.quota_enforcement [None req-fca1a278-13ac-41fd-b050-327a5146017c admin admin] Made reservation on behalf of 836a1ce0cb274de3924513aa0e9dd894 for: {'network': 1} {{(pid=102000) before /opt/stack/neutron/neutron/pecan_wsgi/hooks/quota_enforcement.py:66}}
Jun 30 22:29:30.509492 np0000183641 devstack@neutron-api.service[102000]: DEBUG neutron.policy [None req-fca1a278-13ac-41fd-b050-327a5146017c admin admin] Loaded default policies from ['neutron'] under neutron.policies entry points {{(pid=102000) register_rules /opt/stack/neutron/neutron/policy.py:65}}
Jun 30 22:29:30.614518 np0000183641 devstack@neutron-api.service[102000]: DEBUG neutron_lib.callbacks.manager [None req-fca1a278-13ac-41fd-b050-327a5146017c admin admin] Publish callbacks ['neutron.plugins.ml2.plugin.SecurityGroupDbMixin._ensure_default_security_group_handler-518995'] for network (None), before_create {{(pid=102000) _notify_loop /opt/stack/data/venv/lib/python3.12/site-packages/neutron_lib/callbacks/manager.py:184}}
Jun 30 22:29:30.636624 np0000183641 devstack@neutron-api.service[102000]: DEBUG neutron_lib.callbacks.manager [None req-fca1a278-13ac-41fd-b050-327a5146017c admin admin] Publish callbacks [] for security_group (None), before_create {{(pid=102000) _notify_loop /opt/stack/data/venv/lib/python3.12/site-packages/neutron_lib/callbacks/manager.py:184}}
Jun 30 22:29:30.733936 np0000183641 devstack@neutron-api.service[102000]: DEBUG neutron_lib.callbacks.manager [None req-fca1a278-13ac-41fd-b050-327a5146017c admin admin] Publish callbacks ['neutron.plugins.ml2.drivers.ovn.mech_driver.mech_driver.OVNMechanismDriver._create_security_group_precommit-347127'] for security_group (abd61bf7-07d4-4e3e-b03a-d35ee367b151), precommit_create {{(pid=102000) _notify_loop /opt/stack/data/venv/lib/python3.12/site-packages/neutron_lib/callbacks/manager.py:184}}
Jun 30 22:29:30.734187 np0000183641 devstack@neutron-api.service[102000]: DEBUG neutron.db.ovn_revision_numbers_db [None req-fca1a278-13ac-41fd-b050-327a5146017c admin admin] create_initial_revision uuid=abd61bf7-07d4-4e3e-b03a-d35ee367b151, type=security_groups, rev=-1 {{(pid=102000) create_initial_revision /opt/stack/neutron/neutron/db/ovn_revision_numbers_db.py:98}}
Jun 30 22:29:30.736892 np0000183641 devstack@neutron-api.service[102000]: DEBUG neutron.db.ovn_revision_numbers_db [None req-fca1a278-13ac-41fd-b050-327a5146017c admin admin] create_initial_revision uuid=22a240db-5ac3-4fed-bd1a-df368c58899c, type=security_group_rules, rev=-1 {{(pid=102000) create_initial_revision /opt/stack/neutron/neutron/db/ovn_revision_numbers_db.py:98}}
Jun 30 22:29:30.737989 np0000183641 devstack@neutron-api.service[102000]: DEBUG neutron.db.ovn_revision_numbers_db [None req-fca1a278-13ac-41fd-b050-327a5146017c admin admin] create_initial_revision uuid=60662ee6-afcd-4b5a-81b1-294a3135ca22, type=security_group_rules, rev=-1 {{(pid=102000) create_initial_revision /opt/stack/neutron/neutron/db/ovn_revision_numbers_db.py:98}}
Jun 30 22:29:30.738986 np0000183641 devstack@neutron-api.service[102000]: DEBUG neutron.db.ovn_revision_numbers_db [None req-fca1a278-13ac-41fd-b050-327a5146017c admin admin] create_initial_revision uuid=8bc3b665-4abf-4543-9fe2-a8f48bd717d1, type=security_group_rules, rev=-1 {{(pid=102000) create_initial_revision /opt/stack/neutron/neutron/db/ovn_revision_numbers_db.py:98}}
Jun 30 22:29:30.740199 np0000183641 devstack@neutron-api.service[102000]: DEBUG neutron.db.ovn_revision_numbers_db [None req-fca1a278-13ac-41fd-b050-327a5146017c admin admin] create_initial_revision uuid=e5de79c2-1dd9-4a77-97ef-374fe6135832, type=security_group_rules, rev=-1 {{(pid=102000) create_initial_revision /opt/stack/neutron/neutron/db/ovn_revision_numbers_db.py:98}}
Jun 30 22:29:30.747196 np0000183641 devstack@neutron-api.service[102000]: DEBUG neutron_lib.callbacks.manager [None req-fca1a278-13ac-41fd-b050-327a5146017c admin admin] Publish callbacks ['neutron.plugins.ml2.drivers.ovn.mech_driver.mech_driver.OVNMechanismDriver._create_security_group-347117', 'neutron.plugins.ml2.ovo_rpc._ObjectChangeHandler.handle_event-6906915'] for security_group (abd61bf7-07d4-4e3e-b03a-d35ee367b151), after_create {{(pid=102000) _notify_loop /opt/stack/data/venv/lib/python3.12/site-packages/neutron_lib/callbacks/manager.py:184}}
Jun 30 22:29:30.748303 np0000183641 devstack@neutron-api.service[102000]: DEBUG ovsdbapp.backend.ovs_idl.transaction [-] Running txn n=1 command(idx=0): PgAddCommand(_result=None, name=pg_abd61bf7_07d4_4e3e_b03a_d35ee367b151, may_exist=False, columns={'acls': [], 'external_ids': {'neutron:security_group_id': 'abd61bf7-07d4-4e3e-b03a-d35ee367b151'}}) {{(pid=102000) do_commit /opt/stack/data/venv/lib/python3.12/site-packages/ovsdbapp/backend/ovs_idl/transaction.py:89}}
Jun 30 22:29:30.752711 np0000183641 devstack@neutron-api.service[102000]: DEBUG ovsdbapp.backend.ovs_idl.transaction [-] Running txn n=1 command(idx=1): PgAclAddCommand(_result=None, entity=pg_abd61bf7_07d4_4e3e_b03a_d35ee367b151, direction=from-lport, priority=1002, match=inport == @pg_abd61bf7_07d4_4e3e_b03a_d35ee367b151 && ip4, action=allow-related, log=False, may_exist=True, severity=[], name=[], meter=[], external_ids={'neutron:security_group_rule_id': '22a240db-5ac3-4fed-bd1a-df368c58899c'}) {{(pid=102000) do_commit /opt/stack/data/venv/lib/python3.12/site-packages/ovsdbapp/backend/ovs_idl/transaction.py:89}}
Jun 30 22:29:30.753121 np0000183641 devstack@neutron-api.service[102000]: DEBUG ovsdbapp.backend.ovs_idl.transaction [-] Running txn n=1 command(idx=2): PgAclAddCommand(_result=None, entity=pg_abd61bf7_07d4_4e3e_b03a_d35ee367b151, direction=to-lport, priority=1002, match=outport == @pg_abd61bf7_07d4_4e3e_b03a_d35ee367b151 && ip4 && ip4.src == $pg_abd61bf7_07d4_4e3e_b03a_d35ee367b151_ip4, action=allow-related, log=False, may_exist=True, severity=[], name=[], meter=[], external_ids={'neutron:security_group_rule_id': '60662ee6-afcd-4b5a-81b1-294a3135ca22'}) {{(pid=102000) do_commit /opt/stack/data/venv/lib/python3.12/site-packages/ovsdbapp/backend/ovs_idl/transaction.py:89}}
Jun 30 22:29:30.753450 np0000183641 devstack@neutron-api.service[102000]: DEBUG ovsdbapp.backend.ovs_idl.transaction [-] Running txn n=1 command(idx=3): PgAclAddCommand(_result=None, entity=pg_abd61bf7_07d4_4e3e_b03a_d35ee367b151, direction=to-lport, priority=1002, match=outport == @pg_abd61bf7_07d4_4e3e_b03a_d35ee367b151 && ip6 && ip6.src == $pg_abd61bf7_07d4_4e3e_b03a_d35ee367b151_ip6, action=allow-related, log=False, may_exist=True, severity=[], name=[], meter=[], external_ids={'neutron:security_group_rule_id': '8bc3b665-4abf-4543-9fe2-a8f48bd717d1'}) {{(pid=102000) do_commit /opt/stack/data/venv/lib/python3.12/site-packages/ovsdbapp/backend/ovs_idl/transaction.py:89}}
Jun 30 22:29:30.753919 np0000183641 devstack@neutron-api.service[102000]: DEBUG ovsdbapp.backend.ovs_idl.transaction [-] Running txn n=1 command(idx=4): PgAclAddCommand(_result=None, entity=pg_abd61bf7_07d4_4e3e_b03a_d35ee367b151, direction=from-lport, priority=1002, match=inport == @pg_abd61bf7_07d4_4e3e_b03a_d35ee367b151 && ip6, action=allow-related, log=False, may_exist=True, severity=[], name=[], meter=[], external_ids={'neutron:security_group_rule_id': 'e5de79c2-1dd9-4a77-97ef-374fe6135832'}) {{(pid=102000) do_commit /opt/stack/data/venv/lib/python3.12/site-packages/ovsdbapp/backend/ovs_idl/transaction.py:89}}
Jun 30 22:29:30.763048 np0000183641 devstack@neutron-api.service[102000]: DEBUG neutron.plugins.ml2.drivers.ovn.mech_driver.ovsdb.ovsdb_monitor [-] Hash Ring: Node cf698a6c5ee955c0a151753a1bb2695c (host: np0000183641) handling event "create" for row 8f33541f-d5d0-4fa0-a87d-743b122e3902 (table: ACL) {{(pid=102000) notify /opt/stack/neutron/neutron/plugins/ml2/drivers/ovn/mech_driver/ovsdb/ovsdb_monitor.py:1015}}
Jun 30 22:29:30.763048 np0000183641 devstack@neutron-api.service[102000]: DEBUG neutron.plugins.ml2.drivers.ovn.mech_driver.ovsdb.ovsdb_monitor [-] Hash Ring: Node cf698a6c5ee955c0a151753a1bb2695c (host: np0000183641) handling event "create" for row b723cb5a-58fc-4917-9a36-2369063d7b00 (table: ACL) {{(pid=102000) notify /opt/stack/neutron/neutron/plugins/ml2/drivers/ovn/mech_driver/ovsdb/ovsdb_monitor.py:1015}}
Jun 30 22:29:30.770362 np0000183641 devstack@neutron-api.service[102002]: DEBUG neutron.plugins.ml2.drivers.ovn.mech_driver.ovsdb.ovsdb_monitor [-] Hash Ring: Node 35d3e3c3ed215bc4b053707a027a9046 (host: np0000183641) handling event "create" for row 49200481-a7c5-4382-bc07-ce84cf9075b0 (table: ACL) {{(pid=102002) notify /opt/stack/neutron/neutron/plugins/ml2/drivers/ovn/mech_driver/ovsdb/ovsdb_monitor.py:1015}}
Jun 30 22:29:30.771334 np0000183641 devstack@neutron-api.service[102002]: DEBUG neutron.plugins.ml2.drivers.ovn.mech_driver.ovsdb.ovsdb_monitor [-] Hash Ring: Node 35d3e3c3ed215bc4b053707a027a9046 (host: np0000183641) handling event "create" for row 0713fa24-2647-467f-8d2a-9f26b2e4d4a3 (table: Port_Group) {{(pid=102002) notify /opt/stack/neutron/neutron/plugins/ml2/drivers/ovn/mech_driver/ovsdb/ovsdb_monitor.py:1015}}
Jun 30 22:29:30.771607 np0000183641 devstack@neutron-api.service[102001]: DEBUG neutron.plugins.ml2.drivers.ovn.mech_driver.ovsdb.ovsdb_monitor [-] Hash Ring: Node 5148bcd2d00c59e78dfd01f0a6d36724 (host: np0000183641) handling event "create" for row 49200481-a7c5-4382-bc07-ce84cf9075b0 (table: ACL) {{(pid=102001) notify /opt/stack/neutron/neutron/plugins/ml2/drivers/ovn/mech_driver/ovsdb/ovsdb_monitor.py:1015}}
Jun 30 22:29:30.771607 np0000183641 devstack@neutron-api.service[102001]: DEBUG neutron.plugins.ml2.drivers.ovn.mech_driver.ovsdb.ovsdb_monitor [-] Hash Ring: Node 5148bcd2d00c59e78dfd01f0a6d36724 (host: np0000183641) handling event "create" for row 8f33541f-d5d0-4fa0-a87d-743b122e3902 (table: ACL) {{(pid=102001) notify /opt/stack/neutron/neutron/plugins/ml2/drivers/ovn/mech_driver/ovsdb/ovsdb_monitor.py:1015}}
Jun 30 22:29:30.771607 np0000183641 devstack@neutron-api.service[102001]: DEBUG neutron.plugins.ml2.drivers.ovn.mech_driver.ovsdb.ovsdb_monitor [-] Hash Ring: Node 5148bcd2d00c59e78dfd01f0a6d36724 (host: np0000183641) handling event "create" for row b723cb5a-58fc-4917-9a36-2369063d7b00 (table: ACL) {{(pid=102001) notify /opt/stack/neutron/neutron/plugins/ml2/drivers/ovn/mech_driver/ovsdb/ovsdb_monitor.py:1015}}
Jun 30 22:29:30.773815 np0000183641 devstack@neutron-api.service[102001]: DEBUG neutron.plugins.ml2.drivers.ovn.mech_driver.ovsdb.ovsdb_monitor [-] Hash Ring: Node 5148bcd2d00c59e78dfd01f0a6d36724 (host: np0000183641) handling event "create" for row f10fe11e-064e-4fdf-a1bc-06c5fe75fef6 (table: ACL) {{(pid=102001) notify /opt/stack/neutron/neutron/plugins/ml2/drivers/ovn/mech_driver/ovsdb/ovsdb_monitor.py:1015}}
Jun 30 22:29:30.773815 np0000183641 devstack@neutron-api.service[102001]: DEBUG neutron.plugins.ml2.drivers.ovn.mech_driver.ovsdb.ovsdb_monitor [-] Hash Ring: Node 5148bcd2d00c59e78dfd01f0a6d36724 (host: np0000183641) handling event "create" for row 0713fa24-2647-467f-8d2a-9f26b2e4d4a3 (table: Port_Group) {{(pid=102001) notify /opt/stack/neutron/neutron/plugins/ml2/drivers/ovn/mech_driver/ovsdb/ovsdb_monitor.py:1015}}
Jun 30 22:29:30.797500 np0000183641 devstack@neutron-api.service[102000]: INFO neutron.db.ovn_revision_numbers_db [None req-fca1a278-13ac-41fd-b050-327a5146017c admin admin] Successfully bumped revision number for resource abd61bf7-07d4-4e3e-b03a-d35ee367b151 (type: security_groups) to 1
Jun 30 22:29:30.814932 np0000183641 devstack@neutron-api.service[102000]: INFO neutron.db.ovn_revision_numbers_db [None req-fca1a278-13ac-41fd-b050-327a5146017c admin admin] Successfully bumped revision number for resource 22a240db-5ac3-4fed-bd1a-df368c58899c (type: security_group_rules) to 0
Jun 30 22:29:30.827509 np0000183641 devstack@neutron-api.service[102000]: INFO neutron.db.ovn_revision_numbers_db [None req-fca1a278-13ac-41fd-b050-327a5146017c admin admin] Successfully bumped revision number for resource 60662ee6-afcd-4b5a-81b1-294a3135ca22 (type: security_group_rules) to 0
Jun 30 22:29:30.840846 np0000183641 devstack@neutron-api.service[102000]: INFO neutron.db.ovn_revision_numbers_db [None req-fca1a278-13ac-41fd-b050-327a5146017c admin admin] Successfully bumped revision number for resource 8bc3b665-4abf-4543-9fe2-a8f48bd717d1 (type: security_group_rules) to 0
Jun 30 22:29:30.854223 np0000183641 devstack@neutron-api.service[102000]: INFO neutron.db.ovn_revision_numbers_db [None req-fca1a278-13ac-41fd-b050-327a5146017c admin admin] Successfully bumped revision number for resource e5de79c2-1dd9-4a77-97ef-374fe6135832 (type: security_group_rules) to 0
Jun 30 22:29:30.881492 np0000183641 devstack@neutron-api.service[102000]: DEBUG neutron.api.rpc.handlers.resources_rpc [None req-fca1a278-13ac-41fd-b050-327a5146017c admin admin] Pushing event updated for resources: {'SecurityGroup': ['ID=abd61bf7-07d4-4e3e-b03a-d35ee367b151,revision_number=1']} {{(pid=102000) push /opt/stack/neutron/neutron/api/rpc/handlers/resources_rpc.py:237}}
Jun 30 22:29:30.889058 np0000183641 devstack@neutron-api.service[102000]: DEBUG ovsdbapp.backend.ovs_idl.transaction [-] Running txn n=1 command(idx=0): CheckLivenessCommand(_result=None) {{(pid=102000) do_commit /opt/stack/data/venv/lib/python3.12/site-packages/ovsdbapp/backend/ovs_idl/transaction.py:89}}
Jun 30 22:29:30.922046 np0000183641 devstack@neutron-api.service[102000]: DEBUG neutron.plugins.ml2.drivers.ovn.mech_driver.ovsdb.ovsdb_monitor [-] Hash Ring: Node cf698a6c5ee955c0a151753a1bb2695c (host: np0000183641) handling event "update" for row 84fb80b1-4576-48fe-946e-b808de5fdeab (table: NB_Global) {{(pid=102000) notify /opt/stack/neutron/neutron/plugins/ml2/drivers/ovn/mech_driver/ovsdb/ovsdb_monitor.py:1015}}
Jun 30 22:29:30.924173 np0000183641 devstack@neutron-api.service[102001]: DEBUG neutron.plugins.ml2.drivers.ovn.mech_driver.ovsdb.ovsdb_monitor [-] Hash Ring: Node 5148bcd2d00c59e78dfd01f0a6d36724 (host: np0000183641) handling event "update" for row 84fb80b1-4576-48fe-946e-b808de5fdeab (table: NB_Global) {{(pid=102001) notify /opt/stack/neutron/neutron/plugins/ml2/drivers/ovn/mech_driver/ovsdb/ovsdb_monitor.py:1015}}
Jun 30 22:29:30.925406 np0000183641 devstack@neutron-api.service[102001]: DEBUG neutron.plugins.ml2.drivers.ovn.mech_driver.ovsdb.ovsdb_monitor [-] Hash Ring: Node 5148bcd2d00c59e78dfd01f0a6d36724 (host: np0000183641) handling event "update" for row 84fb80b1-4576-48fe-946e-b808de5fdeab (table: NB_Global) {{(pid=102001) notify /opt/stack/neutron/neutron/plugins/ml2/drivers/ovn/mech_driver/ovsdb/ovsdb_monitor.py:1015}}
Jun 30 22:29:30.925942 np0000183641 devstack@neutron-api.service[102000]: DEBUG neutron.api.rpc.callbacks.version_manager [None req-fca1a278-13ac-41fd-b050-327a5146017c admin admin] Tracked resource versions report:
Jun 30 22:29:30.925942 np0000183641 devstack@neutron-api.service[102000]: pushed versions:
Jun 30 22:29:30.925942 np0000183641 devstack@neutron-api.service[102000]: { 'AddressGroup': {'1.2'},
Jun 30 22:29:30.925942 np0000183641 devstack@neutron-api.service[102000]: 'Agent': {'1.1'},
Jun 30 22:29:30.925942 np0000183641 devstack@neutron-api.service[102000]: 'ConntrackHelper': {'1.0'},
Jun 30 22:29:30.925942 np0000183641 devstack@neutron-api.service[102000]: 'LocalIPAssociation': {'1.0'},
Jun 30 22:29:30.925942 np0000183641 devstack@neutron-api.service[102000]: 'Log': {'1.0'},
Jun 30 22:29:30.925942 np0000183641 devstack@neutron-api.service[102000]: 'NDPProxy': {'1.0'},
Jun 30 22:29:30.925942 np0000183641 devstack@neutron-api.service[102000]: 'Network': {'1.3'},
Jun 30 22:29:30.925942 np0000183641 devstack@neutron-api.service[102000]: 'Port': {'1.11'},
Jun 30 22:29:30.925942 np0000183641 devstack@neutron-api.service[102000]: 'PortForwarding': {'1.3'},
Jun 30 22:29:30.925942 np0000183641 devstack@neutron-api.service[102000]: 'QosPolicy': {'1.10'},
Jun 30 22:29:30.925942 np0000183641 devstack@neutron-api.service[102000]: 'SecurityGroup': {'1.6'},
Jun 30 22:29:30.925942 np0000183641 devstack@neutron-api.service[102000]: 'SecurityGroupRule': {'1.3'},
Jun 30 22:29:30.925942 np0000183641 devstack@neutron-api.service[102000]: 'SubPort': {'1.0'},
Jun 30 22:29:30.925942 np0000183641 devstack@neutron-api.service[102000]: 'Subnet': {'1.2'},
Jun 30 22:29:30.925942 np0000183641 devstack@neutron-api.service[102000]: 'Trunk': {'1.1'}}
Jun 30 22:29:30.925942 np0000183641 devstack@neutron-api.service[102000]: consumer versions:
Jun 30 22:29:30.925942 np0000183641 devstack@neutron-api.service[102000]: {}
Jun 30 22:29:30.925942 np0000183641 devstack@neutron-api.service[102000]: {{(pid=102000) report /opt/stack/neutron/neutron/api/rpc/callbacks/version_manager.py:183}}
Jun 30 22:29:30.927559 np0000183641 devstack@neutron-api.service[102001]: DEBUG neutron.plugins.ml2.drivers.ovn.mech_driver.ovsdb.ovsdb_monitor [-] ChassisAgentWriteEvent : Matched Chassis_Private, update, None None {{(pid=102001) matches /opt/stack/neutron/neutron/plugins/ml2/drivers/ovn/mech_driver/ovsdb/ovsdb_monitor.py:64}}
Jun 30 22:29:30.927694 np0000183641 devstack@neutron-api.service[102002]: DEBUG neutron.plugins.ml2.drivers.ovn.mech_driver.ovsdb.ovsdb_monitor [-] ChassisAgentWriteEvent : Matched Chassis_Private, update, None None {{(pid=102002) matches /opt/stack/neutron/neutron/plugins/ml2/drivers/ovn/mech_driver/ovsdb/ovsdb_monitor.py:64}}
Jun 30 22:29:30.927895 np0000183641 devstack@neutron-api.service[102002]: DEBUG neutron.plugins.ml2.drivers.ovn.mech_driver.ovsdb.ovsdb_monitor [-] Hash Ring: Node 35d3e3c3ed215bc4b053707a027a9046 (host: np0000183641) handling event "update" for row 0913824d-8eb5-4fe2-81e0-a0382fbb61a3 (table: Chassis_Private) {{(pid=102002) notify /opt/stack/neutron/neutron/plugins/ml2/drivers/ovn/mech_driver/ovsdb/ovsdb_monitor.py:1015}}
Jun 30 22:29:30.928453 np0000183641 devstack@neutron-api.service[102003]: DEBUG neutron.plugins.ml2.drivers.ovn.mech_driver.ovsdb.ovsdb_monitor [-] ChassisAgentWriteEvent : Matched Chassis_Private, update, None None {{(pid=102003) matches /opt/stack/neutron/neutron/plugins/ml2/drivers/ovn/mech_driver/ovsdb/ovsdb_monitor.py:64}}
Jun 30 22:29:30.932814 np0000183641 devstack@neutron-api.service[102001]: DEBUG neutron.plugins.ml2.drivers.ovn.mech_driver.ovsdb.ovsdb_monitor [-] Hash Ring: Node 5148bcd2d00c59e78dfd01f0a6d36724 (host: np0000183641) handling event "update" for row 84fb80b1-4576-48fe-946e-b808de5fdeab (table: NB_Global) {{(pid=102001) notify /opt/stack/neutron/neutron/plugins/ml2/drivers/ovn/mech_driver/ovsdb/ovsdb_monitor.py:1015}}
Jun 30 22:29:30.933444 np0000183641 devstack@neutron-api.service[102001]: DEBUG neutron.plugins.ml2.drivers.ovn.mech_driver.ovsdb.ovsdb_monitor [-] Hash Ring: Node 5148bcd2d00c59e78dfd01f0a6d36724 (host: np0000183641) handling event "update" for row 84fb80b1-4576-48fe-946e-b808de5fdeab (table: NB_Global) {{(pid=102001) notify /opt/stack/neutron/neutron/plugins/ml2/drivers/ovn/mech_driver/ovsdb/ovsdb_monitor.py:1015}}
Jun 30 22:29:30.933793 np0000183641 devstack@neutron-api.service[102000]: DEBUG neutron.plugins.ml2.drivers.ovn.mech_driver.ovsdb.ovsdb_monitor [-] ChassisAgentWriteEvent : Matched Chassis_Private, update, None None {{(pid=102000) matches /opt/stack/neutron/neutron/plugins/ml2/drivers/ovn/mech_driver/ovsdb/ovsdb_monitor.py:64}}
Jun 30 22:29:30.934137 np0000183641 devstack@neutron-api.service[102003]: DEBUG neutron.plugins.ml2.drivers.ovn.mech_driver.ovsdb.ovsdb_monitor [-] ChassisOVNAgentWriteEvent : Matched Chassis_Private, update, None None {{(pid=102003) matches /opt/stack/neutron/neutron/plugins/ml2/drivers/ovn/mech_driver/ovsdb/ovsdb_monitor.py:64}}
Jun 30 22:29:30.934299 np0000183641 devstack@neutron-api.service[102000]: DEBUG neutron.plugins.ml2.drivers.ovn.mech_driver.ovsdb.ovsdb_monitor [-] Hash Ring: Node cf698a6c5ee955c0a151753a1bb2695c (host: np0000183641) handling event "update" for row 84fb80b1-4576-48fe-946e-b808de5fdeab (table: NB_Global) {{(pid=102000) notify /opt/stack/neutron/neutron/plugins/ml2/drivers/ovn/mech_driver/ovsdb/ovsdb_monitor.py:1015}}
Jun 30 22:29:30.935076 np0000183641 devstack@neutron-api.service[102002]: DEBUG neutron.plugins.ml2.drivers.ovn.mech_driver.ovsdb.ovsdb_monitor [-] ChassisOVNAgentWriteEvent : Matched Chassis_Private, update, None None {{(pid=102002) matches /opt/stack/neutron/neutron/plugins/ml2/drivers/ovn/mech_driver/ovsdb/ovsdb_monitor.py:64}}
Jun 30 22:29:30.935311 np0000183641 devstack@neutron-api.service[102002]: DEBUG neutron.plugins.ml2.drivers.ovn.mech_driver.ovsdb.ovsdb_monitor [-] Hash Ring: Node 35d3e3c3ed215bc4b053707a027a9046 (host: np0000183641) handling event "update" for row 0913824d-8eb5-4fe2-81e0-a0382fbb61a3 (table: Chassis_Private) {{(pid=102002) notify /opt/stack/neutron/neutron/plugins/ml2/drivers/ovn/mech_driver/ovsdb/ovsdb_monitor.py:1015}}
Jun 30 22:29:30.935710 np0000183641 devstack@neutron-api.service[102001]: DEBUG neutron.common.ovn.hash_ring_manager [-] Allow caching, nodes 4>=4 {{(pid=102001) _wait_startup_before_caching /opt/stack/neutron/neutron/common/ovn/hash_ring_manager.py:71}}
Jun 30 22:29:30.935710 np0000183641 devstack@neutron-api.service[102001]: DEBUG neutron.plugins.ml2.drivers.ovn.mech_driver.ovsdb.ovsdb_monitor [-] Hash Ring: Node 5148bcd2d00c59e78dfd01f0a6d36724 (host: np0000183641) handling event "update" for row 0913824d-8eb5-4fe2-81e0-a0382fbb61a3 (table: Chassis_Private) {{(pid=102001) notify /opt/stack/neutron/neutron/plugins/ml2/drivers/ovn/mech_driver/ovsdb/ovsdb_monitor.py:1015}}
Jun 30 22:29:30.937106 np0000183641 devstack@neutron-api.service[102000]: DEBUG neutron.plugins.ml2.drivers.ovn.mech_driver.ovsdb.ovsdb_monitor [-] Hash Ring: Node cf698a6c5ee955c0a151753a1bb2695c (host: np0000183641) handling event "update" for row 84fb80b1-4576-48fe-946e-b808de5fdeab (table: NB_Global) {{(pid=102000) notify /opt/stack/neutron/neutron/plugins/ml2/drivers/ovn/mech_driver/ovsdb/ovsdb_monitor.py:1015}}
Jun 30 22:29:30.937474 np0000183641 devstack@neutron-api.service[102001]: DEBUG neutron.plugins.ml2.drivers.ovn.mech_driver.ovsdb.ovsdb_monitor [-] ChassisOVNAgentWriteEvent : Matched Chassis_Private, update, None None {{(pid=102001) matches /opt/stack/neutron/neutron/plugins/ml2/drivers/ovn/mech_driver/ovsdb/ovsdb_monitor.py:64}}
Jun 30 22:29:30.937474 np0000183641 devstack@neutron-api.service[102001]: DEBUG neutron.plugins.ml2.drivers.ovn.mech_driver.ovsdb.ovsdb_monitor [-] Hash Ring: Node 5148bcd2d00c59e78dfd01f0a6d36724 (host: np0000183641) handling event "update" for row 0913824d-8eb5-4fe2-81e0-a0382fbb61a3 (table: Chassis_Private) {{(pid=102001) notify /opt/stack/neutron/neutron/plugins/ml2/drivers/ovn/mech_driver/ovsdb/ovsdb_monitor.py:1015}}
Jun 30 22:29:30.939680 np0000183641 devstack@neutron-api.service[102000]: DEBUG neutron.plugins.ml2.drivers.ovn.mech_driver.ovsdb.ovsdb_monitor [-] ChassisOVNAgentWriteEvent : Matched Chassis_Private, update, None None {{(pid=102000) matches /opt/stack/neutron/neutron/plugins/ml2/drivers/ovn/mech_driver/ovsdb/ovsdb_monitor.py:64}}
Jun 30 22:29:30.941620 np0000183641 devstack@neutron-api.service[102000]: DEBUG neutron.plugins.ml2.drivers.ovn.mech_driver.ovsdb.ovsdb_monitor [-] Hash Ring: Node cf698a6c5ee955c0a151753a1bb2695c (host: np0000183641) handling event "update" for row 84fb80b1-4576-48fe-946e-b808de5fdeab (table: NB_Global) {{(pid=102000) notify /opt/stack/neutron/neutron/plugins/ml2/drivers/ovn/mech_driver/ovsdb/ovsdb_monitor.py:1015}}
Jun 30 22:29:30.990560 np0000183641 devstack@neutron-api.service[102000]: DEBUG neutron.plugins.ml2.drivers.helpers [None req-fca1a278-13ac-41fd-b050-327a5146017c admin admin] geneve segment allocate from pool success with {'geneve_vni': 22458} {{(pid=102000) allocate_partially_specified_segment /opt/stack/neutron/neutron/plugins/ml2/drivers/helpers.py:142}}
Jun 30 22:29:31.005969 np0000183641 devstack@neutron-api.service[102000]: DEBUG neutron_lib.callbacks.manager [None req-fca1a278-13ac-41fd-b050-327a5146017c admin admin] Publish callbacks ['neutron.services.segments.db._add_segment_host_mapping_for_segment-7788685306790', 'neutron.plugins.ml2.plugin.Ml2Plugin._handle_segment_change-1706787'] for segment (bf9a0614-227e-49c4-a3b9-785bb28cca08), precommit_create {{(pid=102000) _notify_loop /opt/stack/data/venv/lib/python3.12/site-packages/neutron_lib/callbacks/manager.py:184}}
Jun 30 22:29:31.006111 np0000183641 devstack@neutron-api.service[102000]: INFO neutron.db.segments_db [None req-fca1a278-13ac-41fd-b050-327a5146017c admin admin] Added segment bf9a0614-227e-49c4-a3b9-785bb28cca08 of type geneve for network ea183f4e-55f2-4898-8ef4-0f380624388a
Jun 30 22:29:31.057836 np0000183641 devstack@neutron-api.service[102000]: DEBUG neutron_lib.callbacks.manager [None req-fca1a278-13ac-41fd-b050-327a5146017c admin admin] Publish callbacks ['neutron.services.auto_allocate.db._ensure_external_network_default_value_callback-7788683957932'] for network (ea183f4e-55f2-4898-8ef4-0f380624388a), precommit_create {{(pid=102000) _notify_loop /opt/stack/data/venv/lib/python3.12/site-packages/neutron_lib/callbacks/manager.py:184}}
Jun 30 22:29:31.075086 np0000183641 devstack@neutron-api.service[102000]: DEBUG neutron.plugins.ml2.drivers.ovn.mech_driver.mech_driver [None req-fca1a278-13ac-41fd-b050-327a5146017c admin admin] Validating network segment with type geneve, segmentation ID 22458, physical network None {{(pid=102000) _validate_network_segments /opt/stack/neutron/neutron/plugins/ml2/drivers/ovn/mech_driver/mech_driver.py:646}}
Jun 30 22:29:31.075318 np0000183641 devstack@neutron-api.service[102000]: DEBUG neutron.db.ovn_revision_numbers_db [None req-fca1a278-13ac-41fd-b050-327a5146017c admin admin] create_initial_revision uuid=ea183f4e-55f2-4898-8ef4-0f380624388a, type=networks, rev=-1 {{(pid=102000) create_initial_revision /opt/stack/neutron/neutron/db/ovn_revision_numbers_db.py:98}}
Jun 30 22:29:31.097033 np0000183641 devstack@neutron-api.service[102000]: DEBUG neutron_lib.callbacks.manager [None req-fca1a278-13ac-41fd-b050-327a5146017c admin admin] Publish callbacks ['neutron.plugins.ml2.ovo_rpc._ObjectChangeHandler.handle_event-6906924'] for network (ea183f4e-55f2-4898-8ef4-0f380624388a), after_create {{(pid=102000) _notify_loop /opt/stack/data/venv/lib/python3.12/site-packages/neutron_lib/callbacks/manager.py:184}}
Jun 30 22:29:31.148027 np0000183641 devstack@neutron-api.service[102000]: DEBUG neutron.api.rpc.handlers.resources_rpc [None req-fca1a278-13ac-41fd-b050-327a5146017c admin admin] Pushing event updated for resources: {'Network': ['ID=ea183f4e-55f2-4898-8ef4-0f380624388a,revision_number=1']} {{(pid=102000) push /opt/stack/neutron/neutron/api/rpc/handlers/resources_rpc.py:237}}
Jun 30 22:29:31.157940 np0000183641 devstack@neutron-api.service[102000]: DEBUG ovsdbapp.backend.ovs_idl.transaction [-] Running txn n=1 command(idx=0): AddNetworkCommand(_result=None, network_uuid=ea183f4e-55f2-4898-8ef4-0f380624388a, may_exist=True, columns={'external_ids': {'neutron:network_name': 'private', 'neutron:mtu': '1372', 'neutron:revision_number': '1', 'neutron:availability_zone_hints': '', 'neutron:provnet-network-type': 'geneve'}, 'other_config': {'mcast_snoop': 'false', 'mcast_flood_unregistered': 'false', 'vlan-passthru': 'false'}}) {{(pid=102000) do_commit /opt/stack/data/venv/lib/python3.12/site-packages/ovsdbapp/backend/ovs_idl/transaction.py:89}}
Jun 30 22:29:31.158686 np0000183641 devstack@neutron-api.service[102000]: DEBUG neutron.common.ovn.utils [-] OVS persist_uuid supported=True {{(pid=102000) ovs_persist_uuid_supported /opt/stack/neutron/neutron/common/ovn/utils.py:1562}}
Jun 30 22:29:31.162865 np0000183641 devstack@neutron-api.service[102001]: DEBUG neutron.plugins.ml2.drivers.ovn.mech_driver.ovsdb.ovsdb_monitor [-] Hash Ring: Node 5148bcd2d00c59e78dfd01f0a6d36724 (host: np0000183641) handling event "create" for row ea183f4e-55f2-4898-8ef4-0f380624388a (table: Logical_Switch) {{(pid=102001) notify /opt/stack/neutron/neutron/plugins/ml2/drivers/ovn/mech_driver/ovsdb/ovsdb_monitor.py:1015}}
Jun 30 22:29:31.173530 np0000183641 devstack@neutron-api.service[102001]: DEBUG neutron.plugins.ml2.drivers.ovn.mech_driver.ovsdb.ovsdb_monitor [-] Hash Ring: Node 5148bcd2d00c59e78dfd01f0a6d36724 (host: np0000183641) handling event "create" for row 76032d1e-18f9-400d-9579-2d2572c88ba7 (table: Datapath_Binding) {{(pid=102001) notify /opt/stack/neutron/neutron/plugins/ml2/drivers/ovn/mech_driver/ovsdb/ovsdb_monitor.py:1015}}
Jun 30 22:29:31.178912 np0000183641 devstack@neutron-api.service[102000]: DEBUG neutron.plugins.ml2.drivers.ovn.mech_driver.ovsdb.ovsdb_monitor [-] Hash Ring: Node cf698a6c5ee955c0a151753a1bb2695c (host: np0000183641) handling event "create" for row 76032d1e-18f9-400d-9579-2d2572c88ba7 (table: Datapath_Binding) {{(pid=102000) notify /opt/stack/neutron/neutron/plugins/ml2/drivers/ovn/mech_driver/ovsdb/ovsdb_monitor.py:1015}}
Jun 30 22:29:31.197203 np0000183641 devstack@neutron-api.service[102000]: INFO neutron.db.ovn_revision_numbers_db [None req-fca1a278-13ac-41fd-b050-327a5146017c admin admin] Successfully bumped revision number for resource ea183f4e-55f2-4898-8ef4-0f380624388a (type: networks) to 1
Jun 30 22:29:31.265268 np0000183641 devstack@neutron-api.service[102000]: DEBUG neutron_lib.callbacks.manager [None req-fca1a278-13ac-41fd-b050-327a5146017c admin admin] Publish callbacks ['neutron.plugins.ml2.plugin.SecurityGroupDbMixin._ensure_default_security_group_handler-518995'] for port (None), before_create {{(pid=102000) _notify_loop /opt/stack/data/venv/lib/python3.12/site-packages/neutron_lib/callbacks/manager.py:184}}
Jun 30 22:29:31.550040 np0000183641 devstack@neutron-api.service[102000]: DEBUG neutron_lib.callbacks.manager [None req-fca1a278-13ac-41fd-b050-327a5146017c admin admin] Publish callbacks ['neutron.plugins.ml2.drivers.ovn.mech_driver.mech_driver.OVNMechanismDriver._validate_allowed_address_pairs-346751'] for allowed_address_pair (d21321f5-ccd6-400c-8202-1ba585459f07), before_create {{(pid=102000) _notify_loop /opt/stack/data/venv/lib/python3.12/site-packages/neutron_lib/callbacks/manager.py:184}}
Jun 30 22:29:31.551071 np0000183641 devstack@neutron-api.service[102000]: DEBUG neutron_lib.callbacks.manager [None req-fca1a278-13ac-41fd-b050-327a5146017c admin admin] Publish callbacks [] for port (d21321f5-ccd6-400c-8202-1ba585459f07), precommit_create {{(pid=102000) _notify_loop /opt/stack/data/venv/lib/python3.12/site-packages/neutron_lib/callbacks/manager.py:184}}
Jun 30 22:29:31.551071 np0000183641 devstack@neutron-api.service[102000]: DEBUG neutron.plugins.ml2.drivers.ovn.mech_driver.mech_driver [None req-fca1a278-13ac-41fd-b050-327a5146017c admin admin] No provisioning block for port d21321f5-ccd6-400c-8202-1ba585459f07 since it does not have a host {{(pid=102000) _is_port_provisioning_required /opt/stack/neutron/neutron/plugins/ml2/drivers/ovn/mech_driver/mech_driver.py:899}}
Jun 30 22:29:31.551071 np0000183641 devstack@neutron-api.service[102000]: DEBUG neutron.db.ovn_revision_numbers_db [None req-fca1a278-13ac-41fd-b050-327a5146017c admin admin] create_initial_revision uuid=d21321f5-ccd6-400c-8202-1ba585459f07, type=ports, rev=-1 {{(pid=102000) create_initial_revision /opt/stack/neutron/neutron/db/ovn_revision_numbers_db.py:98}}
Jun 30 22:29:31.623525 np0000183641 devstack@neutron-api.service[102000]: DEBUG neutron_lib.callbacks.manager [None req-fca1a278-13ac-41fd-b050-327a5146017c admin admin] Publish callbacks ['neutron.plugins.ml2.ovo_rpc._ObjectChangeHandler.handle_event-6906911'] for port (d21321f5-ccd6-400c-8202-1ba585459f07), after_create {{(pid=102000) _notify_loop /opt/stack/data/venv/lib/python3.12/site-packages/neutron_lib/callbacks/manager.py:184}}
Jun 30 22:29:31.685853 np0000183641 devstack@neutron-api.service[102000]: DEBUG neutron.api.rpc.handlers.resources_rpc [None req-fca1a278-13ac-41fd-b050-327a5146017c admin admin] Pushing event updated for resources: {'Port': ['ID=d21321f5-ccd6-400c-8202-1ba585459f07,revision_number=1']} {{(pid=102000) push /opt/stack/neutron/neutron/api/rpc/handlers/resources_rpc.py:237}}
Jun 30 22:29:31.727050 np0000183641 devstack@neutron-api.service[102000]: DEBUG neutron.plugins.ml2.drivers.ovn.mech_driver.ovsdb.commands [None req-fca1a278-13ac-41fd-b050-327a5146017c admin admin] Converting tag [] to a tag_request {{(pid=102000) _tag_column_to_tag_request /opt/stack/neutron/neutron/plugins/ml2/drivers/ovn/mech_driver/ovsdb/commands.py:205}}
Jun 30 22:29:31.728194 np0000183641 devstack@neutron-api.service[102000]: DEBUG ovsdbapp.backend.ovs_idl.transaction [-] Running txn n=1 command(idx=0): AddLSwitchPortCommand(_result=None, lport=d21321f5-ccd6-400c-8202-1ba585459f07, lswitch=neutron-ea183f4e-55f2-4898-8ef4-0f380624388a, may_exist=True, network_uuid=ea183f4e-55f2-4898-8ef4-0f380624388a, columns={'addresses': ['fa:16:3e:ab:f2:a5'], 'external_ids': {'neutron:port_name': '', 'neutron:device_id': 'ovnmeta-ea183f4e-55f2-4898-8ef4-0f380624388a', 'neutron:project_id': '836a1ce0cb274de3924513aa0e9dd894', 'neutron:cidrs': '', 'neutron:device_owner': 'network:distributed', 'neutron:subnet_pool_addr_scope4': '', 'neutron:subnet_pool_addr_scope6': '', 'neutron:network_name': 'neutron-ea183f4e-55f2-4898-8ef4-0f380624388a', 'neutron:security_group_ids': '', 'neutron:revision_number': '1', 'neutron:vnic_type': 'normal', 'neutron:port_capabilities': '', 'neutron:mtu': '1372'}, 'parent_name': [], 'enabled': True, 'options': {}, 'type': 'localport', 'port_security': [], 'dhcpv4_options': [], 'dhcpv6_options': [], 'tag_request': []}) {{(pid=102000) do_commit /opt/stack/data/venv/lib/python3.12/site-packages/ovsdbapp/backend/ovs_idl/transaction.py:89}}
Jun 30 22:29:31.729042 np0000183641 devstack@neutron-api.service[102000]: DEBUG ovsdbapp.backend.ovs_idl.transaction [-] Running txn n=1 command(idx=1): QoSDelCommand(_result=None, switch=neutron-ea183f4e-55f2-4898-8ef4-0f380624388a, conditions=[('direction', '=', 'to-lport'), ('priority', '=', 2002), ('match', '=', 'outport == "d21321f5-ccd6-400c-8202-1ba585459f07"')], if_exists=True) {{(pid=102000) do_commit /opt/stack/data/venv/lib/python3.12/site-packages/ovsdbapp/backend/ovs_idl/transaction.py:89}}
Jun 30 22:29:31.729328 np0000183641 devstack@neutron-api.service[102000]: DEBUG ovsdbapp.backend.ovs_idl.transaction [-] Running txn n=1 command(idx=2): QoSDelCommand(_result=None, switch=neutron-ea183f4e-55f2-4898-8ef4-0f380624388a, conditions=[('direction', '=', 'from-lport'), ('priority', '=', 2002), ('match', '=', 'inport == "d21321f5-ccd6-400c-8202-1ba585459f07"')], if_exists=True) {{(pid=102000) do_commit /opt/stack/data/venv/lib/python3.12/site-packages/ovsdbapp/backend/ovs_idl/transaction.py:89}}
Jun 30 22:29:31.734713 np0000183641 devstack@neutron-api.service[102001]: DEBUG neutron.plugins.ml2.drivers.ovn.mech_driver.ovsdb.ovsdb_monitor [-] Hash Ring: Node 5148bcd2d00c59e78dfd01f0a6d36724 (host: np0000183641) handling event "update" for row ea183f4e-55f2-4898-8ef4-0f380624388a (table: Logical_Switch) {{(pid=102001) notify /opt/stack/neutron/neutron/plugins/ml2/drivers/ovn/mech_driver/ovsdb/ovsdb_monitor.py:1015}}
Jun 30 22:29:31.736968 np0000183641 devstack@neutron-api.service[102001]: DEBUG neutron.plugins.ml2.drivers.ovn.mech_driver.ovsdb.ovsdb_monitor [-] Hash Ring: Node 5148bcd2d00c59e78dfd01f0a6d36724 (host: np0000183641) handling event "create" for row 07b182cd-43cd-475c-83ff-efb8702aa803 (table: Logical_Switch_Port) {{(pid=102001) notify /opt/stack/neutron/neutron/plugins/ml2/drivers/ovn/mech_driver/ovsdb/ovsdb_monitor.py:1015}}
Jun 30 22:29:31.736968 np0000183641 devstack@neutron-api.service[102001]: DEBUG ovsdbapp.backend.ovs_idl.event [-] Matched CREATE: LogicalSwitchPortCreateEvent(events=('create',), table='Logical_Switch_Port', conditions=[], old_conditions=None), priority=20 to row=Logical_Switch_Port(uuid=07b182cd-43cd-475c-83ff-efb8702aa803, addresses=['fa:16:3e:ab:f2:a5'], dhcpv4_options=[], dhcpv6_options=[], dynamic_addresses=[], enabled=True, external_ids={'neutron:cidrs': '', 'neutron:device_id': 'ovnmeta-ea183f4e-55f2-4898-8ef4-0f380624388a', 'neutron:device_owner': 'network:distributed', 'neutron:mtu': '1372', 'neutron:network_name': 'neutron-ea183f4e-55f2-4898-8ef4-0f380624388a', 'neutron:port_capabilities': '', 'neutron:port_name': '', 'neutron:project_id': '836a1ce0cb274de3924513aa0e9dd894', 'neutron:revision_number': '1', 'neutron:security_group_ids': '', 'neutron:subnet_pool_addr_scope4': '', 'neutron:subnet_pool_addr_scope6': '', 'neutron:vnic_type': 'normal'}, ha_chassis_group=[], mirror_rules=[], name='d21321f5-ccd6-400c-8202-1ba585459f07', options={}, parent_name=[], port_security=[], tag=[], tag_request=[], type='localport', up=[]) old= {{(pid=102001) matches /opt/stack/data/venv/lib/python3.12/site-packages/ovsdbapp/backend/ovs_idl/event.py:55}}
Jun 30 22:29:31.738219 np0000183641 devstack@neutron-api.service[102001]: DEBUG neutron.plugins.ml2.drivers.ovn.mech_driver.ovsdb.ovsdb_monitor [-] Hash Ring: Node 5148bcd2d00c59e78dfd01f0a6d36724 (host: np0000183641) handling event "update" for row 07b182cd-43cd-475c-83ff-efb8702aa803 (table: Logical_Switch_Port) {{(pid=102001) notify /opt/stack/neutron/neutron/plugins/ml2/drivers/ovn/mech_driver/ovsdb/ovsdb_monitor.py:1015}}
Jun 30 22:29:31.743840 np0000183641 devstack@neutron-api.service[102002]: DEBUG neutron.plugins.ml2.drivers.ovn.mech_driver.ovsdb.ovsdb_monitor [-] Hash Ring: Node 35d3e3c3ed215bc4b053707a027a9046 (host: np0000183641) handling event "create" for row 07b182cd-43cd-475c-83ff-efb8702aa803 (table: Logical_Switch_Port) {{(pid=102002) notify /opt/stack/neutron/neutron/plugins/ml2/drivers/ovn/mech_driver/ovsdb/ovsdb_monitor.py:1015}}
Jun 30 22:29:31.744189 np0000183641 devstack@neutron-api.service[102001]: INFO neutron.plugins.ml2.drivers.ovn.mech_driver.mech_driver [-] OVN reports status down for port: d21321f5-ccd6-400c-8202-1ba585459f07
Jun 30 22:29:31.744574 np0000183641 devstack@neutron-api.service[102002]: DEBUG ovsdbapp.backend.ovs_idl.event [-] Matched CREATE: LogicalSwitchPortCreateEvent(events=('create',), table='Logical_Switch_Port', conditions=[], old_conditions=None), priority=20 to row=Logical_Switch_Port(uuid=07b182cd-43cd-475c-83ff-efb8702aa803, addresses=['fa:16:3e:ab:f2:a5'], dhcpv4_options=[], dhcpv6_options=[], dynamic_addresses=[], enabled=True, external_ids={'neutron:cidrs': '', 'neutron:device_id': 'ovnmeta-ea183f4e-55f2-4898-8ef4-0f380624388a', 'neutron:device_owner': 'network:distributed', 'neutron:mtu': '1372', 'neutron:network_name': 'neutron-ea183f4e-55f2-4898-8ef4-0f380624388a', 'neutron:port_capabilities': '', 'neutron:port_name': '', 'neutron:project_id': '836a1ce0cb274de3924513aa0e9dd894', 'neutron:revision_number': '1', 'neutron:security_group_ids': '', 'neutron:subnet_pool_addr_scope4': '', 'neutron:subnet_pool_addr_scope6': '', 'neutron:vnic_type': 'normal'}, ha_chassis_group=[], mirror_rules=[], name='d21321f5-ccd6-400c-8202-1ba585459f07', options={}, parent_name=[], port_security=[], tag=[], tag_request=[], type='localport', up=[]) old= {{(pid=102002) matches /opt/stack/data/venv/lib/python3.12/site-packages/ovsdbapp/backend/ovs_idl/event.py:55}}
