Jun 30 22:29:21.866654 np0000183641 devstack@neutron-api.service[102002]: DEBUG neutron_lib.callbacks.manager [None req-fc691af2-e77b-443c-9d29-67b35db42704 None None] Subscribe: > security_group_rule before_delete 55550000, False {{(pid=102002) subscribe /opt/stack/data/venv/lib/python3.12/site-packages/neutron_lib/callbacks/manager.py:52}}
Jun 30 22:29:21.866748 np0000183641 devstack@neutron-api.service[102002]: DEBUG neutron_lib.callbacks.manager [None req-fc691af2-e77b-443c-9d29-67b35db42704 None None] Subscribe: > address_group after_create 55550000, False {{(pid=102002) subscribe /opt/stack/data/venv/lib/python3.12/site-packages/neutron_lib/callbacks/manager.py:52}}
Jun 30 22:29:21.866883 np0000183641 devstack@neutron-api.service[102002]: DEBUG neutron_lib.callbacks.manager [None req-fc691af2-e77b-443c-9d29-67b35db42704 None None] Subscribe: > address_group after_update 55550000, False {{(pid=102002) subscribe /opt/stack/data/venv/lib/python3.12/site-packages/neutron_lib/callbacks/manager.py:52}}
Jun 30 22:29:21.867009 np0000183641 devstack@neutron-api.service[102002]: DEBUG neutron_lib.callbacks.manager [None req-fc691af2-e77b-443c-9d29-67b35db42704 None None] Subscribe: > address_group after_delete 55550000, False {{(pid=102002) subscribe /opt/stack/data/venv/lib/python3.12/site-packages/neutron_lib/callbacks/manager.py:52}}
Jun 30 22:29:21.867202 np0000183641 devstack@neutron-api.service[102002]: DEBUG neutron_lib.callbacks.manager [None req-fc691af2-e77b-443c-9d29-67b35db42704 None None] Subscribe: > qos_plugin after_init 55550000, False {{(pid=102002) subscribe /opt/stack/data/venv/lib/python3.12/site-packages/neutron_lib/callbacks/manager.py:52}}
Jun 30 22:29:21.867409 np0000183641 devstack@neutron-api.service[102003]: DEBUG neutron.services.provider_configuration [None req-c0e61aaf-b66a-41e1-a2d0-a9191b86d2d9 None None] Service providers = [] {{(pid=102003) parse_service_provider_opt /opt/stack/neutron/neutron/services/provider_configuration.py:170}}
Jun 30 22:29:21.867456 np0000183641 devstack@neutron-api.service[102002]: DEBUG neutron_lib.callbacks.manager [None req-fc691af2-e77b-443c-9d29-67b35db42704 None None] Subscribe: > trunk_plugin after_init 55550000, False {{(pid=102002) subscribe /opt/stack/data/venv/lib/python3.12/site-packages/neutron_lib/callbacks/manager.py:52}}
Jun 30 22:29:21.867558 np0000183641 devstack@neutron-api.service[102003]: DEBUG neutron.db.servicetype_db [None req-c0e61aaf-b66a-41e1-a2d0-a9191b86d2d9 None None] Adding provider configuration for service L3_ROUTER_NAT {{(pid=102003) add_provider_configuration /opt/stack/neutron/neutron/db/servicetype_db.py:45}}
Jun 30 22:29:21.867700 np0000183641 devstack@neutron-api.service[102002]: DEBUG neutron_lib.callbacks.manager [None req-fc691af2-e77b-443c-9d29-67b35db42704 None None] Subscribe: > logging-plugin after_init 55550000, False {{(pid=102002) subscribe /opt/stack/data/venv/lib/python3.12/site-packages/neutron_lib/callbacks/manager.py:52}}
Jun 30 22:29:21.868243 np0000183641 devstack@neutron-api.service[102002]: INFO neutron.services.logapi.drivers.ovn.driver [None req-fc691af2-e77b-443c-9d29-67b35db42704 None None] OVN logging driver registered
Jun 30 22:29:21.868291 np0000183641 devstack@neutron-api.service[102002]: DEBUG neutron_lib.callbacks.manager [None req-fc691af2-e77b-443c-9d29-67b35db42704 None None] Subscribe: ._register_pvlan_driver at 0x71571b953060> pvlan_plugin before_spawn 55550000, False {{(pid=102002) subscribe /opt/stack/data/venv/lib/python3.12/site-packages/neutron_lib/callbacks/manager.py:52}}
Jun 30 22:29:21.868437 np0000183641 devstack@neutron-api.service[102002]: DEBUG neutron_lib.callbacks.manager [None req-fc691af2-e77b-443c-9d29-67b35db42704 None None] Subscribe: process after_init 55550000, False {{(pid=102002) subscribe /opt/stack/data/venv/lib/python3.12/site-packages/neutron_lib/callbacks/manager.py:52}}
Jun 30 22:29:21.868690 np0000183641 devstack@neutron-api.service[102003]: DEBUG neutron_lib.callbacks.manager [None req-c0e61aaf-b66a-41e1-a2d0-a9191b86d2d9 None None] Subscribe: > router precommit_create 55549900, False {{(pid=102003) subscribe /opt/stack/data/venv/lib/python3.12/site-packages/neutron_lib/callbacks/manager.py:52}}
Jun 30 22:29:21.868810 np0000183641 devstack@neutron-api.service[102003]: DEBUG neutron_lib.callbacks.manager [None req-c0e61aaf-b66a-41e1-a2d0-a9191b86d2d9 None None] Subscribe: > router_interface after_create 55550000, False {{(pid=102003) subscribe /opt/stack/data/venv/lib/python3.12/site-packages/neutron_lib/callbacks/manager.py:52}}
Jun 30 22:29:21.868927 np0000183641 devstack@neutron-api.service[102003]: DEBUG neutron_lib.callbacks.manager [None req-c0e61aaf-b66a-41e1-a2d0-a9191b86d2d9 None None] Subscribe: > floatingip after_create 55550000, False {{(pid=102003) subscribe /opt/stack/data/venv/lib/python3.12/site-packages/neutron_lib/callbacks/manager.py:52}}
Jun 30 22:29:21.869013 np0000183641 devstack@neutron-api.service[102003]: DEBUG neutron_lib.callbacks.manager [None req-c0e61aaf-b66a-41e1-a2d0-a9191b86d2d9 None None] Subscribe: > floatingip precommit_create 55550000, False {{(pid=102003) subscribe /opt/stack/data/venv/lib/python3.12/site-packages/neutron_lib/callbacks/manager.py:52}}
Jun 30 22:29:21.869109 np0000183641 devstack@neutron-api.service[102003]: DEBUG neutron_lib.callbacks.manager [None req-c0e61aaf-b66a-41e1-a2d0-a9191b86d2d9 None None] Subscribe: > floatingip precommit_update 55550000, False {{(pid=102003) subscribe /opt/stack/data/venv/lib/python3.12/site-packages/neutron_lib/callbacks/manager.py:52}}
Jun 30 22:29:21.869214 np0000183641 devstack@neutron-api.service[102003]: DEBUG neutron_lib.callbacks.manager [None req-c0e61aaf-b66a-41e1-a2d0-a9191b86d2d9 None None] Subscribe: > floatingip after_delete 55550000, False {{(pid=102003) subscribe /opt/stack/data/venv/lib/python3.12/site-packages/neutron_lib/callbacks/manager.py:52}}
Jun 30 22:29:21.869300 np0000183641 devstack@neutron-api.service[102003]: DEBUG neutron_lib.callbacks.manager [None req-c0e61aaf-b66a-41e1-a2d0-a9191b86d2d9 None None] Subscribe: > floatingip after_status_update 55550000, False {{(pid=102003) subscribe /opt/stack/data/venv/lib/python3.12/site-packages/neutron_lib/callbacks/manager.py:52}}
Jun 30 22:29:21.869414 np0000183641 devstack@neutron-api.service[102003]: DEBUG neutron_lib.callbacks.manager [None req-c0e61aaf-b66a-41e1-a2d0-a9191b86d2d9 None None] Subscribe: > floatingip after_update 55550000, False {{(pid=102003) subscribe /opt/stack/data/venv/lib/python3.12/site-packages/neutron_lib/callbacks/manager.py:52}}
Jun 30 22:29:21.869554 np0000183641 devstack@neutron-api.service[102003]: DEBUG neutron_lib.callbacks.manager [None req-c0e61aaf-b66a-41e1-a2d0-a9191b86d2d9 None None] Subscribe: > port_forwarding after_create 55550000, False {{(pid=102003) subscribe /opt/stack/data/venv/lib/python3.12/site-packages/neutron_lib/callbacks/manager.py:52}}
Jun 30 22:29:21.869607 np0000183641 devstack@neutron-api.service[102003]: DEBUG neutron_lib.callbacks.manager [None req-c0e61aaf-b66a-41e1-a2d0-a9191b86d2d9 None None] Subscribe: > router_interface after_delete 55550000, False {{(pid=102003) subscribe /opt/stack/data/venv/lib/python3.12/site-packages/neutron_lib/callbacks/manager.py:52}}
Jun 30 22:29:21.869745 np0000183641 devstack@neutron-api.service[102003]: DEBUG neutron_lib.callbacks.manager [None req-c0e61aaf-b66a-41e1-a2d0-a9191b86d2d9 None None] Subscribe: > router after_create 55550000, False {{(pid=102003) subscribe /opt/stack/data/venv/lib/python3.12/site-packages/neutron_lib/callbacks/manager.py:52}}
Jun 30 22:29:21.869798 np0000183641 devstack@neutron-api.service[102003]: DEBUG neutron_lib.callbacks.manager [None req-c0e61aaf-b66a-41e1-a2d0-a9191b86d2d9 None None] Subscribe: > router precommit_create 55550000, False {{(pid=102003) subscribe /opt/stack/data/venv/lib/python3.12/site-packages/neutron_lib/callbacks/manager.py:52}}
Jun 30 22:29:21.869941 np0000183641 devstack@neutron-api.service[102003]: DEBUG neutron_lib.callbacks.manager [None req-c0e61aaf-b66a-41e1-a2d0-a9191b86d2d9 None None] Subscribe: > router after_delete 55550000, False {{(pid=102003) subscribe /opt/stack/data/venv/lib/python3.12/site-packages/neutron_lib/callbacks/manager.py:52}}
Jun 30 22:29:21.869990 np0000183641 devstack@neutron-api.service[102003]: DEBUG neutron_lib.callbacks.manager [None req-c0e61aaf-b66a-41e1-a2d0-a9191b86d2d9 None None] Subscribe: > router after_update 55550000, False {{(pid=102003) subscribe /opt/stack/data/venv/lib/python3.12/site-packages/neutron_lib/callbacks/manager.py:52}}
Jun 30 22:29:21.870119 np0000183641 devstack@neutron-api.service[102002]: DEBUG neutron.plugins.ml2.plugin [None req-fc691af2-e77b-443c-9d29-67b35db42704 None None] neutron.plugins.ml2.plugin.Ml2Plugin method _start_rpc_notifiers called with arguments () {} {{(pid=102002) wrapper /opt/stack/data/venv/lib/python3.12/site-packages/oslo_log/helpers.py:77}}
Jun 30 22:29:21.870169 np0000183641 devstack@neutron-api.service[102003]: DEBUG neutron.services.service_base [None req-c0e61aaf-b66a-41e1-a2d0-a9191b86d2d9 None None] Loaded 'neutron.services.ovn_l3.service_providers.ovn.OvnDriver' provider for service L3_ROUTER_NAT {{(pid=102003) load_drivers /opt/stack/neutron/neutron/services/service_base.py:49}}
Jun 30 22:29:21.870220 np0000183641 devstack@neutron-api.service[102003]: DEBUG neutron_lib.callbacks.manager [None req-c0e61aaf-b66a-41e1-a2d0-a9191b86d2d9 None None] Subscribe: > process after_init 55550001, True {{(pid=102003) subscribe /opt/stack/data/venv/lib/python3.12/site-packages/neutron_lib/callbacks/manager.py:52}}
Jun 30 22:29:21.870392 np0000183641 devstack@neutron-api.service[102003]: DEBUG neutron.manager [None req-c0e61aaf-b66a-41e1-a2d0-a9191b86d2d9 None None] Successfully loaded L3_ROUTER_NAT plugin. Description: L3 Router Service Plugin for basic L3 forwarding using OVN {{(pid=102003) _create_and_add_service_plugin /opt/stack/neutron/neutron/manager.py:236}}
Jun 30 22:29:21.870433 np0000183641 devstack@neutron-api.service[102002]: DEBUG neutron_lib.callbacks.manager [None req-fc691af2-e77b-443c-9d29-67b35db42704 None None] Subscribe: > port after_create 55550000, False {{(pid=102002) subscribe /opt/stack/data/venv/lib/python3.12/site-packages/neutron_lib/callbacks/manager.py:52}}
Jun 30 22:29:21.870470 np0000183641 devstack@neutron-api.service[102003]: INFO neutron.manager [None req-c0e61aaf-b66a-41e1-a2d0-a9191b86d2d9 None None] Loading Plugin: auto_allocate
Jun 30 22:29:21.870592 np0000183641 devstack@neutron-api.service[102002]: DEBUG neutron_lib.callbacks.manager [None req-fc691af2-e77b-443c-9d29-67b35db42704 None None] Subscribe: > port after_update 55550000, False {{(pid=102002) subscribe /opt/stack/data/venv/lib/python3.12/site-packages/neutron_lib/callbacks/manager.py:52}}
Jun 30 22:29:21.870744 np0000183641 devstack@neutron-api.service[102002]: DEBUG neutron_lib.callbacks.manager [None req-fc691af2-e77b-443c-9d29-67b35db42704 None None] Subscribe: > port after_delete 55550000, False {{(pid=102002) subscribe /opt/stack/data/venv/lib/python3.12/site-packages/neutron_lib/callbacks/manager.py:52}}
Jun 30 22:29:21.870873 np0000183641 devstack@neutron-api.service[102002]: DEBUG neutron_lib.callbacks.manager [None req-fc691af2-e77b-443c-9d29-67b35db42704 None None] Subscribe: > subnet after_create 55550000, False {{(pid=102002) subscribe /opt/stack/data/venv/lib/python3.12/site-packages/neutron_lib/callbacks/manager.py:52}}
Jun 30 22:29:21.871005 np0000183641 devstack@neutron-api.service[102002]: DEBUG neutron_lib.callbacks.manager [None req-fc691af2-e77b-443c-9d29-67b35db42704 None None] Subscribe: > subnet after_update 55550000, False {{(pid=102002) subscribe /opt/stack/data/venv/lib/python3.12/site-packages/neutron_lib/callbacks/manager.py:52}}
Jun 30 22:29:21.871123 np0000183641 devstack@neutron-api.service[102002]: DEBUG neutron_lib.callbacks.manager [None req-fc691af2-e77b-443c-9d29-67b35db42704 None None] Subscribe: > subnet after_delete 55550000, False {{(pid=102002) subscribe /opt/stack/data/venv/lib/python3.12/site-packages/neutron_lib/callbacks/manager.py:52}}
Jun 30 22:29:21.871249 np0000183641 devstack@neutron-api.service[102002]: DEBUG neutron_lib.callbacks.manager [None req-fc691af2-e77b-443c-9d29-67b35db42704 None None] Subscribe: > network after_create 55550000, False {{(pid=102002) subscribe /opt/stack/data/venv/lib/python3.12/site-packages/neutron_lib/callbacks/manager.py:52}}
Jun 30 22:29:21.871412 np0000183641 devstack@neutron-api.service[102002]: DEBUG neutron_lib.callbacks.manager [None req-fc691af2-e77b-443c-9d29-67b35db42704 None None] Subscribe: > network after_update 55550000, False {{(pid=102002) subscribe /opt/stack/data/venv/lib/python3.12/site-packages/neutron_lib/callbacks/manager.py:52}}
Jun 30 22:29:21.871467 np0000183641 devstack@neutron-api.service[102003]: DEBUG neutron_lib.callbacks.manager [None req-c0e61aaf-b66a-41e1-a2d0-a9191b86d2d9 None None] Subscribe: network precommit_update 55550000, False {{(pid=102003) subscribe /opt/stack/data/venv/lib/python3.12/site-packages/neutron_lib/callbacks/manager.py:52}}
Jun 30 22:29:21.871517 np0000183641 devstack@neutron-api.service[102002]: DEBUG neutron_lib.callbacks.manager [None req-fc691af2-e77b-443c-9d29-67b35db42704 None None] Subscribe: > network after_delete 55550000, False {{(pid=102002) subscribe /opt/stack/data/venv/lib/python3.12/site-packages/neutron_lib/callbacks/manager.py:52}}
Jun 30 22:29:21.871606 np0000183641 devstack@neutron-api.service[102003]: DEBUG neutron_lib.callbacks.manager [None req-c0e61aaf-b66a-41e1-a2d0-a9191b86d2d9 None None] Subscribe: network precommit_create 55550000, False {{(pid=102003) subscribe /opt/stack/data/venv/lib/python3.12/site-packages/neutron_lib/callbacks/manager.py:52}}
Jun 30 22:29:21.871651 np0000183641 devstack@neutron-api.service[102002]: DEBUG neutron_lib.callbacks.manager [None req-fc691af2-e77b-443c-9d29-67b35db42704 None None] Subscribe: > security_group after_create 55550000, False {{(pid=102002) subscribe /opt/stack/data/venv/lib/python3.12/site-packages/neutron_lib/callbacks/manager.py:52}}
Jun 30 22:29:21.871773 np0000183641 devstack@neutron-api.service[102002]: DEBUG neutron_lib.callbacks.manager [None req-fc691af2-e77b-443c-9d29-67b35db42704 None None] Subscribe: > security_group after_update 55550000, False {{(pid=102002) subscribe /opt/stack/data/venv/lib/python3.12/site-packages/neutron_lib/callbacks/manager.py:52}}
Jun 30 22:29:21.871824 np0000183641 devstack@neutron-api.service[102003]: DEBUG neutron.manager [None req-c0e61aaf-b66a-41e1-a2d0-a9191b86d2d9 None None] Successfully loaded auto-allocated-topology plugin. Description: Auto Allocated Topology - aka get me a network. {{(pid=102003) _create_and_add_service_plugin /opt/stack/neutron/neutron/manager.py:236}}
Jun 30 22:29:21.871871 np0000183641 devstack@neutron-api.service[102002]: DEBUG neutron_lib.callbacks.manager [None req-fc691af2-e77b-443c-9d29-67b35db42704 None None] Subscribe: > security_group after_delete 55550000, False {{(pid=102002) subscribe /opt/stack/data/venv/lib/python3.12/site-packages/neutron_lib/callbacks/manager.py:52}}
Jun 30 22:29:21.871958 np0000183641 devstack@neutron-api.service[102003]: INFO neutron.manager [None req-c0e61aaf-b66a-41e1-a2d0-a9191b86d2d9 None None] Loading Plugin: tag
Jun 30 22:29:21.871998 np0000183641 devstack@neutron-api.service[102002]: DEBUG neutron_lib.callbacks.manager [None req-fc691af2-e77b-443c-9d29-67b35db42704 None None] Subscribe: > security_group_rule after_create 55550000, False {{(pid=102002) subscribe /opt/stack/data/venv/lib/python3.12/site-packages/neutron_lib/callbacks/manager.py:52}}
Jun 30 22:29:21.871998 np0000183641 devstack@neutron-api.service[102002]: DEBUG neutron_lib.callbacks.manager [None req-fc691af2-e77b-443c-9d29-67b35db42704 None None] Subscribe: > security_group_rule after_update 55550000, False {{(pid=102002) subscribe /opt/stack/data/venv/lib/python3.12/site-packages/neutron_lib/callbacks/manager.py:52}}
Jun 30 22:29:21.872263 np0000183641 devstack@neutron-api.service[102002]: DEBUG neutron_lib.callbacks.manager [None req-fc691af2-e77b-443c-9d29-67b35db42704 None None] Subscribe: > security_group_rule after_delete 55550000, False {{(pid=102002) subscribe /opt/stack/data/venv/lib/python3.12/site-packages/neutron_lib/callbacks/manager.py:52}}
Jun 30 22:29:21.872263 np0000183641 devstack@neutron-api.service[102002]: DEBUG neutron_lib.callbacks.manager [None req-fc691af2-e77b-443c-9d29-67b35db42704 None None] Subscribe: > address_group after_create 55550000, False {{(pid=102002) subscribe /opt/stack/data/venv/lib/python3.12/site-packages/neutron_lib/callbacks/manager.py:52}}
Jun 30 22:29:21.872263 np0000183641 devstack@neutron-api.service[102002]: DEBUG neutron_lib.callbacks.manager [None req-fc691af2-e77b-443c-9d29-67b35db42704 None None] Subscribe: > address_group after_update 55550000, False {{(pid=102002) subscribe /opt/stack/data/venv/lib/python3.12/site-packages/neutron_lib/callbacks/manager.py:52}}
Jun 30 22:29:21.872397 np0000183641 devstack@neutron-api.service[102002]: DEBUG neutron_lib.callbacks.manager [None req-fc691af2-e77b-443c-9d29-67b35db42704 None None] Subscribe: > address_group after_delete 55550000, False {{(pid=102002) subscribe /opt/stack/data/venv/lib/python3.12/site-packages/neutron_lib/callbacks/manager.py:52}}
Jun 30 22:29:21.872492 np0000183641 devstack@neutron-api.service[102002]: DEBUG neutron.plugins.ml2.ovo_rpc [None req-fc691af2-e77b-443c-9d29-67b35db42704 None None] ML2 OVO RPC backend initialized. {{(pid=102002) __init__ /opt/stack/neutron/neutron/plugins/ml2/ovo_rpc.py:117}}
Jun 30 22:29:21.873432 np0000183641 devstack@neutron-api.service[102002]: INFO neutron.quota [None req-fc691af2-e77b-443c-9d29-67b35db42704 None None] Loaded quota_driver: .
Jun 30 22:29:21.873539 np0000183641 devstack@neutron-api.service[102002]: INFO neutron.plugins.ml2.plugin [None req-fc691af2-e77b-443c-9d29-67b35db42704 None None] Modular L2 Plugin initialization complete
Jun 30 22:29:21.873713 np0000183641 devstack@neutron-api.service[102002]: DEBUG neutron.manager [None req-fc691af2-e77b-443c-9d29-67b35db42704 None None] Loading services supported by the core plugin {{(pid=102002) _load_services_from_core_plugin /opt/stack/neutron/neutron/manager.py:167}}
Jun 30 22:29:21.873800 np0000183641 devstack@neutron-api.service[102002]: INFO neutron.plugins.ml2.managers [None req-fc691af2-e77b-443c-9d29-67b35db42704 None None] Got port-security extension from driver 'port_security'
Jun 30 22:29:21.874089 np0000183641 devstack@neutron-api.service[102002]: DEBUG neutron.manager [None req-fc691af2-e77b-443c-9d29-67b35db42704 None None] Loading service plugins: ['ovn-router', 'auto_allocate', 'tag', 'timestamp', 'network_ip_availability', 'flavors', 'revisions'] {{(pid=102002) _load_service_plugins /opt/stack/neutron/neutron/manager.py:192}}
Jun 30 22:29:21.874163 np0000183641 devstack@neutron-api.service[102002]: INFO neutron.manager [None req-fc691af2-e77b-443c-9d29-67b35db42704 None None] Loading Plugin: ovn-router
Jun 30 22:29:21.874552 np0000183641 devstack@neutron-api.service[102003]: DEBUG neutron.manager [None req-c0e61aaf-b66a-41e1-a2d0-a9191b86d2d9 None None] Successfully loaded TAG plugin. Description: Tag support {{(pid=102003) _create_and_add_service_plugin /opt/stack/neutron/neutron/manager.py:236}}
Jun 30 22:29:21.874701 np0000183641 devstack@neutron-api.service[102003]: INFO neutron.manager [None req-c0e61aaf-b66a-41e1-a2d0-a9191b86d2d9 None None] Loading Plugin: timestamp
Jun 30 22:29:21.876424 np0000183641 devstack@neutron-api.service[102003]: DEBUG neutron.manager [None req-c0e61aaf-b66a-41e1-a2d0-a9191b86d2d9 None None] Successfully loaded timestamp plugin. Description: Adds timestamps to Neutron resources with standard attributes {{(pid=102003) _create_and_add_service_plugin /opt/stack/neutron/neutron/manager.py:236}}
Jun 30 22:29:21.876569 np0000183641 devstack@neutron-api.service[102003]: INFO neutron.manager [None req-c0e61aaf-b66a-41e1-a2d0-a9191b86d2d9 None None] Loading Plugin: network_ip_availability
Jun 30 22:29:21.878079 np0000183641 devstack@neutron-api.service[102003]: DEBUG neutron.manager [None req-c0e61aaf-b66a-41e1-a2d0-a9191b86d2d9 None None] Successfully loaded network-ip-availability plugin. Description: Provides IP availability data for each network and subnet. {{(pid=102003) _create_and_add_service_plugin /opt/stack/neutron/neutron/manager.py:236}}
Jun 30 22:29:21.878166 np0000183641 devstack@neutron-api.service[102003]: INFO neutron.manager [None req-c0e61aaf-b66a-41e1-a2d0-a9191b86d2d9 None None] Loading Plugin: flavors
Jun 30 22:29:21.878984 np0000183641 devstack@neutron-api.service[102003]: DEBUG neutron.manager [None req-c0e61aaf-b66a-41e1-a2d0-a9191b86d2d9 None None] Successfully loaded FLAVORS plugin. Description: Neutron Flavors and Service Profiles manager plugin {{(pid=102003) _create_and_add_service_plugin /opt/stack/neutron/neutron/manager.py:236}}
Jun 30 22:29:21.879087 np0000183641 devstack@neutron-api.service[102003]: INFO neutron.manager [None req-c0e61aaf-b66a-41e1-a2d0-a9191b86d2d9 None None] Loading Plugin: revisions
Jun 30 22:29:21.880067 np0000183641 devstack@neutron-api.service[102003]: DEBUG neutron.manager [None req-c0e61aaf-b66a-41e1-a2d0-a9191b86d2d9 None None] Successfully loaded revision_plugin plugin. Description: Adds revision numbers to resources. {{(pid=102003) _create_and_add_service_plugin /opt/stack/neutron/neutron/manager.py:236}}
Jun 30 22:29:21.880214 np0000183641 devstack@neutron-api.service[102003]: DEBUG oslo_concurrency.lockutils [None req-c0e61aaf-b66a-41e1-a2d0-a9191b86d2d9 None None] Lock "manager" "released" by "neutron.manager.NeutronManager._create_instance" :: held 4.639s {{(pid=102003) inner /opt/stack/data/venv/lib/python3.12/site-packages/oslo_concurrency/lockutils.py:543}}
Jun 30 22:29:21.880463 np0000183641 devstack@neutron-api.service[102003]: DEBUG neutron.api.extensions [None req-c0e61aaf-b66a-41e1-a2d0-a9191b86d2d9 None None] get_extension_paths = OrderedDict({'/opt/stack/neutron/neutron/extensions': 1}) {{(pid=102003) get_extensions_path /opt/stack/neutron/neutron/api/extensions.py:640}}
Jun 30 22:29:21.880633 np0000183641 devstack@neutron-api.service[102003]: INFO neutron.api.extensions [None req-c0e61aaf-b66a-41e1-a2d0-a9191b86d2d9 None None] Initializing extension manager.
Jun 30 22:29:21.880774 np0000183641 devstack@neutron-api.service[102003]: DEBUG neutron.api.extensions [None req-c0e61aaf-b66a-41e1-a2d0-a9191b86d2d9 None None] Loading extension file: __init__.py {{(pid=102003) _load_all_extensions_from_path /opt/stack/neutron/neutron/api/extensions.py:449}}
Jun 30 22:29:21.880894 np0000183641 devstack@neutron-api.service[102003]: DEBUG neutron.api.extensions [None req-c0e61aaf-b66a-41e1-a2d0-a9191b86d2d9 None None] Loading extension file: __pycache__ {{(pid=102003) _load_all_extensions_from_path /opt/stack/neutron/neutron/api/extensions.py:449}}
Jun 30 22:29:21.881036 np0000183641 devstack@neutron-api.service[102003]: DEBUG neutron.api.extensions [None req-c0e61aaf-b66a-41e1-a2d0-a9191b86d2d9 None None] Loading extension file: aap_reject_multicast.py {{(pid=102003) _load_all_extensions_from_path /opt/stack/neutron/neutron/api/extensions.py:449}}
Jun 30 22:29:21.881368 np0000183641 devstack@neutron-api.service[102003]: DEBUG neutron.api.extensions [None req-c0e61aaf-b66a-41e1-a2d0-a9191b86d2d9 None None] Ext name="Allowed address pairs reject multicast extension" alias="aap-reject-multicast" description="Reject multicast addresses in Allowed Address Pairs" updated="2026-04-01T00:00:00-00:00" {{(pid=102003) _check_extension /opt/stack/neutron/neutron/api/extensions.py:415}}
Jun 30 22:29:21.881578 np0000183641 devstack@neutron-api.service[102003]: INFO neutron.api.extensions [None req-c0e61aaf-b66a-41e1-a2d0-a9191b86d2d9 None None] Extension aap-reject-multicast not supported by any of loaded plugins
Jun 30 22:29:21.881668 np0000183641 devstack@neutron-api.service[102003]: DEBUG neutron.api.extensions [None req-c0e61aaf-b66a-41e1-a2d0-a9191b86d2d9 None None] Loading extension file: address_group.py {{(pid=102003) _load_all_extensions_from_path /opt/stack/neutron/neutron/api/extensions.py:449}}
Jun 30 22:29:21.881980 np0000183641 devstack@neutron-api.service[102003]: DEBUG neutron.api.extensions [None req-c0e61aaf-b66a-41e1-a2d0-a9191b86d2d9 None None] Ext name="Address group" alias="address-group" description="Support address group" updated="2020-07-15T10:00:00-00:00" {{(pid=102003) _check_extension /opt/stack/neutron/neutron/api/extensions.py:415}}
Jun 30 22:29:21.882163 np0000183641 devstack@neutron-api.service[102003]: INFO neutron.api.extensions [None req-c0e61aaf-b66a-41e1-a2d0-a9191b86d2d9 None None] Loaded extension: address-group
Jun 30 22:29:21.882251 np0000183641 devstack@neutron-api.service[102003]: DEBUG neutron.api.extensions [None req-c0e61aaf-b66a-41e1-a2d0-a9191b86d2d9 None None] Loading extension file: address_scope.py {{(pid=102003) _load_all_extensions_from_path /opt/stack/neutron/neutron/api/extensions.py:449}}
Jun 30 22:29:21.882558 np0000183641 devstack@neutron-api.service[102003]: DEBUG neutron.api.extensions [None req-c0e61aaf-b66a-41e1-a2d0-a9191b86d2d9 None None] Ext name="Address scope" alias="address-scope" description="Address scopes extension." updated="2015-07-26T10:00:00-00:00" {{(pid=102003) _check_extension /opt/stack/neutron/neutron/api/extensions.py:415}}
Jun 30 22:29:21.882789 np0000183641 devstack@neutron-api.service[102003]: INFO neutron.api.extensions [None req-c0e61aaf-b66a-41e1-a2d0-a9191b86d2d9 None None] Loaded extension: address-scope
Jun 30 22:29:21.882846 np0000183641 devstack@neutron-api.service[102003]: DEBUG neutron.api.extensions [None req-c0e61aaf-b66a-41e1-a2d0-a9191b86d2d9 None None] Loading extension file: admin_state_down_before_update.py {{(pid=102003) _load_all_extensions_from_path /opt/stack/neutron/neutron/api/extensions.py:449}}
Jun 30 22:29:21.883075 np0000183641 devstack@neutron-api.service[102003]: DEBUG neutron.api.extensions [None req-c0e61aaf-b66a-41e1-a2d0-a9191b86d2d9 None None] Ext name="Enforce Router's Admin State Down Before Update Extension" alias="router-admin-state-down-before-update" description="Ensure that the admin state of a router is DOWN (admin_state_up=False) before updating the distributed attribute" updated="2019-07-02T15:56:00" {{(pid=102003) _check_extension /opt/stack/neutron/neutron/api/extensions.py:415}}
Jun 30 22:29:21.883249 np0000183641 devstack@neutron-api.service[102003]: INFO neutron.api.extensions [None req-c0e61aaf-b66a-41e1-a2d0-a9191b86d2d9 None None] Extension router-admin-state-down-before-update not supported by any of loaded plugins
Jun 30 22:29:21.883351 np0000183641 devstack@neutron-api.service[102003]: DEBUG neutron.api.extensions [None req-c0e61aaf-b66a-41e1-a2d0-a9191b86d2d9 None None] Loading extension file: agent.py {{(pid=102003) _load_all_extensions_from_path /opt/stack/neutron/neutron/api/extensions.py:449}}
Jun 30 22:29:21.883649 np0000183641 devstack@neutron-api.service[102003]: DEBUG neutron.api.extensions [None req-c0e61aaf-b66a-41e1-a2d0-a9191b86d2d9 None None] Ext name="agent" alias="agent" description="The agent management extension." updated="2013-02-03T10:00:00-00:00" {{(pid=102003) _check_extension /opt/stack/neutron/neutron/api/extensions.py:415}}
Jun 30 22:29:21.883827 np0000183641 devstack@neutron-api.service[102003]: INFO neutron.api.extensions [None req-c0e61aaf-b66a-41e1-a2d0-a9191b86d2d9 None None] Loaded extension: agent
Jun 30 22:29:21.883917 np0000183641 devstack@neutron-api.service[102003]: DEBUG neutron.api.extensions [None req-c0e61aaf-b66a-41e1-a2d0-a9191b86d2d9 None None] Loading extension file: agent_resources_synced.py {{(pid=102003) _load_all_extensions_from_path /opt/stack/neutron/neutron/api/extensions.py:449}}
Jun 30 22:29:21.884142 np0000183641 devstack@neutron-api.service[102003]: DEBUG neutron.api.extensions [None req-c0e61aaf-b66a-41e1-a2d0-a9191b86d2d9 None None] Ext name="Agent's Resource View Synced to Placement" alias="agent-resources-synced" description="Stores success/failure of last sync to Placement" updated="2018-12-19T00:00:00-00:00" {{(pid=102003) _check_extension /opt/stack/neutron/neutron/api/extensions.py:415}}
Jun 30 22:29:21.884315 np0000183641 devstack@neutron-api.service[102003]: INFO neutron.api.extensions [None req-c0e61aaf-b66a-41e1-a2d0-a9191b86d2d9 None None] Extension agent-resources-synced not supported by any of loaded plugins
Jun 30 22:29:21.884443 np0000183641 devstack@neutron-api.service[102003]: DEBUG neutron.api.extensions [None req-c0e61aaf-b66a-41e1-a2d0-a9191b86d2d9 None None] Loading extension file: agent_sort_key.py {{(pid=102003) _load_all_extensions_from_path /opt/stack/neutron/neutron/api/extensions.py:449}}
Jun 30 22:29:21.884647 np0000183641 devstack@neutron-api.service[102003]: DEBUG neutron.api.extensions [None req-c0e61aaf-b66a-41e1-a2d0-a9191b86d2d9 None None] Ext name="Agents Sort Key" alias="agent_sort_key" description="Enabling the keyword sort_key for sorting in agents." updated="2013-02-03T10:00:00-00:00" {{(pid=102003) _check_extension /opt/stack/neutron/neutron/api/extensions.py:415}}
Jun 30 22:29:21.884768 np0000183641 devstack@neutron-api.service[102002]: DEBUG neutron_lib.callbacks.manager [None req-fc691af2-e77b-443c-9d29-67b35db42704 None None] Subscribe: > router before_delete 55550000, False {{(pid=102002) subscribe /opt/stack/data/venv/lib/python3.12/site-packages/neutron_lib/callbacks/manager.py:52}}
Jun 30 22:29:21.884832 np0000183641 devstack@neutron-api.service[102003]: INFO neutron.api.extensions [None req-c0e61aaf-b66a-41e1-a2d0-a9191b86d2d9 None None] Extension agent_sort_key not supported by any of loaded plugins
Jun 30 22:29:21.884902 np0000183641 devstack@neutron-api.service[102003]: DEBUG neutron.api.extensions [None req-c0e61aaf-b66a-41e1-a2d0-a9191b86d2d9 None None] Loading extension file: allowedaddresspairs.py {{(pid=102003) _load_all_extensions_from_path /opt/stack/neutron/neutron/api/extensions.py:449}}
Jun 30 22:29:21.884933 np0000183641 devstack@neutron-api.service[102002]: DEBUG neutron_lib.callbacks.manager [None req-fc691af2-e77b-443c-9d29-67b35db42704 None None] Subscribe: port before_update 55550000, False {{(pid=102002) subscribe /opt/stack/data/venv/lib/python3.12/site-packages/neutron_lib/callbacks/manager.py:52}}
Jun 30 22:29:21.885029 np0000183641 devstack@neutron-api.service[102002]: DEBUG neutron_lib.callbacks.manager [None req-fc691af2-e77b-443c-9d29-67b35db42704 None None] Subscribe: port after_update 55550000, False {{(pid=102002) subscribe /opt/stack/data/venv/lib/python3.12/site-packages/neutron_lib/callbacks/manager.py:52}}
Jun 30 22:29:21.885163 np0000183641 devstack@neutron-api.service[102002]: DEBUG neutron_lib.callbacks.manager [None req-fc691af2-e77b-443c-9d29-67b35db42704 None None] Subscribe: > port precommit_delete 55550000, False {{(pid=102002) subscribe /opt/stack/data/venv/lib/python3.12/site-packages/neutron_lib/callbacks/manager.py:52}}
Jun 30 22:29:21.885240 np0000183641 devstack@neutron-api.service[102002]: DEBUG neutron_lib.callbacks.manager [None req-fc691af2-e77b-443c-9d29-67b35db42704 None None] Subscribe: port before_update 55550000, False {{(pid=102002) subscribe /opt/stack/data/venv/lib/python3.12/site-packages/neutron_lib/callbacks/manager.py:52}}
Jun 30 22:29:21.885352 np0000183641 devstack@neutron-api.service[102002]: DEBUG neutron_lib.callbacks.manager [None req-fc691af2-e77b-443c-9d29-67b35db42704 None None] Subscribe: port before_delete 55550000, False {{(pid=102002) subscribe /opt/stack/data/venv/lib/python3.12/site-packages/neutron_lib/callbacks/manager.py:52}}
Jun 30 22:29:21.885497 np0000183641 devstack@neutron-api.service[102002]: DEBUG neutron_lib.callbacks.manager [None req-fc691af2-e77b-443c-9d29-67b35db42704 None None] Subscribe: > router precommit_create 55550000, False {{(pid=102002) subscribe /opt/stack/data/venv/lib/python3.12/site-packages/neutron_lib/callbacks/manager.py:52}}
Jun 30 22:29:21.885575 np0000183641 devstack@neutron-api.service[102002]: DEBUG neutron_lib.callbacks.manager [None req-fc691af2-e77b-443c-9d29-67b35db42704 None None] Subscribe: > router precommit_create 55550000, False {{(pid=102002) subscribe /opt/stack/data/venv/lib/python3.12/site-packages/neutron_lib/callbacks/manager.py:52}}
Jun 30 22:29:21.885614 np0000183641 devstack@neutron-api.service[102003]: DEBUG neutron.api.extensions [None req-c0e61aaf-b66a-41e1-a2d0-a9191b86d2d9 None None] Ext name="Allowed Address Pairs" alias="allowed-address-pairs" description="Provides allowed address pairs" updated="2013-07-23T10:00:00-00:00" {{(pid=102003) _check_extension /opt/stack/neutron/neutron/api/extensions.py:415}}
Jun 30 22:29:21.885675 np0000183641 devstack@neutron-api.service[102002]: DEBUG neutron_lib.callbacks.manager [None req-fc691af2-e77b-443c-9d29-67b35db42704 None None] Subscribe: > router precommit_update 55550000, False {{(pid=102002) subscribe /opt/stack/data/venv/lib/python3.12/site-packages/neutron_lib/callbacks/manager.py:52}}
Jun 30 22:29:21.885770 np0000183641 devstack@neutron-api.service[102003]: INFO neutron.api.extensions [None req-c0e61aaf-b66a-41e1-a2d0-a9191b86d2d9 None None] Loaded extension: allowed-address-pairs
Jun 30 22:29:21.885802 np0000183641 devstack@neutron-api.service[102002]: DEBUG neutron_lib.callbacks.manager [None req-fc691af2-e77b-443c-9d29-67b35db42704 None None] Subscribe: subnet after_update 55550000, False {{(pid=102002) subscribe /opt/stack/data/venv/lib/python3.12/site-packages/neutron_lib/callbacks/manager.py:52}}
Jun 30 22:29:21.885864 np0000183641 devstack@neutron-api.service[102003]: DEBUG neutron.api.extensions [None req-c0e61aaf-b66a-41e1-a2d0-a9191b86d2d9 None None] Loading extension file: auto_allocated_topology.py {{(pid=102003) _load_all_extensions_from_path /opt/stack/neutron/neutron/api/extensions.py:449}}
Jun 30 22:29:21.885993 np0000183641 devstack@neutron-api.service[102002]: DEBUG neutron.quota.resource_registry [None req-fc691af2-e77b-443c-9d29-67b35db42704 None None] Tracking information for resource: router configured {{(pid=102002) set_tracked_resource /opt/stack/neutron/neutron/quota/resource_registry.py:203}}
Jun 30 22:29:21.886089 np0000183641 devstack@neutron-api.service[102002]: DEBUG neutron.quota.resource_registry [None req-fc691af2-e77b-443c-9d29-67b35db42704 None None] Tracking information for resource: floatingip configured {{(pid=102002) set_tracked_resource /opt/stack/neutron/neutron/quota/resource_registry.py:203}}
Jun 30 22:29:21.886129 np0000183641 devstack@neutron-api.service[102003]: DEBUG neutron.api.extensions [None req-c0e61aaf-b66a-41e1-a2d0-a9191b86d2d9 None None] Ext name="Auto Allocated Topology Services" alias="auto-allocated-topology" description="Auto Allocated Topology Services." updated="2016-01-01T00:00:00-00:00" {{(pid=102003) _check_extension /opt/stack/neutron/neutron/api/extensions.py:415}}
Jun 30 22:29:21.886198 np0000183641 devstack@neutron-api.service[102002]: INFO neutron.services.ovn_l3.plugin [None req-fc691af2-e77b-443c-9d29-67b35db42704 None None] Starting OVNL3RouterPlugin
Jun 30 22:29:21.886279 np0000183641 devstack@neutron-api.service[102003]: INFO neutron.api.extensions [None req-c0e61aaf-b66a-41e1-a2d0-a9191b86d2d9 None None] Loaded extension: auto-allocated-topology
Jun 30 22:29:21.886379 np0000183641 devstack@neutron-api.service[102003]: DEBUG neutron.api.extensions [None req-c0e61aaf-b66a-41e1-a2d0-a9191b86d2d9 None None] Loading extension file: availability_zone.py {{(pid=102003) _load_all_extensions_from_path /opt/stack/neutron/neutron/api/extensions.py:449}}
Jun 30 22:29:21.886418 np0000183641 devstack@neutron-api.service[102002]: DEBUG neutron_lib.callbacks.manager [None req-fc691af2-e77b-443c-9d29-67b35db42704 None None] Subscribe: > port_forwarding_plugin after_init 55550000, False {{(pid=102002) subscribe /opt/stack/data/venv/lib/python3.12/site-packages/neutron_lib/callbacks/manager.py:52}}
Jun 30 22:29:21.886715 np0000183641 devstack@neutron-api.service[102002]: DEBUG neutron_lib.callbacks.manager [None req-fc691af2-e77b-443c-9d29-67b35db42704 None None] Subscribe: > router before_create 55550100, False {{(pid=102002) subscribe /opt/stack/data/venv/lib/python3.12/site-packages/neutron_lib/callbacks/manager.py:52}}
Jun 30 22:29:21.886822 np0000183641 devstack@neutron-api.service[102003]: DEBUG neutron.api.extensions [None req-c0e61aaf-b66a-41e1-a2d0-a9191b86d2d9 None None] Ext name="Availability Zone" alias="availability_zone" description="The availability zone extension." updated="2015-01-01T10:00:00-00:00" {{(pid=102003) _check_extension /opt/stack/neutron/neutron/api/extensions.py:415}}
Jun 30 22:29:21.886877 np0000183641 devstack@neutron-api.service[102002]: DEBUG neutron_lib.callbacks.manager [None req-fc691af2-e77b-443c-9d29-67b35db42704 None None] Subscribe: > router precommit_delete 55550100, False {{(pid=102002) subscribe /opt/stack/data/venv/lib/python3.12/site-packages/neutron_lib/callbacks/manager.py:52}}
Jun 30 22:29:21.886998 np0000183641 devstack@neutron-api.service[102002]: DEBUG neutron_lib.callbacks.manager [None req-fc691af2-e77b-443c-9d29-67b35db42704 None None] Subscribe: > router precommit_create 55550100, False {{(pid=102002) subscribe /opt/stack/data/venv/lib/python3.12/site-packages/neutron_lib/callbacks/manager.py:52}}
Jun 30 22:29:21.887030 np0000183641 devstack@neutron-api.service[102003]: INFO neutron.api.extensions [None req-c0e61aaf-b66a-41e1-a2d0-a9191b86d2d9 None None] Loaded extension: availability_zone
Jun 30 22:29:21.887105 np0000183641 devstack@neutron-api.service[102002]: DEBUG neutron_lib.callbacks.manager [None req-fc691af2-e77b-443c-9d29-67b35db42704 None None] Subscribe: > router precommit_update 55550100, False {{(pid=102002) subscribe /opt/stack/data/venv/lib/python3.12/site-packages/neutron_lib/callbacks/manager.py:52}}
Jun 30 22:29:21.887153 np0000183641 devstack@neutron-api.service[102003]: DEBUG neutron.api.extensions [None req-c0e61aaf-b66a-41e1-a2d0-a9191b86d2d9 None None] Loading extension file: availability_zone_filter.py {{(pid=102003) _load_all_extensions_from_path /opt/stack/neutron/neutron/api/extensions.py:449}}
Jun 30 22:29:21.887324 np0000183641 devstack@neutron-api.service[102003]: DEBUG neutron.api.extensions [None req-c0e61aaf-b66a-41e1-a2d0-a9191b86d2d9 None None] Ext name="Availability Zone Filter Extension" alias="availability_zone_filter" description="Add filter parameters to AvailabilityZone resource" updated="2018-06-22T10:00:00-00:00" {{(pid=102003) _check_extension /opt/stack/neutron/neutron/api/extensions.py:415}}
Jun 30 22:29:21.887518 np0000183641 devstack@neutron-api.service[102003]: INFO neutron.api.extensions [None req-c0e61aaf-b66a-41e1-a2d0-a9191b86d2d9 None None] Extension availability_zone_filter not supported by any of loaded plugins
Jun 30 22:29:21.887617 np0000183641 devstack@neutron-api.service[102003]: DEBUG neutron.api.extensions [None req-c0e61aaf-b66a-41e1-a2d0-a9191b86d2d9 None None] Loading extension file: data_plane_status.py {{(pid=102003) _load_all_extensions_from_path /opt/stack/neutron/neutron/api/extensions.py:449}}
Jun 30 22:29:21.887827 np0000183641 devstack@neutron-api.service[102003]: DEBUG neutron.api.extensions [None req-c0e61aaf-b66a-41e1-a2d0-a9191b86d2d9 None None] Ext name="Port data plane status extension" alias="data-plane-status" description="Expose status of underlying data plane" updated="2017-01-24T10:00:00-00:00" {{(pid=102003) _check_extension /opt/stack/neutron/neutron/api/extensions.py:415}}
Jun 30 22:29:21.888025 np0000183641 devstack@neutron-api.service[102003]: INFO neutron.api.extensions [None req-c0e61aaf-b66a-41e1-a2d0-a9191b86d2d9 None None] Extension data-plane-status not supported by any of loaded plugins
Jun 30 22:29:21.888083 np0000183641 devstack@neutron-api.service[102003]: DEBUG neutron.api.extensions [None req-c0e61aaf-b66a-41e1-a2d0-a9191b86d2d9 None None] Loading extension file: default_subnetpools.py {{(pid=102003) _load_all_extensions_from_path /opt/stack/neutron/neutron/api/extensions.py:449}}
Jun 30 22:29:21.888310 np0000183641 devstack@neutron-api.service[102003]: DEBUG neutron.api.extensions [None req-c0e61aaf-b66a-41e1-a2d0-a9191b86d2d9 None None] Ext name="Default Subnetpools" alias="default-subnetpools" description="Provides ability to mark and use a subnetpool as the default." updated="2016-02-18T18:00:00-00:00" {{(pid=102003) _check_extension /opt/stack/neutron/neutron/api/extensions.py:415}}
Jun 30 22:29:21.888502 np0000183641 devstack@neutron-api.service[102003]: INFO neutron.api.extensions [None req-c0e61aaf-b66a-41e1-a2d0-a9191b86d2d9 None None] Loaded extension: default-subnetpools
Jun 30 22:29:21.888615 np0000183641 devstack@neutron-api.service[102003]: DEBUG neutron.api.extensions [None req-c0e61aaf-b66a-41e1-a2d0-a9191b86d2d9 None None] Loading extension file: dhcpagentscheduler.py {{(pid=102003) _load_all_extensions_from_path /opt/stack/neutron/neutron/api/extensions.py:449}}
Jun 30 22:29:21.888959 np0000183641 devstack@neutron-api.service[102003]: DEBUG neutron.api.extensions [None req-c0e61aaf-b66a-41e1-a2d0-a9191b86d2d9 None None] Ext name="DHCP Agent Scheduler" alias="dhcp_agent_scheduler" description="Schedule networks among dhcp agents" updated="2013-02-07T10:00:00-00:00" {{(pid=102003) _check_extension /opt/stack/neutron/neutron/api/extensions.py:415}}
Jun 30 22:29:21.889138 np0000183641 devstack@neutron-api.service[102003]: INFO neutron.api.extensions [None req-c0e61aaf-b66a-41e1-a2d0-a9191b86d2d9 None None] Loaded extension: dhcp_agent_scheduler
Jun 30 22:29:21.889225 np0000183641 devstack@neutron-api.service[102003]: DEBUG neutron.api.extensions [None req-c0e61aaf-b66a-41e1-a2d0-a9191b86d2d9 None None] Loading extension file: dns.py {{(pid=102003) _load_all_extensions_from_path /opt/stack/neutron/neutron/api/extensions.py:449}}
Jun 30 22:29:21.889467 np0000183641 devstack@neutron-api.service[102003]: DEBUG neutron.api.extensions [None req-c0e61aaf-b66a-41e1-a2d0-a9191b86d2d9 None None] Ext name="DNS Integration" alias="dns-integration" description="Provides integration with DNS." updated="2015-08-15T18:00:00-00:00" {{(pid=102003) _check_extension /opt/stack/neutron/neutron/api/extensions.py:415}}
Jun 30 22:29:21.889634 np0000183641 devstack@neutron-api.service[102003]: INFO neutron.api.extensions [None req-c0e61aaf-b66a-41e1-a2d0-a9191b86d2d9 None None] Loaded extension: dns-integration
Jun 30 22:29:21.889742 np0000183641 devstack@neutron-api.service[102003]: DEBUG neutron.api.extensions [None req-c0e61aaf-b66a-41e1-a2d0-a9191b86d2d9 None None] Loading extension file: dns_domain_ports.py {{(pid=102003) _load_all_extensions_from_path /opt/stack/neutron/neutron/api/extensions.py:449}}
Jun 30 22:29:21.889941 np0000183641 devstack@neutron-api.service[102003]: DEBUG neutron.api.extensions [None req-c0e61aaf-b66a-41e1-a2d0-a9191b86d2d9 None None] Ext name="dns_domain for ports" alias="dns-domain-ports" description="Allows the DNS domain to be specified for a network port." updated="2017-04-24T10:00:00-00:00" {{(pid=102003) _check_extension /opt/stack/neutron/neutron/api/extensions.py:415}}
Jun 30 22:29:21.890136 np0000183641 devstack@neutron-api.service[102003]: INFO neutron.api.extensions [None req-c0e61aaf-b66a-41e1-a2d0-a9191b86d2d9 None None] Loaded extension: dns-domain-ports
Jun 30 22:29:21.890222 np0000183641 devstack@neutron-api.service[102003]: DEBUG neutron.api.extensions [None req-c0e61aaf-b66a-41e1-a2d0-a9191b86d2d9 None None] Loading extension file: dns_integration_domain_keywords.py {{(pid=102003) _load_all_extensions_from_path /opt/stack/neutron/neutron/api/extensions.py:449}}
Jun 30 22:29:21.890437 np0000183641 devstack@neutron-api.service[102003]: DEBUG neutron.api.extensions [None req-c0e61aaf-b66a-41e1-a2d0-a9191b86d2d9 None None] Ext name="DNS domain names with keywords allowed" alias="dns-integration-domain-keywords" description="Allows to use keywords like , , and as DNS domain name" updated="2020-06-15T18:00:00-00:00" {{(pid=102003) _check_extension /opt/stack/neutron/neutron/api/extensions.py:415}}
Jun 30 22:29:21.890606 np0000183641 devstack@neutron-api.service[102003]: INFO neutron.api.extensions [None req-c0e61aaf-b66a-41e1-a2d0-a9191b86d2d9 None None] Loaded extension: dns-integration-domain-keywords
Jun 30 22:29:21.890712 np0000183641 devstack@neutron-api.service[102003]: DEBUG neutron.api.extensions [None req-c0e61aaf-b66a-41e1-a2d0-a9191b86d2d9 None None] Loading extension file: dvr.py {{(pid=102003) _load_all_extensions_from_path /opt/stack/neutron/neutron/api/extensions.py:449}}
Jun 30 22:29:21.890743 np0000183641 devstack@neutron-api.service[102002]: DEBUG neutron.services.provider_configuration [None req-fc691af2-e77b-443c-9d29-67b35db42704 None None] Service providers = [] {{(pid=102002) parse_service_provider_opt /opt/stack/neutron/neutron/services/provider_configuration.py:170}}
Jun 30 22:29:21.890849 np0000183641 devstack@neutron-api.service[102002]: DEBUG neutron.db.servicetype_db [None req-fc691af2-e77b-443c-9d29-67b35db42704 None None] Adding provider configuration for service L3_ROUTER_NAT {{(pid=102002) add_provider_configuration /opt/stack/neutron/neutron/db/servicetype_db.py:45}}
Jun 30 22:29:21.890970 np0000183641 devstack@neutron-api.service[102003]: DEBUG neutron.api.extensions [None req-c0e61aaf-b66a-41e1-a2d0-a9191b86d2d9 None None] Ext name="Distributed Virtual Router" alias="dvr" description="Enables configuration of Distributed Virtual Routers." updated="2014-06-1T10:00:00-00:00" {{(pid=102003) _check_extension /opt/stack/neutron/neutron/api/extensions.py:415}}
Jun 30 22:29:21.891138 np0000183641 devstack@neutron-api.service[102003]: INFO neutron.api.extensions [None req-c0e61aaf-b66a-41e1-a2d0-a9191b86d2d9 None None] Extension dvr not supported by any of loaded plugins
Jun 30 22:29:21.891228 np0000183641 devstack@neutron-api.service[102003]: DEBUG neutron.api.extensions [None req-c0e61aaf-b66a-41e1-a2d0-a9191b86d2d9 None None] Loading extension file: ecmp_routes.py {{(pid=102003) _load_all_extensions_from_path /opt/stack/neutron/neutron/api/extensions.py:449}}
Jun 30 22:29:21.891470 np0000183641 devstack@neutron-api.service[102003]: DEBUG neutron.api.extensions [None req-c0e61aaf-b66a-41e1-a2d0-a9191b86d2d9 None None] Ext name="Equal Cost Multipath Routing" alias="ecmp_routes" description="Allows traffic to reach thesame destination via multiple different links " updated="2020-11-26T18:00:00-00:00" {{(pid=102003) _check_extension /opt/stack/neutron/neutron/api/extensions.py:415}}
Jun 30 22:29:21.891640 np0000183641 devstack@neutron-api.service[102003]: INFO neutron.api.extensions [None req-c0e61aaf-b66a-41e1-a2d0-a9191b86d2d9 None None] Extension ecmp_routes not supported by any of loaded plugins
Jun 30 22:29:21.891728 np0000183641 devstack@neutron-api.service[102003]: DEBUG neutron.api.extensions [None req-c0e61aaf-b66a-41e1-a2d0-a9191b86d2d9 None None] Loading extension file: empty_string_filtering.py {{(pid=102003) _load_all_extensions_from_path /opt/stack/neutron/neutron/api/extensions.py:449}}
Jun 30 22:29:21.891951 np0000183641 devstack@neutron-api.service[102003]: DEBUG neutron.api.extensions [None req-c0e61aaf-b66a-41e1-a2d0-a9191b86d2d9 None None] Ext name="Empty String Filtering Extension" alias="empty-string-filtering" description="Allow filtering by attributes with empty string value" updated="2018-05-01T10:00:00-00:00" {{(pid=102003) _check_extension /opt/stack/neutron/neutron/api/extensions.py:415}}
Jun 30 22:29:21.892122 np0000183641 devstack@neutron-api.service[102003]: INFO neutron.api.extensions [None req-c0e61aaf-b66a-41e1-a2d0-a9191b86d2d9 None None] Loaded extension: empty-string-filtering
Jun 30 22:29:21.892186 np0000183641 devstack@neutron-api.service[102002]: DEBUG neutron_lib.callbacks.manager [None req-fc691af2-e77b-443c-9d29-67b35db42704 None None] Subscribe: > router precommit_create 55549900, False {{(pid=102002) subscribe /opt/stack/data/venv/lib/python3.12/site-packages/neutron_lib/callbacks/manager.py:52}}
Jun 30 22:29:21.892219 np0000183641 devstack@neutron-api.service[102003]: DEBUG neutron.api.extensions [None req-c0e61aaf-b66a-41e1-a2d0-a9191b86d2d9 None None] Loading extension file: evpn.py {{(pid=102003) _load_all_extensions_from_path /opt/stack/neutron/neutron/api/extensions.py:449}}
Jun 30 22:29:21.892310 np0000183641 devstack@neutron-api.service[102002]: DEBUG neutron_lib.callbacks.manager [None req-fc691af2-e77b-443c-9d29-67b35db42704 None None] Subscribe: > router_interface after_create 55550000, False {{(pid=102002) subscribe /opt/stack/data/venv/lib/python3.12/site-packages/neutron_lib/callbacks/manager.py:52}}
Jun 30 22:29:21.892455 np0000183641 devstack@neutron-api.service[102002]: DEBUG neutron_lib.callbacks.manager [None req-fc691af2-e77b-443c-9d29-67b35db42704 None None] Subscribe: > floatingip after_create 55550000, False {{(pid=102002) subscribe /opt/stack/data/venv/lib/python3.12/site-packages/neutron_lib/callbacks/manager.py:52}}
Jun 30 22:29:21.892490 np0000183641 devstack@neutron-api.service[102003]: DEBUG neutron.api.extensions [None req-c0e61aaf-b66a-41e1-a2d0-a9191b86d2d9 None None] Ext name="EVPN" alias="evpn" description="Router extension to support EVPN Type-5 route advertisement" updated="2026-04-28T00:00:00-00:00" {{(pid=102003) _check_extension /opt/stack/neutron/neutron/api/extensions.py:415}}
Jun 30 22:29:21.892533 np0000183641 devstack@neutron-api.service[102002]: DEBUG neutron_lib.callbacks.manager [None req-fc691af2-e77b-443c-9d29-67b35db42704 None None] Subscribe: > floatingip precommit_create 55550000, False {{(pid=102002) subscribe /opt/stack/data/venv/lib/python3.12/site-packages/neutron_lib/callbacks/manager.py:52}}
