Jun 29 04:33:53.296957 np0000183356 devstack@n-api-meta.service[108565]: DEBUG nova.api.openstack.wsgi_app [None req-f2d21739-fdaa-45a4-9a94-a7a11dd76946 None None] oslo_messaging_rabbit.conn_pool_min_size = 2 {{(pid=108565) log_opt_values /opt/stack/data/venv/lib/python3.12/site-packages/oslo_config/cfg.py:3253}}
Jun 29 04:33:53.297109 np0000183356 devstack@n-api-meta.service[108565]: DEBUG nova.api.openstack.wsgi_app [None req-f2d21739-fdaa-45a4-9a94-a7a11dd76946 None None] oslo_messaging_rabbit.conn_pool_ttl = 1200 {{(pid=108565) log_opt_values /opt/stack/data/venv/lib/python3.12/site-packages/oslo_config/cfg.py:3253}}
Jun 29 04:33:53.297242 np0000183356 devstack@n-api-meta.service[108565]: DEBUG nova.api.openstack.wsgi_app [None req-f2d21739-fdaa-45a4-9a94-a7a11dd76946 None None] oslo_messaging_rabbit.direct_mandatory_flag = True {{(pid=108565) log_opt_values /opt/stack/data/venv/lib/python3.12/site-packages/oslo_config/cfg.py:3253}}
Jun 29 04:33:53.297374 np0000183356 devstack@n-api-meta.service[108565]: DEBUG nova.api.openstack.wsgi_app [None req-f2d21739-fdaa-45a4-9a94-a7a11dd76946 None None] oslo_messaging_rabbit.enable_cancel_on_failover = False {{(pid=108565) log_opt_values /opt/stack/data/venv/lib/python3.12/site-packages/oslo_config/cfg.py:3253}}
Jun 29 04:33:53.297510 np0000183356 devstack@n-api-meta.service[108565]: DEBUG nova.api.openstack.wsgi_app [None req-f2d21739-fdaa-45a4-9a94-a7a11dd76946 None None] oslo_messaging_rabbit.heartbeat_rate = 3 {{(pid=108565) log_opt_values /opt/stack/data/venv/lib/python3.12/site-packages/oslo_config/cfg.py:3253}}
Jun 29 04:33:53.297643 np0000183356 devstack@n-api-meta.service[108565]: DEBUG nova.api.openstack.wsgi_app [None req-f2d21739-fdaa-45a4-9a94-a7a11dd76946 None None] oslo_messaging_rabbit.heartbeat_timeout_threshold = 60 {{(pid=108565) log_opt_values /opt/stack/data/venv/lib/python3.12/site-packages/oslo_config/cfg.py:3253}}
Jun 29 04:33:53.297781 np0000183356 devstack@n-api-meta.service[108565]: DEBUG nova.api.openstack.wsgi_app [None req-f2d21739-fdaa-45a4-9a94-a7a11dd76946 None None] oslo_messaging_rabbit.hostname = np0000183356 {{(pid=108565) log_opt_values /opt/stack/data/venv/lib/python3.12/site-packages/oslo_config/cfg.py:3253}}
Jun 29 04:33:53.297913 np0000183356 devstack@n-api-meta.service[108565]: DEBUG nova.api.openstack.wsgi_app [None req-f2d21739-fdaa-45a4-9a94-a7a11dd76946 None None] oslo_messaging_rabbit.kombu_compression = None {{(pid=108565) log_opt_values /opt/stack/data/venv/lib/python3.12/site-packages/oslo_config/cfg.py:3253}}
Jun 29 04:33:53.298071 np0000183356 devstack@n-api-meta.service[108565]: DEBUG nova.api.openstack.wsgi_app [None req-f2d21739-fdaa-45a4-9a94-a7a11dd76946 None None] oslo_messaging_rabbit.kombu_failover_strategy = round-robin {{(pid=108565) log_opt_values /opt/stack/data/venv/lib/python3.12/site-packages/oslo_config/cfg.py:3253}}
Jun 29 04:33:53.298207 np0000183356 devstack@n-api-meta.service[108565]: DEBUG nova.api.openstack.wsgi_app [None req-f2d21739-fdaa-45a4-9a94-a7a11dd76946 None None] oslo_messaging_rabbit.kombu_missing_consumer_retry_timeout = 60 {{(pid=108565) log_opt_values /opt/stack/data/venv/lib/python3.12/site-packages/oslo_config/cfg.py:3253}}
Jun 29 04:33:53.298342 np0000183356 devstack@n-api-meta.service[108565]: DEBUG nova.api.openstack.wsgi_app [None req-f2d21739-fdaa-45a4-9a94-a7a11dd76946 None None] oslo_messaging_rabbit.kombu_reconnect_delay = 1.0 {{(pid=108565) log_opt_values /opt/stack/data/venv/lib/python3.12/site-packages/oslo_config/cfg.py:3253}}
Jun 29 04:33:53.298476 np0000183356 devstack@n-api-meta.service[108565]: DEBUG nova.api.openstack.wsgi_app [None req-f2d21739-fdaa-45a4-9a94-a7a11dd76946 None None] oslo_messaging_rabbit.kombu_reconnect_splay = 0.0 {{(pid=108565) log_opt_values /opt/stack/data/venv/lib/python3.12/site-packages/oslo_config/cfg.py:3253}}
Jun 29 04:33:53.298614 np0000183356 devstack@n-api-meta.service[108565]: DEBUG nova.api.openstack.wsgi_app [None req-f2d21739-fdaa-45a4-9a94-a7a11dd76946 None None] oslo_messaging_rabbit.processname = uwsgi {{(pid=108565) log_opt_values /opt/stack/data/venv/lib/python3.12/site-packages/oslo_config/cfg.py:3253}}
Jun 29 04:33:53.298746 np0000183356 devstack@n-api-meta.service[108565]: DEBUG nova.api.openstack.wsgi_app [None req-f2d21739-fdaa-45a4-9a94-a7a11dd76946 None None] oslo_messaging_rabbit.rabbit_ha_queues = False {{(pid=108565) log_opt_values /opt/stack/data/venv/lib/python3.12/site-packages/oslo_config/cfg.py:3253}}
Jun 29 04:33:53.298878 np0000183356 devstack@n-api-meta.service[108565]: DEBUG nova.api.openstack.wsgi_app [None req-f2d21739-fdaa-45a4-9a94-a7a11dd76946 None None] oslo_messaging_rabbit.rabbit_interval_max = 30 {{(pid=108565) log_opt_values /opt/stack/data/venv/lib/python3.12/site-packages/oslo_config/cfg.py:3253}}
Jun 29 04:33:53.299036 np0000183356 devstack@n-api-meta.service[108565]: DEBUG nova.api.openstack.wsgi_app [None req-f2d21739-fdaa-45a4-9a94-a7a11dd76946 None None] oslo_messaging_rabbit.rabbit_login_method = AMQPLAIN {{(pid=108565) log_opt_values /opt/stack/data/venv/lib/python3.12/site-packages/oslo_config/cfg.py:3253}}
Jun 29 04:33:53.299166 np0000183356 devstack@n-api-meta.service[108565]: DEBUG nova.api.openstack.wsgi_app [None req-f2d21739-fdaa-45a4-9a94-a7a11dd76946 None None] oslo_messaging_rabbit.rabbit_qos_prefetch_count = 0 {{(pid=108565) log_opt_values /opt/stack/data/venv/lib/python3.12/site-packages/oslo_config/cfg.py:3253}}
Jun 29 04:33:53.299299 np0000183356 devstack@n-api-meta.service[108565]: DEBUG nova.api.openstack.wsgi_app [None req-f2d21739-fdaa-45a4-9a94-a7a11dd76946 None None] oslo_messaging_rabbit.rabbit_quorum_delivery_limit = 0 {{(pid=108565) log_opt_values /opt/stack/data/venv/lib/python3.12/site-packages/oslo_config/cfg.py:3253}}
Jun 29 04:33:53.299430 np0000183356 devstack@n-api-meta.service[108565]: DEBUG nova.api.openstack.wsgi_app [None req-f2d21739-fdaa-45a4-9a94-a7a11dd76946 None None] oslo_messaging_rabbit.rabbit_quorum_max_memory_bytes = 0 {{(pid=108565) log_opt_values /opt/stack/data/venv/lib/python3.12/site-packages/oslo_config/cfg.py:3253}}
Jun 29 04:33:53.299562 np0000183356 devstack@n-api-meta.service[108565]: DEBUG nova.api.openstack.wsgi_app [None req-f2d21739-fdaa-45a4-9a94-a7a11dd76946 None None] oslo_messaging_rabbit.rabbit_quorum_max_memory_length = 0 {{(pid=108565) log_opt_values /opt/stack/data/venv/lib/python3.12/site-packages/oslo_config/cfg.py:3253}}
Jun 29 04:33:53.299699 np0000183356 devstack@n-api-meta.service[108565]: DEBUG nova.api.openstack.wsgi_app [None req-f2d21739-fdaa-45a4-9a94-a7a11dd76946 None None] oslo_messaging_rabbit.rabbit_quorum_queue = False {{(pid=108565) log_opt_values /opt/stack/data/venv/lib/python3.12/site-packages/oslo_config/cfg.py:3253}}
Jun 29 04:33:53.299831 np0000183356 devstack@n-api-meta.service[108565]: DEBUG nova.api.openstack.wsgi_app [None req-f2d21739-fdaa-45a4-9a94-a7a11dd76946 None None] oslo_messaging_rabbit.rabbit_retry_backoff = 2 {{(pid=108565) log_opt_values /opt/stack/data/venv/lib/python3.12/site-packages/oslo_config/cfg.py:3253}}
Jun 29 04:33:53.299963 np0000183356 devstack@n-api-meta.service[108565]: DEBUG nova.api.openstack.wsgi_app [None req-f2d21739-fdaa-45a4-9a94-a7a11dd76946 None None] oslo_messaging_rabbit.rabbit_retry_interval = 1 {{(pid=108565) log_opt_values /opt/stack/data/venv/lib/python3.12/site-packages/oslo_config/cfg.py:3253}}
Jun 29 04:33:53.300115 np0000183356 devstack@n-api-meta.service[108565]: DEBUG nova.api.openstack.wsgi_app [None req-f2d21739-fdaa-45a4-9a94-a7a11dd76946 None None] oslo_messaging_rabbit.rabbit_stream_fanout = False {{(pid=108565) log_opt_values /opt/stack/data/venv/lib/python3.12/site-packages/oslo_config/cfg.py:3253}}
Jun 29 04:33:53.300247 np0000183356 devstack@n-api-meta.service[108565]: DEBUG nova.api.openstack.wsgi_app [None req-f2d21739-fdaa-45a4-9a94-a7a11dd76946 None None] oslo_messaging_rabbit.rabbit_transient_queues_ttl = 1800 {{(pid=108565) log_opt_values /opt/stack/data/venv/lib/python3.12/site-packages/oslo_config/cfg.py:3253}}
Jun 29 04:33:53.300380 np0000183356 devstack@n-api-meta.service[108565]: DEBUG nova.api.openstack.wsgi_app [None req-f2d21739-fdaa-45a4-9a94-a7a11dd76946 None None] oslo_messaging_rabbit.rabbit_transient_quorum_queue = False {{(pid=108565) log_opt_values /opt/stack/data/venv/lib/python3.12/site-packages/oslo_config/cfg.py:3253}}
Jun 29 04:33:53.300533 np0000183356 devstack@n-api-meta.service[108565]: DEBUG nova.api.openstack.wsgi_app [None req-f2d21739-fdaa-45a4-9a94-a7a11dd76946 None None] oslo_messaging_rabbit.rpc_conn_pool_size = 30 {{(pid=108565) log_opt_values /opt/stack/data/venv/lib/python3.12/site-packages/oslo_config/cfg.py:3253}}
Jun 29 04:33:53.300668 np0000183356 devstack@n-api-meta.service[108565]: DEBUG nova.api.openstack.wsgi_app [None req-f2d21739-fdaa-45a4-9a94-a7a11dd76946 None None] oslo_messaging_rabbit.ssl = False {{(pid=108565) log_opt_values /opt/stack/data/venv/lib/python3.12/site-packages/oslo_config/cfg.py:3253}}
Jun 29 04:33:53.300806 np0000183356 devstack@n-api-meta.service[108565]: DEBUG nova.api.openstack.wsgi_app [None req-f2d21739-fdaa-45a4-9a94-a7a11dd76946 None None] oslo_messaging_rabbit.ssl_ca_file = {{(pid=108565) log_opt_values /opt/stack/data/venv/lib/python3.12/site-packages/oslo_config/cfg.py:3253}}
Jun 29 04:33:53.300946 np0000183356 devstack@n-api-meta.service[108565]: DEBUG nova.api.openstack.wsgi_app [None req-f2d21739-fdaa-45a4-9a94-a7a11dd76946 None None] oslo_messaging_rabbit.ssl_cert_file = {{(pid=108565) log_opt_values /opt/stack/data/venv/lib/python3.12/site-packages/oslo_config/cfg.py:3253}}
Jun 29 04:33:53.301098 np0000183356 devstack@n-api-meta.service[108565]: DEBUG nova.api.openstack.wsgi_app [None req-f2d21739-fdaa-45a4-9a94-a7a11dd76946 None None] oslo_messaging_rabbit.ssl_enforce_fips_mode = False {{(pid=108565) log_opt_values /opt/stack/data/venv/lib/python3.12/site-packages/oslo_config/cfg.py:3253}}
Jun 29 04:33:53.301232 np0000183356 devstack@n-api-meta.service[108565]: DEBUG nova.api.openstack.wsgi_app [None req-f2d21739-fdaa-45a4-9a94-a7a11dd76946 None None] oslo_messaging_rabbit.ssl_enforce_hostname_verification = True {{(pid=108565) log_opt_values /opt/stack/data/venv/lib/python3.12/site-packages/oslo_config/cfg.py:3253}}
Jun 29 04:33:53.301371 np0000183356 devstack@n-api-meta.service[108565]: DEBUG nova.api.openstack.wsgi_app [None req-f2d21739-fdaa-45a4-9a94-a7a11dd76946 None None] oslo_messaging_rabbit.ssl_key_file = {{(pid=108565) log_opt_values /opt/stack/data/venv/lib/python3.12/site-packages/oslo_config/cfg.py:3253}}
Jun 29 04:33:53.301512 np0000183356 devstack@n-api-meta.service[108565]: DEBUG nova.api.openstack.wsgi_app [None req-f2d21739-fdaa-45a4-9a94-a7a11dd76946 None None] oslo_messaging_rabbit.ssl_version = {{(pid=108565) log_opt_values /opt/stack/data/venv/lib/python3.12/site-packages/oslo_config/cfg.py:3253}}
Jun 29 04:33:53.301646 np0000183356 devstack@n-api-meta.service[108565]: DEBUG nova.api.openstack.wsgi_app [None req-f2d21739-fdaa-45a4-9a94-a7a11dd76946 None None] oslo_messaging_rabbit.use_queue_manager = False {{(pid=108565) log_opt_values /opt/stack/data/venv/lib/python3.12/site-packages/oslo_config/cfg.py:3253}}
Jun 29 04:33:53.301796 np0000183356 devstack@n-api-meta.service[108565]: DEBUG nova.api.openstack.wsgi_app [None req-f2d21739-fdaa-45a4-9a94-a7a11dd76946 None None] oslo_messaging_notifications.driver = ['messagingv2'] {{(pid=108565) log_opt_values /opt/stack/data/venv/lib/python3.12/site-packages/oslo_config/cfg.py:3253}}
Jun 29 04:33:53.301929 np0000183356 devstack@n-api-meta.service[108565]: DEBUG nova.api.openstack.wsgi_app [None req-f2d21739-fdaa-45a4-9a94-a7a11dd76946 None None] oslo_messaging_notifications.retry = -1 {{(pid=108565) log_opt_values /opt/stack/data/venv/lib/python3.12/site-packages/oslo_config/cfg.py:3253}}
Jun 29 04:33:53.302093 np0000183356 devstack@n-api-meta.service[108565]: DEBUG nova.api.openstack.wsgi_app [None req-f2d21739-fdaa-45a4-9a94-a7a11dd76946 None None] oslo_messaging_notifications.topics = ['notifications'] {{(pid=108565) log_opt_values /opt/stack/data/venv/lib/python3.12/site-packages/oslo_config/cfg.py:3253}}
Jun 29 04:33:53.302231 np0000183356 devstack@n-api-meta.service[108565]: DEBUG nova.api.openstack.wsgi_app [None req-f2d21739-fdaa-45a4-9a94-a7a11dd76946 None None] oslo_messaging_notifications.transport_url = **** {{(pid=108565) log_opt_values /opt/stack/data/venv/lib/python3.12/site-packages/oslo_config/cfg.py:3253}}
Jun 29 04:33:53.302367 np0000183356 devstack@n-api-meta.service[108565]: DEBUG nova.api.openstack.wsgi_app [None req-f2d21739-fdaa-45a4-9a94-a7a11dd76946 None None] oslo_reports.file_event_handler = None {{(pid=108565) log_opt_values /opt/stack/data/venv/lib/python3.12/site-packages/oslo_config/cfg.py:3253}}
Jun 29 04:33:53.302502 np0000183356 devstack@n-api-meta.service[108565]: DEBUG nova.api.openstack.wsgi_app [None req-f2d21739-fdaa-45a4-9a94-a7a11dd76946 None None] oslo_reports.file_event_handler_interval = 1 {{(pid=108565) log_opt_values /opt/stack/data/venv/lib/python3.12/site-packages/oslo_config/cfg.py:3253}}
Jun 29 04:33:53.302632 np0000183356 devstack@n-api-meta.service[108565]: DEBUG nova.api.openstack.wsgi_app [None req-f2d21739-fdaa-45a4-9a94-a7a11dd76946 None None] oslo_reports.log_dir = None {{(pid=108565) log_opt_values /opt/stack/data/venv/lib/python3.12/site-packages/oslo_config/cfg.py:3253}}
Jun 29 04:33:53.302738 np0000183356 devstack@n-api-meta.service[108565]: DEBUG nova.api.openstack.wsgi_app [None req-f2d21739-fdaa-45a4-9a94-a7a11dd76946 None None] ******************************************************************************** {{(pid=108565) log_opt_values /opt/stack/data/venv/lib/python3.12/site-packages/oslo_config/cfg.py:3260}}
Jun 29 04:33:53.302845 np0000183356 devstack@n-api-meta.service[108565]: WSGI app 0 (mountpoint='') ready in 3 seconds on interpreter 0x77cbc68a3668 pid: 108565 (default app)
Jun 29 04:34:02.785789 np0000183356 devstack@n-api-meta.service[108566]: DEBUG dbcounter [-] [108566] Writing DB stats nova_api:SELECT=1 {{(pid=108566) stat_writer /opt/stack/data/venv/lib/python3.12/site-packages/dbcounter.py:115}}
Jun 29 04:34:02.798184 np0000183356 devstack@n-api-meta.service[108563]: DEBUG dbcounter [-] [108563] Writing DB stats nova_api:SELECT=1 {{(pid=108563) stat_writer /opt/stack/data/venv/lib/python3.12/site-packages/dbcounter.py:115}}
Jun 29 04:34:02.825498 np0000183356 devstack@n-api-meta.service[108564]: DEBUG dbcounter [-] [108564] Writing DB stats nova_api:SELECT=1 {{(pid=108564) stat_writer /opt/stack/data/venv/lib/python3.12/site-packages/dbcounter.py:115}}
Jun 29 04:34:02.930217 np0000183356 devstack@n-api-meta.service[108565]: DEBUG dbcounter [-] [108565] Writing DB stats nova_api:SELECT=1 {{(pid=108565) stat_writer /opt/stack/data/venv/lib/python3.12/site-packages/dbcounter.py:115}}
Jun 29 04:34:02.956651 np0000183356 devstack@n-api-meta.service[108563]: DEBUG dbcounter [-] [108563] Writing DB stats nova_cell0:SELECT=1 {{(pid=108563) stat_writer /opt/stack/data/venv/lib/python3.12/site-packages/dbcounter.py:115}}
Jun 29 04:34:02.957730 np0000183356 devstack@n-api-meta.service[108566]: DEBUG dbcounter [-] [108566] Writing DB stats nova_cell0:SELECT=1 {{(pid=108566) stat_writer /opt/stack/data/venv/lib/python3.12/site-packages/dbcounter.py:115}}
Jun 29 04:34:02.963892 np0000183356 devstack@n-api-meta.service[108566]: DEBUG dbcounter [-] [108566] Writing DB stats nova_cell1:SELECT=1 {{(pid=108566) stat_writer /opt/stack/data/venv/lib/python3.12/site-packages/dbcounter.py:115}}
Jun 29 04:34:02.966442 np0000183356 devstack@n-api-meta.service[108563]: DEBUG dbcounter [-] [108563] Writing DB stats nova_cell1:SELECT=1 {{(pid=108563) stat_writer /opt/stack/data/venv/lib/python3.12/site-packages/dbcounter.py:115}}
Jun 29 04:34:02.972334 np0000183356 devstack@n-api-meta.service[108564]: DEBUG dbcounter [-] [108564] Writing DB stats nova_cell1:SELECT=1 {{(pid=108564) stat_writer /opt/stack/data/venv/lib/python3.12/site-packages/dbcounter.py:115}}
Jun 29 04:34:02.977889 np0000183356 devstack@n-api-meta.service[108564]: DEBUG dbcounter [-] [108564] Writing DB stats nova_cell0:SELECT=1 {{(pid=108564) stat_writer /opt/stack/data/venv/lib/python3.12/site-packages/dbcounter.py:115}}
Jun 29 04:34:03.021473 np0000183356 devstack@n-api-meta.service[108566]: DEBUG dbcounter [-] [108566] Writing DB stats nova_cell0:SELECT=2,nova_cell0:INSERT=1 {{(pid=108566) stat_writer /opt/stack/data/venv/lib/python3.12/site-packages/dbcounter.py:115}}
Jun 29 04:34:03.030599 np0000183356 devstack@n-api-meta.service[108563]: DEBUG dbcounter [-] [108563] Writing DB stats nova_cell0:SELECT=1 {{(pid=108563) stat_writer /opt/stack/data/venv/lib/python3.12/site-packages/dbcounter.py:115}}
Jun 29 04:34:03.038228 np0000183356 devstack@n-api-meta.service[108564]: DEBUG dbcounter [-] [108564] Writing DB stats nova_cell0:SELECT=1 {{(pid=108564) stat_writer /opt/stack/data/venv/lib/python3.12/site-packages/dbcounter.py:115}}
Jun 29 04:34:03.084387 np0000183356 devstack@n-api-meta.service[108565]: DEBUG dbcounter [-] [108565] Writing DB stats nova_cell1:SELECT=1 {{(pid=108565) stat_writer /opt/stack/data/venv/lib/python3.12/site-packages/dbcounter.py:115}}
Jun 29 04:34:03.094720 np0000183356 devstack@n-api-meta.service[108565]: DEBUG dbcounter [-] [108565] Writing DB stats nova_cell0:SELECT=1 {{(pid=108565) stat_writer /opt/stack/data/venv/lib/python3.12/site-packages/dbcounter.py:115}}
Jun 29 04:34:03.152392 np0000183356 devstack@n-api-meta.service[108565]: DEBUG dbcounter [-] [108565] Writing DB stats nova_cell0:SELECT=1 {{(pid=108565) stat_writer /opt/stack/data/venv/lib/python3.12/site-packages/dbcounter.py:115}}
Jun 29 04:40:09.078122 np0000183356 devstack@n-api-meta.service[108566]: DEBUG nova.api.metadata.handler [None req-7f64e642-9952-45b3-9f6e-90215d0a6a73 None None] Metadata request headers: {'Host': '199.19.213.21:8775', 'User-Agent': 'python-requests/2.34.2', 'Accept-Encoding': 'gzip, deflate', 'Accept': '*/*', 'Connection': 'keep-alive', 'X-Forwarded-For': '192.168.24.160', 'X-Instance-Id': '14bbf9ad-9215-4e0e-b80b-53d6aede3cd2', 'X-Tenant-Id': '51ab3ae1b6714503a8a7ec1bbfec4867', 'X-Instance-Id-Signature': '95645dae386f62c491d4ceddc3314301ed83387d073c03fe8b4f2550ac7cbb6c'} {{(pid=108566) __call__ /opt/stack/nova/nova/api/metadata/handler.py:109}}
Jun 29 04:40:09.091077 np0000183356 devstack@n-api-meta.service[108566]: DEBUG oslo_concurrency.lockutils [None req-acd8b278-20f9-4f24-94ca-a2e5e47967a4 None None] Acquiring lock "28a167d1-4b23-49a7-a827-5418ad46a889" by "nova.context.set_target_cell..get_or_set_cached_cell_and_set_connections" {{(pid=108566) inner /opt/stack/data/venv/lib/python3.12/site-packages/oslo_concurrency/lockutils.py:511}}
Jun 29 04:40:09.091248 np0000183356 devstack@n-api-meta.service[108566]: DEBUG oslo_concurrency.lockutils [None req-acd8b278-20f9-4f24-94ca-a2e5e47967a4 None None] Lock "28a167d1-4b23-49a7-a827-5418ad46a889" acquired by "nova.context.set_target_cell..get_or_set_cached_cell_and_set_connections" :: waited 0.000s {{(pid=108566) inner /opt/stack/data/venv/lib/python3.12/site-packages/oslo_concurrency/lockutils.py:524}}
Jun 29 04:40:09.091319 np0000183356 devstack@n-api-meta.service[108566]: DEBUG oslo_concurrency.lockutils [None req-acd8b278-20f9-4f24-94ca-a2e5e47967a4 None None] Lock "28a167d1-4b23-49a7-a827-5418ad46a889" "released" by "nova.context.set_target_cell..get_or_set_cached_cell_and_set_connections" :: held 0.000s {{(pid=108566) inner /opt/stack/data/venv/lib/python3.12/site-packages/oslo_concurrency/lockutils.py:543}}
Jun 29 04:40:09.154387 np0000183356 devstack@n-api-meta.service[108566]: WARNING neutronclient.v2_0.client [None req-acd8b278-20f9-4f24-94ca-a2e5e47967a4 None None] The python binding code in neutronclient is deprecated in favor of OpenstackSDK, please use that as this will be removed in a future release.
Jun 29 04:40:09.602747 np0000183356 devstack@n-api-meta.service[108566]: [pid: 108566|app: 0|req: 1/1] 199.19.213.21 () {40 vars in 641 bytes} [Mon Jun 29 04:40:09 2026] GET /openstack => generated 116 bytes in 528 msecs (HTTP/1.1 200) 3 headers in 100 bytes (1 switches on core 0)
Jun 29 04:40:09.616173 np0000183356 devstack@n-api-meta.service[108563]: DEBUG nova.api.metadata.handler [None req-4c076d0a-a1ac-48f5-b6bc-8a6156871022 None None] Metadata request headers: {'Host': '199.19.213.21:8775', 'User-Agent': 'python-requests/2.34.2', 'Accept-Encoding': 'gzip, deflate', 'Accept': '*/*', 'Connection': 'keep-alive', 'X-Forwarded-For': '192.168.24.160', 'X-Instance-Id': '14bbf9ad-9215-4e0e-b80b-53d6aede3cd2', 'X-Tenant-Id': '51ab3ae1b6714503a8a7ec1bbfec4867', 'X-Instance-Id-Signature': '95645dae386f62c491d4ceddc3314301ed83387d073c03fe8b4f2550ac7cbb6c'} {{(pid=108563) __call__ /opt/stack/nova/nova/api/metadata/handler.py:109}}
Jun 29 04:40:09.621699 np0000183356 devstack@n-api-meta.service[108563]: DEBUG nova.api.metadata.handler [None req-4c076d0a-a1ac-48f5-b6bc-8a6156871022 None None] Using cached metadata for instance 14bbf9ad-9215-4e0e-b80b-53d6aede3cd2 {{(pid=108563) get_metadata_by_instance_id /opt/stack/nova/nova/api/metadata/handler.py:84}}
Jun 29 04:40:09.622409 np0000183356 devstack@n-api-meta.service[108563]: [pid: 108563|app: 0|req: 1/2] 199.19.213.21 () {40 vars in 641 bytes} [Mon Jun 29 04:40:09 2026] GET /openstack => generated 116 bytes in 8 msecs (HTTP/1.1 200) 3 headers in 100 bytes (1 switches on core 0)
Jun 29 04:40:09.634810 np0000183356 devstack@n-api-meta.service[108564]: DEBUG nova.api.metadata.handler [None req-7a069872-5bf7-428c-9681-536993b56d3d None None] Metadata request headers: {'Host': '199.19.213.21:8775', 'User-Agent': 'python-requests/2.34.2', 'Accept-Encoding': 'gzip, deflate', 'Accept': '*/*', 'Connection': 'keep-alive', 'X-Forwarded-For': '192.168.24.160', 'X-Instance-Id': '14bbf9ad-9215-4e0e-b80b-53d6aede3cd2', 'X-Tenant-Id': '51ab3ae1b6714503a8a7ec1bbfec4867', 'X-Instance-Id-Signature': '95645dae386f62c491d4ceddc3314301ed83387d073c03fe8b4f2550ac7cbb6c'} {{(pid=108564) __call__ /opt/stack/nova/nova/api/metadata/handler.py:109}}
Jun 29 04:40:09.641034 np0000183356 devstack@n-api-meta.service[108564]: DEBUG nova.api.metadata.handler [None req-7a069872-5bf7-428c-9681-536993b56d3d None None] Using cached metadata for instance 14bbf9ad-9215-4e0e-b80b-53d6aede3cd2 {{(pid=108564) get_metadata_by_instance_id /opt/stack/nova/nova/api/metadata/handler.py:84}}
Jun 29 04:40:09.642038 np0000183356 devstack@n-api-meta.service[108564]: [pid: 108564|app: 0|req: 1/3] 199.19.213.21 () {40 vars in 692 bytes} [Mon Jun 29 04:40:09 2026] GET /openstack/2018-08-27/meta_data.json => generated 946 bytes in 9 msecs (HTTP/1.1 200) 3 headers in 91 bytes (1 switches on core 0)
Jun 29 04:40:09.653395 np0000183356 devstack@n-api-meta.service[108565]: DEBUG nova.api.metadata.handler [None req-f2d21739-fdaa-45a4-9a94-a7a11dd76946 None None] Metadata request headers: {'Host': '199.19.213.21:8775', 'User-Agent': 'python-requests/2.34.2', 'Accept-Encoding': 'gzip, deflate', 'Accept': '*/*', 'Connection': 'keep-alive', 'X-Forwarded-For': '192.168.24.160', 'X-Instance-Id': '14bbf9ad-9215-4e0e-b80b-53d6aede3cd2', 'X-Tenant-Id': '51ab3ae1b6714503a8a7ec1bbfec4867', 'X-Instance-Id-Signature': '95645dae386f62c491d4ceddc3314301ed83387d073c03fe8b4f2550ac7cbb6c'} {{(pid=108565) __call__ /opt/stack/nova/nova/api/metadata/handler.py:109}}
Jun 29 04:40:09.659177 np0000183356 devstack@n-api-meta.service[108565]: DEBUG nova.api.metadata.handler [None req-f2d21739-fdaa-45a4-9a94-a7a11dd76946 None None] Using cached metadata for instance 14bbf9ad-9215-4e0e-b80b-53d6aede3cd2 {{(pid=108565) get_metadata_by_instance_id /opt/stack/nova/nova/api/metadata/handler.py:84}}
Jun 29 04:40:09.660044 np0000183356 devstack@n-api-meta.service[108565]: [pid: 108565|app: 0|req: 1/4] 199.19.213.21 () {40 vars in 682 bytes} [Mon Jun 29 04:40:09 2026] GET /openstack/2018-08-27/user_data => generated 26375 bytes in 9 msecs (HTTP/1.1 200) 3 headers in 102 bytes (1 switches on core 0)
Jun 29 04:40:09.669535 np0000183356 devstack@n-api-meta.service[108566]: DEBUG nova.api.metadata.handler [None req-acd8b278-20f9-4f24-94ca-a2e5e47967a4 None None] Metadata request headers: {'Host': '199.19.213.21:8775', 'User-Agent': 'python-requests/2.34.2', 'Accept-Encoding': 'gzip, deflate', 'Accept': '*/*', 'Connection': 'keep-alive', 'X-Forwarded-For': '192.168.24.160', 'X-Instance-Id': '14bbf9ad-9215-4e0e-b80b-53d6aede3cd2', 'X-Tenant-Id': '51ab3ae1b6714503a8a7ec1bbfec4867', 'X-Instance-Id-Signature': '95645dae386f62c491d4ceddc3314301ed83387d073c03fe8b4f2550ac7cbb6c'} {{(pid=108566) __call__ /opt/stack/nova/nova/api/metadata/handler.py:109}}
Jun 29 04:40:09.672958 np0000183356 devstack@n-api-meta.service[108566]: DEBUG nova.api.metadata.handler [None req-acd8b278-20f9-4f24-94ca-a2e5e47967a4 None None] Using cached metadata for instance 14bbf9ad-9215-4e0e-b80b-53d6aede3cd2 {{(pid=108566) get_metadata_by_instance_id /opt/stack/nova/nova/api/metadata/handler.py:84}}
Jun 29 04:40:09.673539 np0000183356 devstack@n-api-meta.service[108566]: [pid: 108566|app: 0|req: 2/5] 199.19.213.21 () {40 vars in 697 bytes} [Mon Jun 29 04:40:09 2026] GET /openstack/2018-08-27/vendor_data.json => generated 2 bytes in 5 msecs (HTTP/1.1 200) 3 headers in 89 bytes (1 switches on core 0)
Jun 29 04:40:09.682749 np0000183356 devstack@n-api-meta.service[108563]: DEBUG nova.api.metadata.handler [None req-4c076d0a-a1ac-48f5-b6bc-8a6156871022 None None] Metadata request headers: {'Host': '199.19.213.21:8775', 'User-Agent': 'python-requests/2.34.2', 'Accept-Encoding': 'gzip, deflate', 'Accept': '*/*', 'Connection': 'keep-alive', 'X-Forwarded-For': '192.168.24.160', 'X-Instance-Id': '14bbf9ad-9215-4e0e-b80b-53d6aede3cd2', 'X-Tenant-Id': '51ab3ae1b6714503a8a7ec1bbfec4867', 'X-Instance-Id-Signature': '95645dae386f62c491d4ceddc3314301ed83387d073c03fe8b4f2550ac7cbb6c'} {{(pid=108563) __call__ /opt/stack/nova/nova/api/metadata/handler.py:109}}
Jun 29 04:40:09.686091 np0000183356 devstack@n-api-meta.service[108563]: DEBUG nova.api.metadata.handler [None req-4c076d0a-a1ac-48f5-b6bc-8a6156871022 None None] Using cached metadata for instance 14bbf9ad-9215-4e0e-b80b-53d6aede3cd2 {{(pid=108563) get_metadata_by_instance_id /opt/stack/nova/nova/api/metadata/handler.py:84}}
Jun 29 04:40:09.686865 np0000183356 devstack@n-api-meta.service[108563]: [pid: 108563|app: 0|req: 2/6] 199.19.213.21 () {40 vars in 699 bytes} [Mon Jun 29 04:40:09 2026] GET /openstack/2018-08-27/vendor_data2.json => generated 14 bytes in 5 msecs (HTTP/1.1 200) 3 headers in 90 bytes (1 switches on core 0)
Jun 29 04:40:09.694951 np0000183356 devstack@n-api-meta.service[108564]: DEBUG nova.api.metadata.handler [None req-7a069872-5bf7-428c-9681-536993b56d3d None None] Metadata request headers: {'Host': '199.19.213.21:8775', 'User-Agent': 'python-requests/2.34.2', 'Accept-Encoding': 'gzip, deflate', 'Accept': '*/*', 'Connection': 'keep-alive', 'X-Forwarded-For': '192.168.24.160', 'X-Instance-Id': '14bbf9ad-9215-4e0e-b80b-53d6aede3cd2', 'X-Tenant-Id': '51ab3ae1b6714503a8a7ec1bbfec4867', 'X-Instance-Id-Signature': '95645dae386f62c491d4ceddc3314301ed83387d073c03fe8b4f2550ac7cbb6c'} {{(pid=108564) __call__ /opt/stack/nova/nova/api/metadata/handler.py:109}}
Jun 29 04:40:09.697824 np0000183356 devstack@n-api-meta.service[108564]: DEBUG nova.api.metadata.handler [None req-7a069872-5bf7-428c-9681-536993b56d3d None None] Using cached metadata for instance 14bbf9ad-9215-4e0e-b80b-53d6aede3cd2 {{(pid=108564) get_metadata_by_instance_id /opt/stack/nova/nova/api/metadata/handler.py:84}}
Jun 29 04:40:09.698474 np0000183356 devstack@n-api-meta.service[108564]: [pid: 108564|app: 0|req: 2/7] 199.19.213.21 () {40 vars in 699 bytes} [Mon Jun 29 04:40:09 2026] GET /openstack/2018-08-27/network_data.json => generated 348 bytes in 4 msecs (HTTP/1.1 200) 3 headers in 100 bytes (1 switches on core 0)
Jun 29 04:40:09.706511 np0000183356 devstack@n-api-meta.service[108565]: DEBUG nova.api.metadata.handler [None req-f2d21739-fdaa-45a4-9a94-a7a11dd76946 None None] Metadata request headers: {'Host': '199.19.213.21:8775', 'User-Agent': 'python-requests/2.34.2', 'Accept-Encoding': 'gzip, deflate', 'Accept': '*/*', 'Connection': 'keep-alive', 'X-Forwarded-For': '192.168.24.160', 'X-Instance-Id': '14bbf9ad-9215-4e0e-b80b-53d6aede3cd2', 'X-Tenant-Id': '51ab3ae1b6714503a8a7ec1bbfec4867', 'X-Instance-Id-Signature': '95645dae386f62c491d4ceddc3314301ed83387d073c03fe8b4f2550ac7cbb6c'} {{(pid=108565) __call__ /opt/stack/nova/nova/api/metadata/handler.py:109}}
Jun 29 04:40:09.709995 np0000183356 devstack@n-api-meta.service[108565]: DEBUG nova.api.metadata.handler [None req-f2d21739-fdaa-45a4-9a94-a7a11dd76946 None None] Using cached metadata for instance 14bbf9ad-9215-4e0e-b80b-53d6aede3cd2 {{(pid=108565) get_metadata_by_instance_id /opt/stack/nova/nova/api/metadata/handler.py:84}}
Jun 29 04:40:09.710870 np0000183356 devstack@n-api-meta.service[108565]: [pid: 108565|app: 0|req: 2/8] 199.19.213.21 () {40 vars in 657 bytes} [Mon Jun 29 04:40:09 2026] GET /latest/meta-data/ => generated 210 bytes in 5 msecs (HTTP/1.1 200) 3 headers in 100 bytes (1 switches on core 0)
Jun 29 04:40:09.718570 np0000183356 devstack@n-api-meta.service[108566]: DEBUG nova.api.metadata.handler [None req-acd8b278-20f9-4f24-94ca-a2e5e47967a4 None None] Metadata request headers: {'Host': '199.19.213.21:8775', 'User-Agent': 'python-requests/2.34.2', 'Accept-Encoding': 'gzip, deflate', 'Accept': '*/*', 'Connection': 'keep-alive', 'X-Forwarded-For': '192.168.24.160', 'X-Instance-Id': '14bbf9ad-9215-4e0e-b80b-53d6aede3cd2', 'X-Tenant-Id': '51ab3ae1b6714503a8a7ec1bbfec4867', 'X-Instance-Id-Signature': '95645dae386f62c491d4ceddc3314301ed83387d073c03fe8b4f2550ac7cbb6c'} {{(pid=108566) __call__ /opt/stack/nova/nova/api/metadata/handler.py:109}}
Jun 29 04:40:09.721141 np0000183356 devstack@n-api-meta.service[108566]: DEBUG nova.api.metadata.handler [None req-acd8b278-20f9-4f24-94ca-a2e5e47967a4 None None] Using cached metadata for instance 14bbf9ad-9215-4e0e-b80b-53d6aede3cd2 {{(pid=108566) get_metadata_by_instance_id /opt/stack/nova/nova/api/metadata/handler.py:84}}
Jun 29 04:40:09.721656 np0000183356 devstack@n-api-meta.service[108566]: [pid: 108566|app: 0|req: 3/9] 199.19.213.21 () {40 vars in 699 bytes} [Mon Jun 29 04:40:09 2026] GET /latest/meta-data/block-device-mapping/ => generated 8 bytes in 4 msecs (HTTP/1.1 200) 3 headers in 98 bytes (1 switches on core 0)
Jun 29 04:40:09.728913 np0000183356 devstack@n-api-meta.service[108563]: DEBUG nova.api.metadata.handler [None req-4c076d0a-a1ac-48f5-b6bc-8a6156871022 None None] Metadata request headers: {'Host': '199.19.213.21:8775', 'User-Agent': 'python-requests/2.34.2', 'Accept-Encoding': 'gzip, deflate', 'Accept': '*/*', 'Connection': 'keep-alive', 'X-Forwarded-For': '192.168.24.160', 'X-Instance-Id': '14bbf9ad-9215-4e0e-b80b-53d6aede3cd2', 'X-Tenant-Id': '51ab3ae1b6714503a8a7ec1bbfec4867', 'X-Instance-Id-Signature': '95645dae386f62c491d4ceddc3314301ed83387d073c03fe8b4f2550ac7cbb6c'} {{(pid=108563) __call__ /opt/stack/nova/nova/api/metadata/handler.py:109}}
Jun 29 04:40:09.731865 np0000183356 devstack@n-api-meta.service[108563]: DEBUG nova.api.metadata.handler [None req-4c076d0a-a1ac-48f5-b6bc-8a6156871022 None None] Using cached metadata for instance 14bbf9ad-9215-4e0e-b80b-53d6aede3cd2 {{(pid=108563) get_metadata_by_instance_id /opt/stack/nova/nova/api/metadata/handler.py:84}}
Jun 29 04:40:09.732643 np0000183356 devstack@n-api-meta.service[108563]: [pid: 108563|app: 0|req: 3/10] 199.19.213.21 () {40 vars in 705 bytes} [Mon Jun 29 04:40:09 2026] GET /latest/meta-data/block-device-mapping/ami => generated 3 bytes in 4 msecs (HTTP/1.1 200) 3 headers in 98 bytes (1 switches on core 0)
Jun 29 04:40:09.740562 np0000183356 devstack@n-api-meta.service[108564]: DEBUG nova.api.metadata.handler [None req-7a069872-5bf7-428c-9681-536993b56d3d None None] Metadata request headers: {'Host': '199.19.213.21:8775', 'User-Agent': 'python-requests/2.34.2', 'Accept-Encoding': 'gzip, deflate', 'Accept': '*/*', 'Connection': 'keep-alive', 'X-Forwarded-For': '192.168.24.160', 'X-Instance-Id': '14bbf9ad-9215-4e0e-b80b-53d6aede3cd2', 'X-Tenant-Id': '51ab3ae1b6714503a8a7ec1bbfec4867', 'X-Instance-Id-Signature': '95645dae386f62c491d4ceddc3314301ed83387d073c03fe8b4f2550ac7cbb6c'} {{(pid=108564) __call__ /opt/stack/nova/nova/api/metadata/handler.py:109}}
Jun 29 04:40:09.743700 np0000183356 devstack@n-api-meta.service[108564]: DEBUG nova.api.metadata.handler [None req-7a069872-5bf7-428c-9681-536993b56d3d None None] Using cached metadata for instance 14bbf9ad-9215-4e0e-b80b-53d6aede3cd2 {{(pid=108564) get_metadata_by_instance_id /opt/stack/nova/nova/api/metadata/handler.py:84}}
Jun 29 04:40:09.744450 np0000183356 devstack@n-api-meta.service[108564]: [pid: 108564|app: 0|req: 3/11] 199.19.213.21 () {40 vars in 707 bytes} [Mon Jun 29 04:40:09 2026] GET /latest/meta-data/block-device-mapping/root => generated 8 bytes in 4 msecs (HTTP/1.1 200) 3 headers in 98 bytes (1 switches on core 0)
Jun 29 04:40:09.753029 np0000183356 devstack@n-api-meta.service[108565]: DEBUG nova.api.metadata.handler [None req-f2d21739-fdaa-45a4-9a94-a7a11dd76946 None None] Metadata request headers: {'Host': '199.19.213.21:8775', 'User-Agent': 'python-requests/2.34.2', 'Accept-Encoding': 'gzip, deflate', 'Accept': '*/*', 'Connection': 'keep-alive', 'X-Forwarded-For': '192.168.24.160', 'X-Instance-Id': '14bbf9ad-9215-4e0e-b80b-53d6aede3cd2', 'X-Tenant-Id': '51ab3ae1b6714503a8a7ec1bbfec4867', 'X-Instance-Id-Signature': '95645dae386f62c491d4ceddc3314301ed83387d073c03fe8b4f2550ac7cbb6c'} {{(pid=108565) __call__ /opt/stack/nova/nova/api/metadata/handler.py:109}}
Jun 29 04:40:09.755873 np0000183356 devstack@n-api-meta.service[108565]: DEBUG nova.api.metadata.handler [None req-f2d21739-fdaa-45a4-9a94-a7a11dd76946 None None] Using cached metadata for instance 14bbf9ad-9215-4e0e-b80b-53d6aede3cd2 {{(pid=108565) get_metadata_by_instance_id /opt/stack/nova/nova/api/metadata/handler.py:84}}
Jun 29 04:40:09.756613 np0000183356 devstack@n-api-meta.service[108565]: [pid: 108565|app: 0|req: 3/12] 199.19.213.21 () {40 vars in 677 bytes} [Mon Jun 29 04:40:09 2026] GET /latest/meta-data/placement/ => generated 17 bytes in 4 msecs (HTTP/1.1 200) 3 headers in 99 bytes (1 switches on core 0)
Jun 29 04:40:09.762519 np0000183356 devstack@n-api-meta.service[108566]: DEBUG nova.api.metadata.handler [None req-acd8b278-20f9-4f24-94ca-a2e5e47967a4 None None] Metadata request headers: {'Host': '199.19.213.21:8775', 'User-Agent': 'python-requests/2.34.2', 'Accept-Encoding': 'gzip, deflate', 'Accept': '*/*', 'Connection': 'keep-alive', 'X-Forwarded-For': '192.168.24.160', 'X-Instance-Id': '14bbf9ad-9215-4e0e-b80b-53d6aede3cd2', 'X-Tenant-Id': '51ab3ae1b6714503a8a7ec1bbfec4867', 'X-Instance-Id-Signature': '95645dae386f62c491d4ceddc3314301ed83387d073c03fe8b4f2550ac7cbb6c'} {{(pid=108566) __call__ /opt/stack/nova/nova/api/metadata/handler.py:109}}
Jun 29 04:40:09.764435 np0000183356 devstack@n-api-meta.service[108566]: DEBUG nova.api.metadata.handler [None req-acd8b278-20f9-4f24-94ca-a2e5e47967a4 None None] Using cached metadata for instance 14bbf9ad-9215-4e0e-b80b-53d6aede3cd2 {{(pid=108566) get_metadata_by_instance_id /opt/stack/nova/nova/api/metadata/handler.py:84}}
Jun 29 04:40:09.764866 np0000183356 devstack@n-api-meta.service[108566]: [pid: 108566|app: 0|req: 4/13] 199.19.213.21 () {40 vars in 711 bytes} [Mon Jun 29 04:40:09 2026] GET /latest/meta-data/placement/availability-zone => generated 4 bytes in 3 msecs (HTTP/1.1 200) 3 headers in 98 bytes (1 switches on core 0)
Jun 29 04:40:09.770575 np0000183356 devstack@n-api-meta.service[108563]: DEBUG nova.api.metadata.handler [None req-4c076d0a-a1ac-48f5-b6bc-8a6156871022 None None] Metadata request headers: {'Host': '199.19.213.21:8775', 'User-Agent': 'python-requests/2.34.2', 'Accept-Encoding': 'gzip, deflate', 'Accept': '*/*', 'Connection': 'keep-alive', 'X-Forwarded-For': '192.168.24.160', 'X-Instance-Id': '14bbf9ad-9215-4e0e-b80b-53d6aede3cd2', 'X-Tenant-Id': '51ab3ae1b6714503a8a7ec1bbfec4867', 'X-Instance-Id-Signature': '95645dae386f62c491d4ceddc3314301ed83387d073c03fe8b4f2550ac7cbb6c'} {{(pid=108563) __call__ /opt/stack/nova/nova/api/metadata/handler.py:109}}
Jun 29 04:40:09.772524 np0000183356 devstack@n-api-meta.service[108563]: DEBUG nova.api.metadata.handler [None req-4c076d0a-a1ac-48f5-b6bc-8a6156871022 None None] Using cached metadata for instance 14bbf9ad-9215-4e0e-b80b-53d6aede3cd2 {{(pid=108563) get_metadata_by_instance_id /opt/stack/nova/nova/api/metadata/handler.py:84}}
Jun 29 04:40:09.773085 np0000183356 devstack@n-api-meta.service[108563]: [pid: 108563|app: 0|req: 4/14] 199.19.213.21 () {40 vars in 669 bytes} [Mon Jun 29 04:40:09 2026] GET /latest/meta-data/ami-id => generated 12 bytes in 3 msecs (HTTP/1.1 200) 3 headers in 99 bytes (1 switches on core 0)
Jun 29 04:40:09.779722 np0000183356 devstack@n-api-meta.service[108564]: DEBUG nova.api.metadata.handler [None req-7a069872-5bf7-428c-9681-536993b56d3d None None] Metadata request headers: {'Host': '199.19.213.21:8775', 'User-Agent': 'python-requests/2.34.2', 'Accept-Encoding': 'gzip, deflate', 'Accept': '*/*', 'Connection': 'keep-alive', 'X-Forwarded-For': '192.168.24.160', 'X-Instance-Id': '14bbf9ad-9215-4e0e-b80b-53d6aede3cd2', 'X-Tenant-Id': '51ab3ae1b6714503a8a7ec1bbfec4867', 'X-Instance-Id-Signature': '95645dae386f62c491d4ceddc3314301ed83387d073c03fe8b4f2550ac7cbb6c'} {{(pid=108564) __call__ /opt/stack/nova/nova/api/metadata/handler.py:109}}
Jun 29 04:40:09.782678 np0000183356 devstack@n-api-meta.service[108564]: DEBUG nova.api.metadata.handler [None req-7a069872-5bf7-428c-9681-536993b56d3d None None] Using cached metadata for instance 14bbf9ad-9215-4e0e-b80b-53d6aede3cd2 {{(pid=108564) get_metadata_by_instance_id /opt/stack/nova/nova/api/metadata/handler.py:84}}
Jun 29 04:40:09.783414 np0000183356 devstack@n-api-meta.service[108564]: [pid: 108564|app: 0|req: 4/15] 199.19.213.21 () {40 vars in 689 bytes} [Mon Jun 29 04:40:09 2026] GET /latest/meta-data/ami-launch-index => generated 1 bytes in 4 msecs (HTTP/1.1 200) 3 headers in 98 bytes (1 switches on core 0)
Jun 29 04:40:09.794311 np0000183356 devstack@n-api-meta.service[108565]: DEBUG nova.api.metadata.handler [None req-f2d21739-fdaa-45a4-9a94-a7a11dd76946 None None] Metadata request headers: {'Host': '199.19.213.21:8775', 'User-Agent': 'python-requests/2.34.2', 'Accept-Encoding': 'gzip, deflate', 'Accept': '*/*', 'Connection': 'keep-alive', 'X-Forwarded-For': '192.168.24.160', 'X-Instance-Id': '14bbf9ad-9215-4e0e-b80b-53d6aede3cd2', 'X-Tenant-Id': '51ab3ae1b6714503a8a7ec1bbfec4867', 'X-Instance-Id-Signature': '95645dae386f62c491d4ceddc3314301ed83387d073c03fe8b4f2550ac7cbb6c'} {{(pid=108565) __call__ /opt/stack/nova/nova/api/metadata/handler.py:109}}
Jun 29 04:40:09.796418 np0000183356 devstack@n-api-meta.service[108565]: DEBUG nova.api.metadata.handler [None req-f2d21739-fdaa-45a4-9a94-a7a11dd76946 None None] Using cached metadata for instance 14bbf9ad-9215-4e0e-b80b-53d6aede3cd2 {{(pid=108565) get_metadata_by_instance_id /opt/stack/nova/nova/api/metadata/handler.py:84}}
Jun 29 04:40:09.796898 np0000183356 devstack@n-api-meta.service[108565]: [pid: 108565|app: 0|req: 4/16] 199.19.213.21 () {40 vars in 691 bytes} [Mon Jun 29 04:40:09 2026] GET /latest/meta-data/ami-manifest-path => generated 5 bytes in 5 msecs (HTTP/1.1 200) 3 headers in 98 bytes (1 switches on core 0)
Jun 29 04:40:09.804902 np0000183356 devstack@n-api-meta.service[108566]: DEBUG nova.api.metadata.handler [None req-acd8b278-20f9-4f24-94ca-a2e5e47967a4 None None] Metadata request headers: {'Host': '199.19.213.21:8775', 'User-Agent': 'python-requests/2.34.2', 'Accept-Encoding': 'gzip, deflate', 'Accept': '*/*', 'Connection': 'keep-alive', 'X-Forwarded-For': '192.168.24.160', 'X-Instance-Id': '14bbf9ad-9215-4e0e-b80b-53d6aede3cd2', 'X-Tenant-Id': '51ab3ae1b6714503a8a7ec1bbfec4867', 'X-Instance-Id-Signature': '95645dae386f62c491d4ceddc3314301ed83387d073c03fe8b4f2550ac7cbb6c'} {{(pid=108566) __call__ /opt/stack/nova/nova/api/metadata/handler.py:109}}
Jun 29 04:40:09.806725 np0000183356 devstack@n-api-meta.service[108566]: DEBUG nova.api.metadata.handler [None req-acd8b278-20f9-4f24-94ca-a2e5e47967a4 None None] Using cached metadata for instance 14bbf9ad-9215-4e0e-b80b-53d6aede3cd2 {{(pid=108566) get_metadata_by_instance_id /opt/stack/nova/nova/api/metadata/handler.py:84}}
Jun 29 04:40:09.807188 np0000183356 devstack@n-api-meta.service[108566]: [pid: 108566|app: 0|req: 5/17] 199.19.213.21 () {40 vars in 673 bytes} [Mon Jun 29 04:40:09 2026] GET /latest/meta-data/hostname => generated 32 bytes in 3 msecs (HTTP/1.1 200) 3 headers in 99 bytes (1 switches on core 0)
Jun 29 04:40:09.814933 np0000183356 devstack@n-api-meta.service[108563]: DEBUG nova.api.metadata.handler [None req-4c076d0a-a1ac-48f5-b6bc-8a6156871022 None None] Metadata request headers: {'Host': '199.19.213.21:8775', 'User-Agent': 'python-requests/2.34.2', 'Accept-Encoding': 'gzip, deflate', 'Accept': '*/*', 'Connection': 'keep-alive', 'X-Forwarded-For': '192.168.24.160', 'X-Instance-Id': '14bbf9ad-9215-4e0e-b80b-53d6aede3cd2', 'X-Tenant-Id': '51ab3ae1b6714503a8a7ec1bbfec4867', 'X-Instance-Id-Signature': '95645dae386f62c491d4ceddc3314301ed83387d073c03fe8b4f2550ac7cbb6c'} {{(pid=108563) __call__ /opt/stack/nova/nova/api/metadata/handler.py:109}}
Jun 29 04:40:09.817225 np0000183356 devstack@n-api-meta.service[108563]: DEBUG nova.api.metadata.handler [None req-4c076d0a-a1ac-48f5-b6bc-8a6156871022 None None] Using cached metadata for instance 14bbf9ad-9215-4e0e-b80b-53d6aede3cd2 {{(pid=108563) get_metadata_by_instance_id /opt/stack/nova/nova/api/metadata/handler.py:84}}
Jun 29 04:40:09.817744 np0000183356 devstack@n-api-meta.service[108563]: [pid: 108563|app: 0|req: 5/18] 199.19.213.21 () {40 vars in 687 bytes} [Mon Jun 29 04:40:09 2026] GET /latest/meta-data/instance-action => generated 4 bytes in 3 msecs (HTTP/1.1 200) 3 headers in 98 bytes (1 switches on core 0)
Jun 29 04:40:09.826358 np0000183356 devstack@n-api-meta.service[108564]: DEBUG nova.api.metadata.handler [None req-7a069872-5bf7-428c-9681-536993b56d3d None None] Metadata request headers: {'Host': '199.19.213.21:8775', 'User-Agent': 'python-requests/2.34.2', 'Accept-Encoding': 'gzip, deflate', 'Accept': '*/*', 'Connection': 'keep-alive', 'X-Forwarded-For': '192.168.24.160', 'X-Instance-Id': '14bbf9ad-9215-4e0e-b80b-53d6aede3cd2', 'X-Tenant-Id': '51ab3ae1b6714503a8a7ec1bbfec4867', 'X-Instance-Id-Signature': '95645dae386f62c491d4ceddc3314301ed83387d073c03fe8b4f2550ac7cbb6c'} {{(pid=108564) __call__ /opt/stack/nova/nova/api/metadata/handler.py:109}}
Jun 29 04:40:09.829106 np0000183356 devstack@n-api-meta.service[108564]: DEBUG nova.api.metadata.handler [None req-7a069872-5bf7-428c-9681-536993b56d3d None None] Using cached metadata for instance 14bbf9ad-9215-4e0e-b80b-53d6aede3cd2 {{(pid=108564) get_metadata_by_instance_id /opt/stack/nova/nova/api/metadata/handler.py:84}}
Jun 29 04:40:09.829525 np0000183356 devstack@n-api-meta.service[108564]: [pid: 108564|app: 0|req: 5/19] 199.19.213.21 () {40 vars in 679 bytes} [Mon Jun 29 04:40:09 2026] GET /latest/meta-data/instance-id => generated 10 bytes in 4 msecs (HTTP/1.1 200) 3 headers in 99 bytes (1 switches on core 0)
Jun 29 04:40:09.837229 np0000183356 devstack@n-api-meta.service[108565]: DEBUG nova.api.metadata.handler [None req-f2d21739-fdaa-45a4-9a94-a7a11dd76946 None None] Metadata request headers: {'Host': '199.19.213.21:8775', 'User-Agent': 'python-requests/2.34.2', 'Accept-Encoding': 'gzip, deflate', 'Accept': '*/*', 'Connection': 'keep-alive', 'X-Forwarded-For': '192.168.24.160', 'X-Instance-Id': '14bbf9ad-9215-4e0e-b80b-53d6aede3cd2', 'X-Tenant-Id': '51ab3ae1b6714503a8a7ec1bbfec4867', 'X-Instance-Id-Signature': '95645dae386f62c491d4ceddc3314301ed83387d073c03fe8b4f2550ac7cbb6c'} {{(pid=108565) __call__ /opt/stack/nova/nova/api/metadata/handler.py:109}}
Jun 29 04:40:09.839807 np0000183356 devstack@n-api-meta.service[108565]: DEBUG nova.api.metadata.handler [None req-f2d21739-fdaa-45a4-9a94-a7a11dd76946 None None] Using cached metadata for instance 14bbf9ad-9215-4e0e-b80b-53d6aede3cd2 {{(pid=108565) get_metadata_by_instance_id /opt/stack/nova/nova/api/metadata/handler.py:84}}
Jun 29 04:40:09.840579 np0000183356 devstack@n-api-meta.service[108565]: [pid: 108565|app: 0|req: 5/20] 199.19.213.21 () {40 vars in 683 bytes} [Mon Jun 29 04:40:09 2026] GET /latest/meta-data/instance-type => generated 8 bytes in 4 msecs (HTTP/1.1 200) 3 headers in 98 bytes (1 switches on core 0)
Jun 29 04:40:09.848122 np0000183356 devstack@n-api-meta.service[108566]: DEBUG nova.api.metadata.handler [None req-acd8b278-20f9-4f24-94ca-a2e5e47967a4 None None] Metadata request headers: {'Host': '199.19.213.21:8775', 'User-Agent': 'python-requests/2.34.2', 'Accept-Encoding': 'gzip, deflate', 'Accept': '*/*', 'Connection': 'keep-alive', 'X-Forwarded-For': '192.168.24.160', 'X-Instance-Id': '14bbf9ad-9215-4e0e-b80b-53d6aede3cd2', 'X-Tenant-Id': '51ab3ae1b6714503a8a7ec1bbfec4867', 'X-Instance-Id-Signature': '95645dae386f62c491d4ceddc3314301ed83387d073c03fe8b4f2550ac7cbb6c'} {{(pid=108566) __call__ /opt/stack/nova/nova/api/metadata/handler.py:109}}
Jun 29 04:40:09.850730 np0000183356 devstack@n-api-meta.service[108566]: DEBUG nova.api.metadata.handler [None req-acd8b278-20f9-4f24-94ca-a2e5e47967a4 None None] Using cached metadata for instance 14bbf9ad-9215-4e0e-b80b-53d6aede3cd2 {{(pid=108566) get_metadata_by_instance_id /opt/stack/nova/nova/api/metadata/handler.py:84}}
Jun 29 04:40:09.851357 np0000183356 devstack@n-api-meta.service[108566]: [pid: 108566|app: 0|req: 6/21] 199.19.213.21 () {40 vars in 685 bytes} [Mon Jun 29 04:40:09 2026] GET /latest/meta-data/local-hostname => generated 32 bytes in 4 msecs (HTTP/1.1 200) 3 headers in 99 bytes (1 switches on core 0)
Jun 29 04:40:09.861267 np0000183356 devstack@n-api-meta.service[108563]: DEBUG nova.api.metadata.handler [None req-4c076d0a-a1ac-48f5-b6bc-8a6156871022 None None] Metadata request headers: {'Host': '199.19.213.21:8775', 'User-Agent': 'python-requests/2.34.2', 'Accept-Encoding': 'gzip, deflate', 'Accept': '*/*', 'Connection': 'keep-alive', 'X-Forwarded-For': '192.168.24.160', 'X-Instance-Id': '14bbf9ad-9215-4e0e-b80b-53d6aede3cd2', 'X-Tenant-Id': '51ab3ae1b6714503a8a7ec1bbfec4867', 'X-Instance-Id-Signature': '95645dae386f62c491d4ceddc3314301ed83387d073c03fe8b4f2550ac7cbb6c'} {{(pid=108563) __call__ /opt/stack/nova/nova/api/metadata/handler.py:109}}
Jun 29 04:40:09.864184 np0000183356 devstack@n-api-meta.service[108563]: DEBUG nova.api.metadata.handler [None req-4c076d0a-a1ac-48f5-b6bc-8a6156871022 None None] Using cached metadata for instance 14bbf9ad-9215-4e0e-b80b-53d6aede3cd2 {{(pid=108563) get_metadata_by_instance_id /opt/stack/nova/nova/api/metadata/handler.py:84}}
Jun 29 04:40:09.864841 np0000183356 devstack@n-api-meta.service[108563]: [pid: 108563|app: 0|req: 6/22] 199.19.213.21 () {40 vars in 677 bytes} [Mon Jun 29 04:40:09 2026] GET /latest/meta-data/local-ipv4 => generated 14 bytes in 4 msecs (HTTP/1.1 200) 3 headers in 99 bytes (1 switches on core 0)
Jun 29 04:40:09.870742 np0000183356 devstack@n-api-meta.service[108564]: DEBUG nova.api.metadata.handler [None req-7a069872-5bf7-428c-9681-536993b56d3d None None] Metadata request headers: {'Host': '199.19.213.21:8775', 'User-Agent': 'python-requests/2.34.2', 'Accept-Encoding': 'gzip, deflate', 'Accept': '*/*', 'Connection': 'keep-alive', 'X-Forwarded-For': '192.168.24.160', 'X-Instance-Id': '14bbf9ad-9215-4e0e-b80b-53d6aede3cd2', 'X-Tenant-Id': '51ab3ae1b6714503a8a7ec1bbfec4867', 'X-Instance-Id-Signature': '95645dae386f62c491d4ceddc3314301ed83387d073c03fe8b4f2550ac7cbb6c'} {{(pid=108564) __call__ /opt/stack/nova/nova/api/metadata/handler.py:109}}
Jun 29 04:40:09.873722 np0000183356 devstack@n-api-meta.service[108564]: DEBUG nova.api.metadata.handler [None req-7a069872-5bf7-428c-9681-536993b56d3d None None] Using cached metadata for instance 14bbf9ad-9215-4e0e-b80b-53d6aede3cd2 {{(pid=108564) get_metadata_by_instance_id /opt/stack/nova/nova/api/metadata/handler.py:84}}
Jun 29 04:40:09.874370 np0000183356 devstack@n-api-meta.service[108564]: [pid: 108564|app: 0|req: 6/23] 199.19.213.21 () {40 vars in 687 bytes} [Mon Jun 29 04:40:09 2026] GET /latest/meta-data/public-hostname => generated 32 bytes in 4 msecs (HTTP/1.1 200) 3 headers in 99 bytes (1 switches on core 0)
Jun 29 04:40:09.882580 np0000183356 devstack@n-api-meta.service[108565]: DEBUG nova.api.metadata.handler [None req-f2d21739-fdaa-45a4-9a94-a7a11dd76946 None None] Metadata request headers: {'Host': '199.19.213.21:8775', 'User-Agent': 'python-requests/2.34.2', 'Accept-Encoding': 'gzip, deflate', 'Accept': '*/*', 'Connection': 'keep-alive', 'X-Forwarded-For': '192.168.24.160', 'X-Instance-Id': '14bbf9ad-9215-4e0e-b80b-53d6aede3cd2', 'X-Tenant-Id': '51ab3ae1b6714503a8a7ec1bbfec4867', 'X-Instance-Id-Signature': '95645dae386f62c491d4ceddc3314301ed83387d073c03fe8b4f2550ac7cbb6c'} {{(pid=108565) __call__ /opt/stack/nova/nova/api/metadata/handler.py:109}}
Jun 29 04:40:09.885328 np0000183356 devstack@n-api-meta.service[108565]: DEBUG nova.api.metadata.handler [None req-f2d21739-fdaa-45a4-9a94-a7a11dd76946 None None] Using cached metadata for instance 14bbf9ad-9215-4e0e-b80b-53d6aede3cd2 {{(pid=108565) get_metadata_by_instance_id /opt/stack/nova/nova/api/metadata/handler.py:84}}
Jun 29 04:40:09.885768 np0000183356 devstack@n-api-meta.service[108565]: [pid: 108565|app: 0|req: 6/24] 199.19.213.21 () {40 vars in 679 bytes} [Mon Jun 29 04:40:09 2026] GET /latest/meta-data/public-ipv4 => generated 0 bytes in 4 msecs (HTTP/1.1 200) 3 headers in 98 bytes (1 switches on core 0)
