2026-04-28 04:31:36.670 9 INFO neutron.plugins.ml2.plugin [None req-511ac17a-06fe-4c4e-8db5-dd9294aa3191 - - - - - -] Attempt 1 to provision port 90ef2678-97f4-4995-97c4-12517e47babc
2026-04-28 04:31:39.580 9 INFO neutron.plugins.ml2.plugin [None req-00ebc462-47a6-4ee9-bd42-afc6a0190606 - - - - - -] Attempt 1 to provision port 90ef2678-97f4-4995-97c4-12517e47babc
2026-04-28 04:31:39.705 9 INFO neutron.notifiers.nova [-] Nova event matching ['req-16dc21e2-22d9-4f47-8e81-ba9c29a80d85'] response: {'server_uuid': 'fb2c54b7-5e0d-4a1c-a7bd-25352bd491a1', 'name': 'network-vif-plugged', 'status': 'completed', 'tag': '90ef2678-97f4-4995-97c4-12517e47babc', 'code': 200}
2026-04-28 04:31:40.357 9 INFO neutron.plugins.ml2.plugin [None req-3efc9b8a-a8b8-4b92-a557-2ae43b915f0b - - - - - -] Attempt 1 to provision port 71d98f50-38bb-4f73-8a2a-d0e4b33efe93
2026-04-28 04:31:41.110 10 INFO neutron.plugins.ml2.plugin [None req-50a09ebf-7f49-4117-a721-c80eca45dad5 - - - - - -] Attempt 1 to provision port 38bf8902-61d3-4133-9f7b-cce603f2d16a
2026-04-28 04:31:41.659 10 INFO neutron.plugins.ml2.plugin [None req-00ebc462-47a6-4ee9-bd42-afc6a0190606 - - - - - -] Attempt 1 to provision port 90ef2678-97f4-4995-97c4-12517e47babc
2026-04-28 04:31:42.008 10 INFO neutron.plugins.ml2.plugin [None req-00ebc462-47a6-4ee9-bd42-afc6a0190606 - - - - - -] Attempt 1 to provision port 38bf8902-61d3-4133-9f7b-cce603f2d16a
2026-04-28 04:31:42.901 9 INFO neutron.plugins.ml2.plugin [None req-34cb04d9-8ec0-4d64-ad68-70f8bfb767f1 - - - - - -] Attempt 1 to provision port 69305fe3-0a74-4696-924d-d3651a0fddd2
2026-04-28 04:31:43.552 10 INFO neutron.plugins.ml2.plugin [None req-cb8b4e9e-ae4a-470a-914a-65ba85683f29 - - - - - -] Attempt 1 to provision port 69305fe3-0a74-4696-924d-d3651a0fddd2
2026-04-28 04:31:43.635 9 INFO neutron.plugins.ml2.plugin [None req-00ebc462-47a6-4ee9-bd42-afc6a0190606 - - - - - -] Attempt 1 to provision port 2ab46c9e-3e0d-4a9c-870f-3941e5bda31e
2026-04-28 04:31:43.720 10 INFO neutron.plugins.ml2.plugin [None req-131ef517-44a2-404d-965e-d4abae7739cb - - - - - -] Attempt 1 to provision port 2ab46c9e-3e0d-4a9c-870f-3941e5bda31e
2026-04-28 04:31:44.256 9 INFO neutron.plugins.ml2.plugin [None req-00ebc462-47a6-4ee9-bd42-afc6a0190606 - - - - - -] Attempt 1 to provision port 4c675d88-dacd-4baf-b6b7-6e20880e2601
2026-04-28 04:31:45.593 9 INFO neutron.plugins.ml2.plugin [None req-00ebc462-47a6-4ee9-bd42-afc6a0190606 - - - - - -] Attempt 1 to provision port 2ab46c9e-3e0d-4a9c-870f-3941e5bda31e
2026-04-28 04:31:46.017 9 INFO neutron.plugins.ml2.plugin [None req-00ebc462-47a6-4ee9-bd42-afc6a0190606 - - - - - -] Attempt 1 to provision port 4c675d88-dacd-4baf-b6b7-6e20880e2601 /var/lib/openstack/lib/python3.10/site-packages/oslo_db/sqlalchemy/enginefacade.py:667: SAWarning: DELETE statement on table 'portsecuritybindings' expected to delete 1 row(s); 0 were matched. Please set confirm_deleted_rows=False within the mapper configuration to prevent this warning. self.session.flush() /var/lib/openstack/lib/python3.10/site-packages/oslo_db/sqlalchemy/enginefacade.py:667: SAWarning: DELETE statement on table 'ml2_port_bindings' expected to delete 1 row(s); 0 were matched. Please set confirm_deleted_rows=False within the mapper configuration to prevent this warning. self.session.flush() /var/lib/openstack/lib/python3.10/site-packages/oslo_db/sqlalchemy/enginefacade.py:667: SAWarning: DELETE statement on table 'ml2_port_binding_levels' expected to delete 1 row(s); 0 were matched. Please set confirm_deleted_rows=False within the mapper configuration to prevent this warning. self.session.flush() /var/lib/openstack/lib/python3.10/site-packages/oslo_db/sqlalchemy/enginefacade.py:667: SAWarning: DELETE statement on table 'ports' expected to delete 1 row(s); 0 were matched. Please set confirm_deleted_rows=False within the mapper configuration to prevent this warning. self.session.flush()
2026-04-28 04:31:49.811 10 INFO neutron.plugins.ml2.plugin [None req-00ebc462-47a6-4ee9-bd42-afc6a0190606 - - - - - -] Attempt 1 to provision port c4d6aace-fd0e-46a8-9bcc-97d3cb7bcec3
2026-04-28 04:31:49.932 9 INFO neutron.plugins.ml2.plugin [None req-c354142a-d262-420d-82a3-057c95524339 - - - - - -] Attempt 1 to provision port ad88d5c3-0b04-42a9-861f-4a8da047d580
2026-04-28 04:31:53.759 10 INFO neutron.plugins.ml2.plugin [None req-00ebc462-47a6-4ee9-bd42-afc6a0190606 - - - - - -] Attempt 1 to provision port ad88d5c3-0b04-42a9-861f-4a8da047d580
2026-04-28 04:31:53.895 10 INFO neutron.notifiers.nova [-] Nova event matching ['req-ff6c978c-2574-4d22-9b6f-d64bc60d4a49'] response: {'server_uuid': 'a4972b60-9234-4191-820c-88c0c0a568bd', 'name': 'network-vif-plugged', 'status': 'completed', 'tag': 'ad88d5c3-0b04-42a9-861f-4a8da047d580', 'code': 200}
2026-04-28 04:31:55.539 9 INFO neutron.plugins.ml2.plugin [None req-00ebc462-47a6-4ee9-bd42-afc6a0190606 - - - - - -] Attempt 1 to provision port ad88d5c3-0b04-42a9-861f-4a8da047d580
2026-04-28 04:31:57.255 9 INFO neutron.plugins.ml2.plugin [None req-9bd273e6-4256-463f-9c54-105b1e130e59 - - - - - -] Attempt 1 to provision port c1ae9888-08e9-44c3-89a2-f699ada595bd
2026-04-28 04:31:57.585 10 INFO neutron.plugins.ml2.plugin [None req-00ebc462-47a6-4ee9-bd42-afc6a0190606 - - - - - -] Attempt 1 to provision port 77fb58a5-cb7a-4952-8324-de4c266cbee5
2026-04-28 04:31:58.009 9 INFO neutron.plugins.ml2.plugin [None req-a4b2d32b-ddb8-4387-8ced-a359f9dccf29 - - - - - -] Attempt 1 to provision port 77fb58a5-cb7a-4952-8324-de4c266cbee5
2026-04-28 04:31:59.550 10 INFO neutron.plugins.ml2.plugin [None req-00ebc462-47a6-4ee9-bd42-afc6a0190606 - - - - - -] Attempt 1 to provision port 77fb58a5-cb7a-4952-8324-de4c266cbee5
2026-04-28 04:31:59.581 9 INFO neutron.plugins.ml2.plugin [None req-38c46883-9295-4473-a56b-401fd8c81738 - - - - - -] Attempt 1 to provision port 0e6f3604-1d79-4cb7-8399-f2130b0778d1
2026-04-28 04:31:59.812 10 INFO neutron.plugins.ml2.plugin [None req-3d447ecd-f542-42e0-ab59-3774a98d3357 - - - - - -] Attempt 1 to provision port bc35d26c-5884-4c93-b369-0ff18d13349d
2026-04-28 04:32:00.296 10 INFO neutron.plugins.ml2.plugin [None req-5ad8dd1a-19cf-43d0-9337-88a81560046d - - - - - -] Attempt 1 to provision port 0e6f3604-1d79-4cb7-8399-f2130b0778d1
2026-04-28 04:32:01.757 10 INFO neutron.plugins.ml2.plugin [None req-00ebc462-47a6-4ee9-bd42-afc6a0190606 - - - - - -] Attempt 1 to provision port 51e62944-b1ce-41d7-bf0b-6200c5dc899b
2026-04-28 04:32:03.593 10 INFO neutron.plugins.ml2.plugin [None req-00ebc462-47a6-4ee9-bd42-afc6a0190606 - - - - - -] Attempt 1 to provision port 51e62944-b1ce-41d7-bf0b-6200c5dc899b /var/lib/openstack/lib/python3.10/site-packages/oslo_db/sqlalchemy/enginefacade.py:667: SAWarning: DELETE statement on table 'portsecuritybindings' expected to delete 1 row(s); 0 were matched. Please set confirm_deleted_rows=False within the mapper configuration to prevent this warning. self.session.flush() /var/lib/openstack/lib/python3.10/site-packages/oslo_db/sqlalchemy/enginefacade.py:667: SAWarning: DELETE statement on table 'ml2_port_bindings' expected to delete 1 row(s); 0 were matched. Please set confirm_deleted_rows=False within the mapper configuration to prevent this warning. self.session.flush() /var/lib/openstack/lib/python3.10/site-packages/oslo_db/sqlalchemy/enginefacade.py:667: SAWarning: DELETE statement on table 'ml2_port_binding_levels' expected to delete 1 row(s); 0 were matched. Please set confirm_deleted_rows=False within the mapper configuration to prevent this warning. self.session.flush() /var/lib/openstack/lib/python3.10/site-packages/oslo_db/sqlalchemy/enginefacade.py:667: SAWarning: DELETE statement on table 'ports' expected to delete 1 row(s); 0 were matched. Please set confirm_deleted_rows=False within the mapper configuration to prevent this warning. self.session.flush()
2026-04-28 04:32:06.081 10 INFO neutron.plugins.ml2.plugin [None req-d16a19fd-ddcd-4438-94d6-76712dbc7f85 - - - - - -] Attempt 1 to provision port 93ce0e9e-80e3-4020-8726-3001787ab489
2026-04-28 04:32:07.747 9 INFO neutron.plugins.ml2.plugin [None req-00ebc462-47a6-4ee9-bd42-afc6a0190606 - - - - - -] Attempt 1 to provision port 93ce0e9e-80e3-4020-8726-3001787ab489
2026-04-28 04:32:07.911 9 INFO neutron.notifiers.nova [-] Nova event matching ['req-3c533b00-c3f2-495e-84b6-bdd4dad48bb7'] response: {'server_uuid': '0fb2f246-2687-44aa-ad70-4515d1b63742', 'name': 'network-vif-plugged', 'status': 'completed', 'tag': '93ce0e9e-80e3-4020-8726-3001787ab489', 'code': 200}
2026-04-28 04:32:11.612 9 INFO neutron.plugins.ml2.plugin [None req-00ebc462-47a6-4ee9-bd42-afc6a0190606 - - - - - -] Attempt 1 to provision port 20073291-f223-4fc1-a816-e88dafd306fa
2026-04-28 04:32:12.207 10 INFO neutron.plugins.ml2.plugin [None req-e9851bff-fef9-49d8-b912-f717933e99d1 - - - - - -] Attempt 1 to provision port 20073291-f223-4fc1-a816-e88dafd306fa
2026-04-28 04:32:13.751 10 INFO neutron.plugins.ml2.plugin [None req-00ebc462-47a6-4ee9-bd42-afc6a0190606 - - - - - -] Attempt 1 to provision port 389500f2-fdeb-45a0-b8e0-892708eabeeb
2026-04-28 04:32:14.096 9 INFO neutron.plugins.ml2.plugin [None req-e1423e05-bae1-466d-be04-fc459ae80a26 - - - - - -] Attempt 1 to provision port 389500f2-fdeb-45a0-b8e0-892708eabeeb
2026-04-28 04:32:14.348 10 INFO neutron.plugins.ml2.plugin [None req-00ebc462-47a6-4ee9-bd42-afc6a0190606 - - - - - -] Attempt 1 to provision port 20073291-f223-4fc1-a816-e88dafd306fa
2026-04-28 04:32:14.952 10 INFO neutron.plugins.ml2.plugin [None req-00ebc462-47a6-4ee9-bd42-afc6a0190606 - - - - - -] Attempt 1 to provision port 4a962e6b-4020-41f5-afa4-7cd386b4a8ec
2026-04-28 04:32:15.161 10 INFO neutron.plugins.ml2.plugin [None req-6e372862-1009-4622-88ae-b8e59df4ee49 - - - - - -] Attempt 1 to provision port 4a962e6b-4020-41f5-afa4-7cd386b4a8ec
2026-04-28 04:32:15.831 9 INFO neutron.plugins.ml2.plugin [None req-00ebc462-47a6-4ee9-bd42-afc6a0190606 - - - - - -] Attempt 1 to provision port 195f68da-2f65-44bd-a769-ad739d338dd2
2026-04-28 04:32:15.928 10 INFO neutron.plugins.ml2.plugin [None req-19d733ad-11e3-4d6d-9521-cda03a4b78ed - - - - - -] Attempt 1 to provision port 195f68da-2f65-44bd-a769-ad739d338dd2
2026-04-28 04:32:16.343 9 INFO neutron.plugins.ml2.plugin [None req-00ebc462-47a6-4ee9-bd42-afc6a0190606 - - - - - -] Attempt 1 to provision port 389500f2-fdeb-45a0-b8e0-892708eabeeb
2026-04-28 04:32:16.625 9 INFO neutron.plugins.ml2.plugin [None req-00ebc462-47a6-4ee9-bd42-afc6a0190606 - - - - - -] Attempt 1 to provision port a8fda6f9-5b4c-4bb8-acfb-678b06d29e10
2026-04-28 04:32:17.029 10 INFO neutron.plugins.ml2.plugin [None req-fe6f7891-7a3f-4cff-bc32-89205a04c275 - - - - - -] Attempt 1 to provision port a8fda6f9-5b4c-4bb8-acfb-678b06d29e10 /var/lib/openstack/lib/python3.10/site-packages/oslo_db/sqlalchemy/enginefacade.py:667: SAWarning: DELETE statement on table 'portsecuritybindings' expected to delete 1 row(s); 0 were matched. Please set confirm_deleted_rows=False within the mapper configuration to prevent this warning. self.session.flush() /var/lib/openstack/lib/python3.10/site-packages/oslo_db/sqlalchemy/enginefacade.py:667: SAWarning: DELETE statement on table 'ml2_port_bindings' expected to delete 1 row(s); 0 were matched. Please set confirm_deleted_rows=False within the mapper configuration to prevent this warning. self.session.flush() /var/lib/openstack/lib/python3.10/site-packages/oslo_db/sqlalchemy/enginefacade.py:667: SAWarning: DELETE statement on table 'ml2_port_binding_levels' expected to delete 1 row(s); 0 were matched. Please set confirm_deleted_rows=False within the mapper configuration to prevent this warning. self.session.flush() /var/lib/openstack/lib/python3.10/site-packages/oslo_db/sqlalchemy/enginefacade.py:667: SAWarning: DELETE statement on table 'ports' expected to delete 1 row(s); 0 were matched. Please set confirm_deleted_rows=False within the mapper configuration to prevent this warning. self.session.flush()
2026-04-28 04:32:17.243 9 INFO neutron.plugins.ml2.plugin [None req-00ebc462-47a6-4ee9-bd42-afc6a0190606 - - - - - -] Attempt 1 to provision port 4a962e6b-4020-41f5-afa4-7cd386b4a8ec
2026-04-28 04:32:17.853 10 INFO neutron.plugins.ml2.plugin [None req-00ebc462-47a6-4ee9-bd42-afc6a0190606 - - - - - -] Attempt 1 to provision port a8fda6f9-5b4c-4bb8-acfb-678b06d29e10
2026-04-28 04:32:18.156 10 INFO neutron.plugins.ml2.plugin [None req-00ebc462-47a6-4ee9-bd42-afc6a0190606 - - - - - -] Attempt 1 to provision port 195f68da-2f65-44bd-a769-ad739d338dd2
2026-04-28 04:32:35.878 9 INFO neutron.plugins.ml2.plugin [None req-00ebc462-47a6-4ee9-bd42-afc6a0190606 - - - - - -] Attempt 1 to provision port 042f1a87-5fd1-42ab-bebf-98e63c31cafd
2026-04-28 04:32:43.901 9 INFO neutron.plugins.ml2.plugin [None req-00ebc462-47a6-4ee9-bd42-afc6a0190606 - - - - - -] Attempt 1 to provision port 0bc75d1b-c4eb-4232-845f-3ba5255be660
2026-04-28 04:32:44.455 9 INFO neutron.plugins.ml2.plugin [None req-00ebc462-47a6-4ee9-bd42-afc6a0190606 - - - - - -] Attempt 1 to provision port f5f9f85e-3e06-4e10-afbc-de551384e21c
2026-04-28 04:32:44.749 10 INFO neutron.plugins.ml2.plugin [None req-28804f0d-3b65-4d93-a245-379a70f3ed5d - - - - - -] Attempt 1 to provision port f5f9f85e-3e06-4e10-afbc-de551384e21c
2026-04-28 04:32:45.336 10 INFO neutron.plugins.ml2.plugin [None req-35ec33eb-99f1-433c-b1a8-f7a144233ec2 - - - - - -] Attempt 1 to provision port 0bc75d1b-c4eb-4232-845f-3ba5255be660
2026-04-28 04:32:45.819 10 INFO neutron.plugins.ml2.plugin [None req-00ebc462-47a6-4ee9-bd42-afc6a0190606 - - - - - -] Attempt 1 to provision port 0bc75d1b-c4eb-4232-845f-3ba5255be660
2026-04-28 04:32:45.831 10 INFO neutron.plugins.ml2.plugin [None req-9acc6fe0-ef59-49a6-93cf-a4966054f2c3 - - - - - -] Attempt 1 to provision port 0715be2e-8ee7-4236-afc2-e10f98d6507a
2026-04-28 04:32:46.055 10 INFO neutron.plugins.ml2.plugin [None req-00ebc462-47a6-4ee9-bd42-afc6a0190606 - - - - - -] Attempt 1 to provision port f5f9f85e-3e06-4e10-afbc-de551384e21c
2026-04-28 04:32:46.378 10 INFO neutron.plugins.ml2.plugin [None req-6a04e6f4-0a3e-4053-8c6c-f58b2b92763f - - - - - -] Attempt 1 to provision port 0715be2e-8ee7-4236-afc2-e10f98d6507a
2026-04-28 04:32:47.439 10 INFO neutron.plugins.ml2.plugin [None req-12f000e5-f3f5-4f70-b5f1-4706d6d23770 - - - - - -] Attempt 1 to provision port 9bbe6398-f0a8-4a47-8fdd-4c80723f96a0
2026-04-28 04:32:47.982 9 INFO neutron.plugins.ml2.plugin [None req-ae013e28-38ea-4873-b304-0f62b2c9aee8 - - - - - -] Attempt 1 to provision port 9bbe6398-f0a8-4a47-8fdd-4c80723f96a0 /var/lib/openstack/lib/python3.10/site-packages/oslo_db/sqlalchemy/enginefacade.py:667: SAWarning: DELETE statement on table 'portsecuritybindings' expected to delete 1 row(s); 0 were matched. Please set confirm_deleted_rows=False within the mapper configuration to prevent this warning. self.session.flush() /var/lib/openstack/lib/python3.10/site-packages/oslo_db/sqlalchemy/enginefacade.py:667: SAWarning: DELETE statement on table 'ml2_port_bindings' expected to delete 1 row(s); 0 were matched. Please set confirm_deleted_rows=False within the mapper configuration to prevent this warning. self.session.flush() /var/lib/openstack/lib/python3.10/site-packages/oslo_db/sqlalchemy/enginefacade.py:667: SAWarning: DELETE statement on table 'ml2_port_binding_levels' expected to delete 1 row(s); 0 were matched. Please set confirm_deleted_rows=False within the mapper configuration to prevent this warning. self.session.flush() /var/lib/openstack/lib/python3.10/site-packages/oslo_db/sqlalchemy/enginefacade.py:667: SAWarning: DELETE statement on table 'ports' expected to delete 1 row(s); 0 were matched. Please set confirm_deleted_rows=False within the mapper configuration to prevent this warning. self.session.flush()
2026-04-28 04:32:55.890 9 INFO neutron.plugins.ml2.plugin [None req-00ebc462-47a6-4ee9-bd42-afc6a0190606 - - - - - -] Attempt 1 to provision port df3f8de5-4c6e-4355-bbde-11198e0d4829
2026-04-28 04:32:56.434 9 INFO neutron.plugins.ml2.plugin [None req-00ebc462-47a6-4ee9-bd42-afc6a0190606 - - - - - -] Attempt 1 to provision port 3a99b290-aeb9-4b45-b343-aa117ccc3e9e
2026-04-28 04:32:56.499 10 INFO neutron.plugins.ml2.plugin [None req-bdc01566-c15f-4c2c-b69c-5a8cf3c4895c - - - - - -] Attempt 1 to provision port 3a99b290-aeb9-4b45-b343-aa117ccc3e9e
2026-04-28 04:32:57.882 9 INFO neutron.plugins.ml2.plugin [None req-00ebc462-47a6-4ee9-bd42-afc6a0190606 - - - - - -] Attempt 1 to provision port df3f8de5-4c6e-4355-bbde-11198e0d4829
2026-04-28 04:32:58.150 9 INFO neutron.plugins.ml2.plugin [None req-5aaccf5a-f50e-41a1-a67c-bb24ea2d311c - - - - - -] Attempt 1 to provision port df3f8de5-4c6e-4355-bbde-11198e0d4829
2026-04-28 04:32:58.195 9 INFO neutron.plugins.ml2.plugin [None req-00ebc462-47a6-4ee9-bd42-afc6a0190606 - - - - - -] Attempt 1 to provision port 3a99b290-aeb9-4b45-b343-aa117ccc3e9e
2026-04-28 04:32:58.344 10 INFO neutron.plugins.ml2.plugin [None req-dc4d985c-415c-40d6-811a-99cd073e7f4c - - - - - -] Attempt 1 to provision port 4b895be2-0ad8-455c-9e7f-cdde5cd13b91
2026-04-28 04:32:58.900 10 INFO neutron.plugins.ml2.plugin [None req-c8f81cb1-dff2-4f69-b7ff-010264dd3846 - - - - - -] Attempt 1 to provision port df3f8de5-4c6e-4355-bbde-11198e0d4829
2026-04-28 04:32:59.412 10 INFO neutron.plugins.ml2.plugin [None req-1b07bfdb-be0b-4d23-8cd8-059aabc702e5 - - - - - -] Attempt 1 to provision port 4b895be2-0ad8-455c-9e7f-cdde5cd13b91
2026-04-28 04:33:00.114 10 INFO neutron.plugins.ml2.plugin [None req-00ebc462-47a6-4ee9-bd42-afc6a0190606 - - - - - -] Attempt 1 to provision port 6f5c12e7-d844-4901-acc0-b0ff35c45f87
2026-04-28 04:33:00.640 10 INFO neutron.plugins.ml2.plugin [None req-00ebc462-47a6-4ee9-bd42-afc6a0190606 - - - - - -] Attempt 1 to provision port 23080932-d23c-4dd9-a61c-44665411095d
2026-04-28 04:33:00.989 9 INFO neutron.plugins.ml2.plugin [None req-b6c73c69-f0db-4fe3-b208-74b058920b7d - - - - - -] Attempt 1 to provision port 73681b57-96d6-4c06-9c31-a2756e797977
2026-04-28 04:33:01.407 10 INFO neutron.plugins.ml2.plugin [None req-00ebc462-47a6-4ee9-bd42-afc6a0190606 - - - - - -] Attempt 1 to provision port 73681b57-96d6-4c06-9c31-a2756e797977
2026-04-28 04:33:01.505 10 INFO neutron.plugins.ml2.plugin [None req-64f8430d-77cf-451f-8e16-c83c4f7e72cf - - - - - -] Attempt 1 to provision port 6f5c12e7-d844-4901-acc0-b0ff35c45f87
2026-04-28 04:33:01.945 10 INFO neutron.plugins.ml2.plugin [None req-00ebc462-47a6-4ee9-bd42-afc6a0190606 - - - - - -] Attempt 1 to provision port a20b65a2-f447-4e0d-aa69-63660a6bb64d
2026-04-28 04:33:02.215 10 INFO neutron.plugins.ml2.plugin [None req-7c0b3449-6698-4fa4-af4f-c3ba9f7796db - - - - - -] Attempt 1 to provision port 23080932-d23c-4dd9-a61c-44665411095d
2026-04-28 04:33:02.423 10 INFO neutron.plugins.ml2.plugin [None req-71d2e1bc-e494-40ad-ae85-268b4a5a262b - - - - - -] Attempt 1 to provision port 08d6f916-5dc5-4346-82d0-41b881f1452f
2026-04-28 04:33:02.443 10 INFO neutron.plugins.ml2.plugin [None req-00ebc462-47a6-4ee9-bd42-afc6a0190606 - - - - - -] Attempt 1 to provision port 6f5c12e7-d844-4901-acc0-b0ff35c45f87
2026-04-28 04:33:02.579 9 INFO neutron.plugins.ml2.plugin [None req-9028070c-a26e-4a81-8075-8aa71fee96cd - - - - - -] Attempt 1 to provision port 6f5c12e7-d844-4901-acc0-b0ff35c45f87
2026-04-28 04:33:02.690 10 INFO neutron.plugins.ml2.plugin [None req-00ebc462-47a6-4ee9-bd42-afc6a0190606 - - - - - -] Attempt 1 to provision port 23080932-d23c-4dd9-a61c-44665411095d
2026-04-28 04:33:02.773 10 INFO neutron.plugins.ml2.plugin [None req-bd30a8bc-7bed-4afd-96c4-1e07bf6cda64 - - - - - -] Attempt 1 to provision port 154b0f42-a8ec-49bc-bea5-3beed62bb10c
2026-04-28 04:33:03.083 10 INFO neutron.plugins.ml2.plugin [None req-00ebc462-47a6-4ee9-bd42-afc6a0190606 - - - - - -] Attempt 1 to provision port 73681b57-96d6-4c06-9c31-a2756e797977
2026-04-28 04:33:03.324 9 INFO neutron.plugins.ml2.plugin [None req-27d949da-0e44-451a-b0f7-4e200c6c5950 - - - - - -] Attempt 1 to provision port 154b0f42-a8ec-49bc-bea5-3beed62bb10c
2026-04-28 04:33:03.383 9 INFO neutron.plugins.ml2.plugin [None req-27d949da-0e44-451a-b0f7-4e200c6c5950 - - - - - -] Attempt 1 to provision port a20b65a2-f447-4e0d-aa69-63660a6bb64d
2026-04-28 04:33:03.895 9 INFO neutron.plugins.ml2.plugin [None req-adec2683-67d9-4cc7-9df7-c5a9326f1f37 - - - - - -] Attempt 1 to provision port a20b65a2-f447-4e0d-aa69-63660a6bb64d
2026-04-28 04:33:03.935 10 INFO neutron.plugins.ml2.plugin [None req-00ebc462-47a6-4ee9-bd42-afc6a0190606 - - - - - -] Attempt 1 to provision port a20b65a2-f447-4e0d-aa69-63660a6bb64d
2026-04-28 04:33:04.695 9 INFO neutron.plugins.ml2.plugin [None req-279e1fa0-8ddd-4feb-8c54-018a337b3f40 - - - - - -] Attempt 1 to provision port cc1fe546-9267-4d0c-9469-c6f3c89a07ae
2026-04-28 04:33:05.240 9 INFO neutron.plugins.ml2.plugin [None req-e8369197-af1e-4df9-96b7-220eb3ec2832 - - - - - -] Attempt 1 to provision port 19ef4e4b-a184-4837-aa35-2195a3f1c4c5
2026-04-28 04:33:05.851 10 INFO neutron.plugins.ml2.plugin [None req-00ebc462-47a6-4ee9-bd42-afc6a0190606 - - - - - -] Attempt 1 to provision port 30fdb563-9870-4ed5-bcea-eaddfa1bf9cb
2026-04-28 04:33:06.083 9 INFO neutron.plugins.ml2.plugin [None req-070003e1-85a0-414c-acf7-6b8192ad1116 - - - - - -] Attempt 1 to provision port 19ef4e4b-a184-4837-aa35-2195a3f1c4c5
2026-04-28 04:33:06.235 10 INFO neutron.plugins.ml2.plugin [None req-e7b344cf-9b98-46db-82af-cd84d10f0df0 - - - - - -] Attempt 1 to provision port cc1fe546-9267-4d0c-9469-c6f3c89a07ae
2026-04-28 04:33:07.602 10 INFO neutron.plugins.ml2.plugin [None req-f74aaf9e-2609-4b3e-82d7-43ce3c3c149d - - - - - -] Attempt 1 to provision port cb95aa73-631c-4020-91ac-1591777923b3
2026-04-28 04:33:07.834 9 INFO neutron.plugins.ml2.plugin [None req-00ebc462-47a6-4ee9-bd42-afc6a0190606 - - - - - -] Attempt 1 to provision port 30fdb563-9870-4ed5-bcea-eaddfa1bf9cb
2026-04-28 04:33:08.563 9 INFO neutron.plugins.ml2.plugin [None req-4433a175-0af3-4c0d-b3f2-21582117741f - - - - - -] Attempt 1 to provision port cb95aa73-631c-4020-91ac-1591777923b3
2026-04-28 04:33:09.955 9 INFO neutron.plugins.ml2.plugin [None req-0c5cccc8-1a21-48fe-afbf-745235c8384d - - - - - -] Attempt 1 to provision port 1d66e212-8cfa-46eb-934f-1ad5cd1a9393
2026-04-28 04:33:10.908 9 INFO neutron.plugins.ml2.plugin [None req-2d34bc60-9aaa-4aea-aebf-7497128b2a8f - - - - - -] Attempt 1 to provision port 1d66e212-8cfa-46eb-934f-1ad5cd1a9393
2026-04-28 04:33:11.845 9 INFO neutron.plugins.ml2.plugin [None req-00ebc462-47a6-4ee9-bd42-afc6a0190606 - - - - - -] Attempt 1 to provision port 3a45357f-bcc8-441c-8020-8855dc34d101
2026-04-28 04:33:12.796 10 INFO neutron.plugins.ml2.plugin [None req-259e8959-9c9f-413f-b6d8-41eb7dd0000c - - - - - -] Attempt 1 to provision port 3a45357f-bcc8-441c-8020-8855dc34d101
2026-04-28 04:33:13.873 10 INFO neutron.plugins.ml2.plugin [None req-00ebc462-47a6-4ee9-bd42-afc6a0190606 - - - - - -] Attempt 1 to provision port 3a45357f-bcc8-441c-8020-8855dc34d101
2026-04-28 04:33:14.319 10 INFO neutron.plugins.ml2.plugin [None req-f387ea42-6a4e-40f5-8ff8-49192383c514 - - - - - -] Attempt 1 to provision port d21f66a2-0cc7-4843-8cd5-5b16a5fed459
2026-04-28 04:33:14.694 9 INFO neutron.plugins.ml2.plugin [None req-ce74dd29-0213-49d8-a05c-be80f7e0cc4d - - - - - -] Attempt 1 to provision port d21f66a2-0cc7-4843-8cd5-5b16a5fed459
2026-04-28 04:33:15.851 9 INFO neutron.plugins.ml2.plugin [None req-00ebc462-47a6-4ee9-bd42-afc6a0190606 - - - - - -] Attempt 1 to provision port 9493df0a-d56b-4a9c-8d48-3e0b056d01d2
2026-04-28 04:33:16.456 10 INFO neutron.plugins.ml2.plugin [None req-3b5392a9-9374-4e6a-90d2-e3beb3434407 - - - - - -] Attempt 1 to provision port 9493df0a-d56b-4a9c-8d48-3e0b056d01d2
2026-04-28 04:33:17.940 10 INFO neutron.plugins.ml2.plugin [None req-00ebc462-47a6-4ee9-bd42-afc6a0190606 - - - - - -] Attempt 1 to provision port 9493df0a-d56b-4a9c-8d48-3e0b056d01d2
2026-04-28 04:33:18.061 9 INFO neutron.plugins.ml2.plugin [None req-ff30db31-8101-4d77-b988-62d18893a2a3 - - - - - -] Attempt 1 to provision port 74d14fa3-ed93-45fa-bf62-39327e351869
2026-04-28 04:33:18.418 9 INFO neutron.plugins.ml2.plugin [None req-2ea0f1e1-cd27-4717-a6f9-ea2ae526ce3a - - - - - -] Attempt 1 to provision port 74d14fa3-ed93-45fa-bf62-39327e351869
2026-04-28 04:33:20.016 10 INFO neutron.plugins.ml2.plugin [None req-bb2382cb-e1c5-48df-b2e8-b544e271c0fa - - - - - -] Attempt 1 to provision port 8f7c1d34-25b0-43a3-a5d1-82bc88003df2
2026-04-28 04:33:26.038 9 INFO neutron.plugins.ml2.plugin [None req-00ebc462-47a6-4ee9-bd42-afc6a0190606 - - - - - -] Attempt 1 to provision port f94c5e0c-4735-459f-a62e-82e935237bb3
2026-04-28 04:33:26.430 9 INFO neutron.plugins.ml2.plugin [None req-6f9359f6-c900-4364-93de-380991631e26 - - - - - -] Attempt 1 to provision port f94c5e0c-4735-459f-a62e-82e935237bb3
2026-04-28 04:33:26.603 9 INFO neutron.plugins.ml2.plugin [None req-00ebc462-47a6-4ee9-bd42-afc6a0190606 - - - - - -] Attempt 1 to provision port 1d66e212-8cfa-46eb-934f-1ad5cd1a9393
2026-04-28 04:33:26.987 9 INFO neutron.plugins.ml2.plugin [None req-00ebc462-47a6-4ee9-bd42-afc6a0190606 - - - - - -] Attempt 1 to provision port 19ef4e4b-a184-4837-aa35-2195a3f1c4c5
2026-04-28 04:33:27.130 9 INFO neutron.plugins.ml2.plugin [None req-504c3796-ed2c-407e-a9b7-f197896037d3 - - - - - -] Attempt 1 to provision port 1689ce7d-9a2a-46a4-894d-57f964246fa4
2026-04-28 04:33:27.349 9 INFO neutron.plugins.ml2.plugin [None req-00ebc462-47a6-4ee9-bd42-afc6a0190606 - - - - - -] Attempt 1 to provision port 08d6f916-5dc5-4346-82d0-41b881f1452f
2026-04-28 04:33:27.493 9 INFO neutron.plugins.ml2.plugin [None req-24c07470-26a5-4a9c-a04b-6919f2613fc4 - - - - - -] Attempt 1 to provision port 1689ce7d-9a2a-46a4-894d-57f964246fa4
2026-04-28 04:33:28.029 9 INFO neutron.plugins.ml2.plugin [None req-00ebc462-47a6-4ee9-bd42-afc6a0190606 - - - - - -] Attempt 1 to provision port 1d66e212-8cfa-46eb-934f-1ad5cd1a9393
2026-04-28 04:33:28.467 9 INFO neutron.plugins.ml2.plugin [None req-00ebc462-47a6-4ee9-bd42-afc6a0190606 - - - - - -] Attempt 1 to provision port f94c5e0c-4735-459f-a62e-82e935237bb3
2026-04-28 04:33:28.774 9 INFO neutron.plugins.ml2.plugin [None req-00ebc462-47a6-4ee9-bd42-afc6a0190606 - - - - - -] Attempt 1 to provision port 7b2a073e-1608-46e5-b66e-a8040072edb0
2026-04-28 04:33:28.892 9 INFO neutron.notifiers.nova [-] Nova event matching ['req-5528af49-cda7-43c0-85b2-999ec4db0a38'] response: {'server_uuid': 'ddfa8c33-1169-4e14-8125-0cfae7de784b', 'name': 'network-vif-plugged', 'status': 'completed', 'tag': '7b2a073e-1608-46e5-b66e-a8040072edb0', 'code': 200}
2026-04-28 04:33:29.258 9 INFO neutron.plugins.ml2.plugin [None req-00ebc462-47a6-4ee9-bd42-afc6a0190606 - - - - - -] Attempt 1 to provision port 19ef4e4b-a184-4837-aa35-2195a3f1c4c5
2026-04-28 04:33:29.550 9 INFO neutron.plugins.ml2.plugin [None req-00ebc462-47a6-4ee9-bd42-afc6a0190606 - - - - - -] Attempt 1 to provision port cb95aa73-631c-4020-91ac-1591777923b3
2026-04-28 04:33:29.957 9 INFO neutron.plugins.ml2.plugin [None req-00ebc462-47a6-4ee9-bd42-afc6a0190606 - - - - - -] Attempt 1 to provision port 08d6f916-5dc5-4346-82d0-41b881f1452f
2026-04-28 04:33:30.371 10 INFO neutron.plugins.ml2.plugin [None req-00ebc462-47a6-4ee9-bd42-afc6a0190606 - - - - - -] Attempt 1 to provision port 7b2a073e-1608-46e5-b66e-a8040072edb0
2026-04-28 04:33:30.695 10 INFO neutron.plugins.ml2.plugin [None req-00ebc462-47a6-4ee9-bd42-afc6a0190606 - - - - - -] Attempt 1 to provision port cb95aa73-631c-4020-91ac-1591777923b3
2026-04-28 04:33:32.614 10 INFO neutron.plugins.ml2.plugin [None req-db98d8e8-51bd-435b-b784-d5e0c861168b - - - - - -] Attempt 1 to provision port db667476-944c-477a-b95e-bcec071ce7c5
2026-04-28 04:33:40.384 10 INFO neutron.plugins.ml2.plugin [None req-00ebc462-47a6-4ee9-bd42-afc6a0190606 - - - - - -] Attempt 1 to provision port fa375485-544c-4182-8387-5cda1ed82617
2026-04-28 04:33:40.532 10 INFO neutron.notifiers.nova [-] Nova event matching ['req-30469024-49f3-44ed-a84d-714daf92c079'] response: {'server_uuid': '776e4bdb-8e2a-4fa2-a03b-62408d1e960d', 'name': 'network-vif-plugged', 'status': 'completed', 'tag': 'fa375485-544c-4182-8387-5cda1ed82617', 'code': 200}
2026-04-28 04:33:42.300 9 INFO neutron.plugins.ml2.plugin [None req-00ebc462-47a6-4ee9-bd42-afc6a0190606 - - - - - -] Attempt 1 to provision port fa375485-544c-4182-8387-5cda1ed82617
2026-04-28 04:33:50.042 9 INFO neutron.plugins.ml2.plugin [None req-a7a33343-4e41-46a7-9eda-603081b9d62a - - - - - -] Attempt 1 to provision port 0340f9a5-7f16-45f6-8473-876f7ca7e7c4
2026-04-28 04:33:50.340 10 INFO neutron.plugins.ml2.plugin [None req-00ebc462-47a6-4ee9-bd42-afc6a0190606 - - - - - -] Attempt 1 to provision port aabbddcd-d511-4f3d-8a96-6c8452289611
2026-04-28 04:33:51.031 10 INFO neutron.plugins.ml2.plugin [None req-11a97dc7-dbd7-4d11-bf99-0d5f5bf0ba8c - - - - - -] Attempt 1 to provision port aabbddcd-d511-4f3d-8a96-6c8452289611
2026-04-28 04:33:52.349 9 INFO neutron.plugins.ml2.plugin [None req-00ebc462-47a6-4ee9-bd42-afc6a0190606 - - - - - -] Attempt 1 to provision port aabbddcd-d511-4f3d-8a96-6c8452289611
2026-04-28 04:33:53.027 10 INFO neutron.plugins.ml2.plugin [None req-664ff080-3261-4c10-80c0-25f1cb8d030e - - - - - -] Attempt 1 to provision port 9a8db30b-9252-4c75-8ec2-7981de951bea
2026-04-28 04:33:53.692 9 INFO neutron.plugins.ml2.plugin [None req-1f5c2ea8-802f-449c-b1b0-00162971288f - - - - - -] Attempt 1 to provision port 9a8db30b-9252-4c75-8ec2-7981de951bea
2026-04-28 04:33:54.339 10 INFO neutron.plugins.ml2.plugin [None req-00ebc462-47a6-4ee9-bd42-afc6a0190606 - - - - - -] Attempt 1 to provision port f4223007-6751-4f2a-af88-c14bab27ba8f
2026-04-28 04:33:56.602 10 INFO neutron.plugins.ml2.plugin [None req-00ebc462-47a6-4ee9-bd42-afc6a0190606 - - - - - -] Attempt 1 to provision port 0dfbc716-c69b-493b-b26f-01abac0f9ff5
2026-04-28 04:33:56.675 9 INFO neutron.plugins.ml2.plugin [None req-c70369f8-af55-43cf-869c-54f9c78f4e49 - - - - - -] Attempt 1 to provision port 68325d2d-a9b1-4875-a294-2f6dd5a2c8eb
2026-04-28 04:33:57.253 10 INFO neutron.plugins.ml2.plugin [None req-00ebc462-47a6-4ee9-bd42-afc6a0190606 - - - - - -] Attempt 1 to provision port f4223007-6751-4f2a-af88-c14bab27ba8f
2026-04-28 04:33:57.356 9 INFO neutron.plugins.ml2.plugin [None req-27b5a1a1-44bf-4828-8501-022d382b23d2 - - - - - -] Attempt 1 to provision port 65694661-d6bc-4ef6-b760-b2bb52852d12
2026-04-28 04:33:57.813 9 INFO neutron.plugins.ml2.plugin [None req-513e1b9a-2ce3-4675-8262-4f9166414599 - - - - - -] Attempt 1 to provision port 0dfbc716-c69b-493b-b26f-01abac0f9ff5
2026-04-28 04:33:58.381 10 INFO neutron.plugins.ml2.plugin [None req-00ebc462-47a6-4ee9-bd42-afc6a0190606 - - - - - -] Attempt 1 to provision port 0dfbc716-c69b-493b-b26f-01abac0f9ff5
2026-04-28 04:33:59.668 10 INFO neutron.plugins.ml2.plugin [None req-71fe2d54-7a37-464e-9760-6ae477741d12 - - - - - -] Attempt 1 to provision port 08ee5ace-f6eb-4b98-8f05-78b0e12af76c
2026-04-28 04:34:00.379 10 INFO neutron.plugins.ml2.plugin [None req-00ebc462-47a6-4ee9-bd42-afc6a0190606 - - - - - -] Attempt 1 to provision port d146a4cb-5d09-4ceb-a270-1743e6484d4a
2026-04-28 04:34:00.424 9 INFO neutron.plugins.ml2.plugin [None req-7260256f-a253-4366-ba90-b9c65702326f - - - - - -] Attempt 1 to provision port 08ee5ace-f6eb-4b98-8f05-78b0e12af76c
2026-04-28 04:34:01.891 9 INFO neutron.plugins.ml2.plugin [None req-d99bd096-c832-4a27-9c25-005be795fb8c - - - - - -] Attempt 1 to provision port fdebc36c-2499-47b6-8cf5-610a6552b60e
2026-04-28 04:34:02.441 10 INFO neutron.plugins.ml2.plugin [None req-791ef75d-ed62-4c67-af3e-05d93fb89294 - - - - - -] Attempt 1 to provision port ae2357d3-233f-44a7-9fd0-6e457c2b933c
2026-04-28 04:34:02.448 9 INFO neutron.plugins.ml2.plugin [None req-00ebc462-47a6-4ee9-bd42-afc6a0190606 - - - - - -] Attempt 1 to provision port 42f9d6a9-0ef8-4c4f-93ec-bf1e6484a3ad
2026-04-28 04:34:02.706 10 INFO neutron.plugins.ml2.plugin [None req-791ef75d-ed62-4c67-af3e-05d93fb89294 - - - - - -] Attempt 1 to provision port 5a0e85a9-a0e2-4c64-9d79-5656ebd61a03
2026-04-28 04:34:02.968 9 INFO neutron.plugins.ml2.plugin [None req-00ebc462-47a6-4ee9-bd42-afc6a0190606 - - - - - -] Attempt 1 to provision port ae2357d3-233f-44a7-9fd0-6e457c2b933c
2026-04-28 04:34:03.273 9 INFO neutron.plugins.ml2.plugin [None req-00ebc462-47a6-4ee9-bd42-afc6a0190606 - - - - - -] Attempt 1 to provision port d146a4cb-5d09-4ceb-a270-1743e6484d4a
2026-04-28 04:34:03.353 10 INFO neutron.plugins.ml2.plugin [None req-7412f56a-3577-43ab-a7d6-2db610b18f00 - - - - - -] Attempt 1 to provision port 5a0e85a9-a0e2-4c64-9d79-5656ebd61a03
2026-04-28 04:34:03.798 10 INFO neutron.plugins.ml2.plugin [None req-4174b652-616f-4ee8-b3a2-b30becddf002 - - - - - -] Attempt 1 to provision port 5a0e85a9-a0e2-4c64-9d79-5656ebd61a03
2026-04-28 04:34:04.519 9 INFO neutron.plugins.ml2.plugin [None req-00ebc462-47a6-4ee9-bd42-afc6a0190606 - - - - - -] Attempt 1 to provision port 42f9d6a9-0ef8-4c4f-93ec-bf1e6484a3ad
2026-04-28 04:34:04.936 9 INFO neutron.plugins.ml2.plugin [None req-00ebc462-47a6-4ee9-bd42-afc6a0190606 - - - - - -] Attempt 1 to provision port ae2357d3-233f-44a7-9fd0-6e457c2b933c
2026-04-28 04:34:06.274 9 INFO neutron.plugins.ml2.plugin [None req-4f50fa1b-1bae-48d1-b4bd-194d41e84161 - - - - - -] Attempt 1 to provision port 900129eb-d136-4f19-80d2-536f16064dc6
2026-04-28 04:34:06.646 9 INFO neutron.plugins.ml2.plugin [None req-af678282-a621-49c7-b9a4-a70159bf36d1 - - - - - -] Attempt 1 to provision port 2abf1794-5ec6-47f1-9f3e-a88eac3bf62c
2026-04-28 04:34:08.570 9 INFO neutron.plugins.ml2.plugin [None req-00ebc462-47a6-4ee9-bd42-afc6a0190606 - - - - - -] Attempt 1 to provision port 2abf1794-5ec6-47f1-9f3e-a88eac3bf62c
2026-04-28 04:34:08.743 9 INFO neutron.notifiers.nova [-] Nova event matching ['req-ae9d8f9a-84b9-41ee-b2ec-8cc7125bd42b'] response: {'server_uuid': '43c4d9d9-3e93-4685-adb4-7c635b559e05', 'name': 'network-vif-plugged', 'status': 'completed', 'tag': '2abf1794-5ec6-47f1-9f3e-a88eac3bf62c', 'code': 200}
2026-04-28 04:34:09.156 9 INFO neutron.plugins.ml2.plugin [None req-00ebc462-47a6-4ee9-bd42-afc6a0190606 - - - - - -] Attempt 1 to provision port 900129eb-d136-4f19-80d2-536f16064dc6
2026-04-28 04:34:10.466 10 INFO neutron.plugins.ml2.plugin [None req-00ebc462-47a6-4ee9-bd42-afc6a0190606 - - - - - -] Attempt 1 to provision port 2abf1794-5ec6-47f1-9f3e-a88eac3bf62c
2026-04-28 04:34:10.765 10 INFO neutron.plugins.ml2.plugin [None req-00ebc462-47a6-4ee9-bd42-afc6a0190606 - - - - - -] Attempt 1 to provision port 900129eb-d136-4f19-80d2-536f16064dc6
2026-04-28 04:34:10.912 9 INFO neutron.notifiers.nova [-] Nova event matching ['req-31337a2d-40ef-40bc-a1c6-20bfa7e34568'] response: {'server_uuid': 'ab86400f-baf2-4504-a1bf-09cf6641f968', 'name': 'network-vif-plugged', 'status': 'completed', 'tag': '900129eb-d136-4f19-80d2-536f16064dc6', 'code': 200}
2026-04-28 04:34:11.152 10 INFO neutron.plugins.ml2.plugin [None req-00ebc462-47a6-4ee9-bd42-afc6a0190606 - - - - - -] Attempt 1 to provision port 0340f9a5-7f16-45f6-8473-876f7ca7e7c4
2026-04-28 04:34:12.381 9 INFO neutron.plugins.ml2.plugin [None req-00ebc462-47a6-4ee9-bd42-afc6a0190606 - - - - - -] Attempt 1 to provision port 0340f9a5-7f16-45f6-8473-876f7ca7e7c4
2026-04-28 04:34:12.648 9 INFO neutron.plugins.ml2.plugin [None req-00ebc462-47a6-4ee9-bd42-afc6a0190606 - - - - - -] Attempt 1 to provision port 9a8db30b-9252-4c75-8ec2-7981de951bea
2026-04-28 04:34:14.345 10 INFO neutron.plugins.ml2.plugin [None req-00ebc462-47a6-4ee9-bd42-afc6a0190606 - - - - - -] Attempt 1 to provision port 9a8db30b-9252-4c75-8ec2-7981de951bea
2026-04-28 04:34:15.687 10 INFO neutron.plugins.ml2.plugin [None req-ec03b5a0-27a7-43fe-b5e7-917d4579c840 - - - - - -] Attempt 1 to provision port 651ab720-aed3-479e-95a1-55f626389eee
2026-04-28 04:34:18.480 10 INFO neutron.plugins.ml2.plugin [None req-00ebc462-47a6-4ee9-bd42-afc6a0190606 - - - - - -] Attempt 1 to provision port 651ab720-aed3-479e-95a1-55f626389eee
2026-04-28 04:34:18.604 10 INFO neutron.notifiers.nova [-] Nova event matching ['req-222367c4-da78-4f59-8546-fee28b7c9b85'] response: {'server_uuid': '15fc704d-6294-4ae1-a19f-70a238a93dc5', 'name': 'network-vif-plugged', 'status': 'completed', 'tag': '651ab720-aed3-479e-95a1-55f626389eee', 'code': 200}
2026-04-28 04:34:18.898 10 INFO neutron.plugins.ml2.plugin [None req-00ebc462-47a6-4ee9-bd42-afc6a0190606 - - - - - -] Attempt 1 to provision port 08ee5ace-f6eb-4b98-8f05-78b0e12af76c
2026-04-28 04:34:19.312 10 INFO neutron.plugins.ml2.plugin [None req-00ebc462-47a6-4ee9-bd42-afc6a0190606 - - - - - -] Attempt 1 to provision port 68325d2d-a9b1-4875-a294-2f6dd5a2c8eb
2026-04-28 04:34:20.363 9 INFO neutron.plugins.ml2.plugin [None req-00ebc462-47a6-4ee9-bd42-afc6a0190606 - - - - - -] Attempt 1 to provision port 651ab720-aed3-479e-95a1-55f626389eee
2026-04-28 04:34:20.651 9 INFO neutron.plugins.ml2.plugin [None req-00ebc462-47a6-4ee9-bd42-afc6a0190606 - - - - - -] Attempt 1 to provision port 08ee5ace-f6eb-4b98-8f05-78b0e12af76c
2026-04-28 04:34:20.921 9 INFO neutron.plugins.ml2.plugin [None req-00ebc462-47a6-4ee9-bd42-afc6a0190606 - - - - - -] Attempt 1 to provision port 68325d2d-a9b1-4875-a294-2f6dd5a2c8eb
2026-04-28 04:34:24.558 9 INFO neutron.notifiers.nova [-] Nova event matching ['req-c17eed1d-8b65-4a33-9f5f-ff8592a537f8'] response: {'server_uuid': '43c4d9d9-3e93-4685-adb4-7c635b559e05', 'name': 'network-vif-unplugged', 'status': 'completed', 'tag': '2abf1794-5ec6-47f1-9f3e-a88eac3bf62c', 'code': 200}
2026-04-28 04:34:26.431 9 INFO neutron.plugins.ml2.plugin [None req-00ebc462-47a6-4ee9-bd42-afc6a0190606 - - - - - -] Attempt 1 to provision port 5a0e85a9-a0e2-4c64-9d79-5656ebd61a03
2026-04-28 04:34:26.998 9 INFO neutron.plugins.ml2.plugin [None req-00ebc462-47a6-4ee9-bd42-afc6a0190606 - - - - - -] Attempt 1 to provision port 65694661-d6bc-4ef6-b760-b2bb52852d12
2026-04-28 04:34:28.450 10 INFO neutron.plugins.ml2.plugin [None req-00ebc462-47a6-4ee9-bd42-afc6a0190606 - - - - - -] Attempt 1 to provision port 5a0e85a9-a0e2-4c64-9d79-5656ebd61a03
2026-04-28 04:34:28.794 10 INFO neutron.plugins.ml2.plugin [None req-00ebc462-47a6-4ee9-bd42-afc6a0190606 - - - - - -] Attempt 1 to provision port 65694661-d6bc-4ef6-b760-b2bb52852d12 /var/lib/openstack/lib/python3.10/site-packages/oslo_db/sqlalchemy/enginefacade.py:667: SAWarning: DELETE statement on table 'portsecuritybindings' expected to delete 1 row(s); 0 were matched. Please set confirm_deleted_rows=False within the mapper configuration to prevent this warning. self.session.flush() /var/lib/openstack/lib/python3.10/site-packages/oslo_db/sqlalchemy/enginefacade.py:667: SAWarning: DELETE statement on table 'ml2_port_bindings' expected to delete 1 row(s); 0 were matched. Please set confirm_deleted_rows=False within the mapper configuration to prevent this warning. self.session.flush() /var/lib/openstack/lib/python3.10/site-packages/oslo_db/sqlalchemy/enginefacade.py:667: SAWarning: DELETE statement on table 'ml2_port_binding_levels' expected to delete 1 row(s); 0 were matched. Please set confirm_deleted_rows=False within the mapper configuration to prevent this warning. self.session.flush() /var/lib/openstack/lib/python3.10/site-packages/oslo_db/sqlalchemy/enginefacade.py:667: SAWarning: DELETE statement on table 'ports' expected to delete 1 row(s); 0 were matched. Please set confirm_deleted_rows=False within the mapper configuration to prevent this warning. self.session.flush()
2026-04-28 04:34:36.523 10 INFO neutron.plugins.ml2.plugin [None req-6ea7ce8e-208e-4bb1-a351-6d51847ffb62 - - - - - -] Attempt 1 to provision port 46b80181-776e-47cf-8d7e-6d1e4bf8ed47
2026-04-28 04:34:38.407 10 INFO neutron.plugins.ml2.plugin [None req-00ebc462-47a6-4ee9-bd42-afc6a0190606 - - - - - -] Attempt 1 to provision port 46b80181-776e-47cf-8d7e-6d1e4bf8ed47
2026-04-28 04:34:38.530 10 INFO neutron.notifiers.nova [-] Nova event matching ['req-9ac342e9-5435-4e87-8385-4ce37550426d'] response: {'server_uuid': 'e01f1e94-bf28-4878-afed-a69fe7f85fd0', 'name': 'network-vif-plugged', 'status': 'completed', 'tag': '46b80181-776e-47cf-8d7e-6d1e4bf8ed47', 'code': 200}
2026-04-28 04:34:40.387 9 INFO neutron.plugins.ml2.plugin [None req-00ebc462-47a6-4ee9-bd42-afc6a0190606 - - - - - -] Attempt 1 to provision port 46b80181-776e-47cf-8d7e-6d1e4bf8ed47
2026-04-28 04:35:00.894 9 INFO neutron.plugins.ml2.plugin [None req-a1051739-1dd8-4896-9fda-27d5e07e4df7 - - - - - -] Attempt 1 to provision port 50a029e7-08b0-4130-9be1-f7e1ae3a97ee
2026-04-28 04:35:04.444 10 INFO neutron.plugins.ml2.plugin [None req-00ebc462-47a6-4ee9-bd42-afc6a0190606 - - - - - -] Attempt 1 to provision port 50a029e7-08b0-4130-9be1-f7e1ae3a97ee
2026-04-28 04:35:04.578 10 INFO neutron.notifiers.nova [-] Nova event matching ['req-986a3a12-4e46-4e2c-9b18-afc0a15407f9'] response: {'server_uuid': '15fc704d-6294-4ae1-a19f-70a238a93dc5', 'name': 'network-vif-plugged', 'status': 'completed', 'tag': '50a029e7-08b0-4130-9be1-f7e1ae3a97ee', 'code': 200}
2026-04-28 04:35:06.401 9 INFO neutron.plugins.ml2.plugin [None req-00ebc462-47a6-4ee9-bd42-afc6a0190606 - - - - - -] Attempt 1 to provision port 50a029e7-08b0-4130-9be1-f7e1ae3a97ee
2026-04-28 04:35:08.305 10 ERROR neutron.plugins.ml2.managers [None req-1f295d17-d4f2-4bc2-8251-160ab8bc5a5c - - - - - -] Mechanism driver openvswitch failed in bind_port: neutron_lib.exceptions.SubnetNotFound: Subnet 19fe4b04-1bbb-49f7-b37b-bf5cebf2fe7e could not be found.
2026-04-28 04:35:08.305 10 ERROR neutron.plugins.ml2.managers
Traceback (most recent call last):
2026-04-28 04:35:08.305 10 ERROR neutron.plugins.ml2.managers
File "/var/lib/openstack/lib/python3.10/site-packages/neutron/plugins/ml2/managers.py", line 866, in _bind_port_level
2026-04-28 04:35:08.305 10 ERROR neutron.plugins.ml2.managers driver.obj.bind_port(context)
2026-04-28 04:35:08.305 10 ERROR neutron.plugins.ml2.managers
File "/var/lib/openstack/lib/python3.10/site-packages/neutron/plugins/ml2/drivers/openvswitch/mech_driver/mech_openvswitch.py", line 133, in bind_port
2026-04-28 04:35:08.305 10 ERROR neutron.plugins.ml2.managers super(OpenvswitchMechanismDriver, self).bind_port(context)
2026-04-28 04:35:08.305 10 ERROR neutron.plugins.ml2.managers
File "/var/lib/openstack/lib/python3.10/site-packages/neutron/plugins/ml2/drivers/mech_agent.py", line 104, in bind_port
2026-04-28 04:35:08.305 10 ERROR neutron.plugins.ml2.managers subnets = self.get_subnets_from_fixed_ips(context)
2026-04-28 04:35:08.305 10 ERROR neutron.plugins.ml2.managers
File "/var/lib/openstack/lib/python3.10/site-packages/neutron/plugins/ml2/drivers/mech_agent.py", line 149, in get_subnets_from_fixed_ips
2026-04-28 04:35:08.305 10 ERROR neutron.plugins.ml2.managers subnets.append(context._plugin.get_subnet(
2026-04-28 04:35:08.305 10 ERROR neutron.plugins.ml2.managers
File "/var/lib/openstack/lib/python3.10/site-packages/neutron_lib/db/api.py", line 223, in wrapped
2026-04-28 04:35:08.305 10 ERROR neutron.plugins.ml2.managers return f_with_retry(*args, **kwargs,
2026-04-28 04:35:08.305 10 ERROR neutron.plugins.ml2.managers
File "/var/lib/openstack/lib/python3.10/site-packages/neutron_lib/db/api.py", line 137, in wrapped
2026-04-28 04:35:08.305 10 ERROR neutron.plugins.ml2.managers with excutils.save_and_reraise_exception():
2026-04-28 04:35:08.305 10 ERROR neutron.plugins.ml2.managers
File "/var/lib/openstack/lib/python3.10/site-packages/oslo_utils/excutils.py", line 227, in __exit__
2026-04-28 04:35:08.305 10 ERROR neutron.plugins.ml2.managers self.force_reraise()
2026-04-28 04:35:08.305 10 ERROR neutron.plugins.ml2.managers
File "/var/lib/openstack/lib/python3.10/site-packages/oslo_utils/excutils.py", line 200, in force_reraise
2026-04-28 04:35:08.305 10 ERROR neutron.plugins.ml2.managers raise self.value
2026-04-28 04:35:08.305 10 ERROR neutron.plugins.ml2.managers
File "/var/lib/openstack/lib/python3.10/site-packages/neutron_lib/db/api.py", line 135, in wrapped
2026-04-28 04:35:08.305 10 ERROR neutron.plugins.ml2.managers return f(*args, **kwargs)
2026-04-28 04:35:08.305 10 ERROR neutron.plugins.ml2.managers
File "/var/lib/openstack/lib/python3.10/site-packages/oslo_db/api.py", line 144, in wrapper
2026-04-28 04:35:08.305 10 ERROR neutron.plugins.ml2.managers with excutils.save_and_reraise_exception() as ectxt:
2026-04-28 04:35:08.305 10 ERROR neutron.plugins.ml2.managers
File "/var/lib/openstack/lib/python3.10/site-packages/oslo_utils/excutils.py", line 227, in __exit__
2026-04-28 04:35:08.305 10 ERROR neutron.plugins.ml2.managers self.force_reraise()
2026-04-28 04:35:08.305 10 ERROR neutron.plugins.ml2.managers
File "/var/lib/openstack/lib/python3.10/site-packages/oslo_utils/excutils.py", line 200, in force_reraise
2026-04-28 04:35:08.305 10 ERROR neutron.plugins.ml2.managers raise self.value
2026-04-28 04:35:08.305 10 ERROR neutron.plugins.ml2.managers
File "/var/lib/openstack/lib/python3.10/site-packages/oslo_db/api.py", line 142, in wrapper
2026-04-28 04:35:08.305 10 ERROR neutron.plugins.ml2.managers return f(*args, **kwargs)
2026-04-28 04:35:08.305 10 ERROR neutron.plugins.ml2.managers
File "/var/lib/openstack/lib/python3.10/site-packages/neutron_lib/db/api.py", line 183, in wrapped
2026-04-28 04:35:08.305 10 ERROR neutron.plugins.ml2.managers with excutils.save_and_reraise_exception():
2026-04-28 04:35:08.305 10 ERROR neutron.plugins.ml2.managers
File "/var/lib/openstack/lib/python3.10/site-packages/oslo_utils/excutils.py", line 227, in __exit__
2026-04-28 04:35:08.305 10 ERROR neutron.plugins.ml2.managers self.force_reraise()
2026-04-28 04:35:08.305 10 ERROR neutron.plugins.ml2.managers
File "/var/lib/openstack/lib/python3.10/site-packages/oslo_utils/excutils.py", line 200, in force_reraise
2026-04-28 04:35:08.305 10 ERROR neutron.plugins.ml2.managers raise self.value
2026-04-28 04:35:08.305 10 ERROR neutron.plugins.ml2.managers
File "/var/lib/openstack/lib/python3.10/site-packages/neutron_lib/db/api.py", line 181, in wrapped
2026-04-28 04:35:08.305 10 ERROR neutron.plugins.ml2.managers return f(*dup_args, **dup_kwargs)
2026-04-28 04:35:08.305 10 ERROR neutron.plugins.ml2.managers
File "/var/lib/openstack/lib/python3.10/site-packages/neutron/db/db_base_plugin_v2.py", line 1198, in get_subnet
2026-04-28 04:35:08.305 10 ERROR neutron.plugins.ml2.managers subnet_obj = self._get_subnet_object(context, id)
2026-04-28 04:35:08.305 10 ERROR neutron.plugins.ml2.managers
File "/var/lib/openstack/lib/python3.10/site-packages/neutron/db/db_base_plugin_common.py", line 282, in _get_subnet_object
2026-04-28 04:35:08.305 10 ERROR neutron.plugins.ml2.managers raise exceptions.SubnetNotFound(subnet_id=id)
2026-04-28 04:35:08.305 10 ERROR neutron.plugins.ml2.managers neutron_lib.exceptions.SubnetNotFound: Subnet 19fe4b04-1bbb-49f7-b37b-bf5cebf2fe7e could not be found.
2026-04-28 04:35:08.305 10 ERROR neutron.plugins.ml2.managers 
2026-04-28 04:35:08.308 10 ERROR neutron.plugins.ml2.managers [None req-1f295d17-d4f2-4bc2-8251-160ab8bc5a5c - - - - - -] Failed to bind port 5b575bc2-80eb-4e15-bb28-8980092e3766 on host instance for vnic_type normal using segments [{'id': 'd37978bc-588d-436f-8905-36f9f7cc90d2', 'network_type': 'vxlan', 'physical_network': None, 'segmentation_id': 450, 'network_id': '8324383b-122b-4d31-b007-faf2cb440d03'}]
2026-04-28 04:35:08.309 10 INFO neutron.plugins.ml2.plugin [None req-1f295d17-d4f2-4bc2-8251-160ab8bc5a5c - - - - - -] Attempt 2 to bind port 5b575bc2-80eb-4e15-bb28-8980092e3766
2026-04-28 04:35:08.345 10 ERROR neutron.plugins.ml2.managers [None req-1f295d17-d4f2-4bc2-8251-160ab8bc5a5c - - - - - -] Mechanism driver openvswitch failed in bind_port: neutron_lib.exceptions.SubnetNotFound: Subnet 19fe4b04-1bbb-49f7-b37b-bf5cebf2fe7e could not be found.
2026-04-28 04:35:08.345 10 ERROR neutron.plugins.ml2.managers
Traceback (most recent call last):
2026-04-28 04:35:08.345 10 ERROR neutron.plugins.ml2.managers
File "/var/lib/openstack/lib/python3.10/site-packages/neutron/plugins/ml2/managers.py", line 866, in _bind_port_level
2026-04-28 04:35:08.345 10 ERROR neutron.plugins.ml2.managers driver.obj.bind_port(context)
2026-04-28 04:35:08.345 10 ERROR neutron.plugins.ml2.managers
File "/var/lib/openstack/lib/python3.10/site-packages/neutron/plugins/ml2/drivers/openvswitch/mech_driver/mech_openvswitch.py", line 133, in bind_port
2026-04-28 04:35:08.345 10 ERROR neutron.plugins.ml2.managers super(OpenvswitchMechanismDriver, self).bind_port(context)
2026-04-28 04:35:08.345 10 ERROR neutron.plugins.ml2.managers
File "/var/lib/openstack/lib/python3.10/site-packages/neutron/plugins/ml2/drivers/mech_agent.py", line 104, in bind_port
2026-04-28 04:35:08.345 10 ERROR neutron.plugins.ml2.managers subnets = self.get_subnets_from_fixed_ips(context)
2026-04-28 04:35:08.345 10 ERROR neutron.plugins.ml2.managers
File "/var/lib/openstack/lib/python3.10/site-packages/neutron/plugins/ml2/drivers/mech_agent.py", line 149, in get_subnets_from_fixed_ips
2026-04-28 04:35:08.345 10 ERROR neutron.plugins.ml2.managers subnets.append(context._plugin.get_subnet(
2026-04-28 04:35:08.345 10 ERROR neutron.plugins.ml2.managers
File "/var/lib/openstack/lib/python3.10/site-packages/neutron_lib/db/api.py", line 223, in wrapped
2026-04-28 04:35:08.345 10 ERROR neutron.plugins.ml2.managers return f_with_retry(*args, **kwargs,
2026-04-28 04:35:08.345 10 ERROR neutron.plugins.ml2.managers
File "/var/lib/openstack/lib/python3.10/site-packages/neutron_lib/db/api.py", line 137, in wrapped
2026-04-28 04:35:08.345 10 ERROR neutron.plugins.ml2.managers with excutils.save_and_reraise_exception():
2026-04-28 04:35:08.345 10 ERROR neutron.plugins.ml2.managers
File "/var/lib/openstack/lib/python3.10/site-packages/oslo_utils/excutils.py", line 227, in __exit__
2026-04-28 04:35:08.345 10 ERROR neutron.plugins.ml2.managers self.force_reraise()
2026-04-28 04:35:08.345 10 ERROR neutron.plugins.ml2.managers
File "/var/lib/openstack/lib/python3.10/site-packages/oslo_utils/excutils.py", line 200, in force_reraise
2026-04-28 04:35:08.345 10 ERROR neutron.plugins.ml2.managers raise self.value
2026-04-28 04:35:08.345 10 ERROR neutron.plugins.ml2.managers
