Apr 12 19:36:57.572925 np0000165324 devstack@neutron-api.service[104127]: DEBUG neutron_lib.callbacks.manager [None req-891cb8b1-384c-46ef-8b17-1ad02eb10156 service neutron] Publish callbacks ['neutron.plugins.ml2.ovo_rpc._ObjectChangeHandler.handle_event-1224264', 'neutron.db.l3_db.L3RpcNotifierMixin._notify_gateway_port_ip_changed-8465291702222', 'neutron.services.ovn_l3.plugin.OVNL3RouterPlugin._port_update-8465289925452'] for port (11e1c710-eb2b-407b-a708-da7c0676a5ec), after_update {{(pid=104127) _notify_loop /opt/stack/data/venv/lib/python3.12/site-packages/neutron_lib/callbacks/manager.py:184}}
Apr 12 19:36:57.605833 np0000165324 devstack@neutron-api.service[104127]: DEBUG neutron.api.rpc.handlers.resources_rpc [None req-891cb8b1-384c-46ef-8b17-1ad02eb10156 service neutron] Pushing event updated for resources: {'Port': ['ID=11e1c710-eb2b-407b-a708-da7c0676a5ec,revision_number=3']} {{(pid=104127) push /opt/stack/neutron/neutron/api/rpc/handlers/resources_rpc.py:237}}
Apr 12 19:36:57.636267 np0000165324 devstack@neutron-api.service[104127]: DEBUG ovsdbapp.backend.ovs_idl.transaction [None req-8dd1cfab-601f-4a0f-9d7f-7c4a62febd34 None None] Running txn n=1 command(idx=0): CheckRevisionNumberCommand(_result=None, name=11e1c710-eb2b-407b-a708-da7c0676a5ec, resource={'id': '11e1c710-eb2b-407b-a708-da7c0676a5ec', 'name': '', 'network_id': '3a5590df-06f6-4661-97fa-b96097f2aa61', 'project_id': '8448fab9bb0248c296b7f301677af811', 'mac_address': 'fa:16:3e:7a:e8:64', 'admin_state_up': True, 'status': 'DOWN', 'device_id': 'manila-admin-share', 'device_owner': 'manila:share', 'standard_attr_id': 46, 'fixed_ips': [{'subnet_id': '2eb0dde8-2d2e-41e6-88e5-b48bb931221d', 'ip_address': '10.2.5.145'}], 'allowed_address_pairs': [], 'extra_dhcp_opts': [], 'security_groups': [], 'description': '', 'binding:vnic_type': 'normal', 'binding:profile': {}, 'binding:host_id': 'np0000165324', 'binding:vif_type': 'ovs', 'binding:vif_details': {'port_filter': True, 'connectivity': 'l2', 'ovs_create_tap': False, 'bridge_name': 'br-int', 'datapath_type': 'system', 'bound_drivers': {'0': 'ovn'}}, 'port_security_enabled': False, 'tags': [], 'created_at': '2026-04-12T19:36:57Z', 'updated_at': '2026-04-12T19:36:57Z', 'revision_number': 3, 'tenant_id': '8448fab9bb0248c296b7f301677af811', 'network': {'id': '3a5590df-06f6-4661-97fa-b96097f2aa61', 'name': 'admin_net', 'tenant_id': '8448fab9bb0248c296b7f301677af811', 'project_id': '8448fab9bb0248c296b7f301677af811', 'admin_state_up': True, 'mtu': 1372, 'status': 'ACTIVE', 'subnets': ['2eb0dde8-2d2e-41e6-88e5-b48bb931221d'], 'standard_attr_id': 42, 'shared': False, 'availability_zone_hints': [], 'availability_zones': [], 'ipv4_address_scope': None, 'ipv6_address_scope': None, 'router:external': False, 'qinq': False, 'vlan_transparent': False, 'description': '', 'port_security_enabled': True, 'tags': [], 'created_at': '2026-04-12T19:36:50Z', 'updated_at': '2026-04-12T19:36:51Z', 'revision_number': 2, 'provider:network_type': 'geneve', 'provider:physical_network': None, 'provider:segmentation_id': 5869}}, resource_type=ports, if_exists=True) {{(pid=104127) do_commit /opt/stack/data/venv/lib/python3.12/site-packages/ovsdbapp/backend/ovs_idl/transaction.py:89}}
Apr 12 19:36:57.637061 np0000165324 devstack@neutron-api.service[104127]: DEBUG ovsdbapp.backend.ovs_idl.transaction [None req-8dd1cfab-601f-4a0f-9d7f-7c4a62febd34 None None] Running txn n=1 command(idx=1): SetLSwitchPortCommand(_result=None, lport=11e1c710-eb2b-407b-a708-da7c0676a5ec, external_ids_update=None, columns={'external_ids': {'neutron:port_name': '', 'neutron:device_id': 'manila-admin-share', 'neutron:project_id': '8448fab9bb0248c296b7f301677af811', 'neutron:cidrs': '10.2.5.145/24', 'neutron:device_owner': 'manila:share', 'neutron:subnet_pool_addr_scope4': '', 'neutron:subnet_pool_addr_scope6': '', 'neutron:network_name': 'neutron-3a5590df-06f6-4661-97fa-b96097f2aa61', 'neutron:security_group_ids': '', 'neutron:revision_number': '3', 'neutron:vnic_type': 'normal', 'neutron:port_capabilities': '', 'neutron:mtu': ''}, 'parent_name': [], 'tag': [], 'options': {'requested-chassis': 'np0000165324'}, 'enabled': True, 'port_security': [], 'dhcpv4_options': [UUID('0b744c04-97e2-4da1-81a4-6765e3b68dd4')], 'dhcpv6_options': [], 'type': '', 'addresses': ['fa:16:3e:7a:e8:64 10.2.5.145', 'unknown'], 'ha_chassis_group': []}, if_exists=False) {{(pid=104127) do_commit /opt/stack/data/venv/lib/python3.12/site-packages/ovsdbapp/backend/ovs_idl/transaction.py:89}}
Apr 12 19:36:57.638723 np0000165324 devstack@neutron-api.service[104127]: DEBUG ovsdbapp.backend.ovs_idl.transaction [None req-8dd1cfab-601f-4a0f-9d7f-7c4a62febd34 None None] Running txn n=1 command(idx=2): PgDelPortCommand(_result=None, port_group=neutron_pg_drop, lsp=['11e1c710-eb2b-407b-a708-da7c0676a5ec'], if_exists=False) {{(pid=104127) do_commit /opt/stack/data/venv/lib/python3.12/site-packages/ovsdbapp/backend/ovs_idl/transaction.py:89}}
Apr 12 19:36:57.647413 np0000165324 devstack@neutron-api.service[104130]: DEBUG neutron.plugins.ml2.drivers.ovn.mech_driver.ovsdb.ovsdb_monitor [None req-ef76fddf-d0f0-421a-b8f1-ea3bc27a95aa None None] Hash Ring: Node 05bd51a9cf6d5c92b92445fa4f1ab8fa (host: np0000165324) handling event "update" for row 8b8a3c58-a284-425f-a29e-6c6165ffd79c (table: Logical_Switch_Port) {{(pid=104130) notify /opt/stack/neutron/neutron/plugins/ml2/drivers/ovn/mech_driver/ovsdb/ovsdb_monitor.py:914}}
Apr 12 19:36:57.671700 np0000165324 devstack@neutron-api.service[104127]: DEBUG neutron.plugins.ml2.drivers.ovn.mech_driver.ovsdb.ovsdb_monitor [-] Hash Ring: Node 1f19ff8a678b545e9a0d81ca8afe5bd5 (host: np0000165324) handling event "update" for row a7f7fc41-de5a-4c83-9444-c0be02810b85 (table: Port_Binding) {{(pid=104127) notify /opt/stack/neutron/neutron/plugins/ml2/drivers/ovn/mech_driver/ovsdb/ovsdb_monitor.py:914}}
Apr 12 19:36:57.695771 np0000165324 devstack@neutron-api.service[104127]: INFO neutron.db.ovn_revision_numbers_db [None req-891cb8b1-384c-46ef-8b17-1ad02eb10156 service neutron] Successfully bumped revision number for resource 11e1c710-eb2b-407b-a708-da7c0676a5ec (type: ports) to 3
Apr 12 19:36:57.710694 np0000165324 devstack@neutron-api.service[104127]: DEBUG neutron.pecan_wsgi.hooks.policy_enforcement [None req-891cb8b1-384c-46ef-8b17-1ad02eb10156 service neutron] Attributes excluded by policy engine: ['standard_attr_id'] {{(pid=104127) _exclude_attributes_by_policy /opt/stack/neutron/neutron/pecan_wsgi/hooks/policy_enforcement.py:258}}
Apr 12 19:36:57.710991 np0000165324 devstack@neutron-api.service[104127]: DEBUG neutron_lib.callbacks.manager [None req-891cb8b1-384c-46ef-8b17-1ad02eb10156 service neutron] Publish callbacks ['neutron.notifiers.nova.Notifier._send_nova_notification-121156'] for port (None), before_response {{(pid=104127) _notify_loop /opt/stack/data/venv/lib/python3.12/site-packages/neutron_lib/callbacks/manager.py:184}}
Apr 12 19:36:57.723424 np0000165324 devstack@neutron-api.service[104127]: [pid: 104127|app: 0|req: 26/104] 199.204.45.216 () {68 vars in 1304 bytes} [Sun Apr 12 19:36:57 2026] POST /networking/v2.0/ports => generated 927 bytes in 504 msecs (HTTP/1.1 201) 4 headers in 162 bytes (1 switches on core 0)
Apr 12 19:36:58.012933 np0000165324 devstack@neutron-api.service[104130]: DEBUG neutron.plugins.ml2.drivers.ovn.mech_driver.ovsdb.ovsdb_monitor [None req-bfc12ce7-74c4-4679-8cf3-7955c9826d87 None None] ChassisOVNAgentWriteEvent : Matched Chassis_Private, update, None None {{(pid=104130) matches /opt/stack/neutron/neutron/plugins/ml2/drivers/ovn/mech_driver/ovsdb/ovsdb_monitor.py:64}}
Apr 12 19:36:58.014501 np0000165324 devstack@neutron-api.service[104127]: DEBUG neutron.plugins.ml2.drivers.ovn.mech_driver.ovsdb.ovsdb_monitor [-] ChassisOVNAgentWriteEvent : Matched Chassis_Private, update, None None {{(pid=104127) matches /opt/stack/neutron/neutron/plugins/ml2/drivers/ovn/mech_driver/ovsdb/ovsdb_monitor.py:64}}
Apr 12 19:36:58.017350 np0000165324 devstack@neutron-api.service[104128]: DEBUG neutron.plugins.ml2.drivers.ovn.mech_driver.ovsdb.ovsdb_monitor [None req-36403692-85d1-435b-96a7-ceef5fd7a2d6 None None] ChassisOVNAgentWriteEvent : Matched Chassis_Private, update, None None {{(pid=104128) matches /opt/stack/neutron/neutron/plugins/ml2/drivers/ovn/mech_driver/ovsdb/ovsdb_monitor.py:64}}
Apr 12 19:36:58.018266 np0000165324 devstack@neutron-api.service[104129]: DEBUG neutron.plugins.ml2.drivers.ovn.mech_driver.ovsdb.ovsdb_monitor [None req-4aadb163-b70d-49d1-8a8e-403f18347da6 None None] ChassisOVNAgentWriteEvent : Matched Chassis_Private, update, None None {{(pid=104129) matches /opt/stack/neutron/neutron/plugins/ml2/drivers/ovn/mech_driver/ovsdb/ovsdb_monitor.py:64}}
Apr 12 19:36:58.018914 np0000165324 devstack@neutron-api.service[104129]: DEBUG neutron.plugins.ml2.drivers.ovn.mech_driver.ovsdb.ovsdb_monitor [None req-4aadb163-b70d-49d1-8a8e-403f18347da6 None None] Hash Ring: Node 45679fe79acd50f7ac4ab826f78557a2 (host: np0000165324) handling event "update" for row 26a794d3-63aa-47d0-b49f-7dac1224b640 (table: Chassis_Private) {{(pid=104129) notify /opt/stack/neutron/neutron/plugins/ml2/drivers/ovn/mech_driver/ovsdb/ovsdb_monitor.py:914}}
Apr 12 19:36:58.084048 np0000165324 devstack@neutron-api.service[104127]: DEBUG neutron.plugins.ml2.drivers.ovn.mech_driver.ovsdb.ovsdb_monitor [-] Hash Ring: Node 1f19ff8a678b545e9a0d81ca8afe5bd5 (host: np0000165324) handling event "update" for row a7f7fc41-de5a-4c83-9444-c0be02810b85 (table: Port_Binding) {{(pid=104127) notify /opt/stack/neutron/neutron/plugins/ml2/drivers/ovn/mech_driver/ovsdb/ovsdb_monitor.py:914}}
Apr 12 19:36:58.135978 np0000165324 devstack@neutron-api.service[104127]: DEBUG neutron.plugins.ml2.drivers.ovn.mech_driver.ovsdb.ovsdb_monitor [-] Hash Ring: Node 1f19ff8a678b545e9a0d81ca8afe5bd5 (host: np0000165324) handling event "update" for row a7f7fc41-de5a-4c83-9444-c0be02810b85 (table: Port_Binding) {{(pid=104127) notify /opt/stack/neutron/neutron/plugins/ml2/drivers/ovn/mech_driver/ovsdb/ovsdb_monitor.py:914}}
Apr 12 19:36:58.139821 np0000165324 devstack@neutron-api.service[104130]: DEBUG neutron.plugins.ml2.drivers.ovn.mech_driver.ovsdb.ovsdb_monitor [None req-ef76fddf-d0f0-421a-b8f1-ea3bc27a95aa None None] Hash Ring: Node 05bd51a9cf6d5c92b92445fa4f1ab8fa (host: np0000165324) handling event "update" for row 8b8a3c58-a284-425f-a29e-6c6165ffd79c (table: Logical_Switch_Port) {{(pid=104130) notify /opt/stack/neutron/neutron/plugins/ml2/drivers/ovn/mech_driver/ovsdb/ovsdb_monitor.py:914}}
Apr 12 19:36:58.141317 np0000165324 devstack@neutron-api.service[104130]: DEBUG ovsdbapp.backend.ovs_idl.event [None req-ef76fddf-d0f0-421a-b8f1-ea3bc27a95aa None None] Matched UPDATE: LogicalSwitchPortUpdateUpEvent(events=('update',), table='Logical_Switch_Port', conditions=None, old_conditions=None), priority=20 to row=Logical_Switch_Port(uuid=8b8a3c58-a284-425f-a29e-6c6165ffd79c, addresses=['fa:16:3e:7a:e8:64 10.2.5.145', 'unknown'], dhcpv4_options=0b744c04-97e2-4da1-81a4-6765e3b68dd4, dhcpv6_options=[], dynamic_addresses=[], enabled=True, external_ids={'neutron:cidrs': '10.2.5.145/24', 'neutron:device_id': 'manila-admin-share', 'neutron:device_owner': 'manila:share', 'neutron:mtu': '', 'neutron:network_name': 'neutron-3a5590df-06f6-4661-97fa-b96097f2aa61', 'neutron:port_capabilities': '', 'neutron:port_name': '', 'neutron:project_id': '8448fab9bb0248c296b7f301677af811', 'neutron:revision_number': '3', 'neutron:security_group_ids': '', 'neutron:subnet_pool_addr_scope4': '', 'neutron:subnet_pool_addr_scope6': '', 'neutron:vnic_type': 'normal'}, ha_chassis_group=[], mirror_rules=[], name='11e1c710-eb2b-407b-a708-da7c0676a5ec', options={'requested-chassis': 'np0000165324'}, parent_name=[], port_security=[], tag=[], tag_request=[], type='', up=True) old=Logical_Switch_Port(uuid=8b8a3c58-a284-425f-a29e-6c6165ffd79c, up=False) {{(pid=104130) matches /opt/stack/data/venv/lib/python3.12/site-packages/ovsdbapp/backend/ovs_idl/event.py:55}}
Apr 12 19:36:58.143036 np0000165324 devstack@neutron-api.service[104130]: INFO neutron.plugins.ml2.drivers.ovn.mech_driver.mech_driver [None req-d992f00a-7368-4d16-9820-8f47c2b3b09d None None] OVN reports status up for port: 11e1c710-eb2b-407b-a708-da7c0676a5ec
Apr 12 19:36:58.150975 np0000165324 devstack@neutron-api.service[104130]: DEBUG neutron.db.provisioning_blocks [None req-d992f00a-7368-4d16-9820-8f47c2b3b09d None None] Provisioning for port 11e1c710-eb2b-407b-a708-da7c0676a5ec completed by entity L2. {{(pid=104130) provisioning_complete /opt/stack/neutron/neutron/db/provisioning_blocks.py:133}}
Apr 12 19:36:58.156185 np0000165324 devstack@neutron-api.service[104130]: DEBUG neutron.db.provisioning_blocks [None req-d992f00a-7368-4d16-9820-8f47c2b3b09d None None] Provisioning complete for port 11e1c710-eb2b-407b-a708-da7c0676a5ec triggered by entity L2. {{(pid=104130) provisioning_complete /opt/stack/neutron/neutron/db/provisioning_blocks.py:141}}
Apr 12 19:36:58.156362 np0000165324 devstack@neutron-api.service[104130]: DEBUG neutron_lib.callbacks.manager [None req-d992f00a-7368-4d16-9820-8f47c2b3b09d None None] Publish callbacks ['neutron.plugins.ml2.plugin.Ml2Plugin._port_provisioned-433157'] for port (11e1c710-eb2b-407b-a708-da7c0676a5ec), provisioning_complete {{(pid=104130) _notify_loop /opt/stack/data/venv/lib/python3.12/site-packages/neutron_lib/callbacks/manager.py:184}}
Apr 12 19:36:58.157416 np0000165324 devstack@neutron-api.service[104130]: INFO neutron.plugins.ml2.plugin [None req-d992f00a-7368-4d16-9820-8f47c2b3b09d None None] Attempt 1 to provision port 11e1c710-eb2b-407b-a708-da7c0676a5ec
Apr 12 19:36:58.196244 np0000165324 devstack@neutron-api.service[104130]: DEBUG neutron.plugins.ml2.plugin [None req-d992f00a-7368-4d16-9820-8f47c2b3b09d None None] Current status of the port 11e1c710-eb2b-407b-a708-da7c0676a5ec is: DOWN; New status is: ACTIVE {{(pid=104130) _update_individual_port_db_status /opt/stack/neutron/neutron/plugins/ml2/plugin.py:2468}}
Apr 12 19:36:58.196413 np0000165324 devstack@neutron-api.service[104130]: DEBUG neutron_lib.callbacks.manager [None req-d992f00a-7368-4d16-9820-8f47c2b3b09d None None] Publish callbacks ['neutron.plugins.ml2.plugin.SecurityGroupDbMixin._ensure_default_security_group_handler-156771', 'neutron.services.ovn_l3.plugin.OVNL3RouterPlugin._port_update-8465290190358', 'neutron.db.l3_db.L3_NAT_dbonly_mixin._prevent_internal_ip_change_for_fip-8465291707172'] for port (11e1c710-eb2b-407b-a708-da7c0676a5ec), before_update {{(pid=104130) _notify_loop /opt/stack/data/venv/lib/python3.12/site-packages/neutron_lib/callbacks/manager.py:184}}
Apr 12 19:36:58.220906 np0000165324 devstack@neutron-api.service[104130]: DEBUG neutron.plugins.ml2.db [None req-d992f00a-7368-4d16-9820-8f47c2b3b09d None None] For port 11e1c710-eb2b-407b-a708-da7c0676a5ec, host np0000165324, got binding levels [PortBindingLevel(driver='ovn',host='np0000165324',level=0,port_id=11e1c710-eb2b-407b-a708-da7c0676a5ec,segment=NetworkSegment(7791f62f-663a-49eb-863b-023862531203),segment_id=7791f62f-663a-49eb-863b-023862531203)] {{(pid=104130) get_binding_level_objs /opt/stack/neutron/neutron/plugins/ml2/db.py:74}}
Apr 12 19:36:58.221610 np0000165324 devstack@neutron-api.service[104130]: DEBUG neutron.plugins.ml2.drivers.ovn.mech_driver.mech_driver [None req-d992f00a-7368-4d16-9820-8f47c2b3b09d None None] No provisioning block for port 11e1c710-eb2b-407b-a708-da7c0676a5ec since it is active {{(pid=104130) _is_port_provisioning_required /opt/stack/neutron/neutron/plugins/ml2/drivers/ovn/mech_driver/mech_driver.py:879}}
Apr 12 19:36:58.292195 np0000165324 devstack@neutron-api.service[104130]: DEBUG ovsdbapp.backend.ovs_idl.transaction [None req-ef76fddf-d0f0-421a-b8f1-ea3bc27a95aa None None] Running txn n=1 command(idx=0): CheckRevisionNumberCommand(_result=None, name=11e1c710-eb2b-407b-a708-da7c0676a5ec, resource={'id': '11e1c710-eb2b-407b-a708-da7c0676a5ec', 'name': '', 'network_id': '3a5590df-06f6-4661-97fa-b96097f2aa61', 'project_id': '8448fab9bb0248c296b7f301677af811', 'mac_address': 'fa:16:3e:7a:e8:64', 'admin_state_up': True, 'status': 'ACTIVE', 'device_id': 'manila-admin-share', 'device_owner': 'manila:share', 'standard_attr_id': 46, 'fixed_ips': [{'subnet_id': '2eb0dde8-2d2e-41e6-88e5-b48bb931221d', 'ip_address': '10.2.5.145'}], 'allowed_address_pairs': [], 'extra_dhcp_opts': [], 'security_groups': [], 'description': '', 'binding:vnic_type': 'normal', 'binding:profile': {}, 'binding:host_id': 'np0000165324', 'binding:vif_type': 'ovs', 'binding:vif_details': {'port_filter': True, 'connectivity': 'l2', 'ovs_create_tap': False, 'bridge_name': 'br-int', 'datapath_type': 'system', 'bound_drivers': {'0': 'ovn'}}, 'port_security_enabled': False, 'tags': [], 'created_at': '2026-04-12T19:36:57Z', 'updated_at': '2026-04-12T19:36:58Z', 'revision_number': 4, 'tenant_id': '8448fab9bb0248c296b7f301677af811', 'network': {'id': '3a5590df-06f6-4661-97fa-b96097f2aa61', 'name': 'admin_net', 'tenant_id': '8448fab9bb0248c296b7f301677af811', 'project_id': '8448fab9bb0248c296b7f301677af811', 'admin_state_up': True, 'mtu': 1372, 'status': 'ACTIVE', 'subnets': ['2eb0dde8-2d2e-41e6-88e5-b48bb931221d'], 'standard_attr_id': 42, 'shared': False, 'availability_zone_hints': [], 'availability_zones': [], 'ipv4_address_scope': None, 'ipv6_address_scope': None, 'router:external': False, 'qinq': False, 'vlan_transparent': False, 'description': '', 'port_security_enabled': True, 'tags': [], 'created_at': '2026-04-12T19:36:50Z', 'updated_at': '2026-04-12T19:36:51Z', 'revision_number': 2, 'provider:network_type': 'geneve', 'provider:physical_network': None, 'provider:segmentation_id': 5869}}, resource_type=ports, if_exists=True) {{(pid=104130) do_commit /opt/stack/data/venv/lib/python3.12/site-packages/ovsdbapp/backend/ovs_idl/transaction.py:89}}
Apr 12 19:36:58.292993 np0000165324 devstack@neutron-api.service[104130]: DEBUG ovsdbapp.backend.ovs_idl.transaction [None req-ef76fddf-d0f0-421a-b8f1-ea3bc27a95aa None None] Running txn n=1 command(idx=1): SetLSwitchPortCommand(_result=None, lport=11e1c710-eb2b-407b-a708-da7c0676a5ec, external_ids_update=None, columns={'external_ids': {'neutron:port_name': '', 'neutron:device_id': 'manila-admin-share', 'neutron:project_id': '8448fab9bb0248c296b7f301677af811', 'neutron:cidrs': '10.2.5.145/24', 'neutron:device_owner': 'manila:share', 'neutron:subnet_pool_addr_scope4': '', 'neutron:subnet_pool_addr_scope6': '', 'neutron:network_name': 'neutron-3a5590df-06f6-4661-97fa-b96097f2aa61', 'neutron:security_group_ids': '', 'neutron:revision_number': '4', 'neutron:vnic_type': 'normal', 'neutron:port_capabilities': '', 'neutron:mtu': ''}, 'parent_name': [], 'tag': [], 'options': {'requested-chassis': 'np0000165324'}, 'enabled': True, 'port_security': [], 'dhcpv4_options': [UUID('0b744c04-97e2-4da1-81a4-6765e3b68dd4')], 'dhcpv6_options': [], 'type': '', 'addresses': ['fa:16:3e:7a:e8:64 10.2.5.145', 'unknown'], 'ha_chassis_group': []}, if_exists=False) {{(pid=104130) do_commit /opt/stack/data/venv/lib/python3.12/site-packages/ovsdbapp/backend/ovs_idl/transaction.py:89}}
Apr 12 19:36:58.294915 np0000165324 devstack@neutron-api.service[104130]: DEBUG ovsdbapp.backend.ovs_idl.transaction [None req-ef76fddf-d0f0-421a-b8f1-ea3bc27a95aa None None] Running txn n=1 command(idx=2): PgDelPortCommand(_result=None, port_group=neutron_pg_drop, lsp=['11e1c710-eb2b-407b-a708-da7c0676a5ec'], if_exists=False) {{(pid=104130) do_commit /opt/stack/data/venv/lib/python3.12/site-packages/ovsdbapp/backend/ovs_idl/transaction.py:89}}
Apr 12 19:36:58.301113 np0000165324 devstack@neutron-api.service[104130]: DEBUG neutron.plugins.ml2.drivers.ovn.mech_driver.ovsdb.ovsdb_monitor [None req-ef76fddf-d0f0-421a-b8f1-ea3bc27a95aa None None] Hash Ring: Node 05bd51a9cf6d5c92b92445fa4f1ab8fa (host: np0000165324) handling event "update" for row 8b8a3c58-a284-425f-a29e-6c6165ffd79c (table: Logical_Switch_Port) {{(pid=104130) notify /opt/stack/neutron/neutron/plugins/ml2/drivers/ovn/mech_driver/ovsdb/ovsdb_monitor.py:914}}
Apr 12 19:36:58.305272 np0000165324 devstack@neutron-api.service[104127]: DEBUG neutron.plugins.ml2.drivers.ovn.mech_driver.ovsdb.ovsdb_monitor [-] Hash Ring: Node 1f19ff8a678b545e9a0d81ca8afe5bd5 (host: np0000165324) handling event "update" for row a7f7fc41-de5a-4c83-9444-c0be02810b85 (table: Port_Binding) {{(pid=104127) notify /opt/stack/neutron/neutron/plugins/ml2/drivers/ovn/mech_driver/ovsdb/ovsdb_monitor.py:914}}
Apr 12 19:36:58.334049 np0000165324 devstack@neutron-api.service[104130]: INFO neutron.db.ovn_revision_numbers_db [None req-d992f00a-7368-4d16-9820-8f47c2b3b09d None None] Successfully bumped revision number for resource 11e1c710-eb2b-407b-a708-da7c0676a5ec (type: ports) to 4
Apr 12 19:36:58.337956 np0000165324 devstack@neutron-api.service[104130]: DEBUG neutron_lib.callbacks.manager [None req-d992f00a-7368-4d16-9820-8f47c2b3b09d None None] Publish callbacks ['neutron.plugins.ml2.ovo_rpc._ObjectChangeHandler.handle_event-442550', 'neutron.db.l3_db.L3RpcNotifierMixin._notify_gateway_port_ip_changed-8465291714410', 'neutron.services.ovn_l3.plugin.OVNL3RouterPlugin._port_update-8465290190358'] for port (11e1c710-eb2b-407b-a708-da7c0676a5ec), after_update {{(pid=104130) _notify_loop /opt/stack/data/venv/lib/python3.12/site-packages/neutron_lib/callbacks/manager.py:184}}
Apr 12 19:36:58.364950 np0000165324 devstack@neutron-api.service[104130]: DEBUG neutron.api.rpc.handlers.resources_rpc [None req-d7cb724c-a8fe-49fd-bdad-12f920604e1e None None] Pushing event updated for resources: {'Port': ['ID=11e1c710-eb2b-407b-a708-da7c0676a5ec,revision_number=4']} {{(pid=104130) push /opt/stack/neutron/neutron/api/rpc/handlers/resources_rpc.py:237}}
Apr 12 19:36:58.370933 np0000165324 devstack@neutron-api.service[104130]: DEBUG neutron.api.rpc.callbacks.version_manager [None req-d7cb724c-a8fe-49fd-bdad-12f920604e1e None None] Tracked resource versions report:
Apr 12 19:36:58.370933 np0000165324 devstack@neutron-api.service[104130]: pushed versions:
Apr 12 19:36:58.370933 np0000165324 devstack@neutron-api.service[104130]: { 'AddressGroup': {'1.2'},
Apr 12 19:36:58.370933 np0000165324 devstack@neutron-api.service[104130]: 'Agent': {'1.1'},
Apr 12 19:36:58.370933 np0000165324 devstack@neutron-api.service[104130]: 'ConntrackHelper': {'1.0'},
Apr 12 19:36:58.370933 np0000165324 devstack@neutron-api.service[104130]: 'LocalIPAssociation': {'1.0'},
Apr 12 19:36:58.370933 np0000165324 devstack@neutron-api.service[104130]: 'Log': {'1.0'},
Apr 12 19:36:58.370933 np0000165324 devstack@neutron-api.service[104130]: 'NDPProxy': {'1.0'},
Apr 12 19:36:58.370933 np0000165324 devstack@neutron-api.service[104130]: 'Network': {'1.2'},
Apr 12 19:36:58.370933 np0000165324 devstack@neutron-api.service[104130]: 'Port': {'1.10'},
Apr 12 19:36:58.370933 np0000165324 devstack@neutron-api.service[104130]: 'PortForwarding': {'1.3'},
Apr 12 19:36:58.370933 np0000165324 devstack@neutron-api.service[104130]: 'QosPolicy': {'1.10'},
Apr 12 19:36:58.370933 np0000165324 devstack@neutron-api.service[104130]: 'SecurityGroup': {'1.6'},
Apr 12 19:36:58.370933 np0000165324 devstack@neutron-api.service[104130]: 'SecurityGroupRule': {'1.3'},
Apr 12 19:36:58.370933 np0000165324 devstack@neutron-api.service[104130]: 'SubPort': {'1.0'},
Apr 12 19:36:58.370933 np0000165324 devstack@neutron-api.service[104130]: 'Subnet': {'1.2'},
Apr 12 19:36:58.370933 np0000165324 devstack@neutron-api.service[104130]: 'Trunk': {'1.1'}}
Apr 12 19:36:58.370933 np0000165324 devstack@neutron-api.service[104130]: consumer versions:
Apr 12 19:36:58.370933 np0000165324 devstack@neutron-api.service[104130]: { OVN Neutron agent@np0000165324: {},
Apr 12 19:36:58.370933 np0000165324 devstack@neutron-api.service[104130]: OVN Controller Gateway agent@np0000165324: {}}
Apr 12 19:36:58.370933 np0000165324 devstack@neutron-api.service[104130]: {{(pid=104130) report /opt/stack/neutron/neutron/api/rpc/callbacks/version_manager.py:183}}
Apr 12 19:36:58.390655 np0000165324 devstack@neutron-api.service[104130]: DEBUG ovsdbapp.backend.ovs_idl.transaction [None req-ef76fddf-d0f0-421a-b8f1-ea3bc27a95aa None None] Running txn n=1 command(idx=0): DbSetCommand(_result=None, table=Logical_Switch_Port, record=11e1c710-eb2b-407b-a708-da7c0676a5ec, col_values=(('external_ids', {'neutron:host_id': 'np0000165324'}),), if_exists=True) {{(pid=104130) do_commit /opt/stack/data/venv/lib/python3.12/site-packages/ovsdbapp/backend/ovs_idl/transaction.py:89}}
Apr 12 19:36:58.396936 np0000165324 devstack@neutron-api.service[104130]: DEBUG neutron.plugins.ml2.drivers.ovn.mech_driver.ovsdb.ovsdb_monitor [None req-ef76fddf-d0f0-421a-b8f1-ea3bc27a95aa None None] Hash Ring: Node 05bd51a9cf6d5c92b92445fa4f1ab8fa (host: np0000165324) handling event "update" for row 8b8a3c58-a284-425f-a29e-6c6165ffd79c (table: Logical_Switch_Port) {{(pid=104130) notify /opt/stack/neutron/neutron/plugins/ml2/drivers/ovn/mech_driver/ovsdb/ovsdb_monitor.py:914}}
Apr 12 19:36:58.399520 np0000165324 devstack@neutron-api.service[104127]: DEBUG neutron.plugins.ml2.drivers.ovn.mech_driver.ovsdb.ovsdb_monitor [-] Hash Ring: Node 1f19ff8a678b545e9a0d81ca8afe5bd5 (host: np0000165324) handling event "update" for row a7f7fc41-de5a-4c83-9444-c0be02810b85 (table: Port_Binding) {{(pid=104127) notify /opt/stack/neutron/neutron/plugins/ml2/drivers/ovn/mech_driver/ovsdb/ovsdb_monitor.py:914}}
Apr 12 19:36:58.830569 np0000165324 devstack@neutron-api.service[104128]: DEBUG neutron.pecan_wsgi.hooks.policy_enforcement [None req-a587ead5-1c81-4f97-a940-80cdc0ba7adb service neutron] Attributes excluded by policy engine: ['standard_attr_id', 'shared'] {{(pid=104128) _exclude_attributes_by_policy /opt/stack/neutron/neutron/pecan_wsgi/hooks/policy_enforcement.py:258}}
Apr 12 19:36:58.831265 np0000165324 devstack@neutron-api.service[104128]: [pid: 104128|app: 0|req: 26/105] 199.204.45.216 () {64 vars in 1367 bytes} [Sun Apr 12 19:36:58 2026] GET /networking/v2.0/subnets/2eb0dde8-2d2e-41e6-88e5-b48bb931221d => generated 625 bytes in 29 msecs (HTTP/1.1 200) 4 headers in 157 bytes (1 switches on core 0)
Apr 12 19:36:59.325079 np0000165324 devstack@neutron-api.service[104130]: DEBUG futurist.periodics [-] Submitting periodic callback 'neutron.plugins.ml2.drivers.ovn.mech_driver.ovsdb.maintenance.HashRingHealthCheckPeriodics.touch_hash_ring_node' {{(pid=104130) _process_scheduled /opt/stack/data/venv/lib/python3.12/site-packages/futurist/periodics.py:784}}
Apr 12 19:36:59.326406 np0000165324 devstack@neutron-api.service[104130]: DEBUG neutron.plugins.ml2.drivers.ovn.mech_driver.ovsdb.maintenance [-] Touching Hash Ring node "05bd51a9cf6d5c92b92445fa4f1ab8fa" from periodic health check thread {{(pid=104130) touch_hash_ring_node /opt/stack/neutron/neutron/plugins/ml2/drivers/ovn/mech_driver/ovsdb/maintenance.py:1364}}
Apr 12 19:36:59.691268 np0000165324 devstack@neutron-api.service[104130]: DEBUG neutron.pecan_wsgi.hooks.policy_enforcement [None req-6b17eef0-98a8-4870-b9c5-4a328cdaaac7 service neutron] Attributes excluded by policy engine: ['standard_attr_id'] {{(pid=104130) _exclude_attributes_by_policy /opt/stack/neutron/neutron/pecan_wsgi/hooks/policy_enforcement.py:258}}
Apr 12 19:36:59.691975 np0000165324 devstack@neutron-api.service[104130]: [pid: 104130|app: 0|req: 28/106] 199.204.45.216 () {64 vars in 1369 bytes} [Sun Apr 12 19:36:59 2026] GET /networking/v2.0/ports?device_id=manila-admin-share&binding%3Ahost_id=np0000165324 => generated 932 bytes in 39 msecs (HTTP/1.1 200) 4 headers in 157 bytes (1 switches on core 0)
Apr 12 19:37:00.181126 np0000165324 devstack@neutron-api.service[104129]: DEBUG neutron.pecan_wsgi.hooks.policy_enforcement [None req-ffe5452b-6d33-4268-80d0-0f8592ed081c service neutron] Attributes excluded by policy engine: ['standard_attr_id', 'shared'] {{(pid=104129) _exclude_attributes_by_policy /opt/stack/neutron/neutron/pecan_wsgi/hooks/policy_enforcement.py:258}}
Apr 12 19:37:00.181950 np0000165324 devstack@neutron-api.service[104129]: [pid: 104129|app: 0|req: 27/107] 199.204.45.216 () {64 vars in 1367 bytes} [Sun Apr 12 19:37:00 2026] GET /networking/v2.0/subnets/2eb0dde8-2d2e-41e6-88e5-b48bb931221d => generated 625 bytes in 25 msecs (HTTP/1.1 200) 4 headers in 157 bytes (1 switches on core 0)
Apr 12 19:37:00.292063 np0000165324 devstack@neutron-api.service[104129]: DEBUG futurist.periodics [-] Submitting periodic callback 'neutron.plugins.ml2.drivers.ovn.mech_driver.ovsdb.maintenance.HashRingHealthCheckPeriodics.touch_hash_ring_node' {{(pid=104129) _process_scheduled /opt/stack/data/venv/lib/python3.12/site-packages/futurist/periodics.py:784}}
Apr 12 19:37:00.294400 np0000165324 devstack@neutron-api.service[104129]: DEBUG neutron.plugins.ml2.drivers.ovn.mech_driver.ovsdb.maintenance [-] Touching Hash Ring node "45679fe79acd50f7ac4ab826f78557a2" from periodic health check thread {{(pid=104129) touch_hash_ring_node /opt/stack/neutron/neutron/plugins/ml2/drivers/ovn/mech_driver/ovsdb/maintenance.py:1364}}
Apr 12 19:37:00.366539 np0000165324 devstack@neutron-api.service[104128]: DEBUG futurist.periodics [-] Submitting periodic callback 'neutron.plugins.ml2.drivers.ovn.mech_driver.ovsdb.maintenance.HashRingHealthCheckPeriodics.touch_hash_ring_node' {{(pid=104128) _process_scheduled /opt/stack/data/venv/lib/python3.12/site-packages/futurist/periodics.py:784}}
Apr 12 19:37:00.367117 np0000165324 devstack@neutron-api.service[104128]: DEBUG neutron.plugins.ml2.drivers.ovn.mech_driver.ovsdb.maintenance [-] Touching Hash Ring node "c1fecd4504d45eab85e2c26296afbb6d" from periodic health check thread {{(pid=104128) touch_hash_ring_node /opt/stack/neutron/neutron/plugins/ml2/drivers/ovn/mech_driver/ovsdb/maintenance.py:1364}}
Apr 12 19:37:00.388046 np0000165324 devstack@neutron-api.service[104127]: DEBUG futurist.periodics [-] Submitting periodic callback 'neutron.plugins.ml2.drivers.ovn.mech_driver.ovsdb.maintenance.HashRingHealthCheckPeriodics.touch_hash_ring_node' {{(pid=104127) _process_scheduled /opt/stack/data/venv/lib/python3.12/site-packages/futurist/periodics.py:784}}
Apr 12 19:37:00.389323 np0000165324 devstack@neutron-api.service[104127]: DEBUG neutron.plugins.ml2.drivers.ovn.mech_driver.ovsdb.maintenance [-] Touching Hash Ring node "1f19ff8a678b545e9a0d81ca8afe5bd5" from periodic health check thread {{(pid=104127) touch_hash_ring_node /opt/stack/neutron/neutron/plugins/ml2/drivers/ovn/mech_driver/ovsdb/maintenance.py:1364}}
Apr 12 19:37:09.687409 np0000165324 devstack@neutron-api.service[104130]: DEBUG dbcounter [-] [104130] Writing DB stats neutron:UPDATE=5,neutron:SELECT=153,neutron:DELETE=1 {{(pid=104130) stat_writer /opt/stack/data/venv/lib/python3.12/site-packages/dbcounter.py:115}}
Apr 12 19:37:10.305446 np0000165324 devstack@neutron-api.service[104129]: DEBUG dbcounter [-] [104129] Writing DB stats neutron:UPDATE=7,neutron:SELECT=258,neutron:INSERT=11,neutron:DELETE=2 {{(pid=104129) stat_writer /opt/stack/data/venv/lib/python3.12/site-packages/dbcounter.py:115}}
Apr 12 19:37:10.389683 np0000165324 devstack@neutron-api.service[104128]: DEBUG dbcounter [-] [104128] Writing DB stats neutron:UPDATE=17,neutron:SELECT=222,neutron:INSERT=30,neutron:DELETE=2 {{(pid=104128) stat_writer /opt/stack/data/venv/lib/python3.12/site-packages/dbcounter.py:115}}
Apr 12 19:37:10.398852 np0000165324 devstack@neutron-api.service[104127]: DEBUG dbcounter [-] [104127] Writing DB stats neutron:UPDATE=12,neutron:SELECT=185,neutron:INSERT=11,neutron:DELETE=2 {{(pid=104127) stat_writer /opt/stack/data/venv/lib/python3.12/site-packages/dbcounter.py:115}}
Apr 12 19:37:13.913638 np0000165324 devstack@neutron-api.service[104127]: DEBUG neutron.pecan_wsgi.hooks.policy_enforcement [None req-dfad3830-4fcf-4bee-a9c4-fa4b13d420df demo demo] Attributes excluded by policy engine: ['standard_attr_id', 'provider:network_type', 'provider:physical_network', 'provider:segmentation_id'] {{(pid=104127) _exclude_attributes_by_policy /opt/stack/neutron/neutron/pecan_wsgi/hooks/policy_enforcement.py:258}}
Apr 12 19:37:13.914815 np0000165324 devstack@neutron-api.service[104127]: [pid: 104127|app: 0|req: 27/108] 199.204.45.216 () {64 vars in 1304 bytes} [Sun Apr 12 19:37:13 2026] GET /networking/v2.0/networks?router%3Aexternal=True => generated 659 bytes in 53 msecs (HTTP/1.1 200) 4 headers in 157 bytes (1 switches on core 0)
Apr 12 19:37:14.326878 np0000165324 devstack@neutron-api.service[104130]: DEBUG futurist.periodics [-] Submitting periodic callback 'neutron.plugins.ml2.drivers.ovn.mech_driver.ovsdb.maintenance.HashRingHealthCheckPeriodics.touch_hash_ring_node' {{(pid=104130) _process_scheduled /opt/stack/data/venv/lib/python3.12/site-packages/futurist/periodics.py:784}}
Apr 12 19:37:14.327873 np0000165324 devstack@neutron-api.service[104130]: DEBUG neutron.plugins.ml2.drivers.ovn.mech_driver.ovsdb.maintenance [-] Touching Hash Ring node "05bd51a9cf6d5c92b92445fa4f1ab8fa" from periodic health check thread {{(pid=104130) touch_hash_ring_node /opt/stack/neutron/neutron/plugins/ml2/drivers/ovn/mech_driver/ovsdb/maintenance.py:1364}}
Apr 12 19:37:15.294569 np0000165324 devstack@neutron-api.service[104129]: DEBUG futurist.periodics [-] Submitting periodic callback 'neutron.plugins.ml2.drivers.ovn.mech_driver.ovsdb.maintenance.HashRingHealthCheckPeriodics.touch_hash_ring_node' {{(pid=104129) _process_scheduled /opt/stack/data/venv/lib/python3.12/site-packages/futurist/periodics.py:784}}
Apr 12 19:37:15.296004 np0000165324 devstack@neutron-api.service[104129]: DEBUG neutron.plugins.ml2.drivers.ovn.mech_driver.ovsdb.maintenance [-] Touching Hash Ring node "45679fe79acd50f7ac4ab826f78557a2" from periodic health check thread {{(pid=104129) touch_hash_ring_node /opt/stack/neutron/neutron/plugins/ml2/drivers/ovn/mech_driver/ovsdb/maintenance.py:1364}}
Apr 12 19:37:15.367220 np0000165324 devstack@neutron-api.service[104128]: DEBUG futurist.periodics [-] Submitting periodic callback 'neutron.plugins.ml2.drivers.ovn.mech_driver.ovsdb.maintenance.HashRingHealthCheckPeriodics.touch_hash_ring_node' {{(pid=104128) _process_scheduled /opt/stack/data/venv/lib/python3.12/site-packages/futurist/periodics.py:784}}
Apr 12 19:37:15.367909 np0000165324 devstack@neutron-api.service[104128]: DEBUG neutron.plugins.ml2.drivers.ovn.mech_driver.ovsdb.maintenance [-] Touching Hash Ring node "c1fecd4504d45eab85e2c26296afbb6d" from periodic health check thread {{(pid=104128) touch_hash_ring_node /opt/stack/neutron/neutron/plugins/ml2/drivers/ovn/mech_driver/ovsdb/maintenance.py:1364}}
Apr 12 19:37:15.389598 np0000165324 devstack@neutron-api.service[104127]: DEBUG futurist.periodics [-] Submitting periodic callback 'neutron.plugins.ml2.drivers.ovn.mech_driver.ovsdb.maintenance.HashRingHealthCheckPeriodics.touch_hash_ring_node' {{(pid=104127) _process_scheduled /opt/stack/data/venv/lib/python3.12/site-packages/futurist/periodics.py:784}}
Apr 12 19:37:15.390842 np0000165324 devstack@neutron-api.service[104127]: DEBUG neutron.plugins.ml2.drivers.ovn.mech_driver.ovsdb.maintenance [-] Touching Hash Ring node "1f19ff8a678b545e9a0d81ca8afe5bd5" from periodic health check thread {{(pid=104127) touch_hash_ring_node /opt/stack/neutron/neutron/plugins/ml2/drivers/ovn/mech_driver/ovsdb/maintenance.py:1364}}
Apr 12 19:37:19.375523 np0000165324 devstack@neutron-api.service[104128]: DEBUG neutron.pecan_wsgi.hooks.policy_enforcement [None req-5415a985-a359-4036-9657-f2d50320ae7f demo demo] Attributes excluded by policy engine: ['standard_attr_id', 'provider:network_type', 'provider:physical_network', 'provider:segmentation_id'] {{(pid=104128) _exclude_attributes_by_policy /opt/stack/neutron/neutron/pecan_wsgi/hooks/policy_enforcement.py:258}}
Apr 12 19:37:19.376764 np0000165324 devstack@neutron-api.service[104128]: [pid: 104128|app: 0|req: 27/109] 199.204.45.216 () {64 vars in 1304 bytes} [Sun Apr 12 19:37:19 2026] GET /networking/v2.0/networks?router%3Aexternal=True => generated 659 bytes in 56 msecs (HTTP/1.1 200) 4 headers in 157 bytes (1 switches on core 0)
Apr 12 19:37:24.339252 np0000165324 devstack@neutron-api.service[104130]: DEBUG dbcounter [-] [104130] Writing DB stats neutron:UPDATE=1,neutron:SELECT=1 {{(pid=104130) stat_writer /opt/stack/data/venv/lib/python3.12/site-packages/dbcounter.py:115}}
Apr 12 19:37:25.330201 np0000165324 devstack@neutron-api.service[104129]: DEBUG dbcounter [-] [104129] Writing DB stats neutron:UPDATE=1,neutron:SELECT=1 {{(pid=104129) stat_writer /opt/stack/data/venv/lib/python3.12/site-packages/dbcounter.py:115}}
Apr 12 19:37:25.416854 np0000165324 devstack@neutron-api.service[104127]: DEBUG dbcounter [-] [104127] Writing DB stats neutron:SELECT=18,neutron:UPDATE=1 {{(pid=104127) stat_writer /opt/stack/data/venv/lib/python3.12/site-packages/dbcounter.py:115}}
Apr 12 19:37:27.587291 np0000165324 devstack@neutron-api.service[104130]: DEBUG neutron.pecan_wsgi.hooks.policy_enforcement [None req-2b277c50-b64d-49b0-89d8-4e32f0920d5d demo demo] Attributes excluded by policy engine: ['standard_attr_id', 'provider:network_type', 'provider:physical_network', 'provider:segmentation_id'] {{(pid=104130) _exclude_attributes_by_policy /opt/stack/neutron/neutron/pecan_wsgi/hooks/policy_enforcement.py:258}}
Apr 12 19:37:27.588296 np0000165324 devstack@neutron-api.service[104130]: [pid: 104130|app: 0|req: 29/110] 199.204.45.216 () {64 vars in 1328 bytes} [Sun Apr 12 19:37:27 2026] GET /networking/v2.0/networks?name=public&router%3Aexternal=True => generated 659 bytes in 63 msecs (HTTP/1.1 200) 4 headers in 157 bytes (1 switches on core 0)
Apr 12 19:37:28.434934 np0000165324 devstack@neutron-api.service[104129]: DEBUG neutron.pecan_wsgi.hooks.policy_enforcement [None req-57a844f9-46f9-4150-a77e-612f62bb2033 demo demo] Attributes excluded by policy engine: ['standard_attr_id', 'provider:network_type', 'provider:physical_network', 'provider:segmentation_id'] {{(pid=104129) _exclude_attributes_by_policy /opt/stack/neutron/neutron/pecan_wsgi/hooks/policy_enforcement.py:258}}
Apr 12 19:37:28.435739 np0000165324 devstack@neutron-api.service[104129]: [pid: 104129|app: 0|req: 28/111] 199.204.45.216 () {64 vars in 1415 bytes} [Sun Apr 12 19:37:28 2026] GET /networking/v2.0/networks/e4352822-76ea-40cd-9e2d-d67c8ad44f47 => generated 656 bytes in 178 msecs (HTTP/1.1 200) 4 headers in 157 bytes (1 switches on core 0)
Apr 12 19:37:28.470582 np0000165324 devstack@neutron-api.service[104127]: [pid: 104127|app: 0|req: 28/112] 199.204.45.216 () {64 vars in 1409 bytes} [Sun Apr 12 19:37:28 2026] GET /networking/v2.0/networks?name=k8s-clusterapi-cluster-magnum-system-kube-o0es7 => generated 15 bytes in 23 msecs (HTTP/1.1 200) 4 headers in 156 bytes (1 switches on core 0)
Apr 12 19:37:28.482875 np0000165324 devstack@neutron-api.service[104128]: DEBUG neutron.api.v2.base [None req-0fd6463a-8ed9-48c9-a352-e944a47b20e7 demo demo] Request body: {'network': {'admin_state_up': True, 'name': 'k8s-clusterapi-cluster-magnum-system-kube-o0es7'}} {{(pid=104128) prepare_request_body /opt/stack/neutron/neutron/api/v2/base.py:729}}
Apr 12 19:37:28.507538 np0000165324 devstack@neutron-api.service[104128]: DEBUG neutron.pecan_wsgi.hooks.quota_enforcement [None req-0fd6463a-8ed9-48c9-a352-e944a47b20e7 demo demo] Made reservation on behalf of 5e038e7766e440efb71cf5286f6cfcb5 for: {'network': 1} {{(pid=104128) before /opt/stack/neutron/neutron/pecan_wsgi/hooks/quota_enforcement.py:66}}
Apr 12 19:37:28.514968 np0000165324 devstack@neutron-api.service[104128]: DEBUG neutron_lib.callbacks.manager [None req-0fd6463a-8ed9-48c9-a352-e944a47b20e7 demo demo] Publish callbacks ['neutron.plugins.ml2.plugin.SecurityGroupDbMixin._ensure_default_security_group_handler-1023505'] for network (None), before_create {{(pid=104128) _notify_loop /opt/stack/data/venv/lib/python3.12/site-packages/neutron_lib/callbacks/manager.py:184}}
Apr 12 19:37:28.523284 np0000165324 devstack@neutron-api.service[104128]: DEBUG neutron_lib.callbacks.manager [None req-0fd6463a-8ed9-48c9-a352-e944a47b20e7 demo demo] Publish callbacks [] for security_group (None), before_create {{(pid=104128) _notify_loop /opt/stack/data/venv/lib/python3.12/site-packages/neutron_lib/callbacks/manager.py:184}}
Apr 12 19:37:28.580522 np0000165324 devstack@neutron-api.service[104128]: DEBUG neutron_lib.callbacks.manager [None req-0fd6463a-8ed9-48c9-a352-e944a47b20e7 demo demo] Publish callbacks ['neutron.plugins.ml2.drivers.ovn.mech_driver.mech_driver.OVNMechanismDriver._create_security_group_precommit-175906'] for security_group (573f0149-a0bd-47de-a630-44e775592760), precommit_create {{(pid=104128) _notify_loop /opt/stack/data/venv/lib/python3.12/site-packages/neutron_lib/callbacks/manager.py:184}}
Apr 12 19:37:28.580681 np0000165324 devstack@neutron-api.service[104128]: DEBUG neutron.db.ovn_revision_numbers_db [None req-0fd6463a-8ed9-48c9-a352-e944a47b20e7 demo demo] create_initial_revision uuid=573f0149-a0bd-47de-a630-44e775592760, type=security_groups, rev=-1 {{(pid=104128) create_initial_revision /opt/stack/neutron/neutron/db/ovn_revision_numbers_db.py:98}}
Apr 12 19:37:28.581716 np0000165324 devstack@neutron-api.service[104128]: DEBUG neutron.db.ovn_revision_numbers_db [None req-0fd6463a-8ed9-48c9-a352-e944a47b20e7 demo demo] create_initial_revision uuid=836eb37e-39aa-41be-a32e-c86783c42987, type=security_group_rules, rev=-1 {{(pid=104128) create_initial_revision /opt/stack/neutron/neutron/db/ovn_revision_numbers_db.py:98}}
Apr 12 19:37:28.582674 np0000165324 devstack@neutron-api.service[104128]: DEBUG neutron.db.ovn_revision_numbers_db [None req-0fd6463a-8ed9-48c9-a352-e944a47b20e7 demo demo] create_initial_revision uuid=a8c513ba-63d7-4aa3-b8f5-30f65fe5a114, type=security_group_rules, rev=-1 {{(pid=104128) create_initial_revision /opt/stack/neutron/neutron/db/ovn_revision_numbers_db.py:98}}
Apr 12 19:37:28.583790 np0000165324 devstack@neutron-api.service[104128]: DEBUG neutron.db.ovn_revision_numbers_db [None req-0fd6463a-8ed9-48c9-a352-e944a47b20e7 demo demo] create_initial_revision uuid=fbbe7d4b-d5f9-4208-b2d0-11e1b3d345cc, type=security_group_rules, rev=-1 {{(pid=104128) create_initial_revision /opt/stack/neutron/neutron/db/ovn_revision_numbers_db.py:98}}
Apr 12 19:37:28.584743 np0000165324 devstack@neutron-api.service[104128]: DEBUG neutron.db.ovn_revision_numbers_db [None req-0fd6463a-8ed9-48c9-a352-e944a47b20e7 demo demo] create_initial_revision uuid=ff4f7024-2223-49bd-b391-435b8bfe73fd, type=security_group_rules, rev=-1 {{(pid=104128) create_initial_revision /opt/stack/neutron/neutron/db/ovn_revision_numbers_db.py:98}}
Apr 12 19:37:28.592360 np0000165324 devstack@neutron-api.service[104128]: DEBUG neutron_lib.callbacks.manager [None req-0fd6463a-8ed9-48c9-a352-e944a47b20e7 demo demo] Publish callbacks ['neutron.plugins.ml2.drivers.ovn.mech_driver.mech_driver.OVNMechanismDriver._create_security_group-175924', 'neutron.plugins.ml2.ovo_rpc._ObjectChangeHandler.handle_event-2877918'] for security_group (573f0149-a0bd-47de-a630-44e775592760), after_create {{(pid=104128) _notify_loop /opt/stack/data/venv/lib/python3.12/site-packages/neutron_lib/callbacks/manager.py:184}}
Apr 12 19:37:28.593543 np0000165324 devstack@neutron-api.service[104128]: DEBUG ovsdbapp.backend.ovs_idl.transaction [None req-682e3407-463d-4add-a711-f36bfd6d7066 None None] Running txn n=1 command(idx=0): PgAddCommand(_result=None, name=pg_573f0149_a0bd_47de_a630_44e775592760, may_exist=False, columns={'acls': [], 'external_ids': {'neutron:security_group_id': '573f0149-a0bd-47de-a630-44e775592760'}}) {{(pid=104128) do_commit /opt/stack/data/venv/lib/python3.12/site-packages/ovsdbapp/backend/ovs_idl/transaction.py:89}}
Apr 12 19:37:28.594236 np0000165324 devstack@neutron-api.service[104128]: DEBUG ovsdbapp.backend.ovs_idl.transaction [None req-682e3407-463d-4add-a711-f36bfd6d7066 None None] Running txn n=1 command(idx=1): PgAclAddCommand(_result=None, entity=pg_573f0149_a0bd_47de_a630_44e775592760, direction=from-lport, priority=1002, match=inport == @pg_573f0149_a0bd_47de_a630_44e775592760 && ip6, action=allow-related, log=False, may_exist=True, severity=[], name=[], meter=[], external_ids={'neutron:security_group_rule_id': '836eb37e-39aa-41be-a32e-c86783c42987'}) {{(pid=104128) do_commit /opt/stack/data/venv/lib/python3.12/site-packages/ovsdbapp/backend/ovs_idl/transaction.py:89}}
Apr 12 19:37:28.594689 np0000165324 devstack@neutron-api.service[104128]: DEBUG ovsdbapp.backend.ovs_idl.transaction [None req-682e3407-463d-4add-a711-f36bfd6d7066 None None] Running txn n=1 command(idx=2): PgAclAddCommand(_result=None, entity=pg_573f0149_a0bd_47de_a630_44e775592760, direction=to-lport, priority=1002, match=outport == @pg_573f0149_a0bd_47de_a630_44e775592760 && ip6 && ip6.src == $pg_573f0149_a0bd_47de_a630_44e775592760_ip6, action=allow-related, log=False, may_exist=True, severity=[], name=[], meter=[], external_ids={'neutron:security_group_rule_id': 'a8c513ba-63d7-4aa3-b8f5-30f65fe5a114'}) {{(pid=104128) do_commit /opt/stack/data/venv/lib/python3.12/site-packages/ovsdbapp/backend/ovs_idl/transaction.py:89}}
Apr 12 19:37:28.595042 np0000165324 devstack@neutron-api.service[104128]: DEBUG ovsdbapp.backend.ovs_idl.transaction [None req-682e3407-463d-4add-a711-f36bfd6d7066 None None] Running txn n=1 command(idx=3): PgAclAddCommand(_result=None, entity=pg_573f0149_a0bd_47de_a630_44e775592760, direction=from-lport, priority=1002, match=inport == @pg_573f0149_a0bd_47de_a630_44e775592760 && ip4, action=allow-related, log=False, may_exist=True, severity=[], name=[], meter=[], external_ids={'neutron:security_group_rule_id': 'fbbe7d4b-d5f9-4208-b2d0-11e1b3d345cc'}) {{(pid=104128) do_commit /opt/stack/data/venv/lib/python3.12/site-packages/ovsdbapp/backend/ovs_idl/transaction.py:89}}
Apr 12 19:37:28.595378 np0000165324 devstack@neutron-api.service[104128]: DEBUG ovsdbapp.backend.ovs_idl.transaction [None req-682e3407-463d-4add-a711-f36bfd6d7066 None None] Running txn n=1 command(idx=4): PgAclAddCommand(_result=None, entity=pg_573f0149_a0bd_47de_a630_44e775592760, direction=to-lport, priority=1002, match=outport == @pg_573f0149_a0bd_47de_a630_44e775592760 && ip4 && ip4.src == $pg_573f0149_a0bd_47de_a630_44e775592760_ip4, action=allow-related, log=False, may_exist=True, severity=[], name=[], meter=[], external_ids={'neutron:security_group_rule_id': 'ff4f7024-2223-49bd-b391-435b8bfe73fd'}) {{(pid=104128) do_commit /opt/stack/data/venv/lib/python3.12/site-packages/ovsdbapp/backend/ovs_idl/transaction.py:89}}
Apr 12 19:37:28.605498 np0000165324 devstack@neutron-api.service[104127]: DEBUG neutron.plugins.ml2.drivers.ovn.mech_driver.ovsdb.ovsdb_monitor [None req-8dd1cfab-601f-4a0f-9d7f-7c4a62febd34 None None] Touching Hash Ring node "1f19ff8a678b545e9a0d81ca8afe5bd5" from IDL notify handler {{(pid=104127) notify /opt/stack/neutron/neutron/plugins/ml2/drivers/ovn/mech_driver/ovsdb/ovsdb_monitor.py:906}}
Apr 12 19:37:28.606070 np0000165324 devstack@neutron-api.service[104128]: DEBUG neutron.plugins.ml2.drivers.ovn.mech_driver.ovsdb.ovsdb_monitor [None req-682e3407-463d-4add-a711-f36bfd6d7066 None None] Touching Hash Ring node "c1fecd4504d45eab85e2c26296afbb6d" from IDL notify handler {{(pid=104128) notify /opt/stack/neutron/neutron/plugins/ml2/drivers/ovn/mech_driver/ovsdb/ovsdb_monitor.py:906}}
Apr 12 19:37:28.607137 np0000165324 devstack@neutron-api.service[104129]: DEBUG neutron.plugins.ml2.drivers.ovn.mech_driver.ovsdb.ovsdb_monitor [None req-8debcf06-f6ec-45bb-b9e1-850285c2e097 None None] Touching Hash Ring node "45679fe79acd50f7ac4ab826f78557a2" from IDL notify handler {{(pid=104129) notify /opt/stack/neutron/neutron/plugins/ml2/drivers/ovn/mech_driver/ovsdb/ovsdb_monitor.py:906}}
Apr 12 19:37:28.618431 np0000165324 devstack@neutron-api.service[104127]: DEBUG neutron.plugins.ml2.drivers.ovn.mech_driver.ovsdb.ovsdb_monitor [None req-8dd1cfab-601f-4a0f-9d7f-7c4a62febd34 None None] Hash Ring: Node 1f19ff8a678b545e9a0d81ca8afe5bd5 (host: np0000165324) handling event "create" for row f983c740-dea1-4ad6-bb82-856bf8e7219b (table: ACL) {{(pid=104127) notify /opt/stack/neutron/neutron/plugins/ml2/drivers/ovn/mech_driver/ovsdb/ovsdb_monitor.py:914}}
Apr 12 19:37:28.623117 np0000165324 devstack@neutron-api.service[104128]: DEBUG neutron.plugins.ml2.drivers.ovn.mech_driver.ovsdb.ovsdb_monitor [None req-682e3407-463d-4add-a711-f36bfd6d7066 None None] Hash Ring: Node c1fecd4504d45eab85e2c26296afbb6d (host: np0000165324) handling event "create" for row 3234dca2-c274-434a-9356-6d0f016f2088 (table: ACL) {{(pid=104128) notify /opt/stack/neutron/neutron/plugins/ml2/drivers/ovn/mech_driver/ovsdb/ovsdb_monitor.py:914}}
Apr 12 19:37:28.623286 np0000165324 devstack@neutron-api.service[104129]: DEBUG neutron.plugins.ml2.drivers.ovn.mech_driver.ovsdb.ovsdb_monitor [None req-8debcf06-f6ec-45bb-b9e1-850285c2e097 None None] Hash Ring: Node 45679fe79acd50f7ac4ab826f78557a2 (host: np0000165324) handling event "create" for row 74c30802-dc4e-4aee-8867-25306bf0b5f9 (table: ACL) {{(pid=104129) notify /opt/stack/neutron/neutron/plugins/ml2/drivers/ovn/mech_driver/ovsdb/ovsdb_monitor.py:914}}
Apr 12 19:37:28.623562 np0000165324 devstack@neutron-api.service[104129]: DEBUG neutron.plugins.ml2.drivers.ovn.mech_driver.ovsdb.ovsdb_monitor [None req-8debcf06-f6ec-45bb-b9e1-850285c2e097 None None] Touching Hash Ring node "45679fe79acd50f7ac4ab826f78557a2" from IDL notify handler {{(pid=104129) notify /opt/stack/neutron/neutron/plugins/ml2/drivers/ovn/mech_driver/ovsdb/ovsdb_monitor.py:906}}
Apr 12 19:37:28.628672 np0000165324 devstack@neutron-api.service[104129]: DEBUG neutron.plugins.ml2.drivers.ovn.mech_driver.ovsdb.ovsdb_monitor [None req-8debcf06-f6ec-45bb-b9e1-850285c2e097 None None] Hash Ring: Node 45679fe79acd50f7ac4ab826f78557a2 (host: np0000165324) handling event "create" for row f35c1d47-efb9-4098-9a0b-74638a967880 (table: ACL) {{(pid=104129) notify /opt/stack/neutron/neutron/plugins/ml2/drivers/ovn/mech_driver/ovsdb/ovsdb_monitor.py:914}}
