2026-07-02 06:17:06.442 7 INFO placement.requestlog [req-4938546c-51dd-455a-9275-59aeb8b85862 req-6d75bfb5-f802-4c67-a093-e9ac841b63e6 e378ed0bce464c548f93829ae9157b2a f00aef3ffb27403984dbb4d48bc42677 - - 1ec43a8351c440e6ab2d13cc093356d1 1ec43a8351c440e6ab2d13cc093356d1] 10.0.0.53 "GET /allocation_candidates?limit=1000&resources=DISK_GB%3A1%2CMEMORY_MB%3A512%2CVCPU%3A1&root_required=%21COMPUTE_STATUS_DISABLED" status: 200 len: 2217 microversion: 1.36 [pid: 7|app: 0|req: 335/664] 10.0.0.53 () {34 vars in 1010 bytes} [Thu Jul 2 06:17:06 2026] GET /allocation_candidates?limit=1000&resources=DISK_GB%3A1%2CMEMORY_MB%3A512%2CVCPU%3A1&root_required=%21COMPUTE_STATUS_DISABLED => generated 2217 bytes in 61 msecs (HTTP/1.1 200) 8 headers in 297 bytes (1 switches on core 0)
2026-07-02 06:17:06.471 8 INFO placement.requestlog [req-4938546c-51dd-455a-9275-59aeb8b85862 req-b6acc5f6-7cc6-4df6-8652-264329a9fdd5 e378ed0bce464c548f93829ae9157b2a f00aef3ffb27403984dbb4d48bc42677 - - 1ec43a8351c440e6ab2d13cc093356d1 1ec43a8351c440e6ab2d13cc093356d1] 10.0.0.53 "GET /allocations/7141e2fc-8b92-4b72-b42f-b3677d510905" status: 200 len: 19 microversion: 1.28 [pid: 8|app: 0|req: 330/665] 10.0.0.53 () {34 vars in 859 bytes} [Thu Jul 2 06:17:06 2026] GET /allocations/7141e2fc-8b92-4b72-b42f-b3677d510905 => generated 19 bytes in 12 msecs (HTTP/1.1 200) 8 headers in 295 bytes (1 switches on core 0)
2026-07-02 06:17:06.473 7 INFO placement.requestlog [None req-01859040-2595-4a43-b548-d1dfd5228e5d 6dfce75dcb3941559be2bd37b74047c4 f00aef3ffb27403984dbb4d48bc42677 - - 1ec43a8351c440e6ab2d13cc093356d1 1ec43a8351c440e6ab2d13cc093356d1] 10.0.0.207 "GET /resource_providers/f420173c-103c-46cc-a197-b0837a482884/aggregates" status: 404 len: 235 microversion: 1.1 [pid: 7|app: 0|req: 336/666] 10.0.0.207 () {32 vars in 815 bytes} [Thu Jul 2 06:17:06 2026] GET /resource_providers/f420173c-103c-46cc-a197-b0837a482884/aggregates => generated 235 bytes in 11 msecs (HTTP/1.1 404) 5 headers in 202 bytes (1 switches on core 0)
2026-07-02 06:17:06.481 8 INFO placement.requestlog [None req-61110b35-8491-492e-9e7d-3215921dc102 6dfce75dcb3941559be2bd37b74047c4 f00aef3ffb27403984dbb4d48bc42677 - - 1ec43a8351c440e6ab2d13cc093356d1 1ec43a8351c440e6ab2d13cc093356d1] 10.0.0.207 "GET /resource_providers/f420173c-103c-46cc-a197-b0837a482884/aggregates" status: 404 len: 235 microversion: 1.1 [pid: 8|app: 0|req: 331/667] 10.0.0.207 () {32 vars in 815 bytes} [Thu Jul 2 06:17:06 2026] GET /resource_providers/f420173c-103c-46cc-a197-b0837a482884/aggregates => generated 235 bytes in 9 msecs (HTTP/1.1 404) 5 headers in 202 bytes (1 switches on core 0)
2026-07-02 06:17:06.492 8 INFO placement.requestlog [None req-999c7456-a782-4049-8f4d-e5637ec7a4c0 6dfce75dcb3941559be2bd37b74047c4 f00aef3ffb27403984dbb4d48bc42677 - - 1ec43a8351c440e6ab2d13cc093356d1 1ec43a8351c440e6ab2d13cc093356d1] 10.0.0.207 "DELETE /resource_providers/f420173c-103c-46cc-a197-b0837a482884" status: 404 len: 246 microversion: 1.1 [pid: 8|app: 0|req: 332/668] 10.0.0.207 () {34 vars in 815 bytes} [Thu Jul 2 06:17:06 2026] DELETE /resource_providers/f420173c-103c-46cc-a197-b0837a482884 => generated 246 bytes in 10 msecs (HTTP/1.1 404) 6 headers in 231 bytes (1 switches on core 0)
2026-07-02 06:17:06.507 8 INFO placement.requestlog [None req-6853f8d5-0b9e-49e9-b141-7749caad6785 6dfce75dcb3941559be2bd37b74047c4 f00aef3ffb27403984dbb4d48bc42677 - - 1ec43a8351c440e6ab2d13cc093356d1 1ec43a8351c440e6ab2d13cc093356d1] 10.0.0.207 "DELETE /resource_providers/f420173c-103c-46cc-a197-b0837a482884" status: 404 len: 246 microversion: 1.1 [pid: 8|app: 0|req: 333/669] 10.0.0.207 () {34 vars in 815 bytes} [Thu Jul 2 06:17:06 2026] DELETE /resource_providers/f420173c-103c-46cc-a197-b0837a482884 => generated 246 bytes in 8 msecs (HTTP/1.1 404) 6 headers in 231 bytes (1 switches on core 0)
2026-07-02 06:17:06.539 7 INFO placement.requestlog [req-4938546c-51dd-455a-9275-59aeb8b85862 req-343afa4e-9258-402e-9874-34e87ffb1f54 e378ed0bce464c548f93829ae9157b2a f00aef3ffb27403984dbb4d48bc42677 - - 1ec43a8351c440e6ab2d13cc093356d1 1ec43a8351c440e6ab2d13cc093356d1] 10.0.0.53 "PUT /allocations/7141e2fc-8b92-4b72-b42f-b3677d510905" status: 204 len: 0 microversion: 1.36 [pid: 7|app: 0|req: 337/670] 10.0.0.53 () {38 vars in 912 bytes} [Thu Jul 2 06:17:06 2026] PUT /allocations/7141e2fc-8b92-4b72-b42f-b3677d510905 => generated 0 bytes in 60 msecs (HTTP/1.1 204) 5 headers in 199 bytes (1 switches on core 0)
2026-07-02 06:17:06.809 8 INFO placement.requestlog [req-4938546c-51dd-455a-9275-59aeb8b85862 req-41ed2b17-93fb-46c4-b14f-6b9579754fef e378ed0bce464c548f93829ae9157b2a f00aef3ffb27403984dbb4d48bc42677 - - 1ec43a8351c440e6ab2d13cc093356d1 1ec43a8351c440e6ab2d13cc093356d1] 199.204.45.156 "GET /allocations/7141e2fc-8b92-4b72-b42f-b3677d510905" status: 200 len: 257 microversion: 1.28 [pid: 8|app: 0|req: 334/671] 199.204.45.156 () {34 vars in 862 bytes} [Thu Jul 2 06:17:06 2026] GET /allocations/7141e2fc-8b92-4b72-b42f-b3677d510905 => generated 257 bytes in 10 msecs (HTTP/1.1 200) 8 headers in 296 bytes (1 switches on core 0)
2026-07-02 06:17:06.910 7 INFO placement.requestlog [req-4938546c-51dd-455a-9275-59aeb8b85862 req-32b7dad6-fccf-4b7b-977a-07dd251ef502 e378ed0bce464c548f93829ae9157b2a f00aef3ffb27403984dbb4d48bc42677 - - 1ec43a8351c440e6ab2d13cc093356d1 1ec43a8351c440e6ab2d13cc093356d1] 199.204.45.156 "GET /resource_providers/0198f64e-96bd-4e0e-ad9b-6f3db5841cdb/allocations" status: 200 len: 152 microversion: 1.0 [pid: 7|app: 0|req: 338/672] 199.204.45.156 () {32 vars in 856 bytes} [Thu Jul 2 06:17:06 2026] GET /resource_providers/0198f64e-96bd-4e0e-ad9b-6f3db5841cdb/allocations => generated 152 bytes in 17 msecs (HTTP/1.1 200) 6 headers in 224 bytes (1 switches on core 0)
2026-07-02 06:17:06.944 8 INFO placement.requestlog [req-4938546c-51dd-455a-9275-59aeb8b85862 req-616b4e1b-7bc3-4b46-a7bb-8b412cef3219 e378ed0bce464c548f93829ae9157b2a f00aef3ffb27403984dbb4d48bc42677 - - 1ec43a8351c440e6ab2d13cc093356d1 1ec43a8351c440e6ab2d13cc093356d1] 199.204.45.156 "GET /allocations/7141e2fc-8b92-4b72-b42f-b3677d510905" status: 200 len: 257 microversion: 1.28 [pid: 8|app: 0|req: 335/673] 199.204.45.156 () {34 vars in 862 bytes} [Thu Jul 2 06:17:06 2026] GET /allocations/7141e2fc-8b92-4b72-b42f-b3677d510905 => generated 257 bytes in 21 msecs (HTTP/1.1 200) 8 headers in 296 bytes (1 switches on core 0)
2026-07-02 06:17:14.677 7 INFO placement.requestlog [None req-2db2d6f5-f088-4fe9-9fac-d368a829eab3 - - - - - -] 10.0.0.54 "GET /" status: 200 len: 136 microversion: 1.0
2026-07-02 06:17:14.678 8 INFO placement.requestlog [None req-39860c64-ef1b-42ce-8974-f9426840b969 - - - - - -] 10.0.0.54 "GET /" status: 200 len: 136 microversion: 1.0
2026-07-02 06:17:16.043 7 INFO placement.requestlog [req-fee48de1-7351-48cc-8ba4-6523abac98be req-3de74dea-2417-4e49-acfd-4bbafa6da391 e378ed0bce464c548f93829ae9157b2a f00aef3ffb27403984dbb4d48bc42677 - - 1ec43a8351c440e6ab2d13cc093356d1 1ec43a8351c440e6ab2d13cc093356d1] 199.204.45.156 "GET /resource_providers/0198f64e-96bd-4e0e-ad9b-6f3db5841cdb/allocations" status: 200 len: 152 microversion: 1.0 [pid: 7|app: 0|req: 340/676] 199.204.45.156 () {32 vars in 856 bytes} [Thu Jul 2 06:17:16 2026] GET /resource_providers/0198f64e-96bd-4e0e-ad9b-6f3db5841cdb/allocations => generated 152 bytes in 33 msecs (HTTP/1.1 200) 6 headers in 224 bytes (1 switches on core 0)
2026-07-02 06:17:16.076 8 INFO placement.requestlog [req-fee48de1-7351-48cc-8ba4-6523abac98be req-459a09e9-e45f-4d38-bee1-c19ae4da1e15 e378ed0bce464c548f93829ae9157b2a f00aef3ffb27403984dbb4d48bc42677 - - 1ec43a8351c440e6ab2d13cc093356d1 1ec43a8351c440e6ab2d13cc093356d1] 199.204.45.156 "GET /allocations/7141e2fc-8b92-4b72-b42f-b3677d510905" status: 200 len: 257 microversion: 1.28 [pid: 8|app: 0|req: 337/677] 199.204.45.156 () {34 vars in 862 bytes} [Thu Jul 2 06:17:16 2026] GET /allocations/7141e2fc-8b92-4b72-b42f-b3677d510905 => generated 257 bytes in 24 msecs (HTTP/1.1 200) 8 headers in 296 bytes (1 switches on core 0)
2026-07-02 06:17:16.179 7 INFO placement.requestlog [req-fee48de1-7351-48cc-8ba4-6523abac98be req-4a800ce7-72b3-4343-a2e9-21bc6c50241b e378ed0bce464c548f93829ae9157b2a f00aef3ffb27403984dbb4d48bc42677 - - 1ec43a8351c440e6ab2d13cc093356d1 1ec43a8351c440e6ab2d13cc093356d1] 199.204.45.156 "DELETE /allocations/7141e2fc-8b92-4b72-b42f-b3677d510905" status: 204 len: 0 microversion: 1.0 [pid: 7|app: 0|req: 341/678] 199.204.45.156 () {34 vars in 840 bytes} [Thu Jul 2 06:17:16 2026] DELETE /allocations/7141e2fc-8b92-4b72-b42f-b3677d510905 => generated 0 bytes in 43 msecs (HTTP/1.1 204) 5 headers in 198 bytes (1 switches on core 0)
2026-07-02 06:17:16.217 7 INFO placement.requestlog [None req-6532be3f-9bed-4516-a8d8-af3d179af31a 6dfce75dcb3941559be2bd37b74047c4 f00aef3ffb27403984dbb4d48bc42677 - - 1ec43a8351c440e6ab2d13cc093356d1 1ec43a8351c440e6ab2d13cc093356d1] 10.0.0.207 "GET /resource_providers/05199e02-a7e3-4495-94de-535b7e459c39/aggregates" status: 404 len: 235 microversion: 1.1 [pid: 7|app: 0|req: 342/679] 10.0.0.207 () {32 vars in 815 bytes} [Thu Jul 2 06:17:16 2026] GET /resource_providers/05199e02-a7e3-4495-94de-535b7e459c39/aggregates => generated 235 bytes in 14 msecs (HTTP/1.1 404) 5 headers in 202 bytes (1 switches on core 0)
2026-07-02 06:17:16.221 8 INFO placement.requestlog [None req-d82c21d6-336a-473e-a50c-fd3c38445e74 6dfce75dcb3941559be2bd37b74047c4 f00aef3ffb27403984dbb4d48bc42677 - - 1ec43a8351c440e6ab2d13cc093356d1 1ec43a8351c440e6ab2d13cc093356d1] 10.0.0.207 "GET /resource_providers/05199e02-a7e3-4495-94de-535b7e459c39/aggregates" status: 404 len: 235 microversion: 1.1 [pid: 8|app: 0|req: 338/680] 10.0.0.207 () {32 vars in 815 bytes} [Thu Jul 2 06:17:16 2026] GET /resource_providers/05199e02-a7e3-4495-94de-535b7e459c39/aggregates => generated 235 bytes in 23 msecs (HTTP/1.1 404) 5 headers in 202 bytes (1 switches on core 0)
2026-07-02 06:17:16.243 8 INFO placement.requestlog [None req-a739dd6d-e64e-45f7-aa4b-5e9573a754d8 6dfce75dcb3941559be2bd37b74047c4 f00aef3ffb27403984dbb4d48bc42677 - - 1ec43a8351c440e6ab2d13cc093356d1 1ec43a8351c440e6ab2d13cc093356d1] 10.0.0.207 "DELETE /resource_providers/05199e02-a7e3-4495-94de-535b7e459c39" status: 404 len: 246 microversion: 1.1 [pid: 8|app: 0|req: 339/681] 10.0.0.207 () {34 vars in 815 bytes} [Thu Jul 2 06:17:16 2026] DELETE /resource_providers/05199e02-a7e3-4495-94de-535b7e459c39 => generated 246 bytes in 11 msecs (HTTP/1.1 404) 6 headers in 231 bytes (1 switches on core 0)
2026-07-02 06:17:16.246 7 INFO placement.requestlog [None req-f488caaf-8981-4cf4-baae-e2b141c3b257 6dfce75dcb3941559be2bd37b74047c4 f00aef3ffb27403984dbb4d48bc42677 - - 1ec43a8351c440e6ab2d13cc093356d1 1ec43a8351c440e6ab2d13cc093356d1] 10.0.0.207 "DELETE /resource_providers/05199e02-a7e3-4495-94de-535b7e459c39" status: 404 len: 246 microversion: 1.1 [pid: 7|app: 0|req: 343/682] 10.0.0.207 () {34 vars in 815 bytes} [Thu Jul 2 06:17:16 2026] DELETE /resource_providers/05199e02-a7e3-4495-94de-535b7e459c39 => generated 246 bytes in 14 msecs (HTTP/1.1 404) 6 headers in 231 bytes (1 switches on core 0)
2026-07-02 06:17:18.283 8 INFO placement.requestlog [None req-bb721c79-c46a-4735-959e-4a50ad6c3827 6dfce75dcb3941559be2bd37b74047c4 f00aef3ffb27403984dbb4d48bc42677 - - 1ec43a8351c440e6ab2d13cc093356d1 1ec43a8351c440e6ab2d13cc093356d1] 10.0.0.207 "GET /resource_providers/9a52e6cd-4f34-4cbe-bc3a-3bdcb2127ece/aggregates" status: 404 len: 235 microversion: 1.1 [pid: 8|app: 0|req: 340/683] 10.0.0.207 () {32 vars in 815 bytes} [Thu Jul 2 06:17:18 2026] GET /resource_providers/9a52e6cd-4f34-4cbe-bc3a-3bdcb2127ece/aggregates => generated 235 bytes in 10 msecs (HTTP/1.1 404) 5 headers in 202 bytes (1 switches on core 0)
2026-07-02 06:17:18.284 7 INFO placement.requestlog [None req-e21236f8-ee48-4ddd-a482-d99147c95aab 6dfce75dcb3941559be2bd37b74047c4 f00aef3ffb27403984dbb4d48bc42677 - - 1ec43a8351c440e6ab2d13cc093356d1 1ec43a8351c440e6ab2d13cc093356d1] 10.0.0.207 "GET /resource_providers/9a52e6cd-4f34-4cbe-bc3a-3bdcb2127ece/aggregates" status: 404 len: 235 microversion: 1.1 [pid: 7|app: 0|req: 344/684] 10.0.0.207 () {32 vars in 815 bytes} [Thu Jul 2 06:17:18 2026] GET /resource_providers/9a52e6cd-4f34-4cbe-bc3a-3bdcb2127ece/aggregates => generated 235 bytes in 11 msecs (HTTP/1.1 404) 5 headers in 202 bytes (1 switches on core 0)
2026-07-02 06:17:18.304 8 INFO placement.requestlog [None req-b16b5823-b4aa-4bca-ae6d-7203d890140f 6dfce75dcb3941559be2bd37b74047c4 f00aef3ffb27403984dbb4d48bc42677 - - 1ec43a8351c440e6ab2d13cc093356d1 1ec43a8351c440e6ab2d13cc093356d1] 10.0.0.207 "DELETE /resource_providers/9a52e6cd-4f34-4cbe-bc3a-3bdcb2127ece" status: 404 len: 246 microversion: 1.1 [pid: 8|app: 0|req: 341/685] 10.0.0.207 () {34 vars in 815 bytes} [Thu Jul 2 06:17:18 2026] DELETE /resource_providers/9a52e6cd-4f34-4cbe-bc3a-3bdcb2127ece => generated 246 bytes in 6 msecs (HTTP/1.1 404) 6 headers in 231 bytes (1 switches on core 0)
2026-07-02 06:17:18.306 7 INFO placement.requestlog [None req-6be681b7-06c7-4d84-b338-f44e403cf204 6dfce75dcb3941559be2bd37b74047c4 f00aef3ffb27403984dbb4d48bc42677 - - 1ec43a8351c440e6ab2d13cc093356d1 1ec43a8351c440e6ab2d13cc093356d1] 10.0.0.207 "DELETE /resource_providers/9a52e6cd-4f34-4cbe-bc3a-3bdcb2127ece" status: 404 len: 246 microversion: 1.1 [pid: 7|app: 0|req: 345/686] 10.0.0.207 () {34 vars in 815 bytes} [Thu Jul 2 06:17:18 2026] DELETE /resource_providers/9a52e6cd-4f34-4cbe-bc3a-3bdcb2127ece => generated 246 bytes in 7 msecs (HTTP/1.1 404) 6 headers in 231 bytes (1 switches on core 0)
2026-07-02 06:17:18.775 8 INFO placement.requestlog [req-30b2bd39-19ea-4e8c-a6b6-09a3cad16a86 req-52f6d773-27dd-4040-8f28-0651cd92c8db e378ed0bce464c548f93829ae9157b2a f00aef3ffb27403984dbb4d48bc42677 - - 1ec43a8351c440e6ab2d13cc093356d1 1ec43a8351c440e6ab2d13cc093356d1] 10.0.0.53 "GET /allocation_candidates?limit=1000&resources=DISK_GB%3A1%2CMEMORY_MB%3A512%2CVCPU%3A1&root_required=%21COMPUTE_STATUS_DISABLED" status: 200 len: 2217 microversion: 1.36 [pid: 8|app: 0|req: 342/687] 10.0.0.53 () {34 vars in 1010 bytes} [Thu Jul 2 06:17:18 2026] GET /allocation_candidates?limit=1000&resources=DISK_GB%3A1%2CMEMORY_MB%3A512%2CVCPU%3A1&root_required=%21COMPUTE_STATUS_DISABLED => generated 2217 bytes in 46 msecs (HTTP/1.1 200) 8 headers in 297 bytes (1 switches on core 0)
2026-07-02 06:17:18.800 7 INFO placement.requestlog [req-30b2bd39-19ea-4e8c-a6b6-09a3cad16a86 req-9a2e7acb-5b59-4037-b83f-f87980bff669 e378ed0bce464c548f93829ae9157b2a f00aef3ffb27403984dbb4d48bc42677 - - 1ec43a8351c440e6ab2d13cc093356d1 1ec43a8351c440e6ab2d13cc093356d1] 10.0.0.53 "GET /allocations/d48ad30a-1355-4960-a1e6-a736ca4b0fd9" status: 200 len: 19 microversion: 1.28 [pid: 7|app: 0|req: 346/688] 10.0.0.53 () {34 vars in 859 bytes} [Thu Jul 2 06:17:18 2026] GET /allocations/d48ad30a-1355-4960-a1e6-a736ca4b0fd9 => generated 19 bytes in 8 msecs (HTTP/1.1 200) 8 headers in 295 bytes (1 switches on core 0)
2026-07-02 06:17:18.875 8 INFO placement.requestlog [req-30b2bd39-19ea-4e8c-a6b6-09a3cad16a86 req-a99a9de0-0465-4201-a0ad-ea0408c4c4c3 e378ed0bce464c548f93829ae9157b2a f00aef3ffb27403984dbb4d48bc42677 - - 1ec43a8351c440e6ab2d13cc093356d1 1ec43a8351c440e6ab2d13cc093356d1] 10.0.0.53 "PUT /allocations/d48ad30a-1355-4960-a1e6-a736ca4b0fd9" status: 204 len: 0 microversion: 1.36 [pid: 8|app: 0|req: 343/689] 10.0.0.53 () {38 vars in 912 bytes} [Thu Jul 2 06:17:18 2026] PUT /allocations/d48ad30a-1355-4960-a1e6-a736ca4b0fd9 => generated 0 bytes in 70 msecs (HTTP/1.1 204) 5 headers in 199 bytes (1 switches on core 0)
2026-07-02 06:17:19.182 7 INFO placement.requestlog [req-30b2bd39-19ea-4e8c-a6b6-09a3cad16a86 req-518fa3e8-d334-4c91-b2b7-649a10eb883f e378ed0bce464c548f93829ae9157b2a f00aef3ffb27403984dbb4d48bc42677 - - 1ec43a8351c440e6ab2d13cc093356d1 1ec43a8351c440e6ab2d13cc093356d1] 199.204.45.156 "GET /allocations/d48ad30a-1355-4960-a1e6-a736ca4b0fd9" status: 200 len: 257 microversion: 1.28 [pid: 7|app: 0|req: 347/690] 199.204.45.156 () {34 vars in 862 bytes} [Thu Jul 2 06:17:19 2026] GET /allocations/d48ad30a-1355-4960-a1e6-a736ca4b0fd9 => generated 257 bytes in 15 msecs (HTTP/1.1 200) 8 headers in 296 bytes (1 switches on core 0)
2026-07-02 06:17:19.305 8 INFO placement.requestlog [req-30b2bd39-19ea-4e8c-a6b6-09a3cad16a86 req-54722848-b682-4e9f-a5e4-f7df1c14ceeb e378ed0bce464c548f93829ae9157b2a f00aef3ffb27403984dbb4d48bc42677 - - 1ec43a8351c440e6ab2d13cc093356d1 1ec43a8351c440e6ab2d13cc093356d1] 199.204.45.156 "GET /resource_providers/0198f64e-96bd-4e0e-ad9b-6f3db5841cdb/allocations" status: 200 len: 152 microversion: 1.0 [pid: 8|app: 0|req: 344/691] 199.204.45.156 () {32 vars in 856 bytes} [Thu Jul 2 06:17:19 2026] GET /resource_providers/0198f64e-96bd-4e0e-ad9b-6f3db5841cdb/allocations => generated 152 bytes in 18 msecs (HTTP/1.1 200) 6 headers in 224 bytes (1 switches on core 0)
2026-07-02 06:17:19.330 7 INFO placement.requestlog [req-30b2bd39-19ea-4e8c-a6b6-09a3cad16a86 req-3d1a4550-ca6e-4f11-a11d-6ce38e70d41f e378ed0bce464c548f93829ae9157b2a f00aef3ffb27403984dbb4d48bc42677 - - 1ec43a8351c440e6ab2d13cc093356d1 1ec43a8351c440e6ab2d13cc093356d1] 199.204.45.156 "GET /allocations/d48ad30a-1355-4960-a1e6-a736ca4b0fd9" status: 200 len: 257 microversion: 1.28 [pid: 7|app: 0|req: 348/692] 199.204.45.156 () {34 vars in 862 bytes} [Thu Jul 2 06:17:19 2026] GET /allocations/d48ad30a-1355-4960-a1e6-a736ca4b0fd9 => generated 257 bytes in 16 msecs (HTTP/1.1 200) 8 headers in 296 bytes (1 switches on core 0)
2026-07-02 06:17:21.269 8 INFO placement.requestlog [None req-5c98bcaa-36fe-4832-847e-cac5c10c6d19 6dfce75dcb3941559be2bd37b74047c4 f00aef3ffb27403984dbb4d48bc42677 - - 1ec43a8351c440e6ab2d13cc093356d1 1ec43a8351c440e6ab2d13cc093356d1] 10.0.0.207 "GET /resource_providers/e25d66ba-2c5b-4efe-a461-aa69c49d0376/aggregates" status: 404 len: 235 microversion: 1.1 [pid: 8|app: 0|req: 345/693] 10.0.0.207 () {32 vars in 815 bytes} [Thu Jul 2 06:17:21 2026] GET /resource_providers/e25d66ba-2c5b-4efe-a461-aa69c49d0376/aggregates => generated 235 bytes in 12 msecs (HTTP/1.1 404) 5 headers in 202 bytes (1 switches on core 0)
2026-07-02 06:17:21.271 7 INFO placement.requestlog [None req-a0c48284-5445-4e02-b08e-a57ab5169bd5 6dfce75dcb3941559be2bd37b74047c4 f00aef3ffb27403984dbb4d48bc42677 - - 1ec43a8351c440e6ab2d13cc093356d1 1ec43a8351c440e6ab2d13cc093356d1] 10.0.0.207 "GET /resource_providers/e25d66ba-2c5b-4efe-a461-aa69c49d0376/aggregates" status: 404 len: 235 microversion: 1.1 [pid: 7|app: 0|req: 349/694] 10.0.0.207 () {32 vars in 815 bytes} [Thu Jul 2 06:17:21 2026] GET /resource_providers/e25d66ba-2c5b-4efe-a461-aa69c49d0376/aggregates => generated 235 bytes in 10 msecs (HTTP/1.1 404) 5 headers in 202 bytes (1 switches on core 0)
2026-07-02 06:17:21.303 7 INFO placement.requestlog [None req-db2fb1df-a988-4846-926f-06aaef47d4e5 6dfce75dcb3941559be2bd37b74047c4 f00aef3ffb27403984dbb4d48bc42677 - - 1ec43a8351c440e6ab2d13cc093356d1 1ec43a8351c440e6ab2d13cc093356d1] 10.0.0.207 "DELETE /resource_providers/e25d66ba-2c5b-4efe-a461-aa69c49d0376" status: 404 len: 246 microversion: 1.1 [pid: 7|app: 0|req: 350/695] 10.0.0.207 () {34 vars in 815 bytes} [Thu Jul 2 06:17:21 2026] DELETE /resource_providers/e25d66ba-2c5b-4efe-a461-aa69c49d0376 => generated 246 bytes in 8 msecs (HTTP/1.1 404) 6 headers in 231 bytes (1 switches on core 0)
2026-07-02 06:17:21.304 8 INFO placement.requestlog [None req-061996a6-13c6-41a0-bfea-eee16d68018c 6dfce75dcb3941559be2bd37b74047c4 f00aef3ffb27403984dbb4d48bc42677 - - 1ec43a8351c440e6ab2d13cc093356d1 1ec43a8351c440e6ab2d13cc093356d1] 10.0.0.207 "DELETE /resource_providers/e25d66ba-2c5b-4efe-a461-aa69c49d0376" status: 404 len: 246 microversion: 1.1 [pid: 8|app: 0|req: 346/696] 10.0.0.207 () {34 vars in 815 bytes} [Thu Jul 2 06:17:21 2026] DELETE /resource_providers/e25d66ba-2c5b-4efe-a461-aa69c49d0376 => generated 246 bytes in 10 msecs (HTTP/1.1 404) 6 headers in 231 bytes (1 switches on core 0)
2026-07-02 06:17:23.332 7 INFO placement.requestlog [None req-813e6aea-3e8c-4301-bc83-6edd142f5fa6 6dfce75dcb3941559be2bd37b74047c4 f00aef3ffb27403984dbb4d48bc42677 - - 1ec43a8351c440e6ab2d13cc093356d1 1ec43a8351c440e6ab2d13cc093356d1] 10.0.0.207 "GET /resource_providers/99fd4e2d-2165-4815-844a-27ba01aad98e/aggregates" status: 404 len: 235 microversion: 1.1 [pid: 7|app: 0|req: 351/697] 10.0.0.207 () {32 vars in 815 bytes} [Thu Jul 2 06:17:23 2026] GET /resource_providers/99fd4e2d-2165-4815-844a-27ba01aad98e/aggregates => generated 235 bytes in 9 msecs (HTTP/1.1 404) 5 headers in 202 bytes (1 switches on core 0)
2026-07-02 06:17:23.335 8 INFO placement.requestlog [None req-a9535a97-05a4-4d60-948e-880f7cbf9b7f 6dfce75dcb3941559be2bd37b74047c4 f00aef3ffb27403984dbb4d48bc42677 - - 1ec43a8351c440e6ab2d13cc093356d1 1ec43a8351c440e6ab2d13cc093356d1] 10.0.0.207 "GET /resource_providers/99fd4e2d-2165-4815-844a-27ba01aad98e/aggregates" status: 404 len: 235 microversion: 1.1 [pid: 8|app: 0|req: 347/698] 10.0.0.207 () {32 vars in 815 bytes} [Thu Jul 2 06:17:23 2026] GET /resource_providers/99fd4e2d-2165-4815-844a-27ba01aad98e/aggregates => generated 235 bytes in 11 msecs (HTTP/1.1 404) 5 headers in 202 bytes (1 switches on core 0)
2026-07-02 06:17:23.358 7 INFO placement.requestlog [None req-0cd2fbd7-2bb2-4a0c-a54c-7cb2bbc5ca94 6dfce75dcb3941559be2bd37b74047c4 f00aef3ffb27403984dbb4d48bc42677 - - 1ec43a8351c440e6ab2d13cc093356d1 1ec43a8351c440e6ab2d13cc093356d1] 10.0.0.207 "DELETE /resource_providers/99fd4e2d-2165-4815-844a-27ba01aad98e" status: 404 len: 246 microversion: 1.1 [pid: 7|app: 0|req: 352/699] 10.0.0.207 () {34 vars in 815 bytes} [Thu Jul 2 06:17:23 2026] DELETE /resource_providers/99fd4e2d-2165-4815-844a-27ba01aad98e => generated 246 bytes in 19 msecs (HTTP/1.1 404) 6 headers in 231 bytes (1 switches on core 0)
2026-07-02 06:17:23.363 8 INFO placement.requestlog [None req-b27e8426-7841-47df-b487-a0bbdb51b1f6 6dfce75dcb3941559be2bd37b74047c4 f00aef3ffb27403984dbb4d48bc42677 - - 1ec43a8351c440e6ab2d13cc093356d1 1ec43a8351c440e6ab2d13cc093356d1] 10.0.0.207 "DELETE /resource_providers/99fd4e2d-2165-4815-844a-27ba01aad98e" status: 404 len: 246 microversion: 1.1 [pid: 8|app: 0|req: 348/700] 10.0.0.207 () {34 vars in 815 bytes} [Thu Jul 2 06:17:23 2026] DELETE /resource_providers/99fd4e2d-2165-4815-844a-27ba01aad98e => generated 246 bytes in 17 msecs (HTTP/1.1 404) 6 headers in 231 bytes (1 switches on core 0)
2026-07-02 06:17:24.678 7 INFO placement.requestlog [None req-f4ddb816-e002-4e8e-b5c1-e7a2634873f6 - - - - - -] 10.0.0.54 "GET /" status: 200 len: 136 microversion: 1.0
2026-07-02 06:17:24.679 8 INFO placement.requestlog [None req-c3804600-47e1-4090-aade-5c37c1848e5d - - - - - -] 10.0.0.54 "GET /" status: 200 len: 136 microversion: 1.0
2026-07-02 06:17:32.430 8 INFO placement.requestlog [None req-72dfc8c0-322e-4114-bd34-df0f3abfab2f 6dfce75dcb3941559be2bd37b74047c4 f00aef3ffb27403984dbb4d48bc42677 - - 1ec43a8351c440e6ab2d13cc093356d1 1ec43a8351c440e6ab2d13cc093356d1] 10.0.0.207 "GET /resource_providers/04505831-6115-46ab-b468-a9e37fb9bb2a/aggregates" status: 404 len: 235 microversion: 1.1 [pid: 8|app: 0|req: 350/703] 10.0.0.207 () {32 vars in 815 bytes} [Thu Jul 2 06:17:32 2026] GET /resource_providers/04505831-6115-46ab-b468-a9e37fb9bb2a/aggregates => generated 235 bytes in 7 msecs (HTTP/1.1 404) 5 headers in 202 bytes (1 switches on core 0)
2026-07-02 06:17:32.439 7 INFO placement.requestlog [None req-b1932845-f8ac-436f-9373-231e74c37e79 6dfce75dcb3941559be2bd37b74047c4 f00aef3ffb27403984dbb4d48bc42677 - - 1ec43a8351c440e6ab2d13cc093356d1 1ec43a8351c440e6ab2d13cc093356d1] 10.0.0.207 "GET /resource_providers/04505831-6115-46ab-b468-a9e37fb9bb2a/aggregates" status: 404 len: 235 microversion: 1.1 [pid: 7|app: 0|req: 354/704] 10.0.0.207 () {32 vars in 815 bytes} [Thu Jul 2 06:17:32 2026] GET /resource_providers/04505831-6115-46ab-b468-a9e37fb9bb2a/aggregates => generated 235 bytes in 16 msecs (HTTP/1.1 404) 5 headers in 202 bytes (1 switches on core 0)
2026-07-02 06:17:32.454 8 INFO placement.requestlog [None req-6d317854-bd51-49b9-bdea-de57c214062d 6dfce75dcb3941559be2bd37b74047c4 f00aef3ffb27403984dbb4d48bc42677 - - 1ec43a8351c440e6ab2d13cc093356d1 1ec43a8351c440e6ab2d13cc093356d1] 10.0.0.207 "DELETE /resource_providers/04505831-6115-46ab-b468-a9e37fb9bb2a" status: 404 len: 246 microversion: 1.1 [pid: 8|app: 0|req: 351/705] 10.0.0.207 () {34 vars in 815 bytes} [Thu Jul 2 06:17:32 2026] DELETE /resource_providers/04505831-6115-46ab-b468-a9e37fb9bb2a => generated 246 bytes in 7 msecs (HTTP/1.1 404) 6 headers in 231 bytes (1 switches on core 0)
2026-07-02 06:17:32.457 7 INFO placement.requestlog [None req-4786b239-e01a-4396-ae64-9690d6d19355 6dfce75dcb3941559be2bd37b74047c4 f00aef3ffb27403984dbb4d48bc42677 - - 1ec43a8351c440e6ab2d13cc093356d1 1ec43a8351c440e6ab2d13cc093356d1] 10.0.0.207 "DELETE /resource_providers/04505831-6115-46ab-b468-a9e37fb9bb2a" status: 404 len: 246 microversion: 1.1 [pid: 7|app: 0|req: 355/706] 10.0.0.207 () {34 vars in 815 bytes} [Thu Jul 2 06:17:32 2026] DELETE /resource_providers/04505831-6115-46ab-b468-a9e37fb9bb2a => generated 246 bytes in 10 msecs (HTTP/1.1 404) 6 headers in 231 bytes (1 switches on core 0)
2026-07-02 06:17:33.071 8 INFO placement.requestlog [req-761e35e3-a31d-43bf-aba6-bfd11f1b39a4 req-e802594e-1f9d-4199-b0f2-5673cc6dde3b e378ed0bce464c548f93829ae9157b2a f00aef3ffb27403984dbb4d48bc42677 - - 1ec43a8351c440e6ab2d13cc093356d1 1ec43a8351c440e6ab2d13cc093356d1] 10.0.0.53 "GET /allocation_candidates?limit=1000&resources=DISK_GB%3A1%2CMEMORY_MB%3A512%2CVCPU%3A1&root_required=%21COMPUTE_STATUS_DISABLED" status: 200 len: 2219 microversion: 1.36 [pid: 8|app: 0|req: 352/707] 10.0.0.53 () {34 vars in 1010 bytes} [Thu Jul 2 06:17:33 2026] GET /allocation_candidates?limit=1000&resources=DISK_GB%3A1%2CMEMORY_MB%3A512%2CVCPU%3A1&root_required=%21COMPUTE_STATUS_DISABLED => generated 2219 bytes in 52 msecs (HTTP/1.1 200) 8 headers in 297 bytes (1 switches on core 0)
2026-07-02 06:17:33.121 7 INFO placement.requestlog [req-761e35e3-a31d-43bf-aba6-bfd11f1b39a4 req-d76e351d-c38b-4e1a-80f5-6605048ed821 e378ed0bce464c548f93829ae9157b2a f00aef3ffb27403984dbb4d48bc42677 - - 1ec43a8351c440e6ab2d13cc093356d1 1ec43a8351c440e6ab2d13cc093356d1] 10.0.0.53 "GET /allocations/df74f2d2-bf5b-4937-8acc-a9657ad28f25" status: 200 len: 19 microversion: 1.28 [pid: 7|app: 0|req: 356/708] 10.0.0.53 () {34 vars in 859 bytes} [Thu Jul 2 06:17:33 2026] GET /allocations/df74f2d2-bf5b-4937-8acc-a9657ad28f25 => generated 19 bytes in 24 msecs (HTTP/1.1 200) 8 headers in 295 bytes (1 switches on core 0)
2026-07-02 06:17:33.240 8 INFO placement.requestlog [req-761e35e3-a31d-43bf-aba6-bfd11f1b39a4 req-9b70d4d3-d07a-48ac-89fb-5ef107135520 e378ed0bce464c548f93829ae9157b2a f00aef3ffb27403984dbb4d48bc42677 - - 1ec43a8351c440e6ab2d13cc093356d1 1ec43a8351c440e6ab2d13cc093356d1] 10.0.0.53 "PUT /allocations/df74f2d2-bf5b-4937-8acc-a9657ad28f25" status: 204 len: 0 microversion: 1.36 [pid: 8|app: 0|req: 353/709] 10.0.0.53 () {38 vars in 912 bytes} [Thu Jul 2 06:17:33 2026] PUT /allocations/df74f2d2-bf5b-4937-8acc-a9657ad28f25 => generated 0 bytes in 109 msecs (HTTP/1.1 204) 5 headers in 199 bytes (1 switches on core 0)
2026-07-02 06:17:33.395 7 INFO placement.requestlog [None req-a6394c13-f34f-4df5-acab-3d04c464cf0f 6dfce75dcb3941559be2bd37b74047c4 f00aef3ffb27403984dbb4d48bc42677 - - 1ec43a8351c440e6ab2d13cc093356d1 1ec43a8351c440e6ab2d13cc093356d1] 10.0.0.207 "GET /resource_providers/435ac1cf-6939-47b5-8cab-3bff07d831f5/aggregates" status: 404 len: 235 microversion: 1.1 [pid: 7|app: 0|req: 357/710] 10.0.0.207 () {32 vars in 815 bytes} [Thu Jul 2 06:17:33 2026] GET /resource_providers/435ac1cf-6939-47b5-8cab-3bff07d831f5/aggregates => generated 235 bytes in 8 msecs (HTTP/1.1 404) 5 headers in 202 bytes (1 switches on core 0)
2026-07-02 06:17:33.404 8 INFO placement.requestlog [None req-84829c4e-b7fd-40f1-a094-30b08aea6cb7 6dfce75dcb3941559be2bd37b74047c4 f00aef3ffb27403984dbb4d48bc42677 - - 1ec43a8351c440e6ab2d13cc093356d1 1ec43a8351c440e6ab2d13cc093356d1] 10.0.0.207 "GET /resource_providers/435ac1cf-6939-47b5-8cab-3bff07d831f5/aggregates" status: 404 len: 235 microversion: 1.1 [pid: 8|app: 0|req: 354/711] 10.0.0.207 () {32 vars in 815 bytes} [Thu Jul 2 06:17:33 2026] GET /resource_providers/435ac1cf-6939-47b5-8cab-3bff07d831f5/aggregates => generated 235 bytes in 17 msecs (HTTP/1.1 404) 5 headers in 202 bytes (1 switches on core 0)
2026-07-02 06:17:33.419 7 INFO placement.requestlog [None req-a83587d9-fccb-41f6-a5c1-a8a732e357c9 6dfce75dcb3941559be2bd37b74047c4 f00aef3ffb27403984dbb4d48bc42677 - - 1ec43a8351c440e6ab2d13cc093356d1 1ec43a8351c440e6ab2d13cc093356d1] 10.0.0.207 "DELETE /resource_providers/435ac1cf-6939-47b5-8cab-3bff07d831f5" status: 404 len: 246 microversion: 1.1 [pid: 7|app: 0|req: 358/712] 10.0.0.207 () {34 vars in 815 bytes} [Thu Jul 2 06:17:33 2026] DELETE /resource_providers/435ac1cf-6939-47b5-8cab-3bff07d831f5 => generated 246 bytes in 18 msecs (HTTP/1.1 404) 6 headers in 231 bytes (1 switches on core 0)
2026-07-02 06:17:33.574 8 INFO placement.requestlog [req-761e35e3-a31d-43bf-aba6-bfd11f1b39a4 req-a1b9acd0-e317-4e8e-9d0f-b4f58bccdc6e e378ed0bce464c548f93829ae9157b2a f00aef3ffb27403984dbb4d48bc42677 - - 1ec43a8351c440e6ab2d13cc093356d1 1ec43a8351c440e6ab2d13cc093356d1] 199.204.45.156 "GET /allocations/df74f2d2-bf5b-4937-8acc-a9657ad28f25" status: 200 len: 257 microversion: 1.28 [pid: 8|app: 0|req: 355/713] 199.204.45.156 () {34 vars in 862 bytes} [Thu Jul 2 06:17:33 2026] GET /allocations/df74f2d2-bf5b-4937-8acc-a9657ad28f25 => generated 257 bytes in 15 msecs (HTTP/1.1 200) 8 headers in 296 bytes (1 switches on core 0)
2026-07-02 06:17:33.678 8 INFO placement.requestlog [None req-79031a5d-fef8-4824-9113-d9d6ab1e48e8 6dfce75dcb3941559be2bd37b74047c4 f00aef3ffb27403984dbb4d48bc42677 - - 1ec43a8351c440e6ab2d13cc093356d1 1ec43a8351c440e6ab2d13cc093356d1] 10.0.0.207 "DELETE /resource_providers/435ac1cf-6939-47b5-8cab-3bff07d831f5" status: 404 len: 246 microversion: 1.1 [pid: 8|app: 0|req: 356/714] 10.0.0.207 () {34 vars in 815 bytes} [Thu Jul 2 06:17:33 2026] DELETE /resource_providers/435ac1cf-6939-47b5-8cab-3bff07d831f5 => generated 246 bytes in 10 msecs (HTTP/1.1 404) 6 headers in 231 bytes (1 switches on core 0)
2026-07-02 06:17:33.686 7 INFO placement.requestlog [req-761e35e3-a31d-43bf-aba6-bfd11f1b39a4 req-6632b819-2a64-43df-ac51-263eb8de8f03 e378ed0bce464c548f93829ae9157b2a f00aef3ffb27403984dbb4d48bc42677 - - 1ec43a8351c440e6ab2d13cc093356d1 1ec43a8351c440e6ab2d13cc093356d1] 199.204.45.156 "GET /resource_providers/0198f64e-96bd-4e0e-ad9b-6f3db5841cdb/allocations" status: 200 len: 252 microversion: 1.0 [pid: 7|app: 0|req: 359/715] 199.204.45.156 () {32 vars in 856 bytes} [Thu Jul 2 06:17:33 2026] GET /resource_providers/0198f64e-96bd-4e0e-ad9b-6f3db5841cdb/allocations => generated 252 bytes in 20 msecs (HTTP/1.1 200) 6 headers in 224 bytes (1 switches on core 0)
2026-07-02 06:17:33.708 8 INFO placement.requestlog [req-761e35e3-a31d-43bf-aba6-bfd11f1b39a4 req-035d5183-72de-4be0-a329-6c88b275d39d e378ed0bce464c548f93829ae9157b2a f00aef3ffb27403984dbb4d48bc42677 - - 1ec43a8351c440e6ab2d13cc093356d1 1ec43a8351c440e6ab2d13cc093356d1] 199.204.45.156 "GET /allocations/d48ad30a-1355-4960-a1e6-a736ca4b0fd9" status: 200 len: 257 microversion: 1.28 [pid: 8|app: 0|req: 357/716] 199.204.45.156 () {34 vars in 862 bytes} [Thu Jul 2 06:17:33 2026] GET /allocations/d48ad30a-1355-4960-a1e6-a736ca4b0fd9 => generated 257 bytes in 16 msecs (HTTP/1.1 200) 8 headers in 296 bytes (1 switches on core 0)
2026-07-02 06:17:33.729 7 INFO placement.requestlog [req-761e35e3-a31d-43bf-aba6-bfd11f1b39a4 req-7852fda0-94e9-45af-a115-6c3ebba9ab1e e378ed0bce464c548f93829ae9157b2a f00aef3ffb27403984dbb4d48bc42677 - - 1ec43a8351c440e6ab2d13cc093356d1 1ec43a8351c440e6ab2d13cc093356d1] 199.204.45.156 "GET /allocations/df74f2d2-bf5b-4937-8acc-a9657ad28f25" status: 200 len: 257 microversion: 1.28 [pid: 7|app: 0|req: 360/717] 199.204.45.156 () {34 vars in 862 bytes} [Thu Jul 2 06:17:33 2026] GET /allocations/df74f2d2-bf5b-4937-8acc-a9657ad28f25 => generated 257 bytes in 12 msecs (HTTP/1.1 200) 8 headers in 296 bytes (1 switches on core 0)
2026-07-02 06:17:34.475 8 INFO placement.requestlog [None req-a22c423f-db29-4f44-8e0a-6596e4bf68f8 6dfce75dcb3941559be2bd37b74047c4 f00aef3ffb27403984dbb4d48bc42677 - - 1ec43a8351c440e6ab2d13cc093356d1 1ec43a8351c440e6ab2d13cc093356d1] 10.0.0.207 "GET /resource_providers/451a2311-7496-4c85-bb47-7fa1371524e6/aggregates" status: 404 len: 235 microversion: 1.1 [pid: 8|app: 0|req: 358/718] 10.0.0.207 () {32 vars in 815 bytes} [Thu Jul 2 06:17:34 2026] GET /resource_providers/451a2311-7496-4c85-bb47-7fa1371524e6/aggregates => generated 235 bytes in 14 msecs (HTTP/1.1 404) 5 headers in 202 bytes (1 switches on core 0)
2026-07-02 06:17:34.490 8 INFO placement.requestlog [None req-5709fa21-5556-482e-be15-9bf1ceeb19c7 6dfce75dcb3941559be2bd37b74047c4 f00aef3ffb27403984dbb4d48bc42677 - - 1ec43a8351c440e6ab2d13cc093356d1 1ec43a8351c440e6ab2d13cc093356d1] 10.0.0.207 "DELETE /resource_providers/451a2311-7496-4c85-bb47-7fa1371524e6" status: 404 len: 246 microversion: 1.1 [pid: 8|app: 0|req: 359/719] 10.0.0.207 () {34 vars in 815 bytes} [Thu Jul 2 06:17:34 2026] DELETE /resource_providers/451a2311-7496-4c85-bb47-7fa1371524e6 => generated 246 bytes in 9 msecs (HTTP/1.1 404) 6 headers in 231 bytes (1 switches on core 0)
2026-07-02 06:17:34.494 7 INFO placement.requestlog [None req-7e9c6bd8-5727-478e-826c-17d78c66d7ad 6dfce75dcb3941559be2bd37b74047c4 f00aef3ffb27403984dbb4d48bc42677 - - 1ec43a8351c440e6ab2d13cc093356d1 1ec43a8351c440e6ab2d13cc093356d1] 10.0.0.207 "GET /resource_providers/451a2311-7496-4c85-bb47-7fa1371524e6/aggregates" status: 404 len: 235 microversion: 1.1 [pid: 7|app: 0|req: 361/720] 10.0.0.207 () {32 vars in 815 bytes} [Thu Jul 2 06:17:34 2026] GET /resource_providers/451a2311-7496-4c85-bb47-7fa1371524e6/aggregates => generated 235 bytes in 27 msecs (HTTP/1.1 404) 5 headers in 202 bytes (1 switches on core 0)
2026-07-02 06:17:34.515 8 INFO placement.requestlog [None req-60a034ae-983f-474e-8407-fdf253158b4b 6dfce75dcb3941559be2bd37b74047c4 f00aef3ffb27403984dbb4d48bc42677 - - 1ec43a8351c440e6ab2d13cc093356d1 1ec43a8351c440e6ab2d13cc093356d1] 10.0.0.207 "DELETE /resource_providers/451a2311-7496-4c85-bb47-7fa1371524e6" status: 404 len: 246 microversion: 1.1 [pid: 8|app: 0|req: 360/721] 10.0.0.207 () {34 vars in 815 bytes} [Thu Jul 2 06:17:34 2026] DELETE /resource_providers/451a2311-7496-4c85-bb47-7fa1371524e6 => generated 246 bytes in 15 msecs (HTTP/1.1 404) 6 headers in 231 bytes (1 switches on core 0)
2026-07-02 06:17:34.678 8 INFO placement.requestlog [None req-aefff57c-6da7-414e-bbad-bb8e87427b8a - - - - - -] 10.0.0.54 "GET /" status: 200 len: 136 microversion: 1.0
2026-07-02 06:17:34.678 7 INFO placement.requestlog [None req-e835e86c-1485-40c3-88e8-504116d01089 - - - - - -] 10.0.0.54 "GET /" status: 200 len: 136 microversion: 1.0
2026-07-02 06:17:41.124 8 INFO placement.requestlog [None req-0f4bee99-d2d5-4401-8cf5-ffe25267f617 6dfce75dcb3941559be2bd37b74047c4 f00aef3ffb27403984dbb4d48bc42677 - - 1ec43a8351c440e6ab2d13cc093356d1 1ec43a8351c440e6ab2d13cc093356d1] 10.0.0.207 "GET /resource_providers/a9cfafbb-bd40-41d1-8402-9f815acf25e5/aggregates" status: 404 len: 235 microversion: 1.1 [pid: 8|app: 0|req: 362/724] 10.0.0.207 () {32 vars in 815 bytes} [Thu Jul 2 06:17:41 2026] GET /resource_providers/a9cfafbb-bd40-41d1-8402-9f815acf25e5/aggregates => generated 235 bytes in 17 msecs (HTTP/1.1 404) 5 headers in 202 bytes (1 switches on core 0)
2026-07-02 06:17:41.126 7 INFO placement.requestlog [None req-05a85359-3193-4748-8e07-86ffe8cc7a88 6dfce75dcb3941559be2bd37b74047c4 f00aef3ffb27403984dbb4d48bc42677 - - 1ec43a8351c440e6ab2d13cc093356d1 1ec43a8351c440e6ab2d13cc093356d1] 10.0.0.207 "GET /resource_providers/a9cfafbb-bd40-41d1-8402-9f815acf25e5/aggregates" status: 404 len: 235 microversion: 1.1 [pid: 7|app: 0|req: 363/725] 10.0.0.207 () {32 vars in 815 bytes} [Thu Jul 2 06:17:41 2026] GET /resource_providers/a9cfafbb-bd40-41d1-8402-9f815acf25e5/aggregates => generated 235 bytes in 14 msecs (HTTP/1.1 404) 5 headers in 202 bytes (1 switches on core 0)
2026-07-02 06:17:41.151 8 INFO placement.requestlog [None req-63a142d6-3731-4512-a875-78a8ead53e94 6dfce75dcb3941559be2bd37b74047c4 f00aef3ffb27403984dbb4d48bc42677 - - 1ec43a8351c440e6ab2d13cc093356d1 1ec43a8351c440e6ab2d13cc093356d1] 10.0.0.207 "DELETE /resource_providers/a9cfafbb-bd40-41d1-8402-9f815acf25e5" status: 404 len: 246 microversion: 1.1 [pid: 8|app: 0|req: 363/726] 10.0.0.207 () {34 vars in 815 bytes} [Thu Jul 2 06:17:41 2026] DELETE /resource_providers/a9cfafbb-bd40-41d1-8402-9f815acf25e5 => generated 246 bytes in 14 msecs (HTTP/1.1 404) 6 headers in 231 bytes (1 switches on core 0)
2026-07-02 06:17:41.152 7 INFO placement.requestlog [None req-97c34a30-ee27-46e5-b8cf-61142122adc9 6dfce75dcb3941559be2bd37b74047c4 f00aef3ffb27403984dbb4d48bc42677 - - 1ec43a8351c440e6ab2d13cc093356d1 1ec43a8351c440e6ab2d13cc093356d1] 10.0.0.207 "DELETE /resource_providers/a9cfafbb-bd40-41d1-8402-9f815acf25e5" status: 404 len: 246 microversion: 1.1 [pid: 7|app: 0|req: 364/727] 10.0.0.207 () {34 vars in 815 bytes} [Thu Jul 2 06:17:41 2026] DELETE /resource_providers/a9cfafbb-bd40-41d1-8402-9f815acf25e5 => generated 246 bytes in 15 msecs (HTTP/1.1 404) 6 headers in 231 bytes (1 switches on core 0)
2026-07-02 06:17:41.795 8 INFO placement.requestlog [req-17c4a8c0-f50c-4353-a2c6-7dc4a5748fbc req-079f4384-adae-40e3-b139-8c9f74ade524 e378ed0bce464c548f93829ae9157b2a f00aef3ffb27403984dbb4d48bc42677 - - 1ec43a8351c440e6ab2d13cc093356d1 1ec43a8351c440e6ab2d13cc093356d1] 199.204.45.156 "GET /resource_providers/0198f64e-96bd-4e0e-ad9b-6f3db5841cdb/allocations" status: 200 len: 252 microversion: 1.0 [pid: 8|app: 0|req: 364/728] 199.204.45.156 () {32 vars in 856 bytes} [Thu Jul 2 06:17:41 2026] GET /resource_providers/0198f64e-96bd-4e0e-ad9b-6f3db5841cdb/allocations => generated 252 bytes in 19 msecs (HTTP/1.1 200) 6 headers in 224 bytes (1 switches on core 0)
2026-07-02 06:17:41.818 7 INFO placement.requestlog [req-17c4a8c0-f50c-4353-a2c6-7dc4a5748fbc req-2a5bb96e-5aae-4e28-9784-115b50cb6486 e378ed0bce464c548f93829ae9157b2a f00aef3ffb27403984dbb4d48bc42677 - - 1ec43a8351c440e6ab2d13cc093356d1 1ec43a8351c440e6ab2d13cc093356d1] 199.204.45.156 "GET /allocations/d48ad30a-1355-4960-a1e6-a736ca4b0fd9" status: 200 len: 257 microversion: 1.28 [pid: 7|app: 0|req: 365/729] 199.204.45.156 () {34 vars in 862 bytes} [Thu Jul 2 06:17:41 2026] GET /allocations/d48ad30a-1355-4960-a1e6-a736ca4b0fd9 => generated 257 bytes in 14 msecs (HTTP/1.1 200) 8 headers in 296 bytes (1 switches on core 0)
2026-07-02 06:17:41.839 8 INFO placement.requestlog [req-17c4a8c0-f50c-4353-a2c6-7dc4a5748fbc req-b4c22a1b-7e32-43bd-a7a2-05f4ebbd6b3c e378ed0bce464c548f93829ae9157b2a f00aef3ffb27403984dbb4d48bc42677 - - 1ec43a8351c440e6ab2d13cc093356d1 1ec43a8351c440e6ab2d13cc093356d1] 199.204.45.156 "GET /allocations/df74f2d2-bf5b-4937-8acc-a9657ad28f25" status: 200 len: 257 microversion: 1.28 [pid: 8|app: 0|req: 365/730] 199.204.45.156 () {34 vars in 862 bytes} [Thu Jul 2 06:17:41 2026] GET /allocations/df74f2d2-bf5b-4937-8acc-a9657ad28f25 => generated 257 bytes in 14 msecs (HTTP/1.1 200) 8 headers in 296 bytes (1 switches on core 0)
2026-07-02 06:17:41.931 7 INFO placement.requestlog [req-17c4a8c0-f50c-4353-a2c6-7dc4a5748fbc req-77f962b3-c764-4c39-9b54-68ff562eb59b e378ed0bce464c548f93829ae9157b2a f00aef3ffb27403984dbb4d48bc42677 - - 1ec43a8351c440e6ab2d13cc093356d1 1ec43a8351c440e6ab2d13cc093356d1] 199.204.45.156 "DELETE /allocations/df74f2d2-bf5b-4937-8acc-a9657ad28f25" status: 204 len: 0 microversion: 1.0 [pid: 7|app: 0|req: 366/731] 199.204.45.156 () {34 vars in 840 bytes} [Thu Jul 2 06:17:41 2026] DELETE /allocations/df74f2d2-bf5b-4937-8acc-a9657ad28f25 => generated 0 bytes in 25 msecs (HTTP/1.1 204) 5 headers in 198 bytes (1 switches on core 0)
2026-07-02 06:17:43.183 7 INFO placement.requestlog [None req-267f3adc-7d2e-4bdd-9e7b-fa4928ad8a4f 6dfce75dcb3941559be2bd37b74047c4 f00aef3ffb27403984dbb4d48bc42677 - - 1ec43a8351c440e6ab2d13cc093356d1 1ec43a8351c440e6ab2d13cc093356d1] 10.0.0.207 "GET /resource_providers/4914b949-5a6e-41ea-94d5-b33c24a604ea/aggregates" status: 404 len: 235 microversion: 1.1 [pid: 7|app: 0|req: 367/732] 10.0.0.207 () {32 vars in 815 bytes} [Thu Jul 2 06:17:43 2026] GET /resource_providers/4914b949-5a6e-41ea-94d5-b33c24a604ea/aggregates => generated 235 bytes in 14 msecs (HTTP/1.1 404) 5 headers in 202 bytes (1 switches on core 0)
2026-07-02 06:17:43.184 8 INFO placement.requestlog [None req-1c015bbe-77c1-4ee4-badc-3f9d28a0f40a 6dfce75dcb3941559be2bd37b74047c4 f00aef3ffb27403984dbb4d48bc42677 - - 1ec43a8351c440e6ab2d13cc093356d1 1ec43a8351c440e6ab2d13cc093356d1] 10.0.0.207 "GET /resource_providers/4914b949-5a6e-41ea-94d5-b33c24a604ea/aggregates" status: 404 len: 235 microversion: 1.1 [pid: 8|app: 0|req: 366/733] 10.0.0.207 () {32 vars in 815 bytes} [Thu Jul 2 06:17:43 2026] GET /resource_providers/4914b949-5a6e-41ea-94d5-b33c24a604ea/aggregates => generated 235 bytes in 14 msecs (HTTP/1.1 404) 5 headers in 202 bytes (1 switches on core 0)
2026-07-02 06:17:43.216 7 INFO placement.requestlog [None req-e18a773b-7be8-4111-98d5-5acf2bc84c92 6dfce75dcb3941559be2bd37b74047c4 f00aef3ffb27403984dbb4d48bc42677 - - 1ec43a8351c440e6ab2d13cc093356d1 1ec43a8351c440e6ab2d13cc093356d1] 10.0.0.207 "DELETE /resource_providers/4914b949-5a6e-41ea-94d5-b33c24a604ea" status: 404 len: 246 microversion: 1.1 [pid: 7|app: 0|req: 368/734] 10.0.0.207 () {34 vars in 815 bytes} [Thu Jul 2 06:17:43 2026] DELETE /resource_providers/4914b949-5a6e-41ea-94d5-b33c24a604ea => generated 246 bytes in 12 msecs (HTTP/1.1 404) 6 headers in 231 bytes (1 switches on core 0)
2026-07-02 06:17:43.220 8 INFO placement.requestlog [None req-e461948b-d906-4271-8704-d80e33fb3511 6dfce75dcb3941559be2bd37b74047c4 f00aef3ffb27403984dbb4d48bc42677 - - 1ec43a8351c440e6ab2d13cc093356d1 1ec43a8351c440e6ab2d13cc093356d1] 10.0.0.207 "DELETE /resource_providers/4914b949-5a6e-41ea-94d5-b33c24a604ea" status: 404 len: 246 microversion: 1.1 [pid: 8|app: 0|req: 367/735] 10.0.0.207 () {34 vars in 815 bytes} [Thu Jul 2 06:17:43 2026] DELETE /resource_providers/4914b949-5a6e-41ea-94d5-b33c24a604ea => generated 246 bytes in 16 msecs (HTTP/1.1 404) 6 headers in 231 bytes (1 switches on core 0)
2026-07-02 06:17:44.678 7 INFO placement.requestlog [None req-9f4b5494-7612-4288-a2aa-b5c1c98bc5f2 - - - - - -] 10.0.0.54 "GET /" status: 200 len: 136 microversion: 1.0
2026-07-02 06:17:44.679 8 INFO placement.requestlog [None req-4e645454-c790-46e9-86a4-0935cbef2caa - - - - - -] 10.0.0.54 "GET /" status: 200 len: 136 microversion: 1.0
2026-07-02 06:17:46.207 7 INFO placement.requestlog [None req-9ee0b240-7eb3-4013-8d02-259ba2984872 6dfce75dcb3941559be2bd37b74047c4 f00aef3ffb27403984dbb4d48bc42677 - - 1ec43a8351c440e6ab2d13cc093356d1 1ec43a8351c440e6ab2d13cc093356d1] 10.0.0.207 "GET /resource_providers/82563207-df6f-47fa-a4c5-c7e951093cff/aggregates" status: 404 len: 235 microversion: 1.1 [pid: 7|app: 0|req: 370/738] 10.0.0.207 () {32 vars in 815 bytes} [Thu Jul 2 06:17:46 2026] GET /resource_providers/82563207-df6f-47fa-a4c5-c7e951093cff/aggregates => generated 235 bytes in 9 msecs (HTTP/1.1 404) 5 headers in 202 bytes (1 switches on core 0)
2026-07-02 06:17:46.210 8 INFO placement.requestlog [None req-b5b9c8fc-e04c-4f48-b7eb-69d7d5beab4f 6dfce75dcb3941559be2bd37b74047c4 f00aef3ffb27403984dbb4d48bc42677 - - 1ec43a8351c440e6ab2d13cc093356d1 1ec43a8351c440e6ab2d13cc093356d1] 10.0.0.207 "GET /resource_providers/82563207-df6f-47fa-a4c5-c7e951093cff/aggregates" status: 404 len: 235 microversion: 1.1 [pid: 8|app: 0|req: 369/739] 10.0.0.207 () {32 vars in 815 bytes} [Thu Jul 2 06:17:46 2026] GET /resource_providers/82563207-df6f-47fa-a4c5-c7e951093cff/aggregates => generated 235 bytes in 12 msecs (HTTP/1.1 404) 5 headers in 202 bytes (1 switches on core 0)
2026-07-02 06:17:46.226 7 INFO placement.requestlog [None req-46b01ad0-b4d1-43cc-b528-a48f05220636 6dfce75dcb3941559be2bd37b74047c4 f00aef3ffb27403984dbb4d48bc42677 - - 1ec43a8351c440e6ab2d13cc093356d1 1ec43a8351c440e6ab2d13cc093356d1] 10.0.0.207 "DELETE /resource_providers/82563207-df6f-47fa-a4c5-c7e951093cff" status: 404 len: 246 microversion: 1.1 [pid: 7|app: 0|req: 371/740] 10.0.0.207 () {34 vars in 815 bytes} [Thu Jul 2 06:17:46 2026] DELETE /resource_providers/82563207-df6f-47fa-a4c5-c7e951093cff => generated 246 bytes in 9 msecs (HTTP/1.1 404) 6 headers in 231 bytes (1 switches on core 0)
2026-07-02 06:17:46.236 8 INFO placement.requestlog [None req-b32a4e4a-f4d5-4ee9-95a7-389372e3f0de 6dfce75dcb3941559be2bd37b74047c4 f00aef3ffb27403984dbb4d48bc42677 - - 1ec43a8351c440e6ab2d13cc093356d1 1ec43a8351c440e6ab2d13cc093356d1] 10.0.0.207 "DELETE /resource_providers/82563207-df6f-47fa-a4c5-c7e951093cff" status: 404 len: 246 microversion: 1.1 [pid: 8|app: 0|req: 370/741] 10.0.0.207 () {34 vars in 815 bytes} [Thu Jul 2 06:17:46 2026] DELETE /resource_providers/82563207-df6f-47fa-a4c5-c7e951093cff => generated 246 bytes in 12 msecs (HTTP/1.1 404) 6 headers in 231 bytes (1 switches on core 0)
2026-07-02 06:17:48.229 7 INFO placement.requestlog [None req-3b52890f-533f-41ab-9e2e-1631707a4221 6dfce75dcb3941559be2bd37b74047c4 f00aef3ffb27403984dbb4d48bc42677 - - 1ec43a8351c440e6ab2d13cc093356d1 1ec43a8351c440e6ab2d13cc093356d1] 10.0.0.207 "GET /resource_providers/c3cce537-5331-41d9-b5f6-3d70077233db/aggregates" status: 404 len: 235 microversion: 1.1 [pid: 7|app: 0|req: 372/742] 10.0.0.207 () {32 vars in 815 bytes} [Thu Jul 2 06:17:48 2026] GET /resource_providers/c3cce537-5331-41d9-b5f6-3d70077233db/aggregates => generated 235 bytes in 8 msecs (HTTP/1.1 404) 5 headers in 202 bytes (1 switches on core 0)
2026-07-02 06:17:48.245 7 INFO placement.requestlog [None req-ee6742ed-f962-4cb2-826a-606625158b83 6dfce75dcb3941559be2bd37b74047c4 f00aef3ffb27403984dbb4d48bc42677 - - 1ec43a8351c440e6ab2d13cc093356d1 1ec43a8351c440e6ab2d13cc093356d1] 10.0.0.207 "DELETE /resource_providers/c3cce537-5331-41d9-b5f6-3d70077233db" status: 404 len: 246 microversion: 1.1 [pid: 7|app: 0|req: 373/743] 10.0.0.207 () {34 vars in 815 bytes} [Thu Jul 2 06:17:48 2026] DELETE /resource_providers/c3cce537-5331-41d9-b5f6-3d70077233db => generated 246 bytes in 9 msecs (HTTP/1.1 404) 6 headers in 231 bytes (1 switches on core 0)
2026-07-02 06:17:48.246 8 INFO placement.requestlog [None req-76201817-8806-43d4-9d65-7c6ae45a3a0e 6dfce75dcb3941559be2bd37b74047c4 f00aef3ffb27403984dbb4d48bc42677 - - 1ec43a8351c440e6ab2d13cc093356d1 1ec43a8351c440e6ab2d13cc093356d1] 10.0.0.207 "GET /resource_providers/c3cce537-5331-41d9-b5f6-3d70077233db/aggregates" status: 404 len: 235 microversion: 1.1 [pid: 8|app: 0|req: 371/744] 10.0.0.207 () {32 vars in 815 bytes} [Thu Jul 2 06:17:48 2026] GET /resource_providers/c3cce537-5331-41d9-b5f6-3d70077233db/aggregates => generated 235 bytes in 15 msecs (HTTP/1.1 404) 5 headers in 202 bytes (1 switches on core 0)
2026-07-02 06:17:48.263 7 INFO placement.requestlog [None req-e10fcbf8-2b11-4b66-ad99-f50b8da415d3 6dfce75dcb3941559be2bd37b74047c4 f00aef3ffb27403984dbb4d48bc42677 - - 1ec43a8351c440e6ab2d13cc093356d1 1ec43a8351c440e6ab2d13cc093356d1] 10.0.0.207 "DELETE /resource_providers/c3cce537-5331-41d9-b5f6-3d70077233db" status: 404 len: 246 microversion: 1.1 [pid: 7|app: 0|req: 374/745] 10.0.0.207 () {34 vars in 815 bytes} [Thu Jul 2 06:17:48 2026] DELETE /resource_providers/c3cce537-5331-41d9-b5f6-3d70077233db => generated 246 bytes in 8 msecs (HTTP/1.1 404) 6 headers in 231 bytes (1 switches on core 0)
2026-07-02 06:17:48.330 7 INFO placement.requestlog [None req-b67d6787-a6c4-4809-90f0-0bc411d57ffd 6dfce75dcb3941559be2bd37b74047c4 f00aef3ffb27403984dbb4d48bc42677 - - 1ec43a8351c440e6ab2d13cc093356d1 1ec43a8351c440e6ab2d13cc093356d1] 10.0.0.207 "GET /resource_providers/df334acf-6728-4d49-955a-49ff60a04e1c/aggregates" status: 404 len: 235 microversion: 1.1 [pid: 7|app: 0|req: 375/746] 10.0.0.207 () {32 vars in 815 bytes} [Thu Jul 2 06:17:48 2026] GET /resource_providers/df334acf-6728-4d49-955a-49ff60a04e1c/aggregates => generated 235 bytes in 16 msecs (HTTP/1.1 404) 5 headers in 202 bytes (1 switches on core 0)
2026-07-02 06:17:48.331 8 INFO placement.requestlog [None req-98d2c072-23c2-48ef-8c21-c842d6772016 6dfce75dcb3941559be2bd37b74047c4 f00aef3ffb27403984dbb4d48bc42677 - - 1ec43a8351c440e6ab2d13cc093356d1 1ec43a8351c440e6ab2d13cc093356d1] 10.0.0.207 "GET /resource_providers/df334acf-6728-4d49-955a-49ff60a04e1c/aggregates" status: 404 len: 235 microversion: 1.1 [pid: 8|app: 0|req: 372/747] 10.0.0.207 () {32 vars in 815 bytes} [Thu Jul 2 06:17:48 2026] GET /resource_providers/df334acf-6728-4d49-955a-49ff60a04e1c/aggregates => generated 235 bytes in 17 msecs (HTTP/1.1 404) 5 headers in 202 bytes (1 switches on core 0)
2026-07-02 06:17:48.356 7 INFO placement.requestlog [None req-9f9149a3-8f00-47ee-8b4f-63ccc860a78d 6dfce75dcb3941559be2bd37b74047c4 f00aef3ffb27403984dbb4d48bc42677 - - 1ec43a8351c440e6ab2d13cc093356d1 1ec43a8351c440e6ab2d13cc093356d1] 10.0.0.207 "DELETE /resource_providers/df334acf-6728-4d49-955a-49ff60a04e1c" status: 404 len: 246 microversion: 1.1 [pid: 7|app: 0|req: 376/748] 10.0.0.207 () {34 vars in 815 bytes} [Thu Jul 2 06:17:48 2026] DELETE /resource_providers/df334acf-6728-4d49-955a-49ff60a04e1c => generated 246 bytes in 15 msecs (HTTP/1.1 404) 6 headers in 231 bytes (1 switches on core 0)
