Aug 12 00:59:59.445452 np0000188793 devstack@neutron-api.service[102093]: DEBUG ovsdbapp.backend.ovs_idl.transaction [None req-6b94eee0-beb7-49d4-84f1-e692993e7d3f None None] Running txn n=1 command(idx=2): PgDelPortCommand(_result=None, port_group=neutron_pg_drop, lsp=['41f183fa-8c06-4967-b3e8-a4fd628760d8'], if_exists=False) {{(pid=102093) do_commit /opt/stack/data/venv/lib/python3.12/site-packages/ovsdbapp/backend/ovs_idl/transaction.py:89}}
Aug 12 00:59:59.451216 np0000188793 devstack@neutron-api.service[102093]: DEBUG neutron.plugins.ml2.drivers.ovn.mech_driver.ovsdb.ovsdb_monitor [None req-6b94eee0-beb7-49d4-84f1-e692993e7d3f None None] Touching Hash Ring node "40dade7e6edf55eca85aed802f354665" from IDL notify handler {{(pid=102093) notify /opt/stack/neutron/neutron/plugins/ml2/drivers/ovn/mech_driver/ovsdb/ovsdb_monitor.py:1091}}
Aug 12 00:59:59.456849 np0000188793 devstack@neutron-api.service[102095]: DEBUG neutron.plugins.ml2.drivers.ovn.mech_driver.ovsdb.ovsdb_monitor [None req-76e470a2-b936-4a9f-b37a-43c990ced1b6 None None] Hash Ring: Node 2b0b2e8e606253b293e8bec389c453bf (host: np0000188793) handling event "update" for row 3e681d76-7c46-480e-bc94-613b8b20fa88 (table: Port_Binding) {{(pid=102095) notify /opt/stack/neutron/neutron/plugins/ml2/drivers/ovn/mech_driver/ovsdb/ovsdb_monitor.py:1099}}
Aug 12 00:59:59.458143 np0000188793 devstack@neutron-api.service[102093]: DEBUG neutron.plugins.ml2.drivers.ovn.mech_driver.ovsdb.ovsdb_monitor [None req-6b94eee0-beb7-49d4-84f1-e692993e7d3f None None] Hash Ring: Node 40dade7e6edf55eca85aed802f354665 (host: np0000188793) handling event "update" for row f7477750-feec-4199-afe5-c00cf2ad599f (table: Logical_Switch_Port) {{(pid=102093) notify /opt/stack/neutron/neutron/plugins/ml2/drivers/ovn/mech_driver/ovsdb/ovsdb_monitor.py:1099}}
Aug 12 00:59:59.484444 np0000188793 devstack@neutron-api.service[102093]: INFO neutron.db.ovn_revision_numbers_db [None req-3c114a2e-d1eb-4bd3-8652-fe7747b97aa7 None None] Successfully bumped revision number for resource 41f183fa-8c06-4967-b3e8-a4fd628760d8 (type: ports) to 4
Aug 12 00:59:59.488318 np0000188793 devstack@neutron-api.service[102093]: DEBUG neutron_lib.callbacks.manager [None req-3c114a2e-d1eb-4bd3-8652-fe7747b97aa7 None None] Publish callbacks ['neutron.plugins.ml2.ovo_rpc._ObjectChangeHandler.handle_event-15055538', 'neutron.services.ovn_l3.plugin.OVNL3RouterPlugin._port_update-7716100827530'] for port (41f183fa-8c06-4967-b3e8-a4fd628760d8), after_update {{(pid=102093) _notify_loop /opt/stack/data/venv/lib/python3.12/site-packages/neutron_lib/callbacks/manager.py:184}}
Aug 12 00:59:59.508658 np0000188793 devstack@neutron-api.service[102093]: DEBUG neutron.api.rpc.handlers.resources_rpc [None req-68c788c1-7158-4a91-9c71-631cc9c2e7ef None None] Pushing event updated for resources: {'Port': ['ID=41f183fa-8c06-4967-b3e8-a4fd628760d8,revision_number=4']} {{(pid=102093) push /opt/stack/neutron/neutron/api/rpc/handlers/resources_rpc.py:237}}
Aug 12 00:59:59.515482 np0000188793 devstack@neutron-api.service[102093]: DEBUG neutron.api.rpc.callbacks.version_manager [None req-68c788c1-7158-4a91-9c71-631cc9c2e7ef None None] Tracked resource versions report:
Aug 12 00:59:59.515482 np0000188793 devstack@neutron-api.service[102093]: pushed versions:
Aug 12 00:59:59.515482 np0000188793 devstack@neutron-api.service[102093]: { 'AddressGroup': {'1.2'},
Aug 12 00:59:59.515482 np0000188793 devstack@neutron-api.service[102093]: 'Agent': {'1.1'},
Aug 12 00:59:59.515482 np0000188793 devstack@neutron-api.service[102093]: 'ConntrackHelper': {'1.0'},
Aug 12 00:59:59.515482 np0000188793 devstack@neutron-api.service[102093]: 'LocalIPAssociation': {'1.0'},
Aug 12 00:59:59.515482 np0000188793 devstack@neutron-api.service[102093]: 'Log': {'1.0'},
Aug 12 00:59:59.515482 np0000188793 devstack@neutron-api.service[102093]: 'NDPProxy': {'1.0'},
Aug 12 00:59:59.515482 np0000188793 devstack@neutron-api.service[102093]: 'Network': {'1.3'},
Aug 12 00:59:59.515482 np0000188793 devstack@neutron-api.service[102093]: 'Port': {'1.11'},
Aug 12 00:59:59.515482 np0000188793 devstack@neutron-api.service[102093]: 'PortForwarding': {'1.3'},
Aug 12 00:59:59.515482 np0000188793 devstack@neutron-api.service[102093]: 'QosPolicy': {'1.10'},
Aug 12 00:59:59.515482 np0000188793 devstack@neutron-api.service[102093]: 'SecurityGroup': {'1.6'},
Aug 12 00:59:59.515482 np0000188793 devstack@neutron-api.service[102093]: 'SecurityGroupRule': {'1.3'},
Aug 12 00:59:59.515482 np0000188793 devstack@neutron-api.service[102093]: 'SubPort': {'1.0'},
Aug 12 00:59:59.515482 np0000188793 devstack@neutron-api.service[102093]: 'Subnet': {'1.2'},
Aug 12 00:59:59.515482 np0000188793 devstack@neutron-api.service[102093]: 'Trunk': {'1.1'}}
Aug 12 00:59:59.515482 np0000188793 devstack@neutron-api.service[102093]: consumer versions:
Aug 12 00:59:59.515482 np0000188793 devstack@neutron-api.service[102093]: { OVN Neutron agent@np0000188793: {},
Aug 12 00:59:59.515482 np0000188793 devstack@neutron-api.service[102093]: OVN Controller Gateway agent@np0000188793: {}}
Aug 12 00:59:59.515482 np0000188793 devstack@neutron-api.service[102093]: {{(pid=102093) report /opt/stack/neutron/neutron/api/rpc/callbacks/version_manager.py:183}}
Aug 12 00:59:59.536215 np0000188793 devstack@neutron-api.service[102093]: DEBUG ovsdbapp.backend.ovs_idl.transaction [None req-6b94eee0-beb7-49d4-84f1-e692993e7d3f None None] Running txn n=1 command(idx=0): DbSetCommand(_result=None, table=Logical_Switch_Port, record=41f183fa-8c06-4967-b3e8-a4fd628760d8, col_values=(('external_ids', {'neutron:host_id': 'np0000188793'}),), if_exists=True) {{(pid=102093) do_commit /opt/stack/data/venv/lib/python3.12/site-packages/ovsdbapp/backend/ovs_idl/transaction.py:89}}
Aug 12 00:59:59.541183 np0000188793 devstack@neutron-api.service[102093]: DEBUG neutron.plugins.ml2.drivers.ovn.mech_driver.ovsdb.ovsdb_monitor [None req-6b94eee0-beb7-49d4-84f1-e692993e7d3f None None] Touching Hash Ring node "40dade7e6edf55eca85aed802f354665" from IDL notify handler {{(pid=102093) notify /opt/stack/neutron/neutron/plugins/ml2/drivers/ovn/mech_driver/ovsdb/ovsdb_monitor.py:1091}}
Aug 12 00:59:59.546017 np0000188793 devstack@neutron-api.service[102095]: DEBUG neutron.plugins.ml2.drivers.ovn.mech_driver.ovsdb.ovsdb_monitor [None req-76e470a2-b936-4a9f-b37a-43c990ced1b6 None None] Hash Ring: Node 2b0b2e8e606253b293e8bec389c453bf (host: np0000188793) handling event "update" for row 3e681d76-7c46-480e-bc94-613b8b20fa88 (table: Port_Binding) {{(pid=102095) notify /opt/stack/neutron/neutron/plugins/ml2/drivers/ovn/mech_driver/ovsdb/ovsdb_monitor.py:1099}}
Aug 12 00:59:59.551870 np0000188793 devstack@neutron-api.service[102093]: DEBUG neutron.plugins.ml2.drivers.ovn.mech_driver.ovsdb.ovsdb_monitor [None req-6b94eee0-beb7-49d4-84f1-e692993e7d3f None None] Hash Ring: Node 40dade7e6edf55eca85aed802f354665 (host: np0000188793) handling event "update" for row f7477750-feec-4199-afe5-c00cf2ad599f (table: Logical_Switch_Port) {{(pid=102093) notify /opt/stack/neutron/neutron/plugins/ml2/drivers/ovn/mech_driver/ovsdb/ovsdb_monitor.py:1099}}
Aug 12 00:59:59.883657 np0000188793 devstack@neutron-api.service[102093]: DEBUG neutron.pecan_wsgi.hooks.policy_enforcement [None req-d46da924-a6dc-4f29-8035-48eafdbda5d5 service manila] Attributes excluded by policy engine: ['standard_attr_id'] {{(pid=102093) _exclude_attributes_by_policy /opt/stack/neutron/neutron/pecan_wsgi/hooks/policy_enforcement.py:259}}
Aug 12 00:59:59.884715 np0000188793 devstack@neutron-api.service[102093]: [pid: 102093|app: 0|req: 28/106] 199.204.45.74 () {64 vars in 1362 bytes} [Wed Aug 12 00:59:59 2026] GET /networking/v2.0/ports?device_id=manila-admin-share&binding%3Ahost_id=np0000188793 => generated 931 bytes in 35 msecs (HTTP/1.1 200) 4 headers in 157 bytes (1 switches on core 0)
Aug 12 01:00:00.142355 np0000188793 devstack@neutron-api.service[102095]: DEBUG neutron.pecan_wsgi.hooks.policy_enforcement [None req-dea816af-16f6-4e35-84dc-37021418ec03 service manila] Attributes excluded by policy engine: ['standard_attr_id', 'shared'] {{(pid=102095) _exclude_attributes_by_policy /opt/stack/neutron/neutron/pecan_wsgi/hooks/policy_enforcement.py:259}}
Aug 12 01:00:00.143469 np0000188793 devstack@neutron-api.service[102095]: [pid: 102095|app: 0|req: 27/107] 199.204.45.74 () {64 vars in 1360 bytes} [Wed Aug 12 01:00:00 2026] GET /networking/v2.0/subnets/0811db39-9e68-4b32-9d3a-b605b777b92a => generated 625 bytes in 22 msecs (HTTP/1.1 200) 4 headers in 157 bytes (2 switches on core 0)
Aug 12 01:00:09.092031 np0000188793 devstack@neutron-api.service[102096]: DEBUG dbcounter [-] [102096] Writing DB stats neutron:SELECT=190,neutron:INSERT=12,neutron:UPDATE=15,neutron:DELETE=2 {{(pid=102096) stat_writer /opt/stack/data/venv/lib/python3.12/site-packages/dbcounter.py:115}}
Aug 12 01:00:09.399249 np0000188793 devstack@neutron-api.service[102094]: DEBUG dbcounter [-] [102094] Writing DB stats neutron:SELECT=206,neutron:INSERT=30,neutron:UPDATE=18,neutron:DELETE=2 {{(pid=102094) stat_writer /opt/stack/data/venv/lib/python3.12/site-packages/dbcounter.py:115}}
Aug 12 01:00:09.881027 np0000188793 devstack@neutron-api.service[102093]: DEBUG dbcounter [-] [102093] Writing DB stats neutron:UPDATE=15,neutron:SELECT=163,neutron:DELETE=1 {{(pid=102093) stat_writer /opt/stack/data/venv/lib/python3.12/site-packages/dbcounter.py:115}}
Aug 12 01:00:10.140895 np0000188793 devstack@neutron-api.service[102095]: DEBUG dbcounter [-] [102095] Writing DB stats neutron:UPDATE=19,neutron:SELECT=282,neutron:INSERT=12,neutron:DELETE=2 {{(pid=102095) stat_writer /opt/stack/data/venv/lib/python3.12/site-packages/dbcounter.py:115}}
Aug 12 01:00:13.123900 np0000188793 devstack@neutron-api.service[102093]: DEBUG futurist.periodics [-] Submitting periodic callback 'neutron.plugins.ml2.drivers.ovn.mech_driver.ovsdb.maintenance.HashRingHealthCheckPeriodics.touch_hash_ring_node' {{(pid=102093) _process_scheduled /opt/stack/data/venv/lib/python3.12/site-packages/futurist/periodics.py:784}}
Aug 12 01:00:13.124469 np0000188793 devstack@neutron-api.service[102093]: DEBUG neutron.plugins.ml2.drivers.ovn.mech_driver.ovsdb.maintenance [-] Touching Hash Ring node "40dade7e6edf55eca85aed802f354665" from periodic health check thread {{(pid=102093) touch_hash_ring_node /opt/stack/neutron/neutron/plugins/ml2/drivers/ovn/mech_driver/ovsdb/maintenance.py:1453}}
Aug 12 01:00:13.749887 np0000188793 devstack@neutron-api.service[102096]: [pid: 102096|app: 0|req: 27/108] 199.204.45.74 () {62 vars in 1052 bytes} [Wed Aug 12 01:00:13 2026] GET /networking => generated 129 bytes in 1 msecs (HTTP/1.1 200) 3 headers in 91 bytes (1 switches on core 0)
Aug 12 01:00:13.836522 np0000188793 devstack@neutron-api.service[102094]: DEBUG neutron.pecan_wsgi.hooks.policy_enforcement [None req-ddc99c01-9cb4-47cd-86fc-f6d59a4c698f demo demo] Attributes excluded by policy engine: ['standard_attr_id', 'provider:network_type', 'provider:physical_network', 'provider:segmentation_id'] {{(pid=102094) _exclude_attributes_by_policy /opt/stack/neutron/neutron/pecan_wsgi/hooks/policy_enforcement.py:259}}
Aug 12 01:00:13.837859 np0000188793 devstack@neutron-api.service[102094]: [pid: 102094|app: 0|req: 27/109] 199.204.45.74 () {64 vars in 1341 bytes} [Wed Aug 12 01:00:13 2026] GET /networking/v2.0/networks?router%3Aexternal=True => generated 659 bytes in 51 msecs (HTTP/1.1 200) 4 headers in 157 bytes (1 switches on core 0)
Aug 12 01:00:14.034512 np0000188793 devstack@neutron-api.service[102095]: DEBUG futurist.periodics [-] Submitting periodic callback 'neutron.plugins.ml2.drivers.ovn.mech_driver.ovsdb.maintenance.HashRingHealthCheckPeriodics.touch_hash_ring_node' {{(pid=102095) _process_scheduled /opt/stack/data/venv/lib/python3.12/site-packages/futurist/periodics.py:784}}
Aug 12 01:00:14.035174 np0000188793 devstack@neutron-api.service[102095]: DEBUG neutron.plugins.ml2.drivers.ovn.mech_driver.ovsdb.maintenance [-] Touching Hash Ring node "2b0b2e8e606253b293e8bec389c453bf" from periodic health check thread {{(pid=102095) touch_hash_ring_node /opt/stack/neutron/neutron/plugins/ml2/drivers/ovn/mech_driver/ovsdb/maintenance.py:1453}}
Aug 12 01:00:14.079962 np0000188793 devstack@neutron-api.service[102096]: DEBUG futurist.periodics [-] Submitting periodic callback 'neutron.plugins.ml2.drivers.ovn.mech_driver.ovsdb.maintenance.HashRingHealthCheckPeriodics.touch_hash_ring_node' {{(pid=102096) _process_scheduled /opt/stack/data/venv/lib/python3.12/site-packages/futurist/periodics.py:784}}
Aug 12 01:00:14.080448 np0000188793 devstack@neutron-api.service[102096]: DEBUG neutron.plugins.ml2.drivers.ovn.mech_driver.ovsdb.maintenance [-] Touching Hash Ring node "5dc9d53ee06a5b9c96c027fd97a4b6f4" from periodic health check thread {{(pid=102096) touch_hash_ring_node /opt/stack/neutron/neutron/plugins/ml2/drivers/ovn/mech_driver/ovsdb/maintenance.py:1453}}
Aug 12 01:00:14.081911 np0000188793 devstack@neutron-api.service[102094]: DEBUG futurist.periodics [-] Submitting periodic callback 'neutron.plugins.ml2.drivers.ovn.mech_driver.ovsdb.maintenance.HashRingHealthCheckPeriodics.touch_hash_ring_node' {{(pid=102094) _process_scheduled /opt/stack/data/venv/lib/python3.12/site-packages/futurist/periodics.py:784}}
Aug 12 01:00:14.082850 np0000188793 devstack@neutron-api.service[102094]: DEBUG neutron.plugins.ml2.drivers.ovn.mech_driver.ovsdb.maintenance [-] Touching Hash Ring node "9de45e666d945f9198307dec341ffbc8" from periodic health check thread {{(pid=102094) touch_hash_ring_node /opt/stack/neutron/neutron/plugins/ml2/drivers/ovn/mech_driver/ovsdb/maintenance.py:1453}}
Aug 12 01:00:18.630173 np0000188793 devstack@neutron-api.service[102093]: [pid: 102093|app: 0|req: 29/110] 199.204.45.74 () {62 vars in 1052 bytes} [Wed Aug 12 01:00:18 2026] GET /networking => generated 129 bytes in 3 msecs (HTTP/1.1 200) 3 headers in 91 bytes (1 switches on core 0)
Aug 12 01:00:18.717950 np0000188793 devstack@neutron-api.service[102095]: DEBUG neutron.pecan_wsgi.hooks.policy_enforcement [None req-b083145d-c618-4d77-b317-b640c29044a9 demo demo] Attributes excluded by policy engine: ['standard_attr_id', 'provider:network_type', 'provider:physical_network', 'provider:segmentation_id'] {{(pid=102095) _exclude_attributes_by_policy /opt/stack/neutron/neutron/pecan_wsgi/hooks/policy_enforcement.py:259}}
Aug 12 01:00:18.719356 np0000188793 devstack@neutron-api.service[102095]: [pid: 102095|app: 0|req: 28/111] 199.204.45.74 () {64 vars in 1341 bytes} [Wed Aug 12 01:00:18 2026] GET /networking/v2.0/networks?router%3Aexternal=True => generated 659 bytes in 53 msecs (HTTP/1.1 200) 4 headers in 157 bytes (1 switches on core 0)
Aug 12 01:00:23.135780 np0000188793 devstack@neutron-api.service[102093]: DEBUG dbcounter [-] [102093] Writing DB stats neutron:UPDATE=1,neutron:SELECT=1 {{(pid=102093) stat_writer /opt/stack/data/venv/lib/python3.12/site-packages/dbcounter.py:115}}
Aug 12 01:00:24.094333 np0000188793 devstack@neutron-api.service[102096]: DEBUG dbcounter [-] [102096] Writing DB stats neutron:UPDATE=1,neutron:SELECT=1 {{(pid=102096) stat_writer /opt/stack/data/venv/lib/python3.12/site-packages/dbcounter.py:115}}
Aug 12 01:00:24.097640 np0000188793 devstack@neutron-api.service[102094]: DEBUG dbcounter [-] [102094] Writing DB stats neutron:SELECT=18,neutron:UPDATE=1 {{(pid=102094) stat_writer /opt/stack/data/venv/lib/python3.12/site-packages/dbcounter.py:115}}
Aug 12 01:00:26.437271 np0000188793 devstack@neutron-api.service[102096]: [pid: 102096|app: 0|req: 28/112] 199.204.45.74 () {62 vars in 1063 bytes} [Wed Aug 12 01:00:26 2026] GET /networking => generated 129 bytes in 2 msecs (HTTP/1.1 200) 3 headers in 91 bytes (1 switches on core 0)
Aug 12 01:00:26.523998 np0000188793 devstack@neutron-api.service[102094]: DEBUG neutron.pecan_wsgi.hooks.policy_enforcement [None req-611014d4-9832-41c6-8f9a-c9f0a54c8e42 demo demo] Attributes excluded by policy engine: ['standard_attr_id', 'provider:network_type', 'provider:physical_network', 'provider:segmentation_id'] {{(pid=102094) _exclude_attributes_by_policy /opt/stack/neutron/neutron/pecan_wsgi/hooks/policy_enforcement.py:259}}
Aug 12 01:00:26.525765 np0000188793 devstack@neutron-api.service[102094]: [pid: 102094|app: 0|req: 28/113] 199.204.45.74 () {64 vars in 1376 bytes} [Wed Aug 12 01:00:26 2026] GET /networking/v2.0/networks?name=public&router%3Aexternal=True => generated 659 bytes in 55 msecs (HTTP/1.1 200) 4 headers in 157 bytes (1 switches on core 0)
Aug 12 01:00:28.124695 np0000188793 devstack@neutron-api.service[102093]: DEBUG futurist.periodics [-] Submitting periodic callback 'neutron.plugins.ml2.drivers.ovn.mech_driver.ovsdb.maintenance.HashRingHealthCheckPeriodics.touch_hash_ring_node' {{(pid=102093) _process_scheduled /opt/stack/data/venv/lib/python3.12/site-packages/futurist/periodics.py:784}}
Aug 12 01:00:28.128092 np0000188793 devstack@neutron-api.service[102093]: DEBUG neutron.plugins.ml2.drivers.ovn.mech_driver.ovsdb.maintenance [-] Touching Hash Ring node "40dade7e6edf55eca85aed802f354665" from periodic health check thread {{(pid=102093) touch_hash_ring_node /opt/stack/neutron/neutron/plugins/ml2/drivers/ovn/mech_driver/ovsdb/maintenance.py:1453}}
Aug 12 01:00:28.715255 np0000188793 devstack@neutron-api.service[102095]: DEBUG dbcounter [-] [102095] Writing DB stats neutron:UPDATE=1,neutron:SELECT=18 {{(pid=102095) stat_writer /opt/stack/data/venv/lib/python3.12/site-packages/dbcounter.py:115}}
Aug 12 01:00:28.788902 np0000188793 devstack@neutron-api.service[102093]: [pid: 102093|app: 0|req: 30/114] 199.204.45.74 () {64 vars in 1261 bytes} [Wed Aug 12 01:00:28 2026] GET /networking/ => generated 129 bytes in 1 msecs (HTTP/1.1 200) 3 headers in 91 bytes (1 switches on core 0)
Aug 12 01:00:28.996544 np0000188793 devstack@neutron-api.service[102095]: DEBUG neutron.pecan_wsgi.hooks.policy_enforcement [None req-76e95441-428d-460d-bc8b-dea1b613c2ea demo demo] Attributes excluded by policy engine: ['standard_attr_id', 'provider:network_type', 'provider:physical_network', 'provider:segmentation_id'] {{(pid=102095) _exclude_attributes_by_policy /opt/stack/neutron/neutron/pecan_wsgi/hooks/policy_enforcement.py:259}}
Aug 12 01:00:28.997928 np0000188793 devstack@neutron-api.service[102095]: [pid: 102095|app: 0|req: 29/115] 199.204.45.74 () {64 vars in 1410 bytes} [Wed Aug 12 01:00:28 2026] GET /networking/v2.0/networks/710b2da9-fb1e-4c71-bd8f-2c4d68211d47 => generated 656 bytes in 203 msecs (HTTP/1.1 200) 4 headers in 157 bytes (1 switches on core 0)
Aug 12 01:00:29.035376 np0000188793 devstack@neutron-api.service[102095]: DEBUG futurist.periodics [-] Submitting periodic callback 'neutron.plugins.ml2.drivers.ovn.mech_driver.ovsdb.maintenance.HashRingHealthCheckPeriodics.touch_hash_ring_node' {{(pid=102095) _process_scheduled /opt/stack/data/venv/lib/python3.12/site-packages/futurist/periodics.py:784}}
Aug 12 01:00:29.035656 np0000188793 devstack@neutron-api.service[102095]: DEBUG neutron.plugins.ml2.drivers.ovn.mech_driver.ovsdb.maintenance [-] Touching Hash Ring node "2b0b2e8e606253b293e8bec389c453bf" from periodic health check thread {{(pid=102095) touch_hash_ring_node /opt/stack/neutron/neutron/plugins/ml2/drivers/ovn/mech_driver/ovsdb/maintenance.py:1453}}
Aug 12 01:00:29.037697 np0000188793 devstack@neutron-api.service[102096]: [pid: 102096|app: 0|req: 29/116] 199.204.45.74 () {64 vars in 1404 bytes} [Wed Aug 12 01:00:29 2026] GET /networking/v2.0/networks?name=k8s-clusterapi-cluster-magnum-system-kube-nf0g2 => generated 15 bytes in 30 msecs (HTTP/1.1 200) 4 headers in 156 bytes (2 switches on core 0)
Aug 12 01:00:29.046538 np0000188793 devstack@neutron-api.service[102094]: DEBUG neutron.api.v2.base [None req-cf12228f-6df0-435b-81d4-8f9de899af02 demo demo] Request body: {'network': {'admin_state_up': True, 'name': 'k8s-clusterapi-cluster-magnum-system-kube-nf0g2'}} {{(pid=102094) prepare_request_body /opt/stack/neutron/neutron/api/v2/base.py:727}}
Aug 12 01:00:29.069748 np0000188793 devstack@neutron-api.service[102094]: DEBUG neutron.pecan_wsgi.hooks.quota_enforcement [None req-cf12228f-6df0-435b-81d4-8f9de899af02 demo demo] Made reservation on behalf of a239126de1e04d3893be1e8cd330542c for: {'network': 1} {{(pid=102094) before /opt/stack/neutron/neutron/pecan_wsgi/hooks/quota_enforcement.py:66}}
Aug 12 01:00:29.073409 np0000188793 devstack@neutron-api.service[102094]: DEBUG neutron_lib.callbacks.manager [None req-cf12228f-6df0-435b-81d4-8f9de899af02 demo demo] Publish callbacks ['neutron.plugins.ml2.plugin.SecurityGroupDbMixin._ensure_default_security_group_handler-240922'] for network (None), before_create {{(pid=102094) _notify_loop /opt/stack/data/venv/lib/python3.12/site-packages/neutron_lib/callbacks/manager.py:184}}
Aug 12 01:00:29.079904 np0000188793 devstack@neutron-api.service[102094]: DEBUG neutron_lib.callbacks.manager [None req-cf12228f-6df0-435b-81d4-8f9de899af02 demo demo] Publish callbacks [] for security_group (None), before_create {{(pid=102094) _notify_loop /opt/stack/data/venv/lib/python3.12/site-packages/neutron_lib/callbacks/manager.py:184}}
Aug 12 01:00:29.080490 np0000188793 devstack@neutron-api.service[102096]: DEBUG futurist.periodics [-] Submitting periodic callback 'neutron.plugins.ml2.drivers.ovn.mech_driver.ovsdb.maintenance.HashRingHealthCheckPeriodics.touch_hash_ring_node' {{(pid=102096) _process_scheduled /opt/stack/data/venv/lib/python3.12/site-packages/futurist/periodics.py:784}}
Aug 12 01:00:29.081063 np0000188793 devstack@neutron-api.service[102096]: DEBUG neutron.plugins.ml2.drivers.ovn.mech_driver.ovsdb.maintenance [-] Touching Hash Ring node "5dc9d53ee06a5b9c96c027fd97a4b6f4" from periodic health check thread {{(pid=102096) touch_hash_ring_node /opt/stack/neutron/neutron/plugins/ml2/drivers/ovn/mech_driver/ovsdb/maintenance.py:1453}}
Aug 12 01:00:29.083437 np0000188793 devstack@neutron-api.service[102094]: DEBUG futurist.periodics [-] Submitting periodic callback 'neutron.plugins.ml2.drivers.ovn.mech_driver.ovsdb.maintenance.HashRingHealthCheckPeriodics.touch_hash_ring_node' {{(pid=102094) _process_scheduled /opt/stack/data/venv/lib/python3.12/site-packages/futurist/periodics.py:784}}
Aug 12 01:00:29.084026 np0000188793 devstack@neutron-api.service[102094]: DEBUG neutron.plugins.ml2.drivers.ovn.mech_driver.ovsdb.maintenance [-] Touching Hash Ring node "9de45e666d945f9198307dec341ffbc8" from periodic health check thread {{(pid=102094) touch_hash_ring_node /opt/stack/neutron/neutron/plugins/ml2/drivers/ovn/mech_driver/ovsdb/maintenance.py:1453}}
Aug 12 01:00:29.146991 np0000188793 devstack@neutron-api.service[102094]: DEBUG neutron_lib.callbacks.manager [None req-cf12228f-6df0-435b-81d4-8f9de899af02 demo demo] Publish callbacks ['neutron.plugins.ml2.drivers.ovn.mech_driver.mech_driver.OVNMechanismDriver._create_security_group_precommit-16720059'] for security_group (1abf0bcf-9d2f-40ca-bc55-66743a3b4e1a), precommit_create {{(pid=102094) _notify_loop /opt/stack/data/venv/lib/python3.12/site-packages/neutron_lib/callbacks/manager.py:184}}
Aug 12 01:00:29.146991 np0000188793 devstack@neutron-api.service[102094]: DEBUG neutron.db.ovn_revision_numbers_db [None req-cf12228f-6df0-435b-81d4-8f9de899af02 demo demo] create_initial_revision uuid=1abf0bcf-9d2f-40ca-bc55-66743a3b4e1a, type=security_groups, rev=-1 {{(pid=102094) create_initial_revision /opt/stack/neutron/neutron/db/ovn_revision_numbers_db.py:98}}
Aug 12 01:00:29.148011 np0000188793 devstack@neutron-api.service[102094]: DEBUG neutron.db.ovn_revision_numbers_db [None req-cf12228f-6df0-435b-81d4-8f9de899af02 demo demo] create_initial_revision uuid=8dd77994-011f-493e-93df-fa3323ca014e, type=security_group_rules, rev=-1 {{(pid=102094) create_initial_revision /opt/stack/neutron/neutron/db/ovn_revision_numbers_db.py:98}}
Aug 12 01:00:29.148963 np0000188793 devstack@neutron-api.service[102094]: DEBUG neutron.db.ovn_revision_numbers_db [None req-cf12228f-6df0-435b-81d4-8f9de899af02 demo demo] create_initial_revision uuid=a01527fd-6313-4b29-ad62-d6a076e1807e, type=security_group_rules, rev=-1 {{(pid=102094) create_initial_revision /opt/stack/neutron/neutron/db/ovn_revision_numbers_db.py:98}}
Aug 12 01:00:29.149855 np0000188793 devstack@neutron-api.service[102094]: DEBUG neutron.db.ovn_revision_numbers_db [None req-cf12228f-6df0-435b-81d4-8f9de899af02 demo demo] create_initial_revision uuid=e5ec8cd0-0b7a-4e4e-ad32-fa40bedd7f84, type=security_group_rules, rev=-1 {{(pid=102094) create_initial_revision /opt/stack/neutron/neutron/db/ovn_revision_numbers_db.py:98}}
Aug 12 01:00:29.150821 np0000188793 devstack@neutron-api.service[102094]: DEBUG neutron.db.ovn_revision_numbers_db [None req-cf12228f-6df0-435b-81d4-8f9de899af02 demo demo] create_initial_revision uuid=f640651a-0fac-4015-b6b5-82d6b5cd0bbe, type=security_group_rules, rev=-1 {{(pid=102094) create_initial_revision /opt/stack/neutron/neutron/db/ovn_revision_numbers_db.py:98}}
Aug 12 01:00:29.157750 np0000188793 devstack@neutron-api.service[102094]: DEBUG neutron_lib.callbacks.manager [None req-cf12228f-6df0-435b-81d4-8f9de899af02 demo demo] Publish callbacks ['neutron.plugins.ml2.drivers.ovn.mech_driver.mech_driver.OVNMechanismDriver._create_security_group-16720033', 'neutron.plugins.ml2.ovo_rpc._ObjectChangeHandler.handle_event-15617047'] for security_group (1abf0bcf-9d2f-40ca-bc55-66743a3b4e1a), after_create {{(pid=102094) _notify_loop /opt/stack/data/venv/lib/python3.12/site-packages/neutron_lib/callbacks/manager.py:184}}
Aug 12 01:00:29.158531 np0000188793 devstack@neutron-api.service[102094]: DEBUG ovsdbapp.backend.ovs_idl.transaction [None req-b31e94a2-4682-42b2-9651-8296f8e37687 None None] Running txn n=1 command(idx=0): PgAddCommand(_result=None, name=pg_1abf0bcf_9d2f_40ca_bc55_66743a3b4e1a, may_exist=False, columns={'acls': [], 'external_ids': {'neutron:security_group_id': '1abf0bcf-9d2f-40ca-bc55-66743a3b4e1a'}}) {{(pid=102094) do_commit /opt/stack/data/venv/lib/python3.12/site-packages/ovsdbapp/backend/ovs_idl/transaction.py:89}}
Aug 12 01:00:29.159167 np0000188793 devstack@neutron-api.service[102094]: DEBUG ovsdbapp.backend.ovs_idl.transaction [None req-b31e94a2-4682-42b2-9651-8296f8e37687 None None] Running txn n=1 command(idx=1): PgAclAddCommand(_result=None, entity=pg_1abf0bcf_9d2f_40ca_bc55_66743a3b4e1a, direction=from-lport, priority=1002, match=inport == @pg_1abf0bcf_9d2f_40ca_bc55_66743a3b4e1a && ip6, action=allow-related, log=False, may_exist=True, severity=[], name=[], meter=[], external_ids={'neutron:security_group_rule_id': '8dd77994-011f-493e-93df-fa3323ca014e'}) {{(pid=102094) do_commit /opt/stack/data/venv/lib/python3.12/site-packages/ovsdbapp/backend/ovs_idl/transaction.py:89}}
Aug 12 01:00:29.159821 np0000188793 devstack@neutron-api.service[102094]: DEBUG ovsdbapp.backend.ovs_idl.transaction [None req-b31e94a2-4682-42b2-9651-8296f8e37687 None None] Running txn n=1 command(idx=2): PgAclAddCommand(_result=None, entity=pg_1abf0bcf_9d2f_40ca_bc55_66743a3b4e1a, direction=to-lport, priority=1002, match=outport == @pg_1abf0bcf_9d2f_40ca_bc55_66743a3b4e1a && ip6 && ip6.src == $pg_1abf0bcf_9d2f_40ca_bc55_66743a3b4e1a_ip6, action=allow-related, log=False, may_exist=True, severity=[], name=[], meter=[], external_ids={'neutron:security_group_rule_id': 'a01527fd-6313-4b29-ad62-d6a076e1807e'}) {{(pid=102094) do_commit /opt/stack/data/venv/lib/python3.12/site-packages/ovsdbapp/backend/ovs_idl/transaction.py:89}}
Aug 12 01:00:29.160402 np0000188793 devstack@neutron-api.service[102094]: DEBUG ovsdbapp.backend.ovs_idl.transaction [None req-b31e94a2-4682-42b2-9651-8296f8e37687 None None] Running txn n=1 command(idx=3): PgAclAddCommand(_result=None, entity=pg_1abf0bcf_9d2f_40ca_bc55_66743a3b4e1a, direction=from-lport, priority=1002, match=inport == @pg_1abf0bcf_9d2f_40ca_bc55_66743a3b4e1a && ip4, action=allow-related, log=False, may_exist=True, severity=[], name=[], meter=[], external_ids={'neutron:security_group_rule_id': 'e5ec8cd0-0b7a-4e4e-ad32-fa40bedd7f84'}) {{(pid=102094) do_commit /opt/stack/data/venv/lib/python3.12/site-packages/ovsdbapp/backend/ovs_idl/transaction.py:89}}
Aug 12 01:00:29.161133 np0000188793 devstack@neutron-api.service[102094]: DEBUG ovsdbapp.backend.ovs_idl.transaction [None req-b31e94a2-4682-42b2-9651-8296f8e37687 None None] Running txn n=1 command(idx=4): PgAclAddCommand(_result=None, entity=pg_1abf0bcf_9d2f_40ca_bc55_66743a3b4e1a, direction=to-lport, priority=1002, match=outport == @pg_1abf0bcf_9d2f_40ca_bc55_66743a3b4e1a && ip4 && ip4.src == $pg_1abf0bcf_9d2f_40ca_bc55_66743a3b4e1a_ip4, action=allow-related, log=False, may_exist=True, severity=[], name=[], meter=[], external_ids={'neutron:security_group_rule_id': 'f640651a-0fac-4015-b6b5-82d6b5cd0bbe'}) {{(pid=102094) do_commit /opt/stack/data/venv/lib/python3.12/site-packages/ovsdbapp/backend/ovs_idl/transaction.py:89}}
Aug 12 01:00:29.173072 np0000188793 devstack@neutron-api.service[102094]: DEBUG neutron.plugins.ml2.drivers.ovn.mech_driver.ovsdb.ovsdb_monitor [None req-b31e94a2-4682-42b2-9651-8296f8e37687 None None] Touching Hash Ring node "9de45e666d945f9198307dec341ffbc8" from IDL notify handler {{(pid=102094) notify /opt/stack/neutron/neutron/plugins/ml2/drivers/ovn/mech_driver/ovsdb/ovsdb_monitor.py:1091}}
Aug 12 01:00:29.175134 np0000188793 devstack@neutron-api.service[102096]: DEBUG neutron.plugins.ml2.drivers.ovn.mech_driver.ovsdb.ovsdb_monitor [None req-2677a676-963c-4872-b705-eefd47e4c26d None None] Touching Hash Ring node "5dc9d53ee06a5b9c96c027fd97a4b6f4" from IDL notify handler {{(pid=102096) notify /opt/stack/neutron/neutron/plugins/ml2/drivers/ovn/mech_driver/ovsdb/ovsdb_monitor.py:1091}}
Aug 12 01:00:29.175358 np0000188793 devstack@neutron-api.service[102093]: DEBUG neutron.plugins.ml2.drivers.ovn.mech_driver.ovsdb.ovsdb_monitor [None req-6b94eee0-beb7-49d4-84f1-e692993e7d3f None None] Touching Hash Ring node "40dade7e6edf55eca85aed802f354665" from IDL notify handler {{(pid=102093) notify /opt/stack/neutron/neutron/plugins/ml2/drivers/ovn/mech_driver/ovsdb/ovsdb_monitor.py:1091}}
Aug 12 01:00:29.176943 np0000188793 devstack@neutron-api.service[102094]: DEBUG neutron.plugins.ml2.drivers.ovn.mech_driver.ovsdb.ovsdb_monitor [None req-b31e94a2-4682-42b2-9651-8296f8e37687 None None] Hash Ring: Node 9de45e666d945f9198307dec341ffbc8 (host: np0000188793) handling event "create" for row e7ead3cb-17ea-451f-965c-629fad8d3d8e (table: ACL) {{(pid=102094) notify /opt/stack/neutron/neutron/plugins/ml2/drivers/ovn/mech_driver/ovsdb/ovsdb_monitor.py:1099}}
Aug 12 01:00:29.177443 np0000188793 devstack@neutron-api.service[102095]: DEBUG neutron.plugins.ml2.drivers.ovn.mech_driver.ovsdb.ovsdb_monitor [None req-4ec4a93b-87ca-46ec-87c7-c22cb85fed09 None None] Touching Hash Ring node "2b0b2e8e606253b293e8bec389c453bf" from IDL notify handler {{(pid=102095) notify /opt/stack/neutron/neutron/plugins/ml2/drivers/ovn/mech_driver/ovsdb/ovsdb_monitor.py:1091}}
Aug 12 01:00:29.177976 np0000188793 devstack@neutron-api.service[102096]: DEBUG neutron.plugins.ml2.drivers.ovn.mech_driver.ovsdb.ovsdb_monitor [None req-2677a676-963c-4872-b705-eefd47e4c26d None None] Hash Ring: Node 5dc9d53ee06a5b9c96c027fd97a4b6f4 (host: np0000188793) handling event "create" for row 6246f3d1-8431-4b6a-a373-2ee88ba66819 (table: ACL) {{(pid=102096) notify /opt/stack/neutron/neutron/plugins/ml2/drivers/ovn/mech_driver/ovsdb/ovsdb_monitor.py:1099}}
Aug 12 01:00:29.181266 np0000188793 devstack@neutron-api.service[102095]: DEBUG neutron.plugins.ml2.drivers.ovn.mech_driver.ovsdb.ovsdb_monitor [None req-4ec4a93b-87ca-46ec-87c7-c22cb85fed09 None None] Hash Ring: Node 2b0b2e8e606253b293e8bec389c453bf (host: np0000188793) handling event "create" for row f0f2d590-dcfd-470c-bcb7-de03439b5285 (table: ACL) {{(pid=102095) notify /opt/stack/neutron/neutron/plugins/ml2/drivers/ovn/mech_driver/ovsdb/ovsdb_monitor.py:1099}}
Aug 12 01:00:29.183482 np0000188793 devstack@neutron-api.service[102093]: DEBUG neutron.plugins.ml2.drivers.ovn.mech_driver.ovsdb.ovsdb_monitor [None req-6b94eee0-beb7-49d4-84f1-e692993e7d3f None None] Hash Ring: Node 40dade7e6edf55eca85aed802f354665 (host: np0000188793) handling event "create" for row 76592ec0-f80f-498f-b944-4ca3345caea4 (table: ACL) {{(pid=102093) notify /opt/stack/neutron/neutron/plugins/ml2/drivers/ovn/mech_driver/ovsdb/ovsdb_monitor.py:1099}}
Aug 12 01:00:29.184231 np0000188793 devstack@neutron-api.service[102093]: DEBUG neutron.plugins.ml2.drivers.ovn.mech_driver.ovsdb.ovsdb_monitor [None req-6b94eee0-beb7-49d4-84f1-e692993e7d3f None None] Touching Hash Ring node "40dade7e6edf55eca85aed802f354665" from IDL notify handler {{(pid=102093) notify /opt/stack/neutron/neutron/plugins/ml2/drivers/ovn/mech_driver/ovsdb/ovsdb_monitor.py:1091}}
Aug 12 01:00:29.186739 np0000188793 devstack@neutron-api.service[102093]: DEBUG neutron.plugins.ml2.drivers.ovn.mech_driver.ovsdb.ovsdb_monitor [None req-6b94eee0-beb7-49d4-84f1-e692993e7d3f None None] Hash Ring: Node 40dade7e6edf55eca85aed802f354665 (host: np0000188793) handling event "create" for row 113498ca-45a5-4fa0-9bfe-da639a8f2dcf (table: Port_Group) {{(pid=102093) notify /opt/stack/neutron/neutron/plugins/ml2/drivers/ovn/mech_driver/ovsdb/ovsdb_monitor.py:1099}}
Aug 12 01:00:29.197345 np0000188793 devstack@neutron-api.service[102094]: INFO neutron.db.ovn_revision_numbers_db [None req-cf12228f-6df0-435b-81d4-8f9de899af02 demo demo] Successfully bumped revision number for resource 1abf0bcf-9d2f-40ca-bc55-66743a3b4e1a (type: security_groups) to 1
Aug 12 01:00:29.210337 np0000188793 devstack@neutron-api.service[102094]: INFO neutron.db.ovn_revision_numbers_db [None req-cf12228f-6df0-435b-81d4-8f9de899af02 demo demo] Successfully bumped revision number for resource 8dd77994-011f-493e-93df-fa3323ca014e (type: security_group_rules) to 0
Aug 12 01:00:29.223066 np0000188793 devstack@neutron-api.service[102094]: INFO neutron.db.ovn_revision_numbers_db [None req-cf12228f-6df0-435b-81d4-8f9de899af02 demo demo] Successfully bumped revision number for resource a01527fd-6313-4b29-ad62-d6a076e1807e (type: security_group_rules) to 0
Aug 12 01:00:29.236804 np0000188793 devstack@neutron-api.service[102094]: INFO neutron.db.ovn_revision_numbers_db [None req-cf12228f-6df0-435b-81d4-8f9de899af02 demo demo] Successfully bumped revision number for resource e5ec8cd0-0b7a-4e4e-ad32-fa40bedd7f84 (type: security_group_rules) to 0
Aug 12 01:00:29.249919 np0000188793 devstack@neutron-api.service[102094]: INFO neutron.db.ovn_revision_numbers_db [None req-cf12228f-6df0-435b-81d4-8f9de899af02 demo demo] Successfully bumped revision number for resource f640651a-0fac-4015-b6b5-82d6b5cd0bbe (type: security_group_rules) to 0
Aug 12 01:00:29.284743 np0000188793 devstack@neutron-api.service[102094]: DEBUG neutron.api.rpc.handlers.resources_rpc [None req-cf12228f-6df0-435b-81d4-8f9de899af02 demo demo] Pushing event updated for resources: {'SecurityGroup': ['ID=1abf0bcf-9d2f-40ca-bc55-66743a3b4e1a,revision_number=1']} {{(pid=102094) push /opt/stack/neutron/neutron/api/rpc/handlers/resources_rpc.py:237}}
Aug 12 01:00:29.326949 np0000188793 devstack@neutron-api.service[102094]: DEBUG neutron.plugins.ml2.drivers.helpers [None req-cf12228f-6df0-435b-81d4-8f9de899af02 demo demo] geneve segment allocate from pool success with {'geneve_vni': 24435} {{(pid=102094) allocate_partially_specified_segment /opt/stack/neutron/neutron/plugins/ml2/drivers/helpers.py:142}}
Aug 12 01:00:29.333265 np0000188793 devstack@neutron-api.service[102094]: DEBUG neutron_lib.callbacks.manager [None req-cf12228f-6df0-435b-81d4-8f9de899af02 demo demo] Publish callbacks ['neutron.services.segments.db._add_segment_host_mapping_for_segment-7716101993362', 'neutron.plugins.ml2.plugin.Ml2Plugin._handle_segment_change-294360'] for segment (a286d342-4852-458c-af5f-af2427bbd58c), precommit_create {{(pid=102094) _notify_loop /opt/stack/data/venv/lib/python3.12/site-packages/neutron_lib/callbacks/manager.py:184}}
Aug 12 01:00:29.333460 np0000188793 devstack@neutron-api.service[102094]: INFO neutron.db.segments_db [None req-cf12228f-6df0-435b-81d4-8f9de899af02 demo demo] Added segment a286d342-4852-458c-af5f-af2427bbd58c of type geneve for network 9efdf410-b9a1-4fd2-9b06-3406a175e303
Aug 12 01:00:29.345041 np0000188793 devstack@neutron-api.service[102094]: DEBUG neutron_lib.callbacks.manager [None req-cf12228f-6df0-435b-81d4-8f9de899af02 demo demo] Publish callbacks ['neutron.services.auto_allocate.db._ensure_external_network_default_value_callback-7716100360936'] for network (9efdf410-b9a1-4fd2-9b06-3406a175e303), precommit_create {{(pid=102094) _notify_loop /opt/stack/data/venv/lib/python3.12/site-packages/neutron_lib/callbacks/manager.py:184}}
Aug 12 01:00:29.353344 np0000188793 devstack@neutron-api.service[102094]: DEBUG neutron.plugins.ml2.drivers.ovn.mech_driver.mech_driver [None req-cf12228f-6df0-435b-81d4-8f9de899af02 demo demo] Validating network segment with type geneve, segmentation ID 24435, physical network None {{(pid=102094) _validate_network_segments /opt/stack/neutron/neutron/plugins/ml2/drivers/ovn/mech_driver/mech_driver.py:624}}
Aug 12 01:00:29.353501 np0000188793 devstack@neutron-api.service[102094]: DEBUG neutron.db.ovn_revision_numbers_db [None req-cf12228f-6df0-435b-81d4-8f9de899af02 demo demo] create_initial_revision uuid=9efdf410-b9a1-4fd2-9b06-3406a175e303, type=networks, rev=-1 {{(pid=102094) create_initial_revision /opt/stack/neutron/neutron/db/ovn_revision_numbers_db.py:98}}
Aug 12 01:00:29.362782 np0000188793 devstack@neutron-api.service[102094]: DEBUG neutron_lib.callbacks.manager [None req-cf12228f-6df0-435b-81d4-8f9de899af02 demo demo] Publish callbacks ['neutron.plugins.ml2.ovo_rpc._ObjectChangeHandler.handle_event-830941'] for network (9efdf410-b9a1-4fd2-9b06-3406a175e303), after_create {{(pid=102094) _notify_loop /opt/stack/data/venv/lib/python3.12/site-packages/neutron_lib/callbacks/manager.py:184}}
Aug 12 01:00:29.391988 np0000188793 devstack@neutron-api.service[102094]: DEBUG neutron.api.rpc.handlers.resources_rpc [None req-cf12228f-6df0-435b-81d4-8f9de899af02 demo demo] Pushing event updated for resources: {'Network': ['ID=9efdf410-b9a1-4fd2-9b06-3406a175e303,revision_number=1']} {{(pid=102094) push /opt/stack/neutron/neutron/api/rpc/handlers/resources_rpc.py:237}}
Aug 12 01:00:29.400621 np0000188793 devstack@neutron-api.service[102094]: DEBUG ovsdbapp.backend.ovs_idl.transaction [None req-b31e94a2-4682-42b2-9651-8296f8e37687 None None] Running txn n=1 command(idx=0): AddNetworkCommand(_result=None, network_uuid=9efdf410-b9a1-4fd2-9b06-3406a175e303, may_exist=True, columns={'external_ids': {'neutron:network_name': 'k8s-clusterapi-cluster-magnum-system-kube-nf0g2', 'neutron:mtu': '1372', 'neutron:revision_number': '1', 'neutron:availability_zone_hints': '', 'neutron:provnet-network-type': 'geneve'}, 'other_config': {'mcast_snoop': 'false', 'mcast_flood_unregistered': 'false', 'vlan-passthru': 'false'}}) {{(pid=102094) do_commit /opt/stack/data/venv/lib/python3.12/site-packages/ovsdbapp/backend/ovs_idl/transaction.py:89}}
Aug 12 01:00:29.411628 np0000188793 devstack@neutron-api.service[102096]: DEBUG neutron.plugins.ml2.drivers.ovn.mech_driver.ovsdb.ovsdb_monitor [None req-2677a676-963c-4872-b705-eefd47e4c26d None None] Touching Hash Ring node "5dc9d53ee06a5b9c96c027fd97a4b6f4" from IDL notify handler {{(pid=102096) notify /opt/stack/neutron/neutron/plugins/ml2/drivers/ovn/mech_driver/ovsdb/ovsdb_monitor.py:1091}}
Aug 12 01:00:29.414630 np0000188793 devstack@neutron-api.service[102096]: DEBUG neutron.plugins.ml2.drivers.ovn.mech_driver.ovsdb.ovsdb_monitor [None req-2677a676-963c-4872-b705-eefd47e4c26d None None] Hash Ring: Node 5dc9d53ee06a5b9c96c027fd97a4b6f4 (host: np0000188793) handling event "create" for row 9efdf410-b9a1-4fd2-9b06-3406a175e303 (table: Logical_Switch) {{(pid=102096) notify /opt/stack/neutron/neutron/plugins/ml2/drivers/ovn/mech_driver/ovsdb/ovsdb_monitor.py:1099}}
Aug 12 01:00:29.416447 np0000188793 devstack@neutron-api.service[102094]: DEBUG neutron.plugins.ml2.drivers.ovn.mech_driver.ovsdb.ovsdb_monitor [None req-33d002c5-b89e-43f7-9424-405470ded664 None None] Touching Hash Ring node "9de45e666d945f9198307dec341ffbc8" from IDL notify handler {{(pid=102094) notify /opt/stack/neutron/neutron/plugins/ml2/drivers/ovn/mech_driver/ovsdb/ovsdb_monitor.py:1091}}
Aug 12 01:00:29.421949 np0000188793 devstack@neutron-api.service[102094]: DEBUG neutron.plugins.ml2.drivers.ovn.mech_driver.ovsdb.ovsdb_monitor [None req-33d002c5-b89e-43f7-9424-405470ded664 None None] Hash Ring: Node 9de45e666d945f9198307dec341ffbc8 (host: np0000188793) handling event "create" for row 96121f5f-b1fe-41f0-af76-d90b1da75509 (table: Datapath_Binding) {{(pid=102094) notify /opt/stack/neutron/neutron/plugins/ml2/drivers/ovn/mech_driver/ovsdb/ovsdb_monitor.py:1099}}
Aug 12 01:00:29.433325 np0000188793 devstack@neutron-api.service[102094]: INFO neutron.db.ovn_revision_numbers_db [None req-cf12228f-6df0-435b-81d4-8f9de899af02 demo demo] Successfully bumped revision number for resource 9efdf410-b9a1-4fd2-9b06-3406a175e303 (type: networks) to 1
Aug 12 01:00:29.488432 np0000188793 devstack@neutron-api.service[102094]: DEBUG neutron_lib.callbacks.manager [None req-cf12228f-6df0-435b-81d4-8f9de899af02 demo demo] Publish callbacks ['neutron.plugins.ml2.plugin.SecurityGroupDbMixin._ensure_default_security_group_handler-240922'] for port (None), before_create {{(pid=102094) _notify_loop /opt/stack/data/venv/lib/python3.12/site-packages/neutron_lib/callbacks/manager.py:184}}
Aug 12 01:00:29.591626 np0000188793 devstack@neutron-api.service[102094]: DEBUG neutron_lib.callbacks.manager [None req-cf12228f-6df0-435b-81d4-8f9de899af02 demo demo] Publish callbacks ['neutron.plugins.ml2.drivers.ovn.mech_driver.mech_driver.OVNMechanismDriver._validate_allowed_address_pairs-16719923'] for allowed_address_pair (827366af-12ba-4d0f-be21-6f9902a9999c), before_create {{(pid=102094) _notify_loop /opt/stack/data/venv/lib/python3.12/site-packages/neutron_lib/callbacks/manager.py:184}}
Aug 12 01:00:29.592005 np0000188793 devstack@neutron-api.service[102094]: DEBUG neutron_lib.callbacks.manager [None req-cf12228f-6df0-435b-81d4-8f9de899af02 demo demo] Publish callbacks [] for port (827366af-12ba-4d0f-be21-6f9902a9999c), precommit_create {{(pid=102094) _notify_loop /opt/stack/data/venv/lib/python3.12/site-packages/neutron_lib/callbacks/manager.py:184}}
Aug 12 01:00:29.592136 np0000188793 devstack@neutron-api.service[102094]: DEBUG neutron.plugins.ml2.drivers.ovn.mech_driver.mech_driver [None req-cf12228f-6df0-435b-81d4-8f9de899af02 demo demo] No provisioning block for port 827366af-12ba-4d0f-be21-6f9902a9999c since it does not have a host {{(pid=102094) _is_port_provisioning_required /opt/stack/neutron/neutron/plugins/ml2/drivers/ovn/mech_driver/mech_driver.py:877}}
Aug 12 01:00:29.592236 np0000188793 devstack@neutron-api.service[102094]: DEBUG neutron.db.ovn_revision_numbers_db [None req-cf12228f-6df0-435b-81d4-8f9de899af02 demo demo] create_initial_revision uuid=827366af-12ba-4d0f-be21-6f9902a9999c, type=ports, rev=-1 {{(pid=102094) create_initial_revision /opt/stack/neutron/neutron/db/ovn_revision_numbers_db.py:98}}
Aug 12 01:00:29.675839 np0000188793 devstack@neutron-api.service[102094]: DEBUG neutron_lib.callbacks.manager [None req-cf12228f-6df0-435b-81d4-8f9de899af02 demo demo] Publish callbacks ['neutron.plugins.ml2.ovo_rpc._ObjectChangeHandler.handle_event-15617032'] for port (827366af-12ba-4d0f-be21-6f9902a9999c), after_create {{(pid=102094) _notify_loop /opt/stack/data/venv/lib/python3.12/site-packages/neutron_lib/callbacks/manager.py:184}}
Aug 12 01:00:29.724065 np0000188793 devstack@neutron-api.service[102094]: DEBUG neutron.api.rpc.handlers.resources_rpc [None req-cf12228f-6df0-435b-81d4-8f9de899af02 demo demo] Pushing event updated for resources: {'Port': ['ID=827366af-12ba-4d0f-be21-6f9902a9999c,revision_number=1']} {{(pid=102094) push /opt/stack/neutron/neutron/api/rpc/handlers/resources_rpc.py:237}}
Aug 12 01:00:29.729199 np0000188793 devstack@neutron-api.service[102094]: DEBUG neutron.plugins.ml2.drivers.ovn.mech_driver.ovsdb.commands [None req-cf12228f-6df0-435b-81d4-8f9de899af02 demo demo] Converting tag [] to a tag_request {{(pid=102094) _tag_column_to_tag_request /opt/stack/neutron/neutron/plugins/ml2/drivers/ovn/mech_driver/ovsdb/commands.py:227}}
Aug 12 01:00:29.730093 np0000188793 devstack@neutron-api.service[102094]: DEBUG ovsdbapp.backend.ovs_idl.transaction [None req-b31e94a2-4682-42b2-9651-8296f8e37687 None None] Running txn n=1 command(idx=0): AddLSwitchPortCommand(_result=None, lport=827366af-12ba-4d0f-be21-6f9902a9999c, lswitch=neutron-9efdf410-b9a1-4fd2-9b06-3406a175e303, may_exist=True, network_uuid=9efdf410-b9a1-4fd2-9b06-3406a175e303, columns={'addresses': ['fa:16:3e:43:bf:0f'], 'external_ids': {'neutron:port_name': '', 'neutron:device_id': 'ovnmeta-9efdf410-b9a1-4fd2-9b06-3406a175e303', 'neutron:project_id': 'a239126de1e04d3893be1e8cd330542c', 'neutron:cidrs': '', 'neutron:device_owner': 'network:distributed', 'neutron:subnet_pool_addr_scope4': '', 'neutron:subnet_pool_addr_scope6': '', 'neutron:network_name': 'neutron-9efdf410-b9a1-4fd2-9b06-3406a175e303', 'neutron:security_group_ids': '', 'neutron:revision_number': '1', 'neutron:vnic_type': 'normal', 'neutron:port_capabilities': '', 'neutron:mtu': '1372'}, 'parent_name': [], 'enabled': True, 'options': {}, 'type': 'localport', 'port_security': [], 'dhcpv4_options': [], 'dhcpv6_options': [], 'tag_request': []}) {{(pid=102094) do_commit /opt/stack/data/venv/lib/python3.12/site-packages/ovsdbapp/backend/ovs_idl/transaction.py:89}}
Aug 12 01:00:29.730735 np0000188793 devstack@neutron-api.service[102094]: DEBUG ovsdbapp.backend.ovs_idl.transaction [None req-b31e94a2-4682-42b2-9651-8296f8e37687 None None] Running txn n=1 command(idx=1): QoSDelCommand(_result=None, switch=neutron-9efdf410-b9a1-4fd2-9b06-3406a175e303, conditions=[('direction', '=', 'to-lport'), ('priority', '=', 2002), ('match', '=', 'outport == "827366af-12ba-4d0f-be21-6f9902a9999c"')], if_exists=True) {{(pid=102094) do_commit /opt/stack/data/venv/lib/python3.12/site-packages/ovsdbapp/backend/ovs_idl/transaction.py:89}}
Aug 12 01:00:29.730995 np0000188793 devstack@neutron-api.service[102094]: DEBUG ovsdbapp.backend.ovs_idl.transaction [None req-b31e94a2-4682-42b2-9651-8296f8e37687 None None] Running txn n=1 command(idx=2): QoSDelCommand(_result=None, switch=neutron-9efdf410-b9a1-4fd2-9b06-3406a175e303, conditions=[('direction', '=', 'from-lport'), ('priority', '=', 2002), ('match', '=', 'inport == "827366af-12ba-4d0f-be21-6f9902a9999c"')], if_exists=True) {{(pid=102094) do_commit /opt/stack/data/venv/lib/python3.12/site-packages/ovsdbapp/backend/ovs_idl/transaction.py:89}}
Aug 12 01:00:29.740909 np0000188793 devstack@neutron-api.service[102096]: DEBUG neutron.plugins.ml2.drivers.ovn.mech_driver.ovsdb.ovsdb_monitor [None req-2677a676-963c-4872-b705-eefd47e4c26d None None] Touching Hash Ring node "5dc9d53ee06a5b9c96c027fd97a4b6f4" from IDL notify handler {{(pid=102096) notify /opt/stack/neutron/neutron/plugins/ml2/drivers/ovn/mech_driver/ovsdb/ovsdb_monitor.py:1091}}
Aug 12 01:00:29.741060 np0000188793 devstack@neutron-api.service[102095]: DEBUG neutron.plugins.ml2.drivers.ovn.mech_driver.ovsdb.ovsdb_monitor [None req-4ec4a93b-87ca-46ec-87c7-c22cb85fed09 None None] Touching Hash Ring node "2b0b2e8e606253b293e8bec389c453bf" from IDL notify handler {{(pid=102095) notify /opt/stack/neutron/neutron/plugins/ml2/drivers/ovn/mech_driver/ovsdb/ovsdb_monitor.py:1091}}
Aug 12 01:00:29.749492 np0000188793 devstack@neutron-api.service[102095]: DEBUG neutron.plugins.ml2.drivers.ovn.mech_driver.ovsdb.ovsdb_monitor [None req-76e470a2-b936-4a9f-b37a-43c990ced1b6 None None] Touching Hash Ring node "2b0b2e8e606253b293e8bec389c453bf" from IDL notify handler {{(pid=102095) notify /opt/stack/neutron/neutron/plugins/ml2/drivers/ovn/mech_driver/ovsdb/ovsdb_monitor.py:1091}}
Aug 12 01:00:29.753411 np0000188793 devstack@neutron-api.service[102096]: DEBUG neutron.plugins.ml2.drivers.ovn.mech_driver.ovsdb.ovsdb_monitor [None req-2677a676-963c-4872-b705-eefd47e4c26d None None] Hash Ring: Node 5dc9d53ee06a5b9c96c027fd97a4b6f4 (host: np0000188793) handling event "update" for row 9efdf410-b9a1-4fd2-9b06-3406a175e303 (table: Logical_Switch) {{(pid=102096) notify /opt/stack/neutron/neutron/plugins/ml2/drivers/ovn/mech_driver/ovsdb/ovsdb_monitor.py:1099}}
Aug 12 01:00:29.753953 np0000188793 devstack@neutron-api.service[102095]: DEBUG neutron.plugins.ml2.drivers.ovn.mech_driver.ovsdb.ovsdb_monitor [None req-4ec4a93b-87ca-46ec-87c7-c22cb85fed09 None None] Hash Ring: Node 2b0b2e8e606253b293e8bec389c453bf (host: np0000188793) handling event "create" for row 11c84feb-444a-4974-b99d-01a380011a51 (table: Logical_Switch_Port) {{(pid=102095) notify /opt/stack/neutron/neutron/plugins/ml2/drivers/ovn/mech_driver/ovsdb/ovsdb_monitor.py:1099}}
