Apr 18 18:05:38.892218 np0000167499 neutron-periodic-workers[106209]: DEBUG cotyledon.oslo_config_glue [-] ml2.overlay_ip_version = 4 {{(pid=106209) log_opt_values /opt/stack/data/venv/lib/python3.12/site-packages/oslo_config/cfg.py:3006}}
Apr 18 18:05:38.892218 np0000167499 neutron-periodic-workers[106209]: DEBUG cotyledon.oslo_config_glue [-] ml2.path_mtu = 0 {{(pid=106209) log_opt_values /opt/stack/data/venv/lib/python3.12/site-packages/oslo_config/cfg.py:3006}}
Apr 18 18:05:38.892218 np0000167499 neutron-periodic-workers[106209]: DEBUG cotyledon.oslo_config_glue [-] ml2.physical_network_mtus = {} {{(pid=106209) log_opt_values /opt/stack/data/venv/lib/python3.12/site-packages/oslo_config/cfg.py:3006}}
Apr 18 18:05:38.892218 np0000167499 neutron-periodic-workers[106209]: DEBUG cotyledon.oslo_config_glue [-] ml2.project_network_types = ['geneve'] {{(pid=106209) log_opt_values /opt/stack/data/venv/lib/python3.12/site-packages/oslo_config/cfg.py:3006}}
Apr 18 18:05:38.892218 np0000167499 neutron-periodic-workers[106209]: DEBUG cotyledon.oslo_config_glue [-] ml2.tunnelled_network_rp_name = rp_tunnelled {{(pid=106209) log_opt_values /opt/stack/data/venv/lib/python3.12/site-packages/oslo_config/cfg.py:3006}}
Apr 18 18:05:38.892218 np0000167499 neutron-periodic-workers[106209]: DEBUG cotyledon.oslo_config_glue [-] ml2.type_drivers = ['local', 'flat', 'vlan', 'geneve'] {{(pid=106209) log_opt_values /opt/stack/data/venv/lib/python3.12/site-packages/oslo_config/cfg.py:3006}}
Apr 18 18:05:38.892218 np0000167499 neutron-periodic-workers[106209]: DEBUG cotyledon.oslo_config_glue [-] ml2_type_flat.flat_networks = ['public'] {{(pid=106209) log_opt_values /opt/stack/data/venv/lib/python3.12/site-packages/oslo_config/cfg.py:3006}}
Apr 18 18:05:38.892218 np0000167499 neutron-periodic-workers[106209]: DEBUG cotyledon.oslo_config_glue [-] ml2_type_geneve.max_header_size = 38 {{(pid=106209) log_opt_values /opt/stack/data/venv/lib/python3.12/site-packages/oslo_config/cfg.py:3006}}
Apr 18 18:05:38.892533 np0000167499 neutron-periodic-workers[106209]: DEBUG cotyledon.oslo_config_glue [-] ml2_type_geneve.vni_ranges = ['1:65536'] {{(pid=106209) log_opt_values /opt/stack/data/venv/lib/python3.12/site-packages/oslo_config/cfg.py:3006}}
Apr 18 18:05:38.892533 np0000167499 neutron-periodic-workers[106209]: DEBUG cotyledon.oslo_config_glue [-] ml2_type_vlan.network_vlan_ranges = ['public'] {{(pid=106209) log_opt_values /opt/stack/data/venv/lib/python3.12/site-packages/oslo_config/cfg.py:3006}}
Apr 18 18:05:38.892533 np0000167499 neutron-periodic-workers[106209]: DEBUG cotyledon.oslo_config_glue [-] network_log.burst_limit = 25 {{(pid=106209) log_opt_values /opt/stack/data/venv/lib/python3.12/site-packages/oslo_config/cfg.py:3006}}
Apr 18 18:05:38.892533 np0000167499 neutron-periodic-workers[106209]: DEBUG cotyledon.oslo_config_glue [-] network_log.local_output_log_base = None {{(pid=106209) log_opt_values /opt/stack/data/venv/lib/python3.12/site-packages/oslo_config/cfg.py:3006}}
Apr 18 18:05:38.892533 np0000167499 neutron-periodic-workers[106209]: DEBUG cotyledon.oslo_config_glue [-] network_log.rate_limit = 100 {{(pid=106209) log_opt_values /opt/stack/data/venv/lib/python3.12/site-packages/oslo_config/cfg.py:3006}}
Apr 18 18:05:38.892533 np0000167499 neutron-periodic-workers[106209]: DEBUG cotyledon.oslo_config_glue [-] database.asyncio_connection = **** {{(pid=106209) log_opt_values /opt/stack/data/venv/lib/python3.12/site-packages/oslo_config/cfg.py:3006}}
Apr 18 18:05:38.892533 np0000167499 neutron-periodic-workers[106209]: DEBUG cotyledon.oslo_config_glue [-] database.asyncio_slave_connection = **** {{(pid=106209) log_opt_values /opt/stack/data/venv/lib/python3.12/site-packages/oslo_config/cfg.py:3006}}
Apr 18 18:05:38.892533 np0000167499 neutron-periodic-workers[106209]: DEBUG cotyledon.oslo_config_glue [-] database.backend = sqlalchemy {{(pid=106209) log_opt_values /opt/stack/data/venv/lib/python3.12/site-packages/oslo_config/cfg.py:3006}}
Apr 18 18:05:38.892533 np0000167499 neutron-periodic-workers[106209]: DEBUG cotyledon.oslo_config_glue [-] database.connection = **** {{(pid=106209) log_opt_values /opt/stack/data/venv/lib/python3.12/site-packages/oslo_config/cfg.py:3006}}
Apr 18 18:05:38.892791 np0000167499 neutron-periodic-workers[106209]: DEBUG cotyledon.oslo_config_glue [-] database.connection_debug = 0 {{(pid=106209) log_opt_values /opt/stack/data/venv/lib/python3.12/site-packages/oslo_config/cfg.py:3006}}
Apr 18 18:05:38.892791 np0000167499 neutron-periodic-workers[106209]: DEBUG cotyledon.oslo_config_glue [-] database.connection_parameters = {{(pid=106209) log_opt_values /opt/stack/data/venv/lib/python3.12/site-packages/oslo_config/cfg.py:3006}}
Apr 18 18:05:38.892791 np0000167499 neutron-periodic-workers[106209]: DEBUG cotyledon.oslo_config_glue [-] database.connection_recycle_time = 3600 {{(pid=106209) log_opt_values /opt/stack/data/venv/lib/python3.12/site-packages/oslo_config/cfg.py:3006}}
Apr 18 18:05:38.892791 np0000167499 neutron-periodic-workers[106209]: DEBUG cotyledon.oslo_config_glue [-] database.connection_trace = False {{(pid=106209) log_opt_values /opt/stack/data/venv/lib/python3.12/site-packages/oslo_config/cfg.py:3006}}
Apr 18 18:05:38.892791 np0000167499 neutron-periodic-workers[106209]: DEBUG cotyledon.oslo_config_glue [-] database.db_inc_retry_interval = True {{(pid=106209) log_opt_values /opt/stack/data/venv/lib/python3.12/site-packages/oslo_config/cfg.py:3006}}
Apr 18 18:05:38.892791 np0000167499 neutron-periodic-workers[106209]: DEBUG cotyledon.oslo_config_glue [-] database.db_max_retries = 20 {{(pid=106209) log_opt_values /opt/stack/data/venv/lib/python3.12/site-packages/oslo_config/cfg.py:3006}}
Apr 18 18:05:38.892791 np0000167499 neutron-periodic-workers[106209]: DEBUG cotyledon.oslo_config_glue [-] database.db_max_retry_interval = 10 {{(pid=106209) log_opt_values /opt/stack/data/venv/lib/python3.12/site-packages/oslo_config/cfg.py:3006}}
Apr 18 18:05:38.892791 np0000167499 neutron-periodic-workers[106209]: DEBUG cotyledon.oslo_config_glue [-] database.db_retry_interval = 1 {{(pid=106209) log_opt_values /opt/stack/data/venv/lib/python3.12/site-packages/oslo_config/cfg.py:3006}}
Apr 18 18:05:38.892791 np0000167499 neutron-periodic-workers[106209]: DEBUG cotyledon.oslo_config_glue [-] database.max_overflow = 50 {{(pid=106209) log_opt_values /opt/stack/data/venv/lib/python3.12/site-packages/oslo_config/cfg.py:3006}}
Apr 18 18:05:38.893036 np0000167499 neutron-periodic-workers[106209]: DEBUG cotyledon.oslo_config_glue [-] database.max_pool_size = 5 {{(pid=106209) log_opt_values /opt/stack/data/venv/lib/python3.12/site-packages/oslo_config/cfg.py:3006}}
Apr 18 18:05:38.893036 np0000167499 neutron-periodic-workers[106209]: DEBUG cotyledon.oslo_config_glue [-] database.max_retries = 10 {{(pid=106209) log_opt_values /opt/stack/data/venv/lib/python3.12/site-packages/oslo_config/cfg.py:3006}}
Apr 18 18:05:38.893036 np0000167499 neutron-periodic-workers[106209]: DEBUG cotyledon.oslo_config_glue [-] database.mysql_sql_mode = TRADITIONAL {{(pid=106209) log_opt_values /opt/stack/data/venv/lib/python3.12/site-packages/oslo_config/cfg.py:3006}}
Apr 18 18:05:38.893036 np0000167499 neutron-periodic-workers[106209]: DEBUG cotyledon.oslo_config_glue [-] database.mysql_wsrep_sync_wait = None {{(pid=106209) log_opt_values /opt/stack/data/venv/lib/python3.12/site-packages/oslo_config/cfg.py:3006}}
Apr 18 18:05:38.893036 np0000167499 neutron-periodic-workers[106209]: DEBUG cotyledon.oslo_config_glue [-] database.pool_timeout = None {{(pid=106209) log_opt_values /opt/stack/data/venv/lib/python3.12/site-packages/oslo_config/cfg.py:3006}}
Apr 18 18:05:38.893036 np0000167499 neutron-periodic-workers[106209]: DEBUG cotyledon.oslo_config_glue [-] database.retry_interval = 10 {{(pid=106209) log_opt_values /opt/stack/data/venv/lib/python3.12/site-packages/oslo_config/cfg.py:3006}}
Apr 18 18:05:38.893036 np0000167499 neutron-periodic-workers[106209]: DEBUG cotyledon.oslo_config_glue [-] database.slave_connection = **** {{(pid=106209) log_opt_values /opt/stack/data/venv/lib/python3.12/site-packages/oslo_config/cfg.py:3006}}
Apr 18 18:05:38.893036 np0000167499 neutron-periodic-workers[106209]: DEBUG cotyledon.oslo_config_glue [-] database.sqlite_synchronous = True {{(pid=106209) log_opt_values /opt/stack/data/venv/lib/python3.12/site-packages/oslo_config/cfg.py:3006}}
Apr 18 18:05:38.893036 np0000167499 neutron-periodic-workers[106209]: DEBUG cotyledon.oslo_config_glue [-] database.synchronous_reader = True {{(pid=106209) log_opt_values /opt/stack/data/venv/lib/python3.12/site-packages/oslo_config/cfg.py:3006}}
Apr 18 18:05:38.893271 np0000167499 neutron-periodic-workers[106209]: DEBUG cotyledon.oslo_config_glue [-] database.use_db_reconnect = False {{(pid=106209) log_opt_values /opt/stack/data/venv/lib/python3.12/site-packages/oslo_config/cfg.py:3006}}
Apr 18 18:05:38.893271 np0000167499 neutron-periodic-workers[106209]: DEBUG cotyledon.oslo_config_glue [-] ovn.bfd_min_rx = 1000 {{(pid=106209) log_opt_values /opt/stack/data/venv/lib/python3.12/site-packages/oslo_config/cfg.py:3006}}
Apr 18 18:05:38.893271 np0000167499 neutron-periodic-workers[106209]: DEBUG cotyledon.oslo_config_glue [-] ovn.bfd_min_tx = 100 {{(pid=106209) log_opt_values /opt/stack/data/venv/lib/python3.12/site-packages/oslo_config/cfg.py:3006}}
Apr 18 18:05:38.893271 np0000167499 neutron-periodic-workers[106209]: DEBUG cotyledon.oslo_config_glue [-] ovn.bfd_mult = 3 {{(pid=106209) log_opt_values /opt/stack/data/venv/lib/python3.12/site-packages/oslo_config/cfg.py:3006}}
Apr 18 18:05:38.893271 np0000167499 neutron-periodic-workers[106209]: DEBUG cotyledon.oslo_config_glue [-] ovn.broadcast_arps_to_all_routers = True {{(pid=106209) log_opt_values /opt/stack/data/venv/lib/python3.12/site-packages/oslo_config/cfg.py:3006}}
Apr 18 18:05:38.893271 np0000167499 neutron-periodic-workers[106209]: DEBUG cotyledon.oslo_config_glue [-] ovn.dhcp_default_lease_time = 43200 {{(pid=106209) log_opt_values /opt/stack/data/venv/lib/python3.12/site-packages/oslo_config/cfg.py:3006}}
Apr 18 18:05:38.893271 np0000167499 neutron-periodic-workers[106209]: DEBUG cotyledon.oslo_config_glue [-] ovn.disable_ovn_dhcp_for_baremetal_ports = False {{(pid=106209) log_opt_values /opt/stack/data/venv/lib/python3.12/site-packages/oslo_config/cfg.py:3006}}
Apr 18 18:05:38.893271 np0000167499 neutron-periodic-workers[106209]: DEBUG cotyledon.oslo_config_glue [-] ovn.dns_records_ovn_owned = False {{(pid=106209) log_opt_values /opt/stack/data/venv/lib/python3.12/site-packages/oslo_config/cfg.py:3006}}
Apr 18 18:05:38.893271 np0000167499 neutron-periodic-workers[106209]: DEBUG cotyledon.oslo_config_glue [-] ovn.dns_servers = [] {{(pid=106209) log_opt_values /opt/stack/data/venv/lib/python3.12/site-packages/oslo_config/cfg.py:3006}}
Apr 18 18:05:38.893622 np0000167499 neutron-periodic-workers[106209]: DEBUG cotyledon.oslo_config_glue [-] ovn.enable_distributed_floating_ip = False {{(pid=106209) log_opt_values /opt/stack/data/venv/lib/python3.12/site-packages/oslo_config/cfg.py:3006}}
Apr 18 18:05:38.893622 np0000167499 neutron-periodic-workers[106209]: DEBUG cotyledon.oslo_config_glue [-] ovn.fdb_age_threshold = 300 {{(pid=106209) log_opt_values /opt/stack/data/venv/lib/python3.12/site-packages/oslo_config/cfg.py:3006}}
Apr 18 18:05:38.893622 np0000167499 neutron-periodic-workers[106209]: DEBUG cotyledon.oslo_config_glue [-] ovn.ha_failover_strategy = normal {{(pid=106209) log_opt_values /opt/stack/data/venv/lib/python3.12/site-packages/oslo_config/cfg.py:3006}}
Apr 18 18:05:38.893622 np0000167499 neutron-periodic-workers[106209]: DEBUG cotyledon.oslo_config_glue [-] ovn.live_migration_activation_strategy = rarp {{(pid=106209) log_opt_values /opt/stack/data/venv/lib/python3.12/site-packages/oslo_config/cfg.py:3006}}
Apr 18 18:05:38.893622 np0000167499 neutron-periodic-workers[106209]: DEBUG cotyledon.oslo_config_glue [-] ovn.localnet_learn_fdb = False {{(pid=106209) log_opt_values /opt/stack/data/venv/lib/python3.12/site-packages/oslo_config/cfg.py:3006}}
Apr 18 18:05:38.893622 np0000167499 neutron-periodic-workers[106209]: DEBUG cotyledon.oslo_config_glue [-] ovn.mac_binding_age_threshold = 300 {{(pid=106209) log_opt_values /opt/stack/data/venv/lib/python3.12/site-packages/oslo_config/cfg.py:3006}}
Apr 18 18:05:38.893622 np0000167499 neutron-periodic-workers[106209]: DEBUG cotyledon.oslo_config_glue [-] ovn.neutron_sync_mode = log {{(pid=106209) log_opt_values /opt/stack/data/venv/lib/python3.12/site-packages/oslo_config/cfg.py:3006}}
Apr 18 18:05:38.893622 np0000167499 neutron-periodic-workers[106209]: DEBUG cotyledon.oslo_config_glue [-] ovn.ovn_dhcp4_global_options = {} {{(pid=106209) log_opt_values /opt/stack/data/venv/lib/python3.12/site-packages/oslo_config/cfg.py:3006}}
Apr 18 18:05:38.893622 np0000167499 neutron-periodic-workers[106209]: DEBUG cotyledon.oslo_config_glue [-] ovn.ovn_dhcp6_global_options = {} {{(pid=106209) log_opt_values /opt/stack/data/venv/lib/python3.12/site-packages/oslo_config/cfg.py:3006}}
Apr 18 18:05:38.893879 np0000167499 neutron-periodic-workers[106209]: DEBUG cotyledon.oslo_config_glue [-] ovn.ovn_l3_scheduler = leastloaded {{(pid=106209) log_opt_values /opt/stack/data/venv/lib/python3.12/site-packages/oslo_config/cfg.py:3006}}
Apr 18 18:05:38.893879 np0000167499 neutron-periodic-workers[106209]: DEBUG cotyledon.oslo_config_glue [-] ovn.ovn_metadata_enabled = True {{(pid=106209) log_opt_values /opt/stack/data/venv/lib/python3.12/site-packages/oslo_config/cfg.py:3006}}
Apr 18 18:05:38.893879 np0000167499 neutron-periodic-workers[106209]: DEBUG cotyledon.oslo_config_glue [-] ovn.ovn_nb_ca_cert = /opt/stack/data/CA/int-ca/ca-chain.pem {{(pid=106209) log_opt_values /opt/stack/data/venv/lib/python3.12/site-packages/oslo_config/cfg.py:3006}}
Apr 18 18:05:38.893879 np0000167499 neutron-periodic-workers[106209]: DEBUG cotyledon.oslo_config_glue [-] ovn.ovn_nb_certificate = /opt/stack/data/CA/int-ca/devstack-cert.crt {{(pid=106209) log_opt_values /opt/stack/data/venv/lib/python3.12/site-packages/oslo_config/cfg.py:3006}}
Apr 18 18:05:38.893879 np0000167499 neutron-periodic-workers[106209]: DEBUG cotyledon.oslo_config_glue [-] ovn.ovn_nb_connection = ['ssl:199.204.45.70:6641'] {{(pid=106209) log_opt_values /opt/stack/data/venv/lib/python3.12/site-packages/oslo_config/cfg.py:3006}}
Apr 18 18:05:38.893879 np0000167499 neutron-periodic-workers[106209]: DEBUG cotyledon.oslo_config_glue [-] ovn.ovn_nb_private_key = /opt/stack/data/CA/int-ca/private/devstack-cert.key {{(pid=106209) log_opt_values /opt/stack/data/venv/lib/python3.12/site-packages/oslo_config/cfg.py:3006}}
Apr 18 18:05:38.893879 np0000167499 neutron-periodic-workers[106209]: DEBUG cotyledon.oslo_config_glue [-] ovn.ovn_router_indirect_snat = False {{(pid=106209) log_opt_values /opt/stack/data/venv/lib/python3.12/site-packages/oslo_config/cfg.py:3006}}
Apr 18 18:05:38.893879 np0000167499 neutron-periodic-workers[106209]: DEBUG cotyledon.oslo_config_glue [-] ovn.ovn_sb_ca_cert = /opt/stack/data/CA/int-ca/ca-chain.pem {{(pid=106209) log_opt_values /opt/stack/data/venv/lib/python3.12/site-packages/oslo_config/cfg.py:3006}}
Apr 18 18:05:38.894135 np0000167499 neutron-periodic-workers[106209]: DEBUG cotyledon.oslo_config_glue [-] ovn.ovn_sb_certificate = /opt/stack/data/CA/int-ca/devstack-cert.crt {{(pid=106209) log_opt_values /opt/stack/data/venv/lib/python3.12/site-packages/oslo_config/cfg.py:3006}}
Apr 18 18:05:38.894135 np0000167499 neutron-periodic-workers[106209]: DEBUG cotyledon.oslo_config_glue [-] ovn.ovn_sb_connection = ['ssl:199.204.45.70:6642'] {{(pid=106209) log_opt_values /opt/stack/data/venv/lib/python3.12/site-packages/oslo_config/cfg.py:3006}}
Apr 18 18:05:38.894135 np0000167499 neutron-periodic-workers[106209]: DEBUG cotyledon.oslo_config_glue [-] ovn.ovn_sb_private_key = /opt/stack/data/CA/int-ca/private/devstack-cert.key {{(pid=106209) log_opt_values /opt/stack/data/venv/lib/python3.12/site-packages/oslo_config/cfg.py:3006}}
Apr 18 18:05:38.894135 np0000167499 neutron-periodic-workers[106209]: DEBUG cotyledon.oslo_config_glue [-] ovn.ovs_create_tap = False {{(pid=106209) log_opt_values /opt/stack/data/venv/lib/python3.12/site-packages/oslo_config/cfg.py:3006}}
Apr 18 18:05:38.894135 np0000167499 neutron-periodic-workers[106209]: DEBUG cotyledon.oslo_config_glue [-] ovn.ovsdb_connection_timeout = 180 {{(pid=106209) log_opt_values /opt/stack/data/venv/lib/python3.12/site-packages/oslo_config/cfg.py:3006}}
Apr 18 18:05:38.894135 np0000167499 neutron-periodic-workers[106209]: DEBUG cotyledon.oslo_config_glue [-] ovn.ovsdb_log_level = INFO {{(pid=106209) log_opt_values /opt/stack/data/venv/lib/python3.12/site-packages/oslo_config/cfg.py:3006}}
Apr 18 18:05:38.894135 np0000167499 neutron-periodic-workers[106209]: DEBUG cotyledon.oslo_config_glue [-] ovn.ovsdb_probe_interval = 60000 {{(pid=106209) log_opt_values /opt/stack/data/venv/lib/python3.12/site-packages/oslo_config/cfg.py:3006}}
Apr 18 18:05:38.894135 np0000167499 neutron-periodic-workers[106209]: DEBUG cotyledon.oslo_config_glue [-] ovn.ovsdb_retry_max_interval = 180 {{(pid=106209) log_opt_values /opt/stack/data/venv/lib/python3.12/site-packages/oslo_config/cfg.py:3006}}
Apr 18 18:05:38.894135 np0000167499 neutron-periodic-workers[106209]: DEBUG cotyledon.oslo_config_glue [-] ovn.stateless_nat_enabled = False {{(pid=106209) log_opt_values /opt/stack/data/venv/lib/python3.12/site-packages/oslo_config/cfg.py:3006}}
Apr 18 18:05:38.894440 np0000167499 neutron-periodic-workers[106209]: DEBUG cotyledon.oslo_config_glue [-] ovn.vhost_sock_dir = /var/run/openvswitch {{(pid=106209) log_opt_values /opt/stack/data/venv/lib/python3.12/site-packages/oslo_config/cfg.py:3006}}
Apr 18 18:05:38.894440 np0000167499 neutron-periodic-workers[106209]: DEBUG cotyledon.oslo_config_glue [-] OVS.bridge_mac_table_size = 50000 {{(pid=106209) log_opt_values /opt/stack/data/venv/lib/python3.12/site-packages/oslo_config/cfg.py:3006}}
Apr 18 18:05:38.894440 np0000167499 neutron-periodic-workers[106209]: DEBUG cotyledon.oslo_config_glue [-] OVS.igmp_flood = False {{(pid=106209) log_opt_values /opt/stack/data/venv/lib/python3.12/site-packages/oslo_config/cfg.py:3006}}
Apr 18 18:05:38.894440 np0000167499 neutron-periodic-workers[106209]: DEBUG cotyledon.oslo_config_glue [-] OVS.igmp_flood_reports = True {{(pid=106209) log_opt_values /opt/stack/data/venv/lib/python3.12/site-packages/oslo_config/cfg.py:3006}}
Apr 18 18:05:38.894440 np0000167499 neutron-periodic-workers[106209]: DEBUG cotyledon.oslo_config_glue [-] OVS.igmp_flood_unregistered = False {{(pid=106209) log_opt_values /opt/stack/data/venv/lib/python3.12/site-packages/oslo_config/cfg.py:3006}}
Apr 18 18:05:38.894440 np0000167499 neutron-periodic-workers[106209]: DEBUG cotyledon.oslo_config_glue [-] OVS.igmp_snooping_enable = False {{(pid=106209) log_opt_values /opt/stack/data/venv/lib/python3.12/site-packages/oslo_config/cfg.py:3006}}
Apr 18 18:05:38.894440 np0000167499 neutron-periodic-workers[106209]: DEBUG cotyledon.oslo_config_glue [-] OVS.ovsdb_timeout = 10 {{(pid=106209) log_opt_values /opt/stack/data/venv/lib/python3.12/site-packages/oslo_config/cfg.py:3006}}
Apr 18 18:05:38.894440 np0000167499 neutron-periodic-workers[106209]: DEBUG cotyledon.oslo_config_glue [-] ovn_nb_global.fdb_removal_limit = 0 {{(pid=106209) log_opt_values /opt/stack/data/venv/lib/python3.12/site-packages/oslo_config/cfg.py:3006}}
Apr 18 18:05:38.894440 np0000167499 neutron-periodic-workers[106209]: DEBUG cotyledon.oslo_config_glue [-] ovn_nb_global.ignore_lsp_down = False {{(pid=106209) log_opt_values /opt/stack/data/venv/lib/python3.12/site-packages/oslo_config/cfg.py:3006}}
Apr 18 18:05:38.894725 np0000167499 neutron-periodic-workers[106209]: DEBUG cotyledon.oslo_config_glue [-] ovn_nb_global.mac_binding_removal_limit = 0 {{(pid=106209) log_opt_values /opt/stack/data/venv/lib/python3.12/site-packages/oslo_config/cfg.py:3006}}
Apr 18 18:05:38.894725 np0000167499 neutron-periodic-workers[106209]: DEBUG cotyledon.oslo_config_glue [-] ******************************************************************************** {{(pid=106209) log_opt_values /opt/stack/data/venv/lib/python3.12/site-packages/oslo_config/cfg.py:3013}}
Apr 18 18:05:38.894725 np0000167499 neutron-periodic-workers[106209]: DEBUG cotyledon._service_worker [-] Run service ServiceWrapper(0) [106209] {{(pid=106209) wait_forever /opt/stack/data/venv/lib/python3.12/site-packages/cotyledon/_service_worker.py:218}}
Apr 18 18:05:48.501349 np0000167499 neutron-periodic-workers[105293]: DEBUG dbcounter [-] [105293] Writing DB stats neutron:SELECT=4 {{(pid=105293) stat_writer /opt/stack/data/venv/lib/python3.12/site-packages/dbcounter.py:115}}
Apr 18 18:06:15.828466 np0000167499 neutron-periodic-workers[106179]: DEBUG oslo_db.sqlalchemy.engines [None req-ada29c5c-b288-4ed1-87ae-fb01a849bd7c None None] Parent process 105293 forked (106179) with an open database connection, which is being discarded and recreated. {{(pid=106179) checkout /opt/stack/data/venv/lib/python3.12/site-packages/oslo_db/sqlalchemy/engines.py:402}}
Apr 18 18:06:15.836070 np0000167499 neutron-periodic-workers[106179]: DEBUG dbcounter [-] [106179] Writer thread running {{(pid=106179) stat_writer /opt/stack/data/venv/lib/python3.12/site-packages/dbcounter.py:102}}
Apr 18 18:06:15.849583 np0000167499 neutron-periodic-workers[106179]: DEBUG oslo.service.backend._threading.loopingcall [None req-ada29c5c-b288-4ed1-87ae-fb01a849bd7c None None] Fixed interval looping call 'neutron.plugins.ml2.plugin.DhcpAgentSchedulerDbMixin.remove_networks_from_down_agents' sleeping for 36.97 seconds {{(pid=106179) _run_loop /opt/stack/data/venv/lib/python3.12/site-packages/oslo_service/backend/_threading/loopingcall.py:125}}
Apr 18 18:06:25.848197 np0000167499 neutron-periodic-workers[106179]: DEBUG dbcounter [-] [106179] Writing DB stats neutron:SELECT=3 {{(pid=106179) stat_writer /opt/stack/data/venv/lib/python3.12/site-packages/dbcounter.py:115}}
Apr 18 18:06:28.873418 np0000167499 neutron-periodic-workers[106188]: DEBUG dbcounter [-] [106188] Writer thread running {{(pid=106188) stat_writer /opt/stack/data/venv/lib/python3.12/site-packages/dbcounter.py:102}}
Apr 18 18:06:28.877657 np0000167499 neutron-periodic-workers[106188]: DEBUG neutron.db.agents_db [None req-8d2789f6-e838-4202-b97a-8395d796a459 None None] Agent healthcheck: found 0 active agents {{(pid=106188) agent_health_check /opt/stack/neutron/neutron/db/agents_db.py:317}}
Apr 18 18:06:28.877876 np0000167499 neutron-periodic-workers[106188]: DEBUG oslo.service.backend._threading.loopingcall [None req-8d2789f6-e838-4202-b97a-8395d796a459 None None] Fixed interval looping call 'neutron.plugins.ml2.plugin.AgentDbMixin.agent_health_check' sleeping for 36.97 seconds {{(pid=106188) _run_loop /opt/stack/data/venv/lib/python3.12/site-packages/oslo_service/backend/_threading/loopingcall.py:125}}
Apr 18 18:06:38.878120 np0000167499 neutron-periodic-workers[106188]: DEBUG dbcounter [-] [106188] Writing DB stats neutron:SELECT=1 {{(pid=106188) stat_writer /opt/stack/data/venv/lib/python3.12/site-packages/dbcounter.py:115}}
Apr 18 18:06:52.830111 np0000167499 neutron-periodic-workers[106179]: DEBUG oslo.service.backend._threading.loopingcall [None req-ada29c5c-b288-4ed1-87ae-fb01a849bd7c None None] Fixed interval looping call 'neutron.plugins.ml2.plugin.DhcpAgentSchedulerDbMixin.remove_networks_from_down_agents' sleeping for 36.99 seconds {{(pid=106179) _run_loop /opt/stack/data/venv/lib/python3.12/site-packages/oslo_service/backend/_threading/loopingcall.py:125}}
Apr 18 18:07:02.829137 np0000167499 neutron-periodic-workers[106179]: DEBUG dbcounter [-] [106179] Writing DB stats neutron:SELECT=3 {{(pid=106179) stat_writer /opt/stack/data/venv/lib/python3.12/site-packages/dbcounter.py:115}}
Apr 18 18:07:05.854397 np0000167499 neutron-periodic-workers[106188]: DEBUG neutron.db.agents_db [None req-8d2789f6-e838-4202-b97a-8395d796a459 None None] Agent healthcheck: found 0 active agents {{(pid=106188) agent_health_check /opt/stack/neutron/neutron/db/agents_db.py:317}}
Apr 18 18:07:05.855079 np0000167499 neutron-periodic-workers[106188]: DEBUG oslo.service.backend._threading.loopingcall [None req-8d2789f6-e838-4202-b97a-8395d796a459 None None] Fixed interval looping call 'neutron.plugins.ml2.plugin.AgentDbMixin.agent_health_check' sleeping for 36.99 seconds {{(pid=106188) _run_loop /opt/stack/data/venv/lib/python3.12/site-packages/oslo_service/backend/_threading/loopingcall.py:125}}
Apr 18 18:07:16.875817 np0000167499 neutron-periodic-workers[106188]: DEBUG dbcounter [-] [106188] Writing DB stats neutron:SELECT=1 {{(pid=106188) stat_writer /opt/stack/data/venv/lib/python3.12/site-packages/dbcounter.py:115}}
Apr 18 18:07:29.831463 np0000167499 neutron-periodic-workers[106179]: DEBUG oslo.service.backend._threading.loopingcall [None req-ada29c5c-b288-4ed1-87ae-fb01a849bd7c None None] Fixed interval looping call 'neutron.plugins.ml2.plugin.DhcpAgentSchedulerDbMixin.remove_networks_from_down_agents' sleeping for 36.99 seconds {{(pid=106179) _run_loop /opt/stack/data/venv/lib/python3.12/site-packages/oslo_service/backend/_threading/loopingcall.py:125}}
Apr 18 18:07:38.884981 np0000167499 neutron-periodic-workers[106200]: DEBUG dbcounter [-] [106200] Writer thread running {{(pid=106200) stat_writer /opt/stack/data/venv/lib/python3.12/site-packages/dbcounter.py:102}}
Apr 18 18:07:38.888620 np0000167499 neutron-periodic-workers[106200]: DEBUG oslo.service.backend._threading.loopingcall [None req-d7cf895b-3830-4d8a-9be5-e467801a8170 None None] Fixed interval looping call 'neutron.db.quota.driver_nolock.DbQuotaNoLockDriver._remove_expired_reservations' sleeping for 119.98 seconds {{(pid=106200) _run_loop /opt/stack/data/venv/lib/python3.12/site-packages/oslo_service/backend/_threading/loopingcall.py:125}}
Apr 18 18:07:39.830361 np0000167499 neutron-periodic-workers[106179]: DEBUG dbcounter [-] [106179] Writing DB stats neutron:SELECT=3 {{(pid=106179) stat_writer /opt/stack/data/venv/lib/python3.12/site-packages/dbcounter.py:115}}
Apr 18 18:07:42.850096 np0000167499 neutron-periodic-workers[106188]: DEBUG neutron.db.agents_db [None req-8d2789f6-e838-4202-b97a-8395d796a459 None None] Agent healthcheck: found 0 active agents {{(pid=106188) agent_health_check /opt/stack/neutron/neutron/db/agents_db.py:317}}
Apr 18 18:07:42.851032 np0000167499 neutron-periodic-workers[106188]: DEBUG oslo.service.backend._threading.loopingcall [None req-8d2789f6-e838-4202-b97a-8395d796a459 None None] Fixed interval looping call 'neutron.plugins.ml2.plugin.AgentDbMixin.agent_health_check' sleeping for 36.99 seconds {{(pid=106188) _run_loop /opt/stack/data/venv/lib/python3.12/site-packages/oslo_service/backend/_threading/loopingcall.py:125}}
Apr 18 18:07:52.848474 np0000167499 neutron-periodic-workers[106188]: DEBUG dbcounter [-] [106188] Writing DB stats neutron:SELECT=1 {{(pid=106188) stat_writer /opt/stack/data/venv/lib/python3.12/site-packages/dbcounter.py:115}}
Apr 18 18:07:58.886826 np0000167499 neutron-periodic-workers[106200]: DEBUG dbcounter [-] [106200] Writing DB stats neutron:DELETE=1 {{(pid=106200) stat_writer /opt/stack/data/venv/lib/python3.12/site-packages/dbcounter.py:115}}
Apr 18 18:08:06.832500 np0000167499 neutron-periodic-workers[106179]: DEBUG oslo.service.backend._threading.loopingcall [None req-ada29c5c-b288-4ed1-87ae-fb01a849bd7c None None] Fixed interval looping call 'neutron.plugins.ml2.plugin.DhcpAgentSchedulerDbMixin.remove_networks_from_down_agents' sleeping for 36.99 seconds {{(pid=106179) _run_loop /opt/stack/data/venv/lib/python3.12/site-packages/oslo_service/backend/_threading/loopingcall.py:125}}
Apr 18 18:08:16.831281 np0000167499 neutron-periodic-workers[106179]: DEBUG dbcounter [-] [106179] Writing DB stats neutron:SELECT=3 {{(pid=106179) stat_writer /opt/stack/data/venv/lib/python3.12/site-packages/dbcounter.py:115}}
Apr 18 18:08:19.849076 np0000167499 neutron-periodic-workers[106188]: DEBUG neutron.db.agents_db [None req-8d2789f6-e838-4202-b97a-8395d796a459 None None] Agent healthcheck: found 0 active agents {{(pid=106188) agent_health_check /opt/stack/neutron/neutron/db/agents_db.py:317}}
Apr 18 18:08:19.849892 np0000167499 neutron-periodic-workers[106188]: DEBUG oslo.service.backend._threading.loopingcall [None req-8d2789f6-e838-4202-b97a-8395d796a459 None None] Fixed interval looping call 'neutron.plugins.ml2.plugin.AgentDbMixin.agent_health_check' sleeping for 36.99 seconds {{(pid=106188) _run_loop /opt/stack/data/venv/lib/python3.12/site-packages/oslo_service/backend/_threading/loopingcall.py:125}}
Apr 18 18:08:29.846055 np0000167499 neutron-periodic-workers[106188]: DEBUG dbcounter [-] [106188] Writing DB stats neutron:SELECT=1 {{(pid=106188) stat_writer /opt/stack/data/venv/lib/python3.12/site-packages/dbcounter.py:115}}
Apr 18 18:08:30.922946 np0000167499 neutron-periodic-workers[106209]: DEBUG dbcounter [-] [106209] Writer thread running {{(pid=106209) stat_writer /opt/stack/data/venv/lib/python3.12/site-packages/dbcounter.py:102}}
Apr 18 18:08:30.945529 np0000167499 neutron-periodic-workers[106209]: DEBUG oslo.service.backend._threading.loopingcall [None req-bca69568-6cfc-4b3b-b0a7-421d33fad48c None None] Fixed interval looping call 'neutron.services.ovn_l3.plugin.L3_NAT_dbonly_mixin._clean_garbage' sleeping for 299.94 seconds {{(pid=106209) _run_loop /opt/stack/data/venv/lib/python3.12/site-packages/oslo_service/backend/_threading/loopingcall.py:125}}
Apr 18 18:08:40.923665 np0000167499 neutron-periodic-workers[106209]: DEBUG dbcounter [-] [106209] Writing DB stats neutron:SELECT=1 {{(pid=106209) stat_writer /opt/stack/data/venv/lib/python3.12/site-packages/dbcounter.py:115}}
Apr 18 18:08:43.831073 np0000167499 neutron-periodic-workers[106179]: DEBUG oslo.service.backend._threading.loopingcall [None req-ada29c5c-b288-4ed1-87ae-fb01a849bd7c None None] Fixed interval looping call 'neutron.plugins.ml2.plugin.DhcpAgentSchedulerDbMixin.remove_networks_from_down_agents' sleeping for 36.99 seconds {{(pid=106179) _run_loop /opt/stack/data/venv/lib/python3.12/site-packages/oslo_service/backend/_threading/loopingcall.py:125}}
Apr 18 18:08:53.830223 np0000167499 neutron-periodic-workers[106179]: DEBUG dbcounter [-] [106179] Writing DB stats neutron:SELECT=3 {{(pid=106179) stat_writer /opt/stack/data/venv/lib/python3.12/site-packages/dbcounter.py:115}}
Apr 18 18:08:56.846224 np0000167499 neutron-periodic-workers[106188]: DEBUG neutron.db.agents_db [None req-8d2789f6-e838-4202-b97a-8395d796a459 None None] Agent healthcheck: found 0 active agents {{(pid=106188) agent_health_check /opt/stack/neutron/neutron/db/agents_db.py:317}}
Apr 18 18:08:56.846899 np0000167499 neutron-periodic-workers[106188]: DEBUG oslo.service.backend._threading.loopingcall [None req-8d2789f6-e838-4202-b97a-8395d796a459 None None] Fixed interval looping call 'neutron.plugins.ml2.plugin.AgentDbMixin.agent_health_check' sleeping for 36.99 seconds {{(pid=106188) _run_loop /opt/stack/data/venv/lib/python3.12/site-packages/oslo_service/backend/_threading/loopingcall.py:125}}
Apr 18 18:09:06.843777 np0000167499 neutron-periodic-workers[106188]: DEBUG dbcounter [-] [106188] Writing DB stats neutron:SELECT=1 {{(pid=106188) stat_writer /opt/stack/data/venv/lib/python3.12/site-packages/dbcounter.py:115}}
Apr 18 18:09:20.833359 np0000167499 neutron-periodic-workers[106179]: DEBUG oslo.service.backend._threading.loopingcall [None req-ada29c5c-b288-4ed1-87ae-fb01a849bd7c None None] Fixed interval looping call 'neutron.plugins.ml2.plugin.DhcpAgentSchedulerDbMixin.remove_networks_from_down_agents' sleeping for 36.99 seconds {{(pid=106179) _run_loop /opt/stack/data/venv/lib/python3.12/site-packages/oslo_service/backend/_threading/loopingcall.py:125}}
Apr 18 18:09:30.831733 np0000167499 neutron-periodic-workers[106179]: DEBUG dbcounter [-] [106179] Writing DB stats neutron:SELECT=3 {{(pid=106179) stat_writer /opt/stack/data/venv/lib/python3.12/site-packages/dbcounter.py:115}}
Apr 18 18:09:33.841779 np0000167499 neutron-periodic-workers[106188]: DEBUG neutron.db.agents_db [None req-8d2789f6-e838-4202-b97a-8395d796a459 None None] Agent healthcheck: found 0 active agents {{(pid=106188) agent_health_check /opt/stack/neutron/neutron/db/agents_db.py:317}}
Apr 18 18:09:33.842534 np0000167499 neutron-periodic-workers[106188]: DEBUG oslo.service.backend._threading.loopingcall [None req-8d2789f6-e838-4202-b97a-8395d796a459 None None] Fixed interval looping call 'neutron.plugins.ml2.plugin.AgentDbMixin.agent_health_check' sleeping for 36.99 seconds {{(pid=106188) _run_loop /opt/stack/data/venv/lib/python3.12/site-packages/oslo_service/backend/_threading/loopingcall.py:125}}
Apr 18 18:09:38.875253 np0000167499 neutron-periodic-workers[106200]: DEBUG oslo.service.backend._threading.loopingcall [None req-d7cf895b-3830-4d8a-9be5-e467801a8170 None None] Fixed interval looping call 'neutron.db.quota.driver_nolock.DbQuotaNoLockDriver._remove_expired_reservations' sleeping for 119.99 seconds {{(pid=106200) _run_loop /opt/stack/data/venv/lib/python3.12/site-packages/oslo_service/backend/_threading/loopingcall.py:125}}
Apr 18 18:09:43.840505 np0000167499 neutron-periodic-workers[106188]: DEBUG dbcounter [-] [106188] Writing DB stats neutron:SELECT=1 {{(pid=106188) stat_writer /opt/stack/data/venv/lib/python3.12/site-packages/dbcounter.py:115}}
Apr 18 18:09:48.873695 np0000167499 neutron-periodic-workers[106200]: DEBUG dbcounter [-] [106200] Writing DB stats neutron:DELETE=1 {{(pid=106200) stat_writer /opt/stack/data/venv/lib/python3.12/site-packages/dbcounter.py:115}}
Apr 18 18:09:57.834265 np0000167499 neutron-periodic-workers[106179]: DEBUG oslo.service.backend._threading.loopingcall [None req-ada29c5c-b288-4ed1-87ae-fb01a849bd7c None None] Fixed interval looping call 'neutron.plugins.ml2.plugin.DhcpAgentSchedulerDbMixin.remove_networks_from_down_agents' sleeping for 36.99 seconds {{(pid=106179) _run_loop /opt/stack/data/venv/lib/python3.12/site-packages/oslo_service/backend/_threading/loopingcall.py:125}}
Apr 18 18:10:07.832978 np0000167499 neutron-periodic-workers[106179]: DEBUG dbcounter [-] [106179] Writing DB stats neutron:SELECT=3 {{(pid=106179) stat_writer /opt/stack/data/venv/lib/python3.12/site-packages/dbcounter.py:115}}
Apr 18 18:10:10.836426 np0000167499 neutron-periodic-workers[106188]: DEBUG neutron.db.agents_db [None req-8d2789f6-e838-4202-b97a-8395d796a459 None None] Agent healthcheck: found 0 active agents {{(pid=106188) agent_health_check /opt/stack/neutron/neutron/db/agents_db.py:317}}
Apr 18 18:10:10.837233 np0000167499 neutron-periodic-workers[106188]: DEBUG oslo.service.backend._threading.loopingcall [None req-8d2789f6-e838-4202-b97a-8395d796a459 None None] Fixed interval looping call 'neutron.plugins.ml2.plugin.AgentDbMixin.agent_health_check' sleeping for 37.00 seconds {{(pid=106188) _run_loop /opt/stack/data/venv/lib/python3.12/site-packages/oslo_service/backend/_threading/loopingcall.py:125}}
Apr 18 18:10:20.865946 np0000167499 neutron-periodic-workers[106188]: DEBUG dbcounter [-] [106188] Writing DB stats neutron:SELECT=1 {{(pid=106188) stat_writer /opt/stack/data/venv/lib/python3.12/site-packages/dbcounter.py:115}}
Apr 18 18:10:34.835010 np0000167499 neutron-periodic-workers[106179]: DEBUG oslo.service.backend._threading.loopingcall [None req-ada29c5c-b288-4ed1-87ae-fb01a849bd7c None None] Fixed interval looping call 'neutron.plugins.ml2.plugin.DhcpAgentSchedulerDbMixin.remove_networks_from_down_agents' sleeping for 36.99 seconds {{(pid=106179) _run_loop /opt/stack/data/venv/lib/python3.12/site-packages/oslo_service/backend/_threading/loopingcall.py:125}}
Apr 18 18:10:44.833479 np0000167499 neutron-periodic-workers[106179]: DEBUG dbcounter [-] [106179] Writing DB stats neutron:SELECT=3 {{(pid=106179) stat_writer /opt/stack/data/venv/lib/python3.12/site-packages/dbcounter.py:115}}
Apr 18 18:10:47.843218 np0000167499 neutron-periodic-workers[106188]: DEBUG neutron.db.agents_db [None req-8d2789f6-e838-4202-b97a-8395d796a459 None None] Agent healthcheck: found 0 active agents {{(pid=106188) agent_health_check /opt/stack/neutron/neutron/db/agents_db.py:317}}
Apr 18 18:10:47.843916 np0000167499 neutron-periodic-workers[106188]: DEBUG oslo.service.backend._threading.loopingcall [None req-8d2789f6-e838-4202-b97a-8395d796a459 None None] Fixed interval looping call 'neutron.plugins.ml2.plugin.AgentDbMixin.agent_health_check' sleeping for 36.99 seconds {{(pid=106188) _run_loop /opt/stack/data/venv/lib/python3.12/site-packages/oslo_service/backend/_threading/loopingcall.py:125}}
Apr 18 18:10:57.841444 np0000167499 neutron-periodic-workers[106188]: DEBUG dbcounter [-] [106188] Writing DB stats neutron:SELECT=1 {{(pid=106188) stat_writer /opt/stack/data/venv/lib/python3.12/site-packages/dbcounter.py:115}}
Apr 18 18:11:11.833911 np0000167499 neutron-periodic-workers[106179]: DEBUG oslo.service.backend._threading.loopingcall [None req-ada29c5c-b288-4ed1-87ae-fb01a849bd7c None None] Fixed interval looping call 'neutron.plugins.ml2.plugin.DhcpAgentSchedulerDbMixin.remove_networks_from_down_agents' sleeping for 36.99 seconds {{(pid=106179) _run_loop /opt/stack/data/venv/lib/python3.12/site-packages/oslo_service/backend/_threading/loopingcall.py:125}}
Apr 18 18:11:21.833139 np0000167499 neutron-periodic-workers[106179]: DEBUG dbcounter [-] [106179] Writing DB stats neutron:SELECT=3 {{(pid=106179) stat_writer /opt/stack/data/venv/lib/python3.12/site-packages/dbcounter.py:115}}
Apr 18 18:11:24.839673 np0000167499 neutron-periodic-workers[106188]: DEBUG neutron.db.agents_db [None req-8d2789f6-e838-4202-b97a-8395d796a459 None None] Agent healthcheck: found 0 active agents {{(pid=106188) agent_health_check /opt/stack/neutron/neutron/db/agents_db.py:317}}
Apr 18 18:11:24.840462 np0000167499 neutron-periodic-workers[106188]: DEBUG oslo.service.backend._threading.loopingcall [None req-8d2789f6-e838-4202-b97a-8395d796a459 None None] Fixed interval looping call 'neutron.plugins.ml2.plugin.AgentDbMixin.agent_health_check' sleeping for 36.99 seconds {{(pid=106188) _run_loop /opt/stack/data/venv/lib/python3.12/site-packages/oslo_service/backend/_threading/loopingcall.py:125}}
Apr 18 18:11:34.837533 np0000167499 neutron-periodic-workers[106188]: DEBUG dbcounter [-] [106188] Writing DB stats neutron:SELECT=1 {{(pid=106188) stat_writer /opt/stack/data/venv/lib/python3.12/site-packages/dbcounter.py:115}}
Apr 18 18:11:38.868754 np0000167499 neutron-periodic-workers[106200]: DEBUG oslo.service.backend._threading.loopingcall [None req-d7cf895b-3830-4d8a-9be5-e467801a8170 None None] Fixed interval looping call 'neutron.db.quota.driver_nolock.DbQuotaNoLockDriver._remove_expired_reservations' sleeping for 120.00 seconds {{(pid=106200) _run_loop /opt/stack/data/venv/lib/python3.12/site-packages/oslo_service/backend/_threading/loopingcall.py:125}}
Apr 18 18:11:48.833573 np0000167499 neutron-periodic-workers[106179]: DEBUG oslo.service.backend._threading.loopingcall [None req-ada29c5c-b288-4ed1-87ae-fb01a849bd7c None None] Fixed interval looping call 'neutron.plugins.ml2.plugin.DhcpAgentSchedulerDbMixin.remove_networks_from_down_agents' sleeping for 36.99 seconds {{(pid=106179) _run_loop /opt/stack/data/venv/lib/python3.12/site-packages/oslo_service/backend/_threading/loopingcall.py:125}}
Apr 18 18:11:48.868497 np0000167499 neutron-periodic-workers[106200]: DEBUG dbcounter [-] [106200] Writing DB stats neutron:DELETE=1 {{(pid=106200) stat_writer /opt/stack/data/venv/lib/python3.12/site-packages/dbcounter.py:115}}
Apr 18 18:11:58.832542 np0000167499 neutron-periodic-workers[106179]: DEBUG dbcounter [-] [106179] Writing DB stats neutron:SELECT=3 {{(pid=106179) stat_writer /opt/stack/data/venv/lib/python3.12/site-packages/dbcounter.py:115}}
Apr 18 18:12:01.836206 np0000167499 neutron-periodic-workers[106188]: DEBUG neutron.db.agents_db [None req-8d2789f6-e838-4202-b97a-8395d796a459 None None] Agent healthcheck: found 0 active agents {{(pid=106188) agent_health_check /opt/stack/neutron/neutron/db/agents_db.py:317}}
Apr 18 18:12:01.836882 np0000167499 neutron-periodic-workers[106188]: DEBUG oslo.service.backend._threading.loopingcall [None req-8d2789f6-e838-4202-b97a-8395d796a459 None None] Fixed interval looping call 'neutron.plugins.ml2.plugin.AgentDbMixin.agent_health_check' sleeping for 36.99 seconds {{(pid=106188) _run_loop /opt/stack/data/venv/lib/python3.12/site-packages/oslo_service/backend/_threading/loopingcall.py:125}}
Apr 18 18:12:11.834812 np0000167499 neutron-periodic-workers[106188]: DEBUG dbcounter [-] [106188] Writing DB stats neutron:SELECT=1 {{(pid=106188) stat_writer /opt/stack/data/venv/lib/python3.12/site-packages/dbcounter.py:115}}
Apr 18 18:12:25.831379 np0000167499 neutron-periodic-workers[106179]: DEBUG oslo.service.backend._threading.loopingcall [None req-ada29c5c-b288-4ed1-87ae-fb01a849bd7c None None] Fixed interval looping call 'neutron.plugins.ml2.plugin.DhcpAgentSchedulerDbMixin.remove_networks_from_down_agents' sleeping for 36.99 seconds {{(pid=106179) _run_loop /opt/stack/data/venv/lib/python3.12/site-packages/oslo_service/backend/_threading/loopingcall.py:125}}
Apr 18 18:12:35.830780 np0000167499 neutron-periodic-workers[106179]: DEBUG dbcounter [-] [106179] Writing DB stats neutron:SELECT=3 {{(pid=106179) stat_writer /opt/stack/data/venv/lib/python3.12/site-packages/dbcounter.py:115}}
Apr 18 18:12:38.832237 np0000167499 neutron-periodic-workers[106188]: DEBUG neutron.db.agents_db [None req-8d2789f6-e838-4202-b97a-8395d796a459 None None] Agent healthcheck: found 0 active agents {{(pid=106188) agent_health_check /opt/stack/neutron/neutron/db/agents_db.py:317}}
Apr 18 18:12:38.832237 np0000167499 neutron-periodic-workers[106188]: DEBUG oslo.service.backend._threading.loopingcall [None req-8d2789f6-e838-4202-b97a-8395d796a459 None None] Fixed interval looping call 'neutron.plugins.ml2.plugin.AgentDbMixin.agent_health_check' sleeping for 37.00 seconds {{(pid=106188) _run_loop /opt/stack/data/venv/lib/python3.12/site-packages/oslo_service/backend/_threading/loopingcall.py:125}}
Apr 18 18:12:48.829846 np0000167499 neutron-periodic-workers[106188]: DEBUG dbcounter [-] [106188] Writing DB stats neutron:SELECT=1 {{(pid=106188) stat_writer /opt/stack/data/venv/lib/python3.12/site-packages/dbcounter.py:115}}
Apr 18 18:13:02.828745 np0000167499 neutron-periodic-workers[106179]: DEBUG oslo.service.backend._threading.loopingcall [None req-ada29c5c-b288-4ed1-87ae-fb01a849bd7c None None] Fixed interval looping call 'neutron.plugins.ml2.plugin.DhcpAgentSchedulerDbMixin.remove_networks_from_down_agents' sleeping for 36.99 seconds {{(pid=106179) _run_loop /opt/stack/data/venv/lib/python3.12/site-packages/oslo_service/backend/_threading/loopingcall.py:125}}
Apr 18 18:13:12.828138 np0000167499 neutron-periodic-workers[106179]: DEBUG dbcounter [-] [106179] Writing DB stats neutron:SELECT=3 {{(pid=106179) stat_writer /opt/stack/data/venv/lib/python3.12/site-packages/dbcounter.py:115}}
Apr 18 18:13:15.861264 np0000167499 neutron-periodic-workers[106188]: DEBUG neutron.db.agents_db [None req-8d2789f6-e838-4202-b97a-8395d796a459 None None] Agent healthcheck: found 0 active agents {{(pid=106188) agent_health_check /opt/stack/neutron/neutron/db/agents_db.py:317}}
Apr 18 18:13:15.861848 np0000167499 neutron-periodic-workers[106188]: DEBUG oslo.service.backend._threading.loopingcall [None req-8d2789f6-e838-4202-b97a-8395d796a459 None None] Fixed interval looping call 'neutron.plugins.ml2.plugin.AgentDbMixin.agent_health_check' sleeping for 36.97 seconds {{(pid=106188) _run_loop /opt/stack/data/venv/lib/python3.12/site-packages/oslo_service/backend/_threading/loopingcall.py:125}}
Apr 18 18:13:25.834725 np0000167499 neutron-periodic-workers[106188]: DEBUG dbcounter [-] [106188] Writing DB stats neutron:SELECT=1 {{(pid=106188) stat_writer /opt/stack/data/venv/lib/python3.12/site-packages/dbcounter.py:115}}
Apr 18 18:13:30.896890 np0000167499 neutron-periodic-workers[106209]: DEBUG oslo.service.backend._threading.loopingcall [None req-bca69568-6cfc-4b3b-b0a7-421d33fad48c None None] Fixed interval looping call 'neutron.services.ovn_l3.plugin.L3_NAT_dbonly_mixin._clean_garbage' sleeping for 299.99 seconds {{(pid=106209) _run_loop /opt/stack/data/venv/lib/python3.12/site-packages/oslo_service/backend/_threading/loopingcall.py:125}}
Apr 18 18:13:38.874450 np0000167499 neutron-periodic-workers[106200]: DEBUG oslo.service.backend._threading.loopingcall [None req-d7cf895b-3830-4d8a-9be5-e467801a8170 None None] Fixed interval looping call 'neutron.db.quota.driver_nolock.DbQuotaNoLockDriver._remove_expired_reservations' sleeping for 119.99 seconds {{(pid=106200) _run_loop /opt/stack/data/venv/lib/python3.12/site-packages/oslo_service/backend/_threading/loopingcall.py:125}}
Apr 18 18:13:39.829071 np0000167499 neutron-periodic-workers[106179]: DEBUG oslo.service.backend._threading.loopingcall [None req-ada29c5c-b288-4ed1-87ae-fb01a849bd7c None None] Fixed interval looping call 'neutron.plugins.ml2.plugin.DhcpAgentSchedulerDbMixin.remove_networks_from_down_agents' sleeping for 36.99 seconds {{(pid=106179) _run_loop /opt/stack/data/venv/lib/python3.12/site-packages/oslo_service/backend/_threading/loopingcall.py:125}}
Apr 18 18:13:40.889969 np0000167499 neutron-periodic-workers[106209]: DEBUG dbcounter [-] [106209] Writing DB stats neutron:SELECT=1 {{(pid=106209) stat_writer /opt/stack/data/venv/lib/python3.12/site-packages/dbcounter.py:115}}
Apr 18 18:13:48.874846 np0000167499 neutron-periodic-workers[106200]: DEBUG dbcounter [-] [106200] Writing DB stats neutron:DELETE=1 {{(pid=106200) stat_writer /opt/stack/data/venv/lib/python3.12/site-packages/dbcounter.py:115}}
Apr 18 18:13:49.827337 np0000167499 neutron-periodic-workers[106179]: DEBUG dbcounter [-] [106179] Writing DB stats neutron:SELECT=3 {{(pid=106179) stat_writer /opt/stack/data/venv/lib/python3.12/site-packages/dbcounter.py:115}}
Apr 18 18:13:54.135369 np0000167499 neutron-periodic-workers[106188]: DEBUG neutron.db.agents_db [None req-8d2789f6-e838-4202-b97a-8395d796a459 None None] Agent healthcheck: found 0 active agents {{(pid=106188) agent_health_check /opt/stack/neutron/neutron/db/agents_db.py:317}}
Apr 18 18:13:54.135369 np0000167499 neutron-periodic-workers[106188]: DEBUG oslo.service.backend._threading.loopingcall [None req-8d2789f6-e838-4202-b97a-8395d796a459 None None] Fixed interval looping call 'neutron.plugins.ml2.plugin.AgentDbMixin.agent_health_check' sleeping for 35.70 seconds {{(pid=106188) _run_loop /opt/stack/data/venv/lib/python3.12/site-packages/oslo_service/backend/_threading/loopingcall.py:125}}
Apr 18 18:14:02.837425 np0000167499 neutron-periodic-workers[106188]: DEBUG dbcounter [-] [106188] Writing DB stats neutron:SELECT=1 {{(pid=106188) stat_writer /opt/stack/data/venv/lib/python3.12/site-packages/dbcounter.py:115}}
Apr 18 18:14:16.832213 np0000167499 neutron-periodic-workers[106179]: DEBUG oslo.service.backend._threading.loopingcall [None req-ada29c5c-b288-4ed1-87ae-fb01a849bd7c None None] Fixed interval looping call 'neutron.plugins.ml2.plugin.DhcpAgentSchedulerDbMixin.remove_networks_from_down_agents' sleeping for 36.99 seconds {{(pid=106179) _run_loop /opt/stack/data/venv/lib/python3.12/site-packages/oslo_service/backend/_threading/loopingcall.py:125}}
Apr 18 18:14:26.830662 np0000167499 neutron-periodic-workers[106179]: DEBUG dbcounter [-] [106179] Writing DB stats neutron:SELECT=3 {{(pid=106179) stat_writer /opt/stack/data/venv/lib/python3.12/site-packages/dbcounter.py:115}}
Apr 18 18:14:29.839548 np0000167499 neutron-periodic-workers[106188]: DEBUG neutron.db.agents_db [None req-8d2789f6-e838-4202-b97a-8395d796a459 None None] Agent healthcheck: found 0 active agents {{(pid=106188) agent_health_check /opt/stack/neutron/neutron/db/agents_db.py:317}}
Apr 18 18:14:29.840247 np0000167499 neutron-periodic-workers[106188]: DEBUG oslo.service.backend._threading.loopingcall [None req-8d2789f6-e838-4202-b97a-8395d796a459 None None] Fixed interval looping call 'neutron.plugins.ml2.plugin.AgentDbMixin.agent_health_check' sleeping for 36.99 seconds {{(pid=106188) _run_loop /opt/stack/data/venv/lib/python3.12/site-packages/oslo_service/backend/_threading/loopingcall.py:125}}
Apr 18 18:14:39.837802 np0000167499 neutron-periodic-workers[106188]: DEBUG dbcounter [-] [106188] Writing DB stats neutron:SELECT=1 {{(pid=106188) stat_writer /opt/stack/data/venv/lib/python3.12/site-packages/dbcounter.py:115}}
Apr 18 18:14:53.830229 np0000167499 neutron-periodic-workers[106179]: DEBUG oslo.service.backend._threading.loopingcall [None req-ada29c5c-b288-4ed1-87ae-fb01a849bd7c None None] Fixed interval looping call 'neutron.plugins.ml2.plugin.DhcpAgentSchedulerDbMixin.remove_networks_from_down_agents' sleeping for 36.99 seconds {{(pid=106179) _run_loop /opt/stack/data/venv/lib/python3.12/site-packages/oslo_service/backend/_threading/loopingcall.py:125}}
Apr 18 18:15:03.829335 np0000167499 neutron-periodic-workers[106179]: DEBUG dbcounter [-] [106179] Writing DB stats neutron:SELECT=3 {{(pid=106179) stat_writer /opt/stack/data/venv/lib/python3.12/site-packages/dbcounter.py:115}}
Apr 18 18:15:06.836863 np0000167499 neutron-periodic-workers[106188]: DEBUG neutron.db.agents_db [None req-8d2789f6-e838-4202-b97a-8395d796a459 None None] Agent healthcheck: found 0 active agents {{(pid=106188) agent_health_check /opt/stack/neutron/neutron/db/agents_db.py:317}}
Apr 18 18:15:06.837465 np0000167499 neutron-periodic-workers[106188]: DEBUG oslo.service.backend._threading.loopingcall [None req-8d2789f6-e838-4202-b97a-8395d796a459 None None] Fixed interval looping call 'neutron.plugins.ml2.plugin.AgentDbMixin.agent_health_check' sleeping for 36.99 seconds {{(pid=106188) _run_loop /opt/stack/data/venv/lib/python3.12/site-packages/oslo_service/backend/_threading/loopingcall.py:125}}
