2026-03-11 18:07:35.827 8 INFO neutron.db.ovn_revision_numbers_db [None req-9e76d238-4405-4ec0-b2a3-a4ee949c4fd0 085ec04587734310a08f5ecda68ef315 c6454ab9f103418c9bb0d34dee1545f0 - - default default] Successfully bumped revision number for resource 37b00a0e-c0b3-45b1-be05-3b8883b29d1d (type: security_group_rules) to 0 [pid: 8|app: 0|req: 1281/2832] 10.0.0.57 () {32 vars in 773 bytes} [Wed Mar 11 18:07:35 2026] GET /v2.0/security-groups?tenant_id=c4394dc61aa44c12acde75321f322424&name=default => generated 2929 bytes in 340 msecs (HTTP/1.1 200) 4 headers in 158 bytes (1 switches on core 0)
2026-03-11 18:07:35.882 7 WARNING neutron.scheduler.dhcp_agent_scheduler [None req-8b69d6d0-e5e8-433d-9667-94ab459bcf1f d0e4fd8318e0434bb287c75cad36ed11 b57b4621dc784d0da85cc7f7f8b1881f - - default default] No more DHCP agents
2026-03-11 18:07:35.883 7 WARNING neutron.api.rpc.agentnotifiers.dhcp_rpc_agent_api [None req-8b69d6d0-e5e8-433d-9667-94ab459bcf1f d0e4fd8318e0434bb287c75cad36ed11 b57b4621dc784d0da85cc7f7f8b1881f - - default default] Unable to schedule network 7781986d-f444-490d-9f4e-093952161b9d: no agents available; will retry on subsequent port and subnet creation events. [pid: 8|app: 0|req: 1282/2833] 10.0.0.57 () {32 vars in 684 bytes} [Wed Mar 11 18:07:35 2026] GET /v2.0/vpn/ipsec-site-connections => generated 805 bytes in 18 msecs (HTTP/1.1 200) 4 headers in 157 bytes (1 switches on core 0)
2026-03-11 18:07:36.060 7 INFO neutron.db.ovn_revision_numbers_db [None req-8b69d6d0-e5e8-433d-9667-94ab459bcf1f d0e4fd8318e0434bb287c75cad36ed11 b57b4621dc784d0da85cc7f7f8b1881f - - default default] Successfully bumped revision number for resource 8661a6b4-c314-487d-b606-f9a2f4b576d3 (type: ports) to 1 [pid: 8|app: 0|req: 1283/2834] 10.0.0.57 () {32 vars in 739 bytes} [Wed Mar 11 18:07:35 2026] DELETE /v2.0/security-groups/43e521e6-6fb1-46e3-b869-5b3cd2be50c2 => generated 0 bytes in 356 msecs (HTTP/1.1 204) 2 headers in 112 bytes (1 switches on core 0)
2026-03-11 18:07:36.251 8 INFO neutron.api.v2.resource [None req-edaa9b80-2c37-41e6-be4f-ed1d393c31c3 831f5dd6b0ad47f59c83a7c27a3b0582 b3038991d381440cbcc64eef21de72e5 - - default default] delete failed (client error): The resource could not be found. [pid: 8|app: 0|req: 1284/2835] 10.0.0.57 () {32 vars in 761 bytes} [Wed Mar 11 18:07:36 2026] DELETE /v2.0/vpn/ipsec-site-connections/036d46be-8cc0-46b4-ad0c-aad7e8c4a8b5 => generated 154 bytes in 8 msecs (HTTP/1.1 404) 4 headers in 164 bytes (1 switches on core 0) [pid: 8|app: 0|req: 1285/2836] 10.0.0.57 () {32 vars in 670 bytes} [Wed Mar 11 18:07:36 2026] GET /v2.0/vpn/endpoint-groups => generated 1186 bytes in 14 msecs (HTTP/1.1 200) 4 headers in 158 bytes (1 switches on core 0) [pid: 8|app: 0|req: 1286/2837] 10.0.0.57 () {32 vars in 747 bytes} [Wed Mar 11 18:07:36 2026] DELETE /v2.0/vpn/endpoint-groups/4945de5b-74c1-4883-b0a0-cf337576ab39 => generated 0 bytes in 29 msecs (HTTP/1.1 204) 2 headers in 112 bytes (1 switches on core 0) [pid: 8|app: 0|req: 1287/2838] 10.0.0.57 () {32 vars in 670 bytes} [Wed Mar 11 18:07:36 2026] GET /v2.0/vpn/endpoint-groups => generated 906 bytes in 12 msecs (HTTP/1.1 200) 4 headers in 157 bytes (1 switches on core 0) [pid: 8|app: 0|req: 1288/2839] 10.0.0.57 () {32 vars in 670 bytes} [Wed Mar 11 18:07:36 2026] GET /v2.0/vpn/endpoint-groups => generated 906 bytes in 10 msecs (HTTP/1.1 200) 4 headers in 157 bytes (1 switches on core 0) [pid: 8|app: 0|req: 1289/2840] 10.0.0.57 () {32 vars in 747 bytes} [Wed Mar 11 18:07:36 2026] DELETE /v2.0/vpn/endpoint-groups/da344ba2-fd96-4932-93cf-1deb92724d68 => generated 0 bytes in 22 msecs (HTTP/1.1 204) 2 headers in 112 bytes (1 switches on core 0) [pid: 8|app: 0|req: 1290/2841] 10.0.0.57 () {32 vars in 670 bytes} [Wed Mar 11 18:07:36 2026] GET /v2.0/vpn/endpoint-groups => generated 634 bytes in 11 msecs (HTTP/1.1 200) 4 headers in 157 bytes (1 switches on core 0)
2026-03-11 18:07:36.561 8 INFO neutron.db.ovn_revision_numbers_db [None req-e41c7c4c-9486-4296-ae09-e696f2748642 085ec04587734310a08f5ecda68ef315 c6454ab9f103418c9bb0d34dee1545f0 - - default default] Successfully bumped revision number for resource b0a1767a-e4d9-4459-b446-b5eb9cb07bfa (type: security_groups) to 1
2026-03-11 18:07:36.573 8 INFO neutron.db.ovn_revision_numbers_db [None req-e41c7c4c-9486-4296-ae09-e696f2748642 085ec04587734310a08f5ecda68ef315 c6454ab9f103418c9bb0d34dee1545f0 - - default default] Successfully bumped revision number for resource 2a78ce4e-e67a-4677-8702-939e0b403bee (type: security_group_rules) to 0
2026-03-11 18:07:36.587 8 INFO neutron.db.ovn_revision_numbers_db [None req-e41c7c4c-9486-4296-ae09-e696f2748642 085ec04587734310a08f5ecda68ef315 c6454ab9f103418c9bb0d34dee1545f0 - - default default] Successfully bumped revision number for resource 958a0f32-9376-4094-be4f-2505de40f1d5 (type: security_group_rules) to 0
2026-03-11 18:07:36.602 8 INFO neutron.db.ovn_revision_numbers_db [None req-e41c7c4c-9486-4296-ae09-e696f2748642 085ec04587734310a08f5ecda68ef315 c6454ab9f103418c9bb0d34dee1545f0 - - default default] Successfully bumped revision number for resource ea6a4777-1327-4bea-b1b9-a57809ac08cd (type: security_group_rules) to 0
2026-03-11 18:07:36.612 8 INFO neutron.db.ovn_revision_numbers_db [None req-e41c7c4c-9486-4296-ae09-e696f2748642 085ec04587734310a08f5ecda68ef315 c6454ab9f103418c9bb0d34dee1545f0 - - default default] Successfully bumped revision number for resource fa659ad1-99ce-48e8-b6f8-60098134697b (type: security_group_rules) to 0 [pid: 8|app: 0|req: 1291/2842] 10.0.0.57 () {32 vars in 773 bytes} [Wed Mar 11 18:07:36 2026] GET /v2.0/security-groups?tenant_id=a75fb70c06da44f7a2424d45461a4e26&name=default => generated 2929 bytes in 269 msecs (HTTP/1.1 200) 4 headers in 158 bytes (1 switches on core 0)
2026-03-11 18:07:36.984 7 WARNING neutron.scheduler.dhcp_agent_scheduler [None req-8b69d6d0-e5e8-433d-9667-94ab459bcf1f d0e4fd8318e0434bb287c75cad36ed11 b57b4621dc784d0da85cc7f7f8b1881f - - default default] No more DHCP agents
2026-03-11 18:07:36.986 7 WARNING neutron.api.rpc.agentnotifiers.dhcp_rpc_agent_api [None req-8b69d6d0-e5e8-433d-9667-94ab459bcf1f d0e4fd8318e0434bb287c75cad36ed11 b57b4621dc784d0da85cc7f7f8b1881f - - default default] Unable to schedule network 7781986d-f444-490d-9f4e-093952161b9d: no agents available; will retry on subsequent port and subnet creation events.
2026-03-11 18:07:37.361 8 INFO neutron.db.ovn_revision_numbers_db [None req-0ab08ae0-10cb-4ffd-b8cb-4da1d2ecbc0b 831f5dd6b0ad47f59c83a7c27a3b0582 b3038991d381440cbcc64eef21de72e5 - - default default] Successfully bumped revision number for resource 86d6765e-25b3-4cba-80aa-7b78c401bfe6 (type: routers) to 8
2026-03-11 18:07:37.394 7 INFO neutron.db.ovn_revision_numbers_db [None req-8b69d6d0-e5e8-433d-9667-94ab459bcf1f d0e4fd8318e0434bb287c75cad36ed11 b57b4621dc784d0da85cc7f7f8b1881f - - default default] Successfully bumped revision number for resource 8661a6b4-c314-487d-b606-f9a2f4b576d3 (type: router_ports) to 1 [pid: 7|app: 0|req: 1552/2843] 10.0.0.57 () {34 vars in 782 bytes} [Wed Mar 11 18:07:35 2026] PUT /v2.0/routers/833d18b8-b839-4ba2-bad5-23b5282d75d4/add_router_interface => generated 309 bytes in 2104 msecs (HTTP/1.1 200) 4 headers in 157 bytes (1 switches on core 0) [pid: 8|app: 0|req: 1292/2844] 10.0.0.57 () {34 vars in 706 bytes} [Wed Mar 11 18:07:36 2026] POST /v2.0/vpn/ipsec-site-connections => generated 804 bytes in 841 msecs (HTTP/1.1 201) 4 headers in 162 bytes (1 switches on core 0) [pid: 7|app: 0|req: 1553/2845] 10.0.0.57 () {32 vars in 739 bytes} [Wed Mar 11 18:07:37 2026] DELETE /v2.0/security-groups/b0a1767a-e4d9-4459-b446-b5eb9cb07bfa => generated 0 bytes in 320 msecs (HTTP/1.1 204) 2 headers in 112 bytes (1 switches on core 0)
2026-03-11 18:07:38.162 8 WARNING neutron.scheduler.dhcp_agent_scheduler [None req-ceb398c9-7fb0-4ae1-913f-eed9026499ab d0e4fd8318e0434bb287c75cad36ed11 b57b4621dc784d0da85cc7f7f8b1881f - - default default] No more DHCP agents
2026-03-11 18:07:38.164 8 WARNING neutron.api.rpc.agentnotifiers.dhcp_rpc_agent_api [None req-ceb398c9-7fb0-4ae1-913f-eed9026499ab d0e4fd8318e0434bb287c75cad36ed11 b57b4621dc784d0da85cc7f7f8b1881f - - default default] Unable to schedule network c6a3b6e9-3d9c-4658-b487-956b9667e948: no agents available; will retry on subsequent port and subnet creation events.
2026-03-11 18:07:38.271 7 INFO neutron.db.ovn_revision_numbers_db [None req-365c27c9-b8c8-43c2-9cf9-ff3018ea6f5e 831f5dd6b0ad47f59c83a7c27a3b0582 b3038991d381440cbcc64eef21de72e5 - - default default] Successfully bumped revision number for resource 86d6765e-25b3-4cba-80aa-7b78c401bfe6 (type: routers) to 9 [pid: 7|app: 0|req: 1554/2846] 10.0.0.57 () {32 vars in 761 bytes} [Wed Mar 11 18:07:37 2026] DELETE /v2.0/vpn/ipsec-site-connections/fa7aa46c-9033-4431-aa64-4197a22b0cb3 => generated 0 bytes in 568 msecs (HTTP/1.1 204) 2 headers in 112 bytes (1 switches on core 0) [pid: 7|app: 0|req: 1555/2847] 10.0.0.57 () {32 vars in 684 bytes} [Wed Mar 11 18:07:38 2026] GET /v2.0/vpn/ipsec-site-connections => generated 805 bytes in 60 msecs (HTTP/1.1 200) 4 headers in 157 bytes (1 switches on core 0)
2026-03-11 18:07:38.373 7 INFO neutron.api.v2.resource [None req-2bae6356-0192-4702-8c84-aefc50b938e6 831f5dd6b0ad47f59c83a7c27a3b0582 b3038991d381440cbcc64eef21de72e5 - - default default] delete failed (client error): The resource could not be found. [pid: 7|app: 0|req: 1556/2848] 10.0.0.57 () {32 vars in 761 bytes} [Wed Mar 11 18:07:38 2026] DELETE /v2.0/vpn/ipsec-site-connections/fa7aa46c-9033-4431-aa64-4197a22b0cb3 => generated 154 bytes in 13 msecs (HTTP/1.1 404) 4 headers in 164 bytes (1 switches on core 0)
2026-03-11 18:07:38.394 8 INFO neutron.db.ovn_revision_numbers_db [None req-ceb398c9-7fb0-4ae1-913f-eed9026499ab d0e4fd8318e0434bb287c75cad36ed11 b57b4621dc784d0da85cc7f7f8b1881f - - default default] Successfully bumped revision number for resource 6847a87c-0d4c-4943-8621-a56362ed742a (type: ports) to 1 [pid: 7|app: 0|req: 1557/2849] 10.0.0.57 () {34 vars in 692 bytes} [Wed Mar 11 18:07:38 2026] POST /v2.0/vpn/endpoint-groups => generated 290 bytes in 48 msecs (HTTP/1.1 201) 4 headers in 162 bytes (1 switches on core 0) [pid: 7|app: 0|req: 1558/2850] 10.0.0.57 () {30 vars in 701 bytes} [Wed Mar 11 18:07:38 2026] PUT /v2.0/vpn/endpoint-groups/a402f26f-d21c-45be-b935-431d07d44713 => generated 290 bytes in 19 msecs (HTTP/1.1 200) 4 headers in 157 bytes (1 switches on core 0) [pid: 7|app: 0|req: 1559/2851] 10.0.0.57 () {32 vars in 744 bytes} [Wed Mar 11 18:07:38 2026] GET /v2.0/vpn/endpoint-groups/a402f26f-d21c-45be-b935-431d07d44713 => generated 290 bytes in 13 msecs (HTTP/1.1 200) 4 headers in 157 bytes (1 switches on core 0) [pid: 7|app: 0|req: 1560/2852] 10.0.0.57 () {32 vars in 747 bytes} [Wed Mar 11 18:07:38 2026] DELETE /v2.0/vpn/endpoint-groups/a402f26f-d21c-45be-b935-431d07d44713 => generated 0 bytes in 32 msecs (HTTP/1.1 204) 2 headers in 112 bytes (1 switches on core 0) [pid: 7|app: 0|req: 1561/2853] 10.0.0.57 () {32 vars in 670 bytes} [Wed Mar 11 18:07:38 2026] GET /v2.0/vpn/endpoint-groups => generated 634 bytes in 15 msecs (HTTP/1.1 200) 4 headers in 157 bytes (1 switches on core 0) [pid: 7|app: 0|req: 1562/2854] 10.0.0.57 () {32 vars in 670 bytes} [Wed Mar 11 18:07:38 2026] GET /v2.0/vpn/endpoint-groups => generated 634 bytes in 13 msecs (HTTP/1.1 200) 4 headers in 157 bytes (1 switches on core 0) [pid: 7|app: 0|req: 1563/2855] 10.0.0.57 () {34 vars in 684 bytes} [Wed Mar 11 18:07:38 2026] POST /v2.0/vpn/ikepolicies => generated 402 bytes in 35 msecs (HTTP/1.1 201) 4 headers in 162 bytes (1 switches on core 0) [pid: 7|app: 0|req: 1564/2856] 10.0.0.57 () {30 vars in 694 bytes} [Wed Mar 11 18:07:38 2026] PUT /v2.0/vpn/ikepolicies/b8a1182c-f37d-4e6f-b72d-b33d37469e91 => generated 419 bytes in 29 msecs (HTTP/1.1 200) 4 headers in 157 bytes (1 switches on core 0) [pid: 7|app: 0|req: 1565/2857] 10.0.0.57 () {32 vars in 736 bytes} [Wed Mar 11 18:07:38 2026] GET /v2.0/vpn/ikepolicies/b8a1182c-f37d-4e6f-b72d-b33d37469e91 => generated 419 bytes in 13 msecs (HTTP/1.1 200) 4 headers in 157 bytes (1 switches on core 0) [pid: 7|app: 0|req: 1566/2858] 10.0.0.57 () {32 vars in 739 bytes} [Wed Mar 11 18:07:38 2026] DELETE /v2.0/vpn/ikepolicies/b8a1182c-f37d-4e6f-b72d-b33d37469e91 => generated 0 bytes in 29 msecs (HTTP/1.1 204) 2 headers in 112 bytes (1 switches on core 0) [pid: 7|app: 0|req: 1567/2859] 10.0.0.57 () {32 vars in 662 bytes} [Wed Mar 11 18:07:38 2026] GET /v2.0/vpn/ikepolicies => generated 408 bytes in 9 msecs (HTTP/1.1 200) 4 headers in 157 bytes (1 switches on core 0) [pid: 7|app: 0|req: 1568/2860] 10.0.0.57 () {32 vars in 662 bytes} [Wed Mar 11 18:07:38 2026] GET /v2.0/vpn/ikepolicies => generated 408 bytes in 7 msecs (HTTP/1.1 200) 4 headers in 157 bytes (1 switches on core 0) [pid: 7|app: 0|req: 1569/2861] 10.0.0.57 () {34 vars in 688 bytes} [Wed Mar 11 18:07:38 2026] POST /v2.0/vpn/ipsecpolicies => generated 411 bytes in 37 msecs (HTTP/1.1 201) 4 headers in 162 bytes (1 switches on core 0) [pid: 7|app: 0|req: 1570/2862] 10.0.0.57 () {30 vars in 698 bytes} [Wed Mar 11 18:07:38 2026] PUT /v2.0/vpn/ipsecpolicies/fa456a1b-c3a6-43a5-b700-f7e4296eaf24 => generated 431 bytes in 28 msecs (HTTP/1.1 200) 4 headers in 157 bytes (1 switches on core 0) [pid: 7|app: 0|req: 1571/2863] 10.0.0.57 () {32 vars in 743 bytes} [Wed Mar 11 18:07:38 2026] DELETE /v2.0/vpn/ipsecpolicies/fa456a1b-c3a6-43a5-b700-f7e4296eaf24 => generated 0 bytes in 30 msecs (HTTP/1.1 204) 2 headers in 112 bytes (1 switches on core 0)
2026-03-11 18:07:38.830 7 INFO neutron.api.v2.resource [None req-f66cb3d0-a8be-4d76-8be2-93a7af238382 831f5dd6b0ad47f59c83a7c27a3b0582 b3038991d381440cbcc64eef21de72e5 - - default default] delete failed (client error): The resource could not be found. [pid: 7|app: 0|req: 1572/2864] 10.0.0.57 () {32 vars in 743 bytes} [Wed Mar 11 18:07:38 2026] DELETE /v2.0/vpn/ipsecpolicies/fa456a1b-c3a6-43a5-b700-f7e4296eaf24 => generated 145 bytes in 11 msecs (HTTP/1.1 404) 4 headers in 164 bytes (1 switches on core 0)
2026-03-11 18:07:38.846 7 INFO neutron.api.v2.resource [None req-d9b068a3-5911-492d-a55c-7be2023d7e48 831f5dd6b0ad47f59c83a7c27a3b0582 b3038991d381440cbcc64eef21de72e5 - - default default] delete failed (client error): The resource could not be found. [pid: 7|app: 0|req: 1573/2865] 10.0.0.57 () {32 vars in 743 bytes} [Wed Mar 11 18:07:38 2026] DELETE /v2.0/vpn/ipsecpolicies/fa456a1b-c3a6-43a5-b700-f7e4296eaf24 => generated 145 bytes in 12 msecs (HTTP/1.1 404) 4 headers in 164 bytes (1 switches on core 0)
2026-03-11 18:07:38.949 7 INFO neutron.db.segments_db [None req-63d47d27-ab32-4dbb-baff-fed76f0bbeb2 831f5dd6b0ad47f59c83a7c27a3b0582 b3038991d381440cbcc64eef21de72e5 - - default default] Added segment fe22eeda-175f-46b9-98b1-d867749fa750 of type geneve for network aff58cc8-c35f-458c-bc9f-b63d56e1248f
2026-03-11 18:07:39.074 7 INFO neutron.db.ovn_revision_numbers_db [None req-63d47d27-ab32-4dbb-baff-fed76f0bbeb2 831f5dd6b0ad47f59c83a7c27a3b0582 b3038991d381440cbcc64eef21de72e5 - - default default] Successfully bumped revision number for resource aff58cc8-c35f-458c-bc9f-b63d56e1248f (type: networks) to 1
2026-03-11 18:07:39.291 7 WARNING neutron.scheduler.dhcp_agent_scheduler [None req-63d47d27-ab32-4dbb-baff-fed76f0bbeb2 831f5dd6b0ad47f59c83a7c27a3b0582 b3038991d381440cbcc64eef21de72e5 - - default default] No more DHCP agents
2026-03-11 18:07:39.293 7 WARNING neutron.api.rpc.agentnotifiers.dhcp_rpc_agent_api [None req-63d47d27-ab32-4dbb-baff-fed76f0bbeb2 831f5dd6b0ad47f59c83a7c27a3b0582 b3038991d381440cbcc64eef21de72e5 - - default default] Unable to schedule network aff58cc8-c35f-458c-bc9f-b63d56e1248f: no agents available; will retry on subsequent port and subnet creation events.
2026-03-11 18:07:39.300 8 WARNING neutron.scheduler.dhcp_agent_scheduler [None req-ceb398c9-7fb0-4ae1-913f-eed9026499ab d0e4fd8318e0434bb287c75cad36ed11 b57b4621dc784d0da85cc7f7f8b1881f - - default default] No more DHCP agents
2026-03-11 18:07:39.301 8 WARNING neutron.api.rpc.agentnotifiers.dhcp_rpc_agent_api [None req-ceb398c9-7fb0-4ae1-913f-eed9026499ab d0e4fd8318e0434bb287c75cad36ed11 b57b4621dc784d0da85cc7f7f8b1881f - - default default] Unable to schedule network c6a3b6e9-3d9c-4658-b487-956b9667e948: no agents available; will retry on subsequent port and subnet creation events.
2026-03-11 18:07:39.406 7 INFO neutron.db.ovn_revision_numbers_db [None req-63d47d27-ab32-4dbb-baff-fed76f0bbeb2 831f5dd6b0ad47f59c83a7c27a3b0582 b3038991d381440cbcc64eef21de72e5 - - default default] Successfully bumped revision number for resource 4963724c-f4f0-4b2b-acaa-1504c37179dc (type: ports) to 1 [pid: 7|app: 0|req: 1574/2866] 10.0.0.57 () {34 vars in 669 bytes} [Wed Mar 11 18:07:38 2026] POST /v2.0/networks => generated 651 bytes in 581 msecs (HTTP/1.1 201) 4 headers in 162 bytes (1 switches on core 0)
2026-03-11 18:07:39.646 7 WARNING neutron.scheduler.dhcp_agent_scheduler [None req-dc255d2b-7f1f-495a-89ba-f2910d992d04 831f5dd6b0ad47f59c83a7c27a3b0582 b3038991d381440cbcc64eef21de72e5 - - default default] No more DHCP agents
2026-03-11 18:07:39.652 7 WARNING neutron.api.rpc.agentnotifiers.dhcp_rpc_agent_api [None req-dc255d2b-7f1f-495a-89ba-f2910d992d04 831f5dd6b0ad47f59c83a7c27a3b0582 b3038991d381440cbcc64eef21de72e5 - - default default] Unable to schedule network aff58cc8-c35f-458c-bc9f-b63d56e1248f: no agents available; will retry on subsequent port and subnet creation events.
2026-03-11 18:07:39.799 8 INFO neutron.db.ovn_revision_numbers_db [None req-ceb398c9-7fb0-4ae1-913f-eed9026499ab d0e4fd8318e0434bb287c75cad36ed11 b57b4621dc784d0da85cc7f7f8b1881f - - default default] Successfully bumped revision number for resource 6847a87c-0d4c-4943-8621-a56362ed742a (type: router_ports) to 1 [pid: 8|app: 0|req: 1293/2867] 10.0.0.57 () {34 vars in 782 bytes} [Wed Mar 11 18:07:37 2026] PUT /v2.0/routers/833d18b8-b839-4ba2-bad5-23b5282d75d4/add_router_interface => generated 309 bytes in 2317 msecs (HTTP/1.1 200) 4 headers in 157 bytes (1 switches on core 0)
2026-03-11 18:07:39.841 8 WARNING neutron.plugins.ml2.drivers.ovn.mech_driver.ovsdb.ovn_client [None req-fa45ee2e-63e6-4c69-a79d-e3e37a6c4824 - - - - - -] No hosting information found for port 33a5cd0d-ce55-4ce9-968d-49ba8eed231e: RuntimeError: No hosting information found for port 33a5cd0d-ce55-4ce9-968d-49ba8eed231e
2026-03-11 18:07:39.971 8 INFO neutron.db.ovn_revision_numbers_db [None req-fa45ee2e-63e6-4c69-a79d-e3e37a6c4824 - - - - - -] Successfully bumped revision number for resource 33a5cd0d-ce55-4ce9-968d-49ba8eed231e (type: router_ports) to 2
2026-03-11 18:07:39.973 8 INFO neutron.plugins.ml2.drivers.ovn.mech_driver.mech_driver [None req-fa45ee2e-63e6-4c69-a79d-e3e37a6c4824 - - - - - -] OVN reports status down for port: 5144b665-26f3-4926-b660-b3a6af7fa9e3
2026-03-11 18:07:39.992 8 INFO neutron.plugins.ml2.drivers.ovn.mech_driver.mech_driver [None req-fa45ee2e-63e6-4c69-a79d-e3e37a6c4824 - - - - - -] OVN reports status down for port: bc2e3e0b-eb22-4dd9-8663-a46cc74eccce
2026-03-11 18:07:40.016 8 INFO neutron.plugins.ml2.drivers.ovn.mech_driver.mech_driver [None req-fa45ee2e-63e6-4c69-a79d-e3e37a6c4824 - - - - - -] OVN reports status down for port: bb0af30f-5cd9-42d7-a908-c5dd61fe054c
2026-03-11 18:07:40.114 8 INFO neutron.plugins.ml2.drivers.ovn.mech_driver.mech_driver [None req-fa45ee2e-63e6-4c69-a79d-e3e37a6c4824 - - - - - -] OVN reports status down for port: e33f033e-18a7-4a08-8992-ad0f7c152939
2026-03-11 18:07:40.132 8 INFO neutron.plugins.ml2.drivers.ovn.mech_driver.mech_driver [None req-fa45ee2e-63e6-4c69-a79d-e3e37a6c4824 - - - - - -] OVN reports status up for port: e33f033e-18a7-4a08-8992-ad0f7c152939
2026-03-11 18:07:40.144 8 INFO neutron.db.ovn_revision_numbers_db [None req-573a3108-7d1e-4a43-865f-332392043136 d0e4fd8318e0434bb287c75cad36ed11 b57b4621dc784d0da85cc7f7f8b1881f - - default default] Successfully bumped revision number for resource 94495ed9-d117-46d5-a325-c01b4b06ef10 (type: security_groups) to 1
2026-03-11 18:07:40.167 8 INFO neutron.plugins.ml2.drivers.ovn.mech_driver.mech_driver [None req-fa45ee2e-63e6-4c69-a79d-e3e37a6c4824 - - - - - -] OVN reports status down for port: 6b513cf2-e19f-432a-9732-557c332dc7f8
2026-03-11 18:07:40.183 8 INFO neutron.db.ovn_revision_numbers_db [None req-573a3108-7d1e-4a43-865f-332392043136 d0e4fd8318e0434bb287c75cad36ed11 b57b4621dc784d0da85cc7f7f8b1881f - - default default] Successfully bumped revision number for resource de38ca8a-a312-4c8f-96cf-adecef468aa8 (type: security_group_rules) to 0
2026-03-11 18:07:40.191 8 INFO neutron.plugins.ml2.drivers.ovn.mech_driver.mech_driver [None req-fa45ee2e-63e6-4c69-a79d-e3e37a6c4824 - - - - - -] OVN reports status down for port: 87b52f08-de73-41e5-8a31-8bd1615fcff3
2026-03-11 18:07:40.214 8 INFO neutron.db.ovn_revision_numbers_db [None req-573a3108-7d1e-4a43-865f-332392043136 d0e4fd8318e0434bb287c75cad36ed11 b57b4621dc784d0da85cc7f7f8b1881f - - default default] Successfully bumped revision number for resource e3937103-3d79-4db7-870e-b2d3443585ff (type: security_group_rules) to 0
2026-03-11 18:07:40.249 7 INFO neutron.db.ovn_revision_numbers_db [None req-059c46c1-5f70-4305-a7b5-92a82805774d - - - - - -] Successfully bumped revision number for resource 4963724c-f4f0-4b2b-acaa-1504c37179dc (type: ports) to 2
2026-03-11 18:07:40.279 7 INFO neutron.db.ovn_revision_numbers_db [None req-059c46c1-5f70-4305-a7b5-92a82805774d - - - - - -] Successfully bumped revision number for resource becd6e10-d1ef-4aab-b0bc-5d1ffae47126 (type: subnets) to 0 [pid: 8|app: 0|req: 1294/2868] 10.0.0.57 () {34 vars in 683 bytes} [Wed Mar 11 18:07:39 2026] POST /v2.0/security-groups => generated 1629 bytes in 412 msecs (HTTP/1.1 201) 4 headers in 163 bytes (1 switches on core 0) [pid: 7|app: 0|req: 1575/2869] 10.0.0.57 () {34 vars in 668 bytes} [Wed Mar 11 18:07:39 2026] POST /v2.0/subnets => generated 629 bytes in 855 msecs (HTTP/1.1 201) 4 headers in 162 bytes (1 switches on core 0)
2026-03-11 18:07:40.362 8 INFO neutron.plugins.ml2.drivers.ovn.mech_driver.mech_driver [None req-fa45ee2e-63e6-4c69-a79d-e3e37a6c4824 - - - - - -] OVN reports status down for port: 64decb49-4d77-4b21-8920-68cfbcd71a7a
2026-03-11 18:07:40.495 8 INFO neutron.plugins.ml2.drivers.ovn.mech_driver.mech_driver [None req-fa45ee2e-63e6-4c69-a79d-e3e37a6c4824 - - - - - -] OVN reports status down for port: c0d3b512-fb96-4a11-abff-468d34cdd9f5
2026-03-11 18:07:40.571 8 INFO neutron.db.ovn_revision_numbers_db [None req-91d40cab-7250-4a49-8c69-b6281501a70f d0e4fd8318e0434bb287c75cad36ed11 b57b4621dc784d0da85cc7f7f8b1881f - - default default] Successfully bumped revision number for resource 8d8ddaa8-2481-4507-8752-71a8aab3a8d8 (type: security_group_rules) to 0 [pid: 8|app: 0|req: 1295/2870] 10.0.0.57 () {34 vars in 694 bytes} [Wed Mar 11 18:07:40 2026] POST /v2.0/security-group-rules => generated 597 bytes in 371 msecs (HTTP/1.1 201) 4 headers in 162 bytes (1 switches on core 0)
2026-03-11 18:07:40.727 7 WARNING neutron.scheduler.dhcp_agent_scheduler [None req-8aa6cdf7-a253-48a3-a94d-cd1d82722b0c 831f5dd6b0ad47f59c83a7c27a3b0582 b3038991d381440cbcc64eef21de72e5 - - default default] No more DHCP agents
2026-03-11 18:07:40.729 7 WARNING neutron.api.rpc.agentnotifiers.dhcp_rpc_agent_api [None req-8aa6cdf7-a253-48a3-a94d-cd1d82722b0c 831f5dd6b0ad47f59c83a7c27a3b0582 b3038991d381440cbcc64eef21de72e5 - - default default] Unable to schedule network d293ed7d-d2a6-4a60-9b6c-96dcb81ef222: no agents available; will retry on subsequent port and subnet creation events.
2026-03-11 18:07:40.888 7 INFO neutron.db.ovn_revision_numbers_db [None req-8aa6cdf7-a253-48a3-a94d-cd1d82722b0c 831f5dd6b0ad47f59c83a7c27a3b0582 b3038991d381440cbcc64eef21de72e5 - - default default] Successfully bumped revision number for resource 34a2c86b-7e8e-4b9c-ac2a-a966d35a39ad (type: ports) to 1
2026-03-11 18:07:40.963 8 INFO neutron.db.ovn_revision_numbers_db [None req-db6e10f0-fd32-4ff3-bc20-6f16ce4dd739 d0e4fd8318e0434bb287c75cad36ed11 b57b4621dc784d0da85cc7f7f8b1881f - - default default] Successfully bumped revision number for resource aa4af8ce-63ae-415d-8a9d-c878ecf766e8 (type: security_group_rules) to 0 [pid: 8|app: 0|req: 1296/2871] 10.0.0.57 () {34 vars in 694 bytes} [Wed Mar 11 18:07:40 2026] POST /v2.0/security-group-rules => generated 597 bytes in 354 msecs (HTTP/1.1 201) 4 headers in 162 bytes (1 switches on core 0)
2026-03-11 18:07:41.180 8 INFO neutron.db.ovn_revision_numbers_db [None req-fa45ee2e-63e6-4c69-a79d-e3e37a6c4824 - - - - - -] Successfully bumped revision number for resource c0d3b512-fb96-4a11-abff-468d34cdd9f5 (type: ports) to 6
2026-03-11 18:07:41.317 8 INFO neutron.db.ovn_revision_numbers_db [None req-6b6cd8f2-f21a-4755-9b66-3f8acb74c737 d0e4fd8318e0434bb287c75cad36ed11 b57b4621dc784d0da85cc7f7f8b1881f - - default default] Successfully bumped revision number for resource 3c994b74-c18e-4119-b00e-4553fccc3fc4 (type: security_group_rules) to 0
2026-03-11 18:07:41.341 8 WARNING neutron.plugins.ml2.drivers.ovn.mech_driver.ovsdb.ovn_client [None req-f66ba5c4-a7e7-4745-aeb6-8f0c7e4cf797 - - - - - -] Logical_Switch_Port %s host information not removed, the port state is up
2026-03-11 18:07:41.343 8 INFO neutron.plugins.ml2.drivers.ovn.mech_driver.mech_driver [None req-f66ba5c4-a7e7-4745-aeb6-8f0c7e4cf797 - - - - - -] OVN reports status up for port: c0d3b512-fb96-4a11-abff-468d34cdd9f5
2026-03-11 18:07:41.366 8 INFO neutron.plugins.ml2.plugin [None req-f66ba5c4-a7e7-4745-aeb6-8f0c7e4cf797 - - - - - -] Attempt 1 to provision port c0d3b512-fb96-4a11-abff-468d34cdd9f5 [pid: 8|app: 0|req: 1297/2872] 10.0.0.57 () {34 vars in 694 bytes} [Wed Mar 11 18:07:41 2026] POST /v2.0/security-group-rules => generated 599 bytes in 377 msecs (HTTP/1.1 201) 4 headers in 162 bytes (1 switches on core 0)
2026-03-11 18:07:41.614 7 INFO neutron.plugins.ml2.drivers.ovn.mech_driver.ovsdb.commands [-] Schedule LRP lrp-34a2c86b-7e8e-4b9c-ac2a-a966d35a39ad on gateway ac725b7d-b481-4e9b-8236-47fd2b60ba9f with priority 1
2026-03-11 18:07:41.715 7 INFO neutron.db.ovn_revision_numbers_db [None req-8aa6cdf7-a253-48a3-a94d-cd1d82722b0c 831f5dd6b0ad47f59c83a7c27a3b0582 b3038991d381440cbcc64eef21de72e5 - - default default] Successfully bumped revision number for resource 34a2c86b-7e8e-4b9c-ac2a-a966d35a39ad (type: router_ports) to 1
2026-03-11 18:07:41.799 7 INFO neutron.db.ovn_revision_numbers_db [None req-8aa6cdf7-a253-48a3-a94d-cd1d82722b0c 831f5dd6b0ad47f59c83a7c27a3b0582 b3038991d381440cbcc64eef21de72e5 - - default default] Successfully bumped revision number for resource 7afe2c77-b917-4dd1-8b48-8fe61d7b1957 (type: routers) to 2
2026-03-11 18:07:41.804 8 INFO neutron.db.ovn_revision_numbers_db [None req-9bebc59c-4d7b-4c16-877f-2ffd8ca56351 d0e4fd8318e0434bb287c75cad36ed11 b57b4621dc784d0da85cc7f7f8b1881f - - default default] Successfully bumped revision number for resource 5798d369-3284-470b-a5c8-603f54bb41e7 (type: security_group_rules) to 0 [pid: 7|app: 0|req: 1576/2873] 10.0.0.57 () {34 vars in 668 bytes} [Wed Mar 11 18:07:40 2026] POST /v2.0/routers => generated 936 bytes in 1514 msecs (HTTP/1.1 201) 4 headers in 162 bytes (1 switches on core 0) [pid: 8|app: 0|req: 1298/2874] 10.0.0.57 () {34 vars in 694 bytes} [Wed Mar 11 18:07:41 2026] POST /v2.0/security-group-rules => generated 601 bytes in 442 msecs (HTTP/1.1 201) 4 headers in 162 bytes (1 switches on core 0)
2026-03-11 18:07:42.054 8 INFO neutron.db.ovn_revision_numbers_db [None req-f66ba5c4-a7e7-4745-aeb6-8f0c7e4cf797 - - - - - -] Successfully bumped revision number for resource c0d3b512-fb96-4a11-abff-468d34cdd9f5 (type: ports) to 7
2026-03-11 18:07:42.156 7 INFO neutron.db.ovn_revision_numbers_db [None req-a3a7f77b-832e-4dc1-a766-b3aeb1c81938 7ca57d3841ad4146944aa7858bcd9a03 78559032dc304820ae840e9c1bd939e4 - - default default] Successfully bumped revision number for resource b46f1c82-b09c-4514-923a-01e385e546f4 (type: security_groups) to 1
2026-03-11 18:07:42.171 7 INFO neutron.db.ovn_revision_numbers_db [None req-a3a7f77b-832e-4dc1-a766-b3aeb1c81938 7ca57d3841ad4146944aa7858bcd9a03 78559032dc304820ae840e9c1bd939e4 - - default default] Successfully bumped revision number for resource 288297af-ab86-449f-9edd-739f3c173c00 (type: security_group_rules) to 0
2026-03-11 18:07:42.185 7 INFO neutron.db.ovn_revision_numbers_db [None req-a3a7f77b-832e-4dc1-a766-b3aeb1c81938 7ca57d3841ad4146944aa7858bcd9a03 78559032dc304820ae840e9c1bd939e4 - - default default] Successfully bumped revision number for resource 33edc8d8-7a55-4985-9203-b1683a9cebf9 (type: security_group_rules) to 0
2026-03-11 18:07:42.198 7 INFO neutron.db.ovn_revision_numbers_db [None req-a3a7f77b-832e-4dc1-a766-b3aeb1c81938 7ca57d3841ad4146944aa7858bcd9a03 78559032dc304820ae840e9c1bd939e4 - - default default] Successfully bumped revision number for resource 36ebd8b8-035f-4c64-9b19-c472b826b9ab (type: security_group_rules) to 0
2026-03-11 18:07:42.209 7 INFO neutron.db.ovn_revision_numbers_db [None req-a3a7f77b-832e-4dc1-a766-b3aeb1c81938 7ca57d3841ad4146944aa7858bcd9a03 78559032dc304820ae840e9c1bd939e4 - - default default] Successfully bumped revision number for resource b3ebd868-045c-4f5d-b45c-9aa1669f99d3 (type: security_group_rules) to 0
2026-03-11 18:07:42.285 7 INFO neutron.db.segments_db [None req-a3a7f77b-832e-4dc1-a766-b3aeb1c81938 7ca57d3841ad4146944aa7858bcd9a03 78559032dc304820ae840e9c1bd939e4 - - default default] Added segment f21ef63b-bcf7-443a-8963-371c3fd33451 of type geneve for network 0bd72ab3-b09b-4a16-97e6-fbffaf7c6574
2026-03-11 18:07:42.402 7 INFO neutron.db.ovn_revision_numbers_db [None req-a3a7f77b-832e-4dc1-a766-b3aeb1c81938 7ca57d3841ad4146944aa7858bcd9a03 78559032dc304820ae840e9c1bd939e4 - - default default] Successfully bumped revision number for resource 0bd72ab3-b09b-4a16-97e6-fbffaf7c6574 (type: networks) to 1
2026-03-11 18:07:42.455 8 INFO neutron.plugins.ml2.drivers.ovn.mech_driver.mech_driver [None req-8e9038e9-e3da-4558-87b6-1cbefe1a12b6 - - - - - -] OVN reports status down for port: a50bb222-40f8-4b3c-aa63-d4393a58a99d
2026-03-11 18:07:42.579 7 WARNING neutron.scheduler.dhcp_agent_scheduler [None req-a3a7f77b-832e-4dc1-a766-b3aeb1c81938 7ca57d3841ad4146944aa7858bcd9a03 78559032dc304820ae840e9c1bd939e4 - - default default] No more DHCP agents
2026-03-11 18:07:42.581 7 WARNING neutron.api.rpc.agentnotifiers.dhcp_rpc_agent_api [None req-a3a7f77b-832e-4dc1-a766-b3aeb1c81938 7ca57d3841ad4146944aa7858bcd9a03 78559032dc304820ae840e9c1bd939e4 - - default default] Unable to schedule network 0bd72ab3-b09b-4a16-97e6-fbffaf7c6574: no agents available; will retry on subsequent port and subnet creation events.
2026-03-11 18:07:42.598 8 WARNING neutron.plugins.ml2.drivers.ovn.mech_driver.ovsdb.ovn_client [None req-8e9038e9-e3da-4558-87b6-1cbefe1a12b6 - - - - - -] Logical_Switch_Port %s host information not removed, the port state is up
2026-03-11 18:07:42.598 8 INFO neutron.plugins.ml2.drivers.ovn.mech_driver.mech_driver [None req-8e9038e9-e3da-4558-87b6-1cbefe1a12b6 - - - - - -] OVN reports status up for port: a50bb222-40f8-4b3c-aa63-d4393a58a99d
2026-03-11 18:07:42.643 8 INFO neutron.plugins.ml2.plugin [None req-8e9038e9-e3da-4558-87b6-1cbefe1a12b6 - - - - - -] Attempt 1 to provision port a50bb222-40f8-4b3c-aa63-d4393a58a99d
2026-03-11 18:07:42.690 7 INFO neutron.db.ovn_revision_numbers_db [None req-a3a7f77b-832e-4dc1-a766-b3aeb1c81938 7ca57d3841ad4146944aa7858bcd9a03 78559032dc304820ae840e9c1bd939e4 - - default default] Successfully bumped revision number for resource b5c50041-27e0-41a0-b291-d5b0a9ee920e (type: ports) to 1 [pid: 7|app: 0|req: 1577/2875] 10.0.0.57 () {34 vars in 669 bytes} [Wed Mar 11 18:07:41 2026] POST /v2.0/networks => generated 651 bytes in 897 msecs (HTTP/1.1 201) 4 headers in 162 bytes (1 switches on core 0)
2026-03-11 18:07:42.879 7 INFO neutron.db.ovn_revision_numbers_db [None req-48935b7a-883b-4544-95a5-cd57eefefa0c d0e4fd8318e0434bb287c75cad36ed11 b57b4621dc784d0da85cc7f7f8b1881f - - default default] Successfully bumped revision number for resource 96eab3f6-1aa5-4f25-8a81-7f6b5c4e4ff1 (type: security_group_rules) to 0 [pid: 7|app: 0|req: 1578/2876] 10.0.0.57 () {34 vars in 694 bytes} [Wed Mar 11 18:07:42 2026] POST /v2.0/security-group-rules => generated 601 bytes in 209 msecs (HTTP/1.1 201) 4 headers in 162 bytes (1 switches on core 0)
2026-03-11 18:07:43.052 8 WARNING neutron.scheduler.dhcp_agent_scheduler [None req-dd3c4d2e-7ac8-4318-9f67-19cd768d6932 831f5dd6b0ad47f59c83a7c27a3b0582 b3038991d381440cbcc64eef21de72e5 - - default default] No more DHCP agents
2026-03-11 18:07:43.054 8 WARNING neutron.api.rpc.agentnotifiers.dhcp_rpc_agent_api [None req-dd3c4d2e-7ac8-4318-9f67-19cd768d6932 831f5dd6b0ad47f59c83a7c27a3b0582 b3038991d381440cbcc64eef21de72e5 - - default default] Unable to schedule network aff58cc8-c35f-458c-bc9f-b63d56e1248f: no agents available; will retry on subsequent port and subnet creation events.
2026-03-11 18:07:43.116 7 WARNING neutron.scheduler.dhcp_agent_scheduler [None req-ecea9f45-35bf-4c1b-94ed-ed6a9de8409b 7ca57d3841ad4146944aa7858bcd9a03 78559032dc304820ae840e9c1bd939e4 - - default default] No more DHCP agents
2026-03-11 18:07:43.118 7 WARNING neutron.api.rpc.agentnotifiers.dhcp_rpc_agent_api [None req-ecea9f45-35bf-4c1b-94ed-ed6a9de8409b 7ca57d3841ad4146944aa7858bcd9a03 78559032dc304820ae840e9c1bd939e4 - - default default] Unable to schedule network 0bd72ab3-b09b-4a16-97e6-fbffaf7c6574: no agents available; will retry on subsequent port and subnet creation events.
2026-03-11 18:07:43.396 8 INFO neutron.db.ovn_revision_numbers_db [None req-dd3c4d2e-7ac8-4318-9f67-19cd768d6932 831f5dd6b0ad47f59c83a7c27a3b0582 b3038991d381440cbcc64eef21de72e5 - - default default] Successfully bumped revision number for resource 2e66eef5-bfc1-4cc9-9d6a-e65ef8de21ee (type: ports) to 1
2026-03-11 18:07:43.525 8 INFO neutron.db.ovn_revision_numbers_db [None req-8e9038e9-e3da-4558-87b6-1cbefe1a12b6 - - - - - -] Successfully bumped revision number for resource a50bb222-40f8-4b3c-aa63-d4393a58a99d (type: ports) to 2
2026-03-11 18:07:43.687 7 INFO neutron.db.ovn_revision_numbers_db [None req-fff816f2-83dc-4787-8564-d2945dc316d1 - - - - - -] Successfully bumped revision number for resource b5c50041-27e0-41a0-b291-d5b0a9ee920e (type: ports) to 2
2026-03-11 18:07:43.720 7 INFO neutron.db.ovn_revision_numbers_db [None req-fff816f2-83dc-4787-8564-d2945dc316d1 - - - - - -] Successfully bumped revision number for resource 1f491a37-90a0-43dc-b55f-9ba58e66ba5c (type: subnets) to 0 [pid: 7|app: 0|req: 1579/2877] 10.0.0.57 () {34 vars in 668 bytes} [Wed Mar 11 18:07:42 2026] POST /v2.0/subnets => generated 626 bytes in 816 msecs (HTTP/1.1 201) 4 headers in 162 bytes (1 switches on core 0)
2026-03-11 18:07:43.914 7 INFO neutron.db.ovn_revision_numbers_db [None req-34aefca7-7990-45d0-936a-419f6b984a27 d0e4fd8318e0434bb287c75cad36ed11 b57b4621dc784d0da85cc7f7f8b1881f - - default default] Successfully bumped revision number for resource a654eedb-620d-4250-b11f-415d40d10351 (type: security_group_rules) to 0 [pid: 7|app: 0|req: 1580/2878] 10.0.0.57 () {34 vars in 694 bytes} [Wed Mar 11 18:07:43 2026] POST /v2.0/security-group-rules => generated 597 bytes in 209 msecs (HTTP/1.1 201) 4 headers in 162 bytes (1 switches on core 0)
2026-03-11 18:07:44.030 7 INFO neutron.db.segments_db [None req-4e1e63d3-8f22-4e0a-8af9-966224aa6168 7ca57d3841ad4146944aa7858bcd9a03 78559032dc304820ae840e9c1bd939e4 - - default default] Added segment ab00cb9d-11ce-4291-8a6c-db197067cae1 of type geneve for network ef379aa7-0c2d-435a-9932-282c8aa173f0
2026-03-11 18:07:44.175 7 INFO neutron.db.ovn_revision_numbers_db [None req-4e1e63d3-8f22-4e0a-8af9-966224aa6168 7ca57d3841ad4146944aa7858bcd9a03 78559032dc304820ae840e9c1bd939e4 - - default default] Successfully bumped revision number for resource ef379aa7-0c2d-435a-9932-282c8aa173f0 (type: networks) to 1
2026-03-11 18:07:44.396 7 WARNING neutron.scheduler.dhcp_agent_scheduler [None req-4e1e63d3-8f22-4e0a-8af9-966224aa6168 7ca57d3841ad4146944aa7858bcd9a03 78559032dc304820ae840e9c1bd939e4 - - default default] No more DHCP agents
2026-03-11 18:07:44.398 7 WARNING neutron.api.rpc.agentnotifiers.dhcp_rpc_agent_api [None req-4e1e63d3-8f22-4e0a-8af9-966224aa6168 7ca57d3841ad4146944aa7858bcd9a03 78559032dc304820ae840e9c1bd939e4 - - default default] Unable to schedule network ef379aa7-0c2d-435a-9932-282c8aa173f0: no agents available; will retry on subsequent port and subnet creation events.
2026-03-11 18:07:44.451 8 WARNING neutron.scheduler.dhcp_agent_scheduler [None req-dd3c4d2e-7ac8-4318-9f67-19cd768d6932 831f5dd6b0ad47f59c83a7c27a3b0582 b3038991d381440cbcc64eef21de72e5 - - default default] No more DHCP agents
2026-03-11 18:07:44.473 8 WARNING neutron.api.rpc.agentnotifiers.dhcp_rpc_agent_api [None req-dd3c4d2e-7ac8-4318-9f67-19cd768d6932 831f5dd6b0ad47f59c83a7c27a3b0582 b3038991d381440cbcc64eef21de72e5 - - default default] Unable to schedule network aff58cc8-c35f-458c-bc9f-b63d56e1248f: no agents available; will retry on subsequent port and subnet creation events.
2026-03-11 18:07:44.524 7 INFO neutron.db.ovn_revision_numbers_db [None req-4e1e63d3-8f22-4e0a-8af9-966224aa6168 7ca57d3841ad4146944aa7858bcd9a03 78559032dc304820ae840e9c1bd939e4 - - default default] Successfully bumped revision number for resource 2a4242c6-fe6e-4f88-8ea2-f1e11d8e5d1f (type: ports) to 1 [pid: 7|app: 0|req: 1581/2879] 10.0.0.57 () {34 vars in 669 bytes} [Wed Mar 11 18:07:43 2026] POST /v2.0/networks => generated 651 bytes in 597 msecs (HTTP/1.1 201) 4 headers in 162 bytes (1 switches on core 0)
2026-03-11 18:07:44.718 7 INFO neutron.db.ovn_revision_numbers_db [None req-eaddc5f1-e27e-4c22-afd9-ed04dfcacacd d0e4fd8318e0434bb287c75cad36ed11 b57b4621dc784d0da85cc7f7f8b1881f - - default default] Successfully bumped revision number for resource a92e95d5-dfba-401e-8111-9406bcdd60d8 (type: security_group_rules) to 0 [pid: 7|app: 0|req: 1582/2880] 10.0.0.57 () {34 vars in 694 bytes} [Wed Mar 11 18:07:44 2026] POST /v2.0/security-group-rules => generated 597 bytes in 200 msecs (HTTP/1.1 201) 4 headers in 162 bytes (1 switches on core 0)
2026-03-11 18:07:44.991 7 WARNING neutron.scheduler.dhcp_agent_scheduler [None req-114b1ed2-02c2-4d40-ac1e-d16166b6c442 7ca57d3841ad4146944aa7858bcd9a03 78559032dc304820ae840e9c1bd939e4 - - default default] No more DHCP agents
2026-03-11 18:07:44.993 7 WARNING neutron.api.rpc.agentnotifiers.dhcp_rpc_agent_api [None req-114b1ed2-02c2-4d40-ac1e-d16166b6c442 7ca57d3841ad4146944aa7858bcd9a03 78559032dc304820ae840e9c1bd939e4 - - default default] Unable to schedule network ef379aa7-0c2d-435a-9932-282c8aa173f0: no agents available; will retry on subsequent port and subnet creation events.
2026-03-11 18:07:45.010 8 INFO neutron.db.ovn_revision_numbers_db [None req-dd3c4d2e-7ac8-4318-9f67-19cd768d6932 831f5dd6b0ad47f59c83a7c27a3b0582 b3038991d381440cbcc64eef21de72e5 - - default default] Successfully bumped revision number for resource 2e66eef5-bfc1-4cc9-9d6a-e65ef8de21ee (type: router_ports) to 1 [pid: 8|app: 0|req: 1299/2881] 10.0.0.57 () {34 vars in 782 bytes} [Wed Mar 11 18:07:41 2026] PUT /v2.0/routers/7afe2c77-b917-4dd1-8b48-8fe61d7b1957/add_router_interface => generated 309 bytes in 3160 msecs (HTTP/1.1 200) 4 headers in 157 bytes (1 switches on core 0)
2026-03-11 18:07:45.191 8 INFO neutron.db.ovn_revision_numbers_db [None req-f2ae3f22-401e-4c1b-b721-af6cc8c58c6f d0e4fd8318e0434bb287c75cad36ed11 b57b4621dc784d0da85cc7f7f8b1881f - - default default] Successfully bumped revision number for resource 37d7d406-acea-40bf-897d-185ad3b29415 (type: security_group_rules) to 0 [pid: 8|app: 0|req: 1300/2882] 10.0.0.57 () {34 vars in 694 bytes} [Wed Mar 11 18:07:45 2026] POST /v2.0/security-group-rules => generated 597 bytes in 205 msecs (HTTP/1.1 201) 4 headers in 162 bytes (1 switches on core 0)
2026-03-11 18:07:45.518 7 INFO neutron.db.ovn_revision_numbers_db [None req-9b55e977-695b-4628-bd36-eba45495dc14 - - - - - -] Successfully bumped revision number for resource 2a4242c6-fe6e-4f88-8ea2-f1e11d8e5d1f (type: ports) to 2
2026-03-11 18:07:45.544 7 INFO neutron.db.ovn_revision_numbers_db [None req-9b55e977-695b-4628-bd36-eba45495dc14 - - - - - -] Successfully bumped revision number for resource f8607032-9b15-4308-a43a-2aa967165e84 (type: subnets) to 0 [pid: 7|app: 0|req: 1583/2883] 10.0.0.57 () {34 vars in 668 bytes} [Wed Mar 11 18:07:44 2026] POST /v2.0/subnets => generated 629 bytes in 812 msecs (HTTP/1.1 201) 4 headers in 162 bytes (1 switches on core 0)
2026-03-11 18:07:45.740 7 INFO neutron.db.ovn_revision_numbers_db [None req-63ad04c4-2d0b-4391-accd-4675c30e7e41 d0e4fd8318e0434bb287c75cad36ed11 b57b4621dc784d0da85cc7f7f8b1881f - - default default] Successfully bumped revision number for resource 36b0d9fb-3720-413e-9beb-460116ff9c9d (type: security_group_rules) to 0
2026-03-11 18:07:45.759 8 WARNING neutron.scheduler.dhcp_agent_scheduler [None req-02fcbefc-5f7b-47b8-8133-527c11303ebc - - - - - -] No more DHCP agents
2026-03-11 18:07:45.760 8 WARNING neutron.api.rpc.agentnotifiers.dhcp_rpc_agent_api [None req-02fcbefc-5f7b-47b8-8133-527c11303ebc - - - - - -] Unable to schedule network d293ed7d-d2a6-4a60-9b6c-96dcb81ef222: no agents available; will retry on subsequent port and subnet creation events. [pid: 7|app: 0|req: 1584/2884] 10.0.0.57 () {34 vars in 694 bytes} [Wed Mar 11 18:07:45 2026] POST /v2.0/security-group-rules => generated 599 bytes in 212 msecs (HTTP/1.1 201) 4 headers in 162 bytes (1 switches on core 0)
2026-03-11 18:07:45.879 7 INFO neutron.db.segments_db [None req-f5a6b9b4-0c84-42d1-b907-d0f4aa113ebb 7ca57d3841ad4146944aa7858bcd9a03 78559032dc304820ae840e9c1bd939e4 - - default default] Added segment c1a190fe-ec5c-4116-ad05-dcc824025e1f of type geneve for network 27770602-a86c-4181-a3a3-87561a7bbdbb
2026-03-11 18:07:45.932 8 INFO neutron.db.ovn_revision_numbers_db [None req-02fcbefc-5f7b-47b8-8133-527c11303ebc - - - - - -] Successfully bumped revision number for resource a24b6f12-0c04-4bf0-93cd-32377b42d9ef (type: ports) to 1
2026-03-11 18:07:46.034 7 INFO neutron.db.ovn_revision_numbers_db [None req-f5a6b9b4-0c84-42d1-b907-d0f4aa113ebb 7ca57d3841ad4146944aa7858bcd9a03 78559032dc304820ae840e9c1bd939e4 - - default default] Successfully bumped revision number for resource 27770602-a86c-4181-a3a3-87561a7bbdbb (type: networks) to 1
2026-03-11 18:07:46.219 7 WARNING neutron.scheduler.dhcp_agent_scheduler [None req-f5a6b9b4-0c84-42d1-b907-d0f4aa113ebb 7ca57d3841ad4146944aa7858bcd9a03 78559032dc304820ae840e9c1bd939e4 - - default default] No more DHCP agents
2026-03-11 18:07:46.221 7 WARNING neutron.api.rpc.agentnotifiers.dhcp_rpc_agent_api [None req-f5a6b9b4-0c84-42d1-b907-d0f4aa113ebb 7ca57d3841ad4146944aa7858bcd9a03 78559032dc304820ae840e9c1bd939e4 - - default default] Unable to schedule network 27770602-a86c-4181-a3a3-87561a7bbdbb: no agents available; will retry on subsequent port and subnet creation events.
2026-03-11 18:07:46.224 8 INFO neutron.db.ovn_revision_numbers_db [None req-02fcbefc-5f7b-47b8-8133-527c11303ebc - - - - - -] Successfully bumped revision number for resource a24b6f12-0c04-4bf0-93cd-32377b42d9ef (type: ports) to 3
2026-03-11 18:07:46.298 8 INFO neutron.db.segments_db [None req-02fcbefc-5f7b-47b8-8133-527c11303ebc - - - - - -] Added segment 835057a2-b5cc-420f-b9ed-49bfa5bb4d88 of type geneve for network 34bae424-9dc7-41ae-a1e1-cf3bc6a7aaec
2026-03-11 18:07:46.328 7 INFO neutron.db.ovn_revision_numbers_db [None req-f5a6b9b4-0c84-42d1-b907-d0f4aa113ebb 7ca57d3841ad4146944aa7858bcd9a03 78559032dc304820ae840e9c1bd939e4 - - default default] Successfully bumped revision number for resource b943f1a2-2fc1-4225-9e3c-de850a586d8d (type: ports) to 1 [pid: 7|app: 0|req: 1585/2885] 10.0.0.57 () {34 vars in 669 bytes} [Wed Mar 11 18:07:45 2026] POST /v2.0/networks => generated 650 bytes in 579 msecs (HTTP/1.1 201) 4 headers in 162 bytes (1 switches on core 0)
2026-03-11 18:07:46.447 8 INFO neutron.db.ovn_revision_numbers_db [None req-1bf36030-22bf-49b5-a9e1-e731ece1e41d - - - - - -] Successfully bumped revision number for resource 34bae424-9dc7-41ae-a1e1-cf3bc6a7aaec (type: networks) to 1
2026-03-11 18:07:46.586 7 INFO neutron.db.ovn_revision_numbers_db [None req-e671ffc3-6856-431e-8ce5-b23f0ac774c5 d0e4fd8318e0434bb287c75cad36ed11 b57b4621dc784d0da85cc7f7f8b1881f - - default default] Successfully bumped revision number for resource d5a77190-7539-41b8-a9e8-bc954854454e (type: security_group_rules) to 0 [pid: 7|app: 0|req: 1586/2886] 10.0.0.57 () {34 vars in 694 bytes} [Wed Mar 11 18:07:46 2026] POST /v2.0/security-group-rules => generated 601 bytes in 264 msecs (HTTP/1.1 201) 4 headers in 162 bytes (1 switches on core 0)
2026-03-11 18:07:46.650 8 WARNING neutron.scheduler.dhcp_agent_scheduler [None req-1bf36030-22bf-49b5-a9e1-e731ece1e41d - - - - - -] No more DHCP agents
2026-03-11 18:07:46.651 8 WARNING neutron.api.rpc.agentnotifiers.dhcp_rpc_agent_api [None req-1bf36030-22bf-49b5-a9e1-e731ece1e41d - - - - - -] Unable to schedule network 34bae424-9dc7-41ae-a1e1-cf3bc6a7aaec: no agents available; will retry on subsequent port and subnet creation events.
2026-03-11 18:07:46.757 8 INFO neutron.db.ovn_revision_numbers_db [None req-1bf36030-22bf-49b5-a9e1-e731ece1e41d - - - - - -] Successfully bumped revision number for resource 8a0c90a4-3361-477f-9f73-c05350db058d (type: ports) to 1
2026-03-11 18:07:46.870 7 WARNING neutron.scheduler.dhcp_agent_scheduler [None req-70af9957-4ac5-4da1-99ae-b7728730e25a 7ca57d3841ad4146944aa7858bcd9a03 78559032dc304820ae840e9c1bd939e4 - - default default] No more DHCP agents
2026-03-11 18:07:46.872 7 WARNING neutron.api.rpc.agentnotifiers.dhcp_rpc_agent_api [None req-70af9957-4ac5-4da1-99ae-b7728730e25a 7ca57d3841ad4146944aa7858bcd9a03 78559032dc304820ae840e9c1bd939e4 - - default default] Unable to schedule network 27770602-a86c-4181-a3a3-87561a7bbdbb: no agents available; will retry on subsequent port and subnet creation events.
2026-03-11 18:07:46.889 8 WARNING neutron.scheduler.dhcp_agent_scheduler [None req-1bf36030-22bf-49b5-a9e1-e731ece1e41d - - - - - -] No more DHCP agents
2026-03-11 18:07:46.891 8 WARNING neutron.api.rpc.agentnotifiers.dhcp_rpc_agent_api [None req-1bf36030-22bf-49b5-a9e1-e731ece1e41d - - - - - -] Unable to schedule network 34bae424-9dc7-41ae-a1e1-cf3bc6a7aaec: no agents available; will retry on subsequent port and subnet creation events.
2026-03-11 18:07:46.914 8 INFO neutron.db.ovn_revision_numbers_db [None req-1bf36030-22bf-49b5-a9e1-e731ece1e41d - - - - - -] Successfully bumped revision number for resource 521774d9-0446-47cf-b1a3-8d4e1592115e (type: subnets) to 0
2026-03-11 18:07:47.334 8 WARNING neutron.scheduler.dhcp_agent_scheduler [None req-1bf36030-22bf-49b5-a9e1-e731ece1e41d - - - - - -] No more DHCP agents
2026-03-11 18:07:47.337 8 WARNING neutron.api.rpc.agentnotifiers.dhcp_rpc_agent_api [None req-1bf36030-22bf-49b5-a9e1-e731ece1e41d - - - - - -] Unable to schedule network 34bae424-9dc7-41ae-a1e1-cf3bc6a7aaec: no agents available; will retry on subsequent port and subnet creation events.
2026-03-11 18:07:47.357 7 INFO neutron.db.ovn_revision_numbers_db [None req-185a2c8d-93dc-464f-a3b7-44b4951dd698 - - - - - -] Successfully bumped revision number for resource b943f1a2-2fc1-4225-9e3c-de850a586d8d (type: ports) to 2
2026-03-11 18:07:47.384 7 INFO neutron.db.ovn_revision_numbers_db [None req-185a2c8d-93dc-464f-a3b7-44b4951dd698 - - - - - -] Successfully bumped revision number for resource 4bd10cd1-945a-4afc-9d58-4f527eafe2e3 (type: subnets) to 0 [pid: 7|app: 0|req: 1587/2887] 10.0.0.57 () {34 vars in 668 bytes} [Wed Mar 11 18:07:46 2026] POST /v2.0/subnets => generated 629 bytes in 785 msecs (HTTP/1.1 201) 4 headers in 162 bytes (1 switches on core 0)
2026-03-11 18:07:47.527 8 INFO neutron.db.ovn_revision_numbers_db [None req-1bf36030-22bf-49b5-a9e1-e731ece1e41d - - - - - -] Successfully bumped revision number for resource 537bbd1c-e276-49c8-ab75-d245e6f63852 (type: ports) to 1
2026-03-11 18:07:47.668 7 INFO neutron.db.ovn_revision_numbers_db [None req-bbb2bed5-366a-47dd-889e-8e56d6ade8cc d0e4fd8318e0434bb287c75cad36ed11 b57b4621dc784d0da85cc7f7f8b1881f - - default default] Successfully bumped revision number for resource 34ce5d17-6378-468c-9910-b228e5434770 (type: security_group_rules) to 0 [pid: 7|app: 0|req: 1588/2888] 10.0.0.57 () {34 vars in 694 bytes} [Wed Mar 11 18:07:47 2026] POST /v2.0/security-group-rules => generated 597 bytes in 297 msecs (HTTP/1.1 201) 4 headers in 162 bytes (1 switches on core 0)
2026-03-11 18:07:47.796 7 INFO neutron.db.segments_db [None req-74b937f7-fe9a-445a-b384-0721e93d87a1 7ca57d3841ad4146944aa7858bcd9a03 78559032dc304820ae840e9c1bd939e4 - - default default] Added segment f9e508a3-0b24-4d97-af8c-69f8759a890d of type geneve for network 5c86def7-7424-4ab0-b5b6-cd6df948357b
2026-03-11 18:07:47.942 7 INFO neutron.db.ovn_revision_numbers_db [None req-74b937f7-fe9a-445a-b384-0721e93d87a1 7ca57d3841ad4146944aa7858bcd9a03 78559032dc304820ae840e9c1bd939e4 - - default default] Successfully bumped revision number for resource 5c86def7-7424-4ab0-b5b6-cd6df948357b (type: networks) to 1
2026-03-11 18:07:48.164 7 WARNING neutron.scheduler.dhcp_agent_scheduler [None req-74b937f7-fe9a-445a-b384-0721e93d87a1 7ca57d3841ad4146944aa7858bcd9a03 78559032dc304820ae840e9c1bd939e4 - - default default] No more DHCP agents
2026-03-11 18:07:48.165 7 WARNING neutron.api.rpc.agentnotifiers.dhcp_rpc_agent_api [None req-74b937f7-fe9a-445a-b384-0721e93d87a1 7ca57d3841ad4146944aa7858bcd9a03 78559032dc304820ae840e9c1bd939e4 - - default default] Unable to schedule network 5c86def7-7424-4ab0-b5b6-cd6df948357b: no agents available; will retry on subsequent port and subnet creation events.
