2026-03-11 18:05:37.648 7 INFO neutron.db.ovn_revision_numbers_db [None req-f3fde8aa-42c5-4fa1-bb18-dfd8ad0b9f61 2ed8ece2dcec46008815c3d39d2cf202 207f21ad9bb34cbdadb537da3f6b6a81 - - default default] Successfully bumped revision number for resource 9dd26eb7-db7b-4b52-8b11-e18e44ea1769 (type: security_group_rules) to 0 [pid: 7|app: 0|req: 1126/2085] 10.0.0.57 () {34 vars in 694 bytes} [Wed Mar 11 18:05:37 2026] POST /v2.0/security-group-rules => generated 601 bytes in 252 msecs (HTTP/1.1 201) 4 headers in 162 bytes (1 switches on core 0) [pid: 8|app: 0|req: 960/2086] 10.0.0.57 () {32 vars in 746 bytes} [Wed Mar 11 18:05:37 2026] GET /v2.0/security-group-rules/9dd26eb7-db7b-4b52-8b11-e18e44ea1769 => generated 601 bytes in 34 msecs (HTTP/1.1 200) 4 headers in 157 bytes (1 switches on core 0) [pid: 7|app: 0|req: 1127/2087] 10.0.0.57 () {32 vars in 672 bytes} [Wed Mar 11 18:05:37 2026] GET /v2.0/security-group-rules => generated 4138 bytes in 76 msecs (HTTP/1.1 200) 4 headers in 158 bytes (1 switches on core 0) [pid: 8|app: 0|req: 961/2088] 10.0.0.57 () {32 vars in 749 bytes} [Wed Mar 11 18:05:37 2026] DELETE /v2.0/security-group-rules/9dd26eb7-db7b-4b52-8b11-e18e44ea1769 => generated 0 bytes in 215 msecs (HTTP/1.1 204) 2 headers in 112 bytes (1 switches on core 0) [pid: 7|app: 0|req: 1128/2089] 10.0.0.143 () {34 vars in 990 bytes} [Wed Mar 11 18:05:37 2026] GET /v2.0/ports?device_id=dc6f7ac7-2569-4b87-9e5e-f8439c226a06 => generated 975 bytes in 102 msecs (HTTP/1.1 200) 4 headers in 157 bytes (1 switches on core 0) [pid: 8|app: 0|req: 962/2090] 10.0.0.57 () {32 vars in 672 bytes} [Wed Mar 11 18:05:38 2026] GET /v2.0/security-group-rules => generated 3560 bytes in 65 msecs (HTTP/1.1 200) 4 headers in 158 bytes (1 switches on core 0) [pid: 7|app: 0|req: 1129/2091] 10.0.0.143 () {34 vars in 1040 bytes} [Wed Mar 11 18:05:38 2026] GET /v2.0/security-groups?id=075b0efd-94d2-4ebd-948d-116cd194d593&fields=id&fields=name => generated 113 bytes in 32 msecs (HTTP/1.1 200) 4 headers in 157 bytes (1 switches on core 0)
2026-03-11 18:05:38.303 8 INFO neutron.db.ovn_revision_numbers_db [None req-fbf4167d-e4fc-452c-a930-55466ab0ad5c 2ed8ece2dcec46008815c3d39d2cf202 207f21ad9bb34cbdadb537da3f6b6a81 - - default default] Successfully bumped revision number for resource 21b826aa-d6b4-4792-a144-90424cbd27ce (type: security_group_rules) to 0 [pid: 8|app: 0|req: 963/2092] 10.0.0.57 () {34 vars in 694 bytes} [Wed Mar 11 18:05:38 2026] POST /v2.0/security-group-rules => generated 602 bytes in 232 msecs (HTTP/1.1 201) 4 headers in 162 bytes (1 switches on core 0) [pid: 7|app: 0|req: 1130/2093] 10.0.0.57 () {32 vars in 746 bytes} [Wed Mar 11 18:05:38 2026] GET /v2.0/security-group-rules/21b826aa-d6b4-4792-a144-90424cbd27ce => generated 602 bytes in 25 msecs (HTTP/1.1 200) 4 headers in 157 bytes (1 switches on core 0) [pid: 8|app: 0|req: 964/2094] 10.0.0.57 () {32 vars in 672 bytes} [Wed Mar 11 18:05:38 2026] GET /v2.0/security-group-rules => generated 4139 bytes in 85 msecs (HTTP/1.1 200) 4 headers in 158 bytes (1 switches on core 0) [pid: 7|app: 0|req: 1131/2095] 10.0.0.57 () {32 vars in 749 bytes} [Wed Mar 11 18:05:38 2026] DELETE /v2.0/security-group-rules/21b826aa-d6b4-4792-a144-90424cbd27ce => generated 0 bytes in 185 msecs (HTTP/1.1 204) 2 headers in 112 bytes (1 switches on core 0) [pid: 8|app: 0|req: 965/2096] 10.0.0.57 () {32 vars in 672 bytes} [Wed Mar 11 18:05:38 2026] GET /v2.0/security-group-rules => generated 3560 bytes in 63 msecs (HTTP/1.1 200) 4 headers in 158 bytes (1 switches on core 0) [pid: 7|app: 0|req: 1132/2097] 10.0.0.57 () {32 vars in 739 bytes} [Wed Mar 11 18:05:38 2026] DELETE /v2.0/security-groups/b5c342ad-b262-4f9f-8f67-26e0b135931a => generated 0 bytes in 153 msecs (HTTP/1.1 204) 2 headers in 112 bytes (1 switches on core 0) [pid: 8|app: 0|req: 966/2098] 10.0.0.57 () {32 vars in 662 bytes} [Wed Mar 11 18:05:38 2026] GET /v2.0/security-groups => generated 2925 bytes in 35 msecs (HTTP/1.1 200) 4 headers in 158 bytes (1 switches on core 0) [pid: 7|app: 0|req: 1133/2099] 10.0.0.57 () {32 vars in 662 bytes} [Wed Mar 11 18:05:38 2026] GET /v2.0/security-groups => generated 2925 bytes in 30 msecs (HTTP/1.1 200) 4 headers in 158 bytes (1 switches on core 0)
2026-03-11 18:05:39.034 8 INFO neutron.plugins.ml2.drivers.ovn.mech_driver.mech_driver [None req-58c59527-0f3f-4075-91a8-d1b07404bfcd - - - - - -] OVN reports status down for port: 0d35b65b-4d87-4a99-8216-a0bac8ffab20
2026-03-11 18:05:39.214 8 INFO neutron.notifiers.nova [-] Nova event matching ['req-903f3f2a-e32e-483d-9a86-48c8c3aff31d'] response: {'server_uuid': 'dc6f7ac7-2569-4b87-9e5e-f8439c226a06', 'name': 'network-vif-unplugged', 'status': 'completed', 'tag': '0d35b65b-4d87-4a99-8216-a0bac8ffab20', 'code': 200} [pid: 7|app: 0|req: 1134/2100] 10.0.0.143 () {34 vars in 990 bytes} [Wed Mar 11 18:05:39 2026] GET /v2.0/ports?device_id=dc6f7ac7-2569-4b87-9e5e-f8439c226a06 => generated 973 bytes in 46 msecs (HTTP/1.1 200) 4 headers in 157 bytes (1 switches on core 0) [pid: 7|app: 0|req: 1135/2101] 10.0.0.143 () {34 vars in 1040 bytes} [Wed Mar 11 18:05:39 2026] GET /v2.0/security-groups?id=075b0efd-94d2-4ebd-948d-116cd194d593&fields=id&fields=name => generated 113 bytes in 47 msecs (HTTP/1.1 200) 4 headers in 157 bytes (1 switches on core 0)
2026-03-11 18:05:39.429 8 INFO neutron.db.ovn_revision_numbers_db [None req-09d8a460-6927-4c06-a593-685d03cfd945 085ec04587734310a08f5ecda68ef315 c6454ab9f103418c9bb0d34dee1545f0 - - default default] Successfully bumped revision number for resource c38cd8d6-527b-40a9-83b0-a9794dd188e9 (type: security_groups) to 1
2026-03-11 18:05:39.451 8 INFO neutron.db.ovn_revision_numbers_db [None req-09d8a460-6927-4c06-a593-685d03cfd945 085ec04587734310a08f5ecda68ef315 c6454ab9f103418c9bb0d34dee1545f0 - - default default] Successfully bumped revision number for resource 31c5acf0-2b50-4751-b567-d7550f47066d (type: security_group_rules) to 0
2026-03-11 18:05:39.471 8 INFO neutron.db.ovn_revision_numbers_db [None req-09d8a460-6927-4c06-a593-685d03cfd945 085ec04587734310a08f5ecda68ef315 c6454ab9f103418c9bb0d34dee1545f0 - - default default] Successfully bumped revision number for resource 4895a443-f09e-4e51-9978-283b9929a4ea (type: security_group_rules) to 0
2026-03-11 18:05:39.494 8 INFO neutron.db.ovn_revision_numbers_db [None req-09d8a460-6927-4c06-a593-685d03cfd945 085ec04587734310a08f5ecda68ef315 c6454ab9f103418c9bb0d34dee1545f0 - - default default] Successfully bumped revision number for resource 59d13a73-be3c-4ad1-b694-d40072b3a37b (type: security_group_rules) to 0
2026-03-11 18:05:39.497 8 INFO neutron.db.ovn_revision_numbers_db [None req-58c59527-0f3f-4075-91a8-d1b07404bfcd - - - - - -] Successfully bumped revision number for resource 0d35b65b-4d87-4a99-8216-a0bac8ffab20 (type: ports) to 6
2026-03-11 18:05:39.515 8 INFO neutron.db.ovn_revision_numbers_db [None req-09d8a460-6927-4c06-a593-685d03cfd945 085ec04587734310a08f5ecda68ef315 c6454ab9f103418c9bb0d34dee1545f0 - - default default] Successfully bumped revision number for resource e4e0b554-36e2-4341-acb0-bfd3e016f757 (type: security_group_rules) to 0 [pid: 7|app: 0|req: 1136/2102] 10.0.0.57 () {32 vars in 773 bytes} [Wed Mar 11 18:05:39 2026] GET /v2.0/security-groups?tenant_id=207f21ad9bb34cbdadb537da3f6b6a81&name=default => generated 2925 bytes in 113 msecs (HTTP/1.1 200) 4 headers in 158 bytes (1 switches on core 0) [pid: 8|app: 0|req: 967/2103] 10.0.0.57 () {32 vars in 773 bytes} [Wed Mar 11 18:05:38 2026] GET /v2.0/security-groups?tenant_id=b6d3ea135887455ba1476d0a1dded139&name=default => generated 2925 bytes in 645 msecs (HTTP/1.1 200) 4 headers in 158 bytes (1 switches on core 0) /var/lib/openstack/lib/python3.12/site-packages/pycadf/identifier.py:70: UserWarning: Invalid uuid: neutron. To ensure interoperability, identifiers should be a valid uuid. warnings.warn(('Invalid uuid: %s. To ensure interoperability, ' [pid: 7|app: 0|req: 1137/2104] 10.0.0.57 () {32 vars in 739 bytes} [Wed Mar 11 18:05:39 2026] DELETE /v2.0/security-groups/fd86fc42-cf15-4048-bf97-ce1c165d1ff0 => generated 0 bytes in 348 msecs (HTTP/1.1 204) 2 headers in 112 bytes (1 switches on core 0) [pid: 8|app: 0|req: 968/2105] 10.0.0.57 () {32 vars in 739 bytes} [Wed Mar 11 18:05:39 2026] DELETE /v2.0/security-groups/c38cd8d6-527b-40a9-83b0-a9794dd188e9 => generated 0 bytes in 337 msecs (HTTP/1.1 204) 2 headers in 112 bytes (1 switches on core 0) [pid: 7|app: 0|req: 1138/2106] 162.253.55.200 () {34 vars in 994 bytes} [Wed Mar 11 18:05:40 2026] GET /v2.0/ports?device_id=dc6f7ac7-2569-4b87-9e5e-f8439c226a06 => generated 973 bytes in 40 msecs (HTTP/1.1 200) 4 headers in 157 bytes (1 switches on core 0) [pid: 7|app: 0|req: 1139/2107] 10.0.0.143 () {34 vars in 990 bytes} [Wed Mar 11 18:05:40 2026] GET /v2.0/ports?device_id=dc6f7ac7-2569-4b87-9e5e-f8439c226a06 => generated 973 bytes in 36 msecs (HTTP/1.1 200) 4 headers in 157 bytes (1 switches on core 0)
2026-03-11 18:05:40.453 8 INFO neutron_taas.services.taas.taas_plugin [req-08b3d997-9f5a-4a23-af54-8eceae711492 req-474a9c6e-79b9-4ab1-abe9-d8a64540cc8d 207116ff357b406ba163fdc7526e873d cd4b00711ff34d3db600e5ebac9ab2e0 - - default default] TaaS: Handle Delete Port: 0d35b65b-4d87-4a99-8216-a0bac8ffab20
2026-03-11 18:05:40.455 8 INFO neutron_taas.services.taas.tap_mirror_plugin [req-08b3d997-9f5a-4a23-af54-8eceae711492 req-474a9c6e-79b9-4ab1-abe9-d8a64540cc8d 207116ff357b406ba163fdc7526e873d cd4b00711ff34d3db600e5ebac9ab2e0 - - default default] Tap Mirror: Handle Delete Port: 0d35b65b-4d87-4a99-8216-a0bac8ffab20 [pid: 7|app: 0|req: 1140/2108] 10.0.0.143 () {34 vars in 1040 bytes} [Wed Mar 11 18:05:40 2026] GET /v2.0/security-groups?id=075b0efd-94d2-4ebd-948d-116cd194d593&fields=id&fields=name => generated 113 bytes in 30 msecs (HTTP/1.1 200) 4 headers in 157 bytes (1 switches on core 0)
2026-03-11 18:05:40.649 8 INFO neutron.db.l3_db [req-08b3d997-9f5a-4a23-af54-8eceae711492 req-474a9c6e-79b9-4ab1-abe9-d8a64540cc8d 207116ff357b406ba163fdc7526e873d cd4b00711ff34d3db600e5ebac9ab2e0 - - default default] Floating IP 84a5570c-2e4d-4571-b395-4a322e305a3b disassociated. External IP: 10.96.250.210, port: 0d35b65b-4d87-4a99-8216-a0bac8ffab20. [pid: 8|app: 0|req: 969/2109] 162.253.55.200 () {36 vars in 997 bytes} [Wed Mar 11 18:05:40 2026] DELETE /v2.0/ports/0d35b65b-4d87-4a99-8216-a0bac8ffab20 => generated 0 bytes in 556 msecs (HTTP/1.1 204) 3 headers in 131 bytes (1 switches on core 0)
2026-03-11 18:05:41.254 8 INFO neutron.notifiers.nova [-] Nova event matching ['req-afccf0f3-b8b8-4a35-a1d3-a95b745282e2'] response: {'server_uuid': 'dc6f7ac7-2569-4b87-9e5e-f8439c226a06', 'name': 'network-vif-unplugged', 'status': 'completed', 'tag': '0d35b65b-4d87-4a99-8216-a0bac8ffab20', 'code': 200}
2026-03-11 18:05:41.255 8 INFO neutron.notifiers.nova [-] Nova event matching ['req-afccf0f3-b8b8-4a35-a1d3-a95b745282e2'] response: {'server_uuid': 'dc6f7ac7-2569-4b87-9e5e-f8439c226a06', 'name': 'network-vif-deleted', 'tag': '0d35b65b-4d87-4a99-8216-a0bac8ffab20', 'status': 'completed', 'code': 200} [pid: 7|app: 0|req: 1141/2110] 10.0.0.143 () {34 vars in 990 bytes} [Wed Mar 11 18:05:41 2026] GET /v2.0/ports?device_id=dc6f7ac7-2569-4b87-9e5e-f8439c226a06 => generated 12 bytes in 30 msecs (HTTP/1.1 200) 4 headers in 156 bytes (1 switches on core 0) /var/lib/openstack/lib/python3.12/site-packages/pycadf/identifier.py:70: UserWarning: Invalid uuid: neutron. To ensure interoperability, identifiers should be a valid uuid. warnings.warn(('Invalid uuid: %s. To ensure interoperability, '
2026-03-11 18:05:41.969 8 INFO neutron.db.ovn_revision_numbers_db [None req-df09e261-6b63-40bc-9794-7ea4f1c9ab36 085ec04587734310a08f5ecda68ef315 c6454ab9f103418c9bb0d34dee1545f0 - - default default] Successfully bumped revision number for resource 270c115d-4731-4db1-a70c-6c2fccdaf87a (type: security_groups) to 1
2026-03-11 18:05:41.984 8 INFO neutron.db.ovn_revision_numbers_db [None req-df09e261-6b63-40bc-9794-7ea4f1c9ab36 085ec04587734310a08f5ecda68ef315 c6454ab9f103418c9bb0d34dee1545f0 - - default default] Successfully bumped revision number for resource 0fd57bd4-f7e5-41c4-ab05-a238124a1103 (type: security_group_rules) to 0
2026-03-11 18:05:42.003 8 INFO neutron.db.ovn_revision_numbers_db [None req-df09e261-6b63-40bc-9794-7ea4f1c9ab36 085ec04587734310a08f5ecda68ef315 c6454ab9f103418c9bb0d34dee1545f0 - - default default] Successfully bumped revision number for resource 6b0559b6-add2-4695-9770-473b6a0fa08e (type: security_group_rules) to 0
2026-03-11 18:05:42.018 8 INFO neutron.db.ovn_revision_numbers_db [None req-df09e261-6b63-40bc-9794-7ea4f1c9ab36 085ec04587734310a08f5ecda68ef315 c6454ab9f103418c9bb0d34dee1545f0 - - default default] Successfully bumped revision number for resource 9d2f2a1a-31cb-4cdf-8fa8-7e49b7973347 (type: security_group_rules) to 0
2026-03-11 18:05:42.034 8 INFO neutron.db.ovn_revision_numbers_db [None req-df09e261-6b63-40bc-9794-7ea4f1c9ab36 085ec04587734310a08f5ecda68ef315 c6454ab9f103418c9bb0d34dee1545f0 - - default default] Successfully bumped revision number for resource a58bb008-c29e-4325-be38-e6879dd6d209 (type: security_group_rules) to 0
2026-03-11 18:05:42.122 8 INFO neutron.db.segments_db [None req-df09e261-6b63-40bc-9794-7ea4f1c9ab36 085ec04587734310a08f5ecda68ef315 c6454ab9f103418c9bb0d34dee1545f0 - - default default] Added segment ca2921bf-9216-4c26-803a-81fdbb7391e5 of type geneve for network ea3da4e7-a175-4be0-ab51-e644e0151f58
2026-03-11 18:05:42.254 8 INFO neutron.db.ovn_revision_numbers_db [None req-df09e261-6b63-40bc-9794-7ea4f1c9ab36 085ec04587734310a08f5ecda68ef315 c6454ab9f103418c9bb0d34dee1545f0 - - default default] Successfully bumped revision number for resource ea3da4e7-a175-4be0-ab51-e644e0151f58 (type: networks) to 1
2026-03-11 18:05:42.415 8 WARNING neutron.scheduler.dhcp_agent_scheduler [None req-df09e261-6b63-40bc-9794-7ea4f1c9ab36 085ec04587734310a08f5ecda68ef315 c6454ab9f103418c9bb0d34dee1545f0 - - default default] No more DHCP agents
2026-03-11 18:05:42.416 8 WARNING neutron.api.rpc.agentnotifiers.dhcp_rpc_agent_api [None req-df09e261-6b63-40bc-9794-7ea4f1c9ab36 085ec04587734310a08f5ecda68ef315 c6454ab9f103418c9bb0d34dee1545f0 - - default default] Unable to schedule network ea3da4e7-a175-4be0-ab51-e644e0151f58: no agents available; will retry on subsequent port and subnet creation events.
2026-03-11 18:05:42.480 8 INFO neutron.plugins.ml2.drivers.ovn.mech_driver.mech_driver [None req-cafc9830-c8c1-454c-baa1-67338bc6db7f - - - - - -] OVN reports status down for port: 247b5265-aef6-4ddd-8ad2-3b38f059b32e
2026-03-11 18:05:42.543 8 INFO neutron.db.ovn_revision_numbers_db [None req-df09e261-6b63-40bc-9794-7ea4f1c9ab36 085ec04587734310a08f5ecda68ef315 c6454ab9f103418c9bb0d34dee1545f0 - - default default] Successfully bumped revision number for resource 247b5265-aef6-4ddd-8ad2-3b38f059b32e (type: ports) to 1 [pid: 8|app: 0|req: 970/2111] 10.0.0.57 () {34 vars in 670 bytes} [Wed Mar 11 18:05:41 2026] POST /v2.0/networks => generated 763 bytes in 995 msecs (HTTP/1.1 201) 4 headers in 162 bytes (1 switches on core 0) [pid: 8|app: 0|req: 971/2112] 10.0.0.143 () {34 vars in 990 bytes} [Wed Mar 11 18:05:42 2026] GET /v2.0/ports?device_id=dc6f7ac7-2569-4b87-9e5e-f8439c226a06 => generated 12 bytes in 26 msecs (HTTP/1.1 200) 4 headers in 156 bytes (1 switches on core 0)
2026-03-11 18:05:42.734 7 WARNING neutron.scheduler.dhcp_agent_scheduler [None req-6551fff7-d9bd-4b7a-8a34-54cbae88d4e1 085ec04587734310a08f5ecda68ef315 c6454ab9f103418c9bb0d34dee1545f0 - - default default] No more DHCP agents
2026-03-11 18:05:42.735 7 WARNING neutron.api.rpc.agentnotifiers.dhcp_rpc_agent_api [None req-6551fff7-d9bd-4b7a-8a34-54cbae88d4e1 085ec04587734310a08f5ecda68ef315 c6454ab9f103418c9bb0d34dee1545f0 - - default default] Unable to schedule network ea3da4e7-a175-4be0-ab51-e644e0151f58: no agents available; will retry on subsequent port and subnet creation events.
2026-03-11 18:05:43.200 7 INFO neutron.db.ovn_revision_numbers_db [None req-2baa4f36-cb95-4520-a402-25194d968b23 - - - - - -] Successfully bumped revision number for resource 247b5265-aef6-4ddd-8ad2-3b38f059b32e (type: ports) to 2
2026-03-11 18:05:43.242 7 INFO neutron.db.ovn_revision_numbers_db [None req-2baa4f36-cb95-4520-a402-25194d968b23 - - - - - -] Successfully bumped revision number for resource 2360b2ff-a758-47e7-9ad3-e5845f00b3a8 (type: subnets) to 0 [pid: 7|app: 0|req: 1142/2113] 10.0.0.57 () {34 vars in 668 bytes} [Wed Mar 11 18:05:42 2026] POST /v2.0/subnets => generated 688 bytes in 665 msecs (HTTP/1.1 201) 4 headers in 162 bytes (1 switches on core 0)
2026-03-11 18:05:43.719 8 WARNING neutron.scheduler.dhcp_agent_scheduler [None req-34b9312f-f5cf-4f42-8533-c3b17c4b997c 085ec04587734310a08f5ecda68ef315 c6454ab9f103418c9bb0d34dee1545f0 - - default default] No more DHCP agents
2026-03-11 18:05:43.721 8 WARNING neutron.api.rpc.agentnotifiers.dhcp_rpc_agent_api [None req-34b9312f-f5cf-4f42-8533-c3b17c4b997c 085ec04587734310a08f5ecda68ef315 c6454ab9f103418c9bb0d34dee1545f0 - - default default] Unable to schedule network d293ed7d-d2a6-4a60-9b6c-96dcb81ef222: no agents available; will retry on subsequent port and subnet creation events. [pid: 7|app: 0|req: 1143/2114] 10.0.0.143 () {34 vars in 990 bytes} [Wed Mar 11 18:05:43 2026] GET /v2.0/ports?device_id=dc6f7ac7-2569-4b87-9e5e-f8439c226a06 => generated 12 bytes in 19 msecs (HTTP/1.1 200) 4 headers in 156 bytes (1 switches on core 0)
2026-03-11 18:05:43.855 8 INFO neutron.plugins.ml2.drivers.ovn.mech_driver.mech_driver [None req-cafc9830-c8c1-454c-baa1-67338bc6db7f - - - - - -] OVN reports status down for port: 4ea5c13a-44fd-40bf-a6cd-5906cdfa9b0a
2026-03-11 18:05:43.915 8 INFO neutron.db.ovn_revision_numbers_db [None req-34b9312f-f5cf-4f42-8533-c3b17c4b997c 085ec04587734310a08f5ecda68ef315 c6454ab9f103418c9bb0d34dee1545f0 - - default default] Successfully bumped revision number for resource 4ea5c13a-44fd-40bf-a6cd-5906cdfa9b0a (type: ports) to 1
2026-03-11 18:05:44.607 8 INFO neutron.plugins.ml2.drivers.ovn.mech_driver.ovsdb.commands [None req-1d7b85bb-df31-4d3e-94ec-59d4c85eae89 - - - - - -] Schedule LRP lrp-4ea5c13a-44fd-40bf-a6cd-5906cdfa9b0a on gateway ac725b7d-b481-4e9b-8236-47fd2b60ba9f with priority 1
2026-03-11 18:05:44.723 8 INFO neutron.plugins.ml2.drivers.ovn.mech_driver.mech_driver [None req-cafc9830-c8c1-454c-baa1-67338bc6db7f - - - - - -] OVN reports status up for port: 4ea5c13a-44fd-40bf-a6cd-5906cdfa9b0a
2026-03-11 18:05:44.728 8 INFO neutron.plugins.ml2.drivers.ovn.mech_driver.ovsdb.ovsdb_monitor [None req-9dcaeb56-ef84-4374-afbf-6cc3e9e8e80a - - - - - -] Router 30288d46-6886-4b6f-9e0c-3e086adb3ea8 is bound to host instance
2026-03-11 18:05:44.832 8 INFO neutron.plugins.ml2.plugin [None req-cafc9830-c8c1-454c-baa1-67338bc6db7f - - - - - -] Attempt 1 to provision port 4ea5c13a-44fd-40bf-a6cd-5906cdfa9b0a
2026-03-11 18:05:44.847 8 INFO neutron.db.ovn_revision_numbers_db [None req-34b9312f-f5cf-4f42-8533-c3b17c4b997c 085ec04587734310a08f5ecda68ef315 c6454ab9f103418c9bb0d34dee1545f0 - - default default] Successfully bumped revision number for resource 4ea5c13a-44fd-40bf-a6cd-5906cdfa9b0a (type: router_ports) to 1 [pid: 7|app: 0|req: 1144/2115] 10.0.0.57 () {32 vars in 739 bytes} [Wed Mar 11 18:05:44 2026] DELETE /v2.0/security-groups/075b0efd-94d2-4ebd-948d-116cd194d593 => generated 0 bytes in 274 msecs (HTTP/1.1 204) 2 headers in 112 bytes (1 switches on core 0)
2026-03-11 18:05:45.124 8 INFO neutron.db.ovn_revision_numbers_db [None req-34b9312f-f5cf-4f42-8533-c3b17c4b997c 085ec04587734310a08f5ecda68ef315 c6454ab9f103418c9bb0d34dee1545f0 - - default default] Successfully bumped revision number for resource 30288d46-6886-4b6f-9e0c-3e086adb3ea8 (type: routers) to 2 [pid: 8|app: 0|req: 972/2116] 10.0.0.57 () {34 vars in 668 bytes} [Wed Mar 11 18:05:43 2026] POST /v2.0/routers => generated 966 bytes in 1882 msecs (HTTP/1.1 201) 4 headers in 162 bytes (1 switches on core 0)
2026-03-11 18:05:45.243 7 INFO neutron_taas.services.taas.taas_plugin [None req-c11fa27b-e521-4ac7-b795-c6aad54f341c 207116ff357b406ba163fdc7526e873d cd4b00711ff34d3db600e5ebac9ab2e0 - - default default] TaaS: Handle Delete Port: 9fa3efc7-f97b-4243-8682-7f06c8503434
2026-03-11 18:05:45.246 7 INFO neutron_taas.services.taas.tap_mirror_plugin [None req-c11fa27b-e521-4ac7-b795-c6aad54f341c 207116ff357b406ba163fdc7526e873d cd4b00711ff34d3db600e5ebac9ab2e0 - - default default] Tap Mirror: Handle Delete Port: 9fa3efc7-f97b-4243-8682-7f06c8503434 [pid: 7|app: 0|req: 1145/2117] 10.0.0.57 () {32 vars in 731 bytes} [Wed Mar 11 18:05:45 2026] DELETE /v2.0/floatingips/84a5570c-2e4d-4571-b395-4a322e305a3b => generated 0 bytes in 308 msecs (HTTP/1.1 204) 2 headers in 112 bytes (1 switches on core 0) [pid: 7|app: 0|req: 1146/2118] 10.0.0.143 () {34 vars in 990 bytes} [Wed Mar 11 18:05:45 2026] GET /v2.0/ports?device_id=49736583-af3d-4b16-82ea-c1d44e841706 => generated 971 bytes in 78 msecs (HTTP/1.1 200) 4 headers in 157 bytes (1 switches on core 0) [pid: 7|app: 0|req: 1147/2119] 10.0.0.143 () {34 vars in 1040 bytes} [Wed Mar 11 18:05:45 2026] GET /v2.0/security-groups?id=d5e0c0da-edc2-4cdc-add9-4a44ff879583&fields=id&fields=name => generated 113 bytes in 32 msecs (HTTP/1.1 200) 4 headers in 157 bytes (1 switches on core 0)
2026-03-11 18:05:46.020 7 INFO neutron.db.ovn_revision_numbers_db [None req-21fee1e4-9101-420b-b7dd-fb349e98b0f0 085ec04587734310a08f5ecda68ef315 c6454ab9f103418c9bb0d34dee1545f0 - - default default] Successfully bumped revision number for resource 2bc43140-af9f-4cfa-b438-0389e0ccd16b (type: security_groups) to 1
2026-03-11 18:05:46.029 8 WARNING neutron.scheduler.dhcp_agent_scheduler [None req-7fc8f607-0569-43da-8609-3623c1d7207e 085ec04587734310a08f5ecda68ef315 c6454ab9f103418c9bb0d34dee1545f0 - - default default] No more DHCP agents
2026-03-11 18:05:46.031 7 INFO neutron.db.ovn_revision_numbers_db [None req-21fee1e4-9101-420b-b7dd-fb349e98b0f0 085ec04587734310a08f5ecda68ef315 c6454ab9f103418c9bb0d34dee1545f0 - - default default] Successfully bumped revision number for resource 013e4564-3d73-45f0-b94d-1d1b50dbd46c (type: security_group_rules) to 0
2026-03-11 18:05:46.032 8 WARNING neutron.api.rpc.agentnotifiers.dhcp_rpc_agent_api [None req-7fc8f607-0569-43da-8609-3623c1d7207e 085ec04587734310a08f5ecda68ef315 c6454ab9f103418c9bb0d34dee1545f0 - - default default] Unable to schedule network ea3da4e7-a175-4be0-ab51-e644e0151f58: no agents available; will retry on subsequent port and subnet creation events.
2026-03-11 18:05:46.042 7 INFO neutron.db.ovn_revision_numbers_db [None req-21fee1e4-9101-420b-b7dd-fb349e98b0f0 085ec04587734310a08f5ecda68ef315 c6454ab9f103418c9bb0d34dee1545f0 - - default default] Successfully bumped revision number for resource 21ae0b6c-d0b0-4f25-96b1-7048fe3f06c4 (type: security_group_rules) to 0
2026-03-11 18:05:46.053 7 INFO neutron.db.ovn_revision_numbers_db [None req-21fee1e4-9101-420b-b7dd-fb349e98b0f0 085ec04587734310a08f5ecda68ef315 c6454ab9f103418c9bb0d34dee1545f0 - - default default] Successfully bumped revision number for resource 721835c9-0ad4-4993-ba72-ad8cf25acc90 (type: security_group_rules) to 0
2026-03-11 18:05:46.065 7 INFO neutron.db.ovn_revision_numbers_db [None req-21fee1e4-9101-420b-b7dd-fb349e98b0f0 085ec04587734310a08f5ecda68ef315 c6454ab9f103418c9bb0d34dee1545f0 - - default default] Successfully bumped revision number for resource 74b57aa7-d6f1-4a3c-bab9-46a6d48fb54a (type: security_group_rules) to 0 [pid: 7|app: 0|req: 1148/2120] 10.0.0.57 () {32 vars in 773 bytes} [Wed Mar 11 18:05:45 2026] GET /v2.0/security-groups?tenant_id=637e227186474dac8c3cb03cac30fd42&name=default => generated 2925 bytes in 372 msecs (HTTP/1.1 200) 4 headers in 158 bytes (1 switches on core 0)
2026-03-11 18:05:46.308 8 INFO neutron.db.ovn_revision_numbers_db [None req-7fc8f607-0569-43da-8609-3623c1d7207e 085ec04587734310a08f5ecda68ef315 c6454ab9f103418c9bb0d34dee1545f0 - - default default] Successfully bumped revision number for resource 7b610973-6f93-4ce7-9d6c-c7eafba678dc (type: ports) to 1 [pid: 7|app: 0|req: 1149/2121] 10.0.0.57 () {32 vars in 739 bytes} [Wed Mar 11 18:05:46 2026] DELETE /v2.0/security-groups/2bc43140-af9f-4cfa-b438-0389e0ccd16b => generated 0 bytes in 399 msecs (HTTP/1.1 204) 2 headers in 112 bytes (1 switches on core 0) [pid: 7|app: 0|req: 1150/2122] 10.0.0.143 () {34 vars in 990 bytes} [Wed Mar 11 18:05:46 2026] GET /v2.0/ports?device_id=49736583-af3d-4b16-82ea-c1d44e841706 => generated 971 bytes in 43 msecs (HTTP/1.1 200) 4 headers in 157 bytes (1 switches on core 0) [pid: 7|app: 0|req: 1151/2123] 10.0.0.143 () {34 vars in 1040 bytes} [Wed Mar 11 18:05:46 2026] GET /v2.0/security-groups?id=d5e0c0da-edc2-4cdc-add9-4a44ff879583&fields=id&fields=name => generated 113 bytes in 35 msecs (HTTP/1.1 200) 4 headers in 157 bytes (1 switches on core 0)
2026-03-11 18:05:47.144 8 INFO neutron.db.ovn_revision_numbers_db [None req-f862d33e-5868-4994-a8c5-99a280919aa4 - - - - - -] Successfully bumped revision number for resource 4ea5c13a-44fd-40bf-a6cd-5906cdfa9b0a (type: ports) to 4
2026-03-11 18:05:47.418 8 INFO neutron.plugins.ml2.drivers.ovn.mech_driver.mech_driver [None req-cafc9830-c8c1-454c-baa1-67338bc6db7f - - - - - -] OVN reports status down for port: 7b610973-6f93-4ce7-9d6c-c7eafba678dc
2026-03-11 18:05:47.643 8 INFO neutron.plugins.ml2.drivers.ovn.mech_driver.mech_driver [None req-cafc9830-c8c1-454c-baa1-67338bc6db7f - - - - - -] OVN reports status down for port: bd53ea13-bedd-4bfa-bddf-66d06f35daff [pid: 7|app: 0|req: 1152/2124] 162.253.55.200 () {34 vars in 994 bytes} [Wed Mar 11 18:05:47 2026] GET /v2.0/ports?device_id=49736583-af3d-4b16-82ea-c1d44e841706 => generated 971 bytes in 42 msecs (HTTP/1.1 200) 4 headers in 157 bytes (1 switches on core 0)
2026-03-11 18:05:47.967 8 INFO neutron.notifiers.nova [-] Nova event matching ['req-64819b0a-2f9b-4489-95f7-4a71eda7123d'] response: {'server_uuid': '49736583-af3d-4b16-82ea-c1d44e841706', 'name': 'network-vif-unplugged', 'status': 'completed', 'tag': 'bd53ea13-bedd-4bfa-bddf-66d06f35daff', 'code': 200}
2026-03-11 18:05:48.083 7 INFO neutron_taas.services.taas.taas_plugin [req-ca893795-f3d6-4ae7-b8e4-ddef636c73ce req-d0064756-30e2-45cb-9283-c7960ab01950 207116ff357b406ba163fdc7526e873d cd4b00711ff34d3db600e5ebac9ab2e0 - - default default] TaaS: Handle Delete Port: bd53ea13-bedd-4bfa-bddf-66d06f35daff
2026-03-11 18:05:48.085 7 INFO neutron_taas.services.taas.tap_mirror_plugin [req-ca893795-f3d6-4ae7-b8e4-ddef636c73ce req-d0064756-30e2-45cb-9283-c7960ab01950 207116ff357b406ba163fdc7526e873d cd4b00711ff34d3db600e5ebac9ab2e0 - - default default] Tap Mirror: Handle Delete Port: bd53ea13-bedd-4bfa-bddf-66d06f35daff [pid: 7|app: 0|req: 1153/2125] 162.253.55.200 () {36 vars in 997 bytes} [Wed Mar 11 18:05:47 2026] DELETE /v2.0/ports/bd53ea13-bedd-4bfa-bddf-66d06f35daff => generated 0 bytes in 378 msecs (HTTP/1.1 204) 3 headers in 131 bytes (1 switches on core 0) [pid: 7|app: 0|req: 1154/2126] 10.0.0.143 () {34 vars in 990 bytes} [Wed Mar 11 18:05:48 2026] GET /v2.0/ports?device_id=49736583-af3d-4b16-82ea-c1d44e841706 => generated 12 bytes in 23 msecs (HTTP/1.1 200) 4 headers in 156 bytes (1 switches on core 0)
2026-03-11 18:05:48.325 8 WARNING neutron.plugins.ml2.drivers.ovn.mech_driver.ovsdb.ovn_client [None req-cafc9830-c8c1-454c-baa1-67338bc6db7f - - - - - -] Logical_Switch_Port deleted concurrently: bd53ea13-bedd-4bfa-bddf-66d06f35daff
2026-03-11 18:05:48.330 7 INFO neutron.notifiers.nova [-] Nova event matching ['req-41d7f2c7-cf7d-48a7-a007-df42aff61f11'] response: {'server_uuid': '49736583-af3d-4b16-82ea-c1d44e841706', 'name': 'network-vif-deleted', 'tag': 'bd53ea13-bedd-4bfa-bddf-66d06f35daff', 'status': 'completed', 'code': 200}
2026-03-11 18:05:48.359 8 WARNING neutron.scheduler.dhcp_agent_scheduler [None req-7fc8f607-0569-43da-8609-3623c1d7207e 085ec04587734310a08f5ecda68ef315 c6454ab9f103418c9bb0d34dee1545f0 - - default default] No more DHCP agents
2026-03-11 18:05:48.362 8 WARNING neutron.api.rpc.agentnotifiers.dhcp_rpc_agent_api [None req-7fc8f607-0569-43da-8609-3623c1d7207e 085ec04587734310a08f5ecda68ef315 c6454ab9f103418c9bb0d34dee1545f0 - - default default] Unable to schedule network ea3da4e7-a175-4be0-ab51-e644e0151f58: no agents available; will retry on subsequent port and subnet creation events.
2026-03-11 18:05:48.394 8 INFO neutron.db.ovn_revision_numbers_db [None req-f862d33e-5868-4994-a8c5-99a280919aa4 - - - - - -] Successfully bumped revision number for resource 4ea5c13a-44fd-40bf-a6cd-5906cdfa9b0a (type: ports) to 5
2026-03-11 18:05:48.420 8 ERROR ovsdbapp.backend.ovs_idl.command [None req-d2339373-00d0-4a20-ba5c-68b4ab3363eb - - - - - -] Error executing command (LspGetUpCommand): ovsdbapp.backend.ovs_idl.idlutils.RowNotFound: Cannot find Logical_Switch_Port with name=bd53ea13-bedd-4bfa-bddf-66d06f35daff
2026-03-11 18:05:48.420 8 ERROR ovsdbapp.backend.ovs_idl.command
Traceback (most recent call last):
2026-03-11 18:05:48.420 8 ERROR ovsdbapp.backend.ovs_idl.command
File "/var/lib/openstack/lib/python3.12/site-packages/ovsdbapp/backend/ovs_idl/command.py", line 47, in execute
2026-03-11 18:05:48.420 8 ERROR ovsdbapp.backend.ovs_idl.command self.run_idl(None)
2026-03-11 18:05:48.420 8 ERROR ovsdbapp.backend.ovs_idl.command
File "/var/lib/openstack/lib/python3.12/site-packages/ovsdbapp/schema/ovn_northbound/commands.py", line 681, in run_idl
2026-03-11 18:05:48.420 8 ERROR ovsdbapp.backend.ovs_idl.command lsp = self.api.lookup('Logical_Switch_Port', self.port)
2026-03-11 18:05:48.420 8 ERROR ovsdbapp.backend.ovs_idl.command ^^^^^^^^^^^^^^^^^^^^^^^^^^^^^^^^^^^^^^^^^^^^^^^^^
2026-03-11 18:05:48.420 8 ERROR ovsdbapp.backend.ovs_idl.command
File "/var/lib/openstack/lib/python3.12/site-packages/ovsdbapp/backend/ovs_idl/__init__.py", line 184, in lookup
2026-03-11 18:05:48.420 8 ERROR ovsdbapp.backend.ovs_idl.command return self._lookup(table, record)
2026-03-11 18:05:48.420 8 ERROR ovsdbapp.backend.ovs_idl.command ^^^^^^^^^^^^^^^^^^^^^^^^^^^
2026-03-11 18:05:48.420 8 ERROR ovsdbapp.backend.ovs_idl.command
File "/var/lib/openstack/lib/python3.12/site-packages/ovsdbapp/backend/ovs_idl/__init__.py", line 235, in _lookup
2026-03-11 18:05:48.420 8 ERROR ovsdbapp.backend.ovs_idl.command row = idlutils.row_by_value(self, rl.table, rl.column, record)
2026-03-11 18:05:48.420 8 ERROR ovsdbapp.backend.ovs_idl.command ^^^^^^^^^^^^^^^^^^^^^^^^^^^^^^^^^^^^^^^^^^^^^^^^^^^^^^^^
2026-03-11 18:05:48.420 8 ERROR ovsdbapp.backend.ovs_idl.command
File "/var/lib/openstack/lib/python3.12/site-packages/ovsdbapp/backend/ovs_idl/idlutils.py", line 114, in row_by_value
2026-03-11 18:05:48.420 8 ERROR ovsdbapp.backend.ovs_idl.command raise RowNotFound(table=table, col=column, match=match)
2026-03-11 18:05:48.420 8 ERROR ovsdbapp.backend.ovs_idl.command ovsdbapp.backend.ovs_idl.idlutils.RowNotFound: Cannot find Logical_Switch_Port with name=bd53ea13-bedd-4bfa-bddf-66d06f35daff
2026-03-11 18:05:48.420 8 ERROR ovsdbapp.backend.ovs_idl.command
2026-03-11 18:05:48.423 8 ERROR ovsdbapp.event [None req-d2339373-00d0-4a20-ba5c-68b4ab3363eb - - - - - -] Unexpected exception in notify_loop: ovsdbapp.backend.ovs_idl.idlutils.RowNotFound: Cannot find Logical_Switch_Port with name=bd53ea13-bedd-4bfa-bddf-66d06f35daff
2026-03-11 18:05:48.423 8 ERROR ovsdbapp.event
Traceback (most recent call last):
2026-03-11 18:05:48.423 8 ERROR ovsdbapp.event
File "/var/lib/openstack/lib/python3.12/site-packages/ovsdbapp/event.py", line 177, in notify_loop
2026-03-11 18:05:48.423 8 ERROR ovsdbapp.event match.run(event, row, updates)
2026-03-11 18:05:48.423 8 ERROR ovsdbapp.event
File "/var/lib/openstack/lib/python3.12/site-packages/neutron/plugins/ml2/drivers/ovn/mech_driver/ovsdb/ovsdb_monitor.py", line 567, in run
2026-03-11 18:05:48.423 8 ERROR ovsdbapp.event self.driver.set_port_status_down(row.name)
2026-03-11 18:05:48.423 8 ERROR ovsdbapp.event
File "/var/lib/openstack/lib/python3.12/site-packages/neutron/plugins/ml2/drivers/ovn/mech_driver/mech_driver.py", line 1379, in set_port_status_down
2026-03-11 18:05:48.423 8 ERROR ovsdbapp.event self._ovn_client.update_lsp_host_info(
2026-03-11 18:05:48.423 8 ERROR ovsdbapp.event
File "/var/lib/openstack/lib/python3.12/site-packages/neutron/plugins/ml2/drivers/ovn/mech_driver/ovsdb/ovn_client.py", line 305, in update_lsp_host_info
2026-03-11 18:05:48.423 8 ERROR ovsdbapp.event port_up = self._nb_idl.lsp_get_up(db_port.id).execute(
2026-03-11 18:05:48.423 8 ERROR ovsdbapp.event ^^^^^^^^^^^^^^^^^^^^^^^^^^^^^^^^^^^^^^^^^^^^
2026-03-11 18:05:48.423 8 ERROR ovsdbapp.event
File "/var/lib/openstack/lib/python3.12/site-packages/ovsdbapp/backend/ovs_idl/command.py", line 47, in execute
2026-03-11 18:05:48.423 8 ERROR ovsdbapp.event self.run_idl(None)
2026-03-11 18:05:48.423 8 ERROR ovsdbapp.event
File "/var/lib/openstack/lib/python3.12/site-packages/ovsdbapp/schema/ovn_northbound/commands.py", line 681, in run_idl
2026-03-11 18:05:48.423 8 ERROR ovsdbapp.event lsp = self.api.lookup('Logical_Switch_Port', self.port)
2026-03-11 18:05:48.423 8 ERROR ovsdbapp.event ^^^^^^^^^^^^^^^^^^^^^^^^^^^^^^^^^^^^^^^^^^^^^^^^^
2026-03-11 18:05:48.423 8 ERROR ovsdbapp.event
File "/var/lib/openstack/lib/python3.12/site-packages/ovsdbapp/backend/ovs_idl/__init__.py", line 184, in lookup
2026-03-11 18:05:48.423 8 ERROR ovsdbapp.event return self._lookup(table, record)
2026-03-11 18:05:48.423 8 ERROR ovsdbapp.event ^^^^^^^^^^^^^^^^^^^^^^^^^^^
2026-03-11 18:05:48.423 8 ERROR ovsdbapp.event
File "/var/lib/openstack/lib/python3.12/site-packages/ovsdbapp/backend/ovs_idl/__init__.py", line 235, in _lookup
2026-03-11 18:05:48.423 8 ERROR ovsdbapp.event row = idlutils.row_by_value(self, rl.table, rl.column, record)
2026-03-11 18:05:48.423 8 ERROR ovsdbapp.event ^^^^^^^^^^^^^^^^^^^^^^^^^^^^^^^^^^^^^^^^^^^^^^^^^^^^^^^^
2026-03-11 18:05:48.423 8 ERROR ovsdbapp.event
File "/var/lib/openstack/lib/python3.12/site-packages/ovsdbapp/backend/ovs_idl/idlutils.py", line 114, in row_by_value
2026-03-11 18:05:48.423 8 ERROR ovsdbapp.event raise RowNotFound(table=table, col=column, match=match)
2026-03-11 18:05:48.423 8 ERROR ovsdbapp.event ovsdbapp.backend.ovs_idl.idlutils.RowNotFound: Cannot find Logical_Switch_Port with name=bd53ea13-bedd-4bfa-bddf-66d06f35daff
2026-03-11 18:05:48.423 8 ERROR ovsdbapp.event
2026-03-11 18:05:48.444 8 INFO neutron.plugins.ml2.drivers.ovn.mech_driver.mech_driver [None req-d2339373-00d0-4a20-ba5c-68b4ab3363eb - - - - - -] OVN reports status up for port: 7b610973-6f93-4ce7-9d6c-c7eafba678dc
2026-03-11 18:05:48.475 8 INFO neutron.plugins.ml2.plugin [None req-d2339373-00d0-4a20-ba5c-68b4ab3363eb - - - - - -] Attempt 1 to provision port 7b610973-6f93-4ce7-9d6c-c7eafba678dc
2026-03-11 18:05:49.239 8 INFO neutron.db.ovn_revision_numbers_db [None req-d2339373-00d0-4a20-ba5c-68b4ab3363eb - - - - - -] Successfully bumped revision number for resource 7b610973-6f93-4ce7-9d6c-c7eafba678dc (type: ports) to 2 [pid: 7|app: 0|req: 1157/2129] 10.0.0.143 () {34 vars in 990 bytes} [Wed Mar 11 18:05:49 2026] GET /v2.0/ports?device_id=49736583-af3d-4b16-82ea-c1d44e841706 => generated 12 bytes in 16 msecs (HTTP/1.1 200) 4 headers in 156 bytes (1 switches on core 0)
2026-03-11 18:05:49.522 8 INFO neutron.db.ovn_revision_numbers_db [None req-7fc8f607-0569-43da-8609-3623c1d7207e 085ec04587734310a08f5ecda68ef315 c6454ab9f103418c9bb0d34dee1545f0 - - default default] Successfully bumped revision number for resource 7b610973-6f93-4ce7-9d6c-c7eafba678dc (type: router_ports) to 1 [pid: 8|app: 0|req: 973/2130] 10.0.0.57 () {34 vars in 782 bytes} [Wed Mar 11 18:05:45 2026] PUT /v2.0/routers/30288d46-6886-4b6f-9e0c-3e086adb3ea8/add_router_interface => generated 309 bytes in 4385 msecs (HTTP/1.1 200) 4 headers in 157 bytes (1 switches on core 0)
2026-03-11 18:05:50.009 8 INFO neutron.notifiers.nova [-] Nova event matching ['req-0f6559fb-3b8c-4270-8700-e8bf2944cb5c'] response: {'server_uuid': '49736583-af3d-4b16-82ea-c1d44e841706', 'name': 'network-vif-unplugged', 'status': 'completed', 'tag': 'bd53ea13-bedd-4bfa-bddf-66d06f35daff', 'code': 200} [pid: 7|app: 0|req: 1158/2131] 10.0.0.143 () {34 vars in 990 bytes} [Wed Mar 11 18:05:50 2026] GET /v2.0/ports?device_id=49736583-af3d-4b16-82ea-c1d44e841706 => generated 12 bytes in 18 msecs (HTTP/1.1 200) 4 headers in 156 bytes (1 switches on core 0)
2026-03-11 18:05:50.870 8 INFO neutron.db.ovn_revision_numbers_db [None req-1b4cbb3e-a377-4122-8f26-1c62c8cfc879 085ec04587734310a08f5ecda68ef315 c6454ab9f103418c9bb0d34dee1545f0 - - default default] Successfully bumped revision number for resource 0af99305-4f39-4c05-8604-284ab342d51e (type: security_groups) to 1
2026-03-11 18:05:50.888 8 INFO neutron.db.ovn_revision_numbers_db [None req-1b4cbb3e-a377-4122-8f26-1c62c8cfc879 085ec04587734310a08f5ecda68ef315 c6454ab9f103418c9bb0d34dee1545f0 - - default default] Successfully bumped revision number for resource 350ec389-486c-49e5-9a04-0b557d0b5b10 (type: security_group_rules) to 0
2026-03-11 18:05:50.904 8 INFO neutron.db.ovn_revision_numbers_db [None req-1b4cbb3e-a377-4122-8f26-1c62c8cfc879 085ec04587734310a08f5ecda68ef315 c6454ab9f103418c9bb0d34dee1545f0 - - default default] Successfully bumped revision number for resource 441cb430-28e7-4797-833a-695d85ca8403 (type: security_group_rules) to 0
2026-03-11 18:05:50.925 8 INFO neutron.db.ovn_revision_numbers_db [None req-1b4cbb3e-a377-4122-8f26-1c62c8cfc879 085ec04587734310a08f5ecda68ef315 c6454ab9f103418c9bb0d34dee1545f0 - - default default] Successfully bumped revision number for resource 761645ac-9c53-4728-a41b-5ad00242d411 (type: security_group_rules) to 0
2026-03-11 18:05:50.941 8 INFO neutron.db.ovn_revision_numbers_db [None req-1b4cbb3e-a377-4122-8f26-1c62c8cfc879 085ec04587734310a08f5ecda68ef315 c6454ab9f103418c9bb0d34dee1545f0 - - default default] Successfully bumped revision number for resource a9ffbc9f-996a-4ab8-aae6-96bc809b9d5f (type: security_group_rules) to 0
2026-03-11 18:05:51.031 8 INFO neutron.db.segments_db [None req-1b4cbb3e-a377-4122-8f26-1c62c8cfc879 085ec04587734310a08f5ecda68ef315 c6454ab9f103418c9bb0d34dee1545f0 - - default default] Added segment 5e884aeb-ec64-41dd-9166-5fbe52680e25 of type geneve for network d0dfd9f4-4faf-4011-8a3a-4b3c9a092647
2026-03-11 18:05:51.177 8 INFO neutron.db.ovn_revision_numbers_db [None req-1b4cbb3e-a377-4122-8f26-1c62c8cfc879 085ec04587734310a08f5ecda68ef315 c6454ab9f103418c9bb0d34dee1545f0 - - default default] Successfully bumped revision number for resource d0dfd9f4-4faf-4011-8a3a-4b3c9a092647 (type: networks) to 1
2026-03-11 18:05:51.192 7 WARNING neutron.scheduler.dhcp_agent_scheduler [None req-1b458b3d-5659-410a-9ccc-7f68e45ec4b6 bb5b9125106b4af0ae5fa77ca6ba3f2a 51a6a558fcb74209bb88b9b5772e3b59 - - default default] No more DHCP agents
2026-03-11 18:05:51.193 7 WARNING neutron.api.rpc.agentnotifiers.dhcp_rpc_agent_api [None req-1b458b3d-5659-410a-9ccc-7f68e45ec4b6 bb5b9125106b4af0ae5fa77ca6ba3f2a 51a6a558fcb74209bb88b9b5772e3b59 - - default default] Unable to schedule network d293ed7d-d2a6-4a60-9b6c-96dcb81ef222: no agents available; will retry on subsequent port and subnet creation events.
2026-03-11 18:05:51.358 8 WARNING neutron.scheduler.dhcp_agent_scheduler [None req-1b4cbb3e-a377-4122-8f26-1c62c8cfc879 085ec04587734310a08f5ecda68ef315 c6454ab9f103418c9bb0d34dee1545f0 - - default default] No more DHCP agents
2026-03-11 18:05:51.359 8 WARNING neutron.api.rpc.agentnotifiers.dhcp_rpc_agent_api [None req-1b4cbb3e-a377-4122-8f26-1c62c8cfc879 085ec04587734310a08f5ecda68ef315 c6454ab9f103418c9bb0d34dee1545f0 - - default default] Unable to schedule network d0dfd9f4-4faf-4011-8a3a-4b3c9a092647: no agents available; will retry on subsequent port and subnet creation events.
2026-03-11 18:05:51.495 8 INFO neutron.db.ovn_revision_numbers_db [None req-1b4cbb3e-a377-4122-8f26-1c62c8cfc879 085ec04587734310a08f5ecda68ef315 c6454ab9f103418c9bb0d34dee1545f0 - - default default] Successfully bumped revision number for resource 32dcc1a6-9031-40b3-85dc-7bff3e251ffc (type: ports) to 1 [pid: 8|app: 0|req: 974/2132] 10.0.0.57 () {34 vars in 670 bytes} [Wed Mar 11 18:05:50 2026] POST /v2.0/networks => generated 761 bytes in 850 msecs (HTTP/1.1 201) 4 headers in 162 bytes (1 switches on core 0) [pid: 7|app: 0|req: 1159/2133] 10.0.0.57 () {34 vars in 675 bytes} [Wed Mar 11 18:05:50 2026] POST /v2.0/floatingips => generated 552 bytes in 822 msecs (HTTP/1.1 201) 4 headers in 162 bytes (1 switches on core 0)
2026-03-11 18:05:51.656 8 WARNING neutron.scheduler.dhcp_agent_scheduler [None req-fd52031c-b31f-4af4-8e4f-c86697510ae7 085ec04587734310a08f5ecda68ef315 c6454ab9f103418c9bb0d34dee1545f0 - - default default] No more DHCP agents
2026-03-11 18:05:51.658 8 WARNING neutron.api.rpc.agentnotifiers.dhcp_rpc_agent_api [None req-fd52031c-b31f-4af4-8e4f-c86697510ae7 085ec04587734310a08f5ecda68ef315 c6454ab9f103418c9bb0d34dee1545f0 - - default default] Unable to schedule network d0dfd9f4-4faf-4011-8a3a-4b3c9a092647: no agents available; will retry on subsequent port and subnet creation events.
2026-03-11 18:05:51.827 7 WARNING neutron.scheduler.dhcp_agent_scheduler [None req-1dbf1c2c-f7d6-4ca8-bc93-d025bb60dada bb5b9125106b4af0ae5fa77ca6ba3f2a 51a6a558fcb74209bb88b9b5772e3b59 - - default default] No more DHCP agents
2026-03-11 18:05:51.829 7 WARNING neutron.api.rpc.agentnotifiers.dhcp_rpc_agent_api [None req-1dbf1c2c-f7d6-4ca8-bc93-d025bb60dada bb5b9125106b4af0ae5fa77ca6ba3f2a 51a6a558fcb74209bb88b9b5772e3b59 - - default default] Unable to schedule network d293ed7d-d2a6-4a60-9b6c-96dcb81ef222: no agents available; will retry on subsequent port and subnet creation events.
2026-03-11 18:05:52.148 8 INFO neutron.db.ovn_revision_numbers_db [None req-fdbe4c4e-f635-4a67-a8f7-10bc0f8f5bc7 - - - - - -] Successfully bumped revision number for resource 32dcc1a6-9031-40b3-85dc-7bff3e251ffc (type: ports) to 2 [pid: 7|app: 0|req: 1160/2134] 10.0.0.57 () {34 vars in 675 bytes} [Wed Mar 11 18:05:51 2026] POST /v2.0/floatingips => generated 552 bytes in 610 msecs (HTTP/1.1 201) 4 headers in 162 bytes (1 switches on core 0)
2026-03-11 18:05:52.182 8 INFO neutron.db.ovn_revision_numbers_db [None req-fdbe4c4e-f635-4a67-a8f7-10bc0f8f5bc7 - - - - - -] Successfully bumped revision number for resource e0b85c0f-605e-4bc2-8e02-432e65b7501e (type: subnets) to 0 [pid: 8|app: 0|req: 975/2135] 10.0.0.57 () {34 vars in 668 bytes} [Wed Mar 11 18:05:51 2026] POST /v2.0/subnets => generated 686 bytes in 672 msecs (HTTP/1.1 201) 4 headers in 162 bytes (1 switches on core 0) [pid: 7|app: 0|req: 1161/2136] 10.0.0.57 () {32 vars in 739 bytes} [Wed Mar 11 18:05:52 2026] DELETE /v2.0/security-groups/d5e0c0da-edc2-4cdc-add9-4a44ff879583 => generated 0 bytes in 270 msecs (HTTP/1.1 204) 2 headers in 112 bytes (1 switches on core 0)
2026-03-11 18:05:52.552 8 WARNING neutron.scheduler.dhcp_agent_scheduler [None req-cee0097a-5f35-4e81-8af6-57c6e627ab33 bb5b9125106b4af0ae5fa77ca6ba3f2a 51a6a558fcb74209bb88b9b5772e3b59 - - default default] No more DHCP agents
2026-03-11 18:05:52.554 8 WARNING neutron.api.rpc.agentnotifiers.dhcp_rpc_agent_api [None req-cee0097a-5f35-4e81-8af6-57c6e627ab33 bb5b9125106b4af0ae5fa77ca6ba3f2a 51a6a558fcb74209bb88b9b5772e3b59 - - default default] Unable to schedule network d293ed7d-d2a6-4a60-9b6c-96dcb81ef222: no agents available; will retry on subsequent port and subnet creation events.
2026-03-11 18:05:52.847 7 WARNING neutron.scheduler.dhcp_agent_scheduler [None req-2de76df0-b115-419e-8253-f128a6647bb6 085ec04587734310a08f5ecda68ef315 c6454ab9f103418c9bb0d34dee1545f0 - - default default] No more DHCP agents
2026-03-11 18:05:52.849 7 WARNING neutron.api.rpc.agentnotifiers.dhcp_rpc_agent_api [None req-2de76df0-b115-419e-8253-f128a6647bb6 085ec04587734310a08f5ecda68ef315 c6454ab9f103418c9bb0d34dee1545f0 - - default default] Unable to schedule network d293ed7d-d2a6-4a60-9b6c-96dcb81ef222: no agents available; will retry on subsequent port and subnet creation events. [pid: 8|app: 0|req: 976/2137] 10.0.0.57 () {34 vars in 675 bytes} [Wed Mar 11 18:05:52 2026] POST /v2.0/floatingips => generated 552 bytes in 672 msecs (HTTP/1.1 201) 4 headers in 162 bytes (1 switches on core 0)
2026-03-11 18:05:53.012 7 INFO neutron.db.ovn_revision_numbers_db [None req-2de76df0-b115-419e-8253-f128a6647bb6 085ec04587734310a08f5ecda68ef315 c6454ab9f103418c9bb0d34dee1545f0 - - default default] Successfully bumped revision number for resource 8b771e5c-840d-45f2-bf62-87d345f26a2f (type: ports) to 1
2026-03-11 18:05:53.247 8 INFO neutron_taas.services.taas.taas_plugin [None req-fc2d2525-d0da-46ea-94f7-02293d60a413 207116ff357b406ba163fdc7526e873d cd4b00711ff34d3db600e5ebac9ab2e0 - - default default] TaaS: Handle Delete Port: cb160350-0ea3-46b5-98ca-e4fc4373db25
2026-03-11 18:05:53.251 8 INFO neutron_taas.services.taas.tap_mirror_plugin [None req-fc2d2525-d0da-46ea-94f7-02293d60a413 207116ff357b406ba163fdc7526e873d cd4b00711ff34d3db600e5ebac9ab2e0 - - default default] Tap Mirror: Handle Delete Port: cb160350-0ea3-46b5-98ca-e4fc4373db25
2026-03-11 18:05:53.699 7 INFO neutron.plugins.ml2.drivers.ovn.mech_driver.ovsdb.commands [-] Schedule LRP lrp-8b771e5c-840d-45f2-bf62-87d345f26a2f on gateway ac725b7d-b481-4e9b-8236-47fd2b60ba9f with priority 1
2026-03-11 18:05:53.846 7 INFO neutron.db.ovn_revision_numbers_db [None req-2de76df0-b115-419e-8253-f128a6647bb6 085ec04587734310a08f5ecda68ef315 c6454ab9f103418c9bb0d34dee1545f0 - - default default] Successfully bumped revision number for resource 8b771e5c-840d-45f2-bf62-87d345f26a2f (type: router_ports) to 1
2026-03-11 18:05:53.893 8 INFO neutron.plugins.ml2.drivers.ovn.mech_driver.ovsdb.ovsdb_monitor [None req-f862d33e-5868-4994-a8c5-99a280919aa4 - - - - - -] Router 570bd740-aded-47c1-9201-4734322d15e0 is bound to host instance
2026-03-11 18:05:53.914 7 INFO neutron.db.ovn_revision_numbers_db [None req-2de76df0-b115-419e-8253-f128a6647bb6 085ec04587734310a08f5ecda68ef315 c6454ab9f103418c9bb0d34dee1545f0 - - default default] Successfully bumped revision number for resource 570bd740-aded-47c1-9201-4734322d15e0 (type: routers) to 2 [pid: 7|app: 0|req: 1162/2138] 10.0.0.57 () {34 vars in 668 bytes} [Wed Mar 11 18:05:52 2026] POST /v2.0/routers => generated 964 bytes in 1484 msecs (HTTP/1.1 201) 4 headers in 162 bytes (1 switches on core 0) [pid: 8|app: 0|req: 977/2139] 10.0.0.57 () {34 vars in 788 bytes} [Wed Mar 11 18:05:52 2026] PUT /v2.0/routers/5ca33760-548d-4194-bd9b-da8b17e448c4/remove_router_interface => generated 309 bytes in 1227 msecs (HTTP/1.1 200) 4 headers in 157 bytes (1 switches on core 0) /var/lib/openstack/lib/python3.12/site-packages/pycadf/identifier.py:70: UserWarning: Invalid uuid: neutron. To ensure interoperability, identifiers should be a valid uuid. warnings.warn(('Invalid uuid: %s. To ensure interoperability, '
2026-03-11 18:05:54.232 7 INFO neutron.db.ovn_revision_numbers_db [None req-7ebf5cf5-e326-49bc-b293-50989f516772 085ec04587734310a08f5ecda68ef315 c6454ab9f103418c9bb0d34dee1545f0 - - default default] Successfully bumped revision number for resource d8ef7290-ab2b-4898-88ff-b558cf99e5ae (type: security_groups) to 1
2026-03-11 18:05:54.243 7 INFO neutron.db.ovn_revision_numbers_db [None req-7ebf5cf5-e326-49bc-b293-50989f516772 085ec04587734310a08f5ecda68ef315 c6454ab9f103418c9bb0d34dee1545f0 - - default default] Successfully bumped revision number for resource 05f56a98-01f2-4b8a-818d-0685684a624a (type: security_group_rules) to 0
2026-03-11 18:05:54.257 7 INFO neutron.db.ovn_revision_numbers_db [None req-7ebf5cf5-e326-49bc-b293-50989f516772 085ec04587734310a08f5ecda68ef315 c6454ab9f103418c9bb0d34dee1545f0 - - default default] Successfully bumped revision number for resource 0fc7436e-97b2-4e29-9528-e06a01f44c4a (type: security_group_rules) to 0
2026-03-11 18:05:54.272 7 INFO neutron.db.ovn_revision_numbers_db [None req-7ebf5cf5-e326-49bc-b293-50989f516772 085ec04587734310a08f5ecda68ef315 c6454ab9f103418c9bb0d34dee1545f0 - - default default] Successfully bumped revision number for resource 5db6a020-17e7-4351-b0a9-0a4f6b44ac51 (type: security_group_rules) to 0
2026-03-11 18:05:54.287 7 INFO neutron.db.ovn_revision_numbers_db [None req-7ebf5cf5-e326-49bc-b293-50989f516772 085ec04587734310a08f5ecda68ef315 c6454ab9f103418c9bb0d34dee1545f0 - - default default] Successfully bumped revision number for resource 5f7c5b0b-b880-44ff-b043-826a2da02b92 (type: security_group_rules) to 0 [pid: 7|app: 0|req: 1163/2140] 10.0.0.57 () {32 vars in 773 bytes} [Wed Mar 11 18:05:53 2026] GET /v2.0/security-groups?tenant_id=49e258ae547a4388a6a60f1856a943ad&name=default => generated 2925 bytes in 392 msecs (HTTP/1.1 200) 4 headers in 158 bytes (1 switches on core 0)
2026-03-11 18:05:54.557 8 WARNING neutron.plugins.ml2.drivers.ovn.mech_driver.ovsdb.ovn_client [None req-b0b6c86d-530f-43e9-ae48-a9a700dc5b96 - - - - - -] No hosting information found for port 7b610973-6f93-4ce7-9d6c-c7eafba678dc: RuntimeError: No hosting information found for port 7b610973-6f93-4ce7-9d6c-c7eafba678dc
2026-03-11 18:05:54.597 8 WARNING neutron.scheduler.dhcp_agent_scheduler [None req-8d686ef9-9a99-4d98-aec0-ec4a74163e29 bb5b9125106b4af0ae5fa77ca6ba3f2a 51a6a558fcb74209bb88b9b5772e3b59 - - default default] No more DHCP agents
2026-03-11 18:05:54.602 8 WARNING neutron.api.rpc.agentnotifiers.dhcp_rpc_agent_api [None req-8d686ef9-9a99-4d98-aec0-ec4a74163e29 bb5b9125106b4af0ae5fa77ca6ba3f2a 51a6a558fcb74209bb88b9b5772e3b59 - - default default] Unable to schedule network d293ed7d-d2a6-4a60-9b6c-96dcb81ef222: no agents available; will retry on subsequent port and subnet creation events.
2026-03-11 18:05:54.770 7 WARNING neutron.scheduler.dhcp_agent_scheduler [None req-49c9f407-08b1-4125-a0ae-5e9a158a6ac7 085ec04587734310a08f5ecda68ef315 c6454ab9f103418c9bb0d34dee1545f0 - - default default] No more DHCP agents
