2026-03-11 18:04:59.316 7 INFO neutron_taas.services.taas.tap_mirror_plugin [None req-c101b3b8-9968-49c8-8ce7-2cb681710185 ba631e491ba34a8db0658e309920855e 8f8d2ec31cc04710bb72ece865490010 - - default default] Tap Mirror: Handle Delete Port: 6c186a00-5148-4268-95bd-f9104d49b633
2026-03-11 18:04:59.520 7 INFO neutron.services.segments.plugin [-] Segment c774f491-ddb0-498b-b36c-1d0762f6490e resource provider aggregate not found
2026-03-11 18:04:59.524 7 INFO neutron.services.segments.plugin [-] Segment c774f491-ddb0-498b-b36c-1d0762f6490e resource provider aggregate not found
2026-03-11 18:04:59.540 7 INFO neutron.services.segments.plugin [-] Segment c774f491-ddb0-498b-b36c-1d0762f6490e resource provider not found; error: Placement Client Error (4xx): {"errors": [{"status": 404, "title": "Not Found", "detail": "The resource could not be found.\n\n No resource provider with uuid c774f491-ddb0-498b-b36c-1d0762f6490e found for delete ", "request_id": "req-40438568-62cd-4526-b3e9-7bd8b5b48aae"}]}
2026-03-11 18:04:59.548 7 INFO neutron.services.segments.plugin [-] Segment c774f491-ddb0-498b-b36c-1d0762f6490e resource provider not found; error: Placement Client Error (4xx): {"errors": [{"status": 404, "title": "Not Found", "detail": "The resource could not be found.\n\n No resource provider with uuid c774f491-ddb0-498b-b36c-1d0762f6490e found for delete ", "request_id": "req-4f94cb4c-9af7-4bbd-aaf2-5b2d090b4e4e"}]} [pid: 7|app: 0|req: 951/1731] 10.0.0.57 () {32 vars in 725 bytes} [Wed Mar 11 18:04:59 2026] DELETE /v2.0/networks/59ed6918-7741-4ebe-ba28-f456478bf107 => generated 0 bytes in 430 msecs (HTTP/1.1 204) 3 headers in 131 bytes (1 switches on core 0)
2026-03-11 18:04:59.754 7 INFO neutron_taas.services.taas.taas_plugin [None req-240af862-f3a9-4c67-bec9-ccfb582e7b89 ba631e491ba34a8db0658e309920855e 8f8d2ec31cc04710bb72ece865490010 - - default default] TaaS: Handle Delete Port: 3633ff94-9088-4b0a-b20e-cea0bce6c780
2026-03-11 18:04:59.760 7 INFO neutron_taas.services.taas.tap_mirror_plugin [None req-240af862-f3a9-4c67-bec9-ccfb582e7b89 ba631e491ba34a8db0658e309920855e 8f8d2ec31cc04710bb72ece865490010 - - default default] Tap Mirror: Handle Delete Port: 3633ff94-9088-4b0a-b20e-cea0bce6c780
2026-03-11 18:04:59.910 8 WARNING neutron.scheduler.dhcp_agent_scheduler [None req-47ca3f1a-31ed-4c69-8e18-50ef8b0ee26e 085ec04587734310a08f5ecda68ef315 c6454ab9f103418c9bb0d34dee1545f0 - - default default] No more DHCP agents
2026-03-11 18:04:59.915 8 WARNING neutron.api.rpc.agentnotifiers.dhcp_rpc_agent_api [None req-47ca3f1a-31ed-4c69-8e18-50ef8b0ee26e 085ec04587734310a08f5ecda68ef315 c6454ab9f103418c9bb0d34dee1545f0 - - default default] Unable to schedule network 9c73b7d6-23a7-487a-897c-9667642b0e93: no agents available; will retry on subsequent port and subnet creation events. [pid: 7|app: 0|req: 952/1732] 10.0.0.57 () {32 vars in 725 bytes} [Wed Mar 11 18:04:59 2026] DELETE /v2.0/networks/22fc9c71-45e2-4bdd-9618-036a4d4929d7 => generated 0 bytes in 412 msecs (HTTP/1.1 204) 3 headers in 131 bytes (1 switches on core 0)
2026-03-11 18:05:00.313 7 INFO neutron.db.ovn_revision_numbers_db [None req-dc434d0c-a84d-4478-828f-682d3be8d3fe 085ec04587734310a08f5ecda68ef315 c6454ab9f103418c9bb0d34dee1545f0 - - default default] Successfully bumped revision number for resource a831ba81-6dc7-4b5f-af75-2de7bad53237 (type: security_groups) to 1
2026-03-11 18:05:00.326 7 INFO neutron.db.ovn_revision_numbers_db [None req-dc434d0c-a84d-4478-828f-682d3be8d3fe 085ec04587734310a08f5ecda68ef315 c6454ab9f103418c9bb0d34dee1545f0 - - default default] Successfully bumped revision number for resource aac6145a-5ed1-4515-9152-bae50e50a597 (type: security_group_rules) to 0
2026-03-11 18:05:00.339 7 INFO neutron.db.ovn_revision_numbers_db [None req-dc434d0c-a84d-4478-828f-682d3be8d3fe 085ec04587734310a08f5ecda68ef315 c6454ab9f103418c9bb0d34dee1545f0 - - default default] Successfully bumped revision number for resource cab93924-6fea-40d2-8327-861dd63f9cc5 (type: security_group_rules) to 0
2026-03-11 18:05:00.350 7 INFO neutron.db.ovn_revision_numbers_db [None req-dc434d0c-a84d-4478-828f-682d3be8d3fe 085ec04587734310a08f5ecda68ef315 c6454ab9f103418c9bb0d34dee1545f0 - - default default] Successfully bumped revision number for resource fa4fbe6f-8993-49a8-ac44-9e45ac7b48d2 (type: security_group_rules) to 0
2026-03-11 18:05:00.361 7 INFO neutron.db.ovn_revision_numbers_db [None req-dc434d0c-a84d-4478-828f-682d3be8d3fe 085ec04587734310a08f5ecda68ef315 c6454ab9f103418c9bb0d34dee1545f0 - - default default] Successfully bumped revision number for resource fff4368a-977e-4a2a-9413-b850f4d6c661 (type: security_group_rules) to 0 [pid: 7|app: 0|req: 953/1733] 10.0.0.57 () {32 vars in 773 bytes} [Wed Mar 11 18:05:00 2026] GET /v2.0/security-groups?tenant_id=00750b45beff4694a7ad765f139336d6&name=default => generated 2925 bytes in 389 msecs (HTTP/1.1 200) 4 headers in 158 bytes (1 switches on core 0)
2026-03-11 18:05:00.415 8 INFO neutron.db.ovn_revision_numbers_db [None req-47ca3f1a-31ed-4c69-8e18-50ef8b0ee26e 085ec04587734310a08f5ecda68ef315 c6454ab9f103418c9bb0d34dee1545f0 - - default default] Successfully bumped revision number for resource ce4ec451-8502-4561-8af2-a062fc72905a (type: ports) to 1
2026-03-11 18:05:00.492 7 INFO neutron.db.segments_db [None req-42235a3b-fff2-492d-bf83-4af140aebec6 ba631e491ba34a8db0658e309920855e 8f8d2ec31cc04710bb72ece865490010 - - default default] Added segment c89b0f50-cc40-491f-ae0c-563e4dee9870 of type geneve for network 9348e362-db89-4fe3-8499-7e730b06b15c
2026-03-11 18:05:00.689 8 INFO neutron.db.ovn_revision_numbers_db [None req-9dcaeb56-ef84-4374-afbf-6cc3e9e8e80a - - - - - -] Successfully bumped revision number for resource 45724366-141c-45e5-9963-15a192f6c3e1 (type: ports) to 4
2026-03-11 18:05:00.764 7 INFO neutron.db.ovn_revision_numbers_db [None req-42235a3b-fff2-492d-bf83-4af140aebec6 ba631e491ba34a8db0658e309920855e 8f8d2ec31cc04710bb72ece865490010 - - default default] Successfully bumped revision number for resource 9348e362-db89-4fe3-8499-7e730b06b15c (type: networks) to 1
2026-03-11 18:05:00.975 7 WARNING neutron.scheduler.dhcp_agent_scheduler [None req-42235a3b-fff2-492d-bf83-4af140aebec6 ba631e491ba34a8db0658e309920855e 8f8d2ec31cc04710bb72ece865490010 - - default default] No more DHCP agents
2026-03-11 18:05:00.976 7 WARNING neutron.api.rpc.agentnotifiers.dhcp_rpc_agent_api [None req-42235a3b-fff2-492d-bf83-4af140aebec6 ba631e491ba34a8db0658e309920855e 8f8d2ec31cc04710bb72ece865490010 - - default default] Unable to schedule network 9348e362-db89-4fe3-8499-7e730b06b15c: no agents available; will retry on subsequent port and subnet creation events.
2026-03-11 18:05:01.094 7 INFO neutron.db.ovn_revision_numbers_db [None req-42235a3b-fff2-492d-bf83-4af140aebec6 ba631e491ba34a8db0658e309920855e 8f8d2ec31cc04710bb72ece865490010 - - default default] Successfully bumped revision number for resource d9bd4ddb-3987-445d-893a-396fcf671f16 (type: ports) to 1 [pid: 7|app: 0|req: 954/1734] 10.0.0.57 () {34 vars in 669 bytes} [Wed Mar 11 18:05:00 2026] POST /v2.0/networks => generated 648 bytes in 721 msecs (HTTP/1.1 201) 4 headers in 162 bytes (1 switches on core 0) [pid: 7|app: 0|req: 955/1735] 10.0.0.57 () {32 vars in 739 bytes} [Wed Mar 11 18:05:01 2026] DELETE /v2.0/security-groups/a831ba81-6dc7-4b5f-af75-2de7bad53237 => generated 0 bytes in 444 msecs (HTTP/1.1 204) 2 headers in 112 bytes (1 switches on core 0)
2026-03-11 18:05:01.583 7 INFO neutron.services.segments.plugin [-] Segment ae618e65-0b34-4563-8aea-5d2fdc84a30c resource provider aggregate not found
2026-03-11 18:05:01.587 7 INFO neutron.services.segments.plugin [-] Segment ae618e65-0b34-4563-8aea-5d2fdc84a30c resource provider aggregate not found
2026-03-11 18:05:01.609 7 INFO neutron.services.segments.plugin [-] Segment ae618e65-0b34-4563-8aea-5d2fdc84a30c resource provider not found; error: Placement Client Error (4xx): {"errors": [{"status": 404, "title": "Not Found", "detail": "The resource could not be found.\n\n No resource provider with uuid ae618e65-0b34-4563-8aea-5d2fdc84a30c found for delete ", "request_id": "req-3354bc42-cb5f-4913-82d6-02d54c0b1c31"}]}
2026-03-11 18:05:01.612 7 INFO neutron.services.segments.plugin [-] Segment ae618e65-0b34-4563-8aea-5d2fdc84a30c resource provider not found; error: Placement Client Error (4xx): {"errors": [{"status": 404, "title": "Not Found", "detail": "The resource could not be found.\n\n No resource provider with uuid ae618e65-0b34-4563-8aea-5d2fdc84a30c found for delete ", "request_id": "req-b3470c14-32b7-438a-9b27-baae0f867a2c"}]}
2026-03-11 18:05:01.837 7 WARNING neutron.scheduler.dhcp_agent_scheduler [None req-90453ff3-7a29-4162-b7c7-2e5eee03181e ba631e491ba34a8db0658e309920855e 8f8d2ec31cc04710bb72ece865490010 - - default default] No more DHCP agents
2026-03-11 18:05:01.839 7 WARNING neutron.api.rpc.agentnotifiers.dhcp_rpc_agent_api [None req-90453ff3-7a29-4162-b7c7-2e5eee03181e ba631e491ba34a8db0658e309920855e 8f8d2ec31cc04710bb72ece865490010 - - default default] Unable to schedule network 9348e362-db89-4fe3-8499-7e730b06b15c: no agents available; will retry on subsequent port and subnet creation events.
2026-03-11 18:05:01.844 8 INFO neutron.db.ovn_revision_numbers_db [None req-9dcaeb56-ef84-4374-afbf-6cc3e9e8e80a - - - - - -] Successfully bumped revision number for resource 45724366-141c-45e5-9963-15a192f6c3e1 (type: ports) to 5
2026-03-11 18:05:01.996 8 WARNING neutron.plugins.ml2.drivers.ovn.mech_driver.ovsdb.ovn_client [None req-309d7f60-58e9-4f13-8fb1-4d96b6e817ce - - - - - -] No port found with ID eedd4e8a-355e-4663-a559-3cd193c87fde: RuntimeError: No port found with ID eedd4e8a-355e-4663-a559-3cd193c87fde
2026-03-11 18:05:02.029 8 INFO neutron.plugins.ml2.drivers.ovn.mech_driver.mech_driver [None req-309d7f60-58e9-4f13-8fb1-4d96b6e817ce - - - - - -] OVN reports status down for port: 23a4c9e7-6ab4-46eb-a921-6e2c5d9b89b9
2026-03-11 18:05:02.104 8 WARNING neutron.scheduler.dhcp_agent_scheduler [None req-47ca3f1a-31ed-4c69-8e18-50ef8b0ee26e 085ec04587734310a08f5ecda68ef315 c6454ab9f103418c9bb0d34dee1545f0 - - default default] No more DHCP agents
2026-03-11 18:05:02.107 8 WARNING neutron.api.rpc.agentnotifiers.dhcp_rpc_agent_api [None req-47ca3f1a-31ed-4c69-8e18-50ef8b0ee26e 085ec04587734310a08f5ecda68ef315 c6454ab9f103418c9bb0d34dee1545f0 - - default default] Unable to schedule network 9c73b7d6-23a7-487a-897c-9667642b0e93: no agents available; will retry on subsequent port and subnet creation events.
2026-03-11 18:05:02.187 8 INFO neutron.plugins.ml2.drivers.ovn.mech_driver.mech_driver [None req-309d7f60-58e9-4f13-8fb1-4d96b6e817ce - - - - - -] OVN reports status down for port: 45724366-141c-45e5-9963-15a192f6c3e1
2026-03-11 18:05:02.326 7 INFO neutron.db.ovn_revision_numbers_db [None req-d0d2086d-ddaf-4fcb-821c-9f4f532599b4 - - - - - -] Successfully bumped revision number for resource d9bd4ddb-3987-445d-893a-396fcf671f16 (type: ports) to 2
2026-03-11 18:05:02.354 7 INFO neutron.db.ovn_revision_numbers_db [None req-d0d2086d-ddaf-4fcb-821c-9f4f532599b4 - - - - - -] Successfully bumped revision number for resource c9aecb53-1e00-4595-9934-f0418e41bce3 (type: subnets) to 0 [pid: 7|app: 0|req: 956/1736] 10.0.0.57 () {34 vars in 668 bytes} [Wed Mar 11 18:05:01 2026] POST /v2.0/subnets => generated 626 bytes in 801 msecs (HTTP/1.1 201) 4 headers in 162 bytes (1 switches on core 0)
2026-03-11 18:05:02.552 7 INFO neutron.db.ovn_revision_numbers_db [None req-3ad6e2f1-9776-4a5f-8aa2-ce8ba71ec257 085ec04587734310a08f5ecda68ef315 c6454ab9f103418c9bb0d34dee1545f0 - - default default] Successfully bumped revision number for resource 04f31bf5-d372-4ae3-bc1b-3f50eee26ba0 (type: security_groups) to 1
2026-03-11 18:05:02.564 7 INFO neutron.db.ovn_revision_numbers_db [None req-3ad6e2f1-9776-4a5f-8aa2-ce8ba71ec257 085ec04587734310a08f5ecda68ef315 c6454ab9f103418c9bb0d34dee1545f0 - - default default] Successfully bumped revision number for resource 3a10fbd8-cec1-4f87-9efd-cf5e31fa569d (type: security_group_rules) to 0
2026-03-11 18:05:02.581 7 INFO neutron.db.ovn_revision_numbers_db [None req-3ad6e2f1-9776-4a5f-8aa2-ce8ba71ec257 085ec04587734310a08f5ecda68ef315 c6454ab9f103418c9bb0d34dee1545f0 - - default default] Successfully bumped revision number for resource 46f204c6-e613-4a24-9444-89e1b2a3128f (type: security_group_rules) to 0
2026-03-11 18:05:02.595 7 INFO neutron.db.ovn_revision_numbers_db [None req-3ad6e2f1-9776-4a5f-8aa2-ce8ba71ec257 085ec04587734310a08f5ecda68ef315 c6454ab9f103418c9bb0d34dee1545f0 - - default default] Successfully bumped revision number for resource ad02d989-0ef9-4c45-a06f-b84d35a80c40 (type: security_group_rules) to 0
2026-03-11 18:05:02.608 7 INFO neutron.db.ovn_revision_numbers_db [None req-3ad6e2f1-9776-4a5f-8aa2-ce8ba71ec257 085ec04587734310a08f5ecda68ef315 c6454ab9f103418c9bb0d34dee1545f0 - - default default] Successfully bumped revision number for resource c66a4ebe-38db-44a8-a28b-b47bd4d10c42 (type: security_group_rules) to 0 [pid: 7|app: 0|req: 957/1737] 10.0.0.57 () {32 vars in 773 bytes} [Wed Mar 11 18:05:02 2026] GET /v2.0/security-groups?tenant_id=c10f3237c6264ad98cf161167bf9ddf2&name=default => generated 2925 bytes in 280 msecs (HTTP/1.1 200) 4 headers in 158 bytes (1 switches on core 0) [pid: 7|app: 0|req: 958/1738] 10.0.0.57 () {32 vars in 825 bytes} [Wed Mar 11 18:05:02 2026] GET /v2.0/ports?project_id=cd4b00711ff34d3db600e5ebac9ab2e0&network_id=6db99572-1f03-41ed-8d79-6946109636c8 => generated 3315 bytes in 66 msecs (HTTP/1.1 200) 4 headers in 158 bytes (1 switches on core 0)
2026-03-11 18:05:02.847 7 INFO neutron.db.ovn_revision_numbers_db [None req-88474af9-9173-4b81-a683-997e3ed19598 ba631e491ba34a8db0658e309920855e 8f8d2ec31cc04710bb72ece865490010 - - default default] Successfully bumped revision number for resource 0ae6e956-79b7-464b-afef-f7066e549cea (type: routers) to 1 [pid: 7|app: 0|req: 959/1739] 10.0.0.57 () {34 vars in 668 bytes} [Wed Mar 11 18:05:02 2026] POST /v2.0/routers => generated 603 bytes in 148 msecs (HTTP/1.1 201) 4 headers in 162 bytes (1 switches on core 0)
2026-03-11 18:05:03.110 8 INFO neutron.db.ovn_revision_numbers_db [None req-309d7f60-58e9-4f13-8fb1-4d96b6e817ce - - - - - -] Successfully bumped revision number for resource 45724366-141c-45e5-9963-15a192f6c3e1 (type: ports) to 6 [pid: 7|app: 0|req: 960/1740] 10.0.0.57 () {32 vars in 739 bytes} [Wed Mar 11 18:05:02 2026] DELETE /v2.0/security-groups/04f31bf5-d372-4ae3-bc1b-3f50eee26ba0 => generated 0 bytes in 354 msecs (HTTP/1.1 204) 2 headers in 112 bytes (1 switches on core 0)
2026-03-11 18:05:03.343 8 WARNING neutron.plugins.ml2.drivers.ovn.mech_driver.ovsdb.ovn_client [None req-e687ba45-758f-4824-860a-cb48e84cc475 - - - - - -] Logical_Switch_Port %s host information not removed, the port state is up
2026-03-11 18:05:03.344 8 INFO neutron.plugins.ml2.drivers.ovn.mech_driver.mech_driver [None req-e687ba45-758f-4824-860a-cb48e84cc475 - - - - - -] OVN reports status up for port: 45724366-141c-45e5-9963-15a192f6c3e1
2026-03-11 18:05:03.371 8 INFO neutron.plugins.ml2.plugin [None req-e687ba45-758f-4824-860a-cb48e84cc475 - - - - - -] Attempt 1 to provision port 45724366-141c-45e5-9963-15a192f6c3e1
2026-03-11 18:05:03.396 8 INFO neutron.db.ovn_revision_numbers_db [None req-47ca3f1a-31ed-4c69-8e18-50ef8b0ee26e 085ec04587734310a08f5ecda68ef315 c6454ab9f103418c9bb0d34dee1545f0 - - default default] Successfully bumped revision number for resource ce4ec451-8502-4561-8af2-a062fc72905a (type: router_ports) to 1 [pid: 8|app: 0|req: 781/1741] 10.0.0.57 () {34 vars in 782 bytes} [Wed Mar 11 18:04:59 2026] PUT /v2.0/routers/1ae45210-52fd-42c3-a753-2fb4b13b4aed/add_router_interface => generated 309 bytes in 4345 msecs (HTTP/1.1 200) 4 headers in 157 bytes (1 switches on core 0) [pid: 8|app: 0|req: 782/1742] 10.0.0.57 () {32 vars in 741 bytes} [Wed Mar 11 18:05:03 2026] GET /v2.0/subnets?network_id=d293ed7d-d2a6-4a60-9b6c-96dcb81ef222 => generated 667 bytes in 57 msecs (HTTP/1.1 200) 4 headers in 157 bytes (1 switches on core 0)
2026-03-11 18:05:03.520 7 WARNING neutron.scheduler.dhcp_agent_scheduler [None req-4faa9327-960c-4111-ba00-45c8fb5c0eed ba631e491ba34a8db0658e309920855e 8f8d2ec31cc04710bb72ece865490010 - - default default] No more DHCP agents
2026-03-11 18:05:03.523 7 WARNING neutron.api.rpc.agentnotifiers.dhcp_rpc_agent_api [None req-4faa9327-960c-4111-ba00-45c8fb5c0eed ba631e491ba34a8db0658e309920855e 8f8d2ec31cc04710bb72ece865490010 - - default default] Unable to schedule network 9348e362-db89-4fe3-8499-7e730b06b15c: no agents available; will retry on subsequent port and subnet creation events.
2026-03-11 18:05:03.771 7 INFO neutron.db.ovn_revision_numbers_db [None req-4faa9327-960c-4111-ba00-45c8fb5c0eed ba631e491ba34a8db0658e309920855e 8f8d2ec31cc04710bb72ece865490010 - - default default] Successfully bumped revision number for resource 710e8644-1adb-4ff2-ba64-fc6814a40573 (type: ports) to 1 [pid: 7|app: 0|req: 961/1743] 10.0.0.57 () {34 vars in 664 bytes} [Wed Mar 11 18:05:03 2026] POST /v2.0/ports => generated 946 bytes in 577 msecs (HTTP/1.1 201) 4 headers in 162 bytes (1 switches on core 0) /var/lib/openstack/lib/python3.12/site-packages/pycadf/identifier.py:70: UserWarning: Invalid uuid: neutron. To ensure interoperability, identifiers should be a valid uuid. warnings.warn(('Invalid uuid: %s. To ensure interoperability, '
2026-03-11 18:05:04.131 8 INFO neutron.db.ovn_revision_numbers_db [None req-2203d0a7-c28e-499f-ad9f-552e12a0b0da 207116ff357b406ba163fdc7526e873d cd4b00711ff34d3db600e5ebac9ab2e0 - - default default] Successfully bumped revision number for resource 84a5570c-2e4d-4571-b395-4a322e305a3b (type: floatingips) to 2
2026-03-11 18:05:04.246 8 INFO neutron.db.ovn_revision_numbers_db [None req-e687ba45-758f-4824-860a-cb48e84cc475 - - - - - -] Successfully bumped revision number for resource 45724366-141c-45e5-9963-15a192f6c3e1 (type: ports) to 7
2026-03-11 18:05:04.289 8 INFO neutron.db.l3_db [None req-2203d0a7-c28e-499f-ad9f-552e12a0b0da 207116ff357b406ba163fdc7526e873d cd4b00711ff34d3db600e5ebac9ab2e0 - - default default] Floating IP 84a5570c-2e4d-4571-b395-4a322e305a3b disassociated. External IP: 10.96.250.210, port: bd53ea13-bedd-4bfa-bddf-66d06f35daff. [pid: 8|app: 0|req: 783/1744] 10.0.0.57 () {34 vars in 748 bytes} [Wed Mar 11 18:05:03 2026] PUT /v2.0/floatingips/84a5570c-2e4d-4571-b395-4a322e305a3b => generated 554 bytes in 699 msecs (HTTP/1.1 200) 4 headers in 157 bytes (1 switches on core 0) [pid: 8|app: 0|req: 784/1745] 10.0.0.57 () {32 vars in 728 bytes} [Wed Mar 11 18:05:04 2026] GET /v2.0/floatingips/84a5570c-2e4d-4571-b395-4a322e305a3b => generated 552 bytes in 39 msecs (HTTP/1.1 200) 4 headers in 157 bytes (1 switches on core 0)
2026-03-11 18:05:04.400 8 INFO neutron.notifiers.nova [-] Nova event matching ['req-49d0f193-45ac-4c2a-b5f3-bd9f69dacfa7'] response: {'name': 'network-changed', 'server_uuid': '49736583-af3d-4b16-82ea-c1d44e841706', 'tag': 'bd53ea13-bedd-4bfa-bddf-66d06f35daff', 'status': 'completed', 'code': 200}
2026-03-11 18:05:04.440 8 INFO neutron.plugins.ml2.drivers.ovn.mech_driver.mech_driver [None req-220bc15a-e9b3-4c40-b41a-8baa4548c71f - - - - - -] OVN reports status down for port: ce4ec451-8502-4561-8af2-a062fc72905a
2026-03-11 18:05:04.573 8 WARNING neutron.plugins.ml2.drivers.ovn.mech_driver.ovsdb.ovn_client [None req-220bc15a-e9b3-4c40-b41a-8baa4548c71f - - - - - -] Logical_Switch_Port %s host information not removed, the port state is up
2026-03-11 18:05:04.573 8 INFO neutron.plugins.ml2.drivers.ovn.mech_driver.mech_driver [None req-220bc15a-e9b3-4c40-b41a-8baa4548c71f - - - - - -] OVN reports status down for port: d9bd4ddb-3987-445d-893a-396fcf671f16
2026-03-11 18:05:04.574 7 INFO neutron.db.ovn_revision_numbers_db [None req-704f8636-e781-4489-af46-70ec6bd56673 ba631e491ba34a8db0658e309920855e 8f8d2ec31cc04710bb72ece865490010 - - default default] Successfully bumped revision number for resource 710e8644-1adb-4ff2-ba64-fc6814a40573 (type: ports) to 2
2026-03-11 18:05:04.641 8 INFO neutron.plugins.ml2.drivers.ovn.mech_driver.mech_driver [None req-220bc15a-e9b3-4c40-b41a-8baa4548c71f - - - - - -] OVN reports status up for port: ce4ec451-8502-4561-8af2-a062fc72905a
2026-03-11 18:05:04.651 8 INFO neutron.plugins.ml2.plugin [None req-220bc15a-e9b3-4c40-b41a-8baa4548c71f - - - - - -] Attempt 1 to provision port ce4ec451-8502-4561-8af2-a062fc72905a [pid: 8|app: 0|req: 787/1748] 162.253.55.200 () {34 vars in 1080 bytes} [Wed Mar 11 18:05:04 2026] GET /v2.0/ports?tenant_id=cd4b00711ff34d3db600e5ebac9ab2e0&device_id=49736583-af3d-4b16-82ea-c1d44e841706 => generated 1209 bytes in 75 msecs (HTTP/1.1 200) 4 headers in 158 bytes (1 switches on core 0) [pid: 8|app: 0|req: 788/1749] 162.253.55.200 () {34 vars in 986 bytes} [Wed Mar 11 18:05:05 2026] GET /v2.0/networks?id=6db99572-1f03-41ed-8d79-6946109636c8 => generated 798 bytes in 125 msecs (HTTP/1.1 200) 4 headers in 157 bytes (1 switches on core 0) [pid: 8|app: 0|req: 789/1750] 162.253.55.200 () {34 vars in 1058 bytes} [Wed Mar 11 18:05:05 2026] GET /v2.0/floatingips?fixed_ip_address=10.100.0.6&port_id=bd53ea13-bedd-4bfa-bddf-66d06f35daff => generated 19 bytes in 38 msecs (HTTP/1.1 200) 4 headers in 156 bytes (1 switches on core 0) [pid: 8|app: 0|req: 790/1751] 162.253.55.200 () {34 vars in 984 bytes} [Wed Mar 11 18:05:05 2026] GET /v2.0/subnets?id=b34a28ed-beda-4ba7-8b71-8655f7b8c584 => generated 678 bytes in 89 msecs (HTTP/1.1 200) 4 headers in 157 bytes (1 switches on core 0) [pid: 8|app: 0|req: 791/1752] 162.253.55.200 () {34 vars in 1052 bytes} [Wed Mar 11 18:05:05 2026] GET /v2.0/ports?network_id=6db99572-1f03-41ed-8d79-6946109636c8&device_owner=network%3Adhcp => generated 12 bytes in 46 msecs (HTTP/1.1 200) 4 headers in 156 bytes (1 switches on core 0)
2026-03-11 18:05:05.376 7 WARNING neutron.scheduler.dhcp_agent_scheduler [None req-704f8636-e781-4489-af46-70ec6bd56673 ba631e491ba34a8db0658e309920855e 8f8d2ec31cc04710bb72ece865490010 - - default default] No more DHCP agents
2026-03-11 18:05:05.379 7 WARNING neutron.api.rpc.agentnotifiers.dhcp_rpc_agent_api [None req-704f8636-e781-4489-af46-70ec6bd56673 ba631e491ba34a8db0658e309920855e 8f8d2ec31cc04710bb72ece865490010 - - default default] Unable to schedule network 9348e362-db89-4fe3-8499-7e730b06b15c: no agents available; will retry on subsequent port and subnet creation events. [pid: 8|app: 0|req: 792/1753] 162.253.55.200 () {34 vars in 1012 bytes} [Wed Mar 11 18:05:05 2026] GET /v2.0/networks/6db99572-1f03-41ed-8d79-6946109636c8?fields=segments => generated 14 bytes in 101 msecs (HTTP/1.1 200) 4 headers in 156 bytes (1 switches on core 0)
2026-03-11 18:05:05.435 8 INFO neutron.db.ovn_revision_numbers_db [None req-220bc15a-e9b3-4c40-b41a-8baa4548c71f - - - - - -] Successfully bumped revision number for resource ce4ec451-8502-4561-8af2-a062fc72905a (type: ports) to 2 [pid: 8|app: 0|req: 793/1754] 162.253.55.200 () {34 vars in 1112 bytes} [Wed Mar 11 18:05:05 2026] GET /v2.0/networks/6db99572-1f03-41ed-8d79-6946109636c8?fields=provider%3Aphysical_network&fields=provider%3Anetwork_type => generated 79 bytes in 88 msecs (HTTP/1.1 200) 4 headers in 156 bytes (1 switches on core 0)
2026-03-11 18:05:05.670 7 INFO neutron.db.ovn_revision_numbers_db [None req-704f8636-e781-4489-af46-70ec6bd56673 ba631e491ba34a8db0658e309920855e 8f8d2ec31cc04710bb72ece865490010 - - default default] Successfully bumped revision number for resource 710e8644-1adb-4ff2-ba64-fc6814a40573 (type: router_ports) to 2 [pid: 7|app: 0|req: 962/1755] 10.0.0.57 () {34 vars in 782 bytes} [Wed Mar 11 18:05:03 2026] PUT /v2.0/routers/0ae6e956-79b7-464b-afef-f7066e549cea/add_router_interface => generated 309 bytes in 1874 msecs (HTTP/1.1 200) 4 headers in 157 bytes (1 switches on core 0) /var/lib/openstack/lib/python3.12/site-packages/pycadf/identifier.py:70: UserWarning: Invalid uuid: neutron. To ensure interoperability, identifiers should be a valid uuid. warnings.warn(('Invalid uuid: %s. To ensure interoperability, ' [pid: 7|app: 0|req: 963/1756] 10.0.0.57 () {32 vars in 716 bytes} [Wed Mar 11 18:05:05 2026] GET /v2.0/ports/710e8644-1adb-4ff2-ba64-fc6814a40573 => generated 1006 bytes in 38 msecs (HTTP/1.1 200) 4 headers in 158 bytes (1 switches on core 0)
2026-03-11 18:05:05.837 8 INFO neutron.db.ovn_revision_numbers_db [None req-d6cd861b-c8e8-44c6-888b-5ced791da6b9 207116ff357b406ba163fdc7526e873d cd4b00711ff34d3db600e5ebac9ab2e0 - - default default] Successfully bumped revision number for resource 075b0efd-94d2-4ebd-948d-116cd194d593 (type: security_groups) to 1
2026-03-11 18:05:05.857 8 INFO neutron.db.ovn_revision_numbers_db [None req-d6cd861b-c8e8-44c6-888b-5ced791da6b9 207116ff357b406ba163fdc7526e873d cd4b00711ff34d3db600e5ebac9ab2e0 - - default default] Successfully bumped revision number for resource 726c023c-8bbc-4be1-b7da-3916e09b3148 (type: security_group_rules) to 0
2026-03-11 18:05:05.871 8 INFO neutron.db.ovn_revision_numbers_db [None req-d6cd861b-c8e8-44c6-888b-5ced791da6b9 207116ff357b406ba163fdc7526e873d cd4b00711ff34d3db600e5ebac9ab2e0 - - default default] Successfully bumped revision number for resource da07cd1c-e95b-498e-9f24-346b5a501d80 (type: security_group_rules) to 0 [pid: 8|app: 0|req: 794/1757] 10.0.0.57 () {34 vars in 684 bytes} [Wed Mar 11 18:05:05 2026] POST /v2.0/security-groups => generated 1673 bytes in 394 msecs (HTTP/1.1 201) 4 headers in 163 bytes (1 switches on core 0) [pid: 8|app: 0|req: 795/1758] 10.0.0.143 () {34 vars in 982 bytes} [Wed Mar 11 18:05:05 2026] GET /v2.0/networks?id=9c73b7d6-23a7-487a-897c-9667642b0e93 => generated 711 bytes in 45 msecs (HTTP/1.1 200) 4 headers in 157 bytes (1 switches on core 0)
2026-03-11 18:05:06.112 8 INFO neutron.db.ovn_revision_numbers_db [None req-81222ca5-c9d9-46bb-b0b6-c2d5d0a367ab 207116ff357b406ba163fdc7526e873d cd4b00711ff34d3db600e5ebac9ab2e0 - - default default] Successfully bumped revision number for resource 26cc5944-2f5b-4550-be9b-e7922e5fb98b (type: security_group_rules) to 0
2026-03-11 18:05:06.114 7 INFO neutron_taas.services.taas.taas_plugin [None req-4f49d866-4c2e-47df-947b-966e4b4a0053 ba631e491ba34a8db0658e309920855e 8f8d2ec31cc04710bb72ece865490010 - - default default] TaaS: Handle Delete Port: 710e8644-1adb-4ff2-ba64-fc6814a40573
2026-03-11 18:05:06.117 7 INFO neutron_taas.services.taas.tap_mirror_plugin [None req-4f49d866-4c2e-47df-947b-966e4b4a0053 ba631e491ba34a8db0658e309920855e 8f8d2ec31cc04710bb72ece865490010 - - default default] Tap Mirror: Handle Delete Port: 710e8644-1adb-4ff2-ba64-fc6814a40573 [pid: 8|app: 0|req: 796/1759] 10.0.0.57 () {34 vars in 694 bytes} [Wed Mar 11 18:05:05 2026] POST /v2.0/security-group-rules => generated 597 bytes in 180 msecs (HTTP/1.1 201) 4 headers in 162 bytes (1 switches on core 0) [pid: 8|app: 0|req: 797/1760] 10.0.0.143 () {34 vars in 965 bytes} [Wed Mar 11 18:05:06 2026] GET /v2.0/quotas/917a43a9a3ea4656b9a1123c83bec8d7 => generated 292 bytes in 12 msecs (HTTP/1.1 200) 4 headers in 157 bytes (1 switches on core 0)
2026-03-11 18:05:06.358 8 INFO neutron.db.ovn_revision_numbers_db [None req-42eabbc5-39e1-4a17-b7b1-0b596a3fe9cb 207116ff357b406ba163fdc7526e873d cd4b00711ff34d3db600e5ebac9ab2e0 - - default default] Successfully bumped revision number for resource 8ca8f2bd-1959-435f-ac8c-20935a1d9089 (type: security_group_rules) to 0 [pid: 8|app: 0|req: 798/1761] 10.0.0.57 () {34 vars in 694 bytes} [Wed Mar 11 18:05:06 2026] POST /v2.0/security-group-rules => generated 596 bytes in 238 msecs (HTTP/1.1 201) 4 headers in 162 bytes (1 switches on core 0) [pid: 8|app: 0|req: 799/1762] 10.0.0.143 () {34 vars in 1002 bytes} [Wed Mar 11 18:05:06 2026] GET /v2.0/ports?tenant_id=917a43a9a3ea4656b9a1123c83bec8d7&fields=id => generated 103 bytes in 86 msecs (HTTP/1.1 200) 4 headers in 157 bytes (1 switches on core 0) [pid: 7|app: 0|req: 964/1763] 10.0.0.57 () {34 vars in 788 bytes} [Wed Mar 11 18:05:05 2026] PUT /v2.0/routers/0ae6e956-79b7-464b-afef-f7066e549cea/remove_router_interface => generated 309 bytes in 804 msecs (HTTP/1.1 200) 4 headers in 157 bytes (1 switches on core 0) /var/lib/openstack/lib/python3.12/site-packages/pycadf/identifier.py:70: UserWarning: Invalid uuid: neutron. To ensure interoperability, identifiers should be a valid uuid. warnings.warn(('Invalid uuid: %s. To ensure interoperability, ' [pid: 7|app: 0|req: 965/1764] 10.0.0.143 () {34 vars in 1008 bytes} [Wed Mar 11 18:05:06 2026] GET /v2.0/networks/9c73b7d6-23a7-487a-897c-9667642b0e93?fields=segments => generated 14 bytes in 46 msecs (HTTP/1.1 200) 4 headers in 156 bytes (1 switches on core 0)
2026-03-11 18:05:06.634 7 INFO neutron.api.v2.resource [None req-9018aaa6-88a1-4996-8ba9-379615b6fdae ba631e491ba34a8db0658e309920855e 8f8d2ec31cc04710bb72ece865490010 - - default default] remove_router_interface failed (client error): The resource could not be found. [pid: 7|app: 0|req: 966/1765] 10.0.0.57 () {34 vars in 788 bytes} [Wed Mar 11 18:05:06 2026] PUT /v2.0/routers/0ae6e956-79b7-464b-afef-f7066e549cea/remove_router_interface => generated 197 bytes in 60 msecs (HTTP/1.1 404) 4 headers in 164 bytes (1 switches on core 0)
2026-03-11 18:05:06.664 8 INFO neutron.db.ovn_revision_numbers_db [None req-45bcd47e-4181-454e-a716-100302a23b1c 207116ff357b406ba163fdc7526e873d cd4b00711ff34d3db600e5ebac9ab2e0 - - default default] Successfully bumped revision number for resource 1cf2a2fa-8bf3-4950-b936-d951d662d4e0 (type: security_group_rules) to 0 [pid: 7|app: 0|req: 967/1766] 10.0.0.143 () {34 vars in 1108 bytes} [Wed Mar 11 18:05:06 2026] GET /v2.0/networks/9c73b7d6-23a7-487a-897c-9667642b0e93?fields=provider%3Aphysical_network&fields=provider%3Anetwork_type => generated 79 bytes in 55 msecs (HTTP/1.1 200) 4 headers in 156 bytes (1 switches on core 0) [pid: 7|app: 0|req: 968/1767] 10.0.0.57 () {32 vars in 735 bytes} [Wed Mar 11 18:05:06 2026] GET /v2.0/ports?device_id=0ae6e956-79b7-464b-afef-f7066e549cea => generated 12 bytes in 17 msecs (HTTP/1.1 200) 4 headers in 156 bytes (1 switches on core 0) [pid: 8|app: 0|req: 800/1768] 10.0.0.57 () {34 vars in 694 bytes} [Wed Mar 11 18:05:06 2026] POST /v2.0/security-group-rules => generated 602 bytes in 237 msecs (HTTP/1.1 201) 4 headers in 162 bytes (1 switches on core 0)
2026-03-11 18:05:06.926 8 INFO neutron.db.ovn_revision_numbers_db [None req-c31bb4fd-ce8e-45d8-b4ea-057c3905a6c1 207116ff357b406ba163fdc7526e873d cd4b00711ff34d3db600e5ebac9ab2e0 - - default default] Successfully bumped revision number for resource 36a89e53-72b3-4e21-9e80-013c07266a2d (type: security_group_rules) to 0 [pid: 8|app: 0|req: 801/1769] 10.0.0.57 () {34 vars in 694 bytes} [Wed Mar 11 18:05:06 2026] POST /v2.0/security-group-rules => generated 601 bytes in 247 msecs (HTTP/1.1 201) 4 headers in 162 bytes (1 switches on core 0) [pid: 7|app: 0|req: 969/1770] 10.0.0.57 () {32 vars in 723 bytes} [Wed Mar 11 18:05:06 2026] DELETE /v2.0/routers/0ae6e956-79b7-464b-afef-f7066e549cea => generated 0 bytes in 273 msecs (HTTP/1.1 204) 2 headers in 112 bytes (1 switches on core 0) [pid: 8|app: 0|req: 802/1771] 10.0.0.143 () {34 vars in 990 bytes} [Wed Mar 11 18:05:06 2026] GET /v2.0/ports?device_id=26abf604-7fd0-4a66-8d05-ecb60c2b6d7f => generated 12 bytes in 35 msecs (HTTP/1.1 200) 4 headers in 156 bytes (1 switches on core 0)
2026-03-11 18:05:07.048 7 INFO neutron.db.securitygroups_db [None req-3ce0eff9-f2cd-4990-aea7-3c01242a08f3 207116ff357b406ba163fdc7526e873d cd4b00711ff34d3db600e5ebac9ab2e0 - - default default] Project cd4b00711ff34d3db600e5ebac9ab2e0 added a security group rule with legacy IPv6 ICMP protocol name icmp, ipv6-icmp should be used instead. It was automatically converted.
2026-03-11 18:05:07.195 7 INFO neutron.db.ovn_revision_numbers_db [None req-3ce0eff9-f2cd-4990-aea7-3c01242a08f3 207116ff357b406ba163fdc7526e873d cd4b00711ff34d3db600e5ebac9ab2e0 - - default default] Successfully bumped revision number for resource 0b9c791d-05c4-43aa-8163-7c060741aab6 (type: security_group_rules) to 0 [pid: 8|app: 0|req: 803/1772] 10.0.0.57 () {32 vars in 723 bytes} [Wed Mar 11 18:05:07 2026] DELETE /v2.0/subnets/c9aecb53-1e00-4595-9934-f0418e41bce3 => generated 0 bytes in 201 msecs (HTTP/1.1 204) 3 headers in 131 bytes (1 switches on core 0) [pid: 7|app: 0|req: 970/1773] 10.0.0.57 () {34 vars in 694 bytes} [Wed Mar 11 18:05:06 2026] POST /v2.0/security-group-rules => generated 607 bytes in 253 msecs (HTTP/1.1 201) 4 headers in 162 bytes (1 switches on core 0)
2026-03-11 18:05:07.360 8 INFO neutron_taas.services.taas.taas_plugin [None req-66c9b20f-e6e6-47e9-95b1-22ee3d804bc1 ba631e491ba34a8db0658e309920855e 8f8d2ec31cc04710bb72ece865490010 - - default default] TaaS: Handle Delete Port: d9bd4ddb-3987-445d-893a-396fcf671f16
2026-03-11 18:05:07.363 8 INFO neutron_taas.services.taas.tap_mirror_plugin [None req-66c9b20f-e6e6-47e9-95b1-22ee3d804bc1 ba631e491ba34a8db0658e309920855e 8f8d2ec31cc04710bb72ece865490010 - - default default] Tap Mirror: Handle Delete Port: d9bd4ddb-3987-445d-893a-396fcf671f16
2026-03-11 18:05:07.607 8 INFO neutron.services.segments.plugin [-] Segment c89b0f50-cc40-491f-ae0c-563e4dee9870 resource provider aggregate not found
2026-03-11 18:05:07.621 8 INFO neutron.services.segments.plugin [-] Segment c89b0f50-cc40-491f-ae0c-563e4dee9870 resource provider aggregate not found
2026-03-11 18:05:07.637 8 INFO neutron.services.segments.plugin [-] Segment c89b0f50-cc40-491f-ae0c-563e4dee9870 resource provider not found; error: Placement Client Error (4xx): {"errors": [{"status": 404, "title": "Not Found", "detail": "The resource could not be found.\n\n No resource provider with uuid c89b0f50-cc40-491f-ae0c-563e4dee9870 found for delete ", "request_id": "req-1ebf689f-a479-46ad-9184-530a1776237d"}]}
2026-03-11 18:05:07.651 8 INFO neutron.services.segments.plugin [-] Segment c89b0f50-cc40-491f-ae0c-563e4dee9870 resource provider not found; error: Placement Client Error (4xx): {"errors": [{"status": 404, "title": "Not Found", "detail": "The resource could not be found.\n\n No resource provider with uuid c89b0f50-cc40-491f-ae0c-563e4dee9870 found for delete ", "request_id": "req-f73dc73f-2c86-47af-9c55-50056f6bd1d7"}]}
2026-03-11 18:05:07.754 7 INFO neutron.db.ovn_revision_numbers_db [None req-cc12c97b-e29d-4669-ac20-feb4f8f30027 085ec04587734310a08f5ecda68ef315 c6454ab9f103418c9bb0d34dee1545f0 - - default default] Successfully bumped revision number for resource d045c127-4904-4de9-bae5-fec3c018edcb (type: security_groups) to 1 [pid: 8|app: 0|req: 804/1774] 10.0.0.57 () {32 vars in 725 bytes} [Wed Mar 11 18:05:07 2026] DELETE /v2.0/networks/9348e362-db89-4fe3-8499-7e730b06b15c => generated 0 bytes in 539 msecs (HTTP/1.1 204) 3 headers in 131 bytes (1 switches on core 0)
2026-03-11 18:05:07.767 7 INFO neutron.db.ovn_revision_numbers_db [None req-cc12c97b-e29d-4669-ac20-feb4f8f30027 085ec04587734310a08f5ecda68ef315 c6454ab9f103418c9bb0d34dee1545f0 - - default default] Successfully bumped revision number for resource 1aef83d0-beae-4d39-b7e0-1a140916ca28 (type: security_group_rules) to 0
2026-03-11 18:05:07.785 7 INFO neutron.db.ovn_revision_numbers_db [None req-cc12c97b-e29d-4669-ac20-feb4f8f30027 085ec04587734310a08f5ecda68ef315 c6454ab9f103418c9bb0d34dee1545f0 - - default default] Successfully bumped revision number for resource 3a6717d1-8395-43d3-8ef2-98543ba710ae (type: security_group_rules) to 0
2026-03-11 18:05:07.796 8 INFO neutron.db.securitygroups_db [None req-26b9580a-0778-486e-bd9d-f397f714da5a 207116ff357b406ba163fdc7526e873d cd4b00711ff34d3db600e5ebac9ab2e0 - - default default] Project cd4b00711ff34d3db600e5ebac9ab2e0 added a security group rule with legacy IPv6 ICMP protocol name icmp, ipv6-icmp should be used instead. It was automatically converted.
2026-03-11 18:05:07.814 7 INFO neutron.db.ovn_revision_numbers_db [None req-cc12c97b-e29d-4669-ac20-feb4f8f30027 085ec04587734310a08f5ecda68ef315 c6454ab9f103418c9bb0d34dee1545f0 - - default default] Successfully bumped revision number for resource 3f44c456-e5f3-4ba2-8d90-aecc27341839 (type: security_group_rules) to 0
2026-03-11 18:05:07.828 7 INFO neutron.db.ovn_revision_numbers_db [None req-cc12c97b-e29d-4669-ac20-feb4f8f30027 085ec04587734310a08f5ecda68ef315 c6454ab9f103418c9bb0d34dee1545f0 - - default default] Successfully bumped revision number for resource dbe67535-4a4d-4ef2-bf65-ee6a67b48fcf (type: security_group_rules) to 0 [pid: 7|app: 0|req: 971/1775] 10.0.0.57 () {32 vars in 773 bytes} [Wed Mar 11 18:05:07 2026] GET /v2.0/security-groups?tenant_id=7ab2ad9daa24434ab106de1fd0f79923&name=default => generated 2925 bytes in 622 msecs (HTTP/1.1 200) 4 headers in 158 bytes (1 switches on core 0)
2026-03-11 18:05:07.965 7 INFO neutron.db.segments_db [None req-7e0da193-8fd4-4e0d-9440-e8fca83be1eb ba631e491ba34a8db0658e309920855e 8f8d2ec31cc04710bb72ece865490010 - - default default] Added segment a50c8114-13d6-48c4-8a2c-6ab9b2212cb8 of type geneve for network 2d505ebb-b124-4214-8eca-fb75d413df89
2026-03-11 18:05:07.979 8 INFO neutron.db.ovn_revision_numbers_db [None req-26b9580a-0778-486e-bd9d-f397f714da5a 207116ff357b406ba163fdc7526e873d cd4b00711ff34d3db600e5ebac9ab2e0 - - default default] Successfully bumped revision number for resource 052ef9be-d576-4dbc-9d1d-e1cd01fcce40 (type: security_group_rules) to 0 [pid: 8|app: 0|req: 805/1776] 10.0.0.57 () {34 vars in 694 bytes} [Wed Mar 11 18:05:07 2026] POST /v2.0/security-group-rules => generated 606 bytes in 260 msecs (HTTP/1.1 201) 4 headers in 162 bytes (1 switches on core 0)
2026-03-11 18:05:08.140 7 INFO neutron.db.ovn_revision_numbers_db [None req-7e0da193-8fd4-4e0d-9440-e8fca83be1eb ba631e491ba34a8db0658e309920855e 8f8d2ec31cc04710bb72ece865490010 - - default default] Successfully bumped revision number for resource 2d505ebb-b124-4214-8eca-fb75d413df89 (type: networks) to 1
2026-03-11 18:05:08.373 7 WARNING neutron.scheduler.dhcp_agent_scheduler [None req-7e0da193-8fd4-4e0d-9440-e8fca83be1eb ba631e491ba34a8db0658e309920855e 8f8d2ec31cc04710bb72ece865490010 - - default default] No more DHCP agents
2026-03-11 18:05:08.377 7 WARNING neutron.api.rpc.agentnotifiers.dhcp_rpc_agent_api [None req-7e0da193-8fd4-4e0d-9440-e8fca83be1eb ba631e491ba34a8db0658e309920855e 8f8d2ec31cc04710bb72ece865490010 - - default default] Unable to schedule network 2d505ebb-b124-4214-8eca-fb75d413df89: no agents available; will retry on subsequent port and subnet creation events. [pid: 8|app: 0|req: 806/1777] 10.0.0.57 () {32 vars in 739 bytes} [Wed Mar 11 18:05:08 2026] DELETE /v2.0/security-groups/d045c127-4904-4de9-bae5-fec3c018edcb => generated 0 bytes in 397 msecs (HTTP/1.1 204) 2 headers in 112 bytes (1 switches on core 0) [pid: 8|app: 0|req: 807/1778] 10.0.0.143 () {34 vars in 990 bytes} [Wed Mar 11 18:05:08 2026] GET /v2.0/ports?device_id=26abf604-7fd0-4a66-8d05-ecb60c2b6d7f => generated 12 bytes in 47 msecs (HTTP/1.1 200) 4 headers in 156 bytes (1 switches on core 0)
2026-03-11 18:05:08.523 7 INFO neutron.db.ovn_revision_numbers_db [None req-7e0da193-8fd4-4e0d-9440-e8fca83be1eb ba631e491ba34a8db0658e309920855e 8f8d2ec31cc04710bb72ece865490010 - - default default] Successfully bumped revision number for resource a41213cd-789f-4353-bf95-1807cbe756ac (type: ports) to 1 [pid: 7|app: 0|req: 972/1779] 10.0.0.57 () {34 vars in 669 bytes} [Wed Mar 11 18:05:07 2026] POST /v2.0/networks => generated 648 bytes in 679 msecs (HTTP/1.1 201) 4 headers in 162 bytes (1 switches on core 0) [pid: 8|app: 0|req: 808/1780] 10.0.0.57 () {32 vars in 648 bytes} [Wed Mar 11 18:05:08 2026] GET /v2.0/networks => generated 1374 bytes in 114 msecs (HTTP/1.1 200) 4 headers in 158 bytes (1 switches on core 0)
2026-03-11 18:05:08.727 7 INFO neutron.db.ovn_revision_numbers_db [None req-c2e04c68-7ed0-4659-9b78-d2394663f9fc 085ec04587734310a08f5ecda68ef315 c6454ab9f103418c9bb0d34dee1545f0 - - default default] Successfully bumped revision number for resource f416781d-bba9-4c78-8534-147b4ad6a838 (type: security_groups) to 1
2026-03-11 18:05:08.741 7 INFO neutron.db.ovn_revision_numbers_db [None req-c2e04c68-7ed0-4659-9b78-d2394663f9fc 085ec04587734310a08f5ecda68ef315 c6454ab9f103418c9bb0d34dee1545f0 - - default default] Successfully bumped revision number for resource 13b8cb3b-7b67-4003-b371-0d92157e7db1 (type: security_group_rules) to 0
2026-03-11 18:05:08.752 7 INFO neutron.db.ovn_revision_numbers_db [None req-c2e04c68-7ed0-4659-9b78-d2394663f9fc 085ec04587734310a08f5ecda68ef315 c6454ab9f103418c9bb0d34dee1545f0 - - default default] Successfully bumped revision number for resource 784a5878-4923-4c1d-9f2a-d1d54b8cdb53 (type: security_group_rules) to 0
2026-03-11 18:05:08.764 7 INFO neutron.db.ovn_revision_numbers_db [None req-c2e04c68-7ed0-4659-9b78-d2394663f9fc 085ec04587734310a08f5ecda68ef315 c6454ab9f103418c9bb0d34dee1545f0 - - default default] Successfully bumped revision number for resource 91389f33-271f-43ff-bc1f-21bf23b1c0db (type: security_group_rules) to 0
2026-03-11 18:05:08.776 7 INFO neutron.db.ovn_revision_numbers_db [None req-c2e04c68-7ed0-4659-9b78-d2394663f9fc 085ec04587734310a08f5ecda68ef315 c6454ab9f103418c9bb0d34dee1545f0 - - default default] Successfully bumped revision number for resource d201faa1-a554-49f8-a2d0-16ba8f3c6764 (type: security_group_rules) to 0 [pid: 7|app: 0|req: 973/1781] 10.0.0.57 () {32 vars in 773 bytes} [Wed Mar 11 18:05:08 2026] GET /v2.0/security-groups?tenant_id=390b283e3a5b4d73b6ce76d20b4158e1&name=default => generated 2925 bytes in 262 msecs (HTTP/1.1 200) 4 headers in 158 bytes (1 switches on core 0)
2026-03-11 18:05:08.812 8 WARNING neutron.scheduler.dhcp_agent_scheduler [None req-104dd3c1-8896-43b0-8aca-bc72adc34aa8 ba631e491ba34a8db0658e309920855e 8f8d2ec31cc04710bb72ece865490010 - - default default] No more DHCP agents
2026-03-11 18:05:08.813 8 WARNING neutron.api.rpc.agentnotifiers.dhcp_rpc_agent_api [None req-104dd3c1-8896-43b0-8aca-bc72adc34aa8 ba631e491ba34a8db0658e309920855e 8f8d2ec31cc04710bb72ece865490010 - - default default] Unable to schedule network 2d505ebb-b124-4214-8eca-fb75d413df89: no agents available; will retry on subsequent port and subnet creation events. [pid: 7|app: 0|req: 974/1782] 10.0.0.143 () {34 vars in 1098 bytes} [Wed Mar 11 18:05:08 2026] GET /v2.0/security-groups?name=tempest-secgroup-smoke-149584456&fields=id&tenant_id=cd4b00711ff34d3db600e5ebac9ab2e0 => generated 69 bytes in 30 msecs (HTTP/1.1 200) 4 headers in 156 bytes (1 switches on core 0) [pid: 7|app: 0|req: 975/1783] 10.0.0.57 () {32 vars in 739 bytes} [Wed Mar 11 18:05:08 2026] DELETE /v2.0/security-groups/f416781d-bba9-4c78-8534-147b4ad6a838 => generated 0 bytes in 296 msecs (HTTP/1.1 204) 2 headers in 112 bytes (1 switches on core 0) [pid: 7|app: 0|req: 976/1784] 10.0.0.143 () {34 vars in 982 bytes} [Wed Mar 11 18:05:09 2026] GET /v2.0/networks?id=6db99572-1f03-41ed-8d79-6946109636c8 => generated 699 bytes in 45 msecs (HTTP/1.1 200) 4 headers in 157 bytes (1 switches on core 0) [pid: 7|app: 0|req: 977/1785] 10.0.0.143 () {34 vars in 965 bytes} [Wed Mar 11 18:05:09 2026] GET /v2.0/quotas/cd4b00711ff34d3db600e5ebac9ab2e0 => generated 292 bytes in 13 msecs (HTTP/1.1 200) 4 headers in 157 bytes (1 switches on core 0) [pid: 7|app: 0|req: 978/1786] 10.0.0.143 () {34 vars in 1002 bytes} [Wed Mar 11 18:05:09 2026] GET /v2.0/ports?tenant_id=cd4b00711ff34d3db600e5ebac9ab2e0&fields=id => generated 149 bytes in 117 msecs (HTTP/1.1 200) 4 headers in 157 bytes (1 switches on core 0)
2026-03-11 18:05:09.359 8 INFO neutron.db.ovn_revision_numbers_db [None req-61eac98a-8304-4e50-805b-aaa0c7f4cfc9 - - - - - -] Successfully bumped revision number for resource a41213cd-789f-4353-bf95-1807cbe756ac (type: ports) to 2
2026-03-11 18:05:09.388 8 INFO neutron.db.ovn_revision_numbers_db [None req-61eac98a-8304-4e50-805b-aaa0c7f4cfc9 - - - - - -] Successfully bumped revision number for resource 853523b5-ddbf-4da3-8b1a-4808136e4559 (type: subnets) to 0 [pid: 7|app: 0|req: 979/1787] 10.0.0.143 () {34 vars in 1008 bytes} [Wed Mar 11 18:05:09 2026] GET /v2.0/networks/6db99572-1f03-41ed-8d79-6946109636c8?fields=segments => generated 14 bytes in 48 msecs (HTTP/1.1 200) 4 headers in 156 bytes (1 switches on core 0) [pid: 8|app: 0|req: 809/1788] 10.0.0.57 () {34 vars in 668 bytes} [Wed Mar 11 18:05:08 2026] POST /v2.0/subnets => generated 626 bytes in 826 msecs (HTTP/1.1 201) 4 headers in 162 bytes (1 switches on core 0) [pid: 7|app: 0|req: 980/1789] 10.0.0.143 () {34 vars in 1108 bytes} [Wed Mar 11 18:05:09 2026] GET /v2.0/networks/6db99572-1f03-41ed-8d79-6946109636c8?fields=provider%3Aphysical_network&fields=provider%3Anetwork_type => generated 79 bytes in 51 msecs (HTTP/1.1 200) 4 headers in 156 bytes (1 switches on core 0) [pid: 7|app: 0|req: 981/1790] 10.0.0.143 () {34 vars in 990 bytes} [Wed Mar 11 18:05:09 2026] GET /v2.0/ports?device_id=26abf604-7fd0-4a66-8d05-ecb60c2b6d7f => generated 12 bytes in 22 msecs (HTTP/1.1 200) 4 headers in 156 bytes (1 switches on core 0)
2026-03-11 18:05:09.582 8 INFO neutron.db.ovn_revision_numbers_db [None req-74819b57-b9c4-4aa5-ab21-1c56bbe4fcd4 ba631e491ba34a8db0658e309920855e 8f8d2ec31cc04710bb72ece865490010 - - default default] Successfully bumped revision number for resource a3f28f91-dcb8-4507-a35c-0f28b78fd828 (type: routers) to 1 [pid: 8|app: 0|req: 810/1791] 10.0.0.57 () {34 vars in 668 bytes} [Wed Mar 11 18:05:09 2026] POST /v2.0/routers => generated 603 bytes in 190 msecs (HTTP/1.1 201) 4 headers in 162 bytes (1 switches on core 0) [pid: 8|app: 0|req: 811/1792] 10.0.0.143 () {34 vars in 990 bytes} [Wed Mar 11 18:05:09 2026] GET /v2.0/ports?device_id=dc6f7ac7-2569-4b87-9e5e-f8439c226a06 => generated 12 bytes in 22 msecs (HTTP/1.1 200) 4 headers in 156 bytes (1 switches on core 0)
2026-03-11 18:05:09.864 8 WARNING neutron.plugins.ml2.drivers.ovn.mech_driver.ovsdb.ovn_client [None req-f36821c0-9f47-48b6-8479-f9530e08c1c4 - - - - - -] No hosting information found for port ce4ec451-8502-4561-8af2-a062fc72905a: RuntimeError: No hosting information found for port ce4ec451-8502-4561-8af2-a062fc72905a
2026-03-11 18:05:09.960 8 INFO neutron.db.ovn_revision_numbers_db [None req-f36821c0-9f47-48b6-8479-f9530e08c1c4 - - - - - -] Successfully bumped revision number for resource ce4ec451-8502-4561-8af2-a062fc72905a (type: router_ports) to 2
2026-03-11 18:05:09.960 8 INFO neutron.plugins.ml2.drivers.ovn.mech_driver.mech_driver [None req-f36821c0-9f47-48b6-8479-f9530e08c1c4 - - - - - -] OVN reports status down for port: 710e8644-1adb-4ff2-ba64-fc6814a40573
2026-03-11 18:05:09.974 7 WARNING neutron.scheduler.dhcp_agent_scheduler [None req-0589eea3-8e6d-467a-b631-f5967c1f1713 ba631e491ba34a8db0658e309920855e 8f8d2ec31cc04710bb72ece865490010 - - default default] No more DHCP agents
2026-03-11 18:05:09.975 7 WARNING neutron.api.rpc.agentnotifiers.dhcp_rpc_agent_api [None req-0589eea3-8e6d-467a-b631-f5967c1f1713 ba631e491ba34a8db0658e309920855e 8f8d2ec31cc04710bb72ece865490010 - - default default] Unable to schedule network 2d505ebb-b124-4214-8eca-fb75d413df89: no agents available; will retry on subsequent port and subnet creation events.
2026-03-11 18:05:10.008 8 INFO neutron.plugins.ml2.drivers.ovn.mech_driver.mech_driver [None req-f36821c0-9f47-48b6-8479-f9530e08c1c4 - - - - - -] OVN reports status up for port: 710e8644-1adb-4ff2-ba64-fc6814a40573
2026-03-11 18:05:10.097 8 INFO neutron.plugins.ml2.drivers.ovn.mech_driver.mech_driver [None req-f36821c0-9f47-48b6-8479-f9530e08c1c4 - - - - - -] OVN reports status down for port: a41213cd-789f-4353-bf95-1807cbe756ac
2026-03-11 18:05:10.151 7 INFO neutron.db.ovn_revision_numbers_db [None req-0589eea3-8e6d-467a-b631-f5967c1f1713 ba631e491ba34a8db0658e309920855e 8f8d2ec31cc04710bb72ece865490010 - - default default] Successfully bumped revision number for resource 28ec439c-4d3b-43d6-8ae4-caf5b943b70d (type: ports) to 1
2026-03-11 18:05:10.183 8 INFO neutron.plugins.ml2.drivers.ovn.mech_driver.mech_driver [None req-f36821c0-9f47-48b6-8479-f9530e08c1c4 - - - - - -] OVN reports status down for port: 28ec439c-4d3b-43d6-8ae4-caf5b943b70d /var/lib/openstack/lib/python3.12/site-packages/pycadf/identifier.py:70: UserWarning: Invalid uuid: neutron. To ensure interoperability, identifiers should be a valid uuid. warnings.warn(('Invalid uuid: %s. To ensure interoperability, ' [pid: 8|app: 0|req: 812/1793] 10.0.0.143 () {34 vars in 990 bytes} [Wed Mar 11 18:05:10 2026] GET /v2.0/ports?device_id=26abf604-7fd0-4a66-8d05-ecb60c2b6d7f => generated 12 bytes in 26 msecs (HTTP/1.1 200) 4 headers in 156 bytes (1 switches on core 0)
2026-03-11 18:05:10.775 8 INFO neutron.plugins.ml2.drivers.ovn.mech_driver.mech_driver [None req-f36821c0-9f47-48b6-8479-f9530e08c1c4 - - - - - -] OVN reports status up for port: 28ec439c-4d3b-43d6-8ae4-caf5b943b70d [pid: 8|app: 0|req: 813/1794] 10.0.0.143 () {34 vars in 990 bytes} [Wed Mar 11 18:05:10 2026] GET /v2.0/ports?device_id=dc6f7ac7-2569-4b87-9e5e-f8439c226a06 => generated 12 bytes in 29 msecs (HTTP/1.1 200) 4 headers in 156 bytes (1 switches on core 0)
2026-03-11 18:05:10.797 8 INFO neutron.plugins.ml2.plugin [None req-f36821c0-9f47-48b6-8479-f9530e08c1c4 - - - - - -] Attempt 1 to provision port 28ec439c-4d3b-43d6-8ae4-caf5b943b70d
2026-03-11 18:05:10.826 7 WARNING neutron.scheduler.dhcp_agent_scheduler [None req-0589eea3-8e6d-467a-b631-f5967c1f1713 ba631e491ba34a8db0658e309920855e 8f8d2ec31cc04710bb72ece865490010 - - default default] No more DHCP agents
2026-03-11 18:05:10.827 7 WARNING neutron.api.rpc.agentnotifiers.dhcp_rpc_agent_api [None req-0589eea3-8e6d-467a-b631-f5967c1f1713 ba631e491ba34a8db0658e309920855e 8f8d2ec31cc04710bb72ece865490010 - - default default] Unable to schedule network 2d505ebb-b124-4214-8eca-fb75d413df89: no agents available; will retry on subsequent port and subnet creation events.
