2026-03-11 18:06:05.570 8 INFO neutron.services.segments.plugin [-] Segment ed8b892e-96bc-4f55-8ea7-ec07eadc5764 resource provider aggregate not found
2026-03-11 18:06:05.572 8 INFO neutron.services.segments.plugin [-] Segment ed8b892e-96bc-4f55-8ea7-ec07eadc5764 resource provider aggregate not found
2026-03-11 18:06:05.591 8 INFO neutron.services.segments.plugin [-] Segment ed8b892e-96bc-4f55-8ea7-ec07eadc5764 resource provider not found; error: Placement Client Error (4xx): {"errors": [{"status": 404, "title": "Not Found", "detail": "The resource could not be found.\n\n No resource provider with uuid ed8b892e-96bc-4f55-8ea7-ec07eadc5764 found for delete ", "request_id": "req-2710ffb3-b42d-4632-94db-8778c24ae8de"}]}
2026-03-11 18:06:05.594 8 INFO neutron.services.segments.plugin [-] Segment ed8b892e-96bc-4f55-8ea7-ec07eadc5764 resource provider not found; error: Placement Client Error (4xx): {"errors": [{"status": 404, "title": "Not Found", "detail": "The resource could not be found.\n\n No resource provider with uuid ed8b892e-96bc-4f55-8ea7-ec07eadc5764 found for delete ", "request_id": "req-1feab8de-bea3-4321-87c4-3ab5ae2e4d28"}]} [pid: 8|app: 0|req: 1001/2205] 10.0.0.57 () {32 vars in 725 bytes} [Wed Mar 11 18:06:05 2026] DELETE /v2.0/networks/b8d310ce-8e1d-4045-a792-5a9a1ee55e5c => generated 0 bytes in 610 msecs (HTTP/1.1 204) 3 headers in 131 bytes (1 switches on core 0)
2026-03-11 18:06:05.730 7 INFO neutron.db.segments_db [None req-e7437410-cce7-4ee0-9d5d-65a714f8dac6 dfc22aec850346adb20846314e1f58a1 72b7e4ca1e554a8886b15df1fde185c4 - - default default] Added segment c474f1b5-b3a5-4db8-aa1f-15f2d1163ac9 of type geneve for network aa7f346c-305e-4ba5-a09b-c00931271f5a
2026-03-11 18:06:05.858 7 INFO neutron.db.ovn_revision_numbers_db [None req-e7437410-cce7-4ee0-9d5d-65a714f8dac6 dfc22aec850346adb20846314e1f58a1 72b7e4ca1e554a8886b15df1fde185c4 - - default default] Successfully bumped revision number for resource aa7f346c-305e-4ba5-a09b-c00931271f5a (type: networks) to 1
2026-03-11 18:06:06.048 7 WARNING neutron.scheduler.dhcp_agent_scheduler [None req-e7437410-cce7-4ee0-9d5d-65a714f8dac6 dfc22aec850346adb20846314e1f58a1 72b7e4ca1e554a8886b15df1fde185c4 - - default default] No more DHCP agents
2026-03-11 18:06:06.049 7 WARNING neutron.api.rpc.agentnotifiers.dhcp_rpc_agent_api [None req-e7437410-cce7-4ee0-9d5d-65a714f8dac6 dfc22aec850346adb20846314e1f58a1 72b7e4ca1e554a8886b15df1fde185c4 - - default default] Unable to schedule network aa7f346c-305e-4ba5-a09b-c00931271f5a: no agents available; will retry on subsequent port and subnet creation events.
2026-03-11 18:06:06.119 8 INFO neutron.plugins.ml2.drivers.ovn.mech_driver.mech_driver [None req-c4df1985-0461-4d7d-af3e-2e2405e5352e - - - - - -] OVN reports status down for port: e1c19c20-6d16-4d46-ad06-e7075f6fab10
2026-03-11 18:06:06.184 7 INFO neutron.db.ovn_revision_numbers_db [None req-e7437410-cce7-4ee0-9d5d-65a714f8dac6 dfc22aec850346adb20846314e1f58a1 72b7e4ca1e554a8886b15df1fde185c4 - - default default] Successfully bumped revision number for resource e1c19c20-6d16-4d46-ad06-e7075f6fab10 (type: ports) to 1 [pid: 7|app: 0|req: 1205/2206] 10.0.0.57 () {34 vars in 669 bytes} [Wed Mar 11 18:06:05 2026] POST /v2.0/networks => generated 748 bytes in 585 msecs (HTTP/1.1 201) 4 headers in 162 bytes (1 switches on core 0) [pid: 7|app: 0|req: 1206/2207] 10.0.0.143 () {34 vars in 990 bytes} [Wed Mar 11 18:06:06 2026] GET /v2.0/ports?device_id=741c1201-b48f-43e2-bd07-a8dd90f5d2cd => generated 12 bytes in 23 msecs (HTTP/1.1 200) 4 headers in 156 bytes (1 switches on core 0)
2026-03-11 18:06:06.392 8 WARNING neutron.scheduler.dhcp_agent_scheduler [None req-3889f58d-8a83-491d-a417-dda51e3ace1b dfc22aec850346adb20846314e1f58a1 72b7e4ca1e554a8886b15df1fde185c4 - - default default] No more DHCP agents
2026-03-11 18:06:06.393 8 WARNING neutron.api.rpc.agentnotifiers.dhcp_rpc_agent_api [None req-3889f58d-8a83-491d-a417-dda51e3ace1b dfc22aec850346adb20846314e1f58a1 72b7e4ca1e554a8886b15df1fde185c4 - - default default] Unable to schedule network aa7f346c-305e-4ba5-a09b-c00931271f5a: no agents available; will retry on subsequent port and subnet creation events.
2026-03-11 18:06:06.856 7 INFO neutron.db.ovn_revision_numbers_db [None req-119fc475-416c-4354-9ebe-e79dba9ab637 5fdf6ded653a4b66b9ff7c10442d6981 ba68ac03abae4288aa4194d5f8329b63 - - default default] Successfully bumped revision number for resource 86d7580e-a829-44fd-b9f4-3a0458604537 (type: security_groups) to 1
2026-03-11 18:06:06.877 7 INFO neutron.db.ovn_revision_numbers_db [None req-119fc475-416c-4354-9ebe-e79dba9ab637 5fdf6ded653a4b66b9ff7c10442d6981 ba68ac03abae4288aa4194d5f8329b63 - - default default] Successfully bumped revision number for resource 02885b63-f178-4b6d-9499-1e0b894d09ec (type: security_group_rules) to 0
2026-03-11 18:06:06.898 7 INFO neutron.db.ovn_revision_numbers_db [None req-119fc475-416c-4354-9ebe-e79dba9ab637 5fdf6ded653a4b66b9ff7c10442d6981 ba68ac03abae4288aa4194d5f8329b63 - - default default] Successfully bumped revision number for resource 59274d5c-6242-47f9-85e4-6e656c941ea3 (type: security_group_rules) to 0
2026-03-11 18:06:06.917 7 INFO neutron.db.ovn_revision_numbers_db [None req-119fc475-416c-4354-9ebe-e79dba9ab637 5fdf6ded653a4b66b9ff7c10442d6981 ba68ac03abae4288aa4194d5f8329b63 - - default default] Successfully bumped revision number for resource 82a7626f-31ce-45f4-8b9c-53f98b1c3f29 (type: security_group_rules) to 0
2026-03-11 18:06:06.935 7 INFO neutron.db.ovn_revision_numbers_db [None req-119fc475-416c-4354-9ebe-e79dba9ab637 5fdf6ded653a4b66b9ff7c10442d6981 ba68ac03abae4288aa4194d5f8329b63 - - default default] Successfully bumped revision number for resource ce4c1260-20da-4dd3-9a6c-360cedf87b99 (type: security_group_rules) to 0
2026-03-11 18:06:06.938 8 INFO neutron.db.ovn_revision_numbers_db [None req-e99a8df5-163d-4cc7-82cf-72e5d4d0dd8c - - - - - -] Successfully bumped revision number for resource e1c19c20-6d16-4d46-ad06-e7075f6fab10 (type: ports) to 2
2026-03-11 18:06:06.980 8 INFO neutron.db.ovn_revision_numbers_db [None req-e99a8df5-163d-4cc7-82cf-72e5d4d0dd8c - - - - - -] Successfully bumped revision number for resource 942b6549-316c-408a-9270-d0387dc43168 (type: subnets) to 0 [pid: 8|app: 0|req: 1002/2208] 10.0.0.57 () {34 vars in 668 bytes} [Wed Mar 11 18:06:06 2026] POST /v2.0/subnets => generated 647 bytes in 777 msecs (HTTP/1.1 201) 4 headers in 162 bytes (1 switches on core 0)
2026-03-11 18:06:07.011 7 INFO neutron.db.segments_db [None req-119fc475-416c-4354-9ebe-e79dba9ab637 5fdf6ded653a4b66b9ff7c10442d6981 ba68ac03abae4288aa4194d5f8329b63 - - default default] Added segment 398b50d2-59b0-40cd-a310-ff241a559f0a of type geneve for network a65f0b4c-755b-41f2-a7ed-68c034629bf6
2026-03-11 18:06:07.130 7 INFO neutron.db.ovn_revision_numbers_db [None req-119fc475-416c-4354-9ebe-e79dba9ab637 5fdf6ded653a4b66b9ff7c10442d6981 ba68ac03abae4288aa4194d5f8329b63 - - default default] Successfully bumped revision number for resource a65f0b4c-755b-41f2-a7ed-68c034629bf6 (type: networks) to 1 [pid: 8|app: 0|req: 1003/2209] 10.0.0.57 () {34 vars in 680 bytes} [Wed Mar 11 18:06:07 2026] POST /v2.0/rbac-policies => generated 324 bytes in 268 msecs (HTTP/1.1 201) 4 headers in 162 bytes (1 switches on core 0)
2026-03-11 18:06:07.308 7 WARNING neutron.scheduler.dhcp_agent_scheduler [None req-119fc475-416c-4354-9ebe-e79dba9ab637 5fdf6ded653a4b66b9ff7c10442d6981 ba68ac03abae4288aa4194d5f8329b63 - - default default] No more DHCP agents
2026-03-11 18:06:07.310 7 WARNING neutron.api.rpc.agentnotifiers.dhcp_rpc_agent_api [None req-119fc475-416c-4354-9ebe-e79dba9ab637 5fdf6ded653a4b66b9ff7c10442d6981 ba68ac03abae4288aa4194d5f8329b63 - - default default] Unable to schedule network a65f0b4c-755b-41f2-a7ed-68c034629bf6: no agents available; will retry on subsequent port and subnet creation events. [pid: 8|app: 0|req: 1004/2210] 162.253.55.200 () {34 vars in 986 bytes} [Wed Mar 11 18:06:07 2026] GET /v2.0/networks?id=ea3da4e7-a175-4be0-ab51-e644e0151f58 => generated 711 bytes in 88 msecs (HTTP/1.1 200) 4 headers in 157 bytes (1 switches on core 0) [pid: 8|app: 0|req: 1005/2211] 10.0.0.143 () {34 vars in 990 bytes} [Wed Mar 11 18:06:07 2026] GET /v2.0/ports?device_id=741c1201-b48f-43e2-bd07-a8dd90f5d2cd => generated 12 bytes in 38 msecs (HTTP/1.1 200) 4 headers in 156 bytes (1 switches on core 0)
2026-03-11 18:06:07.442 8 INFO neutron.plugins.ml2.drivers.ovn.mech_driver.mech_driver [None req-c4df1985-0461-4d7d-af3e-2e2405e5352e - - - - - -] OVN reports status down for port: 1d67816f-d8c7-4fef-9aec-4284560ff93e
2026-03-11 18:06:07.449 7 INFO neutron.db.ovn_revision_numbers_db [None req-119fc475-416c-4354-9ebe-e79dba9ab637 5fdf6ded653a4b66b9ff7c10442d6981 ba68ac03abae4288aa4194d5f8329b63 - - default default] Successfully bumped revision number for resource 1d67816f-d8c7-4fef-9aec-4284560ff93e (type: ports) to 1 [pid: 8|app: 0|req: 1006/2212] 162.253.55.200 () {34 vars in 1050 bytes} [Wed Mar 11 18:06:07 2026] GET /v2.0/security-groups?fields=id&fields=name&tenant_id=9dc11d7653fe4f5fb935971ce9014505 => generated 273 bytes in 57 msecs (HTTP/1.1 200) 4 headers in 157 bytes (1 switches on core 0) [pid: 7|app: 0|req: 1207/2213] 10.0.0.57 () {34 vars in 669 bytes} [Wed Mar 11 18:06:06 2026] POST /v2.0/networks => generated 651 bytes in 976 msecs (HTTP/1.1 201) 4 headers in 162 bytes (1 switches on core 0)
2026-03-11 18:06:07.579 7 INFO neutron.db.segments_db [None req-7e19f608-335f-4cef-a7f4-490319b0f15c 5fdf6ded653a4b66b9ff7c10442d6981 ba68ac03abae4288aa4194d5f8329b63 - - default default] Added segment e38f2110-05b0-460e-a93e-d63ee588de15 of type geneve for network a27e0b7a-d6ff-460c-9c36-373d3c1e5f9e
2026-03-11 18:06:07.745 7 INFO neutron.db.ovn_revision_numbers_db [None req-7e19f608-335f-4cef-a7f4-490319b0f15c 5fdf6ded653a4b66b9ff7c10442d6981 ba68ac03abae4288aa4194d5f8329b63 - - default default] Successfully bumped revision number for resource a27e0b7a-d6ff-460c-9c36-373d3c1e5f9e (type: networks) to 1
2026-03-11 18:06:07.792 8 WARNING neutron.scheduler.dhcp_agent_scheduler [req-d4c14d15-bedf-4400-a60d-b10c91fd18d5 req-85616dbb-d50c-4464-80f3-0154566266cd e9ccbe5dc23c403cb866c728ca9ea00a 9dc11d7653fe4f5fb935971ce9014505 - - default default] No more DHCP agents
2026-03-11 18:06:07.794 8 WARNING neutron.api.rpc.agentnotifiers.dhcp_rpc_agent_api [req-d4c14d15-bedf-4400-a60d-b10c91fd18d5 req-85616dbb-d50c-4464-80f3-0154566266cd e9ccbe5dc23c403cb866c728ca9ea00a 9dc11d7653fe4f5fb935971ce9014505 - - default default] Unable to schedule network ea3da4e7-a175-4be0-ab51-e644e0151f58: no agents available; will retry on subsequent port and subnet creation events.
2026-03-11 18:06:07.932 7 WARNING neutron.scheduler.dhcp_agent_scheduler [None req-7e19f608-335f-4cef-a7f4-490319b0f15c 5fdf6ded653a4b66b9ff7c10442d6981 ba68ac03abae4288aa4194d5f8329b63 - - default default] No more DHCP agents
2026-03-11 18:06:07.936 7 WARNING neutron.api.rpc.agentnotifiers.dhcp_rpc_agent_api [None req-7e19f608-335f-4cef-a7f4-490319b0f15c 5fdf6ded653a4b66b9ff7c10442d6981 ba68ac03abae4288aa4194d5f8329b63 - - default default] Unable to schedule network a27e0b7a-d6ff-460c-9c36-373d3c1e5f9e: no agents available; will retry on subsequent port and subnet creation events.
2026-03-11 18:06:07.945 8 INFO neutron.plugins.ml2.drivers.ovn.mech_driver.mech_driver [None req-c4df1985-0461-4d7d-af3e-2e2405e5352e - - - - - -] OVN reports status down for port: 9ee95960-86d9-424e-b33e-359817dd4682
2026-03-11 18:06:08.081 8 INFO neutron.db.ovn_revision_numbers_db [req-d4c14d15-bedf-4400-a60d-b10c91fd18d5 req-85616dbb-d50c-4464-80f3-0154566266cd e9ccbe5dc23c403cb866c728ca9ea00a 9dc11d7653fe4f5fb935971ce9014505 - - default default] Successfully bumped revision number for resource 9ee95960-86d9-424e-b33e-359817dd4682 (type: ports) to 1
2026-03-11 18:06:08.126 7 INFO neutron.db.ovn_revision_numbers_db [None req-7e19f608-335f-4cef-a7f4-490319b0f15c 5fdf6ded653a4b66b9ff7c10442d6981 ba68ac03abae4288aa4194d5f8329b63 - - default default] Successfully bumped revision number for resource 9f32bb93-8127-4ce4-a5b8-68868bd6e3f6 (type: ports) to 1
2026-03-11 18:06:08.161 8 INFO neutron.plugins.ml2.drivers.ovn.mech_driver.mech_driver [None req-c4df1985-0461-4d7d-af3e-2e2405e5352e - - - - - -] OVN reports status down for port: 9f32bb93-8127-4ce4-a5b8-68868bd6e3f6 [pid: 7|app: 0|req: 1208/2214] 10.0.0.57 () {34 vars in 669 bytes} [Wed Mar 11 18:06:07 2026] POST /v2.0/networks => generated 651 bytes in 688 msecs (HTTP/1.1 201) 4 headers in 162 bytes (1 switches on core 0) [pid: 8|app: 0|req: 1007/2215] 162.253.55.200 () {38 vars in 955 bytes} [Wed Mar 11 18:06:07 2026] POST /v2.0/ports => generated 993 bytes in 750 msecs (HTTP/1.1 201) 4 headers in 162 bytes (1 switches on core 0) /var/lib/openstack/lib/python3.12/site-packages/pycadf/identifier.py:70: UserWarning: Invalid uuid: neutron. To ensure interoperability, identifiers should be a valid uuid. warnings.warn(('Invalid uuid: %s. To ensure interoperability, '
2026-03-11 18:06:08.333 8 INFO neutron.db.segments_db [None req-faa92789-6e62-4ba0-b4fb-cead79b8c16b 5fdf6ded653a4b66b9ff7c10442d6981 ba68ac03abae4288aa4194d5f8329b63 - - default default] Added segment 4c3a2eec-84e6-4e61-9b7b-a47aee1bcb04 of type geneve for network 2010d0fd-bf00-4d7e-b502-939a223e991f [pid: 7|app: 0|req: 1209/2216] 10.0.0.57 () {32 vars in 722 bytes} [Wed Mar 11 18:06:08 2026] GET /v2.0/networks/aa7f346c-305e-4ba5-a09b-c00931271f5a => generated 692 bytes in 239 msecs (HTTP/1.1 200) 4 headers in 157 bytes (1 switches on core 0)
2026-03-11 18:06:08.454 8 INFO neutron.db.ovn_revision_numbers_db [None req-faa92789-6e62-4ba0-b4fb-cead79b8c16b 5fdf6ded653a4b66b9ff7c10442d6981 ba68ac03abae4288aa4194d5f8329b63 - - default default] Successfully bumped revision number for resource 2010d0fd-bf00-4d7e-b502-939a223e991f (type: networks) to 1
2026-03-11 18:06:08.650 8 WARNING neutron.scheduler.dhcp_agent_scheduler [None req-faa92789-6e62-4ba0-b4fb-cead79b8c16b 5fdf6ded653a4b66b9ff7c10442d6981 ba68ac03abae4288aa4194d5f8329b63 - - default default] No more DHCP agents
2026-03-11 18:06:08.652 8 WARNING neutron.api.rpc.agentnotifiers.dhcp_rpc_agent_api [None req-faa92789-6e62-4ba0-b4fb-cead79b8c16b 5fdf6ded653a4b66b9ff7c10442d6981 ba68ac03abae4288aa4194d5f8329b63 - - default default] Unable to schedule network 2010d0fd-bf00-4d7e-b502-939a223e991f: no agents available; will retry on subsequent port and subnet creation events.
2026-03-11 18:06:08.722 8 INFO neutron.plugins.ml2.drivers.ovn.mech_driver.mech_driver [None req-c4df1985-0461-4d7d-af3e-2e2405e5352e - - - - - -] OVN reports status down for port: 96a93cd4-8fee-4c57-8619-b3dcd49022a5
2026-03-11 18:06:08.787 8 INFO neutron.db.ovn_revision_numbers_db [None req-faa92789-6e62-4ba0-b4fb-cead79b8c16b 5fdf6ded653a4b66b9ff7c10442d6981 ba68ac03abae4288aa4194d5f8329b63 - - default default] Successfully bumped revision number for resource 96a93cd4-8fee-4c57-8619-b3dcd49022a5 (type: ports) to 1 [pid: 8|app: 0|req: 1008/2217] 10.0.0.57 () {34 vars in 669 bytes} [Wed Mar 11 18:06:08 2026] POST /v2.0/networks => generated 650 bytes in 617 msecs (HTTP/1.1 201) 4 headers in 162 bytes (1 switches on core 0)
2026-03-11 18:06:08.887 7 INFO neutron.db.ovn_revision_numbers_db [req-d4c14d15-bedf-4400-a60d-b10c91fd18d5 req-5bf677ce-5b8a-44c5-8424-e6eb69fa809d 1cca5ac374b84e009c400893193dfcf5 012301f7031140a9976b7567f1d6189a - - 236149c9bd224658a3f5bb1a13f5bfc6 236149c9bd224658a3f5bb1a13f5bfc6] Successfully bumped revision number for resource 9ee95960-86d9-424e-b33e-359817dd4682 (type: ports) to 2 [pid: 8|app: 0|req: 1009/2218] 10.0.0.143 () {34 vars in 990 bytes} [Wed Mar 11 18:06:08 2026] GET /v2.0/ports?device_id=741c1201-b48f-43e2-bd07-a8dd90f5d2cd => generated 1008 bytes in 64 msecs (HTTP/1.1 200) 4 headers in 158 bytes (1 switches on core 0)
2026-03-11 18:06:08.959 8 INFO neutron.pecan_wsgi.hooks.translation [None req-6bc0904a-4407-4130-8234-cb42c7108b77 54729f94a448403584ddfafd1346a8a0 895d8951ce224f90bf0ff1be16a8940b - - default default] GET failed (client error): The resource could not be found. [pid: 8|app: 0|req: 1010/2219] 10.0.0.57 () {32 vars in 722 bytes} [Wed Mar 11 18:06:08 2026] GET /v2.0/networks/aa7f346c-305e-4ba5-a09b-c00931271f5a => generated 138 bytes in 57 msecs (HTTP/1.1 404) 4 headers in 164 bytes (1 switches on core 0)
2026-03-11 18:06:09.055 8 INFO neutron.db.segments_db [None req-55699754-c6a9-4aee-9e42-49409d88e079 5fdf6ded653a4b66b9ff7c10442d6981 ba68ac03abae4288aa4194d5f8329b63 - - default default] Added segment 68433053-99cf-4c67-95f3-b8147ba4e154 of type geneve for network 4dad7bdb-4f57-4a28-bc61-71d0f4a0c5f0
2026-03-11 18:06:09.117 7 INFO neutron.db.ovn_revision_numbers_db [req-d4c14d15-bedf-4400-a60d-b10c91fd18d5 req-5bf677ce-5b8a-44c5-8424-e6eb69fa809d 1cca5ac374b84e009c400893193dfcf5 012301f7031140a9976b7567f1d6189a - - 236149c9bd224658a3f5bb1a13f5bfc6 236149c9bd224658a3f5bb1a13f5bfc6] Successfully bumped revision number for resource 9ee95960-86d9-424e-b33e-359817dd4682 (type: ports) to 4 [pid: 7|app: 0|req: 1210/2220] 162.253.55.200 () {38 vars in 1028 bytes} [Wed Mar 11 18:06:08 2026] PUT /v2.0/ports/9ee95960-86d9-424e-b33e-359817dd4682 => generated 1243 bytes in 733 msecs (HTTP/1.1 200) 4 headers in 158 bytes (1 switches on core 0)
2026-03-11 18:06:09.175 7 INFO neutron.notifiers.nova [-] Nova event matching ['req-f028e01b-0e39-45b3-b700-31de30204468'] response: {'name': 'network-changed', 'server_uuid': '741c1201-b48f-43e2-bd07-a8dd90f5d2cd', 'tag': '9ee95960-86d9-424e-b33e-359817dd4682', 'status': 'completed', 'code': 200} /var/lib/openstack/lib/python3.12/site-packages/pycadf/identifier.py:70: UserWarning: Invalid uuid: neutron. To ensure interoperability, identifiers should be a valid uuid. warnings.warn(('Invalid uuid: %s. To ensure interoperability, '
2026-03-11 18:06:09.259 8 INFO neutron.db.ovn_revision_numbers_db [None req-55699754-c6a9-4aee-9e42-49409d88e079 5fdf6ded653a4b66b9ff7c10442d6981 ba68ac03abae4288aa4194d5f8329b63 - - default default] Successfully bumped revision number for resource 4dad7bdb-4f57-4a28-bc61-71d0f4a0c5f0 (type: networks) to 1
2026-03-11 18:06:09.431 7 INFO neutron.db.ovn_revision_numbers_db [None req-38fccc5c-bb7c-4e5f-aea1-b075b091e2b4 328a230409eb4e91a4b80ef80e5094aa 52bf371b686a4658995f08fca995df16 - - default default] Successfully bumped revision number for resource 928f7024-c304-4e29-ab4f-2a72b5e6a8bf (type: security_groups) to 1
2026-03-11 18:06:09.447 7 INFO neutron.db.ovn_revision_numbers_db [None req-38fccc5c-bb7c-4e5f-aea1-b075b091e2b4 328a230409eb4e91a4b80ef80e5094aa 52bf371b686a4658995f08fca995df16 - - default default] Successfully bumped revision number for resource 0f1356ce-dc90-4a8f-8543-c1c9c38e03e2 (type: security_group_rules) to 0
2026-03-11 18:06:09.466 7 INFO neutron.db.ovn_revision_numbers_db [None req-38fccc5c-bb7c-4e5f-aea1-b075b091e2b4 328a230409eb4e91a4b80ef80e5094aa 52bf371b686a4658995f08fca995df16 - - default default] Successfully bumped revision number for resource 285c0391-4d94-4d99-87f5-38d2d10d193b (type: security_group_rules) to 0
2026-03-11 18:06:09.481 7 INFO neutron.db.ovn_revision_numbers_db [None req-38fccc5c-bb7c-4e5f-aea1-b075b091e2b4 328a230409eb4e91a4b80ef80e5094aa 52bf371b686a4658995f08fca995df16 - - default default] Successfully bumped revision number for resource 6499ad09-ab44-4fb4-a281-f413c84f97c5 (type: security_group_rules) to 0
2026-03-11 18:06:09.493 7 INFO neutron.db.ovn_revision_numbers_db [None req-38fccc5c-bb7c-4e5f-aea1-b075b091e2b4 328a230409eb4e91a4b80ef80e5094aa 52bf371b686a4658995f08fca995df16 - - default default] Successfully bumped revision number for resource 8998fa45-3719-49ee-a4a2-f2490da1e6ad (type: security_group_rules) to 0
2026-03-11 18:06:09.516 8 WARNING neutron.scheduler.dhcp_agent_scheduler [None req-55699754-c6a9-4aee-9e42-49409d88e079 5fdf6ded653a4b66b9ff7c10442d6981 ba68ac03abae4288aa4194d5f8329b63 - - default default] No more DHCP agents
2026-03-11 18:06:09.518 8 WARNING neutron.api.rpc.agentnotifiers.dhcp_rpc_agent_api [None req-55699754-c6a9-4aee-9e42-49409d88e079 5fdf6ded653a4b66b9ff7c10442d6981 ba68ac03abae4288aa4194d5f8329b63 - - default default] Unable to schedule network 4dad7bdb-4f57-4a28-bc61-71d0f4a0c5f0: no agents available; will retry on subsequent port and subnet creation events.
2026-03-11 18:06:09.590 7 INFO neutron.db.segments_db [None req-38fccc5c-bb7c-4e5f-aea1-b075b091e2b4 328a230409eb4e91a4b80ef80e5094aa 52bf371b686a4658995f08fca995df16 - - default default] Added segment 4cfcb661-b34b-4af7-b16b-8a5626acdbad of type geneve for network 8a4e5ec2-d29e-4817-a855-45b45760e92e
2026-03-11 18:06:09.592 8 INFO neutron.plugins.ml2.drivers.ovn.mech_driver.mech_driver [None req-c4df1985-0461-4d7d-af3e-2e2405e5352e - - - - - -] OVN reports status down for port: cb08e956-9235-46b9-af58-7ed6405d8be9
2026-03-11 18:06:09.659 8 INFO neutron.db.ovn_revision_numbers_db [None req-55699754-c6a9-4aee-9e42-49409d88e079 5fdf6ded653a4b66b9ff7c10442d6981 ba68ac03abae4288aa4194d5f8329b63 - - default default] Successfully bumped revision number for resource cb08e956-9235-46b9-af58-7ed6405d8be9 (type: ports) to 1 [pid: 8|app: 0|req: 1011/2221] 10.0.0.57 () {34 vars in 669 bytes} [Wed Mar 11 18:06:08 2026] POST /v2.0/networks => generated 650 bytes in 741 msecs (HTTP/1.1 201) 4 headers in 162 bytes (1 switches on core 0)
2026-03-11 18:06:09.755 7 INFO neutron.db.ovn_revision_numbers_db [None req-38fccc5c-bb7c-4e5f-aea1-b075b091e2b4 328a230409eb4e91a4b80ef80e5094aa 52bf371b686a4658995f08fca995df16 - - default default] Successfully bumped revision number for resource 8a4e5ec2-d29e-4817-a855-45b45760e92e (type: networks) to 1 [pid: 8|app: 0|req: 1012/2222] 10.0.0.143 () {34 vars in 1120 bytes} [Wed Mar 11 18:06:09 2026] GET /v2.0/security-groups?id=5a627474-5e3a-446e-ac6b-cc22d4d009df&id=c9bb0fbe-3033-4b81-ad5d-8a157d9d0e9c&fields=id&fields=name => generated 206 bytes in 81 msecs (HTTP/1.1 200) 4 headers in 157 bytes (1 switches on core 0)
2026-03-11 18:06:09.931 8 INFO neutron_taas.services.taas.taas_plugin [None req-15376588-89c7-41a0-b8bd-b1c6622a7ce8 dfc22aec850346adb20846314e1f58a1 72b7e4ca1e554a8886b15df1fde185c4 - - default default] TaaS: Handle Delete Port: e1c19c20-6d16-4d46-ad06-e7075f6fab10
2026-03-11 18:06:09.936 8 INFO neutron_taas.services.taas.tap_mirror_plugin [None req-15376588-89c7-41a0-b8bd-b1c6622a7ce8 dfc22aec850346adb20846314e1f58a1 72b7e4ca1e554a8886b15df1fde185c4 - - default default] Tap Mirror: Handle Delete Port: e1c19c20-6d16-4d46-ad06-e7075f6fab10
2026-03-11 18:06:09.949 7 WARNING neutron.scheduler.dhcp_agent_scheduler [None req-38fccc5c-bb7c-4e5f-aea1-b075b091e2b4 328a230409eb4e91a4b80ef80e5094aa 52bf371b686a4658995f08fca995df16 - - default default] No more DHCP agents
2026-03-11 18:06:09.950 7 WARNING neutron.api.rpc.agentnotifiers.dhcp_rpc_agent_api [None req-38fccc5c-bb7c-4e5f-aea1-b075b091e2b4 328a230409eb4e91a4b80ef80e5094aa 52bf371b686a4658995f08fca995df16 - - default default] Unable to schedule network 8a4e5ec2-d29e-4817-a855-45b45760e92e: no agents available; will retry on subsequent port and subnet creation events.
2026-03-11 18:06:10.058 8 INFO neutron.plugins.ml2.drivers.ovn.mech_driver.mech_driver [None req-c4df1985-0461-4d7d-af3e-2e2405e5352e - - - - - -] OVN reports status down for port: 99be64fc-f991-4499-ade8-262157f16810
2026-03-11 18:06:10.065 7 INFO neutron.db.ovn_revision_numbers_db [None req-38fccc5c-bb7c-4e5f-aea1-b075b091e2b4 328a230409eb4e91a4b80ef80e5094aa 52bf371b686a4658995f08fca995df16 - - default default] Successfully bumped revision number for resource 99be64fc-f991-4499-ade8-262157f16810 (type: ports) to 1 [pid: 7|app: 0|req: 1211/2223] 10.0.0.57 () {34 vars in 669 bytes} [Wed Mar 11 18:06:09 2026] POST /v2.0/networks => generated 650 bytes in 947 msecs (HTTP/1.1 201) 4 headers in 162 bytes (1 switches on core 0) [pid: 7|app: 0|req: 1212/2224] 162.253.55.200 () {34 vars in 1080 bytes} [Wed Mar 11 18:06:10 2026] GET /v2.0/ports?tenant_id=9dc11d7653fe4f5fb935971ce9014505&device_id=741c1201-b48f-43e2-bd07-a8dd90f5d2cd => generated 1246 bytes in 37 msecs (HTTP/1.1 200) 4 headers in 158 bytes (1 switches on core 0)
2026-03-11 18:06:10.209 7 INFO neutron.db.segments_db [None req-07ea653c-de10-4872-963f-dbb079dca6f2 5fdf6ded653a4b66b9ff7c10442d6981 ba68ac03abae4288aa4194d5f8329b63 - - default default] Added segment d851fcf3-e04b-46c9-ad93-49f9ffc1e31b of type geneve for network b3e7ed4c-cb5f-43b9-9068-bd40f0ea6113
2026-03-11 18:06:10.349 7 INFO neutron.db.ovn_revision_numbers_db [None req-07ea653c-de10-4872-963f-dbb079dca6f2 5fdf6ded653a4b66b9ff7c10442d6981 ba68ac03abae4288aa4194d5f8329b63 - - default default] Successfully bumped revision number for resource b3e7ed4c-cb5f-43b9-9068-bd40f0ea6113 (type: networks) to 1
2026-03-11 18:06:10.414 8 INFO neutron.services.segments.plugin [-] Segment c474f1b5-b3a5-4db8-aa1f-15f2d1163ac9 resource provider aggregate not found
2026-03-11 18:06:10.421 8 INFO neutron.services.segments.plugin [-] Segment c474f1b5-b3a5-4db8-aa1f-15f2d1163ac9 resource provider aggregate not found
2026-03-11 18:06:10.444 8 INFO neutron.services.segments.plugin [-] Segment c474f1b5-b3a5-4db8-aa1f-15f2d1163ac9 resource provider not found; error: Placement Client Error (4xx): {"errors": [{"status": 404, "title": "Not Found", "detail": "The resource could not be found.\n\n No resource provider with uuid c474f1b5-b3a5-4db8-aa1f-15f2d1163ac9 found for delete ", "request_id": "req-2e50a773-a4ec-4601-be3e-e1fc2c646b29"}]}
2026-03-11 18:06:10.447 8 INFO neutron.services.segments.plugin [-] Segment c474f1b5-b3a5-4db8-aa1f-15f2d1163ac9 resource provider not found; error: Placement Client Error (4xx): {"errors": [{"status": 404, "title": "Not Found", "detail": "The resource could not be found.\n\n No resource provider with uuid c474f1b5-b3a5-4db8-aa1f-15f2d1163ac9 found for delete ", "request_id": "req-d98395da-ed37-4d28-9a00-a6bc1910a832"}]} [pid: 8|app: 0|req: 1013/2225] 10.0.0.57 () {32 vars in 725 bytes} [Wed Mar 11 18:06:09 2026] DELETE /v2.0/networks/aa7f346c-305e-4ba5-a09b-c00931271f5a => generated 0 bytes in 700 msecs (HTTP/1.1 204) 3 headers in 131 bytes (1 switches on core 0)
2026-03-11 18:06:10.552 7 WARNING neutron.scheduler.dhcp_agent_scheduler [None req-07ea653c-de10-4872-963f-dbb079dca6f2 5fdf6ded653a4b66b9ff7c10442d6981 ba68ac03abae4288aa4194d5f8329b63 - - default default] No more DHCP agents
2026-03-11 18:06:10.554 7 WARNING neutron.api.rpc.agentnotifiers.dhcp_rpc_agent_api [None req-07ea653c-de10-4872-963f-dbb079dca6f2 5fdf6ded653a4b66b9ff7c10442d6981 ba68ac03abae4288aa4194d5f8329b63 - - default default] Unable to schedule network b3e7ed4c-cb5f-43b9-9068-bd40f0ea6113: no agents available; will retry on subsequent port and subnet creation events.
2026-03-11 18:06:10.663 8 INFO neutron.plugins.ml2.drivers.ovn.mech_driver.mech_driver [None req-c4df1985-0461-4d7d-af3e-2e2405e5352e - - - - - -] OVN reports status down for port: b8c63652-5e04-4eb0-9ed1-93c8e79ce865
2026-03-11 18:06:10.663 7 INFO neutron.db.ovn_revision_numbers_db [None req-07ea653c-de10-4872-963f-dbb079dca6f2 5fdf6ded653a4b66b9ff7c10442d6981 ba68ac03abae4288aa4194d5f8329b63 - - default default] Successfully bumped revision number for resource b8c63652-5e04-4eb0-9ed1-93c8e79ce865 (type: ports) to 1 [pid: 7|app: 0|req: 1213/2226] 10.0.0.57 () {34 vars in 669 bytes} [Wed Mar 11 18:06:10 2026] POST /v2.0/networks => generated 650 bytes in 567 msecs (HTTP/1.1 201) 4 headers in 162 bytes (1 switches on core 0) [pid: 7|app: 0|req: 1214/2227] 162.253.55.200 () {34 vars in 1018 bytes} [Wed Mar 11 18:06:10 2026] GET /v2.0/networks?tenant_id=9dc11d7653fe4f5fb935971ce9014505&shared=False => generated 810 bytes in 43 msecs (HTTP/1.1 200) 4 headers in 157 bytes (1 switches on core 0)
2026-03-11 18:06:10.743 7 INFO neutron.pecan_wsgi.hooks.translation [None req-583a4610-98e7-47d3-afca-7991662b8ad0 dfc22aec850346adb20846314e1f58a1 72b7e4ca1e554a8886b15df1fde185c4 - - default default] DELETE failed (client error): The resource could not be found. [pid: 7|app: 0|req: 1215/2228] 10.0.0.57 () {32 vars in 723 bytes} [Wed Mar 11 18:06:10 2026] DELETE /v2.0/subnets/9b131bb2-1045-48d3-a7f3-772c9f7b6b6d => generated 136 bytes in 11 msecs (HTTP/1.1 404) 4 headers in 164 bytes (1 switches on core 0) [pid: 7|app: 0|req: 1216/2229] 10.0.0.57 () {34 vars in 752 bytes} [Wed Mar 11 18:06:10 2026] PUT /v2.0/networks/a65f0b4c-755b-41f2-a7ed-68c034629bf6/tags => generated 17 bytes in 53 msecs (HTTP/1.1 200) 4 headers in 156 bytes (1 switches on core 0)
2026-03-11 18:06:10.816 8 WARNING neutron.scheduler.dhcp_agent_scheduler [None req-0a5b371a-9ff7-4607-8835-7a634f1a07f2 328a230409eb4e91a4b80ef80e5094aa 52bf371b686a4658995f08fca995df16 - - default default] No more DHCP agents
2026-03-11 18:06:10.818 8 WARNING neutron.api.rpc.agentnotifiers.dhcp_rpc_agent_api [None req-0a5b371a-9ff7-4607-8835-7a634f1a07f2 328a230409eb4e91a4b80ef80e5094aa 52bf371b686a4658995f08fca995df16 - - default default] Unable to schedule network 8a4e5ec2-d29e-4817-a855-45b45760e92e: no agents available; will retry on subsequent port and subnet creation events. [pid: 7|app: 0|req: 1217/2230] 162.253.55.200 () {34 vars in 930 bytes} [Wed Mar 11 18:06:10 2026] GET /v2.0/networks?shared=True => generated 791 bytes in 47 msecs (HTTP/1.1 200) 4 headers in 157 bytes (1 switches on core 0)
2026-03-11 18:06:10.880 7 INFO neutron.pecan_wsgi.hooks.translation [None req-e76dc63f-d0d3-4d59-badd-84f08e91f6a9 dfc22aec850346adb20846314e1f58a1 72b7e4ca1e554a8886b15df1fde185c4 - - default default] DELETE failed (client error): The resource could not be found. [pid: 7|app: 0|req: 1218/2231] 10.0.0.57 () {32 vars in 723 bytes} [Wed Mar 11 18:06:10 2026] DELETE /v2.0/subnets/26fc30f0-18cf-436e-8242-341b463f7c69 => generated 136 bytes in 37 msecs (HTTP/1.1 404) 4 headers in 164 bytes (1 switches on core 0)
2026-03-11 18:06:10.894 8 INFO neutron.plugins.ml2.drivers.ovn.mech_driver.mech_driver [None req-c4df1985-0461-4d7d-af3e-2e2405e5352e - - - - - -] OVN reports status down for port: cf32f86a-8c87-4fc5-9d56-466e687cb253
2026-03-11 18:06:10.971 8 INFO neutron.db.ovn_revision_numbers_db [None req-0a5b371a-9ff7-4607-8835-7a634f1a07f2 328a230409eb4e91a4b80ef80e5094aa 52bf371b686a4658995f08fca995df16 - - default default] Successfully bumped revision number for resource cf32f86a-8c87-4fc5-9d56-466e687cb253 (type: ports) to 1 [pid: 7|app: 0|req: 1219/2232] 10.0.0.57 () {34 vars in 752 bytes} [Wed Mar 11 18:06:10 2026] PUT /v2.0/networks/a27e0b7a-d6ff-460c-9c36-373d3c1e5f9e/tags => generated 25 bytes in 104 msecs (HTTP/1.1 200) 4 headers in 156 bytes (1 switches on core 0) [pid: 8|app: 0|req: 1014/2233] 10.0.0.57 () {34 vars in 663 bytes} [Wed Mar 11 18:06:10 2026] POST /v2.0/ports => generated 743 bytes in 573 msecs (HTTP/1.1 201) 4 headers in 162 bytes (1 switches on core 0) /var/lib/openstack/lib/python3.12/site-packages/pycadf/identifier.py:70: UserWarning: Invalid uuid: neutron. To ensure interoperability, identifiers should be a valid uuid. warnings.warn(('Invalid uuid: %s. To ensure interoperability, '
2026-03-11 18:06:11.072 8 INFO neutron.pecan_wsgi.hooks.translation [None req-c95def8d-e017-4987-ab27-75d47d80d68e dfc22aec850346adb20846314e1f58a1 72b7e4ca1e554a8886b15df1fde185c4 - - default default] DELETE failed (client error): The resource could not be found. [pid: 8|app: 0|req: 1015/2234] 10.0.0.57 () {32 vars in 723 bytes} [Wed Mar 11 18:06:11 2026] DELETE /v2.0/subnets/942b6549-316c-408a-9270-d0387dc43168 => generated 136 bytes in 15 msecs (HTTP/1.1 404) 4 headers in 164 bytes (1 switches on core 0) [pid: 7|app: 0|req: 1220/2235] 10.0.0.143 () {34 vars in 990 bytes} [Wed Mar 11 18:06:10 2026] GET /v2.0/ports?device_id=741c1201-b48f-43e2-bd07-a8dd90f5d2cd => generated 1008 bytes in 88 msecs (HTTP/1.1 200) 4 headers in 158 bytes (1 switches on core 0) [pid: 8|app: 0|req: 1016/2236] 10.0.0.57 () {34 vars in 752 bytes} [Wed Mar 11 18:06:11 2026] PUT /v2.0/networks/2010d0fd-bf00-4d7e-b502-939a223e991f/tags => generated 34 bytes in 74 msecs (HTTP/1.1 200) 4 headers in 156 bytes (1 switches on core 0) [pid: 8|app: 0|req: 1017/2237] 10.0.0.143 () {34 vars in 1120 bytes} [Wed Mar 11 18:06:11 2026] GET /v2.0/security-groups?id=5a627474-5e3a-446e-ac6b-cc22d4d009df&id=c9bb0fbe-3033-4b81-ad5d-8a157d9d0e9c&fields=id&fields=name => generated 206 bytes in 37 msecs (HTTP/1.1 200) 4 headers in 157 bytes (1 switches on core 0) [pid: 8|app: 0|req: 1018/2238] 10.0.0.57 () {34 vars in 752 bytes} [Wed Mar 11 18:06:11 2026] PUT /v2.0/networks/4dad7bdb-4f57-4a28-bc61-71d0f4a0c5f0/tags => generated 19 bytes in 50 msecs (HTTP/1.1 200) 4 headers in 156 bytes (1 switches on core 0) [pid: 8|app: 0|req: 1019/2239] 10.0.0.57 () {32 vars in 665 bytes} [Wed Mar 11 18:06:11 2026] GET /v2.0/networks?tags=red => generated 1988 bytes in 56 msecs (HTTP/1.1 200) 4 headers in 158 bytes (1 switches on core 0) [pid: 7|app: 0|req: 1221/2240] 10.0.0.57 () {34 vars in 665 bytes} [Wed Mar 11 18:06:11 2026] POST /v2.0/trunks => generated 409 bytes in 237 msecs (HTTP/1.1 201) 4 headers in 162 bytes (1 switches on core 0) [pid: 8|app: 0|req: 1020/2241] 10.0.0.57 () {32 vars in 679 bytes} [Wed Mar 11 18:06:11 2026] GET /v2.0/networks?tags=red%2Cblue => generated 1337 bytes in 46 msecs (HTTP/1.1 200) 4 headers in 158 bytes (1 switches on core 0)
2026-03-11 18:06:11.398 7 INFO neutron.db.segments_db [None req-a8957a74-72a6-433f-b64c-a1446a679aab 328a230409eb4e91a4b80ef80e5094aa 52bf371b686a4658995f08fca995df16 - - default default] Added segment 1b85ebeb-ab80-4a4f-9d1a-708268d072e2 of type geneve for network 207147ca-2d2c-414c-a829-f95e4c483b00 [pid: 8|app: 0|req: 1021/2242] 10.0.0.57 () {32 vars in 675 bytes} [Wed Mar 11 18:06:11 2026] GET /v2.0/networks?tags-any=blue => generated 1337 bytes in 57 msecs (HTTP/1.1 200) 4 headers in 158 bytes (1 switches on core 0) [pid: 8|app: 0|req: 1022/2243] 10.0.0.57 () {32 vars in 687 bytes} [Wed Mar 11 18:06:11 2026] GET /v2.0/networks?tags-any=red%2Cblue => generated 1988 bytes in 42 msecs (HTTP/1.1 200) 4 headers in 158 bytes (1 switches on core 0)
2026-03-11 18:06:11.519 7 INFO neutron.db.ovn_revision_numbers_db [None req-a8957a74-72a6-433f-b64c-a1446a679aab 328a230409eb4e91a4b80ef80e5094aa 52bf371b686a4658995f08fca995df16 - - default default] Successfully bumped revision number for resource 207147ca-2d2c-414c-a829-f95e4c483b00 (type: networks) to 1 [pid: 8|app: 0|req: 1023/2244] 10.0.0.57 () {32 vars in 673 bytes} [Wed Mar 11 18:06:11 2026] GET /v2.0/networks?not-tags=red => generated 1986 bytes in 92 msecs (HTTP/1.1 200) 4 headers in 158 bytes (1 switches on core 0) [pid: 8|app: 0|req: 1024/2245] 10.0.0.57 () {32 vars in 687 bytes} [Wed Mar 11 18:06:11 2026] GET /v2.0/networks?not-tags=red%2Cblue => generated 2637 bytes in 67 msecs (HTTP/1.1 200) 4 headers in 158 bytes (1 switches on core 0)
2026-03-11 18:06:11.696 7 WARNING neutron.scheduler.dhcp_agent_scheduler [None req-a8957a74-72a6-433f-b64c-a1446a679aab 328a230409eb4e91a4b80ef80e5094aa 52bf371b686a4658995f08fca995df16 - - default default] No more DHCP agents
2026-03-11 18:06:11.698 7 WARNING neutron.api.rpc.agentnotifiers.dhcp_rpc_agent_api [None req-a8957a74-72a6-433f-b64c-a1446a679aab 328a230409eb4e91a4b80ef80e5094aa 52bf371b686a4658995f08fca995df16 - - default default] Unable to schedule network 207147ca-2d2c-414c-a829-f95e4c483b00: no agents available; will retry on subsequent port and subnet creation events. [pid: 8|app: 0|req: 1025/2246] 10.0.0.57 () {32 vars in 683 bytes} [Wed Mar 11 18:06:11 2026] GET /v2.0/networks?not-tags-any=blue => generated 2637 bytes in 85 msecs (HTTP/1.1 200) 4 headers in 158 bytes (1 switches on core 0)
2026-03-11 18:06:11.790 8 INFO neutron.plugins.ml2.drivers.ovn.mech_driver.mech_driver [None req-c4df1985-0461-4d7d-af3e-2e2405e5352e - - - - - -] OVN reports status down for port: 52fbea1b-54e4-44a4-b26a-98f69cb471a7
2026-03-11 18:06:11.805 7 INFO neutron.db.ovn_revision_numbers_db [None req-a8957a74-72a6-433f-b64c-a1446a679aab 328a230409eb4e91a4b80ef80e5094aa 52bf371b686a4658995f08fca995df16 - - default default] Successfully bumped revision number for resource 52fbea1b-54e4-44a4-b26a-98f69cb471a7 (type: ports) to 1 [pid: 7|app: 0|req: 1222/2247] 10.0.0.57 () {34 vars in 669 bytes} [Wed Mar 11 18:06:11 2026] POST /v2.0/networks => generated 651 bytes in 510 msecs (HTTP/1.1 201) 4 headers in 162 bytes (1 switches on core 0) [pid: 8|app: 0|req: 1026/2248] 10.0.0.57 () {32 vars in 695 bytes} [Wed Mar 11 18:06:11 2026] GET /v2.0/networks?not-tags-any=red%2Cblue => generated 1986 bytes in 117 msecs (HTTP/1.1 200) 4 headers in 158 bytes (1 switches on core 0) [pid: 8|app: 0|req: 1027/2249] 10.0.0.57 () {32 vars in 773 bytes} [Wed Mar 11 18:06:11 2026] GET /v2.0/security-groups?tenant_id=72b7e4ca1e554a8886b15df1fde185c4&name=default => generated 2925 bytes in 180 msecs (HTTP/1.1 200) 4 headers in 158 bytes (1 switches on core 0)
2026-03-11 18:06:12.064 7 WARNING neutron.scheduler.dhcp_agent_scheduler [None req-31faaae8-2741-429d-8701-77d2a3dfab31 328a230409eb4e91a4b80ef80e5094aa 52bf371b686a4658995f08fca995df16 - - default default] No more DHCP agents
2026-03-11 18:06:12.065 7 WARNING neutron.api.rpc.agentnotifiers.dhcp_rpc_agent_api [None req-31faaae8-2741-429d-8701-77d2a3dfab31 328a230409eb4e91a4b80ef80e5094aa 52bf371b686a4658995f08fca995df16 - - default default] Unable to schedule network 207147ca-2d2c-414c-a829-f95e4c483b00: no agents available; will retry on subsequent port and subnet creation events.
2026-03-11 18:06:12.169 8 INFO neutron.plugins.ml2.drivers.ovn.mech_driver.mech_driver [None req-c4df1985-0461-4d7d-af3e-2e2405e5352e - - - - - -] OVN reports status down for port: 74a12f5e-3fc2-4c46-a6a2-eb43e03d63ba
2026-03-11 18:06:12.206 8 INFO neutron_taas.services.taas.taas_plugin [None req-53855703-244b-415b-ae22-e6a8569b3be4 5fdf6ded653a4b66b9ff7c10442d6981 ba68ac03abae4288aa4194d5f8329b63 - - default default] TaaS: Handle Delete Port: 1d67816f-d8c7-4fef-9aec-4284560ff93e
2026-03-11 18:06:12.207 7 INFO neutron.db.ovn_revision_numbers_db [None req-31faaae8-2741-429d-8701-77d2a3dfab31 328a230409eb4e91a4b80ef80e5094aa 52bf371b686a4658995f08fca995df16 - - default default] Successfully bumped revision number for resource 74a12f5e-3fc2-4c46-a6a2-eb43e03d63ba (type: ports) to 1
2026-03-11 18:06:12.216 8 INFO neutron_taas.services.taas.tap_mirror_plugin [None req-53855703-244b-415b-ae22-e6a8569b3be4 5fdf6ded653a4b66b9ff7c10442d6981 ba68ac03abae4288aa4194d5f8329b63 - - default default] Tap Mirror: Handle Delete Port: 1d67816f-d8c7-4fef-9aec-4284560ff93e [pid: 7|app: 0|req: 1223/2250] 10.0.0.57 () {34 vars in 663 bytes} [Wed Mar 11 18:06:11 2026] POST /v2.0/ports => generated 743 bytes in 431 msecs (HTTP/1.1 201) 4 headers in 162 bytes (1 switches on core 0) /var/lib/openstack/lib/python3.12/site-packages/pycadf/identifier.py:70: UserWarning: Invalid uuid: neutron. To ensure interoperability, identifiers should be a valid uuid. warnings.warn(('Invalid uuid: %s. To ensure interoperability, ' [pid: 7|app: 0|req: 1224/2251] 162.253.55.200 () {34 vars in 1080 bytes} [Wed Mar 11 18:06:12 2026] GET /v2.0/ports?tenant_id=9dc11d7653fe4f5fb935971ce9014505&device_id=741c1201-b48f-43e2-bd07-a8dd90f5d2cd => generated 1246 bytes in 36 msecs (HTTP/1.1 200) 4 headers in 158 bytes (1 switches on core 0)
2026-03-11 18:06:12.469 8 INFO neutron.services.segments.plugin [-] Segment 398b50d2-59b0-40cd-a310-ff241a559f0a resource provider aggregate not found
2026-03-11 18:06:12.473 8 INFO neutron.services.segments.plugin [-] Segment 398b50d2-59b0-40cd-a310-ff241a559f0a resource provider aggregate not found
2026-03-11 18:06:12.488 8 INFO neutron.services.segments.plugin [-] Segment 398b50d2-59b0-40cd-a310-ff241a559f0a resource provider not found; error: Placement Client Error (4xx): {"errors": [{"status": 404, "title": "Not Found", "detail": "The resource could not be found.\n\n No resource provider with uuid 398b50d2-59b0-40cd-a310-ff241a559f0a found for delete ", "request_id": "req-2f914550-ef09-4e8d-a7c4-a92c13cb7f4a"}]}
2026-03-11 18:06:12.493 8 INFO neutron.services.segments.plugin [-] Segment 398b50d2-59b0-40cd-a310-ff241a559f0a resource provider not found; error: Placement Client Error (4xx): {"errors": [{"status": 404, "title": "Not Found", "detail": "The resource could not be found.\n\n No resource provider with uuid 398b50d2-59b0-40cd-a310-ff241a559f0a found for delete ", "request_id": "req-847694a0-27f9-4ced-9bea-9bfc1796dd21"}]} [pid: 8|app: 0|req: 1028/2252] 10.0.0.57 () {32 vars in 725 bytes} [Wed Mar 11 18:06:12 2026] DELETE /v2.0/networks/a65f0b4c-755b-41f2-a7ed-68c034629bf6 => generated 0 bytes in 601 msecs (HTTP/1.1 204) 3 headers in 131 bytes (1 switches on core 0) [pid: 8|app: 0|req: 1029/2253] 10.0.0.143 () {34 vars in 990 bytes} [Wed Mar 11 18:06:12 2026] GET /v2.0/ports?device_id=741c1201-b48f-43e2-bd07-a8dd90f5d2cd => generated 1008 bytes in 31 msecs (HTTP/1.1 200) 4 headers in 158 bytes (1 switches on core 0) [pid: 7|app: 0|req: 1225/2254] 10.0.0.57 () {32 vars in 739 bytes} [Wed Mar 11 18:06:12 2026] DELETE /v2.0/security-groups/3821870d-95a6-4c02-9d22-7dbc252b9e36 => generated 0 bytes in 421 msecs (HTTP/1.1 204) 2 headers in 112 bytes (1 switches on core 0) [pid: 7|app: 0|req: 1226/2255] 162.253.55.200 () {34 vars in 1058 bytes} [Wed Mar 11 18:06:12 2026] GET /v2.0/floatingips?fixed_ip_address=10.100.0.6&port_id=9ee95960-86d9-424e-b33e-359817dd4682 => generated 19 bytes in 21 msecs (HTTP/1.1 200) 4 headers in 156 bytes (1 switches on core 0)
2026-03-11 18:06:12.858 7 INFO neutron_taas.services.taas.taas_plugin [None req-22491860-c1dd-4e61-9a07-01595c8fe42a 5fdf6ded653a4b66b9ff7c10442d6981 ba68ac03abae4288aa4194d5f8329b63 - - default default] TaaS: Handle Delete Port: 9f32bb93-8127-4ce4-a5b8-68868bd6e3f6
2026-03-11 18:06:12.861 7 INFO neutron_taas.services.taas.tap_mirror_plugin [None req-22491860-c1dd-4e61-9a07-01595c8fe42a 5fdf6ded653a4b66b9ff7c10442d6981 ba68ac03abae4288aa4194d5f8329b63 - - default default] Tap Mirror: Handle Delete Port: 9f32bb93-8127-4ce4-a5b8-68868bd6e3f6 [pid: 8|app: 0|req: 1030/2256] 10.0.0.57 () {34 vars in 665 bytes} [Wed Mar 11 18:06:12 2026] POST /v2.0/trunks => generated 409 bytes in 300 msecs (HTTP/1.1 201) 4 headers in 162 bytes (1 switches on core 0) [pid: 8|app: 0|req: 1031/2257] 10.0.0.143 () {34 vars in 1120 bytes} [Wed Mar 11 18:06:12 2026] GET /v2.0/security-groups?id=5a627474-5e3a-446e-ac6b-cc22d4d009df&id=c9bb0fbe-3033-4b81-ad5d-8a157d9d0e9c&fields=id&fields=name => generated 206 bytes in 68 msecs (HTTP/1.1 200) 4 headers in 157 bytes (1 switches on core 0) [pid: 8|app: 0|req: 1032/2258] 162.253.55.200 () {34 vars in 984 bytes} [Wed Mar 11 18:06:13 2026] GET /v2.0/subnets?id=2360b2ff-a758-47e7-9ad3-e5845f00b3a8 => generated 691 bytes in 48 msecs (HTTP/1.1 200) 4 headers in 157 bytes (1 switches on core 0)
2026-03-11 18:06:13.094 7 INFO neutron.services.segments.plugin [-] Segment e38f2110-05b0-460e-a93e-d63ee588de15 resource provider aggregate not found
2026-03-11 18:06:13.098 7 INFO neutron.services.segments.plugin [-] Segment e38f2110-05b0-460e-a93e-d63ee588de15 resource provider aggregate not found
2026-03-11 18:06:13.125 7 INFO neutron.services.segments.plugin [-] Segment e38f2110-05b0-460e-a93e-d63ee588de15 resource provider not found; error: Placement Client Error (4xx): {"errors": [{"status": 404, "title": "Not Found", "detail": "The resource could not be found.\n\n No resource provider with uuid e38f2110-05b0-460e-a93e-d63ee588de15 found for delete ", "request_id": "req-a4534dbd-8d47-4b4b-bbfe-5599c184bc42"}]}
2026-03-11 18:06:13.130 7 INFO neutron.services.segments.plugin [-] Segment e38f2110-05b0-460e-a93e-d63ee588de15 resource provider not found; error: Placement Client Error (4xx): {"errors": [{"status": 404, "title": "Not Found", "detail": "The resource could not be found.\n\n No resource provider with uuid e38f2110-05b0-460e-a93e-d63ee588de15 found for delete ", "request_id": "req-0093b9c0-22ac-432e-be28-c994b3fe2900"}]} [pid: 7|app: 0|req: 1227/2259] 10.0.0.57 () {32 vars in 725 bytes} [Wed Mar 11 18:06:12 2026] DELETE /v2.0/networks/a27e0b7a-d6ff-460c-9c36-373d3c1e5f9e => generated 0 bytes in 413 msecs (HTTP/1.1 204) 3 headers in 131 bytes (1 switches on core 0)
2026-03-11 18:06:13.263 7 INFO neutron.db.segments_db [None req-3ac2d5e5-980c-4242-956f-77e3e30d41bc 328a230409eb4e91a4b80ef80e5094aa 52bf371b686a4658995f08fca995df16 - - default default] Added segment 5c9cd912-27a7-45e2-ae8e-164d081200bd of type geneve for network 574bc523-f75a-4a7c-96bf-35fbb46b134e
2026-03-11 18:06:13.276 8 INFO neutron.db.ovn_revision_numbers_db [None req-aef2972c-e197-4d4d-b8a9-f9fc27d15a86 085ec04587734310a08f5ecda68ef315 c6454ab9f103418c9bb0d34dee1545f0 - - default default] Successfully bumped revision number for resource 07e339aa-9e74-4ca1-9777-f30769aa11f2 (type: security_groups) to 1
2026-03-11 18:06:13.290 8 INFO neutron.db.ovn_revision_numbers_db [None req-aef2972c-e197-4d4d-b8a9-f9fc27d15a86 085ec04587734310a08f5ecda68ef315 c6454ab9f103418c9bb0d34dee1545f0 - - default default] Successfully bumped revision number for resource 11e076d4-db03-450a-bbd9-afce65cfbea1 (type: security_group_rules) to 0
2026-03-11 18:06:13.304 8 INFO neutron.db.ovn_revision_numbers_db [None req-aef2972c-e197-4d4d-b8a9-f9fc27d15a86 085ec04587734310a08f5ecda68ef315 c6454ab9f103418c9bb0d34dee1545f0 - - default default] Successfully bumped revision number for resource 1ab509e5-fdeb-4936-8b77-59d6da303510 (type: security_group_rules) to 0
2026-03-11 18:06:13.316 8 INFO neutron.db.ovn_revision_numbers_db [None req-aef2972c-e197-4d4d-b8a9-f9fc27d15a86 085ec04587734310a08f5ecda68ef315 c6454ab9f103418c9bb0d34dee1545f0 - - default default] Successfully bumped revision number for resource 20df6366-9487-48cd-b3c6-380ae15fb894 (type: security_group_rules) to 0
2026-03-11 18:06:13.330 8 INFO neutron.db.ovn_revision_numbers_db [None req-aef2972c-e197-4d4d-b8a9-f9fc27d15a86 085ec04587734310a08f5ecda68ef315 c6454ab9f103418c9bb0d34dee1545f0 - - default default] Successfully bumped revision number for resource a9b09b8e-d811-4cbf-b099-eb502b999db9 (type: security_group_rules) to 0 [pid: 8|app: 0|req: 1033/2260] 10.0.0.57 () {32 vars in 773 bytes} [Wed Mar 11 18:06:13 2026] GET /v2.0/security-groups?tenant_id=895d8951ce224f90bf0ff1be16a8940b&name=default => generated 2925 bytes in 314 msecs (HTTP/1.1 200) 4 headers in 158 bytes (1 switches on core 0)
2026-03-11 18:06:13.392 7 INFO neutron.db.ovn_revision_numbers_db [None req-3ac2d5e5-980c-4242-956f-77e3e30d41bc 328a230409eb4e91a4b80ef80e5094aa 52bf371b686a4658995f08fca995df16 - - default default] Successfully bumped revision number for resource 574bc523-f75a-4a7c-96bf-35fbb46b134e (type: networks) to 1 [pid: 8|app: 0|req: 1034/2261] 162.253.55.200 () {34 vars in 1052 bytes} [Wed Mar 11 18:06:13 2026] GET /v2.0/ports?network_id=ea3da4e7-a175-4be0-ab51-e644e0151f58&device_owner=network%3Adhcp => generated 12 bytes in 17 msecs (HTTP/1.1 200) 4 headers in 156 bytes (1 switches on core 0)
2026-03-11 18:06:13.550 8 INFO neutron_taas.services.taas.taas_plugin [None req-96345c83-184b-461e-a526-a6923fbf7098 5fdf6ded653a4b66b9ff7c10442d6981 ba68ac03abae4288aa4194d5f8329b63 - - default default] TaaS: Handle Delete Port: 96a93cd4-8fee-4c57-8619-b3dcd49022a5
2026-03-11 18:06:13.554 8 INFO neutron_taas.services.taas.tap_mirror_plugin [None req-96345c83-184b-461e-a526-a6923fbf7098 5fdf6ded653a4b66b9ff7c10442d6981 ba68ac03abae4288aa4194d5f8329b63 - - default default] Tap Mirror: Handle Delete Port: 96a93cd4-8fee-4c57-8619-b3dcd49022a5
2026-03-11 18:06:13.566 7 WARNING neutron.scheduler.dhcp_agent_scheduler [None req-3ac2d5e5-980c-4242-956f-77e3e30d41bc 328a230409eb4e91a4b80ef80e5094aa 52bf371b686a4658995f08fca995df16 - - default default] No more DHCP agents
2026-03-11 18:06:13.567 7 WARNING neutron.api.rpc.agentnotifiers.dhcp_rpc_agent_api [None req-3ac2d5e5-980c-4242-956f-77e3e30d41bc 328a230409eb4e91a4b80ef80e5094aa 52bf371b686a4658995f08fca995df16 - - default default] Unable to schedule network 574bc523-f75a-4a7c-96bf-35fbb46b134e: no agents available; will retry on subsequent port and subnet creation events.
2026-03-11 18:06:13.660 8 INFO neutron.plugins.ml2.drivers.ovn.mech_driver.mech_driver [None req-c4df1985-0461-4d7d-af3e-2e2405e5352e - - - - - -] OVN reports status down for port: 915ee933-72c0-4858-8d0c-971f49fe3389
2026-03-11 18:06:13.670 7 INFO neutron.db.ovn_revision_numbers_db [None req-3ac2d5e5-980c-4242-956f-77e3e30d41bc 328a230409eb4e91a4b80ef80e5094aa 52bf371b686a4658995f08fca995df16 - - default default] Successfully bumped revision number for resource 915ee933-72c0-4858-8d0c-971f49fe3389 (type: ports) to 1 [pid: 7|app: 0|req: 1228/2262] 10.0.0.57 () {34 vars in 669 bytes} [Wed Mar 11 18:06:13 2026] POST /v2.0/networks => generated 650 bytes in 570 msecs (HTTP/1.1 201) 4 headers in 162 bytes (1 switches on core 0) [pid: 8|app: 0|req: 1035/2263] 10.0.0.57 () {32 vars in 725 bytes} [Wed Mar 11 18:06:13 2026] DELETE /v2.0/networks/2010d0fd-bf00-4d7e-b502-939a223e991f => generated 0 bytes in 464 msecs (HTTP/1.1 204) 3 headers in 131 bytes (1 switches on core 0) [pid: 8|app: 0|req: 1036/2264] 162.253.55.200 () {34 vars in 1012 bytes} [Wed Mar 11 18:06:13 2026] GET /v2.0/networks/ea3da4e7-a175-4be0-ab51-e644e0151f58?fields=segments => generated 14 bytes in 63 msecs (HTTP/1.1 200) 4 headers in 156 bytes (1 switches on core 0) [pid: 7|app: 0|req: 1229/2265] 10.0.0.57 () {32 vars in 739 bytes} [Wed Mar 11 18:06:13 2026] DELETE /v2.0/security-groups/07e339aa-9e74-4ca1-9777-f30769aa11f2 => generated 0 bytes in 311 msecs (HTTP/1.1 204) 2 headers in 112 bytes (1 switches on core 0)
2026-03-11 18:06:14.184 7 INFO neutron_taas.services.taas.taas_plugin [None req-0e2506fc-902e-4b95-9cac-3475fe474698 5fdf6ded653a4b66b9ff7c10442d6981 ba68ac03abae4288aa4194d5f8329b63 - - default default] TaaS: Handle Delete Port: cb08e956-9235-46b9-af58-7ed6405d8be9
