2026-03-11 18:05:54.771 7 WARNING neutron.api.rpc.agentnotifiers.dhcp_rpc_agent_api [None req-49c9f407-08b1-4125-a0ae-5e9a158a6ac7 085ec04587734310a08f5ecda68ef315 c6454ab9f103418c9bb0d34dee1545f0 - - default default] Unable to schedule network d0dfd9f4-4faf-4011-8a3a-4b3c9a092647: no agents available; will retry on subsequent port and subnet creation events.
2026-03-11 18:05:54.837 8 INFO neutron.db.ovn_revision_numbers_db [None req-b0b6c86d-530f-43e9-ae48-a9a700dc5b96 - - - - - -] Successfully bumped revision number for resource 7b610973-6f93-4ce7-9d6c-c7eafba678dc (type: router_ports) to 2
2026-03-11 18:05:54.837 8 INFO neutron.plugins.ml2.drivers.ovn.mech_driver.mech_driver [None req-b0b6c86d-530f-43e9-ae48-a9a700dc5b96 - - - - - -] OVN reports status down for port: 32dcc1a6-9031-40b3-85dc-7bff3e251ffc
2026-03-11 18:05:54.941 7 INFO neutron.db.ovn_revision_numbers_db [None req-49c9f407-08b1-4125-a0ae-5e9a158a6ac7 085ec04587734310a08f5ecda68ef315 c6454ab9f103418c9bb0d34dee1545f0 - - default default] Successfully bumped revision number for resource 7d68f7c1-1233-4987-9ff3-209abdf24ccd (type: ports) to 1
2026-03-11 18:05:55.062 8 INFO neutron.plugins.ml2.drivers.ovn.mech_driver.mech_driver [None req-b0b6c86d-530f-43e9-ae48-a9a700dc5b96 - - - - - -] OVN reports status down for port: 8b771e5c-840d-45f2-bf62-87d345f26a2f
2026-03-11 18:05:55.276 8 WARNING neutron.plugins.ml2.drivers.ovn.mech_driver.ovsdb.ovn_client [None req-b0b6c86d-530f-43e9-ae48-a9a700dc5b96 - - - - - -] Logical_Switch_Port %s host information not removed, the port state is up
2026-03-11 18:05:55.278 8 INFO neutron.plugins.ml2.drivers.ovn.mech_driver.mech_driver [None req-b0b6c86d-530f-43e9-ae48-a9a700dc5b96 - - - - - -] OVN reports status up for port: 8b771e5c-840d-45f2-bf62-87d345f26a2f
2026-03-11 18:05:55.323 8 INFO neutron.plugins.ml2.plugin [None req-b0b6c86d-530f-43e9-ae48-a9a700dc5b96 - - - - - -] Attempt 1 to provision port 8b771e5c-840d-45f2-bf62-87d345f26a2f [pid: 8|app: 0|req: 978/2141] 10.0.0.57 () {34 vars in 675 bytes} [Wed Mar 11 18:05:54 2026] POST /v2.0/floatingips => generated 552 bytes in 1524 msecs (HTTP/1.1 201) 4 headers in 162 bytes (1 switches on core 0)
2026-03-11 18:05:55.640 7 WARNING neutron.scheduler.dhcp_agent_scheduler [None req-49c9f407-08b1-4125-a0ae-5e9a158a6ac7 085ec04587734310a08f5ecda68ef315 c6454ab9f103418c9bb0d34dee1545f0 - - default default] No more DHCP agents
2026-03-11 18:05:55.642 7 WARNING neutron.api.rpc.agentnotifiers.dhcp_rpc_agent_api [None req-49c9f407-08b1-4125-a0ae-5e9a158a6ac7 085ec04587734310a08f5ecda68ef315 c6454ab9f103418c9bb0d34dee1545f0 - - default default] Unable to schedule network d0dfd9f4-4faf-4011-8a3a-4b3c9a092647: no agents available; will retry on subsequent port and subnet creation events.
2026-03-11 18:05:55.651 8 INFO neutron.plugins.ml2.drivers.ovn.mech_driver.mech_driver [None req-b0b6c86d-530f-43e9-ae48-a9a700dc5b96 - - - - - -] OVN reports status down for port: 7d68f7c1-1233-4987-9ff3-209abdf24ccd
2026-03-11 18:05:55.900 8 WARNING neutron.plugins.ml2.drivers.ovn.mech_driver.ovsdb.ovn_client [None req-b0b6c86d-530f-43e9-ae48-a9a700dc5b96 - - - - - -] Logical_Switch_Port %s host information not removed, the port state is up
2026-03-11 18:05:55.908 8 INFO neutron.plugins.ml2.drivers.ovn.mech_driver.mech_driver [None req-b0b6c86d-530f-43e9-ae48-a9a700dc5b96 - - - - - -] OVN reports status up for port: 7d68f7c1-1233-4987-9ff3-209abdf24ccd
2026-03-11 18:05:55.942 8 INFO neutron.plugins.ml2.plugin [None req-b0b6c86d-530f-43e9-ae48-a9a700dc5b96 - - - - - -] Attempt 1 to provision port 7d68f7c1-1233-4987-9ff3-209abdf24ccd
2026-03-11 18:05:56.169 7 INFO neutron.db.ovn_revision_numbers_db [None req-49c9f407-08b1-4125-a0ae-5e9a158a6ac7 085ec04587734310a08f5ecda68ef315 c6454ab9f103418c9bb0d34dee1545f0 - - default default] Successfully bumped revision number for resource 7d68f7c1-1233-4987-9ff3-209abdf24ccd (type: router_ports) to 1 [pid: 7|app: 0|req: 1164/2142] 10.0.0.57 () {34 vars in 782 bytes} [Wed Mar 11 18:05:54 2026] PUT /v2.0/routers/570bd740-aded-47c1-9201-4734322d15e0/add_router_interface => generated 309 bytes in 1847 msecs (HTTP/1.1 200) 4 headers in 157 bytes (1 switches on core 0) [pid: 7|app: 0|req: 1165/2143] 10.0.0.57 () {32 vars in 739 bytes} [Wed Mar 11 18:05:56 2026] DELETE /v2.0/security-groups/d8ef7290-ab2b-4898-88ff-b558cf99e5ae => generated 0 bytes in 268 msecs (HTTP/1.1 204) 2 headers in 112 bytes (1 switches on core 0) [pid: 8|app: 0|req: 979/2144] 10.0.0.57 () {32 vars in 723 bytes} [Wed Mar 11 18:05:55 2026] DELETE /v2.0/subnets/b34a28ed-beda-4ba7-8b71-8655f7b8c584 => generated 0 bytes in 909 msecs (HTTP/1.1 204) 3 headers in 131 bytes (1 switches on core 0)
2026-03-11 18:05:56.709 7 WARNING neutron.scheduler.dhcp_agent_scheduler [None req-b31ed7fc-0a99-47f7-b5b6-becb4860caf1 bb5b9125106b4af0ae5fa77ca6ba3f2a 51a6a558fcb74209bb88b9b5772e3b59 - - default default] No more DHCP agents
2026-03-11 18:05:56.710 7 WARNING neutron.api.rpc.agentnotifiers.dhcp_rpc_agent_api [None req-b31ed7fc-0a99-47f7-b5b6-becb4860caf1 bb5b9125106b4af0ae5fa77ca6ba3f2a 51a6a558fcb74209bb88b9b5772e3b59 - - default default] Unable to schedule network d293ed7d-d2a6-4a60-9b6c-96dcb81ef222: no agents available; will retry on subsequent port and subnet creation events.
2026-03-11 18:05:56.985 8 INFO neutron.db.ovn_revision_numbers_db [None req-8e8e86e3-f527-4d8c-964d-30380327ee0f - - - - - -] Successfully bumped revision number for resource 8b771e5c-840d-45f2-bf62-87d345f26a2f (type: ports) to 4 [pid: 7|app: 0|req: 1166/2145] 10.0.0.57 () {34 vars in 675 bytes} [Wed Mar 11 18:05:56 2026] POST /v2.0/floatingips => generated 552 bytes in 633 msecs (HTTP/1.1 201) 4 headers in 162 bytes (1 switches on core 0)
2026-03-11 18:05:57.233 8 INFO neutron.db.ovn_revision_numbers_db [None req-b0b6c86d-530f-43e9-ae48-a9a700dc5b96 - - - - - -] Successfully bumped revision number for resource 7d68f7c1-1233-4987-9ff3-209abdf24ccd (type: ports) to 2
2026-03-11 18:05:57.245 7 INFO neutron.db.ovn_revision_numbers_db [None req-2b26cc0f-2277-4b27-abb8-3c3f4889045a e9ccbe5dc23c403cb866c728ca9ea00a 9dc11d7653fe4f5fb935971ce9014505 - - default default] Successfully bumped revision number for resource 5a627474-5e3a-446e-ac6b-cc22d4d009df (type: security_groups) to 1
2026-03-11 18:05:57.258 7 INFO neutron.db.ovn_revision_numbers_db [None req-2b26cc0f-2277-4b27-abb8-3c3f4889045a e9ccbe5dc23c403cb866c728ca9ea00a 9dc11d7653fe4f5fb935971ce9014505 - - default default] Successfully bumped revision number for resource 0382eb51-e5b7-4573-b812-63a6de859f33 (type: security_group_rules) to 0
2026-03-11 18:05:57.271 7 INFO neutron.db.ovn_revision_numbers_db [None req-2b26cc0f-2277-4b27-abb8-3c3f4889045a e9ccbe5dc23c403cb866c728ca9ea00a 9dc11d7653fe4f5fb935971ce9014505 - - default default] Successfully bumped revision number for resource 7b8c5859-e129-4546-b8c3-ed037edac3ee (type: security_group_rules) to 0 [pid: 7|app: 0|req: 1167/2146] 10.0.0.57 () {34 vars in 684 bytes} [Wed Mar 11 18:05:57 2026] POST /v2.0/security-groups => generated 1675 bytes in 242 msecs (HTTP/1.1 201) 4 headers in 163 bytes (1 switches on core 0) [pid: 7|app: 0|req: 1168/2147] 10.0.0.57 () {34 vars in 758 bytes} [Wed Mar 11 18:05:57 2026] PUT /v2.0/floatingips/bbe60f63-e1af-4d88-9aa1-63443de49c22/tags => generated 17 bytes in 96 msecs (HTTP/1.1 200) 4 headers in 156 bytes (1 switches on core 0)
2026-03-11 18:05:57.637 7 INFO neutron.db.ovn_revision_numbers_db [None req-9b768be4-ff8c-471f-8252-0cc2118a4197 e9ccbe5dc23c403cb866c728ca9ea00a 9dc11d7653fe4f5fb935971ce9014505 - - default default] Successfully bumped revision number for resource c47400ec-1fd9-4d8f-a4d0-b6deada5783f (type: security_group_rules) to 0 [pid: 7|app: 0|req: 1169/2148] 10.0.0.57 () {34 vars in 694 bytes} [Wed Mar 11 18:05:57 2026] POST /v2.0/security-group-rules => generated 597 bytes in 285 msecs (HTTP/1.1 201) 4 headers in 162 bytes (1 switches on core 0) [pid: 7|app: 0|req: 1170/2149] 10.0.0.57 () {34 vars in 758 bytes} [Wed Mar 11 18:05:57 2026] PUT /v2.0/floatingips/861552c8-304a-4f33-80f7-342a3a234f3f/tags => generated 25 bytes in 63 msecs (HTTP/1.1 200) 4 headers in 156 bytes (1 switches on core 0)
2026-03-11 18:05:57.776 8 INFO neutron_taas.services.taas.taas_plugin [None req-bf60d72e-ef6d-480f-81fd-93f718caffd8 207116ff357b406ba163fdc7526e873d cd4b00711ff34d3db600e5ebac9ab2e0 - - default default] TaaS: Handle Delete Port: c10221c8-2775-4990-99e1-9aef997aa8e3
2026-03-11 18:05:57.782 8 INFO neutron_taas.services.taas.tap_mirror_plugin [None req-bf60d72e-ef6d-480f-81fd-93f718caffd8 207116ff357b406ba163fdc7526e873d cd4b00711ff34d3db600e5ebac9ab2e0 - - default default] Tap Mirror: Handle Delete Port: c10221c8-2775-4990-99e1-9aef997aa8e3
2026-03-11 18:05:57.965 7 INFO neutron.db.ovn_revision_numbers_db [None req-0eb5145f-263d-4e4a-a512-4deb1f91eb53 e9ccbe5dc23c403cb866c728ca9ea00a 9dc11d7653fe4f5fb935971ce9014505 - - default default] Successfully bumped revision number for resource 5c2debfc-2cd3-4361-a721-abf0578c78b8 (type: security_group_rules) to 0 [pid: 7|app: 0|req: 1171/2150] 10.0.0.57 () {34 vars in 694 bytes} [Wed Mar 11 18:05:57 2026] POST /v2.0/security-group-rules => generated 596 bytes in 236 msecs (HTTP/1.1 201) 4 headers in 162 bytes (1 switches on core 0) [pid: 7|app: 0|req: 1172/2151] 10.0.0.57 () {34 vars in 758 bytes} [Wed Mar 11 18:05:58 2026] PUT /v2.0/floatingips/f047216d-3e20-4c70-a520-cb3110256182/tags => generated 34 bytes in 53 msecs (HTTP/1.1 200) 4 headers in 156 bytes (1 switches on core 0)
2026-03-11 18:05:58.097 8 INFO neutron.db.ovn_revision_numbers_db [None req-8e8e86e3-f527-4d8c-964d-30380327ee0f - - - - - -] Successfully bumped revision number for resource 8b771e5c-840d-45f2-bf62-87d345f26a2f (type: ports) to 5
2026-03-11 18:05:58.256 7 INFO neutron.db.ovn_revision_numbers_db [None req-a4d03db8-3719-411d-823d-4ac578a14f4c e9ccbe5dc23c403cb866c728ca9ea00a 9dc11d7653fe4f5fb935971ce9014505 - - default default] Successfully bumped revision number for resource 130eb119-92d8-4229-aa13-db6434c94875 (type: security_group_rules) to 0 [pid: 7|app: 0|req: 1173/2152] 10.0.0.57 () {34 vars in 694 bytes} [Wed Mar 11 18:05:58 2026] POST /v2.0/security-group-rules => generated 602 bytes in 229 msecs (HTTP/1.1 201) 4 headers in 162 bytes (1 switches on core 0) [pid: 7|app: 0|req: 1174/2153] 10.0.0.57 () {34 vars in 758 bytes} [Wed Mar 11 18:05:58 2026] PUT /v2.0/floatingips/513f6028-3a58-491b-90dc-fe75455cbfe9/tags => generated 19 bytes in 53 msecs (HTTP/1.1 200) 4 headers in 156 bytes (1 switches on core 0) [pid: 8|app: 0|req: 980/2154] 10.0.0.57 () {32 vars in 723 bytes} [Wed Mar 11 18:05:56 2026] DELETE /v2.0/routers/5ca33760-548d-4194-bd9b-da8b17e448c4 => generated 0 bytes in 2018 msecs (HTTP/1.1 204) 2 headers in 112 bytes (1 switches on core 0) [pid: 8|app: 0|req: 981/2155] 10.0.0.57 () {32 vars in 671 bytes} [Wed Mar 11 18:05:58 2026] GET /v2.0/floatingips?tags=red => generated 1671 bytes in 62 msecs (HTTP/1.1 200) 4 headers in 158 bytes (1 switches on core 0)
2026-03-11 18:05:58.615 7 INFO neutron.db.ovn_revision_numbers_db [None req-406c2b78-1f9d-40c5-a479-58c63ab7b42a e9ccbe5dc23c403cb866c728ca9ea00a 9dc11d7653fe4f5fb935971ce9014505 - - default default] Successfully bumped revision number for resource bc0cc728-3f3d-454d-b993-4bcd52657182 (type: security_group_rules) to 0 [pid: 7|app: 0|req: 1175/2156] 10.0.0.57 () {34 vars in 694 bytes} [Wed Mar 11 18:05:58 2026] POST /v2.0/security-group-rules => generated 601 bytes in 316 msecs (HTTP/1.1 201) 4 headers in 162 bytes (1 switches on core 0) [pid: 7|app: 0|req: 1176/2157] 10.0.0.57 () {32 vars in 685 bytes} [Wed Mar 11 18:05:58 2026] GET /v2.0/floatingips?tags=red%2Cblue => generated 1128 bytes in 50 msecs (HTTP/1.1 200) 4 headers in 158 bytes (1 switches on core 0)
2026-03-11 18:05:58.760 7 INFO neutron.db.securitygroups_db [None req-9d3cffbe-90d2-4083-bc5f-a8eb94f282ba e9ccbe5dc23c403cb866c728ca9ea00a 9dc11d7653fe4f5fb935971ce9014505 - - default default] Project 9dc11d7653fe4f5fb935971ce9014505 added a security group rule with legacy IPv6 ICMP protocol name icmp, ipv6-icmp should be used instead. It was automatically converted.
2026-03-11 18:05:58.901 7 INFO neutron.db.ovn_revision_numbers_db [None req-9d3cffbe-90d2-4083-bc5f-a8eb94f282ba e9ccbe5dc23c403cb866c728ca9ea00a 9dc11d7653fe4f5fb935971ce9014505 - - default default] Successfully bumped revision number for resource 1fa09b9f-08a5-467a-b70c-b0d7a2081069 (type: security_group_rules) to 0 [pid: 7|app: 0|req: 1177/2158] 10.0.0.57 () {34 vars in 694 bytes} [Wed Mar 11 18:05:58 2026] POST /v2.0/security-group-rules => generated 607 bytes in 250 msecs (HTTP/1.1 201) 4 headers in 162 bytes (1 switches on core 0) [pid: 7|app: 0|req: 1178/2159] 10.0.0.57 () {32 vars in 681 bytes} [Wed Mar 11 18:05:58 2026] GET /v2.0/floatingips?tags-any=blue => generated 1128 bytes in 63 msecs (HTTP/1.1 200) 4 headers in 158 bytes (1 switches on core 0)
2026-03-11 18:05:59.073 7 INFO neutron.db.securitygroups_db [None req-0bdd124f-968f-44d2-b835-fb84414eca4a e9ccbe5dc23c403cb866c728ca9ea00a 9dc11d7653fe4f5fb935971ce9014505 - - default default] Project 9dc11d7653fe4f5fb935971ce9014505 added a security group rule with legacy IPv6 ICMP protocol name icmp, ipv6-icmp should be used instead. It was automatically converted.
2026-03-11 18:05:59.241 7 INFO neutron.db.ovn_revision_numbers_db [None req-0bdd124f-968f-44d2-b835-fb84414eca4a e9ccbe5dc23c403cb866c728ca9ea00a 9dc11d7653fe4f5fb935971ce9014505 - - default default] Successfully bumped revision number for resource b80760f4-ffae-41b7-afbb-018fcdb9218d (type: security_group_rules) to 0 [pid: 7|app: 0|req: 1179/2160] 10.0.0.57 () {34 vars in 694 bytes} [Wed Mar 11 18:05:59 2026] POST /v2.0/security-group-rules => generated 606 bytes in 255 msecs (HTTP/1.1 201) 4 headers in 162 bytes (1 switches on core 0) [pid: 7|app: 0|req: 1180/2161] 10.0.0.57 () {32 vars in 693 bytes} [Wed Mar 11 18:05:59 2026] GET /v2.0/floatingips?tags-any=red%2Cblue => generated 1671 bytes in 30 msecs (HTTP/1.1 200) 4 headers in 158 bytes (1 switches on core 0) [pid: 7|app: 0|req: 1181/2162] 10.0.0.57 () {32 vars in 679 bytes} [Wed Mar 11 18:05:59 2026] GET /v2.0/floatingips?not-tags=red => generated 1100 bytes in 65 msecs (HTTP/1.1 200) 4 headers in 158 bytes (1 switches on core 0)
2026-03-11 18:05:59.406 8 INFO neutron_taas.services.taas.taas_plugin [None req-75c1cf53-7a34-433b-8708-2f7627f3e03e 207116ff357b406ba163fdc7526e873d cd4b00711ff34d3db600e5ebac9ab2e0 - - default default] TaaS: Handle Delete Port: 3e76af99-6eba-4840-b01c-4fab06762484
2026-03-11 18:05:59.409 8 INFO neutron_taas.services.taas.tap_mirror_plugin [None req-75c1cf53-7a34-433b-8708-2f7627f3e03e 207116ff357b406ba163fdc7526e873d cd4b00711ff34d3db600e5ebac9ab2e0 - - default default] Tap Mirror: Handle Delete Port: 3e76af99-6eba-4840-b01c-4fab06762484 [pid: 7|app: 0|req: 1182/2163] 10.0.0.57 () {32 vars in 693 bytes} [Wed Mar 11 18:05:59 2026] GET /v2.0/floatingips?not-tags=red%2Cblue => generated 1643 bytes in 48 msecs (HTTP/1.1 200) 4 headers in 158 bytes (1 switches on core 0) [pid: 7|app: 0|req: 1183/2164] 10.0.0.57 () {32 vars in 689 bytes} [Wed Mar 11 18:05:59 2026] GET /v2.0/floatingips?not-tags-any=blue => generated 1643 bytes in 58 msecs (HTTP/1.1 200) 4 headers in 158 bytes (1 switches on core 0) [pid: 7|app: 0|req: 1184/2165] 10.0.0.57 () {32 vars in 701 bytes} [Wed Mar 11 18:05:59 2026] GET /v2.0/floatingips?not-tags-any=red%2Cblue => generated 1100 bytes in 57 msecs (HTTP/1.1 200) 4 headers in 158 bytes (1 switches on core 0)
2026-03-11 18:05:59.626 8 INFO neutron.services.segments.plugin [-] Segment 98629b96-6ee0-42f3-a08c-3115af2ef2af resource provider aggregate not found
2026-03-11 18:05:59.628 8 INFO neutron.services.segments.plugin [-] Segment 98629b96-6ee0-42f3-a08c-3115af2ef2af resource provider aggregate not found
2026-03-11 18:05:59.642 8 INFO neutron.services.segments.plugin [-] Segment 98629b96-6ee0-42f3-a08c-3115af2ef2af resource provider not found; error: Placement Client Error (4xx): {"errors": [{"status": 404, "title": "Not Found", "detail": "The resource could not be found.\n\n No resource provider with uuid 98629b96-6ee0-42f3-a08c-3115af2ef2af found for delete ", "request_id": "req-be0f79ca-0a54-496b-876d-b0facf189da9"}]}
2026-03-11 18:05:59.654 8 INFO neutron.services.segments.plugin [-] Segment 98629b96-6ee0-42f3-a08c-3115af2ef2af resource provider not found; error: Placement Client Error (4xx): {"errors": [{"status": 404, "title": "Not Found", "detail": "The resource could not be found.\n\n No resource provider with uuid 98629b96-6ee0-42f3-a08c-3115af2ef2af found for delete ", "request_id": "req-c74a4f4b-c500-44f2-86f2-9083ab46c333"}]} [pid: 8|app: 0|req: 982/2166] 10.0.0.57 () {32 vars in 725 bytes} [Wed Mar 11 18:05:58 2026] DELETE /v2.0/networks/6db99572-1f03-41ed-8d79-6946109636c8 => generated 0 bytes in 1079 msecs (HTTP/1.1 204) 3 headers in 131 bytes (1 switches on core 0)
2026-03-11 18:05:59.737 7 INFO neutron_taas.services.taas.taas_plugin [None req-ed39c64e-ea8f-4f5f-a4ab-88e7825c21d2 bb5b9125106b4af0ae5fa77ca6ba3f2a 51a6a558fcb74209bb88b9b5772e3b59 - - default default] TaaS: Handle Delete Port: 3ec45f43-d4f2-44eb-9a98-fb3123a7586d
2026-03-11 18:05:59.741 7 INFO neutron_taas.services.taas.tap_mirror_plugin [None req-ed39c64e-ea8f-4f5f-a4ab-88e7825c21d2 bb5b9125106b4af0ae5fa77ca6ba3f2a 51a6a558fcb74209bb88b9b5772e3b59 - - default default] Tap Mirror: Handle Delete Port: 3ec45f43-d4f2-44eb-9a98-fb3123a7586d
2026-03-11 18:05:59.888 8 INFO neutron.db.ovn_revision_numbers_db [None req-de3a4862-4979-4756-87a1-422a41154727 e9ccbe5dc23c403cb866c728ca9ea00a 9dc11d7653fe4f5fb935971ce9014505 - - default default] Successfully bumped revision number for resource c9bb0fbe-3033-4b81-ad5d-8a157d9d0e9c (type: security_groups) to 1
2026-03-11 18:05:59.904 8 INFO neutron.db.ovn_revision_numbers_db [None req-de3a4862-4979-4756-87a1-422a41154727 e9ccbe5dc23c403cb866c728ca9ea00a 9dc11d7653fe4f5fb935971ce9014505 - - default default] Successfully bumped revision number for resource 0e75b6d0-7cd0-4503-a9ab-978dca651480 (type: security_group_rules) to 0
2026-03-11 18:05:59.918 8 INFO neutron.db.ovn_revision_numbers_db [None req-de3a4862-4979-4756-87a1-422a41154727 e9ccbe5dc23c403cb866c728ca9ea00a 9dc11d7653fe4f5fb935971ce9014505 - - default default] Successfully bumped revision number for resource 8a6d5336-82eb-46ae-b89e-d25d32e3a656 (type: security_group_rules) to 0 [pid: 7|app: 0|req: 1185/2167] 10.0.0.57 () {32 vars in 731 bytes} [Wed Mar 11 18:05:59 2026] DELETE /v2.0/floatingips/bbe60f63-e1af-4d88-9aa1-63443de49c22 => generated 0 bytes in 371 msecs (HTTP/1.1 204) 2 headers in 112 bytes (1 switches on core 0) [pid: 8|app: 0|req: 983/2168] 10.0.0.57 () {34 vars in 684 bytes} [Wed Mar 11 18:05:59 2026] POST /v2.0/security-groups => generated 1659 bytes in 218 msecs (HTTP/1.1 201) 4 headers in 163 bytes (1 switches on core 0)
2026-03-11 18:06:00.055 7 INFO neutron_taas.services.taas.taas_plugin [None req-17abd1c5-5124-4f99-9e6c-e074541d30c5 bb5b9125106b4af0ae5fa77ca6ba3f2a 51a6a558fcb74209bb88b9b5772e3b59 - - default default] TaaS: Handle Delete Port: 47306d24-5e9b-49ff-a4e2-3c2db5c704c0
2026-03-11 18:06:00.058 7 INFO neutron_taas.services.taas.tap_mirror_plugin [None req-17abd1c5-5124-4f99-9e6c-e074541d30c5 bb5b9125106b4af0ae5fa77ca6ba3f2a 51a6a558fcb74209bb88b9b5772e3b59 - - default default] Tap Mirror: Handle Delete Port: 47306d24-5e9b-49ff-a4e2-3c2db5c704c0
2026-03-11 18:06:00.105 8 INFO neutron.db.ovn_revision_numbers_db [None req-1286bd14-d731-4207-afc4-df206f6e5d3b e9ccbe5dc23c403cb866c728ca9ea00a 9dc11d7653fe4f5fb935971ce9014505 - - default default] Successfully bumped revision number for resource 78751c23-a9f4-4076-9e8f-20487b02fc1e (type: security_group_rules) to 0 [pid: 8|app: 0|req: 984/2169] 10.0.0.57 () {34 vars in 694 bytes} [Wed Mar 11 18:05:59 2026] POST /v2.0/security-group-rules => generated 597 bytes in 176 msecs (HTTP/1.1 201) 4 headers in 162 bytes (1 switches on core 0) [pid: 7|app: 0|req: 1186/2170] 10.0.0.57 () {32 vars in 731 bytes} [Wed Mar 11 18:05:59 2026] DELETE /v2.0/floatingips/861552c8-304a-4f33-80f7-342a3a234f3f => generated 0 bytes in 289 msecs (HTTP/1.1 204) 2 headers in 112 bytes (1 switches on core 0)
2026-03-11 18:06:00.279 8 INFO neutron.db.ovn_revision_numbers_db [None req-c2d417ae-d474-43f9-8f1a-7dd928840431 e9ccbe5dc23c403cb866c728ca9ea00a 9dc11d7653fe4f5fb935971ce9014505 - - default default] Successfully bumped revision number for resource 22e5212b-458b-41aa-8a67-730e125e3c6f (type: security_group_rules) to 0 [pid: 8|app: 0|req: 985/2171] 10.0.0.57 () {34 vars in 694 bytes} [Wed Mar 11 18:06:00 2026] POST /v2.0/security-group-rules => generated 602 bytes in 183 msecs (HTTP/1.1 201) 4 headers in 162 bytes (1 switches on core 0)
2026-03-11 18:06:00.361 7 INFO neutron_taas.services.taas.taas_plugin [None req-a4babdaa-3bed-43fe-97d7-8281ba71bb79 bb5b9125106b4af0ae5fa77ca6ba3f2a 51a6a558fcb74209bb88b9b5772e3b59 - - default default] TaaS: Handle Delete Port: 336591c0-16b5-451f-8d7f-728d1616b6bf
2026-03-11 18:06:00.364 7 INFO neutron_taas.services.taas.tap_mirror_plugin [None req-a4babdaa-3bed-43fe-97d7-8281ba71bb79 bb5b9125106b4af0ae5fa77ca6ba3f2a 51a6a558fcb74209bb88b9b5772e3b59 - - default default] Tap Mirror: Handle Delete Port: 336591c0-16b5-451f-8d7f-728d1616b6bf [pid: 7|app: 0|req: 1187/2172] 10.0.0.57 () {32 vars in 731 bytes} [Wed Mar 11 18:06:00 2026] DELETE /v2.0/floatingips/f047216d-3e20-4c70-a520-cb3110256182 => generated 0 bytes in 285 msecs (HTTP/1.1 204) 2 headers in 112 bytes (1 switches on core 0)
2026-03-11 18:06:00.572 8 WARNING neutron.scheduler.dhcp_agent_scheduler [None req-4d54593e-7405-4b6a-8846-dafcf462937a e9ccbe5dc23c403cb866c728ca9ea00a 9dc11d7653fe4f5fb935971ce9014505 - - default default] No more DHCP agents
2026-03-11 18:06:00.574 8 WARNING neutron.api.rpc.agentnotifiers.dhcp_rpc_agent_api [None req-4d54593e-7405-4b6a-8846-dafcf462937a e9ccbe5dc23c403cb866c728ca9ea00a 9dc11d7653fe4f5fb935971ce9014505 - - default default] Unable to schedule network d293ed7d-d2a6-4a60-9b6c-96dcb81ef222: no agents available; will retry on subsequent port and subnet creation events. [pid: 7|app: 0|req: 1188/2173] 10.0.0.57 () {32 vars in 773 bytes} [Wed Mar 11 18:06:00 2026] GET /v2.0/security-groups?tenant_id=cd4b00711ff34d3db600e5ebac9ab2e0&name=default => generated 2925 bytes in 126 msecs (HTTP/1.1 200) 4 headers in 158 bytes (1 switches on core 0)
2026-03-11 18:06:00.788 7 INFO neutron_taas.services.taas.taas_plugin [None req-f41669b3-cf1e-4458-9814-f9c4f734674b bb5b9125106b4af0ae5fa77ca6ba3f2a 51a6a558fcb74209bb88b9b5772e3b59 - - default default] TaaS: Handle Delete Port: 05a865cf-9c29-4faf-af23-d42a2e51b4f2
2026-03-11 18:06:00.792 7 INFO neutron_taas.services.taas.tap_mirror_plugin [None req-f41669b3-cf1e-4458-9814-f9c4f734674b bb5b9125106b4af0ae5fa77ca6ba3f2a 51a6a558fcb74209bb88b9b5772e3b59 - - default default] Tap Mirror: Handle Delete Port: 05a865cf-9c29-4faf-af23-d42a2e51b4f2 [pid: 8|app: 0|req: 986/2174] 10.0.0.57 () {34 vars in 675 bytes} [Wed Mar 11 18:06:00 2026] POST /v2.0/floatingips => generated 552 bytes in 551 msecs (HTTP/1.1 201) 4 headers in 162 bytes (1 switches on core 0) [pid: 7|app: 0|req: 1189/2175] 10.0.0.57 () {32 vars in 731 bytes} [Wed Mar 11 18:06:00 2026] DELETE /v2.0/floatingips/513f6028-3a58-491b-90dc-fe75455cbfe9 => generated 0 bytes in 307 msecs (HTTP/1.1 204) 2 headers in 112 bytes (1 switches on core 0) [pid: 8|app: 0|req: 987/2176] 10.0.0.57 () {32 vars in 739 bytes} [Wed Mar 11 18:06:00 2026] DELETE /v2.0/security-groups/bd42a3c2-7b93-46bf-ba79-a7fce17fa56a => generated 0 bytes in 308 msecs (HTTP/1.1 204) 2 headers in 112 bytes (1 switches on core 0)
2026-03-11 18:06:01.235 7 INFO neutron.db.ovn_revision_numbers_db [None req-023e1fc5-d398-4a7c-8d2c-16311d805fcd dfc22aec850346adb20846314e1f58a1 72b7e4ca1e554a8886b15df1fde185c4 - - default default] Successfully bumped revision number for resource 3821870d-95a6-4c02-9d22-7dbc252b9e36 (type: security_groups) to 1 [pid: 8|app: 0|req: 988/2177] 10.0.0.143 () {34 vars in 1100 bytes} [Wed Mar 11 18:06:01 2026] GET /v2.0/security-groups?name=tempest-secgroup-smoke-1951550717&fields=id&tenant_id=9dc11d7653fe4f5fb935971ce9014505 => generated 69 bytes in 48 msecs (HTTP/1.1 200) 4 headers in 156 bytes (1 switches on core 0)
2026-03-11 18:06:01.247 7 INFO neutron.db.ovn_revision_numbers_db [None req-023e1fc5-d398-4a7c-8d2c-16311d805fcd dfc22aec850346adb20846314e1f58a1 72b7e4ca1e554a8886b15df1fde185c4 - - default default] Successfully bumped revision number for resource 17ed54d7-591b-4a02-82de-c851d2139613 (type: security_group_rules) to 0
2026-03-11 18:06:01.260 7 INFO neutron.db.ovn_revision_numbers_db [None req-023e1fc5-d398-4a7c-8d2c-16311d805fcd dfc22aec850346adb20846314e1f58a1 72b7e4ca1e554a8886b15df1fde185c4 - - default default] Successfully bumped revision number for resource 3fcfe11f-d43f-4552-b232-2e1d093f0608 (type: security_group_rules) to 0
2026-03-11 18:06:01.275 7 INFO neutron.db.ovn_revision_numbers_db [None req-023e1fc5-d398-4a7c-8d2c-16311d805fcd dfc22aec850346adb20846314e1f58a1 72b7e4ca1e554a8886b15df1fde185c4 - - default default] Successfully bumped revision number for resource bb7ddc5a-a740-4f8f-862c-414a86318757 (type: security_group_rules) to 0
2026-03-11 18:06:01.289 7 INFO neutron.db.ovn_revision_numbers_db [None req-023e1fc5-d398-4a7c-8d2c-16311d805fcd dfc22aec850346adb20846314e1f58a1 72b7e4ca1e554a8886b15df1fde185c4 - - default default] Successfully bumped revision number for resource ca5b9096-ba8b-487a-8ffb-09182c61ec45 (type: security_group_rules) to 0
2026-03-11 18:06:01.361 7 INFO neutron.db.segments_db [None req-023e1fc5-d398-4a7c-8d2c-16311d805fcd dfc22aec850346adb20846314e1f58a1 72b7e4ca1e554a8886b15df1fde185c4 - - default default] Added segment be83ee2f-b23a-4102-bb95-842cf8a530c3 of type geneve for network 9dd70475-8cc7-4382-a4e4-54a6291e310b
2026-03-11 18:06:01.385 8 INFO neutron_taas.services.taas.taas_plugin [None req-657ed28c-c806-4452-a518-744c3f2a8675 bb5b9125106b4af0ae5fa77ca6ba3f2a 51a6a558fcb74209bb88b9b5772e3b59 - - default default] TaaS: Handle Delete Port: 506c3ca9-d05a-4606-a694-c83d77b29e82
2026-03-11 18:06:01.388 8 INFO neutron_taas.services.taas.tap_mirror_plugin [None req-657ed28c-c806-4452-a518-744c3f2a8675 bb5b9125106b4af0ae5fa77ca6ba3f2a 51a6a558fcb74209bb88b9b5772e3b59 - - default default] Tap Mirror: Handle Delete Port: 506c3ca9-d05a-4606-a694-c83d77b29e82
2026-03-11 18:06:01.487 7 INFO neutron.db.ovn_revision_numbers_db [None req-023e1fc5-d398-4a7c-8d2c-16311d805fcd dfc22aec850346adb20846314e1f58a1 72b7e4ca1e554a8886b15df1fde185c4 - - default default] Successfully bumped revision number for resource 9dd70475-8cc7-4382-a4e4-54a6291e310b (type: networks) to 1 [pid: 8|app: 0|req: 989/2178] 10.0.0.57 () {32 vars in 731 bytes} [Wed Mar 11 18:06:01 2026] DELETE /v2.0/floatingips/77ac48a1-c425-47ad-9199-8c1d35afcee7 => generated 0 bytes in 329 msecs (HTTP/1.1 204) 2 headers in 112 bytes (1 switches on core 0) [pid: 8|app: 0|req: 990/2179] 10.0.0.143 () {34 vars in 1098 bytes} [Wed Mar 11 18:06:01 2026] GET /v2.0/security-groups?name=tempest-securitygroup--894702936&fields=id&tenant_id=9dc11d7653fe4f5fb935971ce9014505 => generated 69 bytes in 31 msecs (HTTP/1.1 200) 4 headers in 156 bytes (1 switches on core 0)
2026-03-11 18:06:01.662 7 WARNING neutron.scheduler.dhcp_agent_scheduler [None req-023e1fc5-d398-4a7c-8d2c-16311d805fcd dfc22aec850346adb20846314e1f58a1 72b7e4ca1e554a8886b15df1fde185c4 - - default default] No more DHCP agents
2026-03-11 18:06:01.665 7 WARNING neutron.api.rpc.agentnotifiers.dhcp_rpc_agent_api [None req-023e1fc5-d398-4a7c-8d2c-16311d805fcd dfc22aec850346adb20846314e1f58a1 72b7e4ca1e554a8886b15df1fde185c4 - - default default] Unable to schedule network 9dd70475-8cc7-4382-a4e4-54a6291e310b: no agents available; will retry on subsequent port and subnet creation events.
2026-03-11 18:06:01.823 8 INFO neutron.db.ovn_revision_numbers_db [None req-dac28f8c-b82a-4579-8811-3de07da9b4c1 085ec04587734310a08f5ecda68ef315 c6454ab9f103418c9bb0d34dee1545f0 - - default default] Successfully bumped revision number for resource cba51938-85ca-4cd3-bd32-cad2e36a9eb0 (type: security_groups) to 1
2026-03-11 18:06:01.829 7 INFO neutron.db.ovn_revision_numbers_db [None req-023e1fc5-d398-4a7c-8d2c-16311d805fcd dfc22aec850346adb20846314e1f58a1 72b7e4ca1e554a8886b15df1fde185c4 - - default default] Successfully bumped revision number for resource 1079735f-4f9f-4355-8b49-46d716a1c5b5 (type: ports) to 1
2026-03-11 18:06:01.838 8 INFO neutron.db.ovn_revision_numbers_db [None req-dac28f8c-b82a-4579-8811-3de07da9b4c1 085ec04587734310a08f5ecda68ef315 c6454ab9f103418c9bb0d34dee1545f0 - - default default] Successfully bumped revision number for resource 28f548e9-1807-4339-8735-b163d8df7517 (type: security_group_rules) to 0
2026-03-11 18:06:01.852 8 INFO neutron.db.ovn_revision_numbers_db [None req-dac28f8c-b82a-4579-8811-3de07da9b4c1 085ec04587734310a08f5ecda68ef315 c6454ab9f103418c9bb0d34dee1545f0 - - default default] Successfully bumped revision number for resource 2acafcd2-45f0-43f5-b5be-c592aff22832 (type: security_group_rules) to 0 [pid: 7|app: 0|req: 1190/2180] 10.0.0.57 () {34 vars in 669 bytes} [Wed Mar 11 18:06:00 2026] POST /v2.0/networks => generated 747 bytes in 904 msecs (HTTP/1.1 201) 4 headers in 162 bytes (1 switches on core 0)
2026-03-11 18:06:01.870 8 INFO neutron.db.ovn_revision_numbers_db [None req-dac28f8c-b82a-4579-8811-3de07da9b4c1 085ec04587734310a08f5ecda68ef315 c6454ab9f103418c9bb0d34dee1545f0 - - default default] Successfully bumped revision number for resource 566b4c86-9ed6-4a20-948f-ae7171accb04 (type: security_group_rules) to 0
2026-03-11 18:06:01.885 8 INFO neutron.db.ovn_revision_numbers_db [None req-dac28f8c-b82a-4579-8811-3de07da9b4c1 085ec04587734310a08f5ecda68ef315 c6454ab9f103418c9bb0d34dee1545f0 - - default default] Successfully bumped revision number for resource afdf60d7-1c0d-42de-83a5-a6807db736c8 (type: security_group_rules) to 0 [pid: 7|app: 0|req: 1191/2181] 10.0.0.143 () {34 vars in 982 bytes} [Wed Mar 11 18:06:01 2026] GET /v2.0/networks?id=ea3da4e7-a175-4be0-ab51-e644e0151f58 => generated 711 bytes in 50 msecs (HTTP/1.1 200) 4 headers in 157 bytes (1 switches on core 0) [pid: 8|app: 0|req: 991/2182] 10.0.0.57 () {32 vars in 773 bytes} [Wed Mar 11 18:06:01 2026] GET /v2.0/security-groups?tenant_id=61e0bcd9c843456fae741c44cdf6fbae&name=default => generated 2925 bytes in 332 msecs (HTTP/1.1 200) 4 headers in 158 bytes (1 switches on core 0) [pid: 8|app: 0|req: 992/2183] 10.0.0.143 () {34 vars in 965 bytes} [Wed Mar 11 18:06:01 2026] GET /v2.0/quotas/9dc11d7653fe4f5fb935971ce9014505 => generated 292 bytes in 9 msecs (HTTP/1.1 200) 4 headers in 157 bytes (1 switches on core 0)
2026-03-11 18:06:02.037 7 WARNING neutron.scheduler.dhcp_agent_scheduler [None req-f2b55970-20af-4074-9cd9-016feabd92ea dfc22aec850346adb20846314e1f58a1 72b7e4ca1e554a8886b15df1fde185c4 - - default default] No more DHCP agents
2026-03-11 18:06:02.038 7 WARNING neutron.api.rpc.agentnotifiers.dhcp_rpc_agent_api [None req-f2b55970-20af-4074-9cd9-016feabd92ea dfc22aec850346adb20846314e1f58a1 72b7e4ca1e554a8886b15df1fde185c4 - - default default] Unable to schedule network 9dd70475-8cc7-4382-a4e4-54a6291e310b: no agents available; will retry on subsequent port and subnet creation events. [pid: 8|app: 0|req: 993/2184] 10.0.0.57 () {32 vars in 739 bytes} [Wed Mar 11 18:06:01 2026] DELETE /v2.0/security-groups/cba51938-85ca-4cd3-bd32-cad2e36a9eb0 => generated 0 bytes in 301 msecs (HTTP/1.1 204) 2 headers in 112 bytes (1 switches on core 0) [pid: 8|app: 0|req: 994/2185] 10.0.0.143 () {34 vars in 1002 bytes} [Wed Mar 11 18:06:02 2026] GET /v2.0/ports?tenant_id=9dc11d7653fe4f5fb935971ce9014505&fields=id => generated 103 bytes in 86 msecs (HTTP/1.1 200) 4 headers in 157 bytes (1 switches on core 0) [pid: 8|app: 0|req: 995/2186] 10.0.0.143 () {34 vars in 1008 bytes} [Wed Mar 11 18:06:02 2026] GET /v2.0/networks/ea3da4e7-a175-4be0-ab51-e644e0151f58?fields=segments => generated 14 bytes in 40 msecs (HTTP/1.1 200) 4 headers in 156 bytes (1 switches on core 0)
2026-03-11 18:06:02.545 7 INFO neutron.db.ovn_revision_numbers_db [None req-5a77d6e9-33fa-4c3b-a161-7457962c247b - - - - - -] Successfully bumped revision number for resource 1079735f-4f9f-4355-8b49-46d716a1c5b5 (type: ports) to 2
2026-03-11 18:06:02.579 7 INFO neutron.db.ovn_revision_numbers_db [None req-5a77d6e9-33fa-4c3b-a161-7457962c247b - - - - - -] Successfully bumped revision number for resource 9b131bb2-1045-48d3-a7f3-772c9f7b6b6d (type: subnets) to 0 [pid: 7|app: 0|req: 1192/2187] 10.0.0.57 () {34 vars in 668 bytes} [Wed Mar 11 18:06:01 2026] POST /v2.0/subnets => generated 644 bytes in 689 msecs (HTTP/1.1 201) 4 headers in 162 bytes (1 switches on core 0) [pid: 7|app: 0|req: 1193/2188] 10.0.0.143 () {34 vars in 1108 bytes} [Wed Mar 11 18:06:02 2026] GET /v2.0/networks/ea3da4e7-a175-4be0-ab51-e644e0151f58?fields=provider%3Aphysical_network&fields=provider%3Anetwork_type => generated 79 bytes in 39 msecs (HTTP/1.1 200) 4 headers in 156 bytes (1 switches on core 0)
2026-03-11 18:06:02.640 7 WARNING neutron.api.v2.base [None req-d79a9bf5-d39c-49b6-b0d6-1258f153fbb5 dfc22aec850346adb20846314e1f58a1 72b7e4ca1e554a8886b15df1fde185c4 - - default default] An exception happened while processing the request body. The exception message is [Invalid input for target_tenant. Reason: 'None' is not a valid string.].: webob.exc.HTTPBadRequest: Invalid input for target_tenant. Reason: 'None' is not a valid string.
2026-03-11 18:06:02.641 7 INFO neutron.api.v2.resource [None req-d79a9bf5-d39c-49b6-b0d6-1258f153fbb5 dfc22aec850346adb20846314e1f58a1 72b7e4ca1e554a8886b15df1fde185c4 - - default default] create failed (client error): Invalid input for target_tenant. Reason: 'None' is not a valid string. [pid: 7|app: 0|req: 1194/2189] 10.0.0.57 () {34 vars in 680 bytes} [Wed Mar 11 18:06:02 2026] POST /v2.0/rbac-policies => generated 143 bytes in 5 msecs (HTTP/1.1 400) 4 headers in 166 bytes (1 switches on core 0)
2026-03-11 18:06:02.832 8 INFO neutron.db.ovn_revision_numbers_db [None req-0da5c13c-3b07-40e4-ada9-6c52f3393bd2 085ec04587734310a08f5ecda68ef315 c6454ab9f103418c9bb0d34dee1545f0 - - default default] Successfully bumped revision number for resource 0015bb63-2343-4927-8919-2623f6462897 (type: security_groups) to 1
2026-03-11 18:06:02.847 8 INFO neutron.db.ovn_revision_numbers_db [None req-0da5c13c-3b07-40e4-ada9-6c52f3393bd2 085ec04587734310a08f5ecda68ef315 c6454ab9f103418c9bb0d34dee1545f0 - - default default] Successfully bumped revision number for resource 0187747e-9678-4389-b350-6f00468d0f6f (type: security_group_rules) to 0
2026-03-11 18:06:02.858 7 INFO neutron_taas.services.taas.taas_plugin [None req-aa69062c-352e-4901-a02c-7a3be1dd1dc1 dfc22aec850346adb20846314e1f58a1 72b7e4ca1e554a8886b15df1fde185c4 - - default default] TaaS: Handle Delete Port: 1079735f-4f9f-4355-8b49-46d716a1c5b5
2026-03-11 18:06:02.860 8 INFO neutron.db.ovn_revision_numbers_db [None req-0da5c13c-3b07-40e4-ada9-6c52f3393bd2 085ec04587734310a08f5ecda68ef315 c6454ab9f103418c9bb0d34dee1545f0 - - default default] Successfully bumped revision number for resource 36f0777c-dfba-446c-9db5-7870d8c7099b (type: security_group_rules) to 0
2026-03-11 18:06:02.861 7 INFO neutron_taas.services.taas.tap_mirror_plugin [None req-aa69062c-352e-4901-a02c-7a3be1dd1dc1 dfc22aec850346adb20846314e1f58a1 72b7e4ca1e554a8886b15df1fde185c4 - - default default] Tap Mirror: Handle Delete Port: 1079735f-4f9f-4355-8b49-46d716a1c5b5
2026-03-11 18:06:02.875 8 INFO neutron.db.ovn_revision_numbers_db [None req-0da5c13c-3b07-40e4-ada9-6c52f3393bd2 085ec04587734310a08f5ecda68ef315 c6454ab9f103418c9bb0d34dee1545f0 - - default default] Successfully bumped revision number for resource 8510fe01-fccb-4633-a990-9040603923fc (type: security_group_rules) to 0
2026-03-11 18:06:02.886 8 INFO neutron.db.ovn_revision_numbers_db [None req-0da5c13c-3b07-40e4-ada9-6c52f3393bd2 085ec04587734310a08f5ecda68ef315 c6454ab9f103418c9bb0d34dee1545f0 - - default default] Successfully bumped revision number for resource a36beb66-c22e-4610-b3ff-ecda6014d3a5 (type: security_group_rules) to 0 [pid: 8|app: 0|req: 996/2190] 10.0.0.57 () {32 vars in 773 bytes} [Wed Mar 11 18:06:02 2026] GET /v2.0/security-groups?tenant_id=86431473794d417d8f9de5b8947e0a06&name=default => generated 2925 bytes in 549 msecs (HTTP/1.1 200) 4 headers in 158 bytes (1 switches on core 0) [pid: 8|app: 0|req: 997/2191] 10.0.0.143 () {34 vars in 990 bytes} [Wed Mar 11 18:06:02 2026] GET /v2.0/ports?device_id=741c1201-b48f-43e2-bd07-a8dd90f5d2cd => generated 12 bytes in 22 msecs (HTTP/1.1 200) 4 headers in 156 bytes (1 switches on core 0)
2026-03-11 18:06:03.248 7 INFO neutron.services.segments.plugin [-] Segment be83ee2f-b23a-4102-bb95-842cf8a530c3 resource provider aggregate not found
2026-03-11 18:06:03.254 7 INFO neutron.services.segments.plugin [-] Segment be83ee2f-b23a-4102-bb95-842cf8a530c3 resource provider aggregate not found
2026-03-11 18:06:03.276 7 INFO neutron.services.segments.plugin [-] Segment be83ee2f-b23a-4102-bb95-842cf8a530c3 resource provider not found; error: Placement Client Error (4xx): {"errors": [{"status": 404, "title": "Not Found", "detail": "The resource could not be found.\n\n No resource provider with uuid be83ee2f-b23a-4102-bb95-842cf8a530c3 found for delete ", "request_id": "req-bea1d1f8-8efd-4edd-a946-65702fbb6034"}]}
2026-03-11 18:06:03.278 7 INFO neutron.services.segments.plugin [-] Segment be83ee2f-b23a-4102-bb95-842cf8a530c3 resource provider not found; error: Placement Client Error (4xx): {"errors": [{"status": 404, "title": "Not Found", "detail": "The resource could not be found.\n\n No resource provider with uuid be83ee2f-b23a-4102-bb95-842cf8a530c3 found for delete ", "request_id": "req-efa2bb21-a3a1-493b-95ac-435d8068425b"}]}
2026-03-11 18:06:03.307 8 WARNING neutron.plugins.ml2.drivers.ovn.mech_driver.ovsdb.ovn_client [None req-c4df1985-0461-4d7d-af3e-2e2405e5352e - - - - - -] No hosting information found for port 7d68f7c1-1233-4987-9ff3-209abdf24ccd: RuntimeError: No hosting information found for port 7d68f7c1-1233-4987-9ff3-209abdf24ccd [pid: 8|app: 0|req: 998/2192] 10.0.0.57 () {32 vars in 739 bytes} [Wed Mar 11 18:06:02 2026] DELETE /v2.0/security-groups/0015bb63-2343-4927-8919-2623f6462897 => generated 0 bytes in 378 msecs (HTTP/1.1 204) 2 headers in 112 bytes (1 switches on core 0) [pid: 7|app: 0|req: 1195/2193] 10.0.0.57 () {32 vars in 725 bytes} [Wed Mar 11 18:06:02 2026] DELETE /v2.0/networks/9dd70475-8cc7-4382-a4e4-54a6291e310b => generated 0 bytes in 726 msecs (HTTP/1.1 204) 3 headers in 131 bytes (1 switches on core 0)
2026-03-11 18:06:03.471 8 INFO neutron.db.ovn_revision_numbers_db [None req-c4df1985-0461-4d7d-af3e-2e2405e5352e - - - - - -] Successfully bumped revision number for resource 7d68f7c1-1233-4987-9ff3-209abdf24ccd (type: router_ports) to 2
2026-03-11 18:06:03.511 8 INFO neutron.plugins.ml2.drivers.ovn.mech_driver.mech_driver [None req-c4df1985-0461-4d7d-af3e-2e2405e5352e - - - - - -] OVN reports status down for port: 1079735f-4f9f-4355-8b49-46d716a1c5b5
2026-03-11 18:06:03.532 8 INFO neutron.db.segments_db [None req-c8308b66-e2df-4dd8-b134-3879c23ae681 dfc22aec850346adb20846314e1f58a1 72b7e4ca1e554a8886b15df1fde185c4 - - default default] Added segment ed8b892e-96bc-4f55-8ea7-ec07eadc5764 of type geneve for network b8d310ce-8e1d-4045-a792-5a9a1ee55e5c
2026-03-11 18:06:03.622 7 INFO neutron.db.ovn_revision_numbers_db [None req-58cd4e3f-0400-41c7-af19-c90366dd1bab 085ec04587734310a08f5ecda68ef315 c6454ab9f103418c9bb0d34dee1545f0 - - default default] Successfully bumped revision number for resource 22658832-4aba-4731-90ed-097e63d64074 (type: security_groups) to 1
2026-03-11 18:06:03.634 7 INFO neutron.db.ovn_revision_numbers_db [None req-58cd4e3f-0400-41c7-af19-c90366dd1bab 085ec04587734310a08f5ecda68ef315 c6454ab9f103418c9bb0d34dee1545f0 - - default default] Successfully bumped revision number for resource 22134576-bb61-401c-9afd-ab6538ac1d31 (type: security_group_rules) to 0
2026-03-11 18:06:03.650 7 INFO neutron.db.ovn_revision_numbers_db [None req-58cd4e3f-0400-41c7-af19-c90366dd1bab 085ec04587734310a08f5ecda68ef315 c6454ab9f103418c9bb0d34dee1545f0 - - default default] Successfully bumped revision number for resource 9ac4fb9f-7c90-428b-b4d9-4706a3a3c190 (type: security_group_rules) to 0
2026-03-11 18:06:03.667 7 INFO neutron.db.ovn_revision_numbers_db [None req-58cd4e3f-0400-41c7-af19-c90366dd1bab 085ec04587734310a08f5ecda68ef315 c6454ab9f103418c9bb0d34dee1545f0 - - default default] Successfully bumped revision number for resource a56eb787-b9bc-447f-a76a-1ee74a3527b6 (type: security_group_rules) to 0
2026-03-11 18:06:03.683 7 INFO neutron.db.ovn_revision_numbers_db [None req-58cd4e3f-0400-41c7-af19-c90366dd1bab 085ec04587734310a08f5ecda68ef315 c6454ab9f103418c9bb0d34dee1545f0 - - default default] Successfully bumped revision number for resource b11f5d54-70f5-460d-ba5c-81252e27d8d7 (type: security_group_rules) to 0
2026-03-11 18:06:03.722 8 INFO neutron.db.ovn_revision_numbers_db [None req-c8308b66-e2df-4dd8-b134-3879c23ae681 dfc22aec850346adb20846314e1f58a1 72b7e4ca1e554a8886b15df1fde185c4 - - default default] Successfully bumped revision number for resource b8d310ce-8e1d-4045-a792-5a9a1ee55e5c (type: networks) to 1 [pid: 7|app: 0|req: 1196/2194] 10.0.0.57 () {32 vars in 773 bytes} [Wed Mar 11 18:06:03 2026] GET /v2.0/security-groups?tenant_id=51a6a558fcb74209bb88b9b5772e3b59&name=default => generated 2925 bytes in 307 msecs (HTTP/1.1 200) 4 headers in 158 bytes (1 switches on core 0)
2026-03-11 18:06:03.922 8 WARNING neutron.scheduler.dhcp_agent_scheduler [None req-c8308b66-e2df-4dd8-b134-3879c23ae681 dfc22aec850346adb20846314e1f58a1 72b7e4ca1e554a8886b15df1fde185c4 - - default default] No more DHCP agents
2026-03-11 18:06:03.924 8 WARNING neutron.api.rpc.agentnotifiers.dhcp_rpc_agent_api [None req-c8308b66-e2df-4dd8-b134-3879c23ae681 dfc22aec850346adb20846314e1f58a1 72b7e4ca1e554a8886b15df1fde185c4 - - default default] Unable to schedule network b8d310ce-8e1d-4045-a792-5a9a1ee55e5c: no agents available; will retry on subsequent port and subnet creation events.
2026-03-11 18:06:04.029 8 INFO neutron.plugins.ml2.drivers.ovn.mech_driver.mech_driver [None req-c4df1985-0461-4d7d-af3e-2e2405e5352e - - - - - -] OVN reports status down for port: 293e0f99-5bde-4671-bec5-3c39f4f25ba9 [pid: 7|app: 0|req: 1197/2195] 10.0.0.57 () {32 vars in 739 bytes} [Wed Mar 11 18:06:03 2026] DELETE /v2.0/security-groups/22658832-4aba-4731-90ed-097e63d64074 => generated 0 bytes in 299 msecs (HTTP/1.1 204) 2 headers in 112 bytes (1 switches on core 0) [pid: 7|app: 0|req: 1198/2196] 10.0.0.143 () {34 vars in 990 bytes} [Wed Mar 11 18:06:04 2026] GET /v2.0/ports?device_id=741c1201-b48f-43e2-bd07-a8dd90f5d2cd => generated 12 bytes in 27 msecs (HTTP/1.1 200) 4 headers in 156 bytes (1 switches on core 0)
2026-03-11 18:06:04.095 8 INFO neutron.db.ovn_revision_numbers_db [None req-c8308b66-e2df-4dd8-b134-3879c23ae681 dfc22aec850346adb20846314e1f58a1 72b7e4ca1e554a8886b15df1fde185c4 - - default default] Successfully bumped revision number for resource 293e0f99-5bde-4671-bec5-3c39f4f25ba9 (type: ports) to 1 [pid: 8|app: 0|req: 999/2197] 10.0.0.57 () {34 vars in 669 bytes} [Wed Mar 11 18:06:03 2026] POST /v2.0/networks => generated 748 bytes in 755 msecs (HTTP/1.1 201) 4 headers in 162 bytes (1 switches on core 0)
2026-03-11 18:06:04.279 7 INFO neutron.db.ovn_revision_numbers_db [None req-ec8df72f-6726-4ba1-ba2f-ea17dd1f79cb 085ec04587734310a08f5ecda68ef315 c6454ab9f103418c9bb0d34dee1545f0 - - default default] Successfully bumped revision number for resource d58686d9-e185-442f-8d4c-8220490510b6 (type: security_groups) to 1
2026-03-11 18:06:04.290 7 INFO neutron.db.ovn_revision_numbers_db [None req-ec8df72f-6726-4ba1-ba2f-ea17dd1f79cb 085ec04587734310a08f5ecda68ef315 c6454ab9f103418c9bb0d34dee1545f0 - - default default] Successfully bumped revision number for resource 1b97870a-54cb-4a14-aba4-8152f046746a (type: security_group_rules) to 0
2026-03-11 18:06:04.301 7 INFO neutron.db.ovn_revision_numbers_db [None req-ec8df72f-6726-4ba1-ba2f-ea17dd1f79cb 085ec04587734310a08f5ecda68ef315 c6454ab9f103418c9bb0d34dee1545f0 - - default default] Successfully bumped revision number for resource 2dc11561-6215-4662-9a72-ccdf0f123c2b (type: security_group_rules) to 0
2026-03-11 18:06:04.314 7 INFO neutron.db.ovn_revision_numbers_db [None req-ec8df72f-6726-4ba1-ba2f-ea17dd1f79cb 085ec04587734310a08f5ecda68ef315 c6454ab9f103418c9bb0d34dee1545f0 - - default default] Successfully bumped revision number for resource 500c1796-91c1-4060-9b09-08d2096e7c8a (type: security_group_rules) to 0
2026-03-11 18:06:04.327 7 INFO neutron.db.ovn_revision_numbers_db [None req-ec8df72f-6726-4ba1-ba2f-ea17dd1f79cb 085ec04587734310a08f5ecda68ef315 c6454ab9f103418c9bb0d34dee1545f0 - - default default] Successfully bumped revision number for resource 95cd832e-89ed-4387-b4e9-bccfaf193845 (type: security_group_rules) to 0
2026-03-11 18:06:04.354 8 WARNING neutron.scheduler.dhcp_agent_scheduler [None req-c7861539-9999-4e28-9cb2-ff9e8d016748 dfc22aec850346adb20846314e1f58a1 72b7e4ca1e554a8886b15df1fde185c4 - - default default] No more DHCP agents
2026-03-11 18:06:04.358 8 WARNING neutron.api.rpc.agentnotifiers.dhcp_rpc_agent_api [None req-c7861539-9999-4e28-9cb2-ff9e8d016748 dfc22aec850346adb20846314e1f58a1 72b7e4ca1e554a8886b15df1fde185c4 - - default default] Unable to schedule network b8d310ce-8e1d-4045-a792-5a9a1ee55e5c: no agents available; will retry on subsequent port and subnet creation events. [pid: 7|app: 0|req: 1199/2198] 10.0.0.57 () {32 vars in 773 bytes} [Wed Mar 11 18:06:04 2026] GET /v2.0/security-groups?tenant_id=9fb2e452f5cd41c29002a3fca2f242d6&name=default => generated 2925 bytes in 232 msecs (HTTP/1.1 200) 4 headers in 158 bytes (1 switches on core 0) [pid: 7|app: 0|req: 1200/2199] 10.0.0.57 () {32 vars in 739 bytes} [Wed Mar 11 18:06:04 2026] DELETE /v2.0/security-groups/d58686d9-e185-442f-8d4c-8220490510b6 => generated 0 bytes in 285 msecs (HTTP/1.1 204) 2 headers in 112 bytes (1 switches on core 0)
2026-03-11 18:06:04.945 8 INFO neutron.db.ovn_revision_numbers_db [None req-d22fdd3c-2626-4a52-a511-c164f745b4b4 - - - - - -] Successfully bumped revision number for resource 293e0f99-5bde-4671-bec5-3c39f4f25ba9 (type: ports) to 2
2026-03-11 18:06:04.980 8 INFO neutron.db.ovn_revision_numbers_db [None req-d22fdd3c-2626-4a52-a511-c164f745b4b4 - - - - - -] Successfully bumped revision number for resource 26fc30f0-18cf-436e-8242-341b463f7c69 (type: subnets) to 0 [pid: 8|app: 0|req: 1000/2202] 10.0.0.57 () {34 vars in 668 bytes} [Wed Mar 11 18:06:04 2026] POST /v2.0/subnets => generated 647 bytes in 852 msecs (HTTP/1.1 201) 4 headers in 162 bytes (1 switches on core 0)
2026-03-11 18:06:05.009 7 WARNING neutron.api.v2.base [None req-7a6c5d6b-0f2a-48bf-9fc5-8aa7923d071f dfc22aec850346adb20846314e1f58a1 72b7e4ca1e554a8886b15df1fde185c4 - - default default] An exception happened while processing the request body. The exception message is [Invalid input for target_tenant. Reason: '1234123412341234123412341234123412341234123412341234123412341234123412341234123412341234123412341234123412341234123412341234123412341234123412341234123412341234123412341234123412341234123412341234123412341234123412341234123412341234123412341234123412341234123412341234123412341234123412341234123412341234123412341234123412341234123412341234123412341234123412341234123412341234123412341234123412341234' exceeds maximum length of 255.].: webob.exc.HTTPBadRequest: Invalid input for target_tenant. Reason: '1234123412341234123412341234123412341234123412341234123412341234123412341234123412341234123412341234123412341234123412341234123412341234123412341234123412341234123412341234123412341234123412341234123412341234123412341234123412341234123412341234123412341234123412341234123412341234123412341234123412341234123412341234123412341234123412341234123412341234123412341234123412341234123412341234123412341234' exceeds maximum length of 255.
2026-03-11 18:06:05.010 7 INFO neutron.api.v2.resource [None req-7a6c5d6b-0f2a-48bf-9fc5-8aa7923d071f dfc22aec850346adb20846314e1f58a1 72b7e4ca1e554a8886b15df1fde185c4 - - default default] create failed (client error): Invalid input for target_tenant. Reason: '1234123412341234123412341234123412341234123412341234123412341234123412341234123412341234123412341234123412341234123412341234123412341234123412341234123412341234123412341234123412341234123412341234123412341234123412341234123412341234123412341234123412341234123412341234123412341234123412341234123412341234123412341234123412341234123412341234123412341234123412341234123412341234123412341234123412341234' exceeds maximum length of 255. [pid: 7|app: 0|req: 1203/2203] 10.0.0.57 () {34 vars in 680 bytes} [Wed Mar 11 18:06:05 2026] POST /v2.0/rbac-policies => generated 547 bytes in 11 msecs (HTTP/1.1 400) 4 headers in 166 bytes (1 switches on core 0) [pid: 7|app: 0|req: 1204/2204] 10.0.0.143 () {34 vars in 990 bytes} [Wed Mar 11 18:06:05 2026] GET /v2.0/ports?device_id=741c1201-b48f-43e2-bd07-a8dd90f5d2cd => generated 12 bytes in 26 msecs (HTTP/1.1 200) 4 headers in 156 bytes (1 switches on core 0)
2026-03-11 18:06:05.190 8 INFO neutron_taas.services.taas.taas_plugin [None req-cd115e41-5cfd-4320-b4a5-8fc5eb86c023 dfc22aec850346adb20846314e1f58a1 72b7e4ca1e554a8886b15df1fde185c4 - - default default] TaaS: Handle Delete Port: 293e0f99-5bde-4671-bec5-3c39f4f25ba9
2026-03-11 18:06:05.193 8 INFO neutron_taas.services.taas.tap_mirror_plugin [None req-cd115e41-5cfd-4320-b4a5-8fc5eb86c023 dfc22aec850346adb20846314e1f58a1 72b7e4ca1e554a8886b15df1fde185c4 - - default default] Tap Mirror: Handle Delete Port: 293e0f99-5bde-4671-bec5-3c39f4f25ba9
