2026-04-07 01:15:59.558 9 INFO neutron.api.wsgi [req-ba8d2c88-7016-4f55-8621-5499649e0210 req-3f71bcd3-4241-4b03-b07e-605769cf2fc4 7d0d2603bc434069ac4d5dffa9f56548 e79fd64fc181478fa706ac5a07b28d28 - - 7553c7f0a3af4487b0a34e18e6fb07f9 7553c7f0a3af4487b0a34e18e6fb07f9] 199.204.45.157 "GET /v2.0/ports?device_id=d48a0a8a-19c9-40cf-b6cf-585e32e0372d&fields=binding%3Ahost_id&fields=binding%3Avif_type HTTP/1.1" status: 200 len: 265 time: 0.0512288
2026-04-07 01:15:59.795 9 WARNING neutron.scheduler.dhcp_agent_scheduler [req-e6d37b88-841d-4873-85d7-261ebed64925 req-8046cb22-4a81-4bae-9074-d9ab8dcc417f ba100c38ccd6449fa13ad3686dc38316 c5b8f20faeed44f2b20eca3e34789388 - - default default] No more DHCP agents
2026-04-07 01:15:59.797 9 WARNING neutron.api.rpc.agentnotifiers.dhcp_rpc_agent_api [req-e6d37b88-841d-4873-85d7-261ebed64925 req-8046cb22-4a81-4bae-9074-d9ab8dcc417f ba100c38ccd6449fa13ad3686dc38316 c5b8f20faeed44f2b20eca3e34789388 - - default default] Unable to schedule network adc92a3b-b2a6-4b1a-85d0-c618641d09e0: no agents available; will retry on subsequent port and subnet creation events.
2026-04-07 01:15:59.956 9 INFO neutron.db.ovn_revision_numbers_db [req-e6d37b88-841d-4873-85d7-261ebed64925 req-8046cb22-4a81-4bae-9074-d9ab8dcc417f ba100c38ccd6449fa13ad3686dc38316 c5b8f20faeed44f2b20eca3e34789388 - - default default] Successfully bumped revision number for resource c609ccf6-02e4-4b3e-bbf3-8c9dc9b79063 (type: ports) to 1
2026-04-07 01:15:59.971 9 INFO neutron.plugins.ml2.drivers.ovn.mech_driver.ovsdb.commands [None req-357bc24b-5dcd-49b4-a6cc-57cf2d4b7823 - - - - - -] Schedule LRP lrp-7847e883-a7c6-4c2d-be12-206d54c1cb61 on gateway dedb4208-68ee-43a9-b1d9-28a114a3ebd9 with priority 1
2026-04-07 01:15:59.981 9 INFO neutron.api.wsgi [req-e6d37b88-841d-4873-85d7-261ebed64925 req-8046cb22-4a81-4bae-9074-d9ab8dcc417f ba100c38ccd6449fa13ad3686dc38316 c5b8f20faeed44f2b20eca3e34789388 - - default default] 199.204.45.157 "POST /v2.0/ports HTTP/1.1" status: 201 len: 1162 time: 0.5627668
2026-04-07 01:15:59.983 9 INFO neutron.plugins.ml2.drivers.ovn.mech_driver.mech_driver [None req-6cc37caf-65c1-49e3-b460-9b2b5d19300a - - - - - -] OVN reports status up for port: 7847e883-a7c6-4c2d-be12-206d54c1cb61 /var/lib/openstack/lib/python3.12/site-packages/pycadf/identifier.py:71: UserWarning: Invalid uuid: neutron. To ensure interoperability, identifiers should be a valid uuid. warnings.warn(('Invalid uuid: %s. To ensure interoperability, '
2026-04-07 01:16:00.007 9 INFO neutron.plugins.ml2.drivers.ovn.mech_driver.ovsdb.ovsdb_monitor [None req-93b3ee13-0b17-49d4-b34b-4fd02d30e097 - - - - - -] Router 7e94693e-0703-4a63-b2cd-9f5237a35623 is bound to host instance
2026-04-07 01:16:00.012 9 INFO neutron.plugins.ml2.plugin [None req-6cc37caf-65c1-49e3-b460-9b2b5d19300a - - - - - -] Attempt 1 to provision port 7847e883-a7c6-4c2d-be12-206d54c1cb61
2026-04-07 01:16:00.053 9 INFO neutron.db.ovn_revision_numbers_db [None req-19584253-ce71-4335-85a0-2dad95f62e43 a846336fdd274255bb1080d3b350db62 c65d38dfb74b4fca8ed94030ed03ca8e - - default default] Successfully bumped revision number for resource 7847e883-a7c6-4c2d-be12-206d54c1cb61 (type: router_ports) to 1
2026-04-07 01:16:00.180 9 INFO neutron.db.ovn_revision_numbers_db [None req-19584253-ce71-4335-85a0-2dad95f62e43 a846336fdd274255bb1080d3b350db62 c65d38dfb74b4fca8ed94030ed03ca8e - - default default] Successfully bumped revision number for resource 7e94693e-0703-4a63-b2cd-9f5237a35623 (type: routers) to 2
2026-04-07 01:16:00.201 9 INFO neutron.api.wsgi [None req-19584253-ce71-4335-85a0-2dad95f62e43 a846336fdd274255bb1080d3b350db62 c65d38dfb74b4fca8ed94030ed03ca8e - - default default] 10.0.0.138 "POST /v2.0/routers HTTP/1.1" status: 201 len: 1165 time: 1.8374023 /var/lib/openstack/lib/python3.12/site-packages/pycadf/identifier.py:71: UserWarning: Invalid uuid: neutron. To ensure interoperability, identifiers should be a valid uuid. warnings.warn(('Invalid uuid: %s. To ensure interoperability, '
2026-04-07 01:16:00.489 9 INFO neutron.db.ovn_revision_numbers_db [req-e6d37b88-841d-4873-85d7-261ebed64925 req-667cdfc4-6063-4477-9714-a20de73d60fc 7d0d2603bc434069ac4d5dffa9f56548 e79fd64fc181478fa706ac5a07b28d28 - - 7553c7f0a3af4487b0a34e18e6fb07f9 7553c7f0a3af4487b0a34e18e6fb07f9] Successfully bumped revision number for resource c609ccf6-02e4-4b3e-bbf3-8c9dc9b79063 (type: ports) to 2
2026-04-07 01:16:00.550 9 INFO neutron.api.wsgi [req-a5a22bb2-fcdc-4127-bf42-f4a32c7ae8dc req-f368583a-2571-4733-a9f2-f7b4d140de64 ba100c38ccd6449fa13ad3686dc38316 c5b8f20faeed44f2b20eca3e34789388 - - default default] 10.0.0.34 "GET /v2.0/ports?device_id=3d481cbf-ed6f-4daf-b917-254500644b35 HTTP/1.1" status: 200 len: 1172 time: 0.0953472
2026-04-07 01:16:00.615 10 INFO neutron.db.ovn_revision_numbers_db [None req-2ea4c174-b187-4ef9-bb32-ce1815023f3a a846336fdd274255bb1080d3b350db62 c65d38dfb74b4fca8ed94030ed03ca8e - - default default] Successfully bumped revision number for resource 7389bc7b-95f6-4b48-bdfb-fa1ba6514fa1 (type: security_groups) to 1
2026-04-07 01:16:00.621 9 INFO neutron.api.wsgi [req-ba8d2c88-7016-4f55-8621-5499649e0210 req-729229a6-7406-4236-958d-3f32762b042b 7d0d2603bc434069ac4d5dffa9f56548 e79fd64fc181478fa706ac5a07b28d28 - - 7553c7f0a3af4487b0a34e18e6fb07f9 7553c7f0a3af4487b0a34e18e6fb07f9] 199.204.45.157 "GET /v2.0/ports?tenant_id=c5b8f20faeed44f2b20eca3e34789388&device_id=d48a0a8a-19c9-40cf-b6cf-585e32e0372d HTTP/1.1" status: 200 len: 1413 time: 0.0487177
2026-04-07 01:16:00.631 10 INFO neutron.db.ovn_revision_numbers_db [None req-2ea4c174-b187-4ef9-bb32-ce1815023f3a a846336fdd274255bb1080d3b350db62 c65d38dfb74b4fca8ed94030ed03ca8e - - default default] Successfully bumped revision number for resource 0169ec9a-1f0a-4f30-966d-591f105c30f9 (type: security_group_rules) to 0
2026-04-07 01:16:00.642 9 INFO neutron.api.wsgi [req-a5a22bb2-fcdc-4127-bf42-f4a32c7ae8dc req-f8e5b28d-36c8-4d6b-b32b-7ea94888b59b ba100c38ccd6449fa13ad3686dc38316 c5b8f20faeed44f2b20eca3e34789388 - - default default] 10.0.0.34 "GET /v2.0/security-groups?id=38379bc9-4ec9-403e-a78f-d27bb8ab9e24&fields=id&fields=name HTTP/1.1" status: 200 len: 313 time: 0.0845351
2026-04-07 01:16:00.655 9 INFO neutron.db.ovn_revision_numbers_db [None req-43f851a3-be4d-48a8-b0d7-989d92ee6912 - - - - - -] Successfully bumped revision number for resource 7847e883-a7c6-4c2d-be12-206d54c1cb61 (type: ports) to 1
2026-04-07 01:16:00.667 10 INFO neutron.db.ovn_revision_numbers_db [None req-2ea4c174-b187-4ef9-bb32-ce1815023f3a a846336fdd274255bb1080d3b350db62 c65d38dfb74b4fca8ed94030ed03ca8e - - default default] Successfully bumped revision number for resource 02f5cd5f-4882-4c25-9307-0af538b21ae9 (type: security_group_rules) to 0
2026-04-07 01:16:00.682 10 INFO neutron.db.ovn_revision_numbers_db [None req-2ea4c174-b187-4ef9-bb32-ce1815023f3a a846336fdd274255bb1080d3b350db62 c65d38dfb74b4fca8ed94030ed03ca8e - - default default] Successfully bumped revision number for resource 34ab2615-74cc-40e9-b9d8-3341fc007d8a (type: security_group_rules) to 0
2026-04-07 01:16:00.686 10 WARNING neutron.scheduler.dhcp_agent_scheduler [None req-bd162129-b646-4b40-b2f3-d423450665c9 a846336fdd274255bb1080d3b350db62 c65d38dfb74b4fca8ed94030ed03ca8e - - default default] No more DHCP agents
2026-04-07 01:16:00.688 10 WARNING neutron.api.rpc.agentnotifiers.dhcp_rpc_agent_api [None req-bd162129-b646-4b40-b2f3-d423450665c9 a846336fdd274255bb1080d3b350db62 c65d38dfb74b4fca8ed94030ed03ca8e - - default default] Unable to schedule network 5bbf5c07-cc59-42b8-a68f-e942c0b867ce: no agents available; will retry on subsequent port and subnet creation events.
2026-04-07 01:16:00.698 10 INFO neutron.db.ovn_revision_numbers_db [None req-2ea4c174-b187-4ef9-bb32-ce1815023f3a a846336fdd274255bb1080d3b350db62 c65d38dfb74b4fca8ed94030ed03ca8e - - default default] Successfully bumped revision number for resource 54f9fa05-b093-43e7-b66a-1b91852237b3 (type: security_group_rules) to 0
2026-04-07 01:16:00.754 10 INFO neutron.api.wsgi [None req-2ea4c174-b187-4ef9-bb32-ce1815023f3a a846336fdd274255bb1080d3b350db62 c65d38dfb74b4fca8ed94030ed03ca8e - - default default] 10.0.0.138 "GET /v2.0/security-groups?tenant_id=4228be06de274fb6bf4fbd1347b45088&name=default HTTP/1.1" status: 200 len: 3120 time: 0.3799217
2026-04-07 01:16:00.806 9 INFO neutron.db.ovn_revision_numbers_db [req-e6d37b88-841d-4873-85d7-261ebed64925 req-667cdfc4-6063-4477-9714-a20de73d60fc 7d0d2603bc434069ac4d5dffa9f56548 e79fd64fc181478fa706ac5a07b28d28 - - 7553c7f0a3af4487b0a34e18e6fb07f9 7553c7f0a3af4487b0a34e18e6fb07f9] Successfully bumped revision number for resource c609ccf6-02e4-4b3e-bbf3-8c9dc9b79063 (type: ports) to 4
2026-04-07 01:16:00.830 9 INFO neutron.api.wsgi [req-e6d37b88-841d-4873-85d7-261ebed64925 req-667cdfc4-6063-4477-9714-a20de73d60fc 7d0d2603bc434069ac4d5dffa9f56548 e79fd64fc181478fa706ac5a07b28d28 - - 7553c7f0a3af4487b0a34e18e6fb07f9 7553c7f0a3af4487b0a34e18e6fb07f9] 199.204.45.157 "PUT /v2.0/ports/c609ccf6-02e4-4b3e-bbf3-8c9dc9b79063 HTTP/1.1" status: 200 len: 1408 time: 0.8353095
2026-04-07 01:16:00.852 10 INFO neutron.db.ovn_revision_numbers_db [None req-bd162129-b646-4b40-b2f3-d423450665c9 a846336fdd274255bb1080d3b350db62 c65d38dfb74b4fca8ed94030ed03ca8e - - default default] Successfully bumped revision number for resource d9a50006-7b12-4ace-8406-9a4fd1bf7d1b (type: ports) to 1
2026-04-07 01:16:00.860 9 INFO neutron.notifiers.nova [-] Nova event matching ['req-b0686acc-3604-4622-bfe0-db57a32d8eb7'] response: {'name': 'network-changed', 'server_uuid': '3d481cbf-ed6f-4daf-b917-254500644b35', 'tag': 'c609ccf6-02e4-4b3e-bbf3-8c9dc9b79063', 'status': 'completed', 'code': 200}
2026-04-07 01:16:01.000 9 INFO neutron.db.ovn_revision_numbers_db [None req-43f851a3-be4d-48a8-b0d7-989d92ee6912 - - - - - -] Successfully bumped revision number for resource 7847e883-a7c6-4c2d-be12-206d54c1cb61 (type: ports) to 4
2026-04-07 01:16:01.013 10 INFO neutron.api.wsgi [None req-6320a867-f3df-40d5-8d0c-2a568da18788 a846336fdd274255bb1080d3b350db62 c65d38dfb74b4fca8ed94030ed03ca8e - - default default] 10.0.0.138 "DELETE /v2.0/security-groups/7389bc7b-95f6-4b48-bdfb-fa1ba6514fa1 HTTP/1.1" status: 204 len: 168 time: 0.2532375 /var/lib/openstack/lib/python3.12/site-packages/pycadf/identifier.py:71: UserWarning: Invalid uuid: neutron. To ensure interoperability, identifiers should be a valid uuid. warnings.warn(('Invalid uuid: %s. To ensure interoperability, '
2026-04-07 01:16:01.177 9 INFO neutron.api.wsgi [req-ba8d2c88-7016-4f55-8621-5499649e0210 req-d25ec94b-8d8a-4884-8384-bf43b58490da 7d0d2603bc434069ac4d5dffa9f56548 e79fd64fc181478fa706ac5a07b28d28 - - 7553c7f0a3af4487b0a34e18e6fb07f9 7553c7f0a3af4487b0a34e18e6fb07f9] 199.204.45.157 "GET /v2.0/networks?id=adc92a3b-b2a6-4b1a-85d0-c618641d09e0 HTTP/1.1" status: 200 len: 959 time: 0.0448842
2026-04-07 01:16:01.202 9 INFO neutron.api.wsgi [req-ba8d2c88-7016-4f55-8621-5499649e0210 req-c0da68b9-dc9f-4410-91dd-338929a4324c 7d0d2603bc434069ac4d5dffa9f56548 e79fd64fc181478fa706ac5a07b28d28 - - 7553c7f0a3af4487b0a34e18e6fb07f9 7553c7f0a3af4487b0a34e18e6fb07f9] 199.204.45.157 "GET /v2.0/floatingips?fixed_ip_address=10.100.0.12&port_id=07dd5e33-b735-4aab-b55b-51a4b92bc468 HTTP/1.1" status: 200 len: 217 time: 0.0181763
2026-04-07 01:16:01.237 9 INFO neutron.api.wsgi [req-ba8d2c88-7016-4f55-8621-5499649e0210 req-d735c579-c48d-4a63-8faf-496ae41cd909 7d0d2603bc434069ac4d5dffa9f56548 e79fd64fc181478fa706ac5a07b28d28 - - 7553c7f0a3af4487b0a34e18e6fb07f9 7553c7f0a3af4487b0a34e18e6fb07f9] 199.204.45.157 "GET /v2.0/subnets?id=b38eb7af-72e6-4ba7-bf80-a09b723b9938 HTTP/1.1" status: 200 len: 876 time: 0.0285296
2026-04-07 01:16:01.271 9 INFO neutron.api.wsgi [req-ba8d2c88-7016-4f55-8621-5499649e0210 req-3ae2433a-71c0-4a0a-845a-3946fc3b9515 7d0d2603bc434069ac4d5dffa9f56548 e79fd64fc181478fa706ac5a07b28d28 - - 7553c7f0a3af4487b0a34e18e6fb07f9 7553c7f0a3af4487b0a34e18e6fb07f9] 199.204.45.157 "GET /v2.0/ports?network_id=adc92a3b-b2a6-4b1a-85d0-c618641d09e0&device_owner=network%3Adhcp HTTP/1.1" status: 200 len: 210 time: 0.0250044
2026-04-07 01:16:01.338 9 INFO neutron.api.wsgi [req-ba8d2c88-7016-4f55-8621-5499649e0210 req-ec758961-81e4-4894-a13b-6ad20b2344c6 7d0d2603bc434069ac4d5dffa9f56548 e79fd64fc181478fa706ac5a07b28d28 - - 7553c7f0a3af4487b0a34e18e6fb07f9 7553c7f0a3af4487b0a34e18e6fb07f9] 199.204.45.157 "GET /v2.0/networks/adc92a3b-b2a6-4b1a-85d0-c618641d09e0?fields=segments HTTP/1.1" status: 200 len: 212 time: 0.0601394
2026-04-07 01:16:01.379 9 INFO neutron.db.ovn_revision_numbers_db [None req-43f851a3-be4d-48a8-b0d7-989d92ee6912 - - - - - -] Successfully bumped revision number for resource 7847e883-a7c6-4c2d-be12-206d54c1cb61 (type: ports) to 5
2026-04-07 01:16:01.412 9 INFO neutron.api.wsgi [req-21940e9e-4af5-4f18-8a91-9d6049002325 req-0d181d8b-ef04-423b-9958-ef22dd2e6428 7d0d2603bc434069ac4d5dffa9f56548 e79fd64fc181478fa706ac5a07b28d28 - - 7553c7f0a3af4487b0a34e18e6fb07f9 7553c7f0a3af4487b0a34e18e6fb07f9] 199.204.45.157 "GET /v2.0/ports?tenant_id=c5b8f20faeed44f2b20eca3e34789388&device_id=3d481cbf-ed6f-4daf-b917-254500644b35 HTTP/1.1" status: 200 len: 1411 time: 0.0421178
2026-04-07 01:16:01.436 9 INFO neutron.api.wsgi [req-ba8d2c88-7016-4f55-8621-5499649e0210 req-db741cd6-74c0-4dfc-b830-0e961388e963 7d0d2603bc434069ac4d5dffa9f56548 e79fd64fc181478fa706ac5a07b28d28 - - 7553c7f0a3af4487b0a34e18e6fb07f9 7553c7f0a3af4487b0a34e18e6fb07f9] 199.204.45.157 "GET /v2.0/networks/adc92a3b-b2a6-4b1a-85d0-c618641d09e0?fields=provider%3Aphysical_network&fields=provider%3Anetwork_type HTTP/1.1" status: 200 len: 277 time: 0.0919478
2026-04-07 01:16:01.438 10 INFO neutron.db.ovn_revision_numbers_db [None req-bd162129-b646-4b40-b2f3-d423450665c9 a846336fdd274255bb1080d3b350db62 c65d38dfb74b4fca8ed94030ed03ca8e - - default default] Successfully bumped revision number for resource d9a50006-7b12-4ace-8406-9a4fd1bf7d1b (type: ports) to 1
2026-04-07 01:16:01.473 9 INFO neutron.db.ovn_revision_numbers_db [None req-b8d0dd34-a2e5-4f79-a905-3d3b374cf83a a846336fdd274255bb1080d3b350db62 c65d38dfb74b4fca8ed94030ed03ca8e - - default default] Successfully bumped revision number for resource 23cb4567-a18c-40a4-bf47-aae92c0909a4 (type: security_groups) to 1
2026-04-07 01:16:01.485 9 INFO neutron.api.wsgi [req-21940e9e-4af5-4f18-8a91-9d6049002325 req-37ac173f-6cf9-41fa-bd5e-c71fb117e3c2 7d0d2603bc434069ac4d5dffa9f56548 e79fd64fc181478fa706ac5a07b28d28 - - 7553c7f0a3af4487b0a34e18e6fb07f9 7553c7f0a3af4487b0a34e18e6fb07f9] 199.204.45.157 "GET /v2.0/networks?tenant_id=c5b8f20faeed44f2b20eca3e34789388&shared=False HTTP/1.1" status: 200 len: 959 time: 0.0664308
2026-04-07 01:16:01.493 10 WARNING neutron.scheduler.dhcp_agent_scheduler [None req-bd162129-b646-4b40-b2f3-d423450665c9 a846336fdd274255bb1080d3b350db62 c65d38dfb74b4fca8ed94030ed03ca8e - - default default] No more DHCP agents
2026-04-07 01:16:01.495 10 WARNING neutron.api.rpc.agentnotifiers.dhcp_rpc_agent_api [None req-bd162129-b646-4b40-b2f3-d423450665c9 a846336fdd274255bb1080d3b350db62 c65d38dfb74b4fca8ed94030ed03ca8e - - default default] Unable to schedule network 5bbf5c07-cc59-42b8-a68f-e942c0b867ce: no agents available; will retry on subsequent port and subnet creation events.
2026-04-07 01:16:01.500 9 INFO neutron.db.ovn_revision_numbers_db [None req-b8d0dd34-a2e5-4f79-a905-3d3b374cf83a a846336fdd274255bb1080d3b350db62 c65d38dfb74b4fca8ed94030ed03ca8e - - default default] Successfully bumped revision number for resource 4e98ba83-1484-4535-926a-1b8634fcae79 (type: security_group_rules) to 0
2026-04-07 01:16:01.520 9 INFO neutron.db.ovn_revision_numbers_db [None req-b8d0dd34-a2e5-4f79-a905-3d3b374cf83a a846336fdd274255bb1080d3b350db62 c65d38dfb74b4fca8ed94030ed03ca8e - - default default] Successfully bumped revision number for resource 68435c73-6849-4fa7-8e68-16bfb58f4286 (type: security_group_rules) to 0
2026-04-07 01:16:01.535 9 INFO neutron.db.ovn_revision_numbers_db [None req-b8d0dd34-a2e5-4f79-a905-3d3b374cf83a a846336fdd274255bb1080d3b350db62 c65d38dfb74b4fca8ed94030ed03ca8e - - default default] Successfully bumped revision number for resource d9a5691e-d467-47a5-a1ab-144b16e58706 (type: security_group_rules) to 0
2026-04-07 01:16:01.539 9 INFO neutron.api.wsgi [req-21940e9e-4af5-4f18-8a91-9d6049002325 req-bf600f88-6ab1-47d4-ab6d-d1cc4e41acc0 7d0d2603bc434069ac4d5dffa9f56548 e79fd64fc181478fa706ac5a07b28d28 - - 7553c7f0a3af4487b0a34e18e6fb07f9 7553c7f0a3af4487b0a34e18e6fb07f9] 199.204.45.157 "GET /v2.0/networks?shared=True HTTP/1.1" status: 200 len: 952 time: 0.0472777
2026-04-07 01:16:01.550 9 INFO neutron.db.ovn_revision_numbers_db [None req-b8d0dd34-a2e5-4f79-a905-3d3b374cf83a a846336fdd274255bb1080d3b350db62 c65d38dfb74b4fca8ed94030ed03ca8e - - default default] Successfully bumped revision number for resource fc8930a2-ebd4-4bc2-99da-4fecc5045fb8 (type: security_group_rules) to 0
2026-04-07 01:16:01.579 9 INFO neutron.api.wsgi [None req-b8d0dd34-a2e5-4f79-a905-3d3b374cf83a a846336fdd274255bb1080d3b350db62 c65d38dfb74b4fca8ed94030ed03ca8e - - default default] 10.0.0.138 "GET /v2.0/security-groups?tenant_id=bb97b320c954435fb1dbe4102afda551&name=default HTTP/1.1" status: 200 len: 3120 time: 0.5134013
2026-04-07 01:16:01.744 9 INFO neutron.api.wsgi [req-dc4e0e44-15ab-4e4c-90a0-30fc0ce78a4d req-ddbe938f-0db9-4e46-881b-b3a7548bca86 ba100c38ccd6449fa13ad3686dc38316 c5b8f20faeed44f2b20eca3e34789388 - - default default] 10.0.0.34 "GET /v2.0/ports?device_id=3d481cbf-ed6f-4daf-b917-254500644b35 HTTP/1.1" status: 200 len: 1172 time: 0.0401986
2026-04-07 01:16:01.783 9 INFO neutron.api.wsgi [req-dc4e0e44-15ab-4e4c-90a0-30fc0ce78a4d req-9ca0d261-769b-4e77-9cc6-1d0027dba20d ba100c38ccd6449fa13ad3686dc38316 c5b8f20faeed44f2b20eca3e34789388 - - default default] 10.0.0.34 "GET /v2.0/security-groups?id=38379bc9-4ec9-403e-a78f-d27bb8ab9e24&fields=id&fields=name HTTP/1.1" status: 200 len: 313 time: 0.0353727
2026-04-07 01:16:01.788 9 INFO neutron.api.wsgi [None req-9ec5674a-6dae-4510-9100-7db9594ac85a a846336fdd274255bb1080d3b350db62 c65d38dfb74b4fca8ed94030ed03ca8e - - default default] 10.0.0.138 "DELETE /v2.0/security-groups/23cb4567-a18c-40a4-bf47-aae92c0909a4 HTTP/1.1" status: 204 len: 168 time: 0.2038131
2026-04-07 01:16:02.018 9 INFO neutron.db.ovn_revision_numbers_db [None req-cdbf2fa2-6678-41de-88e9-a1aea1771244 a846336fdd274255bb1080d3b350db62 c65d38dfb74b4fca8ed94030ed03ca8e - - default default] Successfully bumped revision number for resource 85f82f74-2760-43b1-9814-1df3dc30bd6e (type: security_groups) to 1
2026-04-07 01:16:02.032 9 INFO neutron.db.ovn_revision_numbers_db [None req-cdbf2fa2-6678-41de-88e9-a1aea1771244 a846336fdd274255bb1080d3b350db62 c65d38dfb74b4fca8ed94030ed03ca8e - - default default] Successfully bumped revision number for resource 010dbb56-14f7-4cbc-8afb-c7d571c4baeb (type: security_group_rules) to 0
2026-04-07 01:16:02.045 9 INFO neutron.db.ovn_revision_numbers_db [None req-cdbf2fa2-6678-41de-88e9-a1aea1771244 a846336fdd274255bb1080d3b350db62 c65d38dfb74b4fca8ed94030ed03ca8e - - default default] Successfully bumped revision number for resource 52cab132-37d3-4d33-9497-79ae22a8b07c (type: security_group_rules) to 0
2026-04-07 01:16:02.057 9 INFO neutron.db.ovn_revision_numbers_db [None req-cdbf2fa2-6678-41de-88e9-a1aea1771244 a846336fdd274255bb1080d3b350db62 c65d38dfb74b4fca8ed94030ed03ca8e - - default default] Successfully bumped revision number for resource 922dcacf-9064-4bbe-9f98-c71400839665 (type: security_group_rules) to 0
2026-04-07 01:16:02.075 9 INFO neutron.db.ovn_revision_numbers_db [None req-cdbf2fa2-6678-41de-88e9-a1aea1771244 a846336fdd274255bb1080d3b350db62 c65d38dfb74b4fca8ed94030ed03ca8e - - default default] Successfully bumped revision number for resource c7db5fed-dfa5-42c1-adaa-c2a426c79684 (type: security_group_rules) to 0
2026-04-07 01:16:02.107 9 INFO neutron.api.wsgi [None req-cdbf2fa2-6678-41de-88e9-a1aea1771244 a846336fdd274255bb1080d3b350db62 c65d38dfb74b4fca8ed94030ed03ca8e - - default default] 10.0.0.138 "GET /v2.0/security-groups?tenant_id=3fcaac84840846f4a0eb918fa5427488&name=default HTTP/1.1" status: 200 len: 3120 time: 0.1845546
2026-04-07 01:16:02.211 9 INFO neutron.plugins.ml2.drivers.ovn.mech_driver.mech_driver [None req-6cc37caf-65c1-49e3-b460-9b2b5d19300a - - - - - -] OVN reports status up for port: d9a50006-7b12-4ace-8406-9a4fd1bf7d1b
2026-04-07 01:16:02.224 9 INFO neutron.plugins.ml2.plugin [None req-6cc37caf-65c1-49e3-b460-9b2b5d19300a - - - - - -] Attempt 1 to provision port d9a50006-7b12-4ace-8406-9a4fd1bf7d1b
2026-04-07 01:16:02.407 10 INFO neutron.db.ovn_revision_numbers_db [None req-bd162129-b646-4b40-b2f3-d423450665c9 a846336fdd274255bb1080d3b350db62 c65d38dfb74b4fca8ed94030ed03ca8e - - default default] Successfully bumped revision number for resource d9a50006-7b12-4ace-8406-9a4fd1bf7d1b (type: router_ports) to 1
2026-04-07 01:16:02.414 10 INFO neutron.api.wsgi [None req-bd162129-b646-4b40-b2f3-d423450665c9 a846336fdd274255bb1080d3b350db62 c65d38dfb74b4fca8ed94030ed03ca8e - - default default] 10.0.0.138 "PUT /v2.0/routers/7e94693e-0703-4a63-b2cd-9f5237a35623/add_router_interface HTTP/1.1" status: 200 len: 503 time: 2.2067893
2026-04-07 01:16:02.491 9 INFO neutron.api.wsgi [None req-5263a9f7-11f1-4419-954e-3ff794700cdf a846336fdd274255bb1080d3b350db62 c65d38dfb74b4fca8ed94030ed03ca8e - - default default] 10.0.0.138 "DELETE /v2.0/security-groups/85f82f74-2760-43b1-9814-1df3dc30bd6e HTTP/1.1" status: 204 len: 168 time: 0.3755989
2026-04-07 01:16:02.601 9 INFO neutron.api.wsgi [req-e6d37b88-841d-4873-85d7-261ebed64925 req-8cbb8038-3260-495c-91ee-9259116a79c9 7d0d2603bc434069ac4d5dffa9f56548 e79fd64fc181478fa706ac5a07b28d28 - - 7553c7f0a3af4487b0a34e18e6fb07f9 7553c7f0a3af4487b0a34e18e6fb07f9] 199.204.45.157 "GET /v2.0/ports?tenant_id=c5b8f20faeed44f2b20eca3e34789388&device_id=3d481cbf-ed6f-4daf-b917-254500644b35 HTTP/1.1" status: 200 len: 1411 time: 0.0445712
2026-04-07 01:16:02.633 9 INFO neutron.api.wsgi [req-e6d37b88-841d-4873-85d7-261ebed64925 req-fb6abdf8-f1e5-46de-9589-c179e861623f 7d0d2603bc434069ac4d5dffa9f56548 e79fd64fc181478fa706ac5a07b28d28 - - 7553c7f0a3af4487b0a34e18e6fb07f9 7553c7f0a3af4487b0a34e18e6fb07f9] 199.204.45.157 "GET /v2.0/floatingips?fixed_ip_address=10.100.0.13&port_id=c609ccf6-02e4-4b3e-bbf3-8c9dc9b79063 HTTP/1.1" status: 200 len: 217 time: 0.0273979
2026-04-07 01:16:02.684 9 INFO neutron.api.wsgi [req-e6d37b88-841d-4873-85d7-261ebed64925 req-f0ab6827-8804-4734-99bd-f8a46a331bd8 7d0d2603bc434069ac4d5dffa9f56548 e79fd64fc181478fa706ac5a07b28d28 - - 7553c7f0a3af4487b0a34e18e6fb07f9 7553c7f0a3af4487b0a34e18e6fb07f9] 199.204.45.157 "GET /v2.0/subnets?id=b38eb7af-72e6-4ba7-bf80-a09b723b9938 HTTP/1.1" status: 200 len: 876 time: 0.0468719
2026-04-07 01:16:02.707 9 INFO neutron.api.wsgi [req-e6d37b88-841d-4873-85d7-261ebed64925 req-b0547f55-bad9-4143-b037-e6f7c4dfb62d 7d0d2603bc434069ac4d5dffa9f56548 e79fd64fc181478fa706ac5a07b28d28 - - 7553c7f0a3af4487b0a34e18e6fb07f9 7553c7f0a3af4487b0a34e18e6fb07f9] 199.204.45.157 "GET /v2.0/ports?network_id=adc92a3b-b2a6-4b1a-85d0-c618641d09e0&device_owner=network%3Adhcp HTTP/1.1" status: 200 len: 210 time: 0.0183403
2026-04-07 01:16:02.752 9 INFO neutron.db.ovn_revision_numbers_db [None req-6cc37caf-65c1-49e3-b460-9b2b5d19300a - - - - - -] Successfully bumped revision number for resource d9a50006-7b12-4ace-8406-9a4fd1bf7d1b (type: ports) to 2
2026-04-07 01:16:02.761 9 INFO neutron.api.wsgi [req-e6d37b88-841d-4873-85d7-261ebed64925 req-ff648d6e-1da6-4e5c-8a80-20d080818864 7d0d2603bc434069ac4d5dffa9f56548 e79fd64fc181478fa706ac5a07b28d28 - - 7553c7f0a3af4487b0a34e18e6fb07f9 7553c7f0a3af4487b0a34e18e6fb07f9] 199.204.45.157 "GET /v2.0/networks/adc92a3b-b2a6-4b1a-85d0-c618641d09e0?fields=segments HTTP/1.1" status: 200 len: 212 time: 0.0475144
2026-04-07 01:16:02.810 9 INFO neutron.api.wsgi [req-e6d37b88-841d-4873-85d7-261ebed64925 req-1ed1d8fc-5c3a-408f-b9e5-86ad3f49c12f 7d0d2603bc434069ac4d5dffa9f56548 e79fd64fc181478fa706ac5a07b28d28 - - 7553c7f0a3af4487b0a34e18e6fb07f9 7553c7f0a3af4487b0a34e18e6fb07f9] 199.204.45.157 "GET /v2.0/networks/adc92a3b-b2a6-4b1a-85d0-c618641d09e0?fields=provider%3Aphysical_network&fields=provider%3Anetwork_type HTTP/1.1" status: 200 len: 277 time: 0.0421507
2026-04-07 01:16:02.902 9 INFO neutron.api.wsgi [req-1304ca74-e4f6-4fe0-879f-7851ca0e94cd req-6c4eb0c3-742c-4811-89ab-cde0f33d51e5 ba100c38ccd6449fa13ad3686dc38316 c5b8f20faeed44f2b20eca3e34789388 - - default default] 10.0.0.34 "GET /v2.0/ports?device_id=3d481cbf-ed6f-4daf-b917-254500644b35 HTTP/1.1" status: 200 len: 1172 time: 0.0437603
2026-04-07 01:16:02.922 10 WARNING neutron_lib.context [None req-19ace18a-4714-4258-8ea5-78543ba74682 6cad80b95beb4459a915ced46b9ac107 8f6e0bdd8f654eb69b954505318d2906 - - default default] Method 'is_advsvc' is deprecated since 2023.2 release (neutron-lib 3.8.0) and will be removed once support for the old RBAC API policies will be removed from Neutron. Please use method 'is_service_role' instead.
2026-04-07 01:16:02.944 9 INFO neutron.api.wsgi [req-1304ca74-e4f6-4fe0-879f-7851ca0e94cd req-d5806079-c1c3-46b1-a249-fc423a29dda9 ba100c38ccd6449fa13ad3686dc38316 c5b8f20faeed44f2b20eca3e34789388 - - default default] 10.0.0.34 "GET /v2.0/security-groups?id=38379bc9-4ec9-403e-a78f-d27bb8ab9e24&fields=id&fields=name HTTP/1.1" status: 200 len: 313 time: 0.0363951
2026-04-07 01:16:03.065 10 INFO neutron.db.ovn_revision_numbers_db [None req-19ace18a-4714-4258-8ea5-78543ba74682 6cad80b95beb4459a915ced46b9ac107 8f6e0bdd8f654eb69b954505318d2906 - - default default] Successfully bumped revision number for resource 279e122d-5c05-41f7-8f7f-1f64aeb727f6 (type: security_groups) to 1
2026-04-07 01:16:03.078 10 INFO neutron.db.ovn_revision_numbers_db [None req-19ace18a-4714-4258-8ea5-78543ba74682 6cad80b95beb4459a915ced46b9ac107 8f6e0bdd8f654eb69b954505318d2906 - - default default] Successfully bumped revision number for resource 220cf2f9-8ad5-4417-8882-424f2e235bb9 (type: security_group_rules) to 0
2026-04-07 01:16:03.088 10 INFO neutron.db.ovn_revision_numbers_db [None req-19ace18a-4714-4258-8ea5-78543ba74682 6cad80b95beb4459a915ced46b9ac107 8f6e0bdd8f654eb69b954505318d2906 - - default default] Successfully bumped revision number for resource 7bafdba5-4fa8-4f96-81ac-7afb1cb35935 (type: security_group_rules) to 0
2026-04-07 01:16:03.098 10 INFO neutron.db.ovn_revision_numbers_db [None req-19ace18a-4714-4258-8ea5-78543ba74682 6cad80b95beb4459a915ced46b9ac107 8f6e0bdd8f654eb69b954505318d2906 - - default default] Successfully bumped revision number for resource 80959f9d-bf29-4577-946a-c554e70e3389 (type: security_group_rules) to 0
2026-04-07 01:16:03.109 10 INFO neutron.db.ovn_revision_numbers_db [None req-19ace18a-4714-4258-8ea5-78543ba74682 6cad80b95beb4459a915ced46b9ac107 8f6e0bdd8f654eb69b954505318d2906 - - default default] Successfully bumped revision number for resource fa65ba3c-caaf-4138-8b6c-96ce19a91c36 (type: security_group_rules) to 0
2026-04-07 01:16:03.168 10 INFO neutron.db.segments_db [None req-19ace18a-4714-4258-8ea5-78543ba74682 6cad80b95beb4459a915ced46b9ac107 8f6e0bdd8f654eb69b954505318d2906 - - default default] Added segment 7a2679a4-a809-4461-89e7-ecf7711705ac of type geneve for network f42963e8-727f-4c35-9284-9f036e395850
2026-04-07 01:16:03.269 10 INFO neutron.db.ovn_revision_numbers_db [None req-19ace18a-4714-4258-8ea5-78543ba74682 6cad80b95beb4459a915ced46b9ac107 8f6e0bdd8f654eb69b954505318d2906 - - default default] Successfully bumped revision number for resource f42963e8-727f-4c35-9284-9f036e395850 (type: networks) to 1
2026-04-07 01:16:03.431 10 WARNING neutron.scheduler.dhcp_agent_scheduler [None req-19ace18a-4714-4258-8ea5-78543ba74682 6cad80b95beb4459a915ced46b9ac107 8f6e0bdd8f654eb69b954505318d2906 - - default default] No more DHCP agents
2026-04-07 01:16:03.432 10 WARNING neutron.api.rpc.agentnotifiers.dhcp_rpc_agent_api [None req-19ace18a-4714-4258-8ea5-78543ba74682 6cad80b95beb4459a915ced46b9ac107 8f6e0bdd8f654eb69b954505318d2906 - - default default] Unable to schedule network f42963e8-727f-4c35-9284-9f036e395850: no agents available; will retry on subsequent port and subnet creation events.
2026-04-07 01:16:03.492 10 INFO neutron.db.ovn_revision_numbers_db [None req-19ace18a-4714-4258-8ea5-78543ba74682 6cad80b95beb4459a915ced46b9ac107 8f6e0bdd8f654eb69b954505318d2906 - - default default] Successfully bumped revision number for resource 8b188340-54c0-486d-83c1-bb37b7ea159b (type: ports) to 1
2026-04-07 01:16:03.509 10 INFO neutron.api.wsgi [None req-19ace18a-4714-4258-8ea5-78543ba74682 6cad80b95beb4459a915ced46b9ac107 8f6e0bdd8f654eb69b954505318d2906 - - default default] 10.0.0.138 "POST /v2.0/networks HTTP/1.1" status: 201 len: 849 time: 0.6993096
2026-04-07 01:16:03.518 10 WARNING neutron_lib.context [None req-d86ecff9-f807-4d15-ae3b-c183844e6045 6cad80b95beb4459a915ced46b9ac107 8f6e0bdd8f654eb69b954505318d2906 - - default default] Method 'is_advsvc' is deprecated since 2023.2 release (neutron-lib 3.8.0) and will be removed once support for the old RBAC API policies will be removed from Neutron. Please use method 'is_service_role' instead.
2026-04-07 01:16:03.670 10 WARNING neutron.scheduler.dhcp_agent_scheduler [None req-d86ecff9-f807-4d15-ae3b-c183844e6045 6cad80b95beb4459a915ced46b9ac107 8f6e0bdd8f654eb69b954505318d2906 - - default default] No more DHCP agents
2026-04-07 01:16:03.671 10 WARNING neutron.api.rpc.agentnotifiers.dhcp_rpc_agent_api [None req-d86ecff9-f807-4d15-ae3b-c183844e6045 6cad80b95beb4459a915ced46b9ac107 8f6e0bdd8f654eb69b954505318d2906 - - default default] Unable to schedule network f42963e8-727f-4c35-9284-9f036e395850: no agents available; will retry on subsequent port and subnet creation events.
2026-04-07 01:16:03.691 10 INFO neutron.db.ovn_revision_numbers_db [None req-d86ecff9-f807-4d15-ae3b-c183844e6045 6cad80b95beb4459a915ced46b9ac107 8f6e0bdd8f654eb69b954505318d2906 - - default default] Successfully bumped revision number for resource 0611b862-2083-4fa0-9ff1-9d4df3cfd1c4 (type: subnets) to 0
2026-04-07 01:16:03.704 10 INFO neutron.api.wsgi [None req-d86ecff9-f807-4d15-ae3b-c183844e6045 6cad80b95beb4459a915ced46b9ac107 8f6e0bdd8f654eb69b954505318d2906 - - default default] 10.0.0.138 "POST /v2.0/subnets HTTP/1.1" status: 201 len: 826 time: 0.1894233
2026-04-07 01:16:03.714 10 WARNING neutron_lib.context [None req-611e1f0f-8041-4e49-bc66-e0a73609f1aa 6cad80b95beb4459a915ced46b9ac107 8f6e0bdd8f654eb69b954505318d2906 - - default default] Method 'is_advsvc' is deprecated since 2023.2 release (neutron-lib 3.8.0) and will be removed once support for the old RBAC API policies will be removed from Neutron. Please use method 'is_service_role' instead.
2026-04-07 01:16:03.729 9 INFO neutron.api.wsgi [-] 10.0.0.70 "GET / HTTP/1.1" status: 200 len: 247 time: 0.0024230
2026-04-07 01:16:03.731 9 INFO neutron.api.wsgi [-] 10.0.0.70 "GET / HTTP/1.1" status: 200 len: 247 time: 0.0015886
2026-04-07 01:16:04.037 9 INFO neutron.api.wsgi [req-2a8e606c-47b9-42cd-a0a9-84cd9baa30d7 req-4c1b6b6e-bb8f-4aab-9f59-9c2059371558 ba100c38ccd6449fa13ad3686dc38316 c5b8f20faeed44f2b20eca3e34789388 - - default default] 10.0.0.34 "GET /v2.0/ports?device_id=3d481cbf-ed6f-4daf-b917-254500644b35 HTTP/1.1" status: 200 len: 1172 time: 0.0294657
2026-04-07 01:16:04.075 9 INFO neutron.api.wsgi [req-2a8e606c-47b9-42cd-a0a9-84cd9baa30d7 req-88d19020-9c06-4800-98a4-4d80276e74b7 ba100c38ccd6449fa13ad3686dc38316 c5b8f20faeed44f2b20eca3e34789388 - - default default] 10.0.0.34 "GET /v2.0/security-groups?id=38379bc9-4ec9-403e-a78f-d27bb8ab9e24&fields=id&fields=name HTTP/1.1" status: 200 len: 313 time: 0.0314424
2026-04-07 01:16:04.161 10 WARNING neutron.scheduler.dhcp_agent_scheduler [None req-611e1f0f-8041-4e49-bc66-e0a73609f1aa 6cad80b95beb4459a915ced46b9ac107 8f6e0bdd8f654eb69b954505318d2906 - - default default] No more DHCP agents
2026-04-07 01:16:04.162 10 WARNING neutron.api.rpc.agentnotifiers.dhcp_rpc_agent_api [None req-611e1f0f-8041-4e49-bc66-e0a73609f1aa 6cad80b95beb4459a915ced46b9ac107 8f6e0bdd8f654eb69b954505318d2906 - - default default] Unable to schedule network ec61ddbb-7eb1-4408-84d6-f654034c2325: no agents available; will retry on subsequent port and subnet creation events.
2026-04-07 01:16:04.273 10 INFO neutron.db.ovn_revision_numbers_db [None req-611e1f0f-8041-4e49-bc66-e0a73609f1aa 6cad80b95beb4459a915ced46b9ac107 8f6e0bdd8f654eb69b954505318d2906 - - default default] Successfully bumped revision number for resource df61b74b-f691-4453-b4b0-820f2816da2a (type: ports) to 1
2026-04-07 01:16:04.463 10 INFO neutron.api.wsgi [None req-352ff436-878d-4f44-929b-2cb5c2bf4024 4c623f01034f4b1ebaec2c683c86d485 e3fdffc9f7444dbba485d7e7e4b42c97 - - default default] 10.0.0.138 "GET /v2.0/extensions HTTP/1.1" status: 200 len: 19293 time: 0.2067912
2026-04-07 01:16:04.484 10 INFO neutron.api.wsgi [None req-16037d54-fd04-4335-8889-1295bcb579a8 4c623f01034f4b1ebaec2c683c86d485 e3fdffc9f7444dbba485d7e7e4b42c97 - - default default] 10.0.0.138 "GET /v2.0/extensions/address-group HTTP/1.1" status: 200 len: 353 time: 0.0115373
2026-04-07 01:16:04.494 10 INFO neutron.api.wsgi [None req-c4ca7368-42b4-4de8-ad1d-30c07987a592 4c623f01034f4b1ebaec2c683c86d485 e3fdffc9f7444dbba485d7e7e4b42c97 - - default default] 10.0.0.138 "GET /v2.0/extensions/address-scope HTTP/1.1" status: 200 len: 357 time: 0.0032644
2026-04-07 01:16:04.515 9 INFO neutron.api.wsgi [None req-04357445-9c23-4f64-b2b9-1d7056e1be51 4c623f01034f4b1ebaec2c683c86d485 e3fdffc9f7444dbba485d7e7e4b42c97 - - default default] 10.0.0.138 "GET /v2.0/extensions/agent HTTP/1.1" status: 200 len: 347 time: 0.0078814
2026-04-07 01:16:04.525 9 INFO neutron.api.wsgi [None req-2e4eb810-a1ed-4020-b53b-29098127898b 4c623f01034f4b1ebaec2c683c86d485 e3fdffc9f7444dbba485d7e7e4b42c97 - - default default] 10.0.0.138 "GET /v2.0/extensions/allowed-address-pairs HTTP/1.1" status: 200 len: 378 time: 0.0030997
2026-04-07 01:16:04.533 10 INFO neutron.api.wsgi [None req-73d3d85f-6464-4631-82e9-82c8d25e4b52 4c623f01034f4b1ebaec2c683c86d485 e3fdffc9f7444dbba485d7e7e4b42c97 - - default default] 10.0.0.138 "GET /v2.0/extensions/auto-allocated-topology HTTP/1.1" status: 200 len: 394 time: 0.0037816
2026-04-07 01:16:04.543 9 INFO neutron.api.wsgi [None req-ee79a1c8-6ee6-46df-9ee2-548467366803 4c623f01034f4b1ebaec2c683c86d485 e3fdffc9f7444dbba485d7e7e4b42c97 - - default default] 10.0.0.138 "GET /v2.0/extensions/availability_zone HTTP/1.1" status: 200 len: 372 time: 0.0060258
2026-04-07 01:16:04.553 9 INFO neutron.api.wsgi [None req-b2548098-1b24-41df-8a39-172207e05e08 4c623f01034f4b1ebaec2c683c86d485 e3fdffc9f7444dbba485d7e7e4b42c97 - - default default] 10.0.0.138 "GET /v2.0/extensions/default-subnetpools HTTP/1.1" status: 200 len: 405 time: 0.0057361
2026-04-07 01:16:04.559 9 INFO neutron.api.wsgi [None req-5e264cdc-fd2d-44a9-bc65-5c5ad2719f4e 4c623f01034f4b1ebaec2c683c86d485 e3fdffc9f7444dbba485d7e7e4b42c97 - - default default] 10.0.0.138 "GET /v2.0/extensions/dhcp_agent_scheduler HTTP/1.1" status: 200 len: 381 time: 0.0033426
2026-04-07 01:16:04.570 9 INFO neutron.api.wsgi [None req-01594b1e-d814-4472-86ca-673f298e0ab4 4c623f01034f4b1ebaec2c683c86d485 e3fdffc9f7444dbba485d7e7e4b42c97 - - default default] 10.0.0.138 "GET /v2.0/extensions/dns-integration HTTP/1.1" status: 200 len: 366 time: 0.0057781
2026-04-07 01:16:04.580 9 INFO neutron.api.wsgi [None req-db307697-f2ce-409f-bf00-85386dab2092 4c623f01034f4b1ebaec2c683c86d485 e3fdffc9f7444dbba485d7e7e4b42c97 - - default default] 10.0.0.138 "GET /v2.0/extensions/dns-domain-ports HTTP/1.1" status: 200 len: 399 time: 0.0052507
2026-04-07 01:16:04.590 9 INFO neutron.api.wsgi [None req-7f4d699e-878d-44d2-9c09-b20928da9df5 4c623f01034f4b1ebaec2c683c86d485 e3fdffc9f7444dbba485d7e7e4b42c97 - - default default] 10.0.0.138 "GET /v2.0/extensions/dns-integration-domain-keywords HTTP/1.1" status: 200 len: 477 time: 0.0048821
2026-04-07 01:16:04.607 10 INFO neutron.api.wsgi [None req-d7c32752-ac76-4b1f-bca7-427412adb403 4c623f01034f4b1ebaec2c683c86d485 e3fdffc9f7444dbba485d7e7e4b42c97 - - default default] 10.0.0.138 "GET /v2.0/extensions/empty-string-filtering HTTP/1.1" status: 200 len: 413 time: 0.0135434
2026-04-07 01:16:04.619 10 INFO neutron.api.wsgi [None req-71d326f5-dfe0-4e1c-bcda-c3e7a5895dd4 4c623f01034f4b1ebaec2c683c86d485 e3fdffc9f7444dbba485d7e7e4b42c97 - - default default] 10.0.0.138 "GET /v2.0/extensions/external-net HTTP/1.1" status: 200 len: 394 time: 0.0042372
2026-04-07 01:16:04.630 10 INFO neutron.api.wsgi [None req-fbaaaac1-be78-4e01-9897-a374cc525fe7 4c623f01034f4b1ebaec2c683c86d485 e3fdffc9f7444dbba485d7e7e4b42c97 - - default default] 10.0.0.138 "GET /v2.0/extensions/extra_dhcp_opt HTTP/1.1" status: 200 len: 498 time: 0.0057001
2026-04-07 01:16:04.643 9 INFO neutron.api.wsgi [None req-d260dd66-1e68-4dbc-ae38-312a23286470 4c623f01034f4b1ebaec2c683c86d485 e3fdffc9f7444dbba485d7e7e4b42c97 - - default default] 10.0.0.138 "GET /v2.0/extensions/extraroute HTTP/1.1" status: 200 len: 375 time: 0.0043349
2026-04-07 01:16:04.651 9 INFO neutron.api.wsgi [None req-7556e801-27ba-4186-aec5-46eb53bdf0ba 4c623f01034f4b1ebaec2c683c86d485 e3fdffc9f7444dbba485d7e7e4b42c97 - - default default] 10.0.0.138 "GET /v2.0/extensions/floating-ip-port-forwarding-detail HTTP/1.1" status: 200 len: 465 time: 0.0035694
2026-04-07 01:16:04.665 9 INFO neutron.api.wsgi [None req-db017eb1-3fc3-465a-80e6-8e24fa0871cc 4c623f01034f4b1ebaec2c683c86d485 e3fdffc9f7444dbba485d7e7e4b42c97 - - default default] 10.0.0.138 "GET /v2.0/extensions/fip-port-details HTTP/1.1" status: 200 len: 406 time: 0.0039821
2026-04-07 01:16:04.674 9 INFO neutron.api.wsgi [None req-a9bd37ce-4415-483d-81d7-fd19a2f77390 4c623f01034f4b1ebaec2c683c86d485 e3fdffc9f7444dbba485d7e7e4b42c97 - - default default] 10.0.0.138 "GET /v2.0/extensions/flavors HTTP/1.1" status: 200 len: 387 time: 0.0034916
2026-04-07 01:16:04.680 9 INFO neutron.api.wsgi [None req-8766f9c4-256f-4a5a-90cf-e18bdd46708f 4c623f01034f4b1ebaec2c683c86d485 e3fdffc9f7444dbba485d7e7e4b42c97 - - default default] 10.0.0.138 "GET /v2.0/extensions/floatingip-pools HTTP/1.1" status: 200 len: 382 time: 0.0026276
2026-04-07 01:16:04.685 9 INFO neutron.api.wsgi [None req-58cc09e4-01c7-4694-96a7-c568ea066323 4c623f01034f4b1ebaec2c683c86d485 e3fdffc9f7444dbba485d7e7e4b42c97 - - default default] 10.0.0.138 "GET /v2.0/extensions/ip_allocation HTTP/1.1" status: 200 len: 356 time: 0.0024559
2026-04-07 01:16:04.696 9 INFO neutron.api.wsgi [None req-a325800a-72c8-499c-ba00-af0d384e2c53 4c623f01034f4b1ebaec2c683c86d485 e3fdffc9f7444dbba485d7e7e4b42c97 - - default default] 10.0.0.138 "GET /v2.0/extensions/l2_adjacency HTTP/1.1" status: 200 len: 372 time: 0.0077736
2026-04-07 01:16:04.711 9 INFO neutron.api.wsgi [None req-57fcffb7-d7a1-4186-af39-250f40e2745d 4c623f01034f4b1ebaec2c683c86d485 e3fdffc9f7444dbba485d7e7e4b42c97 - - default default] 10.0.0.138 "GET /v2.0/extensions/router HTTP/1.1" status: 200 len: 450 time: 0.0058055
2026-04-07 01:16:04.718 9 INFO neutron.api.wsgi [None req-31292407-02e0-4637-be9d-e10f96e19869 4c623f01034f4b1ebaec2c683c86d485 e3fdffc9f7444dbba485d7e7e4b42c97 - - default default] 10.0.0.138 "GET /v2.0/extensions/enable-default-route-bfd HTTP/1.1" status: 200 len: 406 time: 0.0036230
2026-04-07 01:16:04.723 9 INFO neutron.api.wsgi [None req-af249abe-2bd2-4685-b0b3-b3afca01bea9 4c623f01034f4b1ebaec2c683c86d485 e3fdffc9f7444dbba485d7e7e4b42c97 - - default default] 10.0.0.138 "GET /v2.0/extensions/enable-default-route-ecmp HTTP/1.1" status: 200 len: 409 time: 0.0027361
2026-04-07 01:16:04.733 9 INFO neutron.api.wsgi [None req-13834275-d047-44ab-a2d9-9373aa71dd53 4c623f01034f4b1ebaec2c683c86d485 e3fdffc9f7444dbba485d7e7e4b42c97 - - default default] 10.0.0.138 "GET /v2.0/extensions/ext-gw-mode HTTP/1.1" status: 200 len: 462 time: 0.0061936
2026-04-07 01:16:04.739 9 INFO neutron.api.wsgi [None req-7f350897-9e16-40de-b241-2f6d573a6a2b 4c623f01034f4b1ebaec2c683c86d485 e3fdffc9f7444dbba485d7e7e4b42c97 - - default default] 10.0.0.138 "GET /v2.0/extensions/l3-ha HTTP/1.1" status: 200 len: 360 time: 0.0027583
2026-04-07 01:16:04.749 10 INFO neutron.api.wsgi [None req-4b1c90fd-3266-4676-a188-10bc31367838 4c623f01034f4b1ebaec2c683c86d485 e3fdffc9f7444dbba485d7e7e4b42c97 - - default default] 10.0.0.138 "GET /v2.0/extensions/external-gateway-multihoming HTTP/1.1" status: 200 len: 421 time: 0.0047233
2026-04-07 01:16:04.764 10 INFO neutron.api.wsgi [None req-abcc18b6-bc9b-4e3d-ab39-91a882ed463f 4c623f01034f4b1ebaec2c683c86d485 e3fdffc9f7444dbba485d7e7e4b42c97 - - default default] 10.0.0.138 "GET /v2.0/extensions/l3-flavors HTTP/1.1" status: 200 len: 366 time: 0.0089025
2026-04-07 01:16:04.772 10 INFO neutron.api.wsgi [None req-3f528857-e6bb-4f5e-9df6-bd0242e40b94 4c623f01034f4b1ebaec2c683c86d485 e3fdffc9f7444dbba485d7e7e4b42c97 - - default default] 10.0.0.138 "GET /v2.0/extensions/logging HTTP/1.1" status: 200 len: 407 time: 0.0039339
2026-04-07 01:16:04.780 10 INFO neutron.api.wsgi [None req-563ba6b0-cb96-4b4b-9b21-b131c30f2de1 4c623f01034f4b1ebaec2c683c86d485 e3fdffc9f7444dbba485d7e7e4b42c97 - - default default] 10.0.0.138 "GET /v2.0/extensions/multi-provider HTTP/1.1" status: 200 len: 406 time: 0.0047152
2026-04-07 01:16:04.795 10 INFO neutron.api.wsgi [None req-0aaed2db-0296-4937-ad2f-90d5f847b937 4c623f01034f4b1ebaec2c683c86d485 e3fdffc9f7444dbba485d7e7e4b42c97 - - default default] 10.0.0.138 "GET /v2.0/extensions/net-mtu HTTP/1.1" status: 200 len: 370 time: 0.0045600
2026-04-07 01:16:04.803 10 INFO neutron.api.wsgi [None req-0718f2ce-58b2-4b3f-a30f-d617860b15ff 4c623f01034f4b1ebaec2c683c86d485 e3fdffc9f7444dbba485d7e7e4b42c97 - - default default] 10.0.0.138 "GET /v2.0/extensions/net-mtu-writable HTTP/1.1" status: 200 len: 401 time: 0.0036812
2026-04-07 01:16:04.811 9 INFO neutron.api.wsgi [None req-598c296e-6a5b-406c-a5a9-95403bd10a0b 4c623f01034f4b1ebaec2c683c86d485 e3fdffc9f7444dbba485d7e7e4b42c97 - - default default] 10.0.0.138 "GET /v2.0/extensions/network_availability_zone HTTP/1.1" status: 200 len: 394 time: 0.0054295
2026-04-07 01:16:04.818 10 INFO neutron.api.wsgi [None req-80b2752c-36da-4725-8e88-fb51eba091c1 4c623f01034f4b1ebaec2c683c86d485 e3fdffc9f7444dbba485d7e7e4b42c97 - - default default] 10.0.0.138 "GET /v2.0/extensions/network-ip-availability HTTP/1.1" status: 200 len: 410 time: 0.0033302
2026-04-07 01:16:04.825 9 INFO neutron.api.wsgi [None req-2dfc15e8-1ffb-4b22-ba00-25d1614306b0 4c623f01034f4b1ebaec2c683c86d485 e3fdffc9f7444dbba485d7e7e4b42c97 - - default default] 10.0.0.138 "GET /v2.0/extensions/pagination HTTP/1.1" status: 200 len: 386 time: 0.0038245
2026-04-07 01:16:04.832 9 INFO neutron.api.wsgi [None req-6a9eef99-939d-4136-b1ad-ffec806a4364 4c623f01034f4b1ebaec2c683c86d485 e3fdffc9f7444dbba485d7e7e4b42c97 - - default default] 10.0.0.138 "GET /v2.0/extensions/port-device-profile HTTP/1.1" status: 200 len: 383 time: 0.0040247
2026-04-07 01:16:04.837 9 INFO neutron.api.wsgi [req-ce48aa9d-2823-42d9-a5ce-d24142800492 req-99313f6e-48a3-48bd-9d18-078321907eeb 74d9b59f288b40139a78622d45b9f088 234dbf47b6254152a63d50b13b1107d5 - - default default] 10.0.0.34 "GET /v2.0/networks?id=5bbf5c07-cc59-42b8-a68f-e942c0b867ce HTTP/1.1" status: 200 len: 872 time: 0.0733247
2026-04-07 01:16:04.844 10 INFO neutron.api.wsgi [None req-c9b0891e-3245-4ad8-8faf-4ee52cc4d3a9 4c623f01034f4b1ebaec2c683c86d485 e3fdffc9f7444dbba485d7e7e4b42c97 - - default default] 10.0.0.138 "GET /v2.0/extensions/port-mac-address-regenerate HTTP/1.1" status: 200 len: 403 time: 0.0036077
2026-04-07 01:16:04.848 9 INFO neutron.api.wsgi [req-ce48aa9d-2823-42d9-a5ce-d24142800492 req-cfe0f522-e48f-4bff-8a1e-3582fe7d5852 74d9b59f288b40139a78622d45b9f088 234dbf47b6254152a63d50b13b1107d5 - - default default] 10.0.0.34 "GET /v2.0/quotas/234dbf47b6254152a63d50b13b1107d5 HTTP/1.1" status: 200 len: 491 time: 0.0072887
2026-04-07 01:16:04.853 9 INFO neutron.api.wsgi [None req-b4dc182f-b19d-4538-8467-5c8b44a8c4ec 4c623f01034f4b1ebaec2c683c86d485 e3fdffc9f7444dbba485d7e7e4b42c97 - - default default] 10.0.0.138 "GET /v2.0/extensions/port-numa-affinity-policy HTTP/1.1" status: 200 len: 392 time: 0.0042758
2026-04-07 01:16:04.860 9 INFO neutron.api.wsgi [None req-e5185b47-d4cf-4613-b36e-459cb0246c45 4c623f01034f4b1ebaec2c683c86d485 e3fdffc9f7444dbba485d7e7e4b42c97 - - default default] 10.0.0.138 "GET /v2.0/extensions/port-numa-affinity-policy-socket HTTP/1.1" status: 200 len: 434 time: 0.0033636
2026-04-07 01:16:04.873 9 INFO neutron.api.wsgi [None req-194e2983-9883-458b-bfa7-e4cf6d132b3c 4c623f01034f4b1ebaec2c683c86d485 e3fdffc9f7444dbba485d7e7e4b42c97 - - default default] 10.0.0.138 "GET /v2.0/extensions/port-resource-request HTTP/1.1" status: 200 len: 379 time: 0.0050683
2026-04-07 01:16:04.882 10 INFO neutron.api.wsgi [None req-b582e1f4-3e4a-4478-a083-3630cd95b22f 4c623f01034f4b1ebaec2c683c86d485 e3fdffc9f7444dbba485d7e7e4b42c97 - - default default] 10.0.0.138 "GET /v2.0/extensions/port-resource-request-groups HTTP/1.1" status: 200 len: 465 time: 0.0050421
2026-04-07 01:16:04.890 9 INFO neutron.api.wsgi [None req-8d9439a5-a720-47b3-a5bd-b68fb51ddbad 4c623f01034f4b1ebaec2c683c86d485 e3fdffc9f7444dbba485d7e7e4b42c97 - - default default] 10.0.0.138 "GET /v2.0/extensions/binding HTTP/1.1" status: 200 len: 387 time: 0.0039473
2026-04-07 01:16:04.896 10 INFO neutron.api.wsgi [None req-64c9709e-e4c5-4086-a678-1eae03b8b27b 4c623f01034f4b1ebaec2c683c86d485 e3fdffc9f7444dbba485d7e7e4b42c97 - - default default] 10.0.0.138 "GET /v2.0/extensions/binding-extended HTTP/1.1" status: 200 len: 406 time: 0.0034947
2026-04-07 01:16:04.902 10 INFO neutron.api.wsgi [None req-ee4da974-62ce-4252-a5ce-97dc09d008b6 4c623f01034f4b1ebaec2c683c86d485 e3fdffc9f7444dbba485d7e7e4b42c97 - - default default] 10.0.0.138 "GET /v2.0/extensions/port-security HTTP/1.1" status: 200 len: 354 time: 0.0028443
2026-04-07 01:16:04.911 9 INFO neutron.api.wsgi [None req-e25880b7-260c-44b8-8c1b-8c2145c931bb 4c623f01034f4b1ebaec2c683c86d485 e3fdffc9f7444dbba485d7e7e4b42c97 - - default default] 10.0.0.138 "GET /v2.0/extensions/project-id HTTP/1.1" status: 200 len: 398 time: 0.0052347
2026-04-07 01:16:04.917 10 INFO neutron.api.wsgi [None req-a4283874-248d-4fc8-97b4-61e895a79c31 4c623f01034f4b1ebaec2c683c86d485 e3fdffc9f7444dbba485d7e7e4b42c97 - - default default] 10.0.0.138 "GET /v2.0/extensions/provider HTTP/1.1" status: 200 len: 385 time: 0.0036039
2026-04-07 01:16:04.921 10 INFO neutron.plugins.ml2.drivers.ovn.mech_driver.ovsdb.commands [None req-f2a0174a-7ea2-48e3-afc5-326caf6f1631 - - - - - -] Schedule LRP lrp-df61b74b-f691-4453-b4b0-820f2816da2a on gateway dedb4208-68ee-43a9-b1d9-28a114a3ebd9 with priority 1
2026-04-07 01:16:04.929 9 INFO neutron.api.wsgi [None req-d27929d3-acb8-43af-9c50-375a7c5420ea 4c623f01034f4b1ebaec2c683c86d485 e3fdffc9f7444dbba485d7e7e4b42c97 - - default default] 10.0.0.138 "GET /v2.0/extensions/qos HTTP/1.1" status: 200 len: 360 time: 0.0044882
2026-04-07 01:16:04.943 10 INFO neutron.api.wsgi [None req-800ed7d1-9bdb-4bbc-adaf-fb0a7034dc1c 4c623f01034f4b1ebaec2c683c86d485 e3fdffc9f7444dbba485d7e7e4b42c97 - - default default] 10.0.0.138 "GET /v2.0/extensions/qos-bw-limit-direction HTTP/1.1" status: 200 len: 452 time: 0.0039968
2026-04-07 01:16:04.954 9 INFO neutron.api.wsgi [None req-9ad59919-0db5-4292-8f01-8fbc339b4639 4c623f01034f4b1ebaec2c683c86d485 e3fdffc9f7444dbba485d7e7e4b42c97 - - default default] 10.0.0.138 "GET /v2.0/extensions/qos-bw-minimum-ingress HTTP/1.1" status: 200 len: 445 time: 0.0055249
2026-04-07 01:16:04.959 9 INFO neutron.api.wsgi [req-ce48aa9d-2823-42d9-a5ce-d24142800492 req-94bd56ab-f85c-4755-a8a8-1bc5e8f6e010 74d9b59f288b40139a78622d45b9f088 234dbf47b6254152a63d50b13b1107d5 - - default default] 10.0.0.34 "GET /v2.0/ports?tenant_id=234dbf47b6254152a63d50b13b1107d5&fields=id HTTP/1.1" status: 200 len: 302 time: 0.1031978
2026-04-07 01:16:04.963 10 INFO neutron.api.wsgi [None req-b542fdae-5305-4948-ae5b-bd241ca25cb9 4c623f01034f4b1ebaec2c683c86d485 e3fdffc9f7444dbba485d7e7e4b42c97 - - default default] 10.0.0.138 "GET /v2.0/extensions/qos-default HTTP/1.1" status: 200 len: 377 time: 0.0050268
2026-04-07 01:16:04.976 10 INFO neutron.api.wsgi [None req-7c212468-b459-41e8-8dbb-5b6986477d74 4c623f01034f4b1ebaec2c683c86d485 e3fdffc9f7444dbba485d7e7e4b42c97 - - default default] 10.0.0.138 "GET /v2.0/extensions/qos-fip HTTP/1.1" status: 200 len: 372 time: 0.0045533
2026-04-07 01:16:04.983 10 INFO neutron.api.wsgi [None req-7f35e354-6715-49d3-8c5c-939f38b7d4f0 4c623f01034f4b1ebaec2c683c86d485 e3fdffc9f7444dbba485d7e7e4b42c97 - - default default] 10.0.0.138 "GET /v2.0/extensions/qos-gateway-ip HTTP/1.1" status: 200 len: 391 time: 0.0035655
2026-04-07 01:16:04.983 10 INFO neutron.db.ovn_revision_numbers_db [None req-611e1f0f-8041-4e49-bc66-e0a73609f1aa 6cad80b95beb4459a915ced46b9ac107 8f6e0bdd8f654eb69b954505318d2906 - - default default] Successfully bumped revision number for resource df61b74b-f691-4453-b4b0-820f2816da2a (type: router_ports) to 1
2026-04-07 01:16:04.989 10 INFO neutron.api.wsgi [None req-41abeca3-e97e-42e6-9659-b10a97ec7e74 4c623f01034f4b1ebaec2c683c86d485 e3fdffc9f7444dbba485d7e7e4b42c97 - - default default] 10.0.0.138 "GET /v2.0/extensions/qos-port-network-policy HTTP/1.1" status: 200 len: 403 time: 0.0034800
2026-04-07 01:16:04.997 10 INFO neutron.api.wsgi [None req-b54eac2c-e653-4163-85f8-bc6a534ecb3a 4c623f01034f4b1ebaec2c683c86d485 e3fdffc9f7444dbba485d7e7e4b42c97 - - default default] 10.0.0.138 "GET /v2.0/extensions/qos-pps-minimum HTTP/1.1" status: 200 len: 397 time: 0.0042672
2026-04-07 01:16:05.003 10 INFO neutron.api.wsgi [None req-786f29c7-f428-4433-96f1-dfa23dfe2cec 4c623f01034f4b1ebaec2c683c86d485 e3fdffc9f7444dbba485d7e7e4b42c97 - - default default] 10.0.0.138 "GET /v2.0/extensions/qos-pps-minimum-rule-alias HTTP/1.1" status: 200 len: 471 time: 0.0034335
2026-04-07 01:16:05.012 9 INFO neutron.api.wsgi [None req-f9c67e98-0619-4d1e-9c61-b64c88e9a943 4c623f01034f4b1ebaec2c683c86d485 e3fdffc9f7444dbba485d7e7e4b42c97 - - default default] 10.0.0.138 "GET /v2.0/extensions/qos-pps HTTP/1.1" status: 200 len: 389 time: 0.0052676
