2026-04-07 01:13:38.020 10 INFO neutron.api.wsgi [None req-f7a1890b-5a6f-4505-aeaa-414edd9f492d a846336fdd274255bb1080d3b350db62 c65d38dfb74b4fca8ed94030ed03ca8e - - default default] 10.0.0.138 "GET /v2.0/floatingips HTTP/1.1" status: 200 len: 212 time: 0.0324898
2026-04-07 01:13:38.053 10 INFO neutron.api.wsgi [None req-e17f4b06-f513-4d4a-885c-1d63c23778ef a846336fdd274255bb1080d3b350db62 c65d38dfb74b4fca8ed94030ed03ca8e - - default default] 10.0.0.138 "GET /v2.0/routers HTTP/1.1" status: 200 len: 208 time: 0.0280390
2026-04-07 01:13:38.153 10 INFO neutron.api.wsgi [None req-33cb51b9-7c59-400a-88b0-1ee8ea71ff43 a846336fdd274255bb1080d3b350db62 c65d38dfb74b4fca8ed94030ed03ca8e - - default default] 10.0.0.138 "GET /v2.0/ports HTTP/1.1" status: 200 len: 5370 time: 0.0960798
2026-04-07 01:13:38.187 10 INFO neutron.api.wsgi [None req-18f3254a-d4b2-4172-9acd-65f7aff5cbde a846336fdd274255bb1080d3b350db62 c65d38dfb74b4fca8ed94030ed03ca8e - - default default] 10.0.0.138 "GET /v2.0/subnets HTTP/1.1" status: 200 len: 1503 time: 0.0288508
2026-04-07 01:13:38.241 10 INFO neutron.api.wsgi [None req-918b5469-210f-400c-a238-84ec91868b68 a846336fdd274255bb1080d3b350db62 c65d38dfb74b4fca8ed94030ed03ca8e - - default default] 10.0.0.138 "GET /v2.0/networks HTTP/1.1" status: 200 len: 2368 time: 0.0486534
2026-04-07 01:13:38.282 10 INFO neutron.api.wsgi [None req-6b104e37-29f2-4eb1-8018-dc7738e3bb29 a846336fdd274255bb1080d3b350db62 c65d38dfb74b4fca8ed94030ed03ca8e - - default default] 10.0.0.138 "GET /v2.0/security-groups HTTP/1.1" status: 200 len: 17597 time: 0.0370805
2026-04-07 01:13:38.295 10 INFO neutron.api.wsgi [None req-cc492976-ca55-4b61-99ac-c8c646169267 a846336fdd274255bb1080d3b350db62 c65d38dfb74b4fca8ed94030ed03ca8e - - default default] 10.0.0.138 "GET /v2.0/subnetpools HTTP/1.1" status: 200 len: 212 time: 0.0084813
2026-04-07 01:13:41.807 9 INFO neutron.api.wsgi [None req-4a0caa97-cd26-40cb-98c9-cc470b248cc0 a846336fdd274255bb1080d3b350db62 c65d38dfb74b4fca8ed94030ed03ca8e - - default default] 10.0.0.144 "GET /v2.0/subnets HTTP/1.1" status: 200 len: 1484 time: 0.0730934
2026-04-07 01:13:41.818 9 INFO neutron.api.wsgi [None req-42db5c01-cb56-4cfa-af89-7cdede947d6b a846336fdd274255bb1080d3b350db62 c65d38dfb74b4fca8ed94030ed03ca8e - - default default] 10.0.0.144 "GET /v2.0/subnetpools HTTP/1.1" status: 200 len: 193 time: 0.0097156
2026-04-07 01:13:41.859 9 INFO neutron.api.wsgi [None req-fbcb2705-a377-479f-b823-13ca9ad22b99 a846336fdd274255bb1080d3b350db62 c65d38dfb74b4fca8ed94030ed03ca8e - - default default] 10.0.0.144 "GET /v2.0/networks HTTP/1.1" status: 200 len: 2349 time: 0.0398262
2026-04-07 01:13:41.901 9 INFO neutron.api.wsgi [None req-53c76500-7996-4c93-b3a3-8ebc869cfe58 a846336fdd274255bb1080d3b350db62 c65d38dfb74b4fca8ed94030ed03ca8e - - default default] 10.0.0.144 "GET /v2.0/security-groups HTTP/1.1" status: 200 len: 17578 time: 0.0373142
2026-04-07 01:13:41.918 9 INFO neutron.api.wsgi [None req-70a1187b-dfb9-4fd2-b93c-4583f2ed5b43 a846336fdd274255bb1080d3b350db62 c65d38dfb74b4fca8ed94030ed03ca8e - - default default] 10.0.0.144 "GET /v2.0/routers HTTP/1.1" status: 200 len: 189 time: 0.0122411
2026-04-07 01:13:41.944 9 INFO neutron.api.wsgi [None req-6872e288-f9bf-47ba-94f2-fa8ae4f00562 a846336fdd274255bb1080d3b350db62 c65d38dfb74b4fca8ed94030ed03ca8e - - default default] 10.0.0.144 "GET /v2.0/agents?binary=ovn-controller HTTP/1.1" status: 200 len: 591 time: 0.0255113
2026-04-07 01:13:41.955 9 INFO neutron.api.wsgi [None req-7a96a49c-dc91-455b-b322-421ea0500c47 a846336fdd274255bb1080d3b350db62 c65d38dfb74b4fca8ed94030ed03ca8e - - default default] 10.0.0.144 "GET /v2.0/network-ip-availabilities HTTP/1.1" status: 200 len: 1280 time: 0.0093126
2026-04-07 01:13:41.994 9 INFO neutron.api.wsgi [None req-49366e8c-3b42-417e-889d-a4ec753944a0 a846336fdd274255bb1080d3b350db62 c65d38dfb74b4fca8ed94030ed03ca8e - - default default] 10.0.0.144 "GET /v2.0/ports HTTP/1.1" status: 200 len: 5351 time: 0.0381594
2026-04-07 01:13:42.021 9 INFO neutron.api.wsgi [None req-e2c01e31-2d8d-4fbd-acde-4310074a79c9 a846336fdd274255bb1080d3b350db62 c65d38dfb74b4fca8ed94030ed03ca8e - - default default] 10.0.0.144 "GET /v2.0/agents HTTP/1.1" status: 200 len: 1390 time: 0.0140042
2026-04-07 01:13:42.047 9 INFO neutron.api.wsgi [None req-77b35092-83c8-46b6-bc6a-0a68ead660ac a846336fdd274255bb1080d3b350db62 c65d38dfb74b4fca8ed94030ed03ca8e - - default default] 10.0.0.144 "GET /v2.0/subnets HTTP/1.1" status: 200 len: 1484 time: 0.0243516
2026-04-07 01:13:42.066 9 INFO neutron.api.wsgi [None req-558b1088-bd9d-4c03-b11e-b8fe5a789025 a846336fdd274255bb1080d3b350db62 c65d38dfb74b4fca8ed94030ed03ca8e - - default default] 10.0.0.144 "GET /v2.0/floatingips HTTP/1.1" status: 200 len: 193 time: 0.0180583
2026-04-07 01:13:48.727 10 INFO neutron.api.wsgi [-] 10.0.0.70 "GET / HTTP/1.1" status: 200 len: 247 time: 0.0016506
2026-04-07 01:13:48.729 10 INFO neutron.api.wsgi [-] 10.0.0.70 "GET / HTTP/1.1" status: 200 len: 247 time: 0.0012641
2026-04-07 01:13:49.134 10 INFO neutron.db.ovn_revision_numbers_db [None req-2440603d-451a-481e-b9b3-764076910fdf a846336fdd274255bb1080d3b350db62 c65d38dfb74b4fca8ed94030ed03ca8e - - default default] Successfully bumped revision number for resource 40e0a52e-192d-4fd6-8ee8-9a3d680d4e63 (type: security_groups) to 1
2026-04-07 01:13:49.147 10 INFO neutron.db.ovn_revision_numbers_db [None req-2440603d-451a-481e-b9b3-764076910fdf a846336fdd274255bb1080d3b350db62 c65d38dfb74b4fca8ed94030ed03ca8e - - default default] Successfully bumped revision number for resource 16b9eea7-13c1-4c74-a246-c46bd3557fe7 (type: security_group_rules) to 0
2026-04-07 01:13:49.157 10 INFO neutron.db.ovn_revision_numbers_db [None req-2440603d-451a-481e-b9b3-764076910fdf a846336fdd274255bb1080d3b350db62 c65d38dfb74b4fca8ed94030ed03ca8e - - default default] Successfully bumped revision number for resource 4695193a-d4ef-4267-b745-5850e81d0688 (type: security_group_rules) to 0
2026-04-07 01:13:49.171 10 INFO neutron.db.ovn_revision_numbers_db [None req-2440603d-451a-481e-b9b3-764076910fdf a846336fdd274255bb1080d3b350db62 c65d38dfb74b4fca8ed94030ed03ca8e - - default default] Successfully bumped revision number for resource 53e51d7a-dadf-4969-a442-07d37d29d533 (type: security_group_rules) to 0
2026-04-07 01:13:49.184 10 INFO neutron.db.ovn_revision_numbers_db [None req-2440603d-451a-481e-b9b3-764076910fdf a846336fdd274255bb1080d3b350db62 c65d38dfb74b4fca8ed94030ed03ca8e - - default default] Successfully bumped revision number for resource b590ef1f-ae6e-484c-9e1a-db6b0c3f26b7 (type: security_group_rules) to 0
2026-04-07 01:13:49.272 10 INFO neutron.db.segments_db [None req-2440603d-451a-481e-b9b3-764076910fdf a846336fdd274255bb1080d3b350db62 c65d38dfb74b4fca8ed94030ed03ca8e - - default default] Added segment 776e5431-7f81-4c08-bd11-b220e0072572 of type geneve for network 4889335c-c4ec-426c-bf7b-c1188ab45edb
2026-04-07 01:13:49.285 9 INFO neutron.db.ovn_revision_numbers_db [None req-1bd8a0b9-a2fb-410a-88da-edd8682939cb a846336fdd274255bb1080d3b350db62 c65d38dfb74b4fca8ed94030ed03ca8e - - default default] Successfully bumped revision number for resource bbd7c5b9-0e73-41df-94c6-2bceb2402fe9 (type: security_groups) to 1
2026-04-07 01:13:49.306 9 INFO neutron.db.ovn_revision_numbers_db [None req-1bd8a0b9-a2fb-410a-88da-edd8682939cb a846336fdd274255bb1080d3b350db62 c65d38dfb74b4fca8ed94030ed03ca8e - - default default] Successfully bumped revision number for resource 7010fbd9-be50-42d4-a87f-516b37aeb2f3 (type: security_group_rules) to 0
2026-04-07 01:13:49.322 9 INFO neutron.db.ovn_revision_numbers_db [None req-1bd8a0b9-a2fb-410a-88da-edd8682939cb a846336fdd274255bb1080d3b350db62 c65d38dfb74b4fca8ed94030ed03ca8e - - default default] Successfully bumped revision number for resource 811943c2-9404-4eb3-9a3b-8c90c3aa4f7a (type: security_group_rules) to 0
2026-04-07 01:13:49.345 9 INFO neutron.db.ovn_revision_numbers_db [None req-1bd8a0b9-a2fb-410a-88da-edd8682939cb a846336fdd274255bb1080d3b350db62 c65d38dfb74b4fca8ed94030ed03ca8e - - default default] Successfully bumped revision number for resource b6277ec8-5632-4e63-9cfb-9486ed917ec0 (type: security_group_rules) to 0
2026-04-07 01:13:49.359 9 INFO neutron.db.ovn_revision_numbers_db [None req-1bd8a0b9-a2fb-410a-88da-edd8682939cb a846336fdd274255bb1080d3b350db62 c65d38dfb74b4fca8ed94030ed03ca8e - - default default] Successfully bumped revision number for resource c41d28c5-af9c-441f-84c7-3feec721b03b (type: security_group_rules) to 0
2026-04-07 01:13:49.422 10 INFO neutron.db.ovn_revision_numbers_db [None req-2440603d-451a-481e-b9b3-764076910fdf a846336fdd274255bb1080d3b350db62 c65d38dfb74b4fca8ed94030ed03ca8e - - default default] Successfully bumped revision number for resource 4889335c-c4ec-426c-bf7b-c1188ab45edb (type: networks) to 1
2026-04-07 01:13:49.461 9 INFO neutron.db.segments_db [None req-1bd8a0b9-a2fb-410a-88da-edd8682939cb a846336fdd274255bb1080d3b350db62 c65d38dfb74b4fca8ed94030ed03ca8e - - default default] Added segment d128f19c-7b86-477d-8992-1a4a160c45a0 of type geneve for network 7058624f-b701-41ed-bd08-e18affeac134
2026-04-07 01:13:49.568 10 WARNING neutron.scheduler.dhcp_agent_scheduler [None req-2440603d-451a-481e-b9b3-764076910fdf a846336fdd274255bb1080d3b350db62 c65d38dfb74b4fca8ed94030ed03ca8e - - default default] No more DHCP agents
2026-04-07 01:13:49.569 10 WARNING neutron.api.rpc.agentnotifiers.dhcp_rpc_agent_api [None req-2440603d-451a-481e-b9b3-764076910fdf a846336fdd274255bb1080d3b350db62 c65d38dfb74b4fca8ed94030ed03ca8e - - default default] Unable to schedule network 4889335c-c4ec-426c-bf7b-c1188ab45edb: no agents available; will retry on subsequent port and subnet creation events.
2026-04-07 01:13:49.578 9 INFO neutron.db.ovn_revision_numbers_db [None req-1bd8a0b9-a2fb-410a-88da-edd8682939cb a846336fdd274255bb1080d3b350db62 c65d38dfb74b4fca8ed94030ed03ca8e - - default default] Successfully bumped revision number for resource 7058624f-b701-41ed-bd08-e18affeac134 (type: networks) to 1
2026-04-07 01:13:49.617 10 INFO neutron.db.ovn_revision_numbers_db [None req-2440603d-451a-481e-b9b3-764076910fdf a846336fdd274255bb1080d3b350db62 c65d38dfb74b4fca8ed94030ed03ca8e - - default default] Successfully bumped revision number for resource 1656f0ce-c0c7-49cd-bd1a-8c7e24ab1252 (type: ports) to 1
2026-04-07 01:13:49.639 10 INFO neutron.api.wsgi [None req-2440603d-451a-481e-b9b3-764076910fdf a846336fdd274255bb1080d3b350db62 c65d38dfb74b4fca8ed94030ed03ca8e - - default default] 10.0.0.138 "POST /v2.0/networks HTTP/1.1" status: 201 len: 949 time: 0.8096945
2026-04-07 01:13:49.734 9 WARNING neutron.scheduler.dhcp_agent_scheduler [None req-1bd8a0b9-a2fb-410a-88da-edd8682939cb a846336fdd274255bb1080d3b350db62 c65d38dfb74b4fca8ed94030ed03ca8e - - default default] No more DHCP agents
2026-04-07 01:13:49.735 9 WARNING neutron.api.rpc.agentnotifiers.dhcp_rpc_agent_api [None req-1bd8a0b9-a2fb-410a-88da-edd8682939cb a846336fdd274255bb1080d3b350db62 c65d38dfb74b4fca8ed94030ed03ca8e - - default default] Unable to schedule network 7058624f-b701-41ed-bd08-e18affeac134: no agents available; will retry on subsequent port and subnet creation events.
2026-04-07 01:13:49.768 10 WARNING neutron.scheduler.dhcp_agent_scheduler [None req-f52da021-9687-46aa-bda9-5676a151a903 a846336fdd274255bb1080d3b350db62 c65d38dfb74b4fca8ed94030ed03ca8e - - default default] No more DHCP agents
2026-04-07 01:13:49.770 10 WARNING neutron.api.rpc.agentnotifiers.dhcp_rpc_agent_api [None req-f52da021-9687-46aa-bda9-5676a151a903 a846336fdd274255bb1080d3b350db62 c65d38dfb74b4fca8ed94030ed03ca8e - - default default] Unable to schedule network 4889335c-c4ec-426c-bf7b-c1188ab45edb: no agents available; will retry on subsequent port and subnet creation events.
2026-04-07 01:13:49.792 9 INFO neutron.db.ovn_revision_numbers_db [None req-1bd8a0b9-a2fb-410a-88da-edd8682939cb a846336fdd274255bb1080d3b350db62 c65d38dfb74b4fca8ed94030ed03ca8e - - default default] Successfully bumped revision number for resource 4b2259f3-4d5e-4916-95da-e4622ca92bf3 (type: ports) to 1
2026-04-07 01:13:49.833 9 INFO neutron.api.wsgi [None req-1bd8a0b9-a2fb-410a-88da-edd8682939cb a846336fdd274255bb1080d3b350db62 c65d38dfb74b4fca8ed94030ed03ca8e - - default default] 10.0.0.138 "POST /v2.0/networks HTTP/1.1" status: 201 len: 954 time: 0.7695189
2026-04-07 01:13:49.985 9 WARNING neutron.scheduler.dhcp_agent_scheduler [None req-641b476d-0ef6-49c8-80fe-4f9f6840bb58 a846336fdd274255bb1080d3b350db62 c65d38dfb74b4fca8ed94030ed03ca8e - - default default] No more DHCP agents
2026-04-07 01:13:49.987 9 WARNING neutron.api.rpc.agentnotifiers.dhcp_rpc_agent_api [None req-641b476d-0ef6-49c8-80fe-4f9f6840bb58 a846336fdd274255bb1080d3b350db62 c65d38dfb74b4fca8ed94030ed03ca8e - - default default] Unable to schedule network 7058624f-b701-41ed-bd08-e18affeac134: no agents available; will retry on subsequent port and subnet creation events.
2026-04-07 01:13:50.167 10 INFO neutron.db.ovn_revision_numbers_db [None req-3b02bf69-6b5d-42fd-9e66-76943fdac4d9 a846336fdd274255bb1080d3b350db62 c65d38dfb74b4fca8ed94030ed03ca8e - - default default] Successfully bumped revision number for resource 02245b83-5de3-4009-8dfc-f4121529e4fe (type: security_groups) to 1
2026-04-07 01:13:50.168 10 INFO neutron.db.ovn_revision_numbers_db [None req-c477e2bb-176d-4021-b665-23c409b1940b - - - - - -] Successfully bumped revision number for resource 1656f0ce-c0c7-49cd-bd1a-8c7e24ab1252 (type: ports) to 2
2026-04-07 01:13:50.180 10 INFO neutron.db.ovn_revision_numbers_db [None req-3b02bf69-6b5d-42fd-9e66-76943fdac4d9 a846336fdd274255bb1080d3b350db62 c65d38dfb74b4fca8ed94030ed03ca8e - - default default] Successfully bumped revision number for resource 037ae34e-0fdd-4c9b-a752-4c34346dc841 (type: security_group_rules) to 0
2026-04-07 01:13:50.192 10 INFO neutron.db.ovn_revision_numbers_db [None req-3b02bf69-6b5d-42fd-9e66-76943fdac4d9 a846336fdd274255bb1080d3b350db62 c65d38dfb74b4fca8ed94030ed03ca8e - - default default] Successfully bumped revision number for resource 6003852f-bf0b-4ad5-9fdd-90e63f5db111 (type: security_group_rules) to 0
2026-04-07 01:13:50.195 10 INFO neutron.db.ovn_revision_numbers_db [None req-c477e2bb-176d-4021-b665-23c409b1940b - - - - - -] Successfully bumped revision number for resource bcbf2465-6432-4cf2-997c-00db222cea65 (type: subnets) to 0
2026-04-07 01:13:50.205 10 INFO neutron.db.ovn_revision_numbers_db [None req-3b02bf69-6b5d-42fd-9e66-76943fdac4d9 a846336fdd274255bb1080d3b350db62 c65d38dfb74b4fca8ed94030ed03ca8e - - default default] Successfully bumped revision number for resource f69f8014-d318-4963-a837-311af6acf9cf (type: security_group_rules) to 0
2026-04-07 01:13:50.211 10 INFO neutron.api.wsgi [None req-f52da021-9687-46aa-bda9-5676a151a903 a846336fdd274255bb1080d3b350db62 c65d38dfb74b4fca8ed94030ed03ca8e - - default default] 10.0.0.138 "POST /v2.0/subnets HTTP/1.1" status: 201 len: 894 time: 0.5662417
2026-04-07 01:13:50.221 10 INFO neutron.db.ovn_revision_numbers_db [None req-3b02bf69-6b5d-42fd-9e66-76943fdac4d9 a846336fdd274255bb1080d3b350db62 c65d38dfb74b4fca8ed94030ed03ca8e - - default default] Successfully bumped revision number for resource f8c22bb4-b7e0-471c-a43f-db488ce94741 (type: security_group_rules) to 0
2026-04-07 01:13:50.221 9 INFO neutron.db.ovn_revision_numbers_db [None req-e07744c8-a4d0-4dd6-af01-c38eb59cb91a a846336fdd274255bb1080d3b350db62 c65d38dfb74b4fca8ed94030ed03ca8e - - default default] Successfully bumped revision number for resource 857ada22-c587-4377-903d-df37528e25a3 (type: security_groups) to 1
2026-04-07 01:13:50.234 9 INFO neutron.db.ovn_revision_numbers_db [None req-e07744c8-a4d0-4dd6-af01-c38eb59cb91a a846336fdd274255bb1080d3b350db62 c65d38dfb74b4fca8ed94030ed03ca8e - - default default] Successfully bumped revision number for resource 69a9758c-dd68-4e64-af46-3080d3209496 (type: security_group_rules) to 0
2026-04-07 01:13:50.261 9 INFO neutron.db.ovn_revision_numbers_db [None req-e07744c8-a4d0-4dd6-af01-c38eb59cb91a a846336fdd274255bb1080d3b350db62 c65d38dfb74b4fca8ed94030ed03ca8e - - default default] Successfully bumped revision number for resource 7e770159-2bb5-4cdc-b362-781e9243e4e5 (type: security_group_rules) to 0
2026-04-07 01:13:50.268 10 INFO neutron.api.wsgi [None req-3b02bf69-6b5d-42fd-9e66-76943fdac4d9 a846336fdd274255bb1080d3b350db62 c65d38dfb74b4fca8ed94030ed03ca8e - - default default] 10.0.0.138 "GET /v2.0/security-groups?tenant_id=c42c66001a0e41bd8cda3e69202fec9c&name=default HTTP/1.1" status: 200 len: 3116 time: 0.3042254
2026-04-07 01:13:50.276 9 INFO neutron.db.ovn_revision_numbers_db [None req-e07744c8-a4d0-4dd6-af01-c38eb59cb91a a846336fdd274255bb1080d3b350db62 c65d38dfb74b4fca8ed94030ed03ca8e - - default default] Successfully bumped revision number for resource aec70879-4cb1-489f-81f5-3df4e74b5a68 (type: security_group_rules) to 0
2026-04-07 01:13:50.305 9 INFO neutron.db.ovn_revision_numbers_db [None req-e07744c8-a4d0-4dd6-af01-c38eb59cb91a a846336fdd274255bb1080d3b350db62 c65d38dfb74b4fca8ed94030ed03ca8e - - default default] Successfully bumped revision number for resource dad69943-345f-4a45-89fa-d8a79a31ded7 (type: security_group_rules) to 0
2026-04-07 01:13:50.365 9 INFO neutron.api.wsgi [None req-e07744c8-a4d0-4dd6-af01-c38eb59cb91a a846336fdd274255bb1080d3b350db62 c65d38dfb74b4fca8ed94030ed03ca8e - - default default] 10.0.0.138 "GET /v2.0/security-groups?tenant_id=67c408f2ec3c4a27bf6278b1545776f8&name=default HTTP/1.1" status: 200 len: 3116 time: 0.5289204
2026-04-07 01:13:50.540 9 INFO neutron.api.wsgi [None req-6508754b-36fd-4cab-ad70-c48d514a7e3d a846336fdd274255bb1080d3b350db62 c65d38dfb74b4fca8ed94030ed03ca8e - - default default] 10.0.0.138 "DELETE /v2.0/security-groups/02245b83-5de3-4009-8dfc-f4121529e4fe HTTP/1.1" status: 204 len: 168 time: 0.2635696
2026-04-07 01:13:50.549 9 INFO neutron.db.ovn_revision_numbers_db [None req-0fc86209-36b5-487f-ba39-d5fa8c7c5d18 - - - - - -] Successfully bumped revision number for resource 4b2259f3-4d5e-4916-95da-e4622ca92bf3 (type: ports) to 2
2026-04-07 01:13:50.578 9 INFO neutron.db.ovn_revision_numbers_db [None req-0fc86209-36b5-487f-ba39-d5fa8c7c5d18 - - - - - -] Successfully bumped revision number for resource 3e11b1dc-b5f5-4d07-9bfc-9e81ff61c6df (type: subnets) to 0
2026-04-07 01:13:50.590 9 INFO neutron.api.wsgi [None req-641b476d-0ef6-49c8-80fe-4f9f6840bb58 a846336fdd274255bb1080d3b350db62 c65d38dfb74b4fca8ed94030ed03ca8e - - default default] 10.0.0.138 "POST /v2.0/subnets HTTP/1.1" status: 201 len: 898 time: 0.7498672
2026-04-07 01:13:50.613 10 INFO neutron.api.wsgi [None req-f68869ba-852d-421e-9d16-4278215e1ed4 a846336fdd274255bb1080d3b350db62 c65d38dfb74b4fca8ed94030ed03ca8e - - default default] 10.0.0.138 "DELETE /v2.0/security-groups/857ada22-c587-4377-903d-df37528e25a3 HTTP/1.1" status: 204 len: 168 time: 0.2434759
2026-04-07 01:13:50.702 10 WARNING neutron.scheduler.dhcp_agent_scheduler [None req-c5cca7c0-b974-4600-a4fc-4c9763706705 a846336fdd274255bb1080d3b350db62 c65d38dfb74b4fca8ed94030ed03ca8e - - default default] No more DHCP agents
2026-04-07 01:13:50.703 10 WARNING neutron.api.rpc.agentnotifiers.dhcp_rpc_agent_api [None req-c5cca7c0-b974-4600-a4fc-4c9763706705 a846336fdd274255bb1080d3b350db62 c65d38dfb74b4fca8ed94030ed03ca8e - - default default] Unable to schedule network ec61ddbb-7eb1-4408-84d6-f654034c2325: no agents available; will retry on subsequent port and subnet creation events.
2026-04-07 01:13:50.803 10 INFO neutron.db.ovn_revision_numbers_db [None req-c5cca7c0-b974-4600-a4fc-4c9763706705 a846336fdd274255bb1080d3b350db62 c65d38dfb74b4fca8ed94030ed03ca8e - - default default] Successfully bumped revision number for resource ff7c76a1-a172-45a6-a4ae-d0c1cfac71f9 (type: ports) to 1
2026-04-07 01:13:50.974 9 WARNING neutron.scheduler.dhcp_agent_scheduler [None req-987d0dbc-d590-4493-a4c8-4af4afa4164c a846336fdd274255bb1080d3b350db62 c65d38dfb74b4fca8ed94030ed03ca8e - - default default] No more DHCP agents
2026-04-07 01:13:50.975 9 WARNING neutron.api.rpc.agentnotifiers.dhcp_rpc_agent_api [None req-987d0dbc-d590-4493-a4c8-4af4afa4164c a846336fdd274255bb1080d3b350db62 c65d38dfb74b4fca8ed94030ed03ca8e - - default default] Unable to schedule network ec61ddbb-7eb1-4408-84d6-f654034c2325: no agents available; will retry on subsequent port and subnet creation events.
2026-04-07 01:13:51.052 9 INFO neutron.db.ovn_revision_numbers_db [None req-987d0dbc-d590-4493-a4c8-4af4afa4164c a846336fdd274255bb1080d3b350db62 c65d38dfb74b4fca8ed94030ed03ca8e - - default default] Successfully bumped revision number for resource 9f84b03b-df4c-49c6-8a53-229ae77c106f (type: ports) to 1
2026-04-07 01:13:51.241 10 INFO neutron.plugins.ml2.drivers.ovn.mech_driver.ovsdb.extensions.qos [None req-c5cca7c0-b974-4600-a4fc-4c9763706705 a846336fdd274255bb1080d3b350db62 c65d38dfb74b4fca8ed94030ed03ca8e - - default default] Starting OVNClientQosExtension
2026-04-07 01:13:51.364 9 INFO neutron.plugins.ml2.drivers.ovn.mech_driver.ovsdb.extensions.qos [None req-987d0dbc-d590-4493-a4c8-4af4afa4164c a846336fdd274255bb1080d3b350db62 c65d38dfb74b4fca8ed94030ed03ca8e - - default default] Starting OVNClientQosExtension
2026-04-07 01:13:51.560 10 INFO neutron.plugins.ml2.drivers.ovn.mech_driver.ovsdb.commands [None req-f2a0174a-7ea2-48e3-afc5-326caf6f1631 - - - - - -] Schedule LRP lrp-ff7c76a1-a172-45a6-a4ae-d0c1cfac71f9 on gateway dedb4208-68ee-43a9-b1d9-28a114a3ebd9 with priority 1
2026-04-07 01:13:51.568 9 INFO neutron.plugins.ml2.drivers.ovn.mech_driver.mech_driver [None req-c9398556-88a0-42e2-9c82-21de272ffd9d - - - - - -] OVN reports status up for port: ff7c76a1-a172-45a6-a4ae-d0c1cfac71f9
2026-04-07 01:13:51.587 9 INFO neutron.plugins.ml2.plugin [None req-c9398556-88a0-42e2-9c82-21de272ffd9d - - - - - -] Attempt 1 to provision port ff7c76a1-a172-45a6-a4ae-d0c1cfac71f9
2026-04-07 01:13:51.593 10 INFO neutron.plugins.ml2.drivers.ovn.mech_driver.ovsdb.ovsdb_monitor [-] Router b030c7ae-138b-4cba-941e-e10841357380 is bound to host instance
2026-04-07 01:13:51.636 10 INFO neutron.db.ovn_revision_numbers_db [None req-c5cca7c0-b974-4600-a4fc-4c9763706705 a846336fdd274255bb1080d3b350db62 c65d38dfb74b4fca8ed94030ed03ca8e - - default default] Successfully bumped revision number for resource ff7c76a1-a172-45a6-a4ae-d0c1cfac71f9 (type: router_ports) to 1
2026-04-07 01:13:51.647 9 INFO neutron.plugins.ml2.drivers.ovn.mech_driver.ovsdb.commands [None req-357bc24b-5dcd-49b4-a6cc-57cf2d4b7823 - - - - - -] Schedule LRP lrp-9f84b03b-df4c-49c6-8a53-229ae77c106f on gateway dedb4208-68ee-43a9-b1d9-28a114a3ebd9 with priority 1
2026-04-07 01:13:51.660 10 INFO neutron.plugins.ml2.drivers.ovn.mech_driver.mech_driver [None req-005d7b86-1487-4b84-9792-1c01529d2279 - - - - - -] OVN reports status up for port: 9f84b03b-df4c-49c6-8a53-229ae77c106f
2026-04-07 01:13:51.684 10 INFO neutron.plugins.ml2.plugin [None req-005d7b86-1487-4b84-9792-1c01529d2279 - - - - - -] Attempt 1 to provision port 9f84b03b-df4c-49c6-8a53-229ae77c106f
2026-04-07 01:13:51.689 9 INFO neutron.db.ovn_revision_numbers_db [None req-987d0dbc-d590-4493-a4c8-4af4afa4164c a846336fdd274255bb1080d3b350db62 c65d38dfb74b4fca8ed94030ed03ca8e - - default default] Successfully bumped revision number for resource 9f84b03b-df4c-49c6-8a53-229ae77c106f (type: router_ports) to 1
2026-04-07 01:13:51.724 10 INFO neutron.db.ovn_revision_numbers_db [None req-c5cca7c0-b974-4600-a4fc-4c9763706705 a846336fdd274255bb1080d3b350db62 c65d38dfb74b4fca8ed94030ed03ca8e - - default default] Successfully bumped revision number for resource b030c7ae-138b-4cba-941e-e10841357380 (type: routers) to 2
2026-04-07 01:13:51.743 9 INFO neutron.db.ovn_revision_numbers_db [None req-987d0dbc-d590-4493-a4c8-4af4afa4164c a846336fdd274255bb1080d3b350db62 c65d38dfb74b4fca8ed94030ed03ca8e - - default default] Successfully bumped revision number for resource 7b8979ef-182d-42cf-88c7-432aab26c292 (type: routers) to 2
2026-04-07 01:13:51.745 10 INFO neutron.api.wsgi [None req-c5cca7c0-b974-4600-a4fc-4c9763706705 a846336fdd274255bb1080d3b350db62 c65d38dfb74b4fca8ed94030ed03ca8e - - default default] 10.0.0.138 "POST /v2.0/routers HTTP/1.1" status: 201 len: 1172 time: 1.5296245
2026-04-07 01:13:51.760 9 INFO neutron.api.wsgi [None req-987d0dbc-d590-4493-a4c8-4af4afa4164c a846336fdd274255bb1080d3b350db62 c65d38dfb74b4fca8ed94030ed03ca8e - - default default] 10.0.0.138 "POST /v2.0/routers HTTP/1.1" status: 201 len: 1176 time: 1.1658270
2026-04-07 01:13:52.098 10 INFO neutron.db.ovn_revision_numbers_db [None req-44d5e4f3-a66a-40fd-8e7e-ca5306211ff6 - - - - - -] Successfully bumped revision number for resource ff7c76a1-a172-45a6-a4ae-d0c1cfac71f9 (type: ports) to 1
2026-04-07 01:13:52.137 9 WARNING neutron.scheduler.dhcp_agent_scheduler [None req-d4ece792-67c1-4657-8c9e-bfb5fb02f121 a846336fdd274255bb1080d3b350db62 c65d38dfb74b4fca8ed94030ed03ca8e - - default default] No more DHCP agents
2026-04-07 01:13:52.138 9 WARNING neutron.api.rpc.agentnotifiers.dhcp_rpc_agent_api [None req-d4ece792-67c1-4657-8c9e-bfb5fb02f121 a846336fdd274255bb1080d3b350db62 c65d38dfb74b4fca8ed94030ed03ca8e - - default default] Unable to schedule network 4889335c-c4ec-426c-bf7b-c1188ab45edb: no agents available; will retry on subsequent port and subnet creation events.
2026-04-07 01:13:52.226 9 INFO neutron.db.ovn_revision_numbers_db [None req-d4ece792-67c1-4657-8c9e-bfb5fb02f121 a846336fdd274255bb1080d3b350db62 c65d38dfb74b4fca8ed94030ed03ca8e - - default default] Successfully bumped revision number for resource eb46f204-d939-4ac9-9c4f-f200c0129a8a (type: ports) to 1
2026-04-07 01:13:52.227 10 WARNING neutron.scheduler.dhcp_agent_scheduler [None req-f0514478-ef0a-440b-b8d1-3433ccbd3c87 a846336fdd274255bb1080d3b350db62 c65d38dfb74b4fca8ed94030ed03ca8e - - default default] No more DHCP agents
2026-04-07 01:13:52.229 10 WARNING neutron.api.rpc.agentnotifiers.dhcp_rpc_agent_api [None req-f0514478-ef0a-440b-b8d1-3433ccbd3c87 a846336fdd274255bb1080d3b350db62 c65d38dfb74b4fca8ed94030ed03ca8e - - default default] Unable to schedule network 7058624f-b701-41ed-bd08-e18affeac134: no agents available; will retry on subsequent port and subnet creation events.
2026-04-07 01:13:52.570 10 INFO neutron.db.ovn_revision_numbers_db [None req-f0514478-ef0a-440b-b8d1-3433ccbd3c87 a846336fdd274255bb1080d3b350db62 c65d38dfb74b4fca8ed94030ed03ca8e - - default default] Successfully bumped revision number for resource d004628d-e322-482a-a3c5-0b1897a23e4c (type: ports) to 1
2026-04-07 01:13:52.691 10 INFO neutron.db.ovn_revision_numbers_db [None req-b14f939b-12d7-4e3a-bf28-454afe515453 a846336fdd274255bb1080d3b350db62 c65d38dfb74b4fca8ed94030ed03ca8e - - default default] Successfully bumped revision number for resource 8fb4cc0e-b453-45ae-8a80-02900629eab2 (type: security_groups) to 1
2026-04-07 01:13:52.710 10 INFO neutron.db.ovn_revision_numbers_db [None req-b14f939b-12d7-4e3a-bf28-454afe515453 a846336fdd274255bb1080d3b350db62 c65d38dfb74b4fca8ed94030ed03ca8e - - default default] Successfully bumped revision number for resource 03f48751-6c32-44dc-abf7-36ebe9216557 (type: security_group_rules) to 0
2026-04-07 01:13:52.737 9 INFO neutron.db.ovn_revision_numbers_db [None req-d4ece792-67c1-4657-8c9e-bfb5fb02f121 a846336fdd274255bb1080d3b350db62 c65d38dfb74b4fca8ed94030ed03ca8e - - default default] Successfully bumped revision number for resource eb46f204-d939-4ac9-9c4f-f200c0129a8a (type: ports) to 1
2026-04-07 01:13:52.765 10 INFO neutron.db.ovn_revision_numbers_db [None req-b14f939b-12d7-4e3a-bf28-454afe515453 a846336fdd274255bb1080d3b350db62 c65d38dfb74b4fca8ed94030ed03ca8e - - default default] Successfully bumped revision number for resource 68397e54-ed0f-45a8-bd93-ae428c7c04a7 (type: security_group_rules) to 0
2026-04-07 01:13:52.771 9 WARNING neutron.scheduler.dhcp_agent_scheduler [None req-d4ece792-67c1-4657-8c9e-bfb5fb02f121 a846336fdd274255bb1080d3b350db62 c65d38dfb74b4fca8ed94030ed03ca8e - - default default] No more DHCP agents
2026-04-07 01:13:52.772 9 WARNING neutron.api.rpc.agentnotifiers.dhcp_rpc_agent_api [None req-d4ece792-67c1-4657-8c9e-bfb5fb02f121 a846336fdd274255bb1080d3b350db62 c65d38dfb74b4fca8ed94030ed03ca8e - - default default] Unable to schedule network 4889335c-c4ec-426c-bf7b-c1188ab45edb: no agents available; will retry on subsequent port and subnet creation events.
2026-04-07 01:13:52.783 10 INFO neutron.db.ovn_revision_numbers_db [None req-b14f939b-12d7-4e3a-bf28-454afe515453 a846336fdd274255bb1080d3b350db62 c65d38dfb74b4fca8ed94030ed03ca8e - - default default] Successfully bumped revision number for resource 878ce2d2-dc72-4fe3-88de-55d17fd8267a (type: security_group_rules) to 0
2026-04-07 01:13:52.785 10 INFO neutron.db.ovn_revision_numbers_db [None req-44d5e4f3-a66a-40fd-8e7e-ca5306211ff6 - - - - - -] Successfully bumped revision number for resource ff7c76a1-a172-45a6-a4ae-d0c1cfac71f9 (type: ports) to 4
2026-04-07 01:13:52.804 10 INFO neutron.db.ovn_revision_numbers_db [None req-b14f939b-12d7-4e3a-bf28-454afe515453 a846336fdd274255bb1080d3b350db62 c65d38dfb74b4fca8ed94030ed03ca8e - - default default] Successfully bumped revision number for resource aff7327b-237a-4eb9-a7a8-aaf0125cfba5 (type: security_group_rules) to 0
2026-04-07 01:13:52.897 10 INFO neutron.db.segments_db [None req-b14f939b-12d7-4e3a-bf28-454afe515453 a846336fdd274255bb1080d3b350db62 c65d38dfb74b4fca8ed94030ed03ca8e - - default default] Added segment 2446b048-c0ba-4d29-b5f5-f49c6aed2b1d of type geneve for network 0a18386e-5d7c-49ff-b883-cfb8e7f07055
2026-04-07 01:13:53.053 10 INFO neutron.db.ovn_revision_numbers_db [None req-b14f939b-12d7-4e3a-bf28-454afe515453 a846336fdd274255bb1080d3b350db62 c65d38dfb74b4fca8ed94030ed03ca8e - - default default] Successfully bumped revision number for resource 0a18386e-5d7c-49ff-b883-cfb8e7f07055 (type: networks) to 1
2026-04-07 01:13:53.231 10 INFO neutron.db.ovn_revision_numbers_db [None req-44d5e4f3-a66a-40fd-8e7e-ca5306211ff6 - - - - - -] Successfully bumped revision number for resource ff7c76a1-a172-45a6-a4ae-d0c1cfac71f9 (type: ports) to 5
2026-04-07 01:13:53.265 10 WARNING neutron.scheduler.dhcp_agent_scheduler [None req-b14f939b-12d7-4e3a-bf28-454afe515453 a846336fdd274255bb1080d3b350db62 c65d38dfb74b4fca8ed94030ed03ca8e - - default default] No more DHCP agents
2026-04-07 01:13:53.272 10 WARNING neutron.api.rpc.agentnotifiers.dhcp_rpc_agent_api [None req-b14f939b-12d7-4e3a-bf28-454afe515453 a846336fdd274255bb1080d3b350db62 c65d38dfb74b4fca8ed94030ed03ca8e - - default default] Unable to schedule network 0a18386e-5d7c-49ff-b883-cfb8e7f07055: no agents available; will retry on subsequent port and subnet creation events.
2026-04-07 01:13:53.315 10 INFO neutron.plugins.ml2.drivers.ovn.mech_driver.ovsdb.ovsdb_monitor [None req-44d5e4f3-a66a-40fd-8e7e-ca5306211ff6 - - - - - -] Router 7b8979ef-182d-42cf-88c7-432aab26c292 is bound to host instance
2026-04-07 01:13:53.347 10 INFO neutron.db.ovn_revision_numbers_db [None req-f0514478-ef0a-440b-b8d1-3433ccbd3c87 a846336fdd274255bb1080d3b350db62 c65d38dfb74b4fca8ed94030ed03ca8e - - default default] Successfully bumped revision number for resource d004628d-e322-482a-a3c5-0b1897a23e4c (type: ports) to 1
2026-04-07 01:13:53.366 10 INFO neutron.db.ovn_revision_numbers_db [None req-b14f939b-12d7-4e3a-bf28-454afe515453 a846336fdd274255bb1080d3b350db62 c65d38dfb74b4fca8ed94030ed03ca8e - - default default] Successfully bumped revision number for resource 813fa6ef-9172-4739-a0ed-a5ed766b66ed (type: ports) to 1
2026-04-07 01:13:53.395 10 INFO neutron.api.wsgi [None req-b14f939b-12d7-4e3a-bf28-454afe515453 a846336fdd274255bb1080d3b350db62 c65d38dfb74b4fca8ed94030ed03ca8e - - default default] 10.0.0.138 "POST /v2.0/networks HTTP/1.1" status: 201 len: 950 time: 1.1482561
2026-04-07 01:13:53.421 10 WARNING neutron.scheduler.dhcp_agent_scheduler [None req-f0514478-ef0a-440b-b8d1-3433ccbd3c87 a846336fdd274255bb1080d3b350db62 c65d38dfb74b4fca8ed94030ed03ca8e - - default default] No more DHCP agents
2026-04-07 01:13:53.426 10 WARNING neutron.api.rpc.agentnotifiers.dhcp_rpc_agent_api [None req-f0514478-ef0a-440b-b8d1-3433ccbd3c87 a846336fdd274255bb1080d3b350db62 c65d38dfb74b4fca8ed94030ed03ca8e - - default default] Unable to schedule network 7058624f-b701-41ed-bd08-e18affeac134: no agents available; will retry on subsequent port and subnet creation events.
2026-04-07 01:13:53.544 9 INFO neutron.db.ovn_revision_numbers_db [None req-d4ece792-67c1-4657-8c9e-bfb5fb02f121 a846336fdd274255bb1080d3b350db62 c65d38dfb74b4fca8ed94030ed03ca8e - - default default] Successfully bumped revision number for resource eb46f204-d939-4ac9-9c4f-f200c0129a8a (type: router_ports) to 1
2026-04-07 01:13:53.551 9 INFO neutron.api.wsgi [None req-d4ece792-67c1-4657-8c9e-bfb5fb02f121 a846336fdd274255bb1080d3b350db62 c65d38dfb74b4fca8ed94030ed03ca8e - - default default] 10.0.0.138 "PUT /v2.0/routers/b030c7ae-138b-4cba-941e-e10841357380/add_router_interface HTTP/1.1" status: 200 len: 503 time: 1.7982993
2026-04-07 01:13:53.604 10 WARNING neutron.scheduler.dhcp_agent_scheduler [None req-4e93cea4-48fa-4ca4-a7eb-414b77e8dee8 a846336fdd274255bb1080d3b350db62 c65d38dfb74b4fca8ed94030ed03ca8e - - default default] No more DHCP agents
2026-04-07 01:13:53.607 10 WARNING neutron.api.rpc.agentnotifiers.dhcp_rpc_agent_api [None req-4e93cea4-48fa-4ca4-a7eb-414b77e8dee8 a846336fdd274255bb1080d3b350db62 c65d38dfb74b4fca8ed94030ed03ca8e - - default default] Unable to schedule network 0a18386e-5d7c-49ff-b883-cfb8e7f07055: no agents available; will retry on subsequent port and subnet creation events.
2026-04-07 01:13:54.054 10 INFO neutron.db.ovn_revision_numbers_db [None req-396ffb83-eb2b-49f7-94d8-4a087dc2e396 - - - - - -] Successfully bumped revision number for resource 9f84b03b-df4c-49c6-8a53-229ae77c106f (type: ports) to 1
2026-04-07 01:13:54.115 9 WARNING neutron_lib.context [None req-e6cee6e2-9878-441d-a5bd-b07f8f77084c 5d1d5c78f15d4071be7ed443e906db8b b951c5383966400d8ee66ecbb39f338a - - default default] Method 'is_advsvc' is deprecated since 2023.2 release (neutron-lib 3.8.0) and will be removed once support for the old RBAC API policies will be removed from Neutron. Please use method 'is_service_role' instead.
2026-04-07 01:13:54.272 10 INFO neutron.db.ovn_revision_numbers_db [None req-f0514478-ef0a-440b-b8d1-3433ccbd3c87 a846336fdd274255bb1080d3b350db62 c65d38dfb74b4fca8ed94030ed03ca8e - - default default] Successfully bumped revision number for resource d004628d-e322-482a-a3c5-0b1897a23e4c (type: router_ports) to 1
2026-04-07 01:13:54.277 10 INFO neutron.api.wsgi [None req-f0514478-ef0a-440b-b8d1-3433ccbd3c87 a846336fdd274255bb1080d3b350db62 c65d38dfb74b4fca8ed94030ed03ca8e - - default default] 10.0.0.138 "PUT /v2.0/routers/7b8979ef-182d-42cf-88c7-432aab26c292/add_router_interface HTTP/1.1" status: 200 len: 503 time: 2.5083170
2026-04-07 01:13:54.321 9 INFO neutron.db.ovn_revision_numbers_db [None req-e6cee6e2-9878-441d-a5bd-b07f8f77084c 5d1d5c78f15d4071be7ed443e906db8b b951c5383966400d8ee66ecbb39f338a - - default default] Successfully bumped revision number for resource 445aa75f-3845-423b-ab99-e859e01eae90 (type: security_groups) to 1
2026-04-07 01:13:54.339 9 INFO neutron.db.ovn_revision_numbers_db [None req-e6cee6e2-9878-441d-a5bd-b07f8f77084c 5d1d5c78f15d4071be7ed443e906db8b b951c5383966400d8ee66ecbb39f338a - - default default] Successfully bumped revision number for resource 3a7125c3-6e79-4c20-a0b0-90e9b261996e (type: security_group_rules) to 0
2026-04-07 01:13:54.352 9 INFO neutron.db.ovn_revision_numbers_db [None req-e6cee6e2-9878-441d-a5bd-b07f8f77084c 5d1d5c78f15d4071be7ed443e906db8b b951c5383966400d8ee66ecbb39f338a - - default default] Successfully bumped revision number for resource 5affbeff-134d-43be-ba16-d36f72f7313a (type: security_group_rules) to 0
2026-04-07 01:13:54.361 10 INFO neutron.db.ovn_revision_numbers_db [None req-9635d56b-13e0-413f-bd7a-5529f0b61477 - - - - - -] Successfully bumped revision number for resource 813fa6ef-9172-4739-a0ed-a5ed766b66ed (type: ports) to 2
2026-04-07 01:13:54.394 10 INFO neutron.db.ovn_revision_numbers_db [None req-9635d56b-13e0-413f-bd7a-5529f0b61477 - - - - - -] Successfully bumped revision number for resource b6470c05-cf26-4c24-b28b-1bb0632ca73f (type: subnets) to 0
2026-04-07 01:13:54.397 9 INFO neutron.api.wsgi [None req-e6cee6e2-9878-441d-a5bd-b07f8f77084c 5d1d5c78f15d4071be7ed443e906db8b b951c5383966400d8ee66ecbb39f338a - - default default] 10.0.0.138 "POST /v2.0/security-groups HTTP/1.1" status: 201 len: 1858 time: 0.2889090
2026-04-07 01:13:54.405 9 WARNING neutron_lib.context [None req-e650b63d-c793-4da8-ab55-afd6c5cf5e5f 5d1d5c78f15d4071be7ed443e906db8b b951c5383966400d8ee66ecbb39f338a - - default default] Method 'is_advsvc' is deprecated since 2023.2 release (neutron-lib 3.8.0) and will be removed once support for the old RBAC API policies will be removed from Neutron. Please use method 'is_service_role' instead.
2026-04-07 01:13:54.416 9 INFO neutron.plugins.ml2.drivers.ovn.mech_driver.mech_driver [None req-c9398556-88a0-42e2-9c82-21de272ffd9d - - - - - -] OVN reports status up for port: eb46f204-d939-4ac9-9c4f-f200c0129a8a
2026-04-07 01:13:54.423 9 INFO neutron.plugins.ml2.plugin [None req-c9398556-88a0-42e2-9c82-21de272ffd9d - - - - - -] Attempt 1 to provision port eb46f204-d939-4ac9-9c4f-f200c0129a8a
2026-04-07 01:13:54.427 10 INFO neutron.api.wsgi [None req-4e93cea4-48fa-4ca4-a7eb-414b77e8dee8 a846336fdd274255bb1080d3b350db62 c65d38dfb74b4fca8ed94030ed03ca8e - - default default] 10.0.0.138 "POST /v2.0/subnets HTTP/1.1" status: 201 len: 894 time: 1.0251782
2026-04-07 01:13:54.465 10 INFO neutron.db.ovn_revision_numbers_db [None req-396ffb83-eb2b-49f7-94d8-4a087dc2e396 - - - - - -] Successfully bumped revision number for resource 9f84b03b-df4c-49c6-8a53-229ae77c106f (type: ports) to 4
2026-04-07 01:13:54.572 9 INFO neutron.db.ovn_revision_numbers_db [None req-e650b63d-c793-4da8-ab55-afd6c5cf5e5f 5d1d5c78f15d4071be7ed443e906db8b b951c5383966400d8ee66ecbb39f338a - - default default] Successfully bumped revision number for resource 7224946e-779d-491c-8a29-ffd7d7771dde (type: security_group_rules) to 0
2026-04-07 01:13:54.601 9 INFO neutron.api.wsgi [None req-e650b63d-c793-4da8-ab55-afd6c5cf5e5f 5d1d5c78f15d4071be7ed443e906db8b b951c5383966400d8ee66ecbb39f338a - - default default] 10.0.0.138 "POST /v2.0/security-group-rules HTTP/1.1" status: 201 len: 796 time: 0.1987312
2026-04-07 01:13:54.615 9 WARNING neutron_lib.context [None req-d9b19972-8b96-43c9-af10-053e2a7a9d79 5d1d5c78f15d4071be7ed443e906db8b b951c5383966400d8ee66ecbb39f338a - - default default] Method 'is_advsvc' is deprecated since 2023.2 release (neutron-lib 3.8.0) and will be removed once support for the old RBAC API policies will be removed from Neutron. Please use method 'is_service_role' instead.
2026-04-07 01:13:54.770 9 INFO neutron.db.ovn_revision_numbers_db [None req-d9b19972-8b96-43c9-af10-053e2a7a9d79 5d1d5c78f15d4071be7ed443e906db8b b951c5383966400d8ee66ecbb39f338a - - default default] Successfully bumped revision number for resource 3b1de84d-048b-4ada-b5b6-c24617dfc6de (type: security_group_rules) to 0
2026-04-07 01:13:54.812 9 INFO neutron.api.wsgi [None req-d9b19972-8b96-43c9-af10-053e2a7a9d79 5d1d5c78f15d4071be7ed443e906db8b b951c5383966400d8ee66ecbb39f338a - - default default] 10.0.0.138 "POST /v2.0/security-group-rules HTTP/1.1" status: 201 len: 801 time: 0.2016962
2026-04-07 01:13:54.815 10 INFO neutron.db.ovn_revision_numbers_db [None req-396ffb83-eb2b-49f7-94d8-4a087dc2e396 - - - - - -] Successfully bumped revision number for resource 9f84b03b-df4c-49c6-8a53-229ae77c106f (type: ports) to 5
2026-04-07 01:13:54.826 10 WARNING neutron_lib.context [None req-73a4d398-ac32-426d-ad5a-ab435822dafd 5d1d5c78f15d4071be7ed443e906db8b b951c5383966400d8ee66ecbb39f338a - - default default] Method 'is_advsvc' is deprecated since 2023.2 release (neutron-lib 3.8.0) and will be removed once support for the old RBAC API policies will be removed from Neutron. Please use method 'is_service_role' instead.
2026-04-07 01:13:54.835 10 WARNING neutron.scheduler.dhcp_agent_scheduler [None req-6f937e61-1b33-4f74-9c4f-5829744333d6 a846336fdd274255bb1080d3b350db62 c65d38dfb74b4fca8ed94030ed03ca8e - - default default] No more DHCP agents
2026-04-07 01:13:54.838 10 WARNING neutron.api.rpc.agentnotifiers.dhcp_rpc_agent_api [None req-6f937e61-1b33-4f74-9c4f-5829744333d6 a846336fdd274255bb1080d3b350db62 c65d38dfb74b4fca8ed94030ed03ca8e - - default default] Unable to schedule network ec61ddbb-7eb1-4408-84d6-f654034c2325: no agents available; will retry on subsequent port and subnet creation events.
2026-04-07 01:13:54.850 9 INFO neutron.db.ovn_revision_numbers_db [None req-c9398556-88a0-42e2-9c82-21de272ffd9d - - - - - -] Successfully bumped revision number for resource eb46f204-d939-4ac9-9c4f-f200c0129a8a (type: ports) to 2
2026-04-07 01:13:54.882 9 WARNING neutron_lib.context [None req-c98156c3-0ddd-4c37-b458-a5171253de98 5ec2fa5c407647659269c309368f01e3 01fce35b331149e6b85ff1a0180efeb9 - - default default] Method 'is_advsvc' is deprecated since 2023.2 release (neutron-lib 3.8.0) and will be removed once support for the old RBAC API policies will be removed from Neutron. Please use method 'is_service_role' instead.
2026-04-07 01:13:54.972 10 INFO neutron.db.ovn_revision_numbers_db [None req-6f937e61-1b33-4f74-9c4f-5829744333d6 a846336fdd274255bb1080d3b350db62 c65d38dfb74b4fca8ed94030ed03ca8e - - default default] Successfully bumped revision number for resource 5ed2e6f5-ef4a-464f-95c2-d6b707c7ba31 (type: ports) to 1
2026-04-07 01:13:54.989 9 INFO neutron.db.ovn_revision_numbers_db [None req-c98156c3-0ddd-4c37-b458-a5171253de98 5ec2fa5c407647659269c309368f01e3 01fce35b331149e6b85ff1a0180efeb9 - - default default] Successfully bumped revision number for resource 3d353f7b-a65f-4757-8bcf-caa8524da2b5 (type: security_groups) to 1
2026-04-07 01:13:55.000 9 INFO neutron.db.ovn_revision_numbers_db [None req-c98156c3-0ddd-4c37-b458-a5171253de98 5ec2fa5c407647659269c309368f01e3 01fce35b331149e6b85ff1a0180efeb9 - - default default] Successfully bumped revision number for resource 1a3302b5-aa77-49fd-bed0-d0d0498496fc (type: security_group_rules) to 0
2026-04-07 01:13:55.011 9 INFO neutron.db.ovn_revision_numbers_db [None req-c98156c3-0ddd-4c37-b458-a5171253de98 5ec2fa5c407647659269c309368f01e3 01fce35b331149e6b85ff1a0180efeb9 - - default default] Successfully bumped revision number for resource 76334c7a-3a8a-42e5-860e-b1319b43a225 (type: security_group_rules) to 0
2026-04-07 01:13:55.043 9 INFO neutron.api.wsgi [None req-c98156c3-0ddd-4c37-b458-a5171253de98 5ec2fa5c407647659269c309368f01e3 01fce35b331149e6b85ff1a0180efeb9 - - default default] 10.0.0.138 "POST /v2.0/security-groups HTTP/1.1" status: 201 len: 1860 time: 0.1646979
2026-04-07 01:13:55.054 9 WARNING neutron_lib.context [None req-7fad519f-5c9d-4f60-ab2f-9c0a7b12bc89 5ec2fa5c407647659269c309368f01e3 01fce35b331149e6b85ff1a0180efeb9 - - default default] Method 'is_advsvc' is deprecated since 2023.2 release (neutron-lib 3.8.0) and will be removed once support for the old RBAC API policies will be removed from Neutron. Please use method 'is_service_role' instead.
2026-04-07 01:13:55.104 10 WARNING neutron.scheduler.dhcp_agent_scheduler [None req-73a4d398-ac32-426d-ad5a-ab435822dafd 5d1d5c78f15d4071be7ed443e906db8b b951c5383966400d8ee66ecbb39f338a - - default default] No more DHCP agents
2026-04-07 01:13:55.105 10 WARNING neutron.api.rpc.agentnotifiers.dhcp_rpc_agent_api [None req-73a4d398-ac32-426d-ad5a-ab435822dafd 5d1d5c78f15d4071be7ed443e906db8b b951c5383966400d8ee66ecbb39f338a - - default default] Unable to schedule network ec61ddbb-7eb1-4408-84d6-f654034c2325: no agents available; will retry on subsequent port and subnet creation events.
2026-04-07 01:13:55.186 9 INFO neutron.db.ovn_revision_numbers_db [None req-7fad519f-5c9d-4f60-ab2f-9c0a7b12bc89 5ec2fa5c407647659269c309368f01e3 01fce35b331149e6b85ff1a0180efeb9 - - default default] Successfully bumped revision number for resource c2d51eec-ae62-4bc9-81c2-e0c26d09e306 (type: security_group_rules) to 0
2026-04-07 01:13:55.214 9 INFO neutron.api.wsgi [None req-7fad519f-5c9d-4f60-ab2f-9c0a7b12bc89 5ec2fa5c407647659269c309368f01e3 01fce35b331149e6b85ff1a0180efeb9 - - default default] 10.0.0.138 "POST /v2.0/security-group-rules HTTP/1.1" status: 201 len: 796 time: 0.1641765
2026-04-07 01:13:55.225 9 WARNING neutron_lib.context [None req-9dcff88e-a67c-4e22-af7b-40a8396572e6 5ec2fa5c407647659269c309368f01e3 01fce35b331149e6b85ff1a0180efeb9 - - default default] Method 'is_advsvc' is deprecated since 2023.2 release (neutron-lib 3.8.0) and will be removed once support for the old RBAC API policies will be removed from Neutron. Please use method 'is_service_role' instead.
2026-04-07 01:13:55.351 9 INFO neutron.db.ovn_revision_numbers_db [None req-9dcff88e-a67c-4e22-af7b-40a8396572e6 5ec2fa5c407647659269c309368f01e3 01fce35b331149e6b85ff1a0180efeb9 - - default default] Successfully bumped revision number for resource ca8b3a5b-9e24-4205-92a8-554e4a30018d (type: security_group_rules) to 0
2026-04-07 01:13:55.359 9 INFO neutron.db.ovn_revision_numbers_db [None req-d3136c7e-0245-4055-809a-2239280b26f0 a846336fdd274255bb1080d3b350db62 c65d38dfb74b4fca8ed94030ed03ca8e - - default default] Successfully bumped revision number for resource 11635f61-cc54-4783-8ecb-9c65035f1bab (type: security_groups) to 1
2026-04-07 01:13:55.372 9 INFO neutron.db.ovn_revision_numbers_db [None req-d3136c7e-0245-4055-809a-2239280b26f0 a846336fdd274255bb1080d3b350db62 c65d38dfb74b4fca8ed94030ed03ca8e - - default default] Successfully bumped revision number for resource 028817d5-62b9-4fd0-ad2d-5dbab9b2a218 (type: security_group_rules) to 0
2026-04-07 01:13:55.380 9 INFO neutron.api.wsgi [None req-9dcff88e-a67c-4e22-af7b-40a8396572e6 5ec2fa5c407647659269c309368f01e3 01fce35b331149e6b85ff1a0180efeb9 - - default default] 10.0.0.138 "POST /v2.0/security-group-rules HTTP/1.1" status: 201 len: 801 time: 0.1606274
2026-04-07 01:13:55.384 9 INFO neutron.db.ovn_revision_numbers_db [None req-d3136c7e-0245-4055-809a-2239280b26f0 a846336fdd274255bb1080d3b350db62 c65d38dfb74b4fca8ed94030ed03ca8e - - default default] Successfully bumped revision number for resource 0a2fdcac-890f-43e9-ac88-66d92dcec1f7 (type: security_group_rules) to 0
2026-04-07 01:13:55.393 9 WARNING neutron_lib.context [None req-a88967d8-7da3-4d49-b2e5-b94af66e9e9a 5ec2fa5c407647659269c309368f01e3 01fce35b331149e6b85ff1a0180efeb9 - - default default] Method 'is_advsvc' is deprecated since 2023.2 release (neutron-lib 3.8.0) and will be removed once support for the old RBAC API policies will be removed from Neutron. Please use method 'is_service_role' instead.
2026-04-07 01:13:55.404 9 INFO neutron.db.ovn_revision_numbers_db [None req-d3136c7e-0245-4055-809a-2239280b26f0 a846336fdd274255bb1080d3b350db62 c65d38dfb74b4fca8ed94030ed03ca8e - - default default] Successfully bumped revision number for resource b2658161-a40c-4ea7-ab63-bb83dc2d04dd (type: security_group_rules) to 0
2026-04-07 01:13:55.425 9 INFO neutron.db.ovn_revision_numbers_db [None req-d3136c7e-0245-4055-809a-2239280b26f0 a846336fdd274255bb1080d3b350db62 c65d38dfb74b4fca8ed94030ed03ca8e - - default default] Successfully bumped revision number for resource b4ad368c-cac6-4474-a49f-a0c9aad511dc (type: security_group_rules) to 0
2026-04-07 01:13:55.464 9 INFO neutron.api.wsgi [None req-d3136c7e-0245-4055-809a-2239280b26f0 a846336fdd274255bb1080d3b350db62 c65d38dfb74b4fca8ed94030ed03ca8e - - default default] 10.0.0.138 "GET /v2.0/security-groups?tenant_id=53a4521b36024e23804dc57eac88e726&name=default HTTP/1.1" status: 200 len: 3120 time: 0.3614321
2026-04-07 01:13:55.497 10 INFO neutron.api.wsgi [None req-73a4d398-ac32-426d-ad5a-ab435822dafd 5d1d5c78f15d4071be7ed443e906db8b b951c5383966400d8ee66ecbb39f338a - - default default] 10.0.0.138 "POST /v2.0/floatingips HTTP/1.1" status: 201 len: 751 time: 0.6746683
2026-04-07 01:13:55.650 9 WARNING neutron.scheduler.dhcp_agent_scheduler [None req-a88967d8-7da3-4d49-b2e5-b94af66e9e9a 5ec2fa5c407647659269c309368f01e3 01fce35b331149e6b85ff1a0180efeb9 - - default default] No more DHCP agents
2026-04-07 01:13:55.651 9 WARNING neutron.api.rpc.agentnotifiers.dhcp_rpc_agent_api [None req-a88967d8-7da3-4d49-b2e5-b94af66e9e9a 5ec2fa5c407647659269c309368f01e3 01fce35b331149e6b85ff1a0180efeb9 - - default default] Unable to schedule network ec61ddbb-7eb1-4408-84d6-f654034c2325: no agents available; will retry on subsequent port and subnet creation events.
2026-04-07 01:13:55.664 10 INFO neutron.plugins.ml2.drivers.ovn.mech_driver.ovsdb.commands [None req-f2a0174a-7ea2-48e3-afc5-326caf6f1631 - - - - - -] Schedule LRP lrp-5ed2e6f5-ef4a-464f-95c2-d6b707c7ba31 on gateway dedb4208-68ee-43a9-b1d9-28a114a3ebd9 with priority 1
2026-04-07 01:13:55.672 10 INFO neutron.plugins.ml2.drivers.ovn.mech_driver.mech_driver [None req-005d7b86-1487-4b84-9792-1c01529d2279 - - - - - -] OVN reports status up for port: 5ed2e6f5-ef4a-464f-95c2-d6b707c7ba31
2026-04-07 01:13:55.689 10 INFO neutron.plugins.ml2.drivers.ovn.mech_driver.ovsdb.ovsdb_monitor [None req-396ffb83-eb2b-49f7-94d8-4a087dc2e396 - - - - - -] Router 68a3bcc7-2240-46a4-aeb1-a9a058715a64 is bound to host instance
2026-04-07 01:13:55.690 10 INFO neutron.plugins.ml2.plugin [None req-005d7b86-1487-4b84-9792-1c01529d2279 - - - - - -] Attempt 1 to provision port 5ed2e6f5-ef4a-464f-95c2-d6b707c7ba31
2026-04-07 01:13:55.712 10 INFO neutron.db.ovn_revision_numbers_db [None req-6f937e61-1b33-4f74-9c4f-5829744333d6 a846336fdd274255bb1080d3b350db62 c65d38dfb74b4fca8ed94030ed03ca8e - - default default] Successfully bumped revision number for resource 5ed2e6f5-ef4a-464f-95c2-d6b707c7ba31 (type: router_ports) to 1
2026-04-07 01:13:55.724 9 INFO neutron.api.wsgi [None req-afe1b6a6-3237-467d-9e00-e463bbbea811 a846336fdd274255bb1080d3b350db62 c65d38dfb74b4fca8ed94030ed03ca8e - - default default] 10.0.0.138 "DELETE /v2.0/security-groups/11635f61-cc54-4783-8ecb-9c65035f1bab HTTP/1.1" status: 204 len: 168 time: 0.2539113
