2026-04-07 01:16:53.089 9 INFO neutron.api.wsgi [None req-57784abc-f360-440e-919a-e2b077971014 a846336fdd274255bb1080d3b350db62 c65d38dfb74b4fca8ed94030ed03ca8e - - default default] 10.0.0.138 "DELETE /v2.0/security-groups/03310452-bcaf-47cf-9415-cc31d6e468f3 HTTP/1.1" status: 204 len: 168 time: 0.2262921
2026-04-07 01:16:53.280 10 WARNING neutron.plugins.ml2.drivers.ovn.mech_driver.ovsdb.ovn_client [None req-93dc2e53-d073-4171-bf33-58c005b94290 - - - - - -] No hosting information found for port b89c5ad0-a678-4bba-b286-4b802959dcd7: RuntimeError: No hosting information found for port b89c5ad0-a678-4bba-b286-4b802959dcd7
2026-04-07 01:16:53.312 10 INFO neutron.db.ovn_revision_numbers_db [None req-68c87429-cf5b-4b37-a576-1824e6db09d2 a846336fdd274255bb1080d3b350db62 c65d38dfb74b4fca8ed94030ed03ca8e - - default default] Successfully bumped revision number for resource 1bcd2b75-dd78-43b8-a5ca-fe3bed0a57f1 (type: security_groups) to 1
2026-04-07 01:16:53.326 10 INFO neutron.db.ovn_revision_numbers_db [None req-68c87429-cf5b-4b37-a576-1824e6db09d2 a846336fdd274255bb1080d3b350db62 c65d38dfb74b4fca8ed94030ed03ca8e - - default default] Successfully bumped revision number for resource 4a072e71-dc0e-4581-b916-05376a9c348e (type: security_group_rules) to 0
2026-04-07 01:16:53.352 10 INFO neutron.db.ovn_revision_numbers_db [None req-68c87429-cf5b-4b37-a576-1824e6db09d2 a846336fdd274255bb1080d3b350db62 c65d38dfb74b4fca8ed94030ed03ca8e - - default default] Successfully bumped revision number for resource 5601e67d-0f7e-4e59-8481-9facc5939b77 (type: security_group_rules) to 0
2026-04-07 01:16:53.356 10 INFO neutron.db.ovn_revision_numbers_db [None req-93dc2e53-d073-4171-bf33-58c005b94290 - - - - - -] Successfully bumped revision number for resource b89c5ad0-a678-4bba-b286-4b802959dcd7 (type: router_ports) to 2
2026-04-07 01:16:53.356 10 INFO neutron.plugins.ml2.drivers.ovn.mech_driver.mech_driver [None req-93dc2e53-d073-4171-bf33-58c005b94290 - - - - - -] OVN reports status up for port: d55f3e6a-5581-47f6-b01a-805058affe3c
2026-04-07 01:16:53.365 9 WARNING neutron.scheduler.dhcp_agent_scheduler [req-1803e330-4547-47bd-8ac0-318a0b5af314 req-294639f6-8654-401f-85d6-b2418c9b17d1 853d8ed4dca54ff6831a0dd04458b22e 50595e382dc04e8eb9b808ba9b8a944b - - default default] No more DHCP agents
2026-04-07 01:16:53.366 9 WARNING neutron.api.rpc.agentnotifiers.dhcp_rpc_agent_api [req-1803e330-4547-47bd-8ac0-318a0b5af314 req-294639f6-8654-401f-85d6-b2418c9b17d1 853d8ed4dca54ff6831a0dd04458b22e 50595e382dc04e8eb9b808ba9b8a944b - - default default] Unable to schedule network 7d44bc52-1469-4d0e-bb84-649a9be4f26b: no agents available; will retry on subsequent port and subnet creation events.
2026-04-07 01:16:53.367 10 INFO neutron.plugins.ml2.plugin [None req-93dc2e53-d073-4171-bf33-58c005b94290 - - - - - -] Attempt 1 to provision port d55f3e6a-5581-47f6-b01a-805058affe3c
2026-04-07 01:16:53.369 10 INFO neutron.db.ovn_revision_numbers_db [None req-68c87429-cf5b-4b37-a576-1824e6db09d2 a846336fdd274255bb1080d3b350db62 c65d38dfb74b4fca8ed94030ed03ca8e - - default default] Successfully bumped revision number for resource 62404112-2407-4f4a-baae-fd981a5126a2 (type: security_group_rules) to 0
2026-04-07 01:16:53.392 10 INFO neutron.db.ovn_revision_numbers_db [None req-68c87429-cf5b-4b37-a576-1824e6db09d2 a846336fdd274255bb1080d3b350db62 c65d38dfb74b4fca8ed94030ed03ca8e - - default default] Successfully bumped revision number for resource 9e27fffa-35cc-4115-b0de-44b42a233f09 (type: security_group_rules) to 0
2026-04-07 01:16:53.439 10 INFO neutron.api.wsgi [None req-68c87429-cf5b-4b37-a576-1824e6db09d2 a846336fdd274255bb1080d3b350db62 c65d38dfb74b4fca8ed94030ed03ca8e - - default default] 10.0.0.138 "GET /v2.0/security-groups?tenant_id=d73fc1b110c94e5a8bce6519f335cc41&name=default HTTP/1.1" status: 200 len: 3120 time: 0.2441700 /var/lib/openstack/lib/python3.12/site-packages/pycadf/identifier.py:71: UserWarning: Invalid uuid: neutron. To ensure interoperability, identifiers should be a valid uuid. warnings.warn(('Invalid uuid: %s. To ensure interoperability, '
2026-04-07 01:16:53.535 9 INFO neutron.db.ovn_revision_numbers_db [req-1803e330-4547-47bd-8ac0-318a0b5af314 req-294639f6-8654-401f-85d6-b2418c9b17d1 853d8ed4dca54ff6831a0dd04458b22e 50595e382dc04e8eb9b808ba9b8a944b - - default default] Successfully bumped revision number for resource 1ac69c41-0de3-49ec-b5dc-e845796b2e52 (type: ports) to 1
2026-04-07 01:16:53.538 9 INFO neutron.pecan_wsgi.hooks.translation [None req-f410b2fe-c94b-4dce-a559-07d789235a1b 4d47ac677ced415b90d4c54ceca2320e 5dcd7f49590540908c3e2a309f511315 - - default default] GET failed (client error): The resource could not be found.
2026-04-07 01:16:53.539 9 INFO neutron.api.wsgi [None req-f410b2fe-c94b-4dce-a559-07d789235a1b 4d47ac677ced415b90d4c54ceca2320e 5dcd7f49590540908c3e2a309f511315 - - default default] 10.0.0.138 "GET /v2.0/networks/adf46385-9b2a-4aa3-9c23-b536c2fde623 HTTP/1.1" status: 404 len: 339 time: 0.1217175
2026-04-07 01:16:53.564 9 INFO neutron.api.wsgi [req-1803e330-4547-47bd-8ac0-318a0b5af314 req-294639f6-8654-401f-85d6-b2418c9b17d1 853d8ed4dca54ff6831a0dd04458b22e 50595e382dc04e8eb9b808ba9b8a944b - - default default] 199.204.45.157 "POST /v2.0/ports HTTP/1.1" status: 201 len: 1384 time: 0.5151255
2026-04-07 01:16:53.697 9 INFO neutron.api.wsgi [None req-8bb0cee8-fe30-4f6c-972a-66b0f4d8ebaa a846336fdd274255bb1080d3b350db62 c65d38dfb74b4fca8ed94030ed03ca8e - - default default] 10.0.0.138 "DELETE /v2.0/security-groups/1bcd2b75-dd78-43b8-a5ca-fe3bed0a57f1 HTTP/1.1" status: 204 len: 168 time: 0.2526088 /var/lib/openstack/lib/python3.12/site-packages/pycadf/identifier.py:71: UserWarning: Invalid uuid: neutron. To ensure interoperability, identifiers should be a valid uuid. warnings.warn(('Invalid uuid: %s. To ensure interoperability, '
2026-04-07 01:16:53.835 10 INFO neutron.db.ovn_revision_numbers_db [None req-93dc2e53-d073-4171-bf33-58c005b94290 - - - - - -] Successfully bumped revision number for resource d55f3e6a-5581-47f6-b01a-805058affe3c (type: ports) to 2
2026-04-07 01:16:53.923 9 INFO neutron.api.wsgi [req-7fabb2a5-07f6-4142-8b7a-c3896c8a8c83 req-a78010a8-4744-426b-afa2-a6deb5d9226b 853d8ed4dca54ff6831a0dd04458b22e 50595e382dc04e8eb9b808ba9b8a944b - - default default] 10.0.0.34 "GET /v2.0/ports?device_id=d67f6067-9a58-4840-a600-93951f8b3b56 HTTP/1.1" status: 200 len: 1394 time: 0.0978887
2026-04-07 01:16:53.975 9 INFO neutron.api.wsgi [req-7fabb2a5-07f6-4142-8b7a-c3896c8a8c83 req-ba722c69-69c0-425f-980e-eec4692ad328 853d8ed4dca54ff6831a0dd04458b22e 50595e382dc04e8eb9b808ba9b8a944b - - default default] 10.0.0.34 "GET /v2.0/security-groups?id=80ef8c71-d5df-4206-b222-9e935ee7cd29&fields=id&fields=name HTTP/1.1" status: 200 len: 310 time: 0.0449047
2026-04-07 01:16:53.997 9 INFO neutron.db.ovn_revision_numbers_db [req-1803e330-4547-47bd-8ac0-318a0b5af314 req-2a4f5619-44ef-4cdc-966f-b35e2e69c8f0 7d0d2603bc434069ac4d5dffa9f56548 e79fd64fc181478fa706ac5a07b28d28 - - 7553c7f0a3af4487b0a34e18e6fb07f9 7553c7f0a3af4487b0a34e18e6fb07f9] Successfully bumped revision number for resource 1ac69c41-0de3-49ec-b5dc-e845796b2e52 (type: ports) to 2
2026-04-07 01:16:54.070 10 INFO neutron.services.segments.plugin [-] Segment cba0bd25-fb5a-4c91-beaf-28344aaf0b2c resource provider aggregate not found
2026-04-07 01:16:54.076 10 INFO neutron.services.segments.plugin [-] Segment cba0bd25-fb5a-4c91-beaf-28344aaf0b2c resource provider aggregate not found
2026-04-07 01:16:54.081 9 INFO neutron.db.ovn_revision_numbers_db [None req-56d998a9-a949-4fe5-934f-36cfc10e6b9c a846336fdd274255bb1080d3b350db62 c65d38dfb74b4fca8ed94030ed03ca8e - - default default] Successfully bumped revision number for resource 080f1957-75ee-4c3d-8398-2eb5f07c460e (type: security_groups) to 1
2026-04-07 01:16:54.083 10 INFO neutron.services.segments.plugin [-] Segment cba0bd25-fb5a-4c91-beaf-28344aaf0b2c resource provider not found; error: Placement Client Error (4xx): {"errors": [{"status": 404, "title": "Not Found", "detail": "The resource could not be found.\n\n No resource provider with uuid cba0bd25-fb5a-4c91-beaf-28344aaf0b2c found for delete ", "request_id": "req-bfed3608-c98d-460e-b6fa-52e6a91d150a"}]}
2026-04-07 01:16:54.095 10 INFO neutron.services.segments.plugin [-] Segment cba0bd25-fb5a-4c91-beaf-28344aaf0b2c resource provider not found; error: Placement Client Error (4xx): {"errors": [{"status": 404, "title": "Not Found", "detail": "The resource could not be found.\n\n No resource provider with uuid cba0bd25-fb5a-4c91-beaf-28344aaf0b2c found for delete ", "request_id": "req-bad3d8c7-ead9-4305-bc9d-4fe86e467f23"}]}
2026-04-07 01:16:54.113 9 INFO neutron.db.ovn_revision_numbers_db [None req-56d998a9-a949-4fe5-934f-36cfc10e6b9c a846336fdd274255bb1080d3b350db62 c65d38dfb74b4fca8ed94030ed03ca8e - - default default] Successfully bumped revision number for resource 9557ce59-51c1-46c6-90a6-7053d0dcdfd0 (type: security_group_rules) to 0
2026-04-07 01:16:54.120 10 INFO neutron.api.wsgi [None req-8745fcac-32d9-4398-aec4-24827238b033 3ecf6ef487144cc29342477c5cf4d909 7f4f0bc7dbd24f0280ba48c90c7c9a3a - - default default] 10.0.0.138 "DELETE /v2.0/networks/adf46385-9b2a-4aa3-9c23-b536c2fde623 HTTP/1.1" status: 204 len: 168 time: 0.5745206
2026-04-07 01:16:54.133 9 INFO neutron.db.ovn_revision_numbers_db [None req-56d998a9-a949-4fe5-934f-36cfc10e6b9c a846336fdd274255bb1080d3b350db62 c65d38dfb74b4fca8ed94030ed03ca8e - - default default] Successfully bumped revision number for resource b7aaf9dd-b266-4f3a-8eb7-677025728fc6 (type: security_group_rules) to 0
2026-04-07 01:16:54.137 10 INFO neutron.pecan_wsgi.hooks.translation [None req-1c5ac6b1-5ae8-4ba5-aa37-9eeef66fa4d5 3ecf6ef487144cc29342477c5cf4d909 7f4f0bc7dbd24f0280ba48c90c7c9a3a - - default default] DELETE failed (client error): The resource could not be found.
2026-04-07 01:16:54.141 10 INFO neutron.api.wsgi [None req-1c5ac6b1-5ae8-4ba5-aa37-9eeef66fa4d5 3ecf6ef487144cc29342477c5cf4d909 7f4f0bc7dbd24f0280ba48c90c7c9a3a - - default default] 10.0.0.138 "DELETE /v2.0/subnets/7d42d96f-2e70-499b-8aef-26ed78e864d8 HTTP/1.1" status: 404 len: 337 time: 0.0145562
2026-04-07 01:16:54.150 9 INFO neutron.db.ovn_revision_numbers_db [None req-56d998a9-a949-4fe5-934f-36cfc10e6b9c a846336fdd274255bb1080d3b350db62 c65d38dfb74b4fca8ed94030ed03ca8e - - default default] Successfully bumped revision number for resource c55b9fb7-2198-4baa-84a4-d09dcbbe8197 (type: security_group_rules) to 0
2026-04-07 01:16:54.153 10 INFO neutron.pecan_wsgi.hooks.translation [None req-5e85c578-4b22-4ad1-ac20-0e6e2c9343c7 3ecf6ef487144cc29342477c5cf4d909 7f4f0bc7dbd24f0280ba48c90c7c9a3a - - default default] DELETE failed (client error): The resource could not be found.
2026-04-07 01:16:54.155 10 INFO neutron.api.wsgi [None req-5e85c578-4b22-4ad1-ac20-0e6e2c9343c7 3ecf6ef487144cc29342477c5cf4d909 7f4f0bc7dbd24f0280ba48c90c7c9a3a - - default default] 10.0.0.138 "DELETE /v2.0/subnets/89f70cff-e4c0-4087-ba83-b5009ae00dd7 HTTP/1.1" status: 404 len: 337 time: 0.0094907
2026-04-07 01:16:54.166 9 INFO neutron.db.ovn_revision_numbers_db [None req-56d998a9-a949-4fe5-934f-36cfc10e6b9c a846336fdd274255bb1080d3b350db62 c65d38dfb74b4fca8ed94030ed03ca8e - - default default] Successfully bumped revision number for resource e7aebb94-4fb5-435c-b58f-c588b9c18807 (type: security_group_rules) to 0
2026-04-07 01:16:54.173 10 INFO neutron.pecan_wsgi.hooks.translation [None req-c9b8e48a-bcd5-4974-89b7-6d6cd498a935 3ecf6ef487144cc29342477c5cf4d909 7f4f0bc7dbd24f0280ba48c90c7c9a3a - - default default] DELETE failed (client error): The resource could not be found.
2026-04-07 01:16:54.176 10 INFO neutron.api.wsgi [None req-c9b8e48a-bcd5-4974-89b7-6d6cd498a935 3ecf6ef487144cc29342477c5cf4d909 7f4f0bc7dbd24f0280ba48c90c7c9a3a - - default default] 10.0.0.138 "DELETE /v2.0/subnets/5623d9ba-4e90-43d9-ae58-cd656ec6db34 HTTP/1.1" status: 404 len: 337 time: 0.0164592
2026-04-07 01:16:54.206 9 INFO neutron.api.wsgi [None req-56d998a9-a949-4fe5-934f-36cfc10e6b9c a846336fdd274255bb1080d3b350db62 c65d38dfb74b4fca8ed94030ed03ca8e - - default default] 10.0.0.138 "GET /v2.0/security-groups?tenant_id=18cb2effa818494e8c34dafcf856aa14&name=default HTTP/1.1" status: 200 len: 3120 time: 0.3951583
2026-04-07 01:16:54.239 9 INFO neutron.db.ovn_revision_numbers_db [req-1803e330-4547-47bd-8ac0-318a0b5af314 req-2a4f5619-44ef-4cdc-966f-b35e2e69c8f0 7d0d2603bc434069ac4d5dffa9f56548 e79fd64fc181478fa706ac5a07b28d28 - - 7553c7f0a3af4487b0a34e18e6fb07f9 7553c7f0a3af4487b0a34e18e6fb07f9] Successfully bumped revision number for resource 1ac69c41-0de3-49ec-b5dc-e845796b2e52 (type: ports) to 4
2026-04-07 01:16:54.261 9 INFO neutron.api.wsgi [req-1803e330-4547-47bd-8ac0-318a0b5af314 req-2a4f5619-44ef-4cdc-966f-b35e2e69c8f0 7d0d2603bc434069ac4d5dffa9f56548 e79fd64fc181478fa706ac5a07b28d28 - - 7553c7f0a3af4487b0a34e18e6fb07f9 7553c7f0a3af4487b0a34e18e6fb07f9] 199.204.45.157 "PUT /v2.0/ports/1ac69c41-0de3-49ec-b5dc-e845796b2e52 HTTP/1.1" status: 200 len: 1629 time: 0.6919227
2026-04-07 01:16:54.308 9 INFO neutron.notifiers.nova [-] Nova event matching ['req-59f10566-fd38-4beb-b408-b9b8f7079ac7'] response: {'name': 'network-changed', 'server_uuid': 'd67f6067-9a58-4840-a600-93951f8b3b56', 'tag': '1ac69c41-0de3-49ec-b5dc-e845796b2e52', 'status': 'completed', 'code': 200}
2026-04-07 01:16:54.445 10 INFO neutron.api.wsgi [None req-4940254d-d6a1-449c-8b44-7e39d6f1f1de a846336fdd274255bb1080d3b350db62 c65d38dfb74b4fca8ed94030ed03ca8e - - default default] 10.0.0.138 "DELETE /v2.0/security-groups/080f1957-75ee-4c3d-8398-2eb5f07c460e HTTP/1.1" status: 204 len: 168 time: 0.2253823 /var/lib/openstack/lib/python3.12/site-packages/pycadf/identifier.py:71: UserWarning: Invalid uuid: neutron. To ensure interoperability, identifiers should be a valid uuid. warnings.warn(('Invalid uuid: %s. To ensure interoperability, '
2026-04-07 01:16:54.854 9 INFO neutron.api.wsgi [req-8913f4a9-9be9-4084-aaaf-ba1dee8c42b6 req-dc9629b9-5b72-43a5-bcc5-e39df87a5fe2 7d0d2603bc434069ac4d5dffa9f56548 e79fd64fc181478fa706ac5a07b28d28 - - 7553c7f0a3af4487b0a34e18e6fb07f9 7553c7f0a3af4487b0a34e18e6fb07f9] 199.204.45.157 "GET /v2.0/ports?tenant_id=50595e382dc04e8eb9b808ba9b8a944b&device_id=d67f6067-9a58-4840-a600-93951f8b3b56 HTTP/1.1" status: 200 len: 1632 time: 0.0376022
2026-04-07 01:16:54.921 9 INFO neutron.api.wsgi [req-8913f4a9-9be9-4084-aaaf-ba1dee8c42b6 req-7ef07c21-1f5f-4b6b-8262-014f7c5ea6f8 7d0d2603bc434069ac4d5dffa9f56548 e79fd64fc181478fa706ac5a07b28d28 - - 7553c7f0a3af4487b0a34e18e6fb07f9 7553c7f0a3af4487b0a34e18e6fb07f9] 199.204.45.157 "GET /v2.0/networks?tenant_id=50595e382dc04e8eb9b808ba9b8a944b&shared=False HTTP/1.1" status: 200 len: 2585 time: 0.0605001
2026-04-07 01:16:54.975 9 INFO neutron.api.wsgi [req-8913f4a9-9be9-4084-aaaf-ba1dee8c42b6 req-f673029e-67d6-4e4f-a07b-87c0ba2408db 7d0d2603bc434069ac4d5dffa9f56548 e79fd64fc181478fa706ac5a07b28d28 - - 7553c7f0a3af4487b0a34e18e6fb07f9 7553c7f0a3af4487b0a34e18e6fb07f9] 199.204.45.157 "GET /v2.0/networks?shared=True HTTP/1.1" status: 200 len: 952 time: 0.0487664
2026-04-07 01:16:55.071 10 INFO neutron.api.wsgi [None req-a0207422-7533-4fe3-bc22-781f3ea319b7 a846336fdd274255bb1080d3b350db62 c65d38dfb74b4fca8ed94030ed03ca8e - - default default] 10.0.0.138 "GET /v2.0/security-groups?tenant_id=7f4f0bc7dbd24f0280ba48c90c7c9a3a&name=default HTTP/1.1" status: 200 len: 3120 time: 0.1249099
2026-04-07 01:16:55.333 10 INFO neutron.api.wsgi [None req-f95b807f-13ee-4a93-b0bc-3d1eb80f0549 a846336fdd274255bb1080d3b350db62 c65d38dfb74b4fca8ed94030ed03ca8e - - default default] 10.0.0.138 "DELETE /v2.0/security-groups/d34c64e9-88f9-4eef-8e9e-c5e9881c1c54 HTTP/1.1" status: 204 len: 168 time: 0.2566354
2026-04-07 01:16:55.598 9 INFO neutron.db.ovn_revision_numbers_db [None req-6902dfc8-5615-4b18-8cb4-364c1056383e a846336fdd274255bb1080d3b350db62 c65d38dfb74b4fca8ed94030ed03ca8e - - default default] Successfully bumped revision number for resource 5758e9cd-4e42-4dee-8d8a-918d8e83ee78 (type: security_groups) to 1
2026-04-07 01:16:55.622 9 INFO neutron.db.ovn_revision_numbers_db [None req-6902dfc8-5615-4b18-8cb4-364c1056383e a846336fdd274255bb1080d3b350db62 c65d38dfb74b4fca8ed94030ed03ca8e - - default default] Successfully bumped revision number for resource 4a262cd8-07c7-42cb-b471-e508bbf541a1 (type: security_group_rules) to 0
2026-04-07 01:16:55.640 9 INFO neutron.db.ovn_revision_numbers_db [None req-6902dfc8-5615-4b18-8cb4-364c1056383e a846336fdd274255bb1080d3b350db62 c65d38dfb74b4fca8ed94030ed03ca8e - - default default] Successfully bumped revision number for resource 6160c9cf-6b01-4921-819c-da23ea7ee0fe (type: security_group_rules) to 0
2026-04-07 01:16:55.651 9 INFO neutron.db.ovn_revision_numbers_db [None req-6902dfc8-5615-4b18-8cb4-364c1056383e a846336fdd274255bb1080d3b350db62 c65d38dfb74b4fca8ed94030ed03ca8e - - default default] Successfully bumped revision number for resource 9b0e516d-ff47-4861-a67f-486f04a274d5 (type: security_group_rules) to 0
2026-04-07 01:16:55.662 9 INFO neutron.db.ovn_revision_numbers_db [None req-6902dfc8-5615-4b18-8cb4-364c1056383e a846336fdd274255bb1080d3b350db62 c65d38dfb74b4fca8ed94030ed03ca8e - - default default] Successfully bumped revision number for resource fbd0bcf4-7fd1-42ae-93eb-17e3050fe627 (type: security_group_rules) to 0
2026-04-07 01:16:55.698 9 INFO neutron.api.wsgi [None req-6902dfc8-5615-4b18-8cb4-364c1056383e a846336fdd274255bb1080d3b350db62 c65d38dfb74b4fca8ed94030ed03ca8e - - default default] 10.0.0.138 "GET /v2.0/security-groups?tenant_id=5dcd7f49590540908c3e2a309f511315&name=default HTTP/1.1" status: 200 len: 3120 time: 0.2344549
2026-04-07 01:16:55.904 9 INFO neutron.api.wsgi [None req-5748bd34-7c0d-427e-a708-fa8842ef3059 a846336fdd274255bb1080d3b350db62 c65d38dfb74b4fca8ed94030ed03ca8e - - default default] 10.0.0.138 "DELETE /v2.0/security-groups/5758e9cd-4e42-4dee-8d8a-918d8e83ee78 HTTP/1.1" status: 204 len: 168 time: 0.1998873
2026-04-07 01:16:56.041 9 INFO neutron.api.wsgi [req-1803e330-4547-47bd-8ac0-318a0b5af314 req-52ab4aa8-b2d4-4515-820a-ee4b1c912eea 7d0d2603bc434069ac4d5dffa9f56548 e79fd64fc181478fa706ac5a07b28d28 - - 7553c7f0a3af4487b0a34e18e6fb07f9 7553c7f0a3af4487b0a34e18e6fb07f9] 199.204.45.157 "GET /v2.0/ports?tenant_id=50595e382dc04e8eb9b808ba9b8a944b&device_id=d67f6067-9a58-4840-a600-93951f8b3b56 HTTP/1.1" status: 200 len: 1632 time: 0.0514431
2026-04-07 01:16:56.062 9 INFO neutron.api.wsgi [req-1803e330-4547-47bd-8ac0-318a0b5af314 req-e780e9b2-ddf8-4071-9170-ba846e0a996d 7d0d2603bc434069ac4d5dffa9f56548 e79fd64fc181478fa706ac5a07b28d28 - - 7553c7f0a3af4487b0a34e18e6fb07f9 7553c7f0a3af4487b0a34e18e6fb07f9] 199.204.45.157 "GET /v2.0/floatingips?fixed_ip_address=10.2.1.80&port_id=1ac69c41-0de3-49ec-b5dc-e845796b2e52 HTTP/1.1" status: 200 len: 217 time: 0.0150406
2026-04-07 01:16:56.091 9 INFO neutron.api.wsgi [req-1803e330-4547-47bd-8ac0-318a0b5af314 req-0fc6d0f2-1927-416c-9bf9-a4523f7a5532 7d0d2603bc434069ac4d5dffa9f56548 e79fd64fc181478fa706ac5a07b28d28 - - 7553c7f0a3af4487b0a34e18e6fb07f9 7553c7f0a3af4487b0a34e18e6fb07f9] 199.204.45.157 "GET /v2.0/floatingips?fixed_ip_address=fd7b%3Af9f7%3Afff%3A4eca%3A%3A244&port_id=1ac69c41-0de3-49ec-b5dc-e845796b2e52 HTTP/1.1" status: 200 len: 217 time: 0.0198321
2026-04-07 01:16:56.140 9 INFO neutron.api.wsgi [req-1803e330-4547-47bd-8ac0-318a0b5af314 req-1e441ce9-6678-421f-addc-86edb88b2995 7d0d2603bc434069ac4d5dffa9f56548 e79fd64fc181478fa706ac5a07b28d28 - - 7553c7f0a3af4487b0a34e18e6fb07f9 7553c7f0a3af4487b0a34e18e6fb07f9] 199.204.45.157 "GET /v2.0/subnets?id=7f215a96-5d14-42d8-afba-f32ae7fd3a96&id=d4143101-0488-4edb-b38b-54e923b3837b HTTP/1.1" status: 200 len: 1606 time: 0.0413990
2026-04-07 01:16:56.168 9 INFO neutron.api.wsgi [req-1803e330-4547-47bd-8ac0-318a0b5af314 req-3c07f4bb-f79f-499e-9b8a-b997f6138f88 7d0d2603bc434069ac4d5dffa9f56548 e79fd64fc181478fa706ac5a07b28d28 - - 7553c7f0a3af4487b0a34e18e6fb07f9 7553c7f0a3af4487b0a34e18e6fb07f9] 199.204.45.157 "GET /v2.0/ports?network_id=7d44bc52-1469-4d0e-bb84-649a9be4f26b&device_owner=network%3Adhcp HTTP/1.1" status: 200 len: 210 time: 0.0218756
2026-04-07 01:16:56.185 9 INFO neutron.db.ovn_revision_numbers_db [None req-94cdd771-cabf-4794-89e3-ce04b410de15 a846336fdd274255bb1080d3b350db62 c65d38dfb74b4fca8ed94030ed03ca8e - - default default] Successfully bumped revision number for resource 6d62df1f-6614-4595-919e-bff96d521464 (type: security_groups) to 1
2026-04-07 01:16:56.187 9 INFO neutron.api.wsgi [req-1803e330-4547-47bd-8ac0-318a0b5af314 req-8bf5a8aa-b5d1-4295-9a6e-ee6801bcf7a5 7d0d2603bc434069ac4d5dffa9f56548 e79fd64fc181478fa706ac5a07b28d28 - - 7553c7f0a3af4487b0a34e18e6fb07f9 7553c7f0a3af4487b0a34e18e6fb07f9] 199.204.45.157 "GET /v2.0/ports?network_id=7d44bc52-1469-4d0e-bb84-649a9be4f26b&device_owner=network%3Adhcp HTTP/1.1" status: 200 len: 210 time: 0.0147204
2026-04-07 01:16:56.202 9 INFO neutron.db.ovn_revision_numbers_db [None req-94cdd771-cabf-4794-89e3-ce04b410de15 a846336fdd274255bb1080d3b350db62 c65d38dfb74b4fca8ed94030ed03ca8e - - default default] Successfully bumped revision number for resource 04a880aa-40aa-4491-83bb-9eda6f4444fd (type: security_group_rules) to 0
2026-04-07 01:16:56.220 9 INFO neutron.db.ovn_revision_numbers_db [None req-94cdd771-cabf-4794-89e3-ce04b410de15 a846336fdd274255bb1080d3b350db62 c65d38dfb74b4fca8ed94030ed03ca8e - - default default] Successfully bumped revision number for resource 4c3572dd-c4cf-43e8-8317-99207620a36a (type: security_group_rules) to 0
2026-04-07 01:16:56.233 9 INFO neutron.api.wsgi [req-1803e330-4547-47bd-8ac0-318a0b5af314 req-26cdec52-79c5-48b6-8811-838148d65290 7d0d2603bc434069ac4d5dffa9f56548 e79fd64fc181478fa706ac5a07b28d28 - - 7553c7f0a3af4487b0a34e18e6fb07f9 7553c7f0a3af4487b0a34e18e6fb07f9] 199.204.45.157 "GET /v2.0/networks/7d44bc52-1469-4d0e-bb84-649a9be4f26b?fields=segments HTTP/1.1" status: 200 len: 212 time: 0.0408163
2026-04-07 01:16:56.233 9 INFO neutron.db.ovn_revision_numbers_db [None req-94cdd771-cabf-4794-89e3-ce04b410de15 a846336fdd274255bb1080d3b350db62 c65d38dfb74b4fca8ed94030ed03ca8e - - default default] Successfully bumped revision number for resource 88168925-c078-4427-a1bb-cf5c69ae0c93 (type: security_group_rules) to 0
2026-04-07 01:16:56.256 9 INFO neutron.db.ovn_revision_numbers_db [None req-94cdd771-cabf-4794-89e3-ce04b410de15 a846336fdd274255bb1080d3b350db62 c65d38dfb74b4fca8ed94030ed03ca8e - - default default] Successfully bumped revision number for resource ce24e2ab-8825-431b-b060-9b1e6bf34280 (type: security_group_rules) to 0
2026-04-07 01:16:56.287 9 INFO neutron.api.wsgi [req-1803e330-4547-47bd-8ac0-318a0b5af314 req-49b9c9d7-b0a0-4ed2-9608-de80d0fa9076 7d0d2603bc434069ac4d5dffa9f56548 e79fd64fc181478fa706ac5a07b28d28 - - 7553c7f0a3af4487b0a34e18e6fb07f9 7553c7f0a3af4487b0a34e18e6fb07f9] 199.204.45.157 "GET /v2.0/networks/7d44bc52-1469-4d0e-bb84-649a9be4f26b?fields=provider%3Aphysical_network&fields=provider%3Anetwork_type HTTP/1.1" status: 200 len: 277 time: 0.0444803
2026-04-07 01:16:56.291 9 INFO neutron.api.wsgi [None req-94cdd771-cabf-4794-89e3-ce04b410de15 a846336fdd274255bb1080d3b350db62 c65d38dfb74b4fca8ed94030ed03ca8e - - default default] 10.0.0.138 "GET /v2.0/security-groups?tenant_id=0369fa26f9b4422690f25f97ba81d32f&name=default HTTP/1.1" status: 200 len: 3120 time: 0.3137014
2026-04-07 01:16:56.478 9 INFO neutron.api.wsgi [None req-758559f4-bf79-4ede-8e06-e0d4edd9998d a846336fdd274255bb1080d3b350db62 c65d38dfb74b4fca8ed94030ed03ca8e - - default default] 10.0.0.138 "DELETE /v2.0/security-groups/6d62df1f-6614-4595-919e-bff96d521464 HTTP/1.1" status: 204 len: 168 time: 0.1807568
2026-04-07 01:16:56.771 9 INFO neutron.db.ovn_revision_numbers_db [None req-3b93943b-0480-4ada-9255-ec726f95d83b a846336fdd274255bb1080d3b350db62 c65d38dfb74b4fca8ed94030ed03ca8e - - default default] Successfully bumped revision number for resource 26770e6c-c166-4b52-8d73-46a4076a4b32 (type: security_groups) to 1
2026-04-07 01:16:56.784 9 INFO neutron.db.ovn_revision_numbers_db [None req-3b93943b-0480-4ada-9255-ec726f95d83b a846336fdd274255bb1080d3b350db62 c65d38dfb74b4fca8ed94030ed03ca8e - - default default] Successfully bumped revision number for resource 4da8f7d2-3aec-4a87-9f22-4ef613b2b189 (type: security_group_rules) to 0
2026-04-07 01:16:56.797 9 INFO neutron.db.ovn_revision_numbers_db [None req-3b93943b-0480-4ada-9255-ec726f95d83b a846336fdd274255bb1080d3b350db62 c65d38dfb74b4fca8ed94030ed03ca8e - - default default] Successfully bumped revision number for resource 54494694-574d-4dbf-8aa1-a4f531b4809d (type: security_group_rules) to 0
2026-04-07 01:16:56.810 9 INFO neutron.db.ovn_revision_numbers_db [None req-3b93943b-0480-4ada-9255-ec726f95d83b a846336fdd274255bb1080d3b350db62 c65d38dfb74b4fca8ed94030ed03ca8e - - default default] Successfully bumped revision number for resource 6b000c5a-d249-437b-b358-8758d1f044df (type: security_group_rules) to 0
2026-04-07 01:16:56.823 9 INFO neutron.db.ovn_revision_numbers_db [None req-3b93943b-0480-4ada-9255-ec726f95d83b a846336fdd274255bb1080d3b350db62 c65d38dfb74b4fca8ed94030ed03ca8e - - default default] Successfully bumped revision number for resource f19f2b10-553f-4307-a8ed-58fb351cd91c (type: security_group_rules) to 0
2026-04-07 01:16:56.889 9 INFO neutron.db.segments_db [None req-3b93943b-0480-4ada-9255-ec726f95d83b a846336fdd274255bb1080d3b350db62 c65d38dfb74b4fca8ed94030ed03ca8e - - default default] Added segment e4c69f42-8eab-4803-aa21-dd6b0ab248d0 of type geneve for network c28bea85-ef50-4cf1-a2fd-d02fe9763c8f
2026-04-07 01:16:56.993 9 INFO neutron.db.ovn_revision_numbers_db [None req-3b93943b-0480-4ada-9255-ec726f95d83b a846336fdd274255bb1080d3b350db62 c65d38dfb74b4fca8ed94030ed03ca8e - - default default] Successfully bumped revision number for resource c28bea85-ef50-4cf1-a2fd-d02fe9763c8f (type: networks) to 1
2026-04-07 01:16:57.123 9 WARNING neutron.scheduler.dhcp_agent_scheduler [None req-3b93943b-0480-4ada-9255-ec726f95d83b a846336fdd274255bb1080d3b350db62 c65d38dfb74b4fca8ed94030ed03ca8e - - default default] No more DHCP agents
2026-04-07 01:16:57.124 9 WARNING neutron.api.rpc.agentnotifiers.dhcp_rpc_agent_api [None req-3b93943b-0480-4ada-9255-ec726f95d83b a846336fdd274255bb1080d3b350db62 c65d38dfb74b4fca8ed94030ed03ca8e - - default default] Unable to schedule network c28bea85-ef50-4cf1-a2fd-d02fe9763c8f: no agents available; will retry on subsequent port and subnet creation events.
2026-04-07 01:16:57.190 9 INFO neutron.db.ovn_revision_numbers_db [None req-3b93943b-0480-4ada-9255-ec726f95d83b a846336fdd274255bb1080d3b350db62 c65d38dfb74b4fca8ed94030ed03ca8e - - default default] Successfully bumped revision number for resource aea797e6-f7fb-436d-a717-e86447286618 (type: ports) to 1
2026-04-07 01:16:57.215 9 INFO neutron.api.wsgi [None req-3b93943b-0480-4ada-9255-ec726f95d83b a846336fdd274255bb1080d3b350db62 c65d38dfb74b4fca8ed94030ed03ca8e - - default default] 10.0.0.138 "POST /v2.0/networks HTTP/1.1" status: 201 len: 942 time: 0.7003388
2026-04-07 01:16:57.354 10 WARNING neutron.scheduler.dhcp_agent_scheduler [None req-daa37f7b-0044-4417-963e-c59d8c45722f a846336fdd274255bb1080d3b350db62 c65d38dfb74b4fca8ed94030ed03ca8e - - default default] No more DHCP agents
2026-04-07 01:16:57.356 10 WARNING neutron.api.rpc.agentnotifiers.dhcp_rpc_agent_api [None req-daa37f7b-0044-4417-963e-c59d8c45722f a846336fdd274255bb1080d3b350db62 c65d38dfb74b4fca8ed94030ed03ca8e - - default default] Unable to schedule network c28bea85-ef50-4cf1-a2fd-d02fe9763c8f: no agents available; will retry on subsequent port and subnet creation events.
2026-04-07 01:16:57.770 10 INFO neutron.db.ovn_revision_numbers_db [None req-6e15d8ce-3389-45dc-a70b-1ff71fc6c051 - - - - - -] Successfully bumped revision number for resource aea797e6-f7fb-436d-a717-e86447286618 (type: ports) to 2
2026-04-07 01:16:57.797 10 INFO neutron.db.ovn_revision_numbers_db [None req-6e15d8ce-3389-45dc-a70b-1ff71fc6c051 - - - - - -] Successfully bumped revision number for resource 61afd0ea-d42f-441c-b8c9-ca0c71e9250d (type: subnets) to 0
2026-04-07 01:16:57.812 10 INFO neutron.api.wsgi [None req-daa37f7b-0044-4417-963e-c59d8c45722f a846336fdd274255bb1080d3b350db62 c65d38dfb74b4fca8ed94030ed03ca8e - - default default] 10.0.0.138 "POST /v2.0/subnets HTTP/1.1" status: 201 len: 886 time: 0.5909388
2026-04-07 01:16:58.105 10 WARNING neutron_lib.context [None req-6f3636a8-2362-4b25-b13a-c72f4a519c74 1cda30b196454042b3db7f059a5a9497 53f8793b904347a7b9903b663ef256fc - - default default] Method 'is_advsvc' is deprecated since 2023.2 release (neutron-lib 3.8.0) and will be removed once support for the old RBAC API policies will be removed from Neutron. Please use method 'is_service_role' instead.
2026-04-07 01:16:58.174 10 WARNING neutron.scheduler.dhcp_agent_scheduler [None req-23c39b1a-0e67-47cf-9a5e-f0382aaa56b1 a846336fdd274255bb1080d3b350db62 c65d38dfb74b4fca8ed94030ed03ca8e - - default default] No more DHCP agents
2026-04-07 01:16:58.175 10 WARNING neutron.api.rpc.agentnotifiers.dhcp_rpc_agent_api [None req-23c39b1a-0e67-47cf-9a5e-f0382aaa56b1 a846336fdd274255bb1080d3b350db62 c65d38dfb74b4fca8ed94030ed03ca8e - - default default] Unable to schedule network ec61ddbb-7eb1-4408-84d6-f654034c2325: no agents available; will retry on subsequent port and subnet creation events.
2026-04-07 01:16:58.248 10 INFO neutron.db.ovn_revision_numbers_db [None req-6f3636a8-2362-4b25-b13a-c72f4a519c74 1cda30b196454042b3db7f059a5a9497 53f8793b904347a7b9903b663ef256fc - - default default] Successfully bumped revision number for resource dcb13801-581c-4b57-ab3f-c5250e466bd2 (type: security_groups) to 1
2026-04-07 01:16:58.266 10 INFO neutron.db.ovn_revision_numbers_db [None req-6f3636a8-2362-4b25-b13a-c72f4a519c74 1cda30b196454042b3db7f059a5a9497 53f8793b904347a7b9903b663ef256fc - - default default] Successfully bumped revision number for resource 10b29285-6aa6-4c07-a56e-52bff1db1c2d (type: security_group_rules) to 0
2026-04-07 01:16:58.278 10 WARNING neutron.plugins.ml2.drivers.ovn.mech_driver.ovsdb.ovn_client [None req-0988361f-98d0-425d-8db0-fdd7d33d068f - - - - - -] No hosting information found for port d55f3e6a-5581-47f6-b01a-805058affe3c: RuntimeError: No hosting information found for port d55f3e6a-5581-47f6-b01a-805058affe3c
2026-04-07 01:16:58.285 10 INFO neutron.db.ovn_revision_numbers_db [None req-6f3636a8-2362-4b25-b13a-c72f4a519c74 1cda30b196454042b3db7f059a5a9497 53f8793b904347a7b9903b663ef256fc - - default default] Successfully bumped revision number for resource 14cbea82-072e-4fb0-9e8b-3fe096372fe9 (type: security_group_rules) to 0
2026-04-07 01:16:58.301 10 INFO neutron.db.ovn_revision_numbers_db [None req-6f3636a8-2362-4b25-b13a-c72f4a519c74 1cda30b196454042b3db7f059a5a9497 53f8793b904347a7b9903b663ef256fc - - default default] Successfully bumped revision number for resource 72ca1280-53de-4a15-bcc7-09f2756a1640 (type: security_group_rules) to 0
2026-04-07 01:16:58.305 10 INFO neutron.db.ovn_revision_numbers_db [None req-23c39b1a-0e67-47cf-9a5e-f0382aaa56b1 a846336fdd274255bb1080d3b350db62 c65d38dfb74b4fca8ed94030ed03ca8e - - default default] Successfully bumped revision number for resource a8a93343-a22e-46f9-99b9-7c1ed89a2407 (type: ports) to 1
2026-04-07 01:16:58.325 10 INFO neutron.db.ovn_revision_numbers_db [None req-6f3636a8-2362-4b25-b13a-c72f4a519c74 1cda30b196454042b3db7f059a5a9497 53f8793b904347a7b9903b663ef256fc - - default default] Successfully bumped revision number for resource bcfdcc05-bc83-40a9-94f1-48e45abbb006 (type: security_group_rules) to 0
2026-04-07 01:16:58.371 10 INFO neutron.db.ovn_revision_numbers_db [None req-0988361f-98d0-425d-8db0-fdd7d33d068f - - - - - -] Successfully bumped revision number for resource d55f3e6a-5581-47f6-b01a-805058affe3c (type: router_ports) to 2
2026-04-07 01:16:58.418 10 INFO neutron.db.segments_db [None req-6f3636a8-2362-4b25-b13a-c72f4a519c74 1cda30b196454042b3db7f059a5a9497 53f8793b904347a7b9903b663ef256fc - - default default] Added segment a325d52b-6bb5-4230-b97d-579c5230280b of type geneve for network 86462644-c5e4-4a3a-bc4a-b1e4be92b10c
2026-04-07 01:16:58.462 9 INFO neutron.plugins.ml2.drivers.ovn.mech_driver.mech_driver [None req-6747cb78-2cde-4a10-a449-e2e1916a8ec5 - - - - - -] OVN reports status up for port: 1ac69c41-0de3-49ec-b5dc-e845796b2e52
2026-04-07 01:16:58.485 9 INFO neutron.plugins.ml2.plugin [None req-6747cb78-2cde-4a10-a449-e2e1916a8ec5 - - - - - -] Attempt 1 to provision port 1ac69c41-0de3-49ec-b5dc-e845796b2e52
2026-04-07 01:16:58.588 10 INFO neutron.db.ovn_revision_numbers_db [None req-6f3636a8-2362-4b25-b13a-c72f4a519c74 1cda30b196454042b3db7f059a5a9497 53f8793b904347a7b9903b663ef256fc - - default default] Successfully bumped revision number for resource 86462644-c5e4-4a3a-bc4a-b1e4be92b10c (type: networks) to 1
2026-04-07 01:16:58.644 9 INFO neutron.notifiers.nova [-] Nova event matching ['req-d129fffc-0bb0-42af-a2ea-805a21afc6b1'] response: {'server_uuid': 'd67f6067-9a58-4840-a600-93951f8b3b56', 'name': 'network-vif-plugged', 'status': 'completed', 'tag': '1ac69c41-0de3-49ec-b5dc-e845796b2e52', 'code': 200}
2026-04-07 01:16:58.759 10 WARNING neutron.scheduler.dhcp_agent_scheduler [None req-6f3636a8-2362-4b25-b13a-c72f4a519c74 1cda30b196454042b3db7f059a5a9497 53f8793b904347a7b9903b663ef256fc - - default default] No more DHCP agents
2026-04-07 01:16:58.761 10 WARNING neutron.api.rpc.agentnotifiers.dhcp_rpc_agent_api [None req-6f3636a8-2362-4b25-b13a-c72f4a519c74 1cda30b196454042b3db7f059a5a9497 53f8793b904347a7b9903b663ef256fc - - default default] Unable to schedule network 86462644-c5e4-4a3a-bc4a-b1e4be92b10c: no agents available; will retry on subsequent port and subnet creation events.
2026-04-07 01:16:58.762 9 INFO neutron.db.ovn_revision_numbers_db [None req-6747cb78-2cde-4a10-a449-e2e1916a8ec5 - - - - - -] Successfully bumped revision number for resource 1ac69c41-0de3-49ec-b5dc-e845796b2e52 (type: ports) to 5
2026-04-07 01:16:58.836 10 INFO neutron.db.ovn_revision_numbers_db [None req-6f3636a8-2362-4b25-b13a-c72f4a519c74 1cda30b196454042b3db7f059a5a9497 53f8793b904347a7b9903b663ef256fc - - default default] Successfully bumped revision number for resource 25c55c27-b55a-42bb-9569-c9a4120e565a (type: ports) to 1
2026-04-07 01:16:58.869 10 INFO neutron.api.wsgi [None req-6f3636a8-2362-4b25-b13a-c72f4a519c74 1cda30b196454042b3db7f059a5a9497 53f8793b904347a7b9903b663ef256fc - - default default] 10.0.0.138 "POST /v2.0/networks HTTP/1.1" status: 201 len: 830 time: 0.8923650 /var/lib/openstack/lib/python3.12/site-packages/pycadf/identifier.py:71: UserWarning: Invalid uuid: neutron. To ensure interoperability, identifiers should be a valid uuid. warnings.warn(('Invalid uuid: %s. To ensure interoperability, '
2026-04-07 01:16:58.883 9 WARNING neutron_lib.context [None req-3856a5df-64e0-4900-b5ac-dc6aba91545a 1cda30b196454042b3db7f059a5a9497 53f8793b904347a7b9903b663ef256fc - - default default] Method 'is_advsvc' is deprecated since 2023.2 release (neutron-lib 3.8.0) and will be removed once support for the old RBAC API policies will be removed from Neutron. Please use method 'is_service_role' instead.
2026-04-07 01:16:59.113 9 WARNING neutron.scheduler.dhcp_agent_scheduler [None req-3856a5df-64e0-4900-b5ac-dc6aba91545a 1cda30b196454042b3db7f059a5a9497 53f8793b904347a7b9903b663ef256fc - - default default] No more DHCP agents
2026-04-07 01:16:59.114 9 WARNING neutron.api.rpc.agentnotifiers.dhcp_rpc_agent_api [None req-3856a5df-64e0-4900-b5ac-dc6aba91545a 1cda30b196454042b3db7f059a5a9497 53f8793b904347a7b9903b663ef256fc - - default default] Unable to schedule network 86462644-c5e4-4a3a-bc4a-b1e4be92b10c: no agents available; will retry on subsequent port and subnet creation events.
2026-04-07 01:16:59.171 9 INFO neutron.api.wsgi [req-01cea826-e4c2-446e-aecf-91b2ffd7a241 req-764c4606-869d-4e58-afd7-9d56e1b924fa 853d8ed4dca54ff6831a0dd04458b22e 50595e382dc04e8eb9b808ba9b8a944b - - default default] 10.0.0.34 "GET /v2.0/ports?device_id=d67f6067-9a58-4840-a600-93951f8b3b56 HTTP/1.1" status: 200 len: 1396 time: 0.0974660
2026-04-07 01:16:59.175 10 INFO neutron.plugins.ml2.drivers.ovn.mech_driver.ovsdb.commands [None req-f2a0174a-7ea2-48e3-afc5-326caf6f1631 - - - - - -] Schedule LRP lrp-a8a93343-a22e-46f9-99b9-7c1ed89a2407 on gateway dedb4208-68ee-43a9-b1d9-28a114a3ebd9 with priority 1
2026-04-07 01:16:59.183 10 INFO neutron.plugins.ml2.drivers.ovn.mech_driver.mech_driver [None req-0988361f-98d0-425d-8db0-fdd7d33d068f - - - - - -] OVN reports status up for port: a8a93343-a22e-46f9-99b9-7c1ed89a2407
2026-04-07 01:16:59.201 10 INFO neutron.plugins.ml2.drivers.ovn.mech_driver.ovsdb.ovsdb_monitor [None req-e95b2a8b-4c2f-4e91-b9c0-f0810bd06e56 - - - - - -] Router 69c031a7-7e40-4fe0-b98f-687679b45750 is bound to host instance
2026-04-07 01:16:59.203 10 INFO neutron.plugins.ml2.plugin [None req-0988361f-98d0-425d-8db0-fdd7d33d068f - - - - - -] Attempt 1 to provision port a8a93343-a22e-46f9-99b9-7c1ed89a2407
2026-04-07 01:16:59.226 9 INFO neutron.api.wsgi [req-01cea826-e4c2-446e-aecf-91b2ffd7a241 req-64837b73-d091-40bc-8aba-eb90b18e28f8 853d8ed4dca54ff6831a0dd04458b22e 50595e382dc04e8eb9b808ba9b8a944b - - default default] 10.0.0.34 "GET /v2.0/security-groups?id=80ef8c71-d5df-4206-b222-9e935ee7cd29&fields=id&fields=name HTTP/1.1" status: 200 len: 310 time: 0.0495324
2026-04-07 01:16:59.232 10 INFO neutron.db.ovn_revision_numbers_db [None req-23c39b1a-0e67-47cf-9a5e-f0382aaa56b1 a846336fdd274255bb1080d3b350db62 c65d38dfb74b4fca8ed94030ed03ca8e - - default default] Successfully bumped revision number for resource a8a93343-a22e-46f9-99b9-7c1ed89a2407 (type: router_ports) to 1
2026-04-07 01:16:59.315 10 INFO neutron.db.ovn_revision_numbers_db [None req-23c39b1a-0e67-47cf-9a5e-f0382aaa56b1 a846336fdd274255bb1080d3b350db62 c65d38dfb74b4fca8ed94030ed03ca8e - - default default] Successfully bumped revision number for resource 69c031a7-7e40-4fe0-b98f-687679b45750 (type: routers) to 2
2026-04-07 01:16:59.336 10 INFO neutron.api.wsgi [None req-23c39b1a-0e67-47cf-9a5e-f0382aaa56b1 a846336fdd274255bb1080d3b350db62 c65d38dfb74b4fca8ed94030ed03ca8e - - default default] 10.0.0.138 "POST /v2.0/routers HTTP/1.1" status: 201 len: 1164 time: 1.5189178
2026-04-07 01:16:59.595 9 INFO neutron.db.ovn_revision_numbers_db [None req-e95d6509-b0fd-4b7c-bcd6-a168acd860c9 - - - - - -] Successfully bumped revision number for resource 25c55c27-b55a-42bb-9569-c9a4120e565a (type: ports) to 2
2026-04-07 01:16:59.651 9 INFO neutron.db.ovn_revision_numbers_db [None req-e95d6509-b0fd-4b7c-bcd6-a168acd860c9 - - - - - -] Successfully bumped revision number for resource 41b0a5ac-bde8-4923-abc3-4bc5f555cfe8 (type: subnets) to 0
2026-04-07 01:16:59.673 9 INFO neutron.api.wsgi [None req-3856a5df-64e0-4900-b5ac-dc6aba91545a 1cda30b196454042b3db7f059a5a9497 53f8793b904347a7b9903b663ef256fc - - default default] 10.0.0.138 "POST /v2.0/subnets HTTP/1.1" status: 201 len: 825 time: 0.7964423
2026-04-07 01:16:59.683 9 WARNING neutron_lib.context [None req-95b04dc8-01a8-45d0-8904-f8b7e4f1fb38 1cda30b196454042b3db7f059a5a9497 53f8793b904347a7b9903b663ef256fc - - default default] Method 'is_advsvc' is deprecated since 2023.2 release (neutron-lib 3.8.0) and will be removed once support for the old RBAC API policies will be removed from Neutron. Please use method 'is_service_role' instead.
2026-04-07 01:16:59.693 10 INFO neutron.db.ovn_revision_numbers_db [None req-6c9b6b4d-b1a1-4af4-aa5c-301baf6ec012 - - - - - -] Successfully bumped revision number for resource a8a93343-a22e-46f9-99b9-7c1ed89a2407 (type: ports) to 1
2026-04-07 01:16:59.771 9 INFO neutron.db.segments_db [None req-95b04dc8-01a8-45d0-8904-f8b7e4f1fb38 1cda30b196454042b3db7f059a5a9497 53f8793b904347a7b9903b663ef256fc - - default default] Added segment c6417f38-9729-48c8-a4f6-6b89ad4360fe of type geneve for network 6c4623a2-3f02-4487-939e-ad6e4254a7d4
2026-04-07 01:16:59.807 10 WARNING neutron.scheduler.dhcp_agent_scheduler [None req-25b38613-6c1c-40ef-ae9e-42590edb02b1 a846336fdd274255bb1080d3b350db62 c65d38dfb74b4fca8ed94030ed03ca8e - - default default] No more DHCP agents
2026-04-07 01:16:59.809 10 WARNING neutron.api.rpc.agentnotifiers.dhcp_rpc_agent_api [None req-25b38613-6c1c-40ef-ae9e-42590edb02b1 a846336fdd274255bb1080d3b350db62 c65d38dfb74b4fca8ed94030ed03ca8e - - default default] Unable to schedule network c28bea85-ef50-4cf1-a2fd-d02fe9763c8f: no agents available; will retry on subsequent port and subnet creation events.
2026-04-07 01:16:59.926 10 INFO neutron.db.ovn_revision_numbers_db [None req-25b38613-6c1c-40ef-ae9e-42590edb02b1 a846336fdd274255bb1080d3b350db62 c65d38dfb74b4fca8ed94030ed03ca8e - - default default] Successfully bumped revision number for resource b6bf4f99-1f23-4d8e-8053-3cb80fca9513 (type: ports) to 1
2026-04-07 01:17:00.042 10 INFO neutron.db.ovn_revision_numbers_db [None req-6c9b6b4d-b1a1-4af4-aa5c-301baf6ec012 - - - - - -] Successfully bumped revision number for resource a8a93343-a22e-46f9-99b9-7c1ed89a2407 (type: ports) to 4
2026-04-07 01:17:00.189 9 INFO neutron.db.ovn_revision_numbers_db [None req-95b04dc8-01a8-45d0-8904-f8b7e4f1fb38 1cda30b196454042b3db7f059a5a9497 53f8793b904347a7b9903b663ef256fc - - default default] Successfully bumped revision number for resource 6c4623a2-3f02-4487-939e-ad6e4254a7d4 (type: networks) to 1
2026-04-07 01:17:00.357 9 WARNING neutron.scheduler.dhcp_agent_scheduler [None req-95b04dc8-01a8-45d0-8904-f8b7e4f1fb38 1cda30b196454042b3db7f059a5a9497 53f8793b904347a7b9903b663ef256fc - - default default] No more DHCP agents
2026-04-07 01:17:00.361 9 WARNING neutron.api.rpc.agentnotifiers.dhcp_rpc_agent_api [None req-95b04dc8-01a8-45d0-8904-f8b7e4f1fb38 1cda30b196454042b3db7f059a5a9497 53f8793b904347a7b9903b663ef256fc - - default default] Unable to schedule network 6c4623a2-3f02-4487-939e-ad6e4254a7d4: no agents available; will retry on subsequent port and subnet creation events.
2026-04-07 01:17:00.365 10 INFO neutron.db.ovn_revision_numbers_db [None req-6c9b6b4d-b1a1-4af4-aa5c-301baf6ec012 - - - - - -] Successfully bumped revision number for resource a8a93343-a22e-46f9-99b9-7c1ed89a2407 (type: ports) to 5
2026-04-07 01:17:00.416 9 INFO neutron.db.ovn_revision_numbers_db [None req-95b04dc8-01a8-45d0-8904-f8b7e4f1fb38 1cda30b196454042b3db7f059a5a9497 53f8793b904347a7b9903b663ef256fc - - default default] Successfully bumped revision number for resource df4f0004-0c41-44bf-89a1-8ff1651b1ca2 (type: ports) to 1
2026-04-07 01:17:00.436 9 INFO neutron.api.wsgi [None req-95b04dc8-01a8-45d0-8904-f8b7e4f1fb38 1cda30b196454042b3db7f059a5a9497 53f8793b904347a7b9903b663ef256fc - - default default] 10.0.0.138 "POST /v2.0/networks HTTP/1.1" status: 201 len: 831 time: 0.7578070
2026-04-07 01:17:00.450 9 WARNING neutron_lib.context [None req-af765012-eba1-4cb3-9200-8bfb8641dd16 1cda30b196454042b3db7f059a5a9497 53f8793b904347a7b9903b663ef256fc - - default default] Method 'is_advsvc' is deprecated since 2023.2 release (neutron-lib 3.8.0) and will be removed once support for the old RBAC API policies will be removed from Neutron. Please use method 'is_service_role' instead.
2026-04-07 01:17:00.473 10 INFO neutron.db.ovn_revision_numbers_db [None req-25b38613-6c1c-40ef-ae9e-42590edb02b1 a846336fdd274255bb1080d3b350db62 c65d38dfb74b4fca8ed94030ed03ca8e - - default default] Successfully bumped revision number for resource b6bf4f99-1f23-4d8e-8053-3cb80fca9513 (type: ports) to 1
2026-04-07 01:17:00.528 10 WARNING neutron.scheduler.dhcp_agent_scheduler [None req-25b38613-6c1c-40ef-ae9e-42590edb02b1 a846336fdd274255bb1080d3b350db62 c65d38dfb74b4fca8ed94030ed03ca8e - - default default] No more DHCP agents
2026-04-07 01:17:00.529 10 WARNING neutron.api.rpc.agentnotifiers.dhcp_rpc_agent_api [None req-25b38613-6c1c-40ef-ae9e-42590edb02b1 a846336fdd274255bb1080d3b350db62 c65d38dfb74b4fca8ed94030ed03ca8e - - default default] Unable to schedule network c28bea85-ef50-4cf1-a2fd-d02fe9763c8f: no agents available; will retry on subsequent port and subnet creation events.
2026-04-07 01:17:00.641 9 WARNING neutron.scheduler.dhcp_agent_scheduler [None req-af765012-eba1-4cb3-9200-8bfb8641dd16 1cda30b196454042b3db7f059a5a9497 53f8793b904347a7b9903b663ef256fc - - default default] No more DHCP agents
2026-04-07 01:17:00.642 9 WARNING neutron.api.rpc.agentnotifiers.dhcp_rpc_agent_api [None req-af765012-eba1-4cb3-9200-8bfb8641dd16 1cda30b196454042b3db7f059a5a9497 53f8793b904347a7b9903b663ef256fc - - default default] Unable to schedule network 6c4623a2-3f02-4487-939e-ad6e4254a7d4: no agents available; will retry on subsequent port and subnet creation events.
2026-04-07 01:17:00.679 9 INFO neutron.notifiers.nova [-] Nova event matching ['req-4d2eeec6-3f8a-4627-9915-8a3996be3575'] response: {'server_uuid': 'd67f6067-9a58-4840-a600-93951f8b3b56', 'name': 'network-vif-plugged', 'status': 'completed', 'tag': '1ac69c41-0de3-49ec-b5dc-e845796b2e52', 'code': 200}
2026-04-07 01:17:00.695 9 WARNING neutron_lib.context [None req-7c573a5d-ec86-4c0f-a740-bbe038f52383 0beda971713249a09a07da6948346c5d 62d483105e33405782f0ce523b7e4f26 - - default default] Method 'is_advsvc' is deprecated since 2023.2 release (neutron-lib 3.8.0) and will be removed once support for the old RBAC API policies will be removed from Neutron. Please use method 'is_service_role' instead.
2026-04-07 01:17:00.850 9 INFO neutron.db.ovn_revision_numbers_db [None req-7c573a5d-ec86-4c0f-a740-bbe038f52383 0beda971713249a09a07da6948346c5d 62d483105e33405782f0ce523b7e4f26 - - default default] Successfully bumped revision number for resource 7a43496a-0b38-46db-8616-28d6314b54d6 (type: security_groups) to 1
2026-04-07 01:17:00.865 9 INFO neutron.db.ovn_revision_numbers_db [None req-7c573a5d-ec86-4c0f-a740-bbe038f52383 0beda971713249a09a07da6948346c5d 62d483105e33405782f0ce523b7e4f26 - - default default] Successfully bumped revision number for resource 1ea73dfc-f29b-4957-b9e2-f3912c8e6b21 (type: security_group_rules) to 0
2026-04-07 01:17:00.879 9 INFO neutron.db.ovn_revision_numbers_db [None req-7c573a5d-ec86-4c0f-a740-bbe038f52383 0beda971713249a09a07da6948346c5d 62d483105e33405782f0ce523b7e4f26 - - default default] Successfully bumped revision number for resource 9ea1aacb-1b16-40b6-8489-edd9841fc72b (type: security_group_rules) to 0
2026-04-07 01:17:00.895 9 INFO neutron.db.ovn_revision_numbers_db [None req-7c573a5d-ec86-4c0f-a740-bbe038f52383 0beda971713249a09a07da6948346c5d 62d483105e33405782f0ce523b7e4f26 - - default default] Successfully bumped revision number for resource dfe88127-177f-4cb4-97f2-c58545c205b3 (type: security_group_rules) to 0
2026-04-07 01:17:00.911 9 INFO neutron.db.ovn_revision_numbers_db [None req-7c573a5d-ec86-4c0f-a740-bbe038f52383 0beda971713249a09a07da6948346c5d 62d483105e33405782f0ce523b7e4f26 - - default default] Successfully bumped revision number for resource fb2493fe-a55c-4820-9c12-a333078d358b (type: security_group_rules) to 0
2026-04-07 01:17:00.980 9 INFO neutron.db.segments_db [None req-7c573a5d-ec86-4c0f-a740-bbe038f52383 0beda971713249a09a07da6948346c5d 62d483105e33405782f0ce523b7e4f26 - - default default] Added segment 04d59aca-3462-4a33-9ab0-f71f250d98db of type geneve for network 0c1acb1e-9a0a-43bd-b070-9ed3048b0599
2026-04-07 01:17:01.084 9 INFO neutron.db.ovn_revision_numbers_db [None req-ba0e3dda-9b4c-484f-9b31-cbf30a66c99b - - - - - -] Successfully bumped revision number for resource df4f0004-0c41-44bf-89a1-8ff1651b1ca2 (type: ports) to 2
2026-04-07 01:17:01.095 10 INFO neutron.db.ovn_revision_numbers_db [None req-25b38613-6c1c-40ef-ae9e-42590edb02b1 a846336fdd274255bb1080d3b350db62 c65d38dfb74b4fca8ed94030ed03ca8e - - default default] Successfully bumped revision number for resource b6bf4f99-1f23-4d8e-8053-3cb80fca9513 (type: router_ports) to 1
2026-04-07 01:17:01.100 10 INFO neutron.api.wsgi [None req-25b38613-6c1c-40ef-ae9e-42590edb02b1 a846336fdd274255bb1080d3b350db62 c65d38dfb74b4fca8ed94030ed03ca8e - - default default] 10.0.0.138 "PUT /v2.0/routers/69c031a7-7e40-4fe0-b98f-687679b45750/add_router_interface HTTP/1.1" status: 200 len: 503 time: 1.7542272
2026-04-07 01:17:01.112 9 INFO neutron.db.ovn_revision_numbers_db [None req-7c573a5d-ec86-4c0f-a740-bbe038f52383 0beda971713249a09a07da6948346c5d 62d483105e33405782f0ce523b7e4f26 - - default default] Successfully bumped revision number for resource 0c1acb1e-9a0a-43bd-b070-9ed3048b0599 (type: networks) to 1
2026-04-07 01:17:01.114 9 INFO neutron.db.ovn_revision_numbers_db [None req-ba0e3dda-9b4c-484f-9b31-cbf30a66c99b - - - - - -] Successfully bumped revision number for resource f6549fae-d563-4cce-a177-5ade5b1cbd68 (type: subnets) to 0
2026-04-07 01:17:01.133 9 INFO neutron.api.wsgi [None req-af765012-eba1-4cb3-9200-8bfb8641dd16 1cda30b196454042b3db7f059a5a9497 53f8793b904347a7b9903b663ef256fc - - default default] 10.0.0.138 "POST /v2.0/subnets HTTP/1.1" status: 201 len: 828 time: 0.6887300
2026-04-07 01:17:01.148 10 WARNING neutron_lib.context [None req-2c503a59-5767-4032-9030-acaa4c5d0174 1cda30b196454042b3db7f059a5a9497 53f8793b904347a7b9903b663ef256fc - - default default] Method 'is_advsvc' is deprecated since 2023.2 release (neutron-lib 3.8.0) and will be removed once support for the old RBAC API policies will be removed from Neutron. Please use method 'is_service_role' instead.
2026-04-07 01:17:01.231 10 INFO neutron.db.segments_db [None req-2c503a59-5767-4032-9030-acaa4c5d0174 1cda30b196454042b3db7f059a5a9497 53f8793b904347a7b9903b663ef256fc - - default default] Added segment a4e0d5f9-9149-445f-b7e5-6f2a14fbefa1 of type geneve for network 97c96769-0389-4c5c-9383-78db51f5e314
2026-04-07 01:17:01.248 9 WARNING neutron.scheduler.dhcp_agent_scheduler [None req-7c573a5d-ec86-4c0f-a740-bbe038f52383 0beda971713249a09a07da6948346c5d 62d483105e33405782f0ce523b7e4f26 - - default default] No more DHCP agents
