2026-04-07 01:17:37.612 9 INFO neutron.api.wsgi [None req-97dd5a10-faea-421a-a3ee-e43c5e4f9cdc 7b9de0b0feff4f74bdcf25cbeefbce48 a346721c5a524a9f97ca2f9ebb0360b4 - - default default] 10.0.0.138 "GET /v2.0/trunks/d1cd340a-722d-4a43-9e89-464f76776057/tags HTTP/1.1" status: 200 len: 227 time: 0.0165050
2026-04-07 01:17:37.643 10 INFO neutron.api.wsgi [None req-409090c1-1d43-491f-a094-6a0aa247dc9b 7b9de0b0feff4f74bdcf25cbeefbce48 a346721c5a524a9f97ca2f9ebb0360b4 - - default default] 10.0.0.138 "PUT /v2.0/trunks/d1cd340a-722d-4a43-9e89-464f76776057/tags/black.or.white HTTP/1.1" status: 201 len: 201 time: 0.0271587
2026-04-07 01:17:37.657 10 INFO neutron.api.wsgi [None req-99e62440-f853-4b78-815c-39e25f7ff077 7b9de0b0feff4f74bdcf25cbeefbce48 a346721c5a524a9f97ca2f9ebb0360b4 - - default default] 10.0.0.138 "GET /v2.0/trunks/d1cd340a-722d-4a43-9e89-464f76776057/tags HTTP/1.1" status: 200 len: 245 time: 0.0106742
2026-04-07 01:17:37.690 10 INFO neutron.api.wsgi [None req-7a59b3d3-267c-4f33-b9a4-55aaddb5a818 7b9de0b0feff4f74bdcf25cbeefbce48 a346721c5a524a9f97ca2f9ebb0360b4 - - default default] 10.0.0.138 "PUT /v2.0/trunks/d1cd340a-722d-4a43-9e89-464f76776057/tags HTTP/1.1" status: 200 len: 230 time: 0.0291817
2026-04-07 01:17:37.715 10 INFO neutron.api.wsgi [None req-996bc558-802b-47a1-8f7f-506fdac01180 7b9de0b0feff4f74bdcf25cbeefbce48 a346721c5a524a9f97ca2f9ebb0360b4 - - default default] 10.0.0.138 "GET /v2.0/trunks/d1cd340a-722d-4a43-9e89-464f76776057/tags HTTP/1.1" status: 200 len: 230 time: 0.0197990
2026-04-07 01:17:37.734 10 INFO neutron.api.wsgi [None req-86251785-64c0-427b-b9d6-e56896a39b05 7b9de0b0feff4f74bdcf25cbeefbce48 a346721c5a524a9f97ca2f9ebb0360b4 - - default default] 10.0.0.138 "GET /v2.0/trunks/d1cd340a-722d-4a43-9e89-464f76776057/tags/red HTTP/1.1" status: 204 len: 168 time: 0.0152481
2026-04-07 01:17:37.753 10 INFO neutron.api.v2.resource [None req-eb84dfc2-c5cd-48ad-ad7a-c195d564fa8a 7b9de0b0feff4f74bdcf25cbeefbce48 a346721c5a524a9f97ca2f9ebb0360b4 - - default default] show failed (client error): The resource could not be found.
2026-04-07 01:17:37.754 10 INFO neutron.api.wsgi [None req-eb84dfc2-c5cd-48ad-ad7a-c195d564fa8a 7b9de0b0feff4f74bdcf25cbeefbce48 a346721c5a524a9f97ca2f9ebb0360b4 - - default default] 10.0.0.138 "GET /v2.0/trunks/d1cd340a-722d-4a43-9e89-464f76776057/tags/green HTTP/1.1" status: 404 len: 299 time: 0.0158226
2026-04-07 01:17:37.780 10 INFO neutron.api.wsgi [None req-bdce9a06-5163-412a-a9ed-11468759a2ec 7b9de0b0feff4f74bdcf25cbeefbce48 a346721c5a524a9f97ca2f9ebb0360b4 - - default default] 10.0.0.138 "DELETE /v2.0/trunks/d1cd340a-722d-4a43-9e89-464f76776057/tags/red HTTP/1.1" status: 204 len: 168 time: 0.0224116
2026-04-07 01:17:37.798 10 INFO neutron.api.wsgi [None req-6e84e9f0-a9b4-4c70-aae5-496086b7c811 7b9de0b0feff4f74bdcf25cbeefbce48 a346721c5a524a9f97ca2f9ebb0360b4 - - default default] 10.0.0.138 "GET /v2.0/trunks/d1cd340a-722d-4a43-9e89-464f76776057/tags HTTP/1.1" status: 200 len: 223 time: 0.0138648
2026-04-07 01:17:37.819 10 INFO neutron.api.v2.resource [None req-72d4a692-e590-4616-a719-0621f91d9643 7b9de0b0feff4f74bdcf25cbeefbce48 a346721c5a524a9f97ca2f9ebb0360b4 - - default default] delete failed (client error): The resource could not be found.
2026-04-07 01:17:37.820 10 INFO neutron.api.wsgi [None req-72d4a692-e590-4616-a719-0621f91d9643 7b9de0b0feff4f74bdcf25cbeefbce48 a346721c5a524a9f97ca2f9ebb0360b4 - - default default] 10.0.0.138 "DELETE /v2.0/trunks/d1cd340a-722d-4a43-9e89-464f76776057/tags/green HTTP/1.1" status: 404 len: 299 time: 0.0180588
2026-04-07 01:17:37.850 10 INFO neutron.api.wsgi [None req-7ec1ea96-1f67-4312-bac8-f84b9492ecb1 7b9de0b0feff4f74bdcf25cbeefbce48 a346721c5a524a9f97ca2f9ebb0360b4 - - default default] 10.0.0.138 "DELETE /v2.0/trunks/d1cd340a-722d-4a43-9e89-464f76776057/tags HTTP/1.1" status: 204 len: 168 time: 0.0259199
2026-04-07 01:17:37.869 10 INFO neutron.api.wsgi [None req-450b7a0a-7c6a-4206-a74c-ee45a7fee20d 7b9de0b0feff4f74bdcf25cbeefbce48 a346721c5a524a9f97ca2f9ebb0360b4 - - default default] 10.0.0.138 "GET /v2.0/trunks/d1cd340a-722d-4a43-9e89-464f76776057/tags HTTP/1.1" status: 200 len: 205 time: 0.0148935
2026-04-07 01:17:37.894 10 INFO neutron.api.wsgi [None req-3e5aca87-d3a3-4d43-b4c1-3e794b3a26ea 7b9de0b0feff4f74bdcf25cbeefbce48 a346721c5a524a9f97ca2f9ebb0360b4 - - default default] 10.0.0.138 "GET /v2.0/trunks/d1cd340a-722d-4a43-9e89-464f76776057 HTTP/1.1" status: 200 len: 603 time: 0.0162861
2026-04-07 01:17:37.973 10 INFO neutron.api.wsgi [None req-19d23429-ee95-4403-bfce-6d11b3d6a034 7b9de0b0feff4f74bdcf25cbeefbce48 a346721c5a524a9f97ca2f9ebb0360b4 - - default default] 10.0.0.138 "GET /v2.0/ports/e3a54b5f-ca04-4307-a80e-7102db98a0ff HTTP/1.1" status: 200 len: 1020 time: 0.0755131
2026-04-07 01:17:38.043 10 INFO neutron.api.wsgi [None req-7d695ef9-a8fc-443d-8123-c257698719af 7b9de0b0feff4f74bdcf25cbeefbce48 a346721c5a524a9f97ca2f9ebb0360b4 - - default default] 10.0.0.138 "DELETE /v2.0/trunks/d1cd340a-722d-4a43-9e89-464f76776057 HTTP/1.1" status: 204 len: 168 time: 0.0644629
2026-04-07 01:17:38.148 9 INFO neutron.db.ovn_revision_numbers_db [None req-1e38b26e-5175-4248-969c-4ee48eec7aba a846336fdd274255bb1080d3b350db62 c65d38dfb74b4fca8ed94030ed03ca8e - - default default] Successfully bumped revision number for resource 242ede11-2f72-4ef2-bc68-3ca4532d0c89 (type: security_groups) to 1
2026-04-07 01:17:38.160 9 INFO neutron.db.ovn_revision_numbers_db [None req-1e38b26e-5175-4248-969c-4ee48eec7aba a846336fdd274255bb1080d3b350db62 c65d38dfb74b4fca8ed94030ed03ca8e - - default default] Successfully bumped revision number for resource 2a487e81-643e-45da-98da-25166b7318a1 (type: security_group_rules) to 0
2026-04-07 01:17:38.171 9 INFO neutron.db.ovn_revision_numbers_db [None req-1e38b26e-5175-4248-969c-4ee48eec7aba a846336fdd274255bb1080d3b350db62 c65d38dfb74b4fca8ed94030ed03ca8e - - default default] Successfully bumped revision number for resource 30ca6398-7c6b-428b-8764-1c8a4d08a5ab (type: security_group_rules) to 0
2026-04-07 01:17:38.182 9 INFO neutron.db.ovn_revision_numbers_db [None req-1e38b26e-5175-4248-969c-4ee48eec7aba a846336fdd274255bb1080d3b350db62 c65d38dfb74b4fca8ed94030ed03ca8e - - default default] Successfully bumped revision number for resource 8b657200-719c-4997-b48f-38f154919652 (type: security_group_rules) to 0
2026-04-07 01:17:38.194 9 INFO neutron.db.ovn_revision_numbers_db [None req-1e38b26e-5175-4248-969c-4ee48eec7aba a846336fdd274255bb1080d3b350db62 c65d38dfb74b4fca8ed94030ed03ca8e - - default default] Successfully bumped revision number for resource a350a9b5-440d-4e06-b455-db392f93f0f2 (type: security_group_rules) to 0
2026-04-07 01:17:38.231 9 INFO neutron.api.wsgi [None req-1e38b26e-5175-4248-969c-4ee48eec7aba a846336fdd274255bb1080d3b350db62 c65d38dfb74b4fca8ed94030ed03ca8e - - default default] 10.0.0.138 "GET /v2.0/security-groups?tenant_id=ca809ff2e78f44e19dfc84b2e1a5040a&name=default HTTP/1.1" status: 200 len: 3120 time: 0.2732034
2026-04-07 01:17:38.263 10 INFO neutron.api.wsgi [None req-196c3293-3e61-482a-b9e9-e26c01c3d2c6 7b9de0b0feff4f74bdcf25cbeefbce48 a346721c5a524a9f97ca2f9ebb0360b4 - - default default] 10.0.0.138 "DELETE /v2.0/ports/e3a54b5f-ca04-4307-a80e-7102db98a0ff HTTP/1.1" status: 204 len: 168 time: 0.2156124
2026-04-07 01:17:38.455 10 INFO neutron.api.wsgi [None req-2ee8a560-2e90-4d5a-8de2-3acd10239a35 a846336fdd274255bb1080d3b350db62 c65d38dfb74b4fca8ed94030ed03ca8e - - default default] 10.0.0.138 "DELETE /v2.0/security-groups/242ede11-2f72-4ef2-bc68-3ca4532d0c89 HTTP/1.1" status: 204 len: 168 time: 0.2168267
2026-04-07 01:17:38.477 9 INFO neutron.api.wsgi [None req-afb210f3-cf86-4f78-a456-ec3041783e9b a846336fdd274255bb1080d3b350db62 c65d38dfb74b4fca8ed94030ed03ca8e - - default default] 199.204.45.157 "GET /v2.0/extensions/security-group HTTP/1.1" status: 200 len: 369 time: 0.0346851
2026-04-07 01:17:38.486 9 INFO neutron.api.wsgi [None req-ec1ca268-a246-44a0-9676-39dcd66e927f a846336fdd274255bb1080d3b350db62 c65d38dfb74b4fca8ed94030ed03ca8e - - default default] 199.204.45.157 "GET /v2.0/extensions/dns-integration HTTP/1.1" status: 200 len: 371 time: 0.0033123
2026-04-07 01:17:38.493 9 INFO neutron.api.wsgi [None req-36757f59-d193-4f14-9ba1-57d01650ee3d a846336fdd274255bb1080d3b350db62 c65d38dfb74b4fca8ed94030ed03ca8e - - default default] 199.204.45.157 "GET /v2.0/extensions/qos HTTP/1.1" status: 200 len: 365 time: 0.0034249
2026-04-07 01:17:38.500 9 INFO neutron.api.wsgi [None req-1c1c0cbd-9e28-4f99-ba08-bea754a9522e a846336fdd274255bb1080d3b350db62 c65d38dfb74b4fca8ed94030ed03ca8e - - default default] 199.204.45.157 "GET /v2.0/extensions/allowed-address-pairs HTTP/1.1" status: 200 len: 383 time: 0.0034516
2026-04-07 01:17:38.550 9 INFO neutron.api.wsgi [None req-a685bc59-7ae4-4934-bd61-7da299acb616 a846336fdd274255bb1080d3b350db62 c65d38dfb74b4fca8ed94030ed03ca8e - - default default] 199.204.45.157 "GET /v2.0/ports/323f28be-adf0-4702-8850-99e3877021d9 HTTP/1.1" status: 200 len: 1332 time: 0.0351899
2026-04-07 01:17:38.551 9 INFO neutron.services.segments.plugin [-] Segment f9a136eb-2cb2-42a5-b5ff-66b062e695bc resource provider aggregate not found
2026-04-07 01:17:38.554 9 INFO neutron.services.segments.plugin [-] Segment f9a136eb-2cb2-42a5-b5ff-66b062e695bc resource provider aggregate not found
2026-04-07 01:17:38.564 9 INFO neutron.services.segments.plugin [-] Segment f9a136eb-2cb2-42a5-b5ff-66b062e695bc resource provider not found; error: Placement Client Error (4xx): {"errors": [{"status": 404, "title": "Not Found", "detail": "The resource could not be found.\n\n No resource provider with uuid f9a136eb-2cb2-42a5-b5ff-66b062e695bc found for delete ", "request_id": "req-56cded54-caa1-42be-9eba-ca92bccf20f8"}]}
2026-04-07 01:17:38.568 9 INFO neutron.services.segments.plugin [-] Segment f9a136eb-2cb2-42a5-b5ff-66b062e695bc resource provider not found; error: Placement Client Error (4xx): {"errors": [{"status": 404, "title": "Not Found", "detail": "The resource could not be found.\n\n No resource provider with uuid f9a136eb-2cb2-42a5-b5ff-66b062e695bc found for delete ", "request_id": "req-9b70f476-7958-4f65-bfdd-7b09bb9f159d"}]}
2026-04-07 01:17:38.578 10 INFO neutron.api.wsgi [None req-fa67df7e-880f-4a33-910e-f322d323d55d a846336fdd274255bb1080d3b350db62 c65d38dfb74b4fca8ed94030ed03ca8e - - default default] 10.0.0.138 "GET /v2.0/security-groups?tenant_id=79999130496441bf9343ca41a7f8688d&name=default HTTP/1.1" status: 200 len: 3120 time: 0.0332696
2026-04-07 01:17:38.580 9 INFO neutron.api.wsgi [None req-60e74515-4a35-452d-bea4-6b9b2bd54434 7b9de0b0feff4f74bdcf25cbeefbce48 a346721c5a524a9f97ca2f9ebb0360b4 - - default default] 10.0.0.138 "DELETE /v2.0/networks/883ea15a-7d39-429a-8b9a-7a55ea8c079d HTTP/1.1" status: 204 len: 168 time: 0.3115692
2026-04-07 01:17:38.759 9 INFO neutron.api.wsgi [None req-26755fbd-0e29-4d75-b228-6a8a53628645 a846336fdd274255bb1080d3b350db62 c65d38dfb74b4fca8ed94030ed03ca8e - - default default] 199.204.45.157 "GET /v2.0/extensions/security-group HTTP/1.1" status: 200 len: 369 time: 0.0046587
2026-04-07 01:17:38.767 9 INFO neutron.api.wsgi [None req-d3b8d54d-1ecd-47fc-92a7-d8607c63f5f6 a846336fdd274255bb1080d3b350db62 c65d38dfb74b4fca8ed94030ed03ca8e - - default default] 199.204.45.157 "GET /v2.0/extensions/dns-integration HTTP/1.1" status: 200 len: 371 time: 0.0048964
2026-04-07 01:17:38.774 9 INFO neutron.api.wsgi [None req-69cdc8a8-8bb1-4046-b001-e72d6fa9a476 a846336fdd274255bb1080d3b350db62 c65d38dfb74b4fca8ed94030ed03ca8e - - default default] 199.204.45.157 "GET /v2.0/extensions/qos HTTP/1.1" status: 200 len: 365 time: 0.0038602
2026-04-07 01:17:38.781 9 INFO neutron.api.wsgi [None req-0e7e762e-b8b9-48eb-88e4-9019d4e2c814 a846336fdd274255bb1080d3b350db62 c65d38dfb74b4fca8ed94030ed03ca8e - - default default] 199.204.45.157 "GET /v2.0/extensions/allowed-address-pairs HTTP/1.1" status: 200 len: 383 time: 0.0036151
2026-04-07 01:17:38.785 10 INFO neutron.api.wsgi [None req-879d4490-72c7-4f69-8657-83fe41fc5a3a a846336fdd274255bb1080d3b350db62 c65d38dfb74b4fca8ed94030ed03ca8e - - default default] 10.0.0.138 "DELETE /v2.0/security-groups/f2c08f14-db33-4a9b-a9c5-d8b4ea176992 HTTP/1.1" status: 204 len: 168 time: 0.1996431
2026-04-07 01:17:38.794 9 INFO neutron.api.v2.resource [None req-0eaa2672-716a-4a96-9160-e1a7849ffe22 a846336fdd274255bb1080d3b350db62 c65d38dfb74b4fca8ed94030ed03ca8e - - default default] show failed (client error): The resource could not be found.
2026-04-07 01:17:38.795 9 INFO neutron.api.wsgi [None req-0eaa2672-716a-4a96-9160-e1a7849ffe22 a846336fdd274255bb1080d3b350db62 c65d38dfb74b4fca8ed94030ed03ca8e - - default default] 199.204.45.157 "GET /v2.0/security-groups/lb-611b925a-e3bf-4839-bdf6-6daff9b7fd2f HTTP/1.1" status: 404 len: 355 time: 0.0100520
2026-04-07 01:17:38.831 9 INFO neutron.api.wsgi [None req-8ece68bc-840d-450e-8023-88a2ba7a1006 a846336fdd274255bb1080d3b350db62 c65d38dfb74b4fca8ed94030ed03ca8e - - default default] 199.204.45.157 "GET /v2.0/security-groups?name=lb-611b925a-e3bf-4839-bdf6-6daff9b7fd2f HTTP/1.1" status: 200 len: 221 time: 0.0329199
2026-04-07 01:17:38.936 9 INFO neutron.db.ovn_revision_numbers_db [None req-77624950-f95a-41b7-887c-d43d50d0c063 a846336fdd274255bb1080d3b350db62 c65d38dfb74b4fca8ed94030ed03ca8e - - default default] Successfully bumped revision number for resource 6f8dc7fb-c5ba-4d75-821e-b7e265f3e401 (type: security_groups) to 1
2026-04-07 01:17:38.948 9 INFO neutron.db.ovn_revision_numbers_db [None req-77624950-f95a-41b7-887c-d43d50d0c063 a846336fdd274255bb1080d3b350db62 c65d38dfb74b4fca8ed94030ed03ca8e - - default default] Successfully bumped revision number for resource 99c65b6d-8099-4c56-8266-6d4c9e885722 (type: security_group_rules) to 0
2026-04-07 01:17:38.961 9 INFO neutron.db.ovn_revision_numbers_db [None req-77624950-f95a-41b7-887c-d43d50d0c063 a846336fdd274255bb1080d3b350db62 c65d38dfb74b4fca8ed94030ed03ca8e - - default default] Successfully bumped revision number for resource cd9fd180-b236-41b8-9170-21ebe11a7348 (type: security_group_rules) to 0
2026-04-07 01:17:39.001 9 INFO neutron.api.wsgi [None req-77624950-f95a-41b7-887c-d43d50d0c063 a846336fdd274255bb1080d3b350db62 c65d38dfb74b4fca8ed94030ed03ca8e - - default default] 199.204.45.157 "POST /v2.0/security-groups HTTP/1.1" status: 201 len: 1841 time: 0.1647465
2026-04-07 01:17:39.039 9 INFO neutron.api.wsgi [None req-2433c4b5-ed25-4ba2-a04f-615715015e23 a846336fdd274255bb1080d3b350db62 c65d38dfb74b4fca8ed94030ed03ca8e - - default default] 199.204.45.157 "GET /v2.0/security-group-rules?security_group_id=6f8dc7fb-c5ba-4d75-821e-b7e265f3e401 HTTP/1.1" status: 200 len: 1382 time: 0.0340383
2026-04-07 01:17:39.348 9 INFO neutron.db.ovn_revision_numbers_db [None req-4b02c2c4-274b-4ff6-8eaa-9cb848743976 a846336fdd274255bb1080d3b350db62 c65d38dfb74b4fca8ed94030ed03ca8e - - default default] Successfully bumped revision number for resource 323f28be-adf0-4702-8850-99e3877021d9 (type: ports) to 2
2026-04-07 01:17:39.356 9 INFO neutron.api.wsgi [None req-4b02c2c4-274b-4ff6-8eaa-9cb848743976 a846336fdd274255bb1080d3b350db62 c65d38dfb74b4fca8ed94030ed03ca8e - - default default] 199.204.45.157 "PUT /v2.0/ports/323f28be-adf0-4702-8850-99e3877021d9 HTTP/1.1" status: 200 len: 1332 time: 0.3078744
2026-04-07 01:17:39.391 10 INFO neutron.api.wsgi [None req-f003f101-04dc-4194-b085-53c7e3759d85 a846336fdd274255bb1080d3b350db62 c65d38dfb74b4fca8ed94030ed03ca8e - - default default] 10.0.0.138 "GET /v2.0/security-groups?tenant_id=a346721c5a524a9f97ca2f9ebb0360b4&name=default HTTP/1.1" status: 200 len: 3120 time: 0.1793187 /var/lib/openstack/lib/python3.12/site-packages/pycadf/identifier.py:71: UserWarning: Invalid uuid: neutron. To ensure interoperability, identifiers should be a valid uuid. warnings.warn(('Invalid uuid: %s. To ensure interoperability, '
2026-04-07 01:17:39.420 9 INFO neutron.api.wsgi [None req-a1e6a5fa-e9b3-4bf4-808d-101365e235e9 a846336fdd274255bb1080d3b350db62 c65d38dfb74b4fca8ed94030ed03ca8e - - default default] 199.204.45.157 "GET /v2.0/extensions/security-group HTTP/1.1" status: 200 len: 369 time: 0.0071914
2026-04-07 01:17:39.429 9 INFO neutron.api.wsgi [None req-f3583cd9-d23f-4fb3-be79-fe638c7e9a1d a846336fdd274255bb1080d3b350db62 c65d38dfb74b4fca8ed94030ed03ca8e - - default default] 199.204.45.157 "GET /v2.0/extensions/dns-integration HTTP/1.1" status: 200 len: 371 time: 0.0026999
2026-04-07 01:17:39.437 9 INFO neutron.api.wsgi [None req-f01457bc-2322-4267-999c-e4b1960c8f13 a846336fdd274255bb1080d3b350db62 c65d38dfb74b4fca8ed94030ed03ca8e - - default default] 199.204.45.157 "GET /v2.0/extensions/qos HTTP/1.1" status: 200 len: 365 time: 0.0027175
2026-04-07 01:17:39.450 9 INFO neutron.api.wsgi [None req-b29099a5-64d1-4490-9edb-aa55e6a0ef1e a846336fdd274255bb1080d3b350db62 c65d38dfb74b4fca8ed94030ed03ca8e - - default default] 199.204.45.157 "GET /v2.0/extensions/allowed-address-pairs HTTP/1.1" status: 200 len: 383 time: 0.0052395
2026-04-07 01:17:39.493 9 INFO neutron.api.wsgi [None req-da6d29d6-b623-4c2e-a763-e150cf56c4ae a846336fdd274255bb1080d3b350db62 c65d38dfb74b4fca8ed94030ed03ca8e - - default default] 199.204.45.157 "GET /v2.0/subnets/b271a6ce-cb90-4100-aa07-5a7c559513eb HTTP/1.1" status: 200 len: 874 time: 0.0357070
2026-04-07 01:17:39.624 9 INFO neutron.api.wsgi [None req-3ddfe4de-0993-4124-a647-3007f37500e9 a846336fdd274255bb1080d3b350db62 c65d38dfb74b4fca8ed94030ed03ca8e - - default default] 10.0.0.138 "DELETE /v2.0/security-groups/0d13e18a-b3ee-4788-b947-f3bd5db5b8d6 HTTP/1.1" status: 204 len: 168 time: 0.2266748
2026-04-07 01:17:39.859 10 INFO neutron.db.ovn_revision_numbers_db [None req-124008d1-3ed4-43ba-ad15-821aead45478 a846336fdd274255bb1080d3b350db62 c65d38dfb74b4fca8ed94030ed03ca8e - - default default] Successfully bumped revision number for resource 7483a9c9-be47-4dfa-a082-7148282a2610 (type: security_groups) to 1
2026-04-07 01:17:39.872 10 INFO neutron.db.ovn_revision_numbers_db [None req-124008d1-3ed4-43ba-ad15-821aead45478 a846336fdd274255bb1080d3b350db62 c65d38dfb74b4fca8ed94030ed03ca8e - - default default] Successfully bumped revision number for resource ad14160c-351d-41d5-970d-f62479b34908 (type: security_group_rules) to 0
2026-04-07 01:17:39.886 10 INFO neutron.db.ovn_revision_numbers_db [None req-124008d1-3ed4-43ba-ad15-821aead45478 a846336fdd274255bb1080d3b350db62 c65d38dfb74b4fca8ed94030ed03ca8e - - default default] Successfully bumped revision number for resource b36752fd-4ee7-43e1-bfab-0684266ca8c8 (type: security_group_rules) to 0
2026-04-07 01:17:39.898 10 INFO neutron.db.ovn_revision_numbers_db [None req-124008d1-3ed4-43ba-ad15-821aead45478 a846336fdd274255bb1080d3b350db62 c65d38dfb74b4fca8ed94030ed03ca8e - - default default] Successfully bumped revision number for resource eafb3d42-ea27-4ac5-a150-211ab184a9d5 (type: security_group_rules) to 0
2026-04-07 01:17:39.909 10 INFO neutron.db.ovn_revision_numbers_db [None req-124008d1-3ed4-43ba-ad15-821aead45478 a846336fdd274255bb1080d3b350db62 c65d38dfb74b4fca8ed94030ed03ca8e - - default default] Successfully bumped revision number for resource ec01cdab-a279-47d4-b0c2-2492dded51c6 (type: security_group_rules) to 0
2026-04-07 01:17:39.944 10 INFO neutron.api.wsgi [None req-124008d1-3ed4-43ba-ad15-821aead45478 a846336fdd274255bb1080d3b350db62 c65d38dfb74b4fca8ed94030ed03ca8e - - default default] 10.0.0.138 "GET /v2.0/security-groups?tenant_id=df8abe13101f42d5b96a93693be9a2df&name=default HTTP/1.1" status: 200 len: 3120 time: 0.1806993
2026-04-07 01:17:40.137 10 INFO neutron.api.wsgi [None req-1104ac9e-e74b-47af-88d1-0f96c338fbdd a846336fdd274255bb1080d3b350db62 c65d38dfb74b4fca8ed94030ed03ca8e - - default default] 10.0.0.138 "DELETE /v2.0/security-groups/7483a9c9-be47-4dfa-a082-7148282a2610 HTTP/1.1" status: 204 len: 168 time: 0.1875629
2026-04-07 01:17:41.885 9 INFO neutron.api.wsgi [req-42ed772a-98b6-4406-8398-08de44ef2089 req-d194463c-bf5b-4dda-a4e1-cdd8d6e35fd4 c8c0a7154cf34491a71aba2108693bdc 3d789ef1fe6543a6a2eb08aa1b2d3c3d - - default default] 10.0.0.34 "GET /v2.0/ports?device_id=7e4c2f8c-3d0d-4063-ba27-00262dc73cf5 HTTP/1.1" status: 200 len: 1214 time: 0.0753138
2026-04-07 01:17:41.946 9 INFO neutron.api.wsgi [req-42ed772a-98b6-4406-8398-08de44ef2089 req-15458764-7050-47fc-a9f0-3a2cbb7177fa c8c0a7154cf34491a71aba2108693bdc 3d789ef1fe6543a6a2eb08aa1b2d3c3d - - default default] 10.0.0.34 "GET /v2.0/security-groups?id=129ba26c-1a4e-4a02-b11d-372771234e28&id=dc69d5fe-bbd9-4549-8428-4a18225d1ef7&fields=id&fields=name HTTP/1.1" status: 200 len: 406 time: 0.0548596
2026-04-07 01:17:42.023 9 INFO neutron.api.wsgi [None req-02ffa6a7-e83f-4122-b9a5-e6b2b5cf17c2 a846336fdd274255bb1080d3b350db62 c65d38dfb74b4fca8ed94030ed03ca8e - - default default] 10.0.0.144 "GET /v2.0/security-groups HTTP/1.1" status: 200 len: 44448 time: 0.2793441
2026-04-07 01:17:42.078 9 INFO neutron.api.wsgi [None req-92628c70-b93b-430b-922b-f58059090a56 a846336fdd274255bb1080d3b350db62 c65d38dfb74b4fca8ed94030ed03ca8e - - default default] 10.0.0.144 "GET /v2.0/subnets HTTP/1.1" status: 200 len: 7035 time: 0.0419710
2026-04-07 01:17:42.113 9 INFO neutron.api.wsgi [None req-463b5eed-5508-4a4f-a42d-6e9bd89583ce a846336fdd274255bb1080d3b350db62 c65d38dfb74b4fca8ed94030ed03ca8e - - default default] 10.0.0.144 "GET /v2.0/floatingips HTTP/1.1" status: 200 len: 2721 time: 0.0327575
2026-04-07 01:17:42.125 10 INFO neutron.api.wsgi [None req-629e0128-8691-4690-aa82-1115b4da6f9b 4faaf3cd494f42be92e360f9c0ac0c3b 21ea259e59af44f1bcc1854ea832f4c6 - - default default] 10.0.0.138 "GET /v2.0/ports?device_id=7e4c2f8c-3d0d-4063-ba27-00262dc73cf5 HTTP/1.1" status: 200 len: 1447 time: 0.1494477
2026-04-07 01:17:42.172 9 INFO neutron.api.wsgi [None req-e7ee53ba-6534-4ae0-9263-616a7590af71 a846336fdd274255bb1080d3b350db62 c65d38dfb74b4fca8ed94030ed03ca8e - - default default] 10.0.0.144 "GET /v2.0/routers HTTP/1.1" status: 200 len: 3064 time: 0.0575583
2026-04-07 01:17:42.186 10 INFO neutron.api.wsgi [None req-91ab5323-b222-4796-bce6-2a712e90bfd2 c8c0a7154cf34491a71aba2108693bdc 3d789ef1fe6543a6a2eb08aa1b2d3c3d - - default default] 10.0.0.138 "GET /v2.0/floatingips?floating_network_id=ec61ddbb-7eb1-4408-84d6-f654034c2325&port_id=2aa651be-7168-4de1-8c29-ba23e7ce96d8 HTTP/1.1" status: 200 len: 1055 time: 0.0560396
2026-04-07 01:17:42.192 9 INFO neutron.api.wsgi [None req-d9646d73-1008-408b-b0fb-ef4b593f355c a846336fdd274255bb1080d3b350db62 c65d38dfb74b4fca8ed94030ed03ca8e - - default default] 10.0.0.144 "GET /v2.0/agents?binary=ovn-controller HTTP/1.1" status: 200 len: 591 time: 0.0189576
2026-04-07 01:17:42.209 9 INFO neutron.api.wsgi [None req-75e32ca6-bf44-4111-aa51-3ddde5cf09ab a846336fdd274255bb1080d3b350db62 c65d38dfb74b4fca8ed94030ed03ca8e - - default default] 10.0.0.144 "GET /v2.0/network-ip-availabilities HTTP/1.1" status: 200 len: 4297 time: 0.0144207
2026-04-07 01:17:42.301 9 INFO neutron.api.wsgi [None req-3fe23729-b1b0-4363-80e5-c550835b5c69 a846336fdd274255bb1080d3b350db62 c65d38dfb74b4fca8ed94030ed03ca8e - - default default] 10.0.0.144 "GET /v2.0/ports HTTP/1.1" status: 200 len: 27388 time: 0.0909071
2026-04-07 01:17:42.331 9 INFO neutron.api.wsgi [None req-b9a5f8e7-c80a-440e-b8b7-b264dd4fbc52 a846336fdd274255bb1080d3b350db62 c65d38dfb74b4fca8ed94030ed03ca8e - - default default] 10.0.0.144 "GET /v2.0/agents HTTP/1.1" status: 200 len: 1390 time: 0.0133414
2026-04-07 01:17:42.367 9 INFO neutron.api.wsgi [None req-8f801317-0f72-4b37-aa36-e19f1c36f60f a846336fdd274255bb1080d3b350db62 c65d38dfb74b4fca8ed94030ed03ca8e - - default default] 10.0.0.144 "GET /v2.0/subnets HTTP/1.1" status: 200 len: 7035 time: 0.0350034
2026-04-07 01:17:42.386 9 INFO neutron.api.wsgi [None req-33004d09-ac04-4025-b7b0-d177367a492b a846336fdd274255bb1080d3b350db62 c65d38dfb74b4fca8ed94030ed03ca8e - - default default] 10.0.0.144 "GET /v2.0/subnetpools HTTP/1.1" status: 200 len: 193 time: 0.0123968
2026-04-07 01:17:42.406 9 INFO neutron.api.wsgi [req-9aade6a0-c9db-4958-864f-27b7718c1a37 req-0a52eb96-ba26-40df-95ed-16d6c5c63629 7d0d2603bc434069ac4d5dffa9f56548 e79fd64fc181478fa706ac5a07b28d28 - - 7553c7f0a3af4487b0a34e18e6fb07f9 7553c7f0a3af4487b0a34e18e6fb07f9] 10.0.0.154 "GET /v2.0/ports?device_id=7e4c2f8c-3d0d-4063-ba27-00262dc73cf5 HTTP/1.1" status: 200 len: 1452 time: 0.0386577
2026-04-07 01:17:42.448 9 INFO neutron.api.wsgi [req-9aade6a0-c9db-4958-864f-27b7718c1a37 req-dc05e8e6-211a-4add-81e6-aff611fc1e67 7d0d2603bc434069ac4d5dffa9f56548 e79fd64fc181478fa706ac5a07b28d28 - - 7553c7f0a3af4487b0a34e18e6fb07f9 7553c7f0a3af4487b0a34e18e6fb07f9] 10.0.0.154 "GET /v2.0/security-groups?id=129ba26c-1a4e-4a02-b11d-372771234e28&id=dc69d5fe-bbd9-4549-8428-4a18225d1ef7&fields=id&fields=name HTTP/1.1" status: 200 len: 406 time: 0.0359654
2026-04-07 01:17:42.460 9 INFO neutron.api.wsgi [None req-ded26f26-be7d-46bd-b953-018ffa75fc1e a846336fdd274255bb1080d3b350db62 c65d38dfb74b4fca8ed94030ed03ca8e - - default default] 10.0.0.144 "GET /v2.0/networks HTTP/1.1" status: 200 len: 6234 time: 0.0730488
2026-04-07 01:17:43.270 10 WARNING neutron_lib.context [None req-eb1a8e5b-10ed-4f13-a7d6-c253ab9d8e90 43bd08f0402f46d8a28ce27ac145ea64 75f62beb1a244c1db1533da93fd16e95 - - default default] Method 'is_advsvc' is deprecated since 2023.2 release (neutron-lib 3.8.0) and will be removed once support for the old RBAC API policies will be removed from Neutron. Please use method 'is_service_role' instead.
2026-04-07 01:17:43.399 10 INFO neutron.db.ovn_revision_numbers_db [None req-eb1a8e5b-10ed-4f13-a7d6-c253ab9d8e90 43bd08f0402f46d8a28ce27ac145ea64 75f62beb1a244c1db1533da93fd16e95 - - default default] Successfully bumped revision number for resource db66d8cc-a79e-43b8-b33e-180d8891299e (type: security_groups) to 1
2026-04-07 01:17:43.411 10 INFO neutron.db.ovn_revision_numbers_db [None req-eb1a8e5b-10ed-4f13-a7d6-c253ab9d8e90 43bd08f0402f46d8a28ce27ac145ea64 75f62beb1a244c1db1533da93fd16e95 - - default default] Successfully bumped revision number for resource 57952894-2d82-4456-81cc-622913e06e5e (type: security_group_rules) to 0
2026-04-07 01:17:43.420 10 INFO neutron.db.ovn_revision_numbers_db [None req-eb1a8e5b-10ed-4f13-a7d6-c253ab9d8e90 43bd08f0402f46d8a28ce27ac145ea64 75f62beb1a244c1db1533da93fd16e95 - - default default] Successfully bumped revision number for resource 7151044b-cb8f-4991-94b4-1542c743e490 (type: security_group_rules) to 0
2026-04-07 01:17:43.428 10 INFO neutron.db.ovn_revision_numbers_db [None req-eb1a8e5b-10ed-4f13-a7d6-c253ab9d8e90 43bd08f0402f46d8a28ce27ac145ea64 75f62beb1a244c1db1533da93fd16e95 - - default default] Successfully bumped revision number for resource a413cec6-fe58-4221-a7f6-91c908004266 (type: security_group_rules) to 0
2026-04-07 01:17:43.438 10 INFO neutron.db.ovn_revision_numbers_db [None req-eb1a8e5b-10ed-4f13-a7d6-c253ab9d8e90 43bd08f0402f46d8a28ce27ac145ea64 75f62beb1a244c1db1533da93fd16e95 - - default default] Successfully bumped revision number for resource a940afb9-dcfe-435b-8970-8ae66e6292cb (type: security_group_rules) to 0
2026-04-07 01:17:43.505 10 INFO neutron.db.segments_db [None req-eb1a8e5b-10ed-4f13-a7d6-c253ab9d8e90 43bd08f0402f46d8a28ce27ac145ea64 75f62beb1a244c1db1533da93fd16e95 - - default default] Added segment e165f636-50ce-4437-af5e-4f039b7e7630 of type geneve for network 8c948149-d782-425c-bb50-21d47e0eba83
2026-04-07 01:17:43.612 10 INFO neutron.db.ovn_revision_numbers_db [None req-eb1a8e5b-10ed-4f13-a7d6-c253ab9d8e90 43bd08f0402f46d8a28ce27ac145ea64 75f62beb1a244c1db1533da93fd16e95 - - default default] Successfully bumped revision number for resource 8c948149-d782-425c-bb50-21d47e0eba83 (type: networks) to 1
2026-04-07 01:17:43.781 10 WARNING neutron.scheduler.dhcp_agent_scheduler [None req-eb1a8e5b-10ed-4f13-a7d6-c253ab9d8e90 43bd08f0402f46d8a28ce27ac145ea64 75f62beb1a244c1db1533da93fd16e95 - - default default] No more DHCP agents
2026-04-07 01:17:43.783 10 WARNING neutron.api.rpc.agentnotifiers.dhcp_rpc_agent_api [None req-eb1a8e5b-10ed-4f13-a7d6-c253ab9d8e90 43bd08f0402f46d8a28ce27ac145ea64 75f62beb1a244c1db1533da93fd16e95 - - default default] Unable to schedule network 8c948149-d782-425c-bb50-21d47e0eba83: no agents available; will retry on subsequent port and subnet creation events.
2026-04-07 01:17:43.843 10 INFO neutron.db.ovn_revision_numbers_db [None req-eb1a8e5b-10ed-4f13-a7d6-c253ab9d8e90 43bd08f0402f46d8a28ce27ac145ea64 75f62beb1a244c1db1533da93fd16e95 - - default default] Successfully bumped revision number for resource 7ff2f248-492a-47b8-bf5b-6964242b9737 (type: ports) to 1
2026-04-07 01:17:43.870 10 INFO neutron.api.wsgi [None req-eb1a8e5b-10ed-4f13-a7d6-c253ab9d8e90 43bd08f0402f46d8a28ce27ac145ea64 75f62beb1a244c1db1533da93fd16e95 - - default default] 10.0.0.138 "POST /v2.0/networks HTTP/1.1" status: 201 len: 825 time: 0.7333078
2026-04-07 01:17:43.880 10 WARNING neutron_lib.context [None req-85a4b9b9-a6a8-4765-9ba7-ef17c5aa9a3e 43bd08f0402f46d8a28ce27ac145ea64 75f62beb1a244c1db1533da93fd16e95 - - default default] Method 'is_advsvc' is deprecated since 2023.2 release (neutron-lib 3.8.0) and will be removed once support for the old RBAC API policies will be removed from Neutron. Please use method 'is_service_role' instead.
2026-04-07 01:17:44.037 10 WARNING neutron.scheduler.dhcp_agent_scheduler [None req-85a4b9b9-a6a8-4765-9ba7-ef17c5aa9a3e 43bd08f0402f46d8a28ce27ac145ea64 75f62beb1a244c1db1533da93fd16e95 - - default default] No more DHCP agents
2026-04-07 01:17:44.038 10 WARNING neutron.api.rpc.agentnotifiers.dhcp_rpc_agent_api [None req-85a4b9b9-a6a8-4765-9ba7-ef17c5aa9a3e 43bd08f0402f46d8a28ce27ac145ea64 75f62beb1a244c1db1533da93fd16e95 - - default default] Unable to schedule network 8c948149-d782-425c-bb50-21d47e0eba83: no agents available; will retry on subsequent port and subnet creation events.
2026-04-07 01:17:44.449 10 INFO neutron.db.ovn_revision_numbers_db [None req-e16ac970-cc99-4827-b601-cacf37e339f0 - - - - - -] Successfully bumped revision number for resource 7ff2f248-492a-47b8-bf5b-6964242b9737 (type: ports) to 2
2026-04-07 01:17:44.481 10 INFO neutron.db.ovn_revision_numbers_db [None req-e16ac970-cc99-4827-b601-cacf37e339f0 - - - - - -] Successfully bumped revision number for resource 4f685423-97ef-485a-aaaa-696ff7df71fa (type: subnets) to 0
2026-04-07 01:17:44.498 10 INFO neutron.api.wsgi [None req-85a4b9b9-a6a8-4765-9ba7-ef17c5aa9a3e 43bd08f0402f46d8a28ce27ac145ea64 75f62beb1a244c1db1533da93fd16e95 - - default default] 10.0.0.138 "POST /v2.0/subnets HTTP/1.1" status: 201 len: 825 time: 0.6229815
2026-04-07 01:17:44.518 9 WARNING neutron_lib.context [None req-d2484d8e-9a6e-4750-9a4f-637883650821 43bd08f0402f46d8a28ce27ac145ea64 75f62beb1a244c1db1533da93fd16e95 - - default default] Method 'is_advsvc' is deprecated since 2023.2 release (neutron-lib 3.8.0) and will be removed once support for the old RBAC API policies will be removed from Neutron. Please use method 'is_service_role' instead.
2026-04-07 01:17:44.588 9 INFO neutron.api.wsgi [req-d98bb492-86b1-45ba-8e87-3dd61f04305b req-41212830-dc57-4fa7-bafd-84929cd07dfd c8c0a7154cf34491a71aba2108693bdc 3d789ef1fe6543a6a2eb08aa1b2d3c3d - - default default] 10.0.0.34 "GET /v2.0/ports?device_id=7e4c2f8c-3d0d-4063-ba27-00262dc73cf5 HTTP/1.1" status: 200 len: 1214 time: 0.0481551
2026-04-07 01:17:44.651 9 INFO neutron.api.wsgi [req-d98bb492-86b1-45ba-8e87-3dd61f04305b req-777139bc-4542-4769-8608-ae5ff8966c71 c8c0a7154cf34491a71aba2108693bdc 3d789ef1fe6543a6a2eb08aa1b2d3c3d - - default default] 10.0.0.34 "GET /v2.0/security-groups?id=129ba26c-1a4e-4a02-b11d-372771234e28&id=dc69d5fe-bbd9-4549-8428-4a18225d1ef7&fields=id&fields=name HTTP/1.1" status: 200 len: 406 time: 0.0572608
2026-04-07 01:17:44.932 9 WARNING neutron.scheduler.dhcp_agent_scheduler [None req-d2484d8e-9a6e-4750-9a4f-637883650821 43bd08f0402f46d8a28ce27ac145ea64 75f62beb1a244c1db1533da93fd16e95 - - default default] No more DHCP agents
2026-04-07 01:17:44.933 9 WARNING neutron.api.rpc.agentnotifiers.dhcp_rpc_agent_api [None req-d2484d8e-9a6e-4750-9a4f-637883650821 43bd08f0402f46d8a28ce27ac145ea64 75f62beb1a244c1db1533da93fd16e95 - - default default] Unable to schedule network ec61ddbb-7eb1-4408-84d6-f654034c2325: no agents available; will retry on subsequent port and subnet creation events.
2026-04-07 01:17:45.047 9 INFO neutron.db.ovn_revision_numbers_db [None req-d2484d8e-9a6e-4750-9a4f-637883650821 43bd08f0402f46d8a28ce27ac145ea64 75f62beb1a244c1db1533da93fd16e95 - - default default] Successfully bumped revision number for resource f61e3704-958d-4cba-abbf-d38b19d11dfa (type: ports) to 1
2026-04-07 01:17:45.114 9 INFO neutron.plugins.ml2.drivers.ovn.mech_driver.mech_driver [None req-30e29fef-3867-4b7c-b753-ae12503074eb - - - - - -] OVN reports status down for port: 2aa651be-7168-4de1-8c29-ba23e7ce96d8
2026-04-07 01:17:45.277 9 INFO neutron.notifiers.nova [-] Nova event matching ['req-1ce592b5-b1b3-4bb3-a06c-c93db4e4e468'] response: {'server_uuid': '7e4c2f8c-3d0d-4063-ba27-00262dc73cf5', 'name': 'network-vif-unplugged', 'status': 'completed', 'tag': '2aa651be-7168-4de1-8c29-ba23e7ce96d8', 'code': 200}
2026-04-07 01:17:45.442 9 INFO neutron.db.ovn_revision_numbers_db [None req-30e29fef-3867-4b7c-b753-ae12503074eb - - - - - -] Successfully bumped revision number for resource 2aa651be-7168-4de1-8c29-ba23e7ce96d8 (type: ports) to 6
2026-04-07 01:17:45.684 9 INFO neutron.plugins.ml2.drivers.ovn.mech_driver.ovsdb.commands [None req-357bc24b-5dcd-49b4-a6cc-57cf2d4b7823 - - - - - -] Schedule LRP lrp-f61e3704-958d-4cba-abbf-d38b19d11dfa on gateway dedb4208-68ee-43a9-b1d9-28a114a3ebd9 with priority 1
2026-04-07 01:17:45.697 10 INFO neutron.plugins.ml2.drivers.ovn.mech_driver.mech_driver [None req-7090978d-52cb-4625-a9f7-b8afed488419 - - - - - -] OVN reports status up for port: f61e3704-958d-4cba-abbf-d38b19d11dfa
2026-04-07 01:17:45.706 10 INFO neutron.plugins.ml2.plugin [None req-7090978d-52cb-4625-a9f7-b8afed488419 - - - - - -] Attempt 1 to provision port f61e3704-958d-4cba-abbf-d38b19d11dfa /var/lib/openstack/lib/python3.12/site-packages/pycadf/identifier.py:71: UserWarning: Invalid uuid: neutron. To ensure interoperability, identifiers should be a valid uuid. warnings.warn(('Invalid uuid: %s. To ensure interoperability, '
2026-04-07 01:17:45.728 9 INFO neutron.db.ovn_revision_numbers_db [None req-d2484d8e-9a6e-4750-9a4f-637883650821 43bd08f0402f46d8a28ce27ac145ea64 75f62beb1a244c1db1533da93fd16e95 - - default default] Successfully bumped revision number for resource f61e3704-958d-4cba-abbf-d38b19d11dfa (type: router_ports) to 1
2026-04-07 01:17:45.755 9 INFO neutron.api.wsgi [req-c59830e8-9fab-420f-8558-ee341421ac57 req-a4c69666-8e65-40a5-9178-e4a8d831f836 c8c0a7154cf34491a71aba2108693bdc 3d789ef1fe6543a6a2eb08aa1b2d3c3d - - default default] 10.0.0.34 "GET /v2.0/ports?device_id=7e4c2f8c-3d0d-4063-ba27-00262dc73cf5 HTTP/1.1" status: 200 len: 1212 time: 0.0432444
2026-04-07 01:17:45.805 9 INFO neutron.api.wsgi [req-c59830e8-9fab-420f-8558-ee341421ac57 req-297aeb81-1440-4f57-af26-14c680d7c80f c8c0a7154cf34491a71aba2108693bdc 3d789ef1fe6543a6a2eb08aa1b2d3c3d - - default default] 10.0.0.34 "GET /v2.0/security-groups?id=129ba26c-1a4e-4a02-b11d-372771234e28&id=dc69d5fe-bbd9-4549-8428-4a18225d1ef7&fields=id&fields=name HTTP/1.1" status: 200 len: 406 time: 0.0400915
2026-04-07 01:17:45.806 9 INFO neutron.db.ovn_revision_numbers_db [None req-d2484d8e-9a6e-4750-9a4f-637883650821 43bd08f0402f46d8a28ce27ac145ea64 75f62beb1a244c1db1533da93fd16e95 - - default default] Successfully bumped revision number for resource ddd4a9ac-ff8e-44dc-b4c6-f65109f6e4a2 (type: routers) to 2
2026-04-07 01:17:45.822 9 INFO neutron.api.wsgi [None req-d2484d8e-9a6e-4750-9a4f-637883650821 43bd08f0402f46d8a28ce27ac145ea64 75f62beb1a244c1db1533da93fd16e95 - - default default] 10.0.0.138 "POST /v2.0/routers HTTP/1.1" status: 201 len: 1135 time: 1.3113718
2026-04-07 01:17:46.273 10 WARNING neutron.scheduler.dhcp_agent_scheduler [None req-f1e542d2-aea5-4902-b371-ca63816537c4 43bd08f0402f46d8a28ce27ac145ea64 75f62beb1a244c1db1533da93fd16e95 - - default default] No more DHCP agents
2026-04-07 01:17:46.274 10 WARNING neutron.api.rpc.agentnotifiers.dhcp_rpc_agent_api [None req-f1e542d2-aea5-4902-b371-ca63816537c4 43bd08f0402f46d8a28ce27ac145ea64 75f62beb1a244c1db1533da93fd16e95 - - default default] Unable to schedule network 8c948149-d782-425c-bb50-21d47e0eba83: no agents available; will retry on subsequent port and subnet creation events.
2026-04-07 01:17:46.335 9 INFO neutron.api.wsgi [req-95c695aa-b22b-40a0-b0fd-35c9c8b48d3b req-7965faa8-fe86-4cd9-9153-b429a6452f29 c8c0a7154cf34491a71aba2108693bdc 3d789ef1fe6543a6a2eb08aa1b2d3c3d - - default default] 199.204.45.157 "GET /v2.0/ports?device_id=7e4c2f8c-3d0d-4063-ba27-00262dc73cf5 HTTP/1.1" status: 200 len: 1212 time: 0.0378940
2026-04-07 01:17:46.409 10 INFO neutron.db.ovn_revision_numbers_db [None req-f1e542d2-aea5-4902-b371-ca63816537c4 43bd08f0402f46d8a28ce27ac145ea64 75f62beb1a244c1db1533da93fd16e95 - - default default] Successfully bumped revision number for resource d10d3e63-69c8-4f60-b8b8-a7ba7b8b8d57 (type: ports) to 1
2026-04-07 01:17:46.649 9 INFO neutron.db.l3_db [req-95c695aa-b22b-40a0-b0fd-35c9c8b48d3b req-651192ec-80be-4933-b99b-8e3d584367c2 c8c0a7154cf34491a71aba2108693bdc 3d789ef1fe6543a6a2eb08aa1b2d3c3d - - default default] Floating IP ba03dadc-d5ff-48f1-bc3e-15734fee558f disassociated. External IP: 10.96.250.206, port: 2aa651be-7168-4de1-8c29-ba23e7ce96d8.
2026-04-07 01:17:46.764 9 INFO neutron.api.wsgi [req-95c695aa-b22b-40a0-b0fd-35c9c8b48d3b req-651192ec-80be-4933-b99b-8e3d584367c2 c8c0a7154cf34491a71aba2108693bdc 3d789ef1fe6543a6a2eb08aa1b2d3c3d - - default default] 199.204.45.157 "DELETE /v2.0/ports/2aa651be-7168-4de1-8c29-ba23e7ce96d8 HTTP/1.1" status: 204 len: 173 time: 0.4256001
2026-04-07 01:17:46.882 9 INFO neutron.api.wsgi [req-4696381b-fe22-4008-a22e-9a329f7b0f37 req-e112016f-6000-401b-b8ac-ba3d4cc68a4c c8c0a7154cf34491a71aba2108693bdc 3d789ef1fe6543a6a2eb08aa1b2d3c3d - - default default] 10.0.0.34 "GET /v2.0/ports?device_id=7e4c2f8c-3d0d-4063-ba27-00262dc73cf5 HTTP/1.1" status: 200 len: 210 time: 0.0176015
2026-04-07 01:17:46.936 9 INFO neutron.plugins.ml2.drivers.ovn.mech_driver.mech_driver [None req-19d8ad6a-be1a-4103-9e78-352475c519f0 - - - - - -] OVN reports status up for port: d10d3e63-69c8-4f60-b8b8-a7ba7b8b8d57
2026-04-07 01:17:46.944 9 INFO neutron.plugins.ml2.plugin [None req-19d8ad6a-be1a-4103-9e78-352475c519f0 - - - - - -] Attempt 1 to provision port d10d3e63-69c8-4f60-b8b8-a7ba7b8b8d57
2026-04-07 01:17:46.950 10 INFO neutron.db.ovn_revision_numbers_db [None req-f1e542d2-aea5-4902-b371-ca63816537c4 43bd08f0402f46d8a28ce27ac145ea64 75f62beb1a244c1db1533da93fd16e95 - - default default] Successfully bumped revision number for resource d10d3e63-69c8-4f60-b8b8-a7ba7b8b8d57 (type: ports) to 1
2026-04-07 01:17:46.954 9 INFO neutron.api.wsgi [req-bced3b8d-ace1-4009-bad9-d23e76cc72cd req-ca94be21-f57b-4cd3-8be9-3cac4fc37d86 a846336fdd274255bb1080d3b350db62 c65d38dfb74b4fca8ed94030ed03ca8e - - default default] 10.0.0.34 "GET /v2.0/security-groups?id=052859f8-f363-4cd8-bdb7-d7f43ca62815&fields=id HTTP/1.1" status: 200 len: 267 time: 0.0471702
2026-04-07 01:17:46.999 10 WARNING neutron.scheduler.dhcp_agent_scheduler [None req-f1e542d2-aea5-4902-b371-ca63816537c4 43bd08f0402f46d8a28ce27ac145ea64 75f62beb1a244c1db1533da93fd16e95 - - default default] No more DHCP agents
2026-04-07 01:17:47.000 10 WARNING neutron.api.rpc.agentnotifiers.dhcp_rpc_agent_api [None req-f1e542d2-aea5-4902-b371-ca63816537c4 43bd08f0402f46d8a28ce27ac145ea64 75f62beb1a244c1db1533da93fd16e95 - - default default] Unable to schedule network 8c948149-d782-425c-bb50-21d47e0eba83: no agents available; will retry on subsequent port and subnet creation events.
2026-04-07 01:17:47.005 9 INFO neutron.api.wsgi [req-bced3b8d-ace1-4009-bad9-d23e76cc72cd req-01728a3d-71f4-4ce0-acb4-08d7e6403cb1 a846336fdd274255bb1080d3b350db62 c65d38dfb74b4fca8ed94030ed03ca8e - - default default] 10.0.0.34 "GET /v2.0/networks?id=b348c81e-b630-4652-9c30-c2cce15801c6 HTTP/1.1" status: 200 len: 936 time: 0.0425203
2026-04-07 01:17:47.017 9 INFO neutron.api.wsgi [req-bced3b8d-ace1-4009-bad9-d23e76cc72cd req-1ea71bc9-2c2d-4492-ada5-61ee98bcbd79 a846336fdd274255bb1080d3b350db62 c65d38dfb74b4fca8ed94030ed03ca8e - - default default] 10.0.0.34 "GET /v2.0/quotas/c65d38dfb74b4fca8ed94030ed03ca8e HTTP/1.1" status: 200 len: 490 time: 0.0082185
2026-04-07 01:17:47.075 9 INFO neutron.api.wsgi [req-bced3b8d-ace1-4009-bad9-d23e76cc72cd req-574a9952-e9b9-42c0-82bc-9e8c1e49f174 a846336fdd274255bb1080d3b350db62 c65d38dfb74b4fca8ed94030ed03ca8e - - default default] 10.0.0.34 "GET /v2.0/ports?tenant_id=c65d38dfb74b4fca8ed94030ed03ca8e&fields=id HTTP/1.1" status: 200 len: 348 time: 0.0545528
2026-04-07 01:17:47.133 9 INFO neutron.api.wsgi [req-bced3b8d-ace1-4009-bad9-d23e76cc72cd req-cc13779d-3b91-4b78-98d8-56f19ef3e41e 7d0d2603bc434069ac4d5dffa9f56548 e79fd64fc181478fa706ac5a07b28d28 - - 7553c7f0a3af4487b0a34e18e6fb07f9 7553c7f0a3af4487b0a34e18e6fb07f9] 10.0.0.34 "GET /v2.0/networks/b348c81e-b630-4652-9c30-c2cce15801c6?fields=segments HTTP/1.1" status: 200 len: 212 time: 0.0381265
2026-04-07 01:17:47.187 9 INFO neutron.api.wsgi [req-bced3b8d-ace1-4009-bad9-d23e76cc72cd req-12c2f74f-b487-4c99-85c8-7447d0898a43 7d0d2603bc434069ac4d5dffa9f56548 e79fd64fc181478fa706ac5a07b28d28 - - 7553c7f0a3af4487b0a34e18e6fb07f9 7553c7f0a3af4487b0a34e18e6fb07f9] 10.0.0.34 "GET /v2.0/networks/b348c81e-b630-4652-9c30-c2cce15801c6?fields=provider%3Aphysical_network&fields=provider%3Anetwork_type HTTP/1.1" status: 200 len: 277 time: 0.0463443
2026-04-07 01:17:47.316 9 INFO neutron.notifiers.nova [-] Nova event matching ['req-5397c272-da23-4087-9740-41a64813507e'] response: {'server_uuid': '7e4c2f8c-3d0d-4063-ba27-00262dc73cf5', 'name': 'network-vif-unplugged', 'status': 'completed', 'tag': '2aa651be-7168-4de1-8c29-ba23e7ce96d8', 'code': 200}
2026-04-07 01:17:47.316 9 INFO neutron.notifiers.nova [-] Nova event matching ['req-5397c272-da23-4087-9740-41a64813507e'] response: {'server_uuid': '7e4c2f8c-3d0d-4063-ba27-00262dc73cf5', 'name': 'network-vif-deleted', 'tag': '2aa651be-7168-4de1-8c29-ba23e7ce96d8', 'status': 'completed', 'code': 200}
2026-04-07 01:17:47.321 10 INFO neutron.db.ovn_revision_numbers_db [None req-f1e542d2-aea5-4902-b371-ca63816537c4 43bd08f0402f46d8a28ce27ac145ea64 75f62beb1a244c1db1533da93fd16e95 - - default default] Successfully bumped revision number for resource d10d3e63-69c8-4f60-b8b8-a7ba7b8b8d57 (type: router_ports) to 1
2026-04-07 01:17:47.323 9 INFO neutron.db.ovn_revision_numbers_db [None req-19d8ad6a-be1a-4103-9e78-352475c519f0 - - - - - -] Successfully bumped revision number for resource d10d3e63-69c8-4f60-b8b8-a7ba7b8b8d57 (type: ports) to 2
2026-04-07 01:17:47.327 10 INFO neutron.api.wsgi [None req-f1e542d2-aea5-4902-b371-ca63816537c4 43bd08f0402f46d8a28ce27ac145ea64 75f62beb1a244c1db1533da93fd16e95 - - default default] 10.0.0.138 "PUT /v2.0/routers/ddd4a9ac-ff8e-44dc-b4c6-f65109f6e4a2/add_router_interface HTTP/1.1" status: 200 len: 503 time: 1.4994533
2026-04-07 01:17:47.338 10 WARNING neutron_lib.context [None req-10519c7e-2da8-4f5c-8dbd-e6493216bc92 43bd08f0402f46d8a28ce27ac145ea64 75f62beb1a244c1db1533da93fd16e95 - - default default] Method 'is_advsvc' is deprecated since 2023.2 release (neutron-lib 3.8.0) and will be removed once support for the old RBAC API policies will be removed from Neutron. Please use method 'is_service_role' instead.
2026-04-07 01:17:47.808 9 INFO neutron.api.wsgi [req-40c6772a-86d4-4d27-aa0a-5e8eeebe8706 req-8b56debd-c0cd-4bdf-9d0f-a66b5af05fb1 a846336fdd274255bb1080d3b350db62 c65d38dfb74b4fca8ed94030ed03ca8e - - default default] 10.0.0.34 "GET /v2.0/ports?device_id=7c89909d-7958-463a-a9a4-d748304bc778 HTTP/1.1" status: 200 len: 210 time: 0.0194669
2026-04-07 01:17:47.870 10 WARNING neutron.scheduler.dhcp_agent_scheduler [None req-e9fdd10f-4e61-4876-95a9-9b27ed2fefc2 - - - - - -] No more DHCP agents
2026-04-07 01:17:47.871 10 WARNING neutron.api.rpc.agentnotifiers.dhcp_rpc_agent_api [None req-e9fdd10f-4e61-4876-95a9-9b27ed2fefc2 - - - - - -] Unable to schedule network ec61ddbb-7eb1-4408-84d6-f654034c2325: no agents available; will retry on subsequent port and subnet creation events.
2026-04-07 01:17:47.874 9 INFO neutron.api.wsgi [req-59f5fdca-3451-479a-8b8e-49f385a4a2ae req-ccd5d3d8-c9bf-435b-8342-cb1855a9d531 a846336fdd274255bb1080d3b350db62 c65d38dfb74b4fca8ed94030ed03ca8e - - default default] 10.0.0.34 "GET /v2.0/ports?device_id=7c89909d-7958-463a-a9a4-d748304bc778 HTTP/1.1" status: 200 len: 210 time: 0.0191274
2026-04-07 01:17:47.972 9 INFO neutron.api.wsgi [req-ac59298b-b571-4bc6-9774-95ef176d5dd6 req-e776fc9d-f1e9-4186-a510-38dbf4aa6104 c8c0a7154cf34491a71aba2108693bdc 3d789ef1fe6543a6a2eb08aa1b2d3c3d - - default default] 10.0.0.34 "GET /v2.0/ports?device_id=7e4c2f8c-3d0d-4063-ba27-00262dc73cf5 HTTP/1.1" status: 200 len: 210 time: 0.0225236
2026-04-07 01:17:47.995 10 INFO neutron.db.ovn_revision_numbers_db [None req-e9fdd10f-4e61-4876-95a9-9b27ed2fefc2 - - - - - -] Successfully bumped revision number for resource 71d4c5fd-3c70-48b6-926b-75364fab3926 (type: ports) to 1
2026-04-07 01:17:48.213 10 INFO neutron.db.ovn_revision_numbers_db [None req-e9fdd10f-4e61-4876-95a9-9b27ed2fefc2 - - - - - -] Successfully bumped revision number for resource 71d4c5fd-3c70-48b6-926b-75364fab3926 (type: ports) to 3
2026-04-07 01:17:48.270 10 INFO neutron.db.segments_db [None req-e9fdd10f-4e61-4876-95a9-9b27ed2fefc2 - - - - - -] Added segment b699e0e1-6c1d-4b7a-9732-fbf1ac1bd67c of type geneve for network a866ec17-58c2-4fe8-8653-cb687a63caef
2026-04-07 01:17:48.380 10 INFO neutron.db.ovn_revision_numbers_db [None req-5da8404a-9f71-477a-85ba-def6157af698 - - - - - -] Successfully bumped revision number for resource a866ec17-58c2-4fe8-8653-cb687a63caef (type: networks) to 1
2026-04-07 01:17:48.512 10 WARNING neutron.scheduler.dhcp_agent_scheduler [None req-5da8404a-9f71-477a-85ba-def6157af698 - - - - - -] No more DHCP agents
2026-04-07 01:17:48.513 10 WARNING neutron.api.rpc.agentnotifiers.dhcp_rpc_agent_api [None req-5da8404a-9f71-477a-85ba-def6157af698 - - - - - -] Unable to schedule network a866ec17-58c2-4fe8-8653-cb687a63caef: no agents available; will retry on subsequent port and subnet creation events.
2026-04-07 01:17:48.564 10 INFO neutron.db.ovn_revision_numbers_db [None req-5da8404a-9f71-477a-85ba-def6157af698 - - - - - -] Successfully bumped revision number for resource e0e55249-dce9-4bec-976a-b65c090bc16b (type: ports) to 1
2026-04-07 01:17:48.664 10 WARNING neutron.scheduler.dhcp_agent_scheduler [None req-5da8404a-9f71-477a-85ba-def6157af698 - - - - - -] No more DHCP agents
2026-04-07 01:17:48.665 10 WARNING neutron.api.rpc.agentnotifiers.dhcp_rpc_agent_api [None req-5da8404a-9f71-477a-85ba-def6157af698 - - - - - -] Unable to schedule network a866ec17-58c2-4fe8-8653-cb687a63caef: no agents available; will retry on subsequent port and subnet creation events.
2026-04-07 01:17:48.691 10 INFO neutron.db.ovn_revision_numbers_db [None req-5da8404a-9f71-477a-85ba-def6157af698 - - - - - -] Successfully bumped revision number for resource 537826db-23bc-4e97-915b-9a0b891f2dc4 (type: subnets) to 0
2026-04-07 01:17:48.727 10 INFO neutron.api.wsgi [-] 10.0.0.70 "GET / HTTP/1.1" status: 200 len: 247 time: 0.0018659
2026-04-07 01:17:48.728 9 INFO neutron.api.wsgi [-] 10.0.0.70 "GET / HTTP/1.1" status: 200 len: 247 time: 0.0022342
2026-04-07 01:17:49.063 9 INFO neutron.api.wsgi [req-8fd8dfd5-4d4b-4a47-b146-11ac83de5009 req-cd0204e4-4c79-4e3c-bba1-1c6204783472 c8c0a7154cf34491a71aba2108693bdc 3d789ef1fe6543a6a2eb08aa1b2d3c3d - - default default] 10.0.0.34 "GET /v2.0/ports?device_id=7e4c2f8c-3d0d-4063-ba27-00262dc73cf5 HTTP/1.1" status: 200 len: 210 time: 0.0190761
2026-04-07 01:17:49.071 10 WARNING neutron.scheduler.dhcp_agent_scheduler [None req-5da8404a-9f71-477a-85ba-def6157af698 - - - - - -] No more DHCP agents
2026-04-07 01:17:49.073 10 WARNING neutron.api.rpc.agentnotifiers.dhcp_rpc_agent_api [None req-5da8404a-9f71-477a-85ba-def6157af698 - - - - - -] Unable to schedule network a866ec17-58c2-4fe8-8653-cb687a63caef: no agents available; will retry on subsequent port and subnet creation events.
2026-04-07 01:17:49.191 10 INFO neutron.db.ovn_revision_numbers_db [None req-5da8404a-9f71-477a-85ba-def6157af698 - - - - - -] Successfully bumped revision number for resource 18100de0-6061-42fd-97a6-c5b94006d337 (type: ports) to 1
2026-04-07 01:17:49.681 10 INFO neutron.db.ovn_revision_numbers_db [None req-5da8404a-9f71-477a-85ba-def6157af698 - - - - - -] Successfully bumped revision number for resource 18100de0-6061-42fd-97a6-c5b94006d337 (type: ports) to 1
2026-04-07 01:17:49.735 10 WARNING neutron.scheduler.dhcp_agent_scheduler [None req-5da8404a-9f71-477a-85ba-def6157af698 - - - - - -] No more DHCP agents
2026-04-07 01:17:49.739 10 WARNING neutron.api.rpc.agentnotifiers.dhcp_rpc_agent_api [None req-5da8404a-9f71-477a-85ba-def6157af698 - - - - - -] Unable to schedule network a866ec17-58c2-4fe8-8653-cb687a63caef: no agents available; will retry on subsequent port and subnet creation events.
2026-04-07 01:17:50.581 10 WARNING neutron.plugins.ml2.drivers.ovn.mech_driver.ovsdb.ovn_client [None req-7090978d-52cb-4625-a9f7-b8afed488419 - - - - - -] No hosting information found for port f61e3704-958d-4cba-abbf-d38b19d11dfa: RuntimeError: No hosting information found for port f61e3704-958d-4cba-abbf-d38b19d11dfa
2026-04-07 01:17:50.614 10 INFO neutron.plugins.ml2.drivers.ovn.mech_driver.mech_driver [None req-7090978d-52cb-4625-a9f7-b8afed488419 - - - - - -] OVN reports status up for port: 18100de0-6061-42fd-97a6-c5b94006d337
2026-04-07 01:17:50.632 10 INFO neutron.plugins.ml2.plugin [None req-7090978d-52cb-4625-a9f7-b8afed488419 - - - - - -] Attempt 1 to provision port 18100de0-6061-42fd-97a6-c5b94006d337
