2026-04-07 01:18:39.131 9 INFO neutron.api.wsgi [None req-f7c5f2d0-1d9e-4902-ac0d-d3e8bf6249bf 43bd08f0402f46d8a28ce27ac145ea64 75f62beb1a244c1db1533da93fd16e95 - - default default] 10.0.0.138 "DELETE /v2.0/networks/8c948149-d782-425c-bb50-21d47e0eba83 HTTP/1.1" status: 204 len: 168 time: 0.3677976
2026-04-07 01:18:39.466 9 INFO neutron.api.wsgi [None req-50339640-75c2-46d6-b600-ae5b4c31bb5f 43bd08f0402f46d8a28ce27ac145ea64 75f62beb1a244c1db1533da93fd16e95 - - default default] 10.0.0.138 "DELETE /v2.0/networks/f81e5bb6-04b6-466f-8766-f99887ea48fd HTTP/1.1" status: 204 len: 168 time: 0.3259518
2026-04-07 01:18:39.798 9 INFO neutron.api.wsgi [None req-5bad8e62-f3e7-47b8-9eee-f9dc538bc1cd 43bd08f0402f46d8a28ce27ac145ea64 75f62beb1a244c1db1533da93fd16e95 - - default default] 10.0.0.138 "DELETE /v2.0/networks/f36f2488-94fa-4230-a2cb-806d9dfa42cb HTTP/1.1" status: 204 len: 168 time: 0.3262320
2026-04-07 01:18:39.821 10 INFO neutron.pecan_wsgi.hooks.translation [None req-291d5781-3a7d-47e8-ae28-64ac94b412ca 43bd08f0402f46d8a28ce27ac145ea64 75f62beb1a244c1db1533da93fd16e95 - - default default] DELETE failed (client error): The resource could not be found.
2026-04-07 01:18:39.824 10 INFO neutron.api.wsgi [None req-291d5781-3a7d-47e8-ae28-64ac94b412ca 43bd08f0402f46d8a28ce27ac145ea64 75f62beb1a244c1db1533da93fd16e95 - - default default] 10.0.0.138 "DELETE /v2.0/networks/60c971be-2c76-43f6-aab6-70635a38930c HTTP/1.1" status: 404 len: 339 time: 0.0202045
2026-04-07 01:18:40.718 9 INFO neutron.db.ovn_revision_numbers_db [None req-cf17a406-bc59-4ef0-a4f8-8781719a7ae5 a846336fdd274255bb1080d3b350db62 c65d38dfb74b4fca8ed94030ed03ca8e - - default default] Successfully bumped revision number for resource 8ae7b194-b5a6-45cb-b68a-3b06a9d03012 (type: security_groups) to 1
2026-04-07 01:18:40.731 9 INFO neutron.db.ovn_revision_numbers_db [None req-cf17a406-bc59-4ef0-a4f8-8781719a7ae5 a846336fdd274255bb1080d3b350db62 c65d38dfb74b4fca8ed94030ed03ca8e - - default default] Successfully bumped revision number for resource 2d91161e-0f15-4920-b008-61b170d60fcf (type: security_group_rules) to 0
2026-04-07 01:18:40.744 9 INFO neutron.db.ovn_revision_numbers_db [None req-cf17a406-bc59-4ef0-a4f8-8781719a7ae5 a846336fdd274255bb1080d3b350db62 c65d38dfb74b4fca8ed94030ed03ca8e - - default default] Successfully bumped revision number for resource b5a08ddd-0668-45fa-9bcf-f2479626058a (type: security_group_rules) to 0
2026-04-07 01:18:40.758 9 INFO neutron.db.ovn_revision_numbers_db [None req-cf17a406-bc59-4ef0-a4f8-8781719a7ae5 a846336fdd274255bb1080d3b350db62 c65d38dfb74b4fca8ed94030ed03ca8e - - default default] Successfully bumped revision number for resource c9b5c3fd-06f5-4b5a-b25d-334f577049be (type: security_group_rules) to 0
2026-04-07 01:18:40.770 9 INFO neutron.db.ovn_revision_numbers_db [None req-cf17a406-bc59-4ef0-a4f8-8781719a7ae5 a846336fdd274255bb1080d3b350db62 c65d38dfb74b4fca8ed94030ed03ca8e - - default default] Successfully bumped revision number for resource ce9b6777-4800-4c56-8649-54287fef8338 (type: security_group_rules) to 0
2026-04-07 01:18:40.803 9 INFO neutron.api.wsgi [None req-cf17a406-bc59-4ef0-a4f8-8781719a7ae5 a846336fdd274255bb1080d3b350db62 c65d38dfb74b4fca8ed94030ed03ca8e - - default default] 10.0.0.138 "GET /v2.0/security-groups?tenant_id=2a6c51eda6cb4ba5abb13447b142a7df&name=default HTTP/1.1" status: 200 len: 3124 time: 0.3776433
2026-04-07 01:18:40.998 9 INFO neutron.api.wsgi [None req-12d71d26-55be-4379-8f39-3ec044e8c7ab a846336fdd274255bb1080d3b350db62 c65d38dfb74b4fca8ed94030ed03ca8e - - default default] 10.0.0.138 "DELETE /v2.0/security-groups/8ae7b194-b5a6-45cb-b68a-3b06a9d03012 HTTP/1.1" status: 204 len: 168 time: 0.1878228
2026-04-07 01:18:41.146 9 INFO neutron.services.segments.plugin [-] Segment d8d7cd37-5f0b-492a-b31a-58182f8939ff resource provider aggregate not found
2026-04-07 01:18:41.155 9 INFO neutron.services.segments.plugin [-] Segment d8d7cd37-5f0b-492a-b31a-58182f8939ff resource provider aggregate not found
2026-04-07 01:18:41.158 9 INFO neutron.services.segments.plugin [-] Segment d8d7cd37-5f0b-492a-b31a-58182f8939ff resource provider not found; error: Placement Client Error (4xx): {"errors": [{"status": 404, "title": "Not Found", "detail": "The resource could not be found.\n\n No resource provider with uuid d8d7cd37-5f0b-492a-b31a-58182f8939ff found for delete ", "request_id": "req-d038e5d5-60d3-4842-b9e2-03c348b27bbb"}]}
2026-04-07 01:18:41.168 9 INFO neutron.services.segments.plugin [-] Segment d05bbaee-ddd9-48c0-9479-a994f2292163 resource provider aggregate not found
2026-04-07 01:18:41.170 9 INFO neutron.services.segments.plugin [-] Segment d8d7cd37-5f0b-492a-b31a-58182f8939ff resource provider not found; error: Placement Client Error (4xx): {"errors": [{"status": 404, "title": "Not Found", "detail": "The resource could not be found.\n\n No resource provider with uuid d8d7cd37-5f0b-492a-b31a-58182f8939ff found for delete ", "request_id": "req-3f76b62a-b1bf-4136-9627-b1c9cfc7df4f"}]}
2026-04-07 01:18:41.183 9 INFO neutron.api.wsgi [None req-f15af0e8-24e1-4037-b7ac-2f67d7a8016e a846336fdd274255bb1080d3b350db62 c65d38dfb74b4fca8ed94030ed03ca8e - - default default] 10.0.0.138 "GET /v2.0/security-groups?tenant_id=75f62beb1a244c1db1533da93fd16e95&name=default HTTP/1.1" status: 200 len: 3120 time: 0.0403545
2026-04-07 01:18:41.183 9 INFO neutron.services.segments.plugin [-] Segment d05bbaee-ddd9-48c0-9479-a994f2292163 resource provider not found; error: Placement Client Error (4xx): {"errors": [{"status": 404, "title": "Not Found", "detail": "The resource could not be found.\n\n No resource provider with uuid d05bbaee-ddd9-48c0-9479-a994f2292163 found for delete ", "request_id": "req-4dd61007-cb3f-423e-bf5f-a4c67f82d2c1"}]}
2026-04-07 01:18:41.184 9 INFO neutron.services.segments.plugin [-] Segment d05bbaee-ddd9-48c0-9479-a994f2292163 resource provider aggregate not found
2026-04-07 01:18:41.196 9 INFO neutron.services.segments.plugin [-] Segment d05bbaee-ddd9-48c0-9479-a994f2292163 resource provider not found; error: Placement Client Error (4xx): {"errors": [{"status": 404, "title": "Not Found", "detail": "The resource could not be found.\n\n No resource provider with uuid d05bbaee-ddd9-48c0-9479-a994f2292163 found for delete ", "request_id": "req-980d0f0c-e885-470f-8dac-f1525d331f98"}]}
2026-04-07 01:18:41.453 10 INFO neutron.api.wsgi [None req-3f033f8f-8ee2-43af-baba-981cdf9f2a86 a846336fdd274255bb1080d3b350db62 c65d38dfb74b4fca8ed94030ed03ca8e - - default default] 10.0.0.138 "DELETE /v2.0/security-groups/db66d8cc-a79e-43b8-b33e-180d8891299e HTTP/1.1" status: 204 len: 168 time: 0.2662444
2026-04-07 01:18:41.728 10 WARNING neutron_lib.context [None req-495ed0d3-e275-4ff7-89b8-e10d73397404 3d23e1cda67c4ddc84cfe63104cae2ce cc278bbfe0514569a5135cb17e8526a5 - - default default] Method 'is_advsvc' is deprecated since 2023.2 release (neutron-lib 3.8.0) and will be removed once support for the old RBAC API policies will be removed from Neutron. Please use method 'is_service_role' instead.
2026-04-07 01:18:41.875 9 INFO neutron.api.wsgi [None req-5ad7654c-8e5b-4e47-81d6-07fa54bcd292 a846336fdd274255bb1080d3b350db62 c65d38dfb74b4fca8ed94030ed03ca8e - - default default] 10.0.0.144 "GET /v2.0/network-ip-availabilities HTTP/1.1" status: 200 len: 3357 time: 0.0654223
2026-04-07 01:18:41.883 10 INFO neutron.db.ovn_revision_numbers_db [None req-495ed0d3-e275-4ff7-89b8-e10d73397404 3d23e1cda67c4ddc84cfe63104cae2ce cc278bbfe0514569a5135cb17e8526a5 - - default default] Successfully bumped revision number for resource 89451d01-6f70-43e0-8e8d-acd1479ea720 (type: security_groups) to 1
2026-04-07 01:18:41.895 10 INFO neutron.db.ovn_revision_numbers_db [None req-495ed0d3-e275-4ff7-89b8-e10d73397404 3d23e1cda67c4ddc84cfe63104cae2ce cc278bbfe0514569a5135cb17e8526a5 - - default default] Successfully bumped revision number for resource 110cf9c1-1b96-403d-8607-d854283b1ed2 (type: security_group_rules) to 0
2026-04-07 01:18:41.907 10 INFO neutron.db.ovn_revision_numbers_db [None req-495ed0d3-e275-4ff7-89b8-e10d73397404 3d23e1cda67c4ddc84cfe63104cae2ce cc278bbfe0514569a5135cb17e8526a5 - - default default] Successfully bumped revision number for resource 413e195f-5d76-4f4e-abb4-f27c6f673b34 (type: security_group_rules) to 0
2026-04-07 01:18:41.911 9 INFO neutron.api.wsgi [None req-a989522b-3b6e-4b94-8e61-6f840fa8cdf1 a846336fdd274255bb1080d3b350db62 c65d38dfb74b4fca8ed94030ed03ca8e - - default default] 10.0.0.144 "GET /v2.0/floatingips HTTP/1.1" status: 200 len: 1877 time: 0.0348685
2026-04-07 01:18:41.940 10 INFO neutron.db.ovn_revision_numbers_db [None req-495ed0d3-e275-4ff7-89b8-e10d73397404 3d23e1cda67c4ddc84cfe63104cae2ce cc278bbfe0514569a5135cb17e8526a5 - - default default] Successfully bumped revision number for resource ddc6b77f-a4fd-46cd-8f02-a13e91eb4d0b (type: security_group_rules) to 0
2026-04-07 01:18:41.956 10 INFO neutron.db.ovn_revision_numbers_db [None req-495ed0d3-e275-4ff7-89b8-e10d73397404 3d23e1cda67c4ddc84cfe63104cae2ce cc278bbfe0514569a5135cb17e8526a5 - - default default] Successfully bumped revision number for resource fd6f9018-2971-4b5f-8d45-6ab16f1b2d6a (type: security_group_rules) to 0
2026-04-07 01:18:41.973 9 INFO neutron.api.wsgi [None req-23cc853c-545b-4088-a5fe-e83cf5be1a9c a846336fdd274255bb1080d3b350db62 c65d38dfb74b4fca8ed94030ed03ca8e - - default default] 10.0.0.144 "GET /v2.0/subnets HTTP/1.1" status: 200 len: 5681 time: 0.0608430
2026-04-07 01:18:42.040 10 INFO neutron.db.segments_db [None req-495ed0d3-e275-4ff7-89b8-e10d73397404 3d23e1cda67c4ddc84cfe63104cae2ce cc278bbfe0514569a5135cb17e8526a5 - - default default] Added segment a79ce0b6-e07d-4074-ba12-ed274231b49f of type geneve for network 3c272a5a-a194-4f9b-a376-f4f306773b01
2026-04-07 01:18:42.076 9 INFO neutron.api.wsgi [None req-f38ac795-730b-45b4-8a81-ee01fbb176b9 a846336fdd274255bb1080d3b350db62 c65d38dfb74b4fca8ed94030ed03ca8e - - default default] 10.0.0.144 "GET /v2.0/ports HTTP/1.1" status: 200 len: 19909 time: 0.1016223
2026-04-07 01:18:42.165 10 INFO neutron.db.ovn_revision_numbers_db [None req-495ed0d3-e275-4ff7-89b8-e10d73397404 3d23e1cda67c4ddc84cfe63104cae2ce cc278bbfe0514569a5135cb17e8526a5 - - default default] Successfully bumped revision number for resource 3c272a5a-a194-4f9b-a376-f4f306773b01 (type: networks) to 1
2026-04-07 01:18:42.179 9 INFO neutron.api.wsgi [None req-2b000ea2-8b77-4f2e-a514-d07b916995d8 a846336fdd274255bb1080d3b350db62 c65d38dfb74b4fca8ed94030ed03ca8e - - default default] 10.0.0.144 "GET /v2.0/routers HTTP/1.1" status: 200 len: 1141 time: 0.0900245
2026-04-07 01:18:42.191 9 INFO neutron.api.wsgi [None req-01f9bc65-9872-40a8-8d48-f9b4062444ac a846336fdd274255bb1080d3b350db62 c65d38dfb74b4fca8ed94030ed03ca8e - - default default] 10.0.0.144 "GET /v2.0/agents?binary=ovn-controller HTTP/1.1" status: 200 len: 591 time: 0.0109808
2026-04-07 01:18:42.234 9 INFO neutron.api.wsgi [None req-53a6aa8e-10d3-4ec0-9c93-612e8e810994 a846336fdd274255bb1080d3b350db62 c65d38dfb74b4fca8ed94030ed03ca8e - - default default] 10.0.0.144 "GET /v2.0/security-groups HTTP/1.1" status: 200 len: 33340 time: 0.0419922
2026-04-07 01:18:42.312 9 INFO neutron.api.wsgi [None req-823c761b-7ab1-4e02-9506-478357619472 a846336fdd274255bb1080d3b350db62 c65d38dfb74b4fca8ed94030ed03ca8e - - default default] 10.0.0.144 "GET /v2.0/networks HTTP/1.1" status: 200 len: 5427 time: 0.0676384
2026-04-07 01:18:42.331 9 INFO neutron.api.wsgi [None req-49a1065f-8dec-4fcc-85e3-26e1f194e4b9 a846336fdd274255bb1080d3b350db62 c65d38dfb74b4fca8ed94030ed03ca8e - - default default] 10.0.0.144 "GET /v2.0/agents HTTP/1.1" status: 200 len: 1390 time: 0.0133097
2026-04-07 01:18:42.335 10 WARNING neutron.scheduler.dhcp_agent_scheduler [None req-495ed0d3-e275-4ff7-89b8-e10d73397404 3d23e1cda67c4ddc84cfe63104cae2ce cc278bbfe0514569a5135cb17e8526a5 - - default default] No more DHCP agents
2026-04-07 01:18:42.337 10 WARNING neutron.api.rpc.agentnotifiers.dhcp_rpc_agent_api [None req-495ed0d3-e275-4ff7-89b8-e10d73397404 3d23e1cda67c4ddc84cfe63104cae2ce cc278bbfe0514569a5135cb17e8526a5 - - default default] Unable to schedule network 3c272a5a-a194-4f9b-a376-f4f306773b01: no agents available; will retry on subsequent port and subnet creation events.
2026-04-07 01:18:42.372 9 INFO neutron.api.wsgi [None req-6c6653aa-a923-4248-86cd-5092ce6f269e a846336fdd274255bb1080d3b350db62 c65d38dfb74b4fca8ed94030ed03ca8e - - default default] 10.0.0.144 "GET /v2.0/subnets HTTP/1.1" status: 200 len: 5681 time: 0.0396454
2026-04-07 01:18:42.383 9 INFO neutron.api.wsgi [None req-b247c6ee-24d5-4a77-9129-48d0abb174ca a846336fdd274255bb1080d3b350db62 c65d38dfb74b4fca8ed94030ed03ca8e - - default default] 10.0.0.144 "GET /v2.0/subnetpools HTTP/1.1" status: 200 len: 193 time: 0.0081158
2026-04-07 01:18:42.400 10 INFO neutron.db.ovn_revision_numbers_db [None req-495ed0d3-e275-4ff7-89b8-e10d73397404 3d23e1cda67c4ddc84cfe63104cae2ce cc278bbfe0514569a5135cb17e8526a5 - - default default] Successfully bumped revision number for resource be1f2b2d-4256-4171-a14d-8923f1b4eeaa (type: ports) to 1
2026-04-07 01:18:42.421 10 INFO neutron.api.wsgi [None req-495ed0d3-e275-4ff7-89b8-e10d73397404 3d23e1cda67c4ddc84cfe63104cae2ce cc278bbfe0514569a5135cb17e8526a5 - - default default] 10.0.0.138 "POST /v2.0/networks HTTP/1.1" status: 201 len: 831 time: 0.8124561
2026-04-07 01:18:42.460 10 INFO neutron.api.wsgi [None req-311aaea2-fa40-4741-9238-427cebe119f2 3d23e1cda67c4ddc84cfe63104cae2ce cc278bbfe0514569a5135cb17e8526a5 - - default default] 10.0.0.138 "PUT /v2.0/networks/3c272a5a-a194-4f9b-a376-f4f306773b01/tags HTTP/1.1" status: 200 len: 218 time: 0.0330629
2026-04-07 01:18:42.491 10 INFO neutron.api.wsgi [None req-40ba6529-e055-45da-b40c-1fb9a6b58602 3d23e1cda67c4ddc84cfe63104cae2ce cc278bbfe0514569a5135cb17e8526a5 - - default default] 10.0.0.138 "GET /v2.0/networks/3c272a5a-a194-4f9b-a376-f4f306773b01/tags HTTP/1.1" status: 200 len: 218 time: 0.0266569
2026-04-07 01:18:42.534 10 INFO neutron.api.wsgi [None req-9bbdb957-2c6c-4617-89c6-e950461a6ff0 3d23e1cda67c4ddc84cfe63104cae2ce cc278bbfe0514569a5135cb17e8526a5 - - default default] 10.0.0.138 "PUT /v2.0/networks/3c272a5a-a194-4f9b-a376-f4f306773b01/tags/green HTTP/1.1" status: 201 len: 201 time: 0.0380383
2026-04-07 01:18:42.564 10 INFO neutron.api.wsgi [None req-81675e3a-98b2-41da-81ad-caf47ad89adb 3d23e1cda67c4ddc84cfe63104cae2ce cc278bbfe0514569a5135cb17e8526a5 - - default default] 10.0.0.138 "GET /v2.0/networks/3c272a5a-a194-4f9b-a376-f4f306773b01/tags HTTP/1.1" status: 200 len: 227 time: 0.0251739
2026-04-07 01:18:42.601 9 INFO neutron.api.wsgi [None req-ef2bd074-5442-4cfd-a592-2f35437aabba 3d23e1cda67c4ddc84cfe63104cae2ce cc278bbfe0514569a5135cb17e8526a5 - - default default] 10.0.0.138 "PUT /v2.0/networks/3c272a5a-a194-4f9b-a376-f4f306773b01/tags/red HTTP/1.1" status: 201 len: 201 time: 0.0316358
2026-04-07 01:18:42.631 9 INFO neutron.api.wsgi [None req-e434a849-446a-42fa-b35c-19de4ca2396a 3d23e1cda67c4ddc84cfe63104cae2ce cc278bbfe0514569a5135cb17e8526a5 - - default default] 10.0.0.138 "GET /v2.0/networks/3c272a5a-a194-4f9b-a376-f4f306773b01/tags HTTP/1.1" status: 200 len: 227 time: 0.0259025
2026-04-07 01:18:42.675 9 INFO neutron.api.wsgi [None req-898b0507-8ca2-42a1-813e-6f56ef535a07 3d23e1cda67c4ddc84cfe63104cae2ce cc278bbfe0514569a5135cb17e8526a5 - - default default] 10.0.0.138 "PUT /v2.0/networks/3c272a5a-a194-4f9b-a376-f4f306773b01/tags/black.or.white HTTP/1.1" status: 201 len: 201 time: 0.0389292
2026-04-07 01:18:42.704 9 INFO neutron.api.wsgi [None req-70ce7a5a-0e16-43f1-b585-f1df8d0011c7 3d23e1cda67c4ddc84cfe63104cae2ce cc278bbfe0514569a5135cb17e8526a5 - - default default] 10.0.0.138 "GET /v2.0/networks/3c272a5a-a194-4f9b-a376-f4f306773b01/tags HTTP/1.1" status: 200 len: 245 time: 0.0234935
2026-04-07 01:18:42.759 9 INFO neutron.api.wsgi [None req-dd7cd319-34a9-42af-bb61-8d311e509cae 3d23e1cda67c4ddc84cfe63104cae2ce cc278bbfe0514569a5135cb17e8526a5 - - default default] 10.0.0.138 "PUT /v2.0/networks/3c272a5a-a194-4f9b-a376-f4f306773b01/tags HTTP/1.1" status: 200 len: 230 time: 0.0498426
2026-04-07 01:18:42.786 9 INFO neutron.api.wsgi [None req-4bc5fbe1-df65-4aec-ba1a-967b442381de 3d23e1cda67c4ddc84cfe63104cae2ce cc278bbfe0514569a5135cb17e8526a5 - - default default] 10.0.0.138 "GET /v2.0/networks/3c272a5a-a194-4f9b-a376-f4f306773b01/tags HTTP/1.1" status: 200 len: 230 time: 0.0226018
2026-04-07 01:18:42.824 9 INFO neutron.api.wsgi [None req-2fbb3f87-1b8d-4e6c-8ed9-f1260e16623b 3d23e1cda67c4ddc84cfe63104cae2ce cc278bbfe0514569a5135cb17e8526a5 - - default default] 10.0.0.138 "GET /v2.0/networks/3c272a5a-a194-4f9b-a376-f4f306773b01/tags/red HTTP/1.1" status: 204 len: 168 time: 0.0323808
2026-04-07 01:18:42.849 9 INFO neutron.api.v2.resource [None req-714151ea-2b10-44d4-821c-782697aa872b 3d23e1cda67c4ddc84cfe63104cae2ce cc278bbfe0514569a5135cb17e8526a5 - - default default] show failed (client error): The resource could not be found.
2026-04-07 01:18:42.850 9 INFO neutron.api.wsgi [None req-714151ea-2b10-44d4-821c-782697aa872b 3d23e1cda67c4ddc84cfe63104cae2ce cc278bbfe0514569a5135cb17e8526a5 - - default default] 10.0.0.138 "GET /v2.0/networks/3c272a5a-a194-4f9b-a376-f4f306773b01/tags/green HTTP/1.1" status: 404 len: 299 time: 0.0237646
2026-04-07 01:18:42.894 9 INFO neutron.api.wsgi [None req-75c331b6-163c-44c1-83eb-44df160e1d9d 3d23e1cda67c4ddc84cfe63104cae2ce cc278bbfe0514569a5135cb17e8526a5 - - default default] 10.0.0.138 "DELETE /v2.0/networks/3c272a5a-a194-4f9b-a376-f4f306773b01/tags/red HTTP/1.1" status: 204 len: 168 time: 0.0387008
2026-04-07 01:18:42.922 9 INFO neutron.api.wsgi [None req-84906442-aa10-4665-ab23-0dddbfd46b8c 3d23e1cda67c4ddc84cfe63104cae2ce cc278bbfe0514569a5135cb17e8526a5 - - default default] 10.0.0.138 "GET /v2.0/networks/3c272a5a-a194-4f9b-a376-f4f306773b01/tags HTTP/1.1" status: 200 len: 223 time: 0.0249896
2026-04-07 01:18:42.960 10 INFO neutron.api.v2.resource [None req-f95b0848-19a1-465c-be3c-f63c671b18c6 3d23e1cda67c4ddc84cfe63104cae2ce cc278bbfe0514569a5135cb17e8526a5 - - default default] delete failed (client error): The resource could not be found.
2026-04-07 01:18:42.962 10 INFO neutron.api.wsgi [None req-f95b0848-19a1-465c-be3c-f63c671b18c6 3d23e1cda67c4ddc84cfe63104cae2ce cc278bbfe0514569a5135cb17e8526a5 - - default default] 10.0.0.138 "DELETE /v2.0/networks/3c272a5a-a194-4f9b-a376-f4f306773b01/tags/green HTTP/1.1" status: 404 len: 299 time: 0.0303521
2026-04-07 01:18:42.967 9 INFO neutron.api.wsgi [None req-5453b822-e211-4c35-9fc0-061a748de358 a846336fdd274255bb1080d3b350db62 c65d38dfb74b4fca8ed94030ed03ca8e - - default default] 199.204.45.157 "GET /v2.0/extensions/security-group HTTP/1.1" status: 200 len: 369 time: 0.0081031
2026-04-07 01:18:42.974 9 INFO neutron.api.wsgi [None req-b28f45c9-869a-47b9-aed1-4c933a1ba0fb a846336fdd274255bb1080d3b350db62 c65d38dfb74b4fca8ed94030ed03ca8e - - default default] 199.204.45.157 "GET /v2.0/extensions/dns-integration HTTP/1.1" status: 200 len: 371 time: 0.0029843
2026-04-07 01:18:42.985 9 INFO neutron.api.wsgi [None req-25bdb3d8-de58-4ea5-a5da-0aa3e240b94c a846336fdd274255bb1080d3b350db62 c65d38dfb74b4fca8ed94030ed03ca8e - - default default] 199.204.45.157 "GET /v2.0/extensions/qos HTTP/1.1" status: 200 len: 365 time: 0.0047307
2026-04-07 01:18:42.992 9 INFO neutron.api.wsgi [None req-4098049c-c470-450c-a62d-0c6f7b0fea40 a846336fdd274255bb1080d3b350db62 c65d38dfb74b4fca8ed94030ed03ca8e - - default default] 199.204.45.157 "GET /v2.0/extensions/allowed-address-pairs HTTP/1.1" status: 200 len: 383 time: 0.0040908
2026-04-07 01:18:43.007 10 INFO neutron.api.wsgi [None req-d28160e1-e570-4eaf-84f2-a182771cadba 3d23e1cda67c4ddc84cfe63104cae2ce cc278bbfe0514569a5135cb17e8526a5 - - default default] 10.0.0.138 "DELETE /v2.0/networks/3c272a5a-a194-4f9b-a376-f4f306773b01/tags HTTP/1.1" status: 204 len: 168 time: 0.0396519
2026-04-07 01:18:43.029 9 INFO neutron.api.wsgi [None req-f2a6f20e-5d81-4b47-a3ce-455de7672198 a846336fdd274255bb1080d3b350db62 c65d38dfb74b4fca8ed94030ed03ca8e - - default default] 199.204.45.157 "GET /v2.0/subnets/b271a6ce-cb90-4100-aa07-5a7c559513eb HTTP/1.1" status: 200 len: 874 time: 0.0334671
2026-04-07 01:18:43.033 10 INFO neutron.api.wsgi [None req-1f662f57-d5d4-42a0-8512-d85c9b2ed6d4 3d23e1cda67c4ddc84cfe63104cae2ce cc278bbfe0514569a5135cb17e8526a5 - - default default] 10.0.0.138 "GET /v2.0/networks/3c272a5a-a194-4f9b-a376-f4f306773b01/tags HTTP/1.1" status: 200 len: 205 time: 0.0205996
2026-04-07 01:18:43.076 9 INFO neutron.api.wsgi [None req-5164d615-db78-4591-8b16-bbf9a2ce61da a846336fdd274255bb1080d3b350db62 c65d38dfb74b4fca8ed94030ed03ca8e - - default default] 199.204.45.157 "GET /v2.0/ports?device_id=7c89909d-7958-463a-a9a4-d748304bc778 HTTP/1.1" status: 200 len: 1417 time: 0.0361493
2026-04-07 01:18:43.307 10 INFO neutron.services.segments.plugin [-] Segment a79ce0b6-e07d-4074-ba12-ed274231b49f resource provider aggregate not found
2026-04-07 01:18:43.311 10 INFO neutron.services.segments.plugin [-] Segment a79ce0b6-e07d-4074-ba12-ed274231b49f resource provider aggregate not found
2026-04-07 01:18:43.327 10 INFO neutron.services.segments.plugin [-] Segment a79ce0b6-e07d-4074-ba12-ed274231b49f resource provider not found; error: Placement Client Error (4xx): {"errors": [{"status": 404, "title": "Not Found", "detail": "The resource could not be found.\n\n No resource provider with uuid a79ce0b6-e07d-4074-ba12-ed274231b49f found for delete ", "request_id": "req-3d3c8eb7-aac6-4e60-a0f2-288978c41c0f"}]}
2026-04-07 01:18:43.328 10 INFO neutron.services.segments.plugin [-] Segment a79ce0b6-e07d-4074-ba12-ed274231b49f resource provider not found; error: Placement Client Error (4xx): {"errors": [{"status": 404, "title": "Not Found", "detail": "The resource could not be found.\n\n No resource provider with uuid a79ce0b6-e07d-4074-ba12-ed274231b49f found for delete ", "request_id": "req-30e1cb25-5e3f-4f65-8598-d29662233fc0"}]}
2026-04-07 01:18:43.333 10 INFO neutron.api.wsgi [None req-6cf9b8be-e870-4ed7-a02a-0cf7f5fab475 3d23e1cda67c4ddc84cfe63104cae2ce cc278bbfe0514569a5135cb17e8526a5 - - default default] 10.0.0.138 "DELETE /v2.0/networks/3c272a5a-a194-4f9b-a376-f4f306773b01 HTTP/1.1" status: 204 len: 168 time: 0.2912471
2026-04-07 01:18:43.350 9 WARNING neutron.scheduler.dhcp_agent_scheduler [None req-e85128af-a4de-4c78-9ef6-64d8d8953836 a846336fdd274255bb1080d3b350db62 c65d38dfb74b4fca8ed94030ed03ca8e - - default default] No more DHCP agents
2026-04-07 01:18:43.351 9 WARNING neutron.api.rpc.agentnotifiers.dhcp_rpc_agent_api [None req-e85128af-a4de-4c78-9ef6-64d8d8953836 a846336fdd274255bb1080d3b350db62 c65d38dfb74b4fca8ed94030ed03ca8e - - default default] Unable to schedule network 61b92c3f-9bee-4524-8c9e-2fd2470b7289: no agents available; will retry on subsequent port and subnet creation events.
2026-04-07 01:18:43.490 9 INFO neutron.db.ovn_revision_numbers_db [None req-e85128af-a4de-4c78-9ef6-64d8d8953836 a846336fdd274255bb1080d3b350db62 c65d38dfb74b4fca8ed94030ed03ca8e - - default default] Successfully bumped revision number for resource bc884beb-1a6f-401e-aa68-e28a9ddbdcea (type: ports) to 1
2026-04-07 01:18:43.511 9 INFO neutron.api.wsgi [None req-e85128af-a4de-4c78-9ef6-64d8d8953836 a846336fdd274255bb1080d3b350db62 c65d38dfb74b4fca8ed94030ed03ca8e - - default default] 199.204.45.157 "POST /v2.0/ports HTTP/1.1" status: 201 len: 1302 time: 0.4271314 /var/lib/openstack/lib/python3.12/site-packages/pycadf/identifier.py:71: UserWarning: Invalid uuid: neutron. To ensure interoperability, identifiers should be a valid uuid. warnings.warn(('Invalid uuid: %s. To ensure interoperability, '
2026-04-07 01:18:43.857 9 INFO neutron.api.wsgi [req-2fcad83d-b84c-490d-8d72-3952e0025af4 req-96b8f2fa-0482-4749-9a64-8018585aa692 a846336fdd274255bb1080d3b350db62 c65d38dfb74b4fca8ed94030ed03ca8e - - default default] 10.0.0.34 "GET /v2.0/ports/bc884beb-1a6f-401e-aa68-e28a9ddbdcea HTTP/1.1" status: 200 len: 1297 time: 0.3053575
2026-04-07 01:18:43.869 9 INFO neutron.api.wsgi [req-2fcad83d-b84c-490d-8d72-3952e0025af4 req-9d1d1741-859c-4797-bea4-cc358e706496 a846336fdd274255bb1080d3b350db62 c65d38dfb74b4fca8ed94030ed03ca8e - - default default] 10.0.0.34 "GET /v2.0/extensions HTTP/1.1" status: 200 len: 19298 time: 0.0060709
2026-04-07 01:18:44.130 9 INFO neutron.db.ovn_revision_numbers_db [None req-4994b788-03c6-4165-be54-286baafa985e a846336fdd274255bb1080d3b350db62 c65d38dfb74b4fca8ed94030ed03ca8e - - default default] Successfully bumped revision number for resource 23bc8e5f-d730-4892-8de6-9ac441439ad2 (type: security_groups) to 1
2026-04-07 01:18:44.144 9 INFO neutron.db.ovn_revision_numbers_db [None req-4994b788-03c6-4165-be54-286baafa985e a846336fdd274255bb1080d3b350db62 c65d38dfb74b4fca8ed94030ed03ca8e - - default default] Successfully bumped revision number for resource 0007c4a0-d162-4d6f-ac20-b994a76f6c8c (type: security_group_rules) to 0
2026-04-07 01:18:44.156 9 INFO neutron.db.ovn_revision_numbers_db [None req-4994b788-03c6-4165-be54-286baafa985e a846336fdd274255bb1080d3b350db62 c65d38dfb74b4fca8ed94030ed03ca8e - - default default] Successfully bumped revision number for resource 713b531c-4a08-4972-a078-03294edc6ff1 (type: security_group_rules) to 0
2026-04-07 01:18:44.170 9 INFO neutron.db.ovn_revision_numbers_db [None req-4994b788-03c6-4165-be54-286baafa985e a846336fdd274255bb1080d3b350db62 c65d38dfb74b4fca8ed94030ed03ca8e - - default default] Successfully bumped revision number for resource e2cdf777-53d8-4699-a726-04fa3603ad4e (type: security_group_rules) to 0
2026-04-07 01:18:44.184 9 INFO neutron.db.ovn_revision_numbers_db [None req-4994b788-03c6-4165-be54-286baafa985e a846336fdd274255bb1080d3b350db62 c65d38dfb74b4fca8ed94030ed03ca8e - - default default] Successfully bumped revision number for resource ec13a218-ea13-42d1-9f35-2f01fb40de82 (type: security_group_rules) to 0
2026-04-07 01:18:44.220 9 INFO neutron.api.wsgi [None req-4994b788-03c6-4165-be54-286baafa985e a846336fdd274255bb1080d3b350db62 c65d38dfb74b4fca8ed94030ed03ca8e - - default default] 10.0.0.138 "GET /v2.0/security-groups?tenant_id=b7db535ef9cb4424b98efe907e2f1710&name=default HTTP/1.1" status: 200 len: 3124 time: 0.3051925
2026-04-07 01:18:44.464 9 INFO neutron.api.wsgi [None req-6a2620b7-a557-4fb3-9100-94951fab2093 a846336fdd274255bb1080d3b350db62 c65d38dfb74b4fca8ed94030ed03ca8e - - default default] 10.0.0.138 "DELETE /v2.0/security-groups/23bc8e5f-d730-4892-8de6-9ac441439ad2 HTTP/1.1" status: 204 len: 168 time: 0.2403395
2026-04-07 01:18:44.608 10 INFO neutron.api.wsgi [None req-39275224-b566-451b-ac59-50cb74f6ffc1 a846336fdd274255bb1080d3b350db62 c65d38dfb74b4fca8ed94030ed03ca8e - - default default] 10.0.0.138 "GET /v2.0/security-groups?tenant_id=cc278bbfe0514569a5135cb17e8526a5&name=default HTTP/1.1" status: 200 len: 3124 time: 0.0493543
2026-04-07 01:18:44.824 10 INFO neutron.api.wsgi [None req-ab4d07e5-38bd-4751-b62f-edfa0fb8753c a846336fdd274255bb1080d3b350db62 c65d38dfb74b4fca8ed94030ed03ca8e - - default default] 10.0.0.138 "DELETE /v2.0/security-groups/89451d01-6f70-43e0-8e8d-acd1479ea720 HTTP/1.1" status: 204 len: 168 time: 0.2107430
2026-04-07 01:18:44.928 9 INFO neutron.api.wsgi [req-2fcad83d-b84c-490d-8d72-3952e0025af4 req-8e17ff9b-64d7-4149-a1bf-c64d419dff2a 7d0d2603bc434069ac4d5dffa9f56548 e79fd64fc181478fa706ac5a07b28d28 - - 7553c7f0a3af4487b0a34e18e6fb07f9 7553c7f0a3af4487b0a34e18e6fb07f9] 199.204.45.157 "GET /v2.0/ports/bc884beb-1a6f-401e-aa68-e28a9ddbdcea?fields=binding%3Avnic_type&fields=binding%3Aprofile&fields=network_id&fields=resource_request&fields=numa_affinity_policy&fields=device_profile HTTP/1.1" status: 200 len: 335 time: 0.0354476
2026-04-07 01:18:44.978 9 INFO neutron.api.wsgi [req-2fcad83d-b84c-490d-8d72-3952e0025af4 req-59365882-0991-4099-a6ca-3ede50eb8b00 7d0d2603bc434069ac4d5dffa9f56548 e79fd64fc181478fa706ac5a07b28d28 - - 7553c7f0a3af4487b0a34e18e6fb07f9 7553c7f0a3af4487b0a34e18e6fb07f9] 199.204.45.157 "GET /v2.0/networks/61b92c3f-9bee-4524-8c9e-2fd2470b7289?fields=segments HTTP/1.1" status: 200 len: 212 time: 0.0404224
2026-04-07 01:18:45.024 9 INFO neutron.api.wsgi [req-2fcad83d-b84c-490d-8d72-3952e0025af4 req-5f2c41f3-5c3e-4d4a-840c-52ad6f81d0f8 7d0d2603bc434069ac4d5dffa9f56548 e79fd64fc181478fa706ac5a07b28d28 - - 7553c7f0a3af4487b0a34e18e6fb07f9 7553c7f0a3af4487b0a34e18e6fb07f9] 199.204.45.157 "GET /v2.0/networks/61b92c3f-9bee-4524-8c9e-2fd2470b7289?fields=provider%3Aphysical_network&fields=provider%3Anetwork_type HTTP/1.1" status: 200 len: 277 time: 0.0401318
2026-04-07 01:18:45.566 9 INFO neutron.api.wsgi [req-2fcad83d-b84c-490d-8d72-3952e0025af4 req-b2e38044-3264-426a-be44-b39f44e0f65a 7d0d2603bc434069ac4d5dffa9f56548 e79fd64fc181478fa706ac5a07b28d28 - - 7553c7f0a3af4487b0a34e18e6fb07f9 7553c7f0a3af4487b0a34e18e6fb07f9] 199.204.45.157 "GET /v2.0/ports/bc884beb-1a6f-401e-aa68-e28a9ddbdcea HTTP/1.1" status: 200 len: 1297 time: 0.0323710
2026-04-07 01:18:45.607 9 INFO neutron.api.wsgi [req-2fcad83d-b84c-490d-8d72-3952e0025af4 req-f3035906-7a7e-4b91-a664-20ef5d40a425 a846336fdd274255bb1080d3b350db62 c65d38dfb74b4fca8ed94030ed03ca8e - - default default] 199.204.45.157 "GET /v2.0/networks?id=61b92c3f-9bee-4524-8c9e-2fd2470b7289 HTTP/1.1" status: 200 len: 1005 time: 0.0365517
2026-04-07 01:18:45.989 9 INFO neutron.db.ovn_revision_numbers_db [req-2fcad83d-b84c-490d-8d72-3952e0025af4 req-717b27a5-82de-45da-9699-7381864e97f6 7d0d2603bc434069ac4d5dffa9f56548 e79fd64fc181478fa706ac5a07b28d28 - - 7553c7f0a3af4487b0a34e18e6fb07f9 7553c7f0a3af4487b0a34e18e6fb07f9] Successfully bumped revision number for resource bc884beb-1a6f-401e-aa68-e28a9ddbdcea (type: ports) to 2
2026-04-07 01:18:46.215 9 INFO neutron.db.ovn_revision_numbers_db [req-2fcad83d-b84c-490d-8d72-3952e0025af4 req-717b27a5-82de-45da-9699-7381864e97f6 7d0d2603bc434069ac4d5dffa9f56548 e79fd64fc181478fa706ac5a07b28d28 - - 7553c7f0a3af4487b0a34e18e6fb07f9 7553c7f0a3af4487b0a34e18e6fb07f9] Successfully bumped revision number for resource bc884beb-1a6f-401e-aa68-e28a9ddbdcea (type: ports) to 4
2026-04-07 01:18:46.241 9 INFO neutron.api.wsgi [req-2fcad83d-b84c-490d-8d72-3952e0025af4 req-717b27a5-82de-45da-9699-7381864e97f6 7d0d2603bc434069ac4d5dffa9f56548 e79fd64fc181478fa706ac5a07b28d28 - - 7553c7f0a3af4487b0a34e18e6fb07f9 7553c7f0a3af4487b0a34e18e6fb07f9] 199.204.45.157 "PUT /v2.0/ports/bc884beb-1a6f-401e-aa68-e28a9ddbdcea HTTP/1.1" status: 200 len: 1456 time: 0.6275787
2026-04-07 01:18:46.274 9 INFO neutron.notifiers.nova [-] Nova event matching ['req-6273d2c8-67ce-47c9-b682-96ce6ace5e41'] response: {'name': 'network-changed', 'server_uuid': '7c89909d-7958-463a-a9a4-d748304bc778', 'tag': 'bc884beb-1a6f-401e-aa68-e28a9ddbdcea', 'status': 'completed', 'code': 200} /var/lib/openstack/lib/python3.12/site-packages/pycadf/identifier.py:71: UserWarning: Invalid uuid: neutron. To ensure interoperability, identifiers should be a valid uuid. warnings.warn(('Invalid uuid: %s. To ensure interoperability, '
2026-04-07 01:18:46.820 9 INFO neutron.api.wsgi [req-d9f6c838-9917-49bb-a75e-c7d3f1cc4540 req-03a9a6b5-6b13-43cb-acf5-4329981c13d0 7d0d2603bc434069ac4d5dffa9f56548 e79fd64fc181478fa706ac5a07b28d28 - - 7553c7f0a3af4487b0a34e18e6fb07f9 7553c7f0a3af4487b0a34e18e6fb07f9] 199.204.45.157 "GET /v2.0/ports?tenant_id=c65d38dfb74b4fca8ed94030ed03ca8e&device_id=7c89909d-7958-463a-a9a4-d748304bc778 HTTP/1.1" status: 200 len: 2665 time: 0.0355718
2026-04-07 01:18:46.865 9 INFO neutron.api.wsgi [req-d9f6c838-9917-49bb-a75e-c7d3f1cc4540 req-ac2029df-0205-424d-8d61-bb301fb70215 7d0d2603bc434069ac4d5dffa9f56548 e79fd64fc181478fa706ac5a07b28d28 - - 7553c7f0a3af4487b0a34e18e6fb07f9 7553c7f0a3af4487b0a34e18e6fb07f9] 199.204.45.157 "GET /v2.0/networks?id=61b92c3f-9bee-4524-8c9e-2fd2470b7289 HTTP/1.1" status: 200 len: 1005 time: 0.0412221
2026-04-07 01:18:46.888 9 INFO neutron.api.wsgi [req-d9f6c838-9917-49bb-a75e-c7d3f1cc4540 req-9b2e3ede-8fc1-4553-9e71-52a914146ef3 7d0d2603bc434069ac4d5dffa9f56548 e79fd64fc181478fa706ac5a07b28d28 - - 7553c7f0a3af4487b0a34e18e6fb07f9 7553c7f0a3af4487b0a34e18e6fb07f9] 199.204.45.157 "GET /v2.0/floatingips?fixed_ip_address=10.1.1.254&port_id=bc884beb-1a6f-401e-aa68-e28a9ddbdcea HTTP/1.1" status: 200 len: 217 time: 0.0175695
2026-04-07 01:18:46.915 9 INFO neutron.api.wsgi [req-d9f6c838-9917-49bb-a75e-c7d3f1cc4540 req-f6966ad6-9440-4816-b78b-be6775c2773c 7d0d2603bc434069ac4d5dffa9f56548 e79fd64fc181478fa706ac5a07b28d28 - - 7553c7f0a3af4487b0a34e18e6fb07f9 7553c7f0a3af4487b0a34e18e6fb07f9] 199.204.45.157 "GET /v2.0/subnets?id=b271a6ce-cb90-4100-aa07-5a7c559513eb HTTP/1.1" status: 200 len: 877 time: 0.0221868
2026-04-07 01:18:46.938 9 INFO neutron.api.wsgi [req-d9f6c838-9917-49bb-a75e-c7d3f1cc4540 req-8553f67c-a960-440e-877d-9aa11f6b2920 7d0d2603bc434069ac4d5dffa9f56548 e79fd64fc181478fa706ac5a07b28d28 - - 7553c7f0a3af4487b0a34e18e6fb07f9 7553c7f0a3af4487b0a34e18e6fb07f9] 199.204.45.157 "GET /v2.0/ports?network_id=61b92c3f-9bee-4524-8c9e-2fd2470b7289&device_owner=network%3Adhcp HTTP/1.1" status: 200 len: 210 time: 0.0179543
2026-04-07 01:18:46.998 9 INFO neutron.api.wsgi [req-d9f6c838-9917-49bb-a75e-c7d3f1cc4540 req-3585cea8-6b38-41b8-909d-cb75f9ecf8ce 7d0d2603bc434069ac4d5dffa9f56548 e79fd64fc181478fa706ac5a07b28d28 - - 7553c7f0a3af4487b0a34e18e6fb07f9 7553c7f0a3af4487b0a34e18e6fb07f9] 199.204.45.157 "GET /v2.0/networks/61b92c3f-9bee-4524-8c9e-2fd2470b7289?fields=segments HTTP/1.1" status: 200 len: 212 time: 0.0533121
2026-04-07 01:18:47.050 9 INFO neutron.api.wsgi [req-d9f6c838-9917-49bb-a75e-c7d3f1cc4540 req-05215976-e685-4d7a-aa85-36564e48de1f 7d0d2603bc434069ac4d5dffa9f56548 e79fd64fc181478fa706ac5a07b28d28 - - 7553c7f0a3af4487b0a34e18e6fb07f9 7553c7f0a3af4487b0a34e18e6fb07f9] 199.204.45.157 "GET /v2.0/networks/61b92c3f-9bee-4524-8c9e-2fd2470b7289?fields=provider%3Aphysical_network&fields=provider%3Anetwork_type HTTP/1.1" status: 200 len: 277 time: 0.0476034
2026-04-07 01:18:48.106 9 INFO neutron.api.wsgi [req-2fcad83d-b84c-490d-8d72-3952e0025af4 req-8fd4582e-1803-4cb0-bde2-edc0ca869e0e 7d0d2603bc434069ac4d5dffa9f56548 e79fd64fc181478fa706ac5a07b28d28 - - 7553c7f0a3af4487b0a34e18e6fb07f9 7553c7f0a3af4487b0a34e18e6fb07f9] 199.204.45.157 "GET /v2.0/ports?tenant_id=c65d38dfb74b4fca8ed94030ed03ca8e&device_id=7c89909d-7958-463a-a9a4-d748304bc778 HTTP/1.1" status: 200 len: 2665 time: 0.0424051
2026-04-07 01:18:48.127 9 INFO neutron.api.wsgi [req-2fcad83d-b84c-490d-8d72-3952e0025af4 req-ae4d7855-b368-4a9c-8f1b-a1f4f24f2562 7d0d2603bc434069ac4d5dffa9f56548 e79fd64fc181478fa706ac5a07b28d28 - - 7553c7f0a3af4487b0a34e18e6fb07f9 7553c7f0a3af4487b0a34e18e6fb07f9] 199.204.45.157 "GET /v2.0/floatingips?fixed_ip_address=172.24.3.128&port_id=8c0cca03-ec79-41dd-946c-16e76393a35c HTTP/1.1" status: 200 len: 217 time: 0.0154343
2026-04-07 01:18:48.153 9 INFO neutron.api.wsgi [req-2fcad83d-b84c-490d-8d72-3952e0025af4 req-4500dea3-d2c8-4430-a784-b7643c54349c 7d0d2603bc434069ac4d5dffa9f56548 e79fd64fc181478fa706ac5a07b28d28 - - 7553c7f0a3af4487b0a34e18e6fb07f9 7553c7f0a3af4487b0a34e18e6fb07f9] 199.204.45.157 "GET /v2.0/subnets?id=cb5c452c-d36a-4e76-91c9-7da9b8ec408b HTTP/1.1" status: 200 len: 853 time: 0.0203125
2026-04-07 01:18:48.175 9 INFO neutron.api.wsgi [req-2fcad83d-b84c-490d-8d72-3952e0025af4 req-31e0ab65-d827-46d7-a615-802a7fadfaaf 7d0d2603bc434069ac4d5dffa9f56548 e79fd64fc181478fa706ac5a07b28d28 - - 7553c7f0a3af4487b0a34e18e6fb07f9 7553c7f0a3af4487b0a34e18e6fb07f9] 199.204.45.157 "GET /v2.0/ports?network_id=b348c81e-b630-4652-9c30-c2cce15801c6&device_owner=network%3Adhcp HTTP/1.1" status: 200 len: 210 time: 0.0155735
2026-04-07 01:18:48.218 9 INFO neutron.api.wsgi [req-2fcad83d-b84c-490d-8d72-3952e0025af4 req-c8c84522-9c8c-4200-99d9-8f75d9118648 7d0d2603bc434069ac4d5dffa9f56548 e79fd64fc181478fa706ac5a07b28d28 - - 7553c7f0a3af4487b0a34e18e6fb07f9 7553c7f0a3af4487b0a34e18e6fb07f9] 199.204.45.157 "GET /v2.0/networks/b348c81e-b630-4652-9c30-c2cce15801c6?fields=segments HTTP/1.1" status: 200 len: 212 time: 0.0386374
2026-04-07 01:18:48.264 9 INFO neutron.api.wsgi [req-2fcad83d-b84c-490d-8d72-3952e0025af4 req-c00902a9-be0b-46fe-af1c-e46d5df7ba18 7d0d2603bc434069ac4d5dffa9f56548 e79fd64fc181478fa706ac5a07b28d28 - - 7553c7f0a3af4487b0a34e18e6fb07f9 7553c7f0a3af4487b0a34e18e6fb07f9] 199.204.45.157 "GET /v2.0/networks/b348c81e-b630-4652-9c30-c2cce15801c6?fields=provider%3Aphysical_network&fields=provider%3Anetwork_type HTTP/1.1" status: 200 len: 277 time: 0.0410011
2026-04-07 01:18:48.286 9 INFO neutron.api.wsgi [req-2fcad83d-b84c-490d-8d72-3952e0025af4 req-68c6e8ce-6005-4076-80f6-e30e828a1646 7d0d2603bc434069ac4d5dffa9f56548 e79fd64fc181478fa706ac5a07b28d28 - - 7553c7f0a3af4487b0a34e18e6fb07f9 7553c7f0a3af4487b0a34e18e6fb07f9] 199.204.45.157 "GET /v2.0/floatingips?fixed_ip_address=10.1.1.254&port_id=bc884beb-1a6f-401e-aa68-e28a9ddbdcea HTTP/1.1" status: 200 len: 217 time: 0.0161936
2026-04-07 01:18:48.317 9 INFO neutron.api.wsgi [req-2fcad83d-b84c-490d-8d72-3952e0025af4 req-d7c48dd1-ea63-4259-96cb-ce13d826d85e 7d0d2603bc434069ac4d5dffa9f56548 e79fd64fc181478fa706ac5a07b28d28 - - 7553c7f0a3af4487b0a34e18e6fb07f9 7553c7f0a3af4487b0a34e18e6fb07f9] 199.204.45.157 "GET /v2.0/subnets?id=b271a6ce-cb90-4100-aa07-5a7c559513eb HTTP/1.1" status: 200 len: 877 time: 0.0240052
2026-04-07 01:18:48.343 9 INFO neutron.api.wsgi [req-2fcad83d-b84c-490d-8d72-3952e0025af4 req-7575aea6-637f-4312-98b8-96c8a2a6bded 7d0d2603bc434069ac4d5dffa9f56548 e79fd64fc181478fa706ac5a07b28d28 - - 7553c7f0a3af4487b0a34e18e6fb07f9 7553c7f0a3af4487b0a34e18e6fb07f9] 199.204.45.157 "GET /v2.0/ports?network_id=61b92c3f-9bee-4524-8c9e-2fd2470b7289&device_owner=network%3Adhcp HTTP/1.1" status: 200 len: 210 time: 0.0203385
2026-04-07 01:18:48.386 9 INFO neutron.api.wsgi [req-2fcad83d-b84c-490d-8d72-3952e0025af4 req-e040b2b0-1477-4122-9908-38914e3bb426 7d0d2603bc434069ac4d5dffa9f56548 e79fd64fc181478fa706ac5a07b28d28 - - 7553c7f0a3af4487b0a34e18e6fb07f9 7553c7f0a3af4487b0a34e18e6fb07f9] 199.204.45.157 "GET /v2.0/networks/61b92c3f-9bee-4524-8c9e-2fd2470b7289?fields=segments HTTP/1.1" status: 200 len: 212 time: 0.0370963
2026-04-07 01:18:48.426 9 INFO neutron.api.wsgi [req-2fcad83d-b84c-490d-8d72-3952e0025af4 req-4148ab5b-0174-4923-b541-3eac1c6bc9e7 7d0d2603bc434069ac4d5dffa9f56548 e79fd64fc181478fa706ac5a07b28d28 - - 7553c7f0a3af4487b0a34e18e6fb07f9 7553c7f0a3af4487b0a34e18e6fb07f9] 199.204.45.157 "GET /v2.0/networks/61b92c3f-9bee-4524-8c9e-2fd2470b7289?fields=provider%3Aphysical_network&fields=provider%3Anetwork_type HTTP/1.1" status: 200 len: 277 time: 0.0350590
2026-04-07 01:18:48.729 9 INFO neutron.api.wsgi [-] 10.0.0.70 "GET / HTTP/1.1" status: 200 len: 247 time: 0.0028877
2026-04-07 01:18:48.729 10 INFO neutron.api.wsgi [-] 10.0.0.70 "GET / HTTP/1.1" status: 200 len: 247 time: 0.0030415
2026-04-07 01:18:49.018 9 INFO neutron.plugins.ml2.drivers.ovn.mech_driver.mech_driver [None req-78b68e11-64ef-43ba-953c-e6e518b44ce7 - - - - - -] OVN reports status up for port: bc884beb-1a6f-401e-aa68-e28a9ddbdcea
2026-04-07 01:18:49.034 9 INFO neutron.plugins.ml2.plugin [None req-78b68e11-64ef-43ba-953c-e6e518b44ce7 - - - - - -] Attempt 1 to provision port bc884beb-1a6f-401e-aa68-e28a9ddbdcea
2026-04-07 01:18:49.149 9 INFO neutron.notifiers.nova [-] Nova event matching ['req-32b6bfb6-87fe-4b21-ba6d-ed7ee95dc154'] response: {'server_uuid': '7c89909d-7958-463a-a9a4-d748304bc778', 'name': 'network-vif-plugged', 'status': 'completed', 'tag': 'bc884beb-1a6f-401e-aa68-e28a9ddbdcea', 'code': 200}
2026-04-07 01:18:49.263 9 INFO neutron.db.ovn_revision_numbers_db [None req-78b68e11-64ef-43ba-953c-e6e518b44ce7 - - - - - -] Successfully bumped revision number for resource bc884beb-1a6f-401e-aa68-e28a9ddbdcea (type: ports) to 5
2026-04-07 01:18:51.188 9 INFO neutron.notifiers.nova [-] Nova event matching ['req-cd92253d-b296-4fad-981b-556df24333c8'] response: {'server_uuid': '7c89909d-7958-463a-a9a4-d748304bc778', 'name': 'network-vif-plugged', 'status': 'completed', 'tag': 'bc884beb-1a6f-401e-aa68-e28a9ddbdcea', 'code': 200} /var/lib/openstack/lib/python3.12/site-packages/pycadf/identifier.py:71: UserWarning: Invalid uuid: neutron. To ensure interoperability, identifiers should be a valid uuid. warnings.warn(('Invalid uuid: %s. To ensure interoperability, '
2026-04-07 01:18:51.946 9 INFO neutron.api.wsgi [req-2fcad83d-b84c-490d-8d72-3952e0025af4 req-951f2b20-99b3-4338-ad70-c26947f6d909 a846336fdd274255bb1080d3b350db62 c65d38dfb74b4fca8ed94030ed03ca8e - - default default] 10.0.0.34 "GET /v2.0/ports/bc884beb-1a6f-401e-aa68-e28a9ddbdcea HTTP/1.1" status: 200 len: 1458 time: 0.0322073
2026-04-07 01:18:52.280 9 INFO neutron.db.ovn_revision_numbers_db [None req-3dfdb758-379c-41bd-a66c-3470dc7a70a7 a846336fdd274255bb1080d3b350db62 c65d38dfb74b4fca8ed94030ed03ca8e - - default default] Successfully bumped revision number for resource bc884beb-1a6f-401e-aa68-e28a9ddbdcea (type: ports) to 6
2026-04-07 01:18:52.291 9 INFO neutron.api.wsgi [None req-3dfdb758-379c-41bd-a66c-3470dc7a70a7 a846336fdd274255bb1080d3b350db62 c65d38dfb74b4fca8ed94030ed03ca8e - - default default] 199.204.45.157 "PUT /v2.0/ports/bc884beb-1a6f-401e-aa68-e28a9ddbdcea HTTP/1.1" status: 200 len: 1491 time: 0.3372312 /var/lib/openstack/lib/python3.12/site-packages/pycadf/identifier.py:71: UserWarning: Invalid uuid: neutron. To ensure interoperability, identifiers should be a valid uuid. warnings.warn(('Invalid uuid: %s. To ensure interoperability, '
2026-04-07 01:18:52.306 9 INFO neutron.api.v2.resource [None req-985d38b8-1a86-4138-bb24-0d164c924b1a a846336fdd274255bb1080d3b350db62 c65d38dfb74b4fca8ed94030ed03ca8e - - default default] show failed (client error): The resource could not be found.
2026-04-07 01:18:52.307 9 INFO neutron.api.wsgi [None req-985d38b8-1a86-4138-bb24-0d164c924b1a a846336fdd274255bb1080d3b350db62 c65d38dfb74b4fca8ed94030ed03ca8e - - default default] 199.204.45.157 "GET /v2.0/security-groups/lb-611b925a-e3bf-4839-bdf6-6daff9b7fd2f HTTP/1.1" status: 404 len: 355 time: 0.0086172
2026-04-07 01:18:52.339 9 INFO neutron.api.wsgi [None req-c8baa4eb-7bd0-4321-9429-93529ead20ac a846336fdd274255bb1080d3b350db62 c65d38dfb74b4fca8ed94030ed03ca8e - - default default] 199.204.45.157 "GET /v2.0/security-groups?name=lb-611b925a-e3bf-4839-bdf6-6daff9b7fd2f HTTP/1.1" status: 200 len: 1837 time: 0.0298455
2026-04-07 01:18:52.606 9 INFO neutron.db.ovn_revision_numbers_db [None req-a726bb54-a0f7-442c-b14e-b1f3cacb9105 a846336fdd274255bb1080d3b350db62 c65d38dfb74b4fca8ed94030ed03ca8e - - default default] Successfully bumped revision number for resource bc884beb-1a6f-401e-aa68-e28a9ddbdcea (type: ports) to 7
2026-04-07 01:18:52.617 9 INFO neutron.api.wsgi [None req-a726bb54-a0f7-442c-b14e-b1f3cacb9105 a846336fdd274255bb1080d3b350db62 c65d38dfb74b4fca8ed94030ed03ca8e - - default default] 199.204.45.157 "PUT /v2.0/ports/bc884beb-1a6f-401e-aa68-e28a9ddbdcea HTTP/1.1" status: 200 len: 1491 time: 0.2712343 /var/lib/openstack/lib/python3.12/site-packages/pycadf/identifier.py:71: UserWarning: Invalid uuid: neutron. To ensure interoperability, identifiers should be a valid uuid. warnings.warn(('Invalid uuid: %s. To ensure interoperability, '
2026-04-07 01:18:52.822 9 INFO neutron.api.wsgi [None req-b8df97c9-a464-4264-94d2-48c62366b330 a846336fdd274255bb1080d3b350db62 c65d38dfb74b4fca8ed94030ed03ca8e - - default default] 199.204.45.157 "GET /v2.0/extensions/security-group HTTP/1.1" status: 200 len: 369 time: 0.0061631
2026-04-07 01:18:52.829 9 INFO neutron.api.wsgi [None req-eae08442-10f6-49d8-94d7-54cfcfde2f96 a846336fdd274255bb1080d3b350db62 c65d38dfb74b4fca8ed94030ed03ca8e - - default default] 199.204.45.157 "GET /v2.0/extensions/dns-integration HTTP/1.1" status: 200 len: 371 time: 0.0034993
2026-04-07 01:18:52.837 9 INFO neutron.api.wsgi [None req-fed94a1f-2c77-4fea-bf14-123440e36ed0 a846336fdd274255bb1080d3b350db62 c65d38dfb74b4fca8ed94030ed03ca8e - - default default] 199.204.45.157 "GET /v2.0/extensions/qos HTTP/1.1" status: 200 len: 365 time: 0.0036616
2026-04-07 01:18:52.844 9 INFO neutron.api.wsgi [None req-75c7dcc0-97c8-4242-9a77-002c79bc2bc3 a846336fdd274255bb1080d3b350db62 c65d38dfb74b4fca8ed94030ed03ca8e - - default default] 199.204.45.157 "GET /v2.0/extensions/allowed-address-pairs HTTP/1.1" status: 200 len: 383 time: 0.0042224
2026-04-07 01:18:52.875 9 INFO neutron.api.wsgi [None req-6962e59d-8af0-473f-b905-d5d8b6e94bc6 a846336fdd274255bb1080d3b350db62 c65d38dfb74b4fca8ed94030ed03ca8e - - default default] 199.204.45.157 "GET /v2.0/subnets/b271a6ce-cb90-4100-aa07-5a7c559513eb HTTP/1.1" status: 200 len: 874 time: 0.0274758
2026-04-07 01:18:52.913 9 INFO neutron.api.wsgi [None req-60890524-810d-406e-a00e-cd53fcba9f3b a846336fdd274255bb1080d3b350db62 c65d38dfb74b4fca8ed94030ed03ca8e - - default default] 199.204.45.157 "GET /v2.0/ports/323f28be-adf0-4702-8850-99e3877021d9 HTTP/1.1" status: 200 len: 1332 time: 0.0324302
2026-04-07 01:18:52.951 9 INFO neutron.api.wsgi [None req-1a8d5987-6726-4b14-b199-700eec4c1f57 a846336fdd274255bb1080d3b350db62 c65d38dfb74b4fca8ed94030ed03ca8e - - default default] 199.204.45.157 "GET /v2.0/ports/bc884beb-1a6f-401e-aa68-e28a9ddbdcea HTTP/1.1" status: 200 len: 1519 time: 0.0312757
2026-04-07 01:18:52.986 9 INFO neutron.api.wsgi [None req-5bdd8e64-5ade-4e92-9a7a-5786d96e53dd a846336fdd274255bb1080d3b350db62 c65d38dfb74b4fca8ed94030ed03ca8e - - default default] 199.204.45.157 "GET /v2.0/subnets/b271a6ce-cb90-4100-aa07-5a7c559513eb HTTP/1.1" status: 200 len: 874 time: 0.0284038
2026-04-07 01:18:53.035 9 INFO neutron.api.wsgi [None req-bd4b8b3e-6141-4cc5-b99b-c673224547bf a846336fdd274255bb1080d3b350db62 c65d38dfb74b4fca8ed94030ed03ca8e - - default default] 199.204.45.157 "GET /v2.0/networks/61b92c3f-9bee-4524-8c9e-2fd2470b7289 HTTP/1.1" status: 200 len: 1002 time: 0.0435605
2026-04-07 01:18:53.070 9 INFO neutron.api.wsgi [None req-2b850f2e-8d67-4ae1-99db-91ddcb071c16 a846336fdd274255bb1080d3b350db62 c65d38dfb74b4fca8ed94030ed03ca8e - - default default] 199.204.45.157 "GET /v2.0/ports/323f28be-adf0-4702-8850-99e3877021d9 HTTP/1.1" status: 200 len: 1332 time: 0.0285840
2026-04-07 01:18:53.099 9 INFO neutron.api.wsgi [None req-da716649-5f5a-484a-aa56-63dd03b7e8eb a846336fdd274255bb1080d3b350db62 c65d38dfb74b4fca8ed94030ed03ca8e - - default default] 199.204.45.157 "GET /v2.0/subnets/b271a6ce-cb90-4100-aa07-5a7c559513eb HTTP/1.1" status: 200 len: 874 time: 0.0217147
2026-04-07 01:18:53.219 9 INFO neutron.notifiers.nova [-] Nova event matching ['req-f919d050-695e-4425-8cd0-8ead3dc76330'] response: {'name': 'network-changed', 'server_uuid': '7c89909d-7958-463a-a9a4-d748304bc778', 'tag': 'bc884beb-1a6f-401e-aa68-e28a9ddbdcea', 'status': 'completed', 'code': 200}
2026-04-07 01:18:53.219 9 INFO neutron.notifiers.nova [-] Nova event matching ['req-f919d050-695e-4425-8cd0-8ead3dc76330'] response: {'name': 'network-changed', 'server_uuid': '7c89909d-7958-463a-a9a4-d748304bc778', 'tag': 'bc884beb-1a6f-401e-aa68-e28a9ddbdcea', 'status': 'completed', 'code': 200}
2026-04-07 01:18:53.770 9 INFO neutron.api.wsgi [req-7059ccb6-af33-48d5-bb15-16d371b1e37b req-a5b4b0fd-5dc0-442a-beda-70bc99158c22 7d0d2603bc434069ac4d5dffa9f56548 e79fd64fc181478fa706ac5a07b28d28 - - 7553c7f0a3af4487b0a34e18e6fb07f9 7553c7f0a3af4487b0a34e18e6fb07f9] 199.204.45.157 "GET /v2.0/ports?tenant_id=c65d38dfb74b4fca8ed94030ed03ca8e&device_id=7c89909d-7958-463a-a9a4-d748304bc778 HTTP/1.1" status: 200 len: 2728 time: 0.0411859
2026-04-07 01:18:53.820 9 INFO neutron.api.wsgi [req-7059ccb6-af33-48d5-bb15-16d371b1e37b req-98435aa4-ebd4-4ec6-8b7a-40277f51fb6c 7d0d2603bc434069ac4d5dffa9f56548 e79fd64fc181478fa706ac5a07b28d28 - - 7553c7f0a3af4487b0a34e18e6fb07f9 7553c7f0a3af4487b0a34e18e6fb07f9] 199.204.45.157 "GET /v2.0/networks?id=61b92c3f-9bee-4524-8c9e-2fd2470b7289 HTTP/1.1" status: 200 len: 1005 time: 0.0431328
2026-04-07 01:18:53.842 9 INFO neutron.api.wsgi [req-7059ccb6-af33-48d5-bb15-16d371b1e37b req-d3560d9c-873e-4389-b636-8983c91e33c9 7d0d2603bc434069ac4d5dffa9f56548 e79fd64fc181478fa706ac5a07b28d28 - - 7553c7f0a3af4487b0a34e18e6fb07f9 7553c7f0a3af4487b0a34e18e6fb07f9] 199.204.45.157 "GET /v2.0/floatingips?fixed_ip_address=10.1.1.254&port_id=bc884beb-1a6f-401e-aa68-e28a9ddbdcea HTTP/1.1" status: 200 len: 217 time: 0.0163267
2026-04-07 01:18:53.875 9 INFO neutron.api.wsgi [req-7059ccb6-af33-48d5-bb15-16d371b1e37b req-5f5d25ee-6f15-4e22-ab4c-b3eb7b1933de 7d0d2603bc434069ac4d5dffa9f56548 e79fd64fc181478fa706ac5a07b28d28 - - 7553c7f0a3af4487b0a34e18e6fb07f9 7553c7f0a3af4487b0a34e18e6fb07f9] 199.204.45.157 "GET /v2.0/subnets?id=b271a6ce-cb90-4100-aa07-5a7c559513eb HTTP/1.1" status: 200 len: 877 time: 0.0258789
2026-04-07 01:18:53.895 9 INFO neutron.api.wsgi [req-7059ccb6-af33-48d5-bb15-16d371b1e37b req-89a44569-eeed-4faf-9062-e8431bbe7504 7d0d2603bc434069ac4d5dffa9f56548 e79fd64fc181478fa706ac5a07b28d28 - - 7553c7f0a3af4487b0a34e18e6fb07f9 7553c7f0a3af4487b0a34e18e6fb07f9] 199.204.45.157 "GET /v2.0/ports?network_id=61b92c3f-9bee-4524-8c9e-2fd2470b7289&device_owner=network%3Adhcp HTTP/1.1" status: 200 len: 210 time: 0.0155444
2026-04-07 01:18:53.941 9 INFO neutron.api.wsgi [req-7059ccb6-af33-48d5-bb15-16d371b1e37b req-9602c82c-d7e7-4e5e-9f51-33a790824c0b 7d0d2603bc434069ac4d5dffa9f56548 e79fd64fc181478fa706ac5a07b28d28 - - 7553c7f0a3af4487b0a34e18e6fb07f9 7553c7f0a3af4487b0a34e18e6fb07f9] 199.204.45.157 "GET /v2.0/networks/61b92c3f-9bee-4524-8c9e-2fd2470b7289?fields=segments HTTP/1.1" status: 200 len: 212 time: 0.0407856
2026-04-07 01:18:53.992 9 INFO neutron.api.wsgi [req-7059ccb6-af33-48d5-bb15-16d371b1e37b req-c050fdb9-a037-4832-9d76-28ed0393fd25 7d0d2603bc434069ac4d5dffa9f56548 e79fd64fc181478fa706ac5a07b28d28 - - 7553c7f0a3af4487b0a34e18e6fb07f9 7553c7f0a3af4487b0a34e18e6fb07f9] 199.204.45.157 "GET /v2.0/networks/61b92c3f-9bee-4524-8c9e-2fd2470b7289?fields=provider%3Aphysical_network&fields=provider%3Anetwork_type HTTP/1.1" status: 200 len: 277 time: 0.0459027
