2026-04-07 01:13:55.792 10 INFO neutron.db.ovn_revision_numbers_db [None req-6f937e61-1b33-4f74-9c4f-5829744333d6 a846336fdd274255bb1080d3b350db62 c65d38dfb74b4fca8ed94030ed03ca8e - - default default] Successfully bumped revision number for resource 68a3bcc7-2240-46a4-aeb1-a9a058715a64 (type: routers) to 2
2026-04-07 01:13:55.808 10 INFO neutron.api.wsgi [None req-6f937e61-1b33-4f74-9c4f-5829744333d6 a846336fdd274255bb1080d3b350db62 c65d38dfb74b4fca8ed94030ed03ca8e - - default default] 10.0.0.138 "POST /v2.0/routers HTTP/1.1" status: 201 len: 1172 time: 1.3768098
2026-04-07 01:13:55.937 9 INFO neutron.api.wsgi [None req-a88967d8-7da3-4d49-b2e5-b94af66e9e9a 5ec2fa5c407647659269c309368f01e3 01fce35b331149e6b85ff1a0180efeb9 - - default default] 10.0.0.138 "POST /v2.0/floatingips HTTP/1.1" status: 201 len: 751 time: 0.5516880
2026-04-07 01:13:55.982 9 INFO neutron.db.ovn_revision_numbers_db [None req-1f1367f5-3c2b-4efb-88dd-094dc1cca491 a846336fdd274255bb1080d3b350db62 c65d38dfb74b4fca8ed94030ed03ca8e - - default default] Successfully bumped revision number for resource adab476c-a5ae-4581-91f5-dabe395bfc47 (type: security_groups) to 1
2026-04-07 01:13:55.995 9 INFO neutron.db.ovn_revision_numbers_db [None req-1f1367f5-3c2b-4efb-88dd-094dc1cca491 a846336fdd274255bb1080d3b350db62 c65d38dfb74b4fca8ed94030ed03ca8e - - default default] Successfully bumped revision number for resource 1a88684c-19ae-460a-9178-bf9190fe6a14 (type: security_group_rules) to 0
2026-04-07 01:13:56.022 9 INFO neutron.db.ovn_revision_numbers_db [None req-1f1367f5-3c2b-4efb-88dd-094dc1cca491 a846336fdd274255bb1080d3b350db62 c65d38dfb74b4fca8ed94030ed03ca8e - - default default] Successfully bumped revision number for resource 2b8ab437-16ce-4da0-964b-6fcb53c7f37e (type: security_group_rules) to 0
2026-04-07 01:13:56.034 9 INFO neutron.db.ovn_revision_numbers_db [None req-1f1367f5-3c2b-4efb-88dd-094dc1cca491 a846336fdd274255bb1080d3b350db62 c65d38dfb74b4fca8ed94030ed03ca8e - - default default] Successfully bumped revision number for resource 32f3f894-28f0-42c5-863a-e05a59133a71 (type: security_group_rules) to 0
2026-04-07 01:13:56.045 9 INFO neutron.db.ovn_revision_numbers_db [None req-1f1367f5-3c2b-4efb-88dd-094dc1cca491 a846336fdd274255bb1080d3b350db62 c65d38dfb74b4fca8ed94030ed03ca8e - - default default] Successfully bumped revision number for resource 85b69f28-5ee7-448f-bc47-8d198cc3477b (type: security_group_rules) to 0
2026-04-07 01:13:56.078 9 INFO neutron.api.wsgi [None req-1f1367f5-3c2b-4efb-88dd-094dc1cca491 a846336fdd274255bb1080d3b350db62 c65d38dfb74b4fca8ed94030ed03ca8e - - default default] 10.0.0.138 "GET /v2.0/security-groups?tenant_id=8130f229ad514ec28d401e6cfb1230dc&name=default HTTP/1.1" status: 200 len: 3120 time: 0.2197645
2026-04-07 01:13:56.123 10 INFO neutron.db.ovn_revision_numbers_db [None req-b2400f6e-7ca6-4228-bf25-51fb6901915e - - - - - -] Successfully bumped revision number for resource 5ed2e6f5-ef4a-464f-95c2-d6b707c7ba31 (type: ports) to 1
2026-04-07 01:13:56.230 9 INFO neutron.api.wsgi [None req-e01b8678-e5ee-4603-abd3-f12f70bdbaf8 a846336fdd274255bb1080d3b350db62 c65d38dfb74b4fca8ed94030ed03ca8e - - default default] 10.0.0.138 "DELETE /v2.0/security-groups/adab476c-a5ae-4581-91f5-dabe395bfc47 HTTP/1.1" status: 204 len: 168 time: 0.1469693
2026-04-07 01:13:56.246 10 WARNING neutron.scheduler.dhcp_agent_scheduler [None req-bc2aef82-b885-474e-9fa8-499949bb1705 a846336fdd274255bb1080d3b350db62 c65d38dfb74b4fca8ed94030ed03ca8e - - default default] No more DHCP agents
2026-04-07 01:13:56.248 10 WARNING neutron.api.rpc.agentnotifiers.dhcp_rpc_agent_api [None req-bc2aef82-b885-474e-9fa8-499949bb1705 a846336fdd274255bb1080d3b350db62 c65d38dfb74b4fca8ed94030ed03ca8e - - default default] Unable to schedule network 0a18386e-5d7c-49ff-b883-cfb8e7f07055: no agents available; will retry on subsequent port and subnet creation events.
2026-04-07 01:13:56.365 10 INFO neutron.db.ovn_revision_numbers_db [None req-bc2aef82-b885-474e-9fa8-499949bb1705 a846336fdd274255bb1080d3b350db62 c65d38dfb74b4fca8ed94030ed03ca8e - - default default] Successfully bumped revision number for resource f5d01264-fc5d-4b10-85e4-31e2803893ce (type: ports) to 1
2026-04-07 01:13:56.464 10 INFO neutron.db.ovn_revision_numbers_db [None req-b2400f6e-7ca6-4228-bf25-51fb6901915e - - - - - -] Successfully bumped revision number for resource 5ed2e6f5-ef4a-464f-95c2-d6b707c7ba31 (type: ports) to 4
2026-04-07 01:13:56.774 10 INFO neutron.db.ovn_revision_numbers_db [None req-b2400f6e-7ca6-4228-bf25-51fb6901915e - - - - - -] Successfully bumped revision number for resource 5ed2e6f5-ef4a-464f-95c2-d6b707c7ba31 (type: ports) to 5
2026-04-07 01:13:56.804 9 INFO neutron.api.wsgi [req-0c8b2472-2f62-4865-a5c1-4ad0890b023e req-d38d1b1e-8c89-4fd9-8f3e-6598a564a1d8 5ec2fa5c407647659269c309368f01e3 01fce35b331149e6b85ff1a0180efeb9 - - default default] 10.0.0.34 "GET /v2.0/security-groups?name=tempest-securitygroup--1388204851&fields=id&tenant_id=01fce35b331149e6b85ff1a0180efeb9 HTTP/1.1" status: 200 len: 267 time: 0.0420027
2026-04-07 01:13:56.864 9 INFO neutron.api.wsgi [req-0c8b2472-2f62-4865-a5c1-4ad0890b023e req-2b7a486f-9f1d-41cf-8f56-c2aaa6d519e0 5ec2fa5c407647659269c309368f01e3 01fce35b331149e6b85ff1a0180efeb9 - - default default] 10.0.0.34 "GET /v2.0/networks?id=7058624f-b701-41ed-bd08-e18affeac134 HTTP/1.1" status: 200 len: 883 time: 0.0523047
2026-04-07 01:13:56.878 9 INFO neutron.api.wsgi [req-0c8b2472-2f62-4865-a5c1-4ad0890b023e req-956a357e-4af7-4c7a-8176-d2fffd9ec02a 5ec2fa5c407647659269c309368f01e3 01fce35b331149e6b85ff1a0180efeb9 - - default default] 10.0.0.34 "GET /v2.0/quotas/01fce35b331149e6b85ff1a0180efeb9 HTTP/1.1" status: 200 len: 491 time: 0.0087068
2026-04-07 01:13:56.964 9 INFO neutron.api.wsgi [req-0c8b2472-2f62-4865-a5c1-4ad0890b023e req-0fe9eb8a-74d8-4e9d-8d07-62d0c4122452 5ec2fa5c407647659269c309368f01e3 01fce35b331149e6b85ff1a0180efeb9 - - default default] 10.0.0.34 "GET /v2.0/ports?tenant_id=01fce35b331149e6b85ff1a0180efeb9&fields=id HTTP/1.1" status: 200 len: 302 time: 0.0820007
2026-04-07 01:13:57.041 10 INFO neutron.db.ovn_revision_numbers_db [None req-bc2aef82-b885-474e-9fa8-499949bb1705 a846336fdd274255bb1080d3b350db62 c65d38dfb74b4fca8ed94030ed03ca8e - - default default] Successfully bumped revision number for resource f5d01264-fc5d-4b10-85e4-31e2803893ce (type: ports) to 1
2026-04-07 01:13:57.099 10 WARNING neutron.scheduler.dhcp_agent_scheduler [None req-bc2aef82-b885-474e-9fa8-499949bb1705 a846336fdd274255bb1080d3b350db62 c65d38dfb74b4fca8ed94030ed03ca8e - - default default] No more DHCP agents
2026-04-07 01:13:57.100 10 WARNING neutron.api.rpc.agentnotifiers.dhcp_rpc_agent_api [None req-bc2aef82-b885-474e-9fa8-499949bb1705 a846336fdd274255bb1080d3b350db62 c65d38dfb74b4fca8ed94030ed03ca8e - - default default] Unable to schedule network 0a18386e-5d7c-49ff-b883-cfb8e7f07055: no agents available; will retry on subsequent port and subnet creation events.
2026-04-07 01:13:57.397 9 INFO neutron.api.wsgi [req-0c8b2472-2f62-4865-a5c1-4ad0890b023e req-ccd6d174-0b7c-4a4a-9ef8-fba621e3721a 7d0d2603bc434069ac4d5dffa9f56548 e79fd64fc181478fa706ac5a07b28d28 - - 7553c7f0a3af4487b0a34e18e6fb07f9 7553c7f0a3af4487b0a34e18e6fb07f9] 10.0.0.34 "GET /v2.0/extensions HTTP/1.1" status: 200 len: 19298 time: 0.0528169
2026-04-07 01:13:57.444 9 INFO neutron.api.wsgi [req-0c8b2472-2f62-4865-a5c1-4ad0890b023e req-150a0ff8-dac7-4ebe-a1c7-0f0b62971f6f 7d0d2603bc434069ac4d5dffa9f56548 e79fd64fc181478fa706ac5a07b28d28 - - 7553c7f0a3af4487b0a34e18e6fb07f9 7553c7f0a3af4487b0a34e18e6fb07f9] 10.0.0.34 "GET /v2.0/networks/7058624f-b701-41ed-bd08-e18affeac134?fields=segments HTTP/1.1" status: 200 len: 212 time: 0.0396771
2026-04-07 01:13:57.487 9 INFO neutron.api.wsgi [req-0c8b2472-2f62-4865-a5c1-4ad0890b023e req-92f3fe13-9782-444a-8a4e-f574433fa52f 7d0d2603bc434069ac4d5dffa9f56548 e79fd64fc181478fa706ac5a07b28d28 - - 7553c7f0a3af4487b0a34e18e6fb07f9 7553c7f0a3af4487b0a34e18e6fb07f9] 10.0.0.34 "GET /v2.0/networks/7058624f-b701-41ed-bd08-e18affeac134?fields=provider%3Aphysical_network&fields=provider%3Anetwork_type HTTP/1.1" status: 200 len: 277 time: 0.0363796
2026-04-07 01:13:57.704 10 INFO neutron.db.ovn_revision_numbers_db [None req-bc2aef82-b885-474e-9fa8-499949bb1705 a846336fdd274255bb1080d3b350db62 c65d38dfb74b4fca8ed94030ed03ca8e - - default default] Successfully bumped revision number for resource f5d01264-fc5d-4b10-85e4-31e2803893ce (type: router_ports) to 1
2026-04-07 01:13:57.708 10 INFO neutron.api.wsgi [None req-bc2aef82-b885-474e-9fa8-499949bb1705 a846336fdd274255bb1080d3b350db62 c65d38dfb74b4fca8ed94030ed03ca8e - - default default] 10.0.0.138 "PUT /v2.0/routers/68a3bcc7-2240-46a4-aeb1-a9a058715a64/add_router_interface HTTP/1.1" status: 200 len: 503 time: 1.8944952
2026-04-07 01:13:58.237 9 WARNING neutron_lib.context [req-4f86c22a-5b7e-42a0-8b94-3463a9524603 req-b29bfcd3-b94e-41a9-a3f3-f7de54338986 74d08044146448878e85108b0ec7eff6 5cb1dff5621d4687a07c4ffd0cf09243 - - default default] Method 'is_advsvc' is deprecated since 2023.2 release (neutron-lib 3.8.0) and will be removed once support for the old RBAC API policies will be removed from Neutron. Please use method 'is_service_role' instead.
2026-04-07 01:13:58.245 9 INFO neutron.api.wsgi [req-c13e8d1c-95fb-4823-b6ea-a2c98e1984ac req-f83a4435-ce76-4783-9705-8ee6924d3051 5ec2fa5c407647659269c309368f01e3 01fce35b331149e6b85ff1a0180efeb9 - - default default] 10.0.0.34 "GET /v2.0/ports?device_id=26bc7949-9fa5-40ef-8cbd-8296b8faa57b HTTP/1.1" status: 200 len: 210 time: 0.2088678
2026-04-07 01:13:58.353 9 INFO neutron.db.ovn_revision_numbers_db [req-4f86c22a-5b7e-42a0-8b94-3463a9524603 req-b29bfcd3-b94e-41a9-a3f3-f7de54338986 74d08044146448878e85108b0ec7eff6 5cb1dff5621d4687a07c4ffd0cf09243 - - default default] Successfully bumped revision number for resource 511dd067-d253-4fa5-8bfe-d5e49bf7879f (type: security_groups) to 1
2026-04-07 01:13:58.363 9 INFO neutron.db.ovn_revision_numbers_db [req-4f86c22a-5b7e-42a0-8b94-3463a9524603 req-b29bfcd3-b94e-41a9-a3f3-f7de54338986 74d08044146448878e85108b0ec7eff6 5cb1dff5621d4687a07c4ffd0cf09243 - - default default] Successfully bumped revision number for resource 608caf95-17e0-4d6e-b27d-80422a030352 (type: security_group_rules) to 0
2026-04-07 01:13:58.372 9 INFO neutron.db.ovn_revision_numbers_db [req-4f86c22a-5b7e-42a0-8b94-3463a9524603 req-b29bfcd3-b94e-41a9-a3f3-f7de54338986 74d08044146448878e85108b0ec7eff6 5cb1dff5621d4687a07c4ffd0cf09243 - - default default] Successfully bumped revision number for resource 8ca09b1d-b430-4c9b-b985-57d63ade260a (type: security_group_rules) to 0
2026-04-07 01:13:58.412 9 INFO neutron.api.wsgi [req-4f86c22a-5b7e-42a0-8b94-3463a9524603 req-b29bfcd3-b94e-41a9-a3f3-f7de54338986 74d08044146448878e85108b0ec7eff6 5cb1dff5621d4687a07c4ffd0cf09243 - - default default] 10.0.0.34 "POST /v2.0/security-groups HTTP/1.1" status: 201 len: 1889 time: 0.1787612
2026-04-07 01:13:58.459 9 INFO neutron.api.wsgi [req-c8ef205f-6301-44ad-b3a1-298f5a76acfb req-eb3e1d0d-f56f-4886-8ac6-7098a838f1e6 74d08044146448878e85108b0ec7eff6 5cb1dff5621d4687a07c4ffd0cf09243 - - default default] 10.0.0.34 "GET /v2.0/security-groups/511dd067-d253-4fa5-8bfe-d5e49bf7879f HTTP/1.1" status: 200 len: 1884 time: 0.0250430
2026-04-07 01:13:58.471 9 WARNING neutron_lib.context [req-c8ef205f-6301-44ad-b3a1-298f5a76acfb req-a383b675-0dee-49a3-ab9b-edd3374dc7b2 74d08044146448878e85108b0ec7eff6 5cb1dff5621d4687a07c4ffd0cf09243 - - default default] Method 'is_advsvc' is deprecated since 2023.2 release (neutron-lib 3.8.0) and will be removed once support for the old RBAC API policies will be removed from Neutron. Please use method 'is_service_role' instead.
2026-04-07 01:13:58.793 9 INFO neutron.db.ovn_revision_numbers_db [req-c8ef205f-6301-44ad-b3a1-298f5a76acfb req-a383b675-0dee-49a3-ab9b-edd3374dc7b2 74d08044146448878e85108b0ec7eff6 5cb1dff5621d4687a07c4ffd0cf09243 - - default default] Successfully bumped revision number for resource c8913f17-227e-4090-aa7a-131cdfdc0a29 (type: security_group_rules) to 0
2026-04-07 01:13:58.830 9 INFO neutron.api.wsgi [req-c8ef205f-6301-44ad-b3a1-298f5a76acfb req-a383b675-0dee-49a3-ab9b-edd3374dc7b2 74d08044146448878e85108b0ec7eff6 5cb1dff5621d4687a07c4ffd0cf09243 - - default default] 10.0.0.34 "POST /v2.0/security-group-rules HTTP/1.1" status: 201 len: 818 time: 0.3645687
2026-04-07 01:13:58.863 9 WARNING neutron_lib.context [req-225cc844-935a-4016-95b7-39a74a3c6350 req-26907da1-cc95-43fe-a15b-117cc8ae2660 74d08044146448878e85108b0ec7eff6 5cb1dff5621d4687a07c4ffd0cf09243 - - default default] Method 'is_advsvc' is deprecated since 2023.2 release (neutron-lib 3.8.0) and will be removed once support for the old RBAC API policies will be removed from Neutron. Please use method 'is_service_role' instead.
2026-04-07 01:13:59.001 9 INFO neutron.db.ovn_revision_numbers_db [req-225cc844-935a-4016-95b7-39a74a3c6350 req-26907da1-cc95-43fe-a15b-117cc8ae2660 74d08044146448878e85108b0ec7eff6 5cb1dff5621d4687a07c4ffd0cf09243 - - default default] Successfully bumped revision number for resource ba352597-76dc-45f0-9de4-6c4f2cc8f133 (type: security_groups) to 1
2026-04-07 01:13:59.016 9 INFO neutron.db.ovn_revision_numbers_db [req-225cc844-935a-4016-95b7-39a74a3c6350 req-26907da1-cc95-43fe-a15b-117cc8ae2660 74d08044146448878e85108b0ec7eff6 5cb1dff5621d4687a07c4ffd0cf09243 - - default default] Successfully bumped revision number for resource 3489e415-4963-4521-860f-f14b4e32c64f (type: security_group_rules) to 0
2026-04-07 01:13:59.028 9 INFO neutron.db.ovn_revision_numbers_db [req-225cc844-935a-4016-95b7-39a74a3c6350 req-26907da1-cc95-43fe-a15b-117cc8ae2660 74d08044146448878e85108b0ec7eff6 5cb1dff5621d4687a07c4ffd0cf09243 - - default default] Successfully bumped revision number for resource 550546c8-fa16-413d-9d2e-e6461a3cc241 (type: security_group_rules) to 0
2026-04-07 01:13:59.061 9 INFO neutron.api.wsgi [req-225cc844-935a-4016-95b7-39a74a3c6350 req-26907da1-cc95-43fe-a15b-117cc8ae2660 74d08044146448878e85108b0ec7eff6 5cb1dff5621d4687a07c4ffd0cf09243 - - default default] 10.0.0.34 "POST /v2.0/security-groups HTTP/1.1" status: 201 len: 1890 time: 0.2047000
2026-04-07 01:13:59.113 9 INFO neutron.api.wsgi [req-aa385e00-03a6-4028-9e21-09d230c95ae5 req-fd0f84b7-a972-407f-90c6-872809955919 74d08044146448878e85108b0ec7eff6 5cb1dff5621d4687a07c4ffd0cf09243 - - default default] 10.0.0.34 "GET /v2.0/security-groups/ba352597-76dc-45f0-9de4-6c4f2cc8f133 HTTP/1.1" status: 200 len: 1885 time: 0.0266817
2026-04-07 01:13:59.126 9 WARNING neutron_lib.context [req-aa385e00-03a6-4028-9e21-09d230c95ae5 req-53153163-40fe-4d87-9dd3-6359e30fa513 74d08044146448878e85108b0ec7eff6 5cb1dff5621d4687a07c4ffd0cf09243 - - default default] Method 'is_advsvc' is deprecated since 2023.2 release (neutron-lib 3.8.0) and will be removed once support for the old RBAC API policies will be removed from Neutron. Please use method 'is_service_role' instead.
2026-04-07 01:13:59.243 9 INFO neutron.db.ovn_revision_numbers_db [req-aa385e00-03a6-4028-9e21-09d230c95ae5 req-53153163-40fe-4d87-9dd3-6359e30fa513 74d08044146448878e85108b0ec7eff6 5cb1dff5621d4687a07c4ffd0cf09243 - - default default] Successfully bumped revision number for resource e99d7ce8-0752-4b2d-916d-5c686bcba0eb (type: security_group_rules) to 0
2026-04-07 01:13:59.282 9 INFO neutron.api.wsgi [req-aa385e00-03a6-4028-9e21-09d230c95ae5 req-53153163-40fe-4d87-9dd3-6359e30fa513 74d08044146448878e85108b0ec7eff6 5cb1dff5621d4687a07c4ffd0cf09243 - - default default] 10.0.0.34 "POST /v2.0/security-group-rules HTTP/1.1" status: 201 len: 818 time: 0.1639540
2026-04-07 01:13:59.365 9 INFO neutron.api.wsgi [req-7e1f1ed0-127b-4863-a6fb-1e14a22e1f22 req-d57dc972-31e7-4f5d-a069-24fabae8ec47 74d08044146448878e85108b0ec7eff6 5cb1dff5621d4687a07c4ffd0cf09243 - - default default] 10.0.0.34 "GET /v2.0/security-groups/ba352597-76dc-45f0-9de4-6c4f2cc8f133 HTTP/1.1" status: 200 len: 2510 time: 0.0519209
2026-04-07 01:13:59.366 9 INFO neutron.api.wsgi [req-7808d090-bf2e-4293-8671-34da7b12e57b req-1b746f4f-6d52-45b5-a875-309aa86c8928 5ec2fa5c407647659269c309368f01e3 01fce35b331149e6b85ff1a0180efeb9 - - default default] 10.0.0.34 "GET /v2.0/ports?device_id=26bc7949-9fa5-40ef-8cbd-8296b8faa57b HTTP/1.1" status: 200 len: 210 time: 0.0175741
2026-04-07 01:13:59.376 9 WARNING neutron_lib.context [req-7e1f1ed0-127b-4863-a6fb-1e14a22e1f22 req-ef27416a-066a-428d-a32e-f97224f4f684 74d08044146448878e85108b0ec7eff6 5cb1dff5621d4687a07c4ffd0cf09243 - - default default] Method 'is_advsvc' is deprecated since 2023.2 release (neutron-lib 3.8.0) and will be removed once support for the old RBAC API policies will be removed from Neutron. Please use method 'is_service_role' instead.
2026-04-07 01:13:59.518 9 INFO neutron.db.ovn_revision_numbers_db [req-7e1f1ed0-127b-4863-a6fb-1e14a22e1f22 req-ef27416a-066a-428d-a32e-f97224f4f684 74d08044146448878e85108b0ec7eff6 5cb1dff5621d4687a07c4ffd0cf09243 - - default default] Successfully bumped revision number for resource 7d35ea69-fe57-443b-bfb9-ec762852bcc5 (type: security_group_rules) to 0
2026-04-07 01:13:59.548 9 INFO neutron.api.wsgi [req-7e1f1ed0-127b-4863-a6fb-1e14a22e1f22 req-ef27416a-066a-428d-a32e-f97224f4f684 74d08044146448878e85108b0ec7eff6 5cb1dff5621d4687a07c4ffd0cf09243 - - default default] 10.0.0.34 "POST /v2.0/security-group-rules HTTP/1.1" status: 201 len: 823 time: 0.1764331
2026-04-07 01:13:59.605 9 INFO neutron.api.wsgi [req-25d77c93-d782-4917-a9c4-36fc35dea606 req-562d644a-5db7-42f8-b339-4dfb8edc89ae 74d08044146448878e85108b0ec7eff6 5cb1dff5621d4687a07c4ffd0cf09243 - - default default] 10.0.0.34 "GET /v2.0/security-groups/ba352597-76dc-45f0-9de4-6c4f2cc8f133 HTTP/1.1" status: 200 len: 3140 time: 0.0244372
2026-04-07 01:13:59.646 9 INFO neutron.api.wsgi [req-de339ce6-fd7e-44c3-b7e2-175f6ad072b0 req-66fa01e1-6aed-4230-942f-7de204d73670 74d08044146448878e85108b0ec7eff6 5cb1dff5621d4687a07c4ffd0cf09243 - - default default] 10.0.0.34 "GET /v2.0/security-group-rules/7d35ea69-fe57-443b-bfb9-ec762852bcc5 HTTP/1.1" status: 200 len: 815 time: 0.0137286
2026-04-07 01:13:59.676 9 INFO neutron.api.wsgi [req-de339ce6-fd7e-44c3-b7e2-175f6ad072b0 req-7d39f6a8-f0ba-4b29-9126-1e2c6ffb0fd7 74d08044146448878e85108b0ec7eff6 5cb1dff5621d4687a07c4ffd0cf09243 - - default default] 10.0.0.34 "GET /v2.0/security-groups/ba352597-76dc-45f0-9de4-6c4f2cc8f133 HTTP/1.1" status: 200 len: 3140 time: 0.0243883
2026-04-07 01:13:59.713 9 WARNING neutron.plugins.ml2.drivers.ovn.mech_driver.ovsdb.ovn_client [None req-b1a83bd5-ac41-4275-859f-bf91c688ec01 - - - - - -] No hosting information found for port eb46f204-d939-4ac9-9c4f-f200c0129a8a: RuntimeError: No hosting information found for port eb46f204-d939-4ac9-9c4f-f200c0129a8a
2026-04-07 01:13:59.713 9 INFO neutron.plugins.ml2.drivers.ovn.mech_driver.mech_driver [None req-b1a83bd5-ac41-4275-859f-bf91c688ec01 - - - - - -] OVN reports status up for port: d004628d-e322-482a-a3c5-0b1897a23e4c
2026-04-07 01:13:59.722 9 INFO neutron.plugins.ml2.plugin [None req-b1a83bd5-ac41-4275-859f-bf91c688ec01 - - - - - -] Attempt 1 to provision port d004628d-e322-482a-a3c5-0b1897a23e4c
2026-04-07 01:13:59.811 9 INFO neutron.api.wsgi [req-de339ce6-fd7e-44c3-b7e2-175f6ad072b0 req-5da59deb-ea8b-4db8-a223-f607bf248f0b 74d08044146448878e85108b0ec7eff6 5cb1dff5621d4687a07c4ffd0cf09243 - - default default] 10.0.0.34 "DELETE /v2.0/security-group-rules/7d35ea69-fe57-443b-bfb9-ec762852bcc5 HTTP/1.1" status: 204 len: 173 time: 0.1288161
2026-04-07 01:13:59.874 9 INFO neutron.api.wsgi [req-0038d5b8-32dd-4a3e-a19a-4aae2e3c2255 req-6a6744df-8aa3-4e66-abf3-6ecc0eb2b345 74d08044146448878e85108b0ec7eff6 5cb1dff5621d4687a07c4ffd0cf09243 - - default default] 10.0.0.34 "GET /v2.0/security-groups/ba352597-76dc-45f0-9de4-6c4f2cc8f133 HTTP/1.1" status: 200 len: 2510 time: 0.0423768
2026-04-07 01:13:59.997 9 INFO neutron.api.wsgi [req-0038d5b8-32dd-4a3e-a19a-4aae2e3c2255 req-eb12fcea-f128-49ee-b9ad-376e9d2cde29 74d08044146448878e85108b0ec7eff6 5cb1dff5621d4687a07c4ffd0cf09243 - - default default] 10.0.0.34 "DELETE /v2.0/security-groups/ba352597-76dc-45f0-9de4-6c4f2cc8f133 HTTP/1.1" status: 204 len: 173 time: 0.1163793
2026-04-07 01:14:00.044 9 INFO neutron.api.wsgi [req-4864274b-d704-4e20-8809-2344c873e302 req-40405319-756f-4e56-b6e4-462a47a6a21c 74d08044146448878e85108b0ec7eff6 5cb1dff5621d4687a07c4ffd0cf09243 - - default default] 10.0.0.34 "GET /v2.0/security-groups/511dd067-d253-4fa5-8bfe-d5e49bf7879f HTTP/1.1" status: 200 len: 2509 time: 0.0292261
2026-04-07 01:14:00.128 9 INFO neutron.db.ovn_revision_numbers_db [None req-b1a83bd5-ac41-4275-859f-bf91c688ec01 - - - - - -] Successfully bumped revision number for resource d004628d-e322-482a-a3c5-0b1897a23e4c (type: ports) to 2
2026-04-07 01:14:00.178 9 INFO neutron.api.wsgi [req-4864274b-d704-4e20-8809-2344c873e302 req-6058b44a-a35f-4c74-854f-18b9d2064626 74d08044146448878e85108b0ec7eff6 5cb1dff5621d4687a07c4ffd0cf09243 - - default default] 10.0.0.34 "DELETE /v2.0/security-groups/511dd067-d253-4fa5-8bfe-d5e49bf7879f HTTP/1.1" status: 204 len: 173 time: 0.1286106
2026-04-07 01:14:00.254 9 INFO neutron.db.ovn_revision_numbers_db [None req-bf099951-d4fb-4f5a-839c-b41b5b932c3f a846336fdd274255bb1080d3b350db62 c65d38dfb74b4fca8ed94030ed03ca8e - - default default] Successfully bumped revision number for resource 1b040ed2-4287-4382-a06d-6b338b512e32 (type: security_groups) to 1
2026-04-07 01:14:00.266 9 INFO neutron.db.ovn_revision_numbers_db [None req-bf099951-d4fb-4f5a-839c-b41b5b932c3f a846336fdd274255bb1080d3b350db62 c65d38dfb74b4fca8ed94030ed03ca8e - - default default] Successfully bumped revision number for resource 4c869afa-d49a-4079-9605-49561ec96615 (type: security_group_rules) to 0
2026-04-07 01:14:00.281 9 INFO neutron.db.ovn_revision_numbers_db [None req-bf099951-d4fb-4f5a-839c-b41b5b932c3f a846336fdd274255bb1080d3b350db62 c65d38dfb74b4fca8ed94030ed03ca8e - - default default] Successfully bumped revision number for resource 7e05feec-c99f-400a-b8df-b01511a9b39c (type: security_group_rules) to 0
2026-04-07 01:14:00.293 9 INFO neutron.db.ovn_revision_numbers_db [None req-bf099951-d4fb-4f5a-839c-b41b5b932c3f a846336fdd274255bb1080d3b350db62 c65d38dfb74b4fca8ed94030ed03ca8e - - default default] Successfully bumped revision number for resource a7e582c7-fa83-405c-97a7-274a206cedcc (type: security_group_rules) to 0
2026-04-07 01:14:00.303 9 INFO neutron.db.ovn_revision_numbers_db [None req-bf099951-d4fb-4f5a-839c-b41b5b932c3f a846336fdd274255bb1080d3b350db62 c65d38dfb74b4fca8ed94030ed03ca8e - - default default] Successfully bumped revision number for resource e2753a4a-7696-47cc-a907-71a66b311f67 (type: security_group_rules) to 0
2026-04-07 01:14:00.341 9 INFO neutron.api.wsgi [None req-bf099951-d4fb-4f5a-839c-b41b5b932c3f a846336fdd274255bb1080d3b350db62 c65d38dfb74b4fca8ed94030ed03ca8e - - default default] 10.0.0.138 "GET /v2.0/security-groups?tenant_id=bcb694bdd61243d893a623fac459edb5&name=default HTTP/1.1" status: 200 len: 3120 time: 0.3475585
2026-04-07 01:14:00.345 9 INFO neutron.api.wsgi [req-1efa92d2-318d-44b8-96e1-2935a78a1815 req-37ba4f33-6c4b-474c-9395-f0f127f50dcf 5d1d5c78f15d4071be7ed443e906db8b b951c5383966400d8ee66ecbb39f338a - - default default] 10.0.0.34 "GET /v2.0/security-groups?name=tempest-securitygroup--442576759&fields=id&tenant_id=b951c5383966400d8ee66ecbb39f338a HTTP/1.1" status: 200 len: 267 time: 0.0355587
2026-04-07 01:14:00.400 9 INFO neutron.api.wsgi [req-1efa92d2-318d-44b8-96e1-2935a78a1815 req-fba3d019-3d80-406d-8e97-f41624c6fd1e 5d1d5c78f15d4071be7ed443e906db8b b951c5383966400d8ee66ecbb39f338a - - default default] 10.0.0.34 "GET /v2.0/networks?id=4889335c-c4ec-426c-bf7b-c1188ab45edb HTTP/1.1" status: 200 len: 879 time: 0.0485013
2026-04-07 01:14:00.418 9 INFO neutron.api.wsgi [req-1efa92d2-318d-44b8-96e1-2935a78a1815 req-693ee6fd-0b3e-4a83-8d7c-0ca32932ba13 5d1d5c78f15d4071be7ed443e906db8b b951c5383966400d8ee66ecbb39f338a - - default default] 10.0.0.34 "GET /v2.0/quotas/b951c5383966400d8ee66ecbb39f338a HTTP/1.1" status: 200 len: 491 time: 0.0123091
2026-04-07 01:14:00.513 9 INFO neutron.api.wsgi [req-3505d73c-8335-44bf-9024-1dc1a5099a3f req-d8193741-78be-4eac-b04e-22bde19ed7fe 5ec2fa5c407647659269c309368f01e3 01fce35b331149e6b85ff1a0180efeb9 - - default default] 10.0.0.34 "GET /v2.0/ports?device_id=26bc7949-9fa5-40ef-8cbd-8296b8faa57b HTTP/1.1" status: 200 len: 210 time: 0.0415757
2026-04-07 01:14:00.516 9 INFO neutron.api.wsgi [req-1efa92d2-318d-44b8-96e1-2935a78a1815 req-96c74783-2787-43a0-b74c-0a03e2768d73 5d1d5c78f15d4071be7ed443e906db8b b951c5383966400d8ee66ecbb39f338a - - default default] 10.0.0.34 "GET /v2.0/ports?tenant_id=b951c5383966400d8ee66ecbb39f338a&fields=id HTTP/1.1" status: 200 len: 302 time: 0.0899014
2026-04-07 01:14:00.574 9 INFO neutron.api.wsgi [req-1efa92d2-318d-44b8-96e1-2935a78a1815 req-4e39c8e3-0a16-45ba-9fe9-28f225e7b669 7d0d2603bc434069ac4d5dffa9f56548 e79fd64fc181478fa706ac5a07b28d28 - - 7553c7f0a3af4487b0a34e18e6fb07f9 7553c7f0a3af4487b0a34e18e6fb07f9] 10.0.0.34 "GET /v2.0/networks/4889335c-c4ec-426c-bf7b-c1188ab45edb?fields=segments HTTP/1.1" status: 200 len: 212 time: 0.0400689
2026-04-07 01:14:00.592 9 INFO neutron.api.wsgi [None req-97ea546e-e7d5-4305-b8e9-062e5108596e a846336fdd274255bb1080d3b350db62 c65d38dfb74b4fca8ed94030ed03ca8e - - default default] 10.0.0.138 "DELETE /v2.0/security-groups/1b040ed2-4287-4382-a06d-6b338b512e32 HTTP/1.1" status: 204 len: 168 time: 0.2455206
2026-04-07 01:14:00.613 9 INFO neutron.api.wsgi [req-1efa92d2-318d-44b8-96e1-2935a78a1815 req-a29fbcdf-ba16-43d5-be0f-9f565ad5db1d 7d0d2603bc434069ac4d5dffa9f56548 e79fd64fc181478fa706ac5a07b28d28 - - 7553c7f0a3af4487b0a34e18e6fb07f9 7553c7f0a3af4487b0a34e18e6fb07f9] 10.0.0.34 "GET /v2.0/networks/4889335c-c4ec-426c-bf7b-c1188ab45edb?fields=provider%3Aphysical_network&fields=provider%3Anetwork_type HTTP/1.1" status: 200 len: 277 time: 0.0356648
2026-04-07 01:14:00.805 10 INFO neutron.db.ovn_revision_numbers_db [None req-f5e96454-88b0-4934-a929-320a9d05cd65 a846336fdd274255bb1080d3b350db62 c65d38dfb74b4fca8ed94030ed03ca8e - - default default] Successfully bumped revision number for resource ee332da6-48db-4dfd-bc4a-14df12592673 (type: security_groups) to 1
2026-04-07 01:14:00.825 10 INFO neutron.db.ovn_revision_numbers_db [None req-f5e96454-88b0-4934-a929-320a9d05cd65 a846336fdd274255bb1080d3b350db62 c65d38dfb74b4fca8ed94030ed03ca8e - - default default] Successfully bumped revision number for resource 42a04218-e8cc-4db3-9ec9-c12d0141e981 (type: security_group_rules) to 0
2026-04-07 01:14:00.839 10 INFO neutron.db.ovn_revision_numbers_db [None req-f5e96454-88b0-4934-a929-320a9d05cd65 a846336fdd274255bb1080d3b350db62 c65d38dfb74b4fca8ed94030ed03ca8e - - default default] Successfully bumped revision number for resource 607ebf5d-0831-4fba-94b3-844fb757e638 (type: security_group_rules) to 0
2026-04-07 01:14:00.851 10 INFO neutron.db.ovn_revision_numbers_db [None req-f5e96454-88b0-4934-a929-320a9d05cd65 a846336fdd274255bb1080d3b350db62 c65d38dfb74b4fca8ed94030ed03ca8e - - default default] Successfully bumped revision number for resource 9987de31-0794-4224-9700-f0b8857604cd (type: security_group_rules) to 0
2026-04-07 01:14:00.876 9 INFO neutron.api.wsgi [req-5c22377c-e7ad-4119-b82f-c349c12b8c51 req-7bce6f6b-2ea9-45b7-ab31-53d1ed04a4af 5d1d5c78f15d4071be7ed443e906db8b b951c5383966400d8ee66ecbb39f338a - - default default] 10.0.0.34 "GET /v2.0/ports?device_id=9c2df6f5-ea67-405e-958f-82844877e803 HTTP/1.1" status: 200 len: 210 time: 0.0191381
2026-04-07 01:14:00.876 10 INFO neutron.db.ovn_revision_numbers_db [None req-f5e96454-88b0-4934-a929-320a9d05cd65 a846336fdd274255bb1080d3b350db62 c65d38dfb74b4fca8ed94030ed03ca8e - - default default] Successfully bumped revision number for resource ce09a853-a631-46fd-9d7f-a8ad7e9e40e4 (type: security_group_rules) to 0
2026-04-07 01:14:00.921 10 INFO neutron.api.wsgi [None req-f5e96454-88b0-4934-a929-320a9d05cd65 a846336fdd274255bb1080d3b350db62 c65d38dfb74b4fca8ed94030ed03ca8e - - default default] 10.0.0.138 "GET /v2.0/security-groups?tenant_id=a015ef9545b04a23ab3f0410a9e0744e&name=default HTTP/1.1" status: 200 len: 3120 time: 0.2491755
2026-04-07 01:14:01.117 9 INFO neutron.api.wsgi [None req-7ad52377-8aa6-4630-b60c-b5e98b666d8e a846336fdd274255bb1080d3b350db62 c65d38dfb74b4fca8ed94030ed03ca8e - - default default] 10.0.0.138 "DELETE /v2.0/security-groups/ee332da6-48db-4dfd-bc4a-14df12592673 HTTP/1.1" status: 204 len: 168 time: 0.1909022
2026-04-07 01:14:01.368 10 INFO neutron.api.wsgi [None req-feade603-9df5-433a-a4cc-0a6044ec9120 a846336fdd274255bb1080d3b350db62 c65d38dfb74b4fca8ed94030ed03ca8e - - default default] 10.0.0.138 "PUT /v2.0/routers/68a3bcc7-2240-46a4-aeb1-a9a058715a64/remove_router_interface HTTP/1.1" status: 200 len: 503 time: 1.1808753 /var/lib/openstack/lib/python3.12/site-packages/pycadf/identifier.py:71: UserWarning: Invalid uuid: neutron. To ensure interoperability, identifiers should be a valid uuid. warnings.warn(('Invalid uuid: %s. To ensure interoperability, '
2026-04-07 01:14:01.604 9 INFO neutron.api.wsgi [req-2b1355f0-9e19-4557-8d81-3597d3bf089b req-c7e07951-80f0-4a5a-9b91-78347e073b83 5ec2fa5c407647659269c309368f01e3 01fce35b331149e6b85ff1a0180efeb9 - - default default] 10.0.0.34 "GET /v2.0/ports?device_id=26bc7949-9fa5-40ef-8cbd-8296b8faa57b HTTP/1.1" status: 200 len: 210 time: 0.0185575
2026-04-07 01:14:01.952 9 INFO neutron.api.wsgi [req-fd69a213-350c-48a3-91aa-1d4174772ca5 req-fc2425f0-96b1-46ab-b64d-14ee9748a5d5 5d1d5c78f15d4071be7ed443e906db8b b951c5383966400d8ee66ecbb39f338a - - default default] 10.0.0.34 "GET /v2.0/ports?device_id=9c2df6f5-ea67-405e-958f-82844877e803 HTTP/1.1" status: 200 len: 210 time: 0.0129640
2026-04-07 01:14:02.031 10 INFO neutron.api.wsgi [None req-c1d2ec06-42e2-4770-a142-25ba8b9460fe a846336fdd274255bb1080d3b350db62 c65d38dfb74b4fca8ed94030ed03ca8e - - default default] 10.0.0.138 "DELETE /v2.0/routers/68a3bcc7-2240-46a4-aeb1-a9a058715a64 HTTP/1.1" status: 204 len: 168 time: 0.6582386
2026-04-07 01:14:02.386 10 INFO neutron.api.wsgi [None req-6639cdb3-d532-4c5f-ad21-ea7944f5ff63 a846336fdd274255bb1080d3b350db62 c65d38dfb74b4fca8ed94030ed03ca8e - - default default] 10.0.0.138 "DELETE /v2.0/subnets/b6470c05-cf26-4c24-b28b-1bb0632ca73f HTTP/1.1" status: 204 len: 168 time: 0.3473840
2026-04-07 01:14:02.697 10 INFO neutron.api.wsgi [None req-a91d512e-2055-4e3b-9eef-6801339a6eee a846336fdd274255bb1080d3b350db62 c65d38dfb74b4fca8ed94030ed03ca8e - - default default] 10.0.0.138 "DELETE /v2.0/networks/0a18386e-5d7c-49ff-b883-cfb8e7f07055 HTTP/1.1" status: 204 len: 168 time: 0.3076355
2026-04-07 01:14:02.704 9 INFO neutron.api.wsgi [req-f2495e88-b735-4924-a750-43714acd68f5 req-0d262dd6-d479-43ee-a844-9e739e19ca8c 5ec2fa5c407647659269c309368f01e3 01fce35b331149e6b85ff1a0180efeb9 - - default default] 10.0.0.34 "GET /v2.0/ports?device_id=26bc7949-9fa5-40ef-8cbd-8296b8faa57b HTTP/1.1" status: 200 len: 210 time: 0.0257819
2026-04-07 01:14:02.740 9 INFO neutron.api.wsgi [req-0c8b2472-2f62-4865-a5c1-4ad0890b023e req-703d0937-a3b3-447b-8042-6e7c70b35168 5ec2fa5c407647659269c309368f01e3 01fce35b331149e6b85ff1a0180efeb9 - - default default] 199.204.45.157 "GET /v2.0/networks?id=7058624f-b701-41ed-bd08-e18affeac134 HTTP/1.1" status: 200 len: 883 time: 0.2956541
2026-04-07 01:14:02.818 9 INFO neutron.api.wsgi [req-0c8b2472-2f62-4865-a5c1-4ad0890b023e req-ced615fc-b7ac-4b81-a0e0-1e0c2027bd46 5ec2fa5c407647659269c309368f01e3 01fce35b331149e6b85ff1a0180efeb9 - - default default] 199.204.45.157 "GET /v2.0/security-groups?fields=id&fields=name&tenant_id=01fce35b331149e6b85ff1a0180efeb9 HTTP/1.1" status: 200 len: 380 time: 0.0580566
2026-04-07 01:14:02.828 9 WARNING neutron_lib.context [req-0c8b2472-2f62-4865-a5c1-4ad0890b023e req-d81ffd16-9419-48e8-bab1-748000e774cb 5ec2fa5c407647659269c309368f01e3 01fce35b331149e6b85ff1a0180efeb9 - - default default] Method 'is_advsvc' is deprecated since 2023.2 release (neutron-lib 3.8.0) and will be removed once support for the old RBAC API policies will be removed from Neutron. Please use method 'is_service_role' instead.
2026-04-07 01:14:02.885 10 INFO neutron.api.wsgi [None req-5b719be3-634e-480b-8449-57cc72f94a0d a846336fdd274255bb1080d3b350db62 c65d38dfb74b4fca8ed94030ed03ca8e - - default default] 10.0.0.138 "GET /v2.0/security-groups?tenant_id=5cb1dff5621d4687a07c4ffd0cf09243&name=default HTTP/1.1" status: 200 len: 3116 time: 0.0311213
2026-04-07 01:14:03.032 9 INFO neutron.api.wsgi [req-bc0918cb-e72c-4e96-885c-86dd0dd07b2e req-f4f572cc-503f-4c7d-a403-3a57e1f11df2 5d1d5c78f15d4071be7ed443e906db8b b951c5383966400d8ee66ecbb39f338a - - default default] 10.0.0.34 "GET /v2.0/ports?device_id=9c2df6f5-ea67-405e-958f-82844877e803 HTTP/1.1" status: 200 len: 210 time: 0.0193768
2026-04-07 01:14:03.084 10 INFO neutron.api.wsgi [None req-0baf35c0-f55f-42d1-a73e-6d096c6824aa a846336fdd274255bb1080d3b350db62 c65d38dfb74b4fca8ed94030ed03ca8e - - default default] 10.0.0.138 "DELETE /v2.0/security-groups/8fb4cc0e-b453-45ae-8a80-02900629eab2 HTTP/1.1" status: 204 len: 168 time: 0.1939418
2026-04-07 01:14:03.128 9 WARNING neutron.scheduler.dhcp_agent_scheduler [req-0c8b2472-2f62-4865-a5c1-4ad0890b023e req-d81ffd16-9419-48e8-bab1-748000e774cb 5ec2fa5c407647659269c309368f01e3 01fce35b331149e6b85ff1a0180efeb9 - - default default] No more DHCP agents
2026-04-07 01:14:03.129 9 WARNING neutron.api.rpc.agentnotifiers.dhcp_rpc_agent_api [req-0c8b2472-2f62-4865-a5c1-4ad0890b023e req-d81ffd16-9419-48e8-bab1-748000e774cb 5ec2fa5c407647659269c309368f01e3 01fce35b331149e6b85ff1a0180efeb9 - - default default] Unable to schedule network 7058624f-b701-41ed-bd08-e18affeac134: no agents available; will retry on subsequent port and subnet creation events.
2026-04-07 01:14:03.137 10 INFO neutron.services.segments.plugin [-] Segment 2446b048-c0ba-4d29-b5f5-f49c6aed2b1d resource provider aggregate not found
2026-04-07 01:14:03.151 10 INFO neutron.services.segments.plugin [-] Segment 2446b048-c0ba-4d29-b5f5-f49c6aed2b1d resource provider not found; error: Placement Client Error (4xx): {"errors": [{"status": 404, "title": "Not Found", "detail": "The resource could not be found.\n\n No resource provider with uuid 2446b048-c0ba-4d29-b5f5-f49c6aed2b1d found for delete ", "request_id": "req-83ae1840-de2c-4a01-a3a4-5a53bd08b4ca"}]}
2026-04-07 01:14:03.156 10 INFO neutron.services.segments.plugin [-] Segment 2446b048-c0ba-4d29-b5f5-f49c6aed2b1d resource provider aggregate not found
2026-04-07 01:14:03.173 10 INFO neutron.services.segments.plugin [-] Segment 2446b048-c0ba-4d29-b5f5-f49c6aed2b1d resource provider not found; error: Placement Client Error (4xx): {"errors": [{"status": 404, "title": "Not Found", "detail": "The resource could not be found.\n\n No resource provider with uuid 2446b048-c0ba-4d29-b5f5-f49c6aed2b1d found for delete ", "request_id": "req-ed2b755c-4b49-4075-8649-c2ef79aa414f"}]}
2026-04-07 01:14:03.227 9 INFO neutron.db.ovn_revision_numbers_db [req-0c8b2472-2f62-4865-a5c1-4ad0890b023e req-d81ffd16-9419-48e8-bab1-748000e774cb 5ec2fa5c407647659269c309368f01e3 01fce35b331149e6b85ff1a0180efeb9 - - default default] Successfully bumped revision number for resource 25ce0c81-653c-4d83-ab57-1fc9b3b96166 (type: ports) to 1
2026-04-07 01:14:03.246 9 INFO neutron.api.wsgi [req-0c8b2472-2f62-4865-a5c1-4ad0890b023e req-d81ffd16-9419-48e8-bab1-748000e774cb 5ec2fa5c407647659269c309368f01e3 01fce35b331149e6b85ff1a0180efeb9 - - default default] 199.204.45.157 "POST /v2.0/ports HTTP/1.1" status: 201 len: 1162 time: 0.4239717 /var/lib/openstack/lib/python3.12/site-packages/pycadf/identifier.py:71: UserWarning: Invalid uuid: neutron. To ensure interoperability, identifiers should be a valid uuid. warnings.warn(('Invalid uuid: %s. To ensure interoperability, '
2026-04-07 01:14:03.255 9 INFO neutron.api.wsgi [req-0c8b2472-2f62-4865-a5c1-4ad0890b023e req-7b36d9ec-5653-4bbc-9ff0-916938310254 5ec2fa5c407647659269c309368f01e3 01fce35b331149e6b85ff1a0180efeb9 - - default default] 199.204.45.157 "GET /v2.0/extensions HTTP/1.1" status: 200 len: 19298 time: 0.0045857
2026-04-07 01:14:03.728 10 INFO neutron.api.wsgi [-] 10.0.0.70 "GET / HTTP/1.1" status: 200 len: 247 time: 0.0018954
2026-04-07 01:14:03.732 10 INFO neutron.api.wsgi [-] 10.0.0.70 "GET / HTTP/1.1" status: 200 len: 247 time: 0.0024059
2026-04-07 01:14:03.849 9 INFO neutron.api.wsgi [req-80b4c40e-6f2e-4206-89e5-cf047b4c39f6 req-f7fe4397-6770-458b-8033-18d34def03f3 5ec2fa5c407647659269c309368f01e3 01fce35b331149e6b85ff1a0180efeb9 - - default default] 10.0.0.34 "GET /v2.0/ports?device_id=26bc7949-9fa5-40ef-8cbd-8296b8faa57b HTTP/1.1" status: 200 len: 1160 time: 0.0878980
2026-04-07 01:14:03.897 9 INFO neutron.api.wsgi [req-80b4c40e-6f2e-4206-89e5-cf047b4c39f6 req-797a3158-6100-469e-b0b4-e6656428152f 5ec2fa5c407647659269c309368f01e3 01fce35b331149e6b85ff1a0180efeb9 - - default default] 10.0.0.34 "GET /v2.0/security-groups?id=3d353f7b-a65f-4757-8bcf-caa8524da2b5&fields=id&fields=name HTTP/1.1" status: 200 len: 313 time: 0.0422878 /var/lib/openstack/lib/python3.12/site-packages/pycadf/identifier.py:71: UserWarning: Invalid uuid: neutron. To ensure interoperability, identifiers should be a valid uuid. warnings.warn(('Invalid uuid: %s. To ensure interoperability, '
2026-04-07 01:14:04.130 9 INFO neutron.api.wsgi [req-84ef80c6-bcac-47c7-bdbe-83e9be49bc54 req-c44511b9-1bca-4043-88cc-33149dd4fcd3 5d1d5c78f15d4071be7ed443e906db8b b951c5383966400d8ee66ecbb39f338a - - default default] 10.0.0.34 "GET /v2.0/ports?device_id=9c2df6f5-ea67-405e-958f-82844877e803 HTTP/1.1" status: 200 len: 210 time: 0.0213728
2026-04-07 01:14:04.173 9 INFO neutron.db.ovn_revision_numbers_db [req-0c8b2472-2f62-4865-a5c1-4ad0890b023e req-710a4b1c-feda-45cd-ae7b-f28052df9560 7d0d2603bc434069ac4d5dffa9f56548 e79fd64fc181478fa706ac5a07b28d28 - - 7553c7f0a3af4487b0a34e18e6fb07f9 7553c7f0a3af4487b0a34e18e6fb07f9] Successfully bumped revision number for resource 25ce0c81-653c-4d83-ab57-1fc9b3b96166 (type: ports) to 2
2026-04-07 01:14:04.409 9 INFO neutron.db.ovn_revision_numbers_db [req-0c8b2472-2f62-4865-a5c1-4ad0890b023e req-710a4b1c-feda-45cd-ae7b-f28052df9560 7d0d2603bc434069ac4d5dffa9f56548 e79fd64fc181478fa706ac5a07b28d28 - - 7553c7f0a3af4487b0a34e18e6fb07f9 7553c7f0a3af4487b0a34e18e6fb07f9] Successfully bumped revision number for resource 25ce0c81-653c-4d83-ab57-1fc9b3b96166 (type: ports) to 4
2026-04-07 01:14:04.434 9 INFO neutron.api.wsgi [req-0c8b2472-2f62-4865-a5c1-4ad0890b023e req-710a4b1c-feda-45cd-ae7b-f28052df9560 7d0d2603bc434069ac4d5dffa9f56548 e79fd64fc181478fa706ac5a07b28d28 - - 7553c7f0a3af4487b0a34e18e6fb07f9 7553c7f0a3af4487b0a34e18e6fb07f9] 199.204.45.157 "PUT /v2.0/ports/25ce0c81-653c-4d83-ab57-1fc9b3b96166 HTTP/1.1" status: 200 len: 1408 time: 0.7726381
2026-04-07 01:14:04.946 9 INFO neutron.notifiers.nova [-] Nova event matching ['req-77d3888d-1483-49f5-8213-653e23eb5515'] response: {'name': 'network-changed', 'server_uuid': '26bc7949-9fa5-40ef-8cbd-8296b8faa57b', 'tag': '25ce0c81-653c-4d83-ab57-1fc9b3b96166', 'status': 'completed', 'code': 200} /var/lib/openstack/lib/python3.12/site-packages/pycadf/identifier.py:71: UserWarning: Invalid uuid: neutron. To ensure interoperability, identifiers should be a valid uuid. warnings.warn(('Invalid uuid: %s. To ensure interoperability, '
2026-04-07 01:14:04.991 9 INFO neutron.api.wsgi [req-70a08ef4-1b6d-4942-a5e8-a2e38e53b937 req-eabeab4d-bd61-4340-b36e-e2a5a2b2b420 5ec2fa5c407647659269c309368f01e3 01fce35b331149e6b85ff1a0180efeb9 - - default default] 10.0.0.34 "GET /v2.0/ports?device_id=26bc7949-9fa5-40ef-8cbd-8296b8faa57b HTTP/1.1" status: 200 len: 1172 time: 0.0292749
2026-04-07 01:14:05.038 9 INFO neutron.api.wsgi [req-70a08ef4-1b6d-4942-a5e8-a2e38e53b937 req-3e507060-6ca0-41e0-908d-d9c32a1f19e5 5ec2fa5c407647659269c309368f01e3 01fce35b331149e6b85ff1a0180efeb9 - - default default] 10.0.0.34 "GET /v2.0/security-groups?id=3d353f7b-a65f-4757-8bcf-caa8524da2b5&fields=id&fields=name HTTP/1.1" status: 200 len: 313 time: 0.0387938
2026-04-07 01:14:05.095 9 WARNING neutron.plugins.ml2.drivers.ovn.mech_driver.ovsdb.ovn_client [None req-342cbde3-381d-4b75-82ae-01d27627835a - - - - - -] No hosting information found for port d004628d-e322-482a-a3c5-0b1897a23e4c: RuntimeError: No hosting information found for port d004628d-e322-482a-a3c5-0b1897a23e4c
2026-04-07 01:14:05.146 9 INFO neutron.db.ovn_revision_numbers_db [None req-d6c50cc6-262d-45ef-9dbb-ea53e0c2acf2 a846336fdd274255bb1080d3b350db62 c65d38dfb74b4fca8ed94030ed03ca8e - - default default] Successfully bumped revision number for resource 7d5466d3-1feb-4c42-9f72-1ded6f31a2f6 (type: security_groups) to 1
2026-04-07 01:14:05.168 9 INFO neutron.db.ovn_revision_numbers_db [None req-d6c50cc6-262d-45ef-9dbb-ea53e0c2acf2 a846336fdd274255bb1080d3b350db62 c65d38dfb74b4fca8ed94030ed03ca8e - - default default] Successfully bumped revision number for resource 6360196d-b4f4-450d-91ac-6b4f2a114b25 (type: security_group_rules) to 0
2026-04-07 01:14:05.181 9 INFO neutron.db.ovn_revision_numbers_db [None req-d6c50cc6-262d-45ef-9dbb-ea53e0c2acf2 a846336fdd274255bb1080d3b350db62 c65d38dfb74b4fca8ed94030ed03ca8e - - default default] Successfully bumped revision number for resource 80ad7911-466d-424d-8665-2aa1339c55f1 (type: security_group_rules) to 0
2026-04-07 01:14:05.182 9 INFO neutron.db.ovn_revision_numbers_db [None req-342cbde3-381d-4b75-82ae-01d27627835a - - - - - -] Successfully bumped revision number for resource eb46f204-d939-4ac9-9c4f-f200c0129a8a (type: router_ports) to 2
2026-04-07 01:14:05.195 9 INFO neutron.db.ovn_revision_numbers_db [None req-d6c50cc6-262d-45ef-9dbb-ea53e0c2acf2 a846336fdd274255bb1080d3b350db62 c65d38dfb74b4fca8ed94030ed03ca8e - - default default] Successfully bumped revision number for resource 87a39c7c-e3b0-4426-a4a9-f1c27b4749d8 (type: security_group_rules) to 0
2026-04-07 01:14:05.218 9 INFO neutron.db.ovn_revision_numbers_db [None req-d6c50cc6-262d-45ef-9dbb-ea53e0c2acf2 a846336fdd274255bb1080d3b350db62 c65d38dfb74b4fca8ed94030ed03ca8e - - default default] Successfully bumped revision number for resource b34aa88a-96d8-44d1-a064-a03f26256e63 (type: security_group_rules) to 0
2026-04-07 01:14:05.220 9 INFO neutron.api.wsgi [req-43fa228a-6cc2-4c1a-99fe-95240737f93b req-c55e34ba-ba06-411f-88cd-707a4dccf316 5d1d5c78f15d4071be7ed443e906db8b b951c5383966400d8ee66ecbb39f338a - - default default] 10.0.0.34 "GET /v2.0/ports?device_id=9c2df6f5-ea67-405e-958f-82844877e803 HTTP/1.1" status: 200 len: 210 time: 0.0199881
2026-04-07 01:14:05.275 9 INFO neutron.db.ovn_revision_numbers_db [None req-342cbde3-381d-4b75-82ae-01d27627835a - - - - - -] Successfully bumped revision number for resource d004628d-e322-482a-a3c5-0b1897a23e4c (type: router_ports) to 2
2026-04-07 01:14:05.316 9 INFO neutron.db.segments_db [None req-d6c50cc6-262d-45ef-9dbb-ea53e0c2acf2 a846336fdd274255bb1080d3b350db62 c65d38dfb74b4fca8ed94030ed03ca8e - - default default] Added segment 5c3006b7-afd3-4d2e-b9db-d6e8dbd65dba of type geneve for network 9d4d06d7-36e3-4e19-bd0b-29517772641e
2026-04-07 01:14:05.332 9 INFO neutron.plugins.ml2.drivers.ovn.mech_driver.mech_driver [None req-342cbde3-381d-4b75-82ae-01d27627835a - - - - - -] OVN reports status up for port: f5d01264-fc5d-4b10-85e4-31e2803893ce
2026-04-07 01:14:05.337 9 INFO neutron.api.wsgi [req-1efa92d2-318d-44b8-96e1-2935a78a1815 req-2213bdd5-31e9-462f-838c-26e11e81ef64 5d1d5c78f15d4071be7ed443e906db8b b951c5383966400d8ee66ecbb39f338a - - default default] 199.204.45.157 "GET /v2.0/networks?id=4889335c-c4ec-426c-bf7b-c1188ab45edb HTTP/1.1" status: 200 len: 879 time: 0.0576711
2026-04-07 01:14:05.395 9 INFO neutron.api.wsgi [req-1efa92d2-318d-44b8-96e1-2935a78a1815 req-7bd439c4-cad5-4058-992d-15bd58ab0171 5d1d5c78f15d4071be7ed443e906db8b b951c5383966400d8ee66ecbb39f338a - - default default] 199.204.45.157 "GET /v2.0/security-groups?fields=id&fields=name&tenant_id=b951c5383966400d8ee66ecbb39f338a HTTP/1.1" status: 200 len: 379 time: 0.0513780
2026-04-07 01:14:05.404 9 WARNING neutron_lib.context [req-1efa92d2-318d-44b8-96e1-2935a78a1815 req-6bef1f33-cdf7-424b-86f9-b196523635f8 5d1d5c78f15d4071be7ed443e906db8b b951c5383966400d8ee66ecbb39f338a - - default default] Method 'is_advsvc' is deprecated since 2023.2 release (neutron-lib 3.8.0) and will be removed once support for the old RBAC API policies will be removed from Neutron. Please use method 'is_service_role' instead.
2026-04-07 01:14:05.497 9 INFO neutron.db.ovn_revision_numbers_db [None req-d6c50cc6-262d-45ef-9dbb-ea53e0c2acf2 a846336fdd274255bb1080d3b350db62 c65d38dfb74b4fca8ed94030ed03ca8e - - default default] Successfully bumped revision number for resource 9d4d06d7-36e3-4e19-bd0b-29517772641e (type: networks) to 1
2026-04-07 01:14:05.503 9 INFO neutron.api.wsgi [req-0c8b2472-2f62-4865-a5c1-4ad0890b023e req-79a085db-1758-4922-b7bd-77f5d91afcec 7d0d2603bc434069ac4d5dffa9f56548 e79fd64fc181478fa706ac5a07b28d28 - - 7553c7f0a3af4487b0a34e18e6fb07f9 7553c7f0a3af4487b0a34e18e6fb07f9] 199.204.45.157 "GET /v2.0/ports?tenant_id=01fce35b331149e6b85ff1a0180efeb9&device_id=26bc7949-9fa5-40ef-8cbd-8296b8faa57b HTTP/1.1" status: 200 len: 1411 time: 0.0541799
2026-04-07 01:14:05.714 9 INFO neutron.api.wsgi [req-0c8b2472-2f62-4865-a5c1-4ad0890b023e req-b17b6930-031c-46b1-8566-bf2925fc972c 7d0d2603bc434069ac4d5dffa9f56548 e79fd64fc181478fa706ac5a07b28d28 - - 7553c7f0a3af4487b0a34e18e6fb07f9 7553c7f0a3af4487b0a34e18e6fb07f9] 199.204.45.157 "GET /v2.0/floatingips?fixed_ip_address=10.100.0.12&port_id=25ce0c81-653c-4d83-ab57-1fc9b3b96166 HTTP/1.1" status: 200 len: 217 time: 0.2054901
2026-04-07 01:14:05.782 9 INFO neutron.api.wsgi [req-0c8b2472-2f62-4865-a5c1-4ad0890b023e req-88019098-1ad5-4350-9bde-fbd91337492a 7d0d2603bc434069ac4d5dffa9f56548 e79fd64fc181478fa706ac5a07b28d28 - - 7553c7f0a3af4487b0a34e18e6fb07f9 7553c7f0a3af4487b0a34e18e6fb07f9] 199.204.45.157 "GET /v2.0/subnets?id=3e11b1dc-b5f5-4d07-9bfc-9e81ff61c6df HTTP/1.1" status: 200 len: 901 time: 0.0595148
2026-04-07 01:14:05.823 9 INFO neutron.api.wsgi [req-0c8b2472-2f62-4865-a5c1-4ad0890b023e req-7b92f03c-8728-46dc-a9c3-39220d5e20f8 7d0d2603bc434069ac4d5dffa9f56548 e79fd64fc181478fa706ac5a07b28d28 - - 7553c7f0a3af4487b0a34e18e6fb07f9 7553c7f0a3af4487b0a34e18e6fb07f9] 199.204.45.157 "GET /v2.0/ports?network_id=7058624f-b701-41ed-bd08-e18affeac134&device_owner=network%3Adhcp HTTP/1.1" status: 200 len: 210 time: 0.0333433
2026-04-07 01:14:05.906 9 INFO neutron.api.wsgi [req-0c8b2472-2f62-4865-a5c1-4ad0890b023e req-d95f6fc9-5358-462f-ae81-28e6abe4eb05 7d0d2603bc434069ac4d5dffa9f56548 e79fd64fc181478fa706ac5a07b28d28 - - 7553c7f0a3af4487b0a34e18e6fb07f9 7553c7f0a3af4487b0a34e18e6fb07f9] 199.204.45.157 "GET /v2.0/networks/7058624f-b701-41ed-bd08-e18affeac134?fields=segments HTTP/1.1" status: 200 len: 212 time: 0.0769534
2026-04-07 01:14:05.947 9 WARNING neutron.scheduler.dhcp_agent_scheduler [None req-d6c50cc6-262d-45ef-9dbb-ea53e0c2acf2 a846336fdd274255bb1080d3b350db62 c65d38dfb74b4fca8ed94030ed03ca8e - - default default] No more DHCP agents
2026-04-07 01:14:05.950 9 WARNING neutron.api.rpc.agentnotifiers.dhcp_rpc_agent_api [None req-d6c50cc6-262d-45ef-9dbb-ea53e0c2acf2 a846336fdd274255bb1080d3b350db62 c65d38dfb74b4fca8ed94030ed03ca8e - - default default] Unable to schedule network 9d4d06d7-36e3-4e19-bd0b-29517772641e: no agents available; will retry on subsequent port and subnet creation events.
2026-04-07 01:14:05.986 9 INFO neutron.api.wsgi [req-0c8b2472-2f62-4865-a5c1-4ad0890b023e req-80625ab6-e3e5-497d-bec4-20cdffce271c 7d0d2603bc434069ac4d5dffa9f56548 e79fd64fc181478fa706ac5a07b28d28 - - 7553c7f0a3af4487b0a34e18e6fb07f9 7553c7f0a3af4487b0a34e18e6fb07f9] 199.204.45.157 "GET /v2.0/networks/7058624f-b701-41ed-bd08-e18affeac134?fields=provider%3Aphysical_network&fields=provider%3Anetwork_type HTTP/1.1" status: 200 len: 277 time: 0.0668719
2026-04-07 01:14:06.031 9 INFO neutron.db.ovn_revision_numbers_db [None req-d6c50cc6-262d-45ef-9dbb-ea53e0c2acf2 a846336fdd274255bb1080d3b350db62 c65d38dfb74b4fca8ed94030ed03ca8e - - default default] Successfully bumped revision number for resource e397474e-3c54-48b6-bdbd-09041eed75c5 (type: ports) to 1
2026-04-07 01:14:06.033 9 WARNING neutron.scheduler.dhcp_agent_scheduler [req-1efa92d2-318d-44b8-96e1-2935a78a1815 req-6bef1f33-cdf7-424b-86f9-b196523635f8 5d1d5c78f15d4071be7ed443e906db8b b951c5383966400d8ee66ecbb39f338a - - default default] No more DHCP agents
2026-04-07 01:14:06.035 9 WARNING neutron.api.rpc.agentnotifiers.dhcp_rpc_agent_api [req-1efa92d2-318d-44b8-96e1-2935a78a1815 req-6bef1f33-cdf7-424b-86f9-b196523635f8 5d1d5c78f15d4071be7ed443e906db8b b951c5383966400d8ee66ecbb39f338a - - default default] Unable to schedule network 4889335c-c4ec-426c-bf7b-c1188ab45edb: no agents available; will retry on subsequent port and subnet creation events.
2026-04-07 01:14:06.059 9 INFO neutron.api.wsgi [None req-d6c50cc6-262d-45ef-9dbb-ea53e0c2acf2 a846336fdd274255bb1080d3b350db62 c65d38dfb74b4fca8ed94030ed03ca8e - - default default] 10.0.0.138 "POST /v2.0/networks HTTP/1.1" status: 201 len: 947 time: 1.2030985 /var/lib/openstack/lib/python3.12/site-packages/pycadf/identifier.py:71: UserWarning: Invalid uuid: neutron. To ensure interoperability, identifiers should be a valid uuid. warnings.warn(('Invalid uuid: %s. To ensure interoperability, '
2026-04-07 01:14:06.129 9 INFO neutron.db.ovn_revision_numbers_db [req-1efa92d2-318d-44b8-96e1-2935a78a1815 req-6bef1f33-cdf7-424b-86f9-b196523635f8 5d1d5c78f15d4071be7ed443e906db8b b951c5383966400d8ee66ecbb39f338a - - default default] Successfully bumped revision number for resource 4be27edc-1cb9-4d6b-b953-f2f92180772c (type: ports) to 1
2026-04-07 01:14:06.140 9 INFO neutron.api.wsgi [req-d555801b-f77d-4b44-9327-af1d1b13fe42 req-7852af8c-bf79-44f0-8e64-048fab66825b 5ec2fa5c407647659269c309368f01e3 01fce35b331149e6b85ff1a0180efeb9 - - default default] 10.0.0.34 "GET /v2.0/ports?device_id=26bc7949-9fa5-40ef-8cbd-8296b8faa57b HTTP/1.1" status: 200 len: 1172 time: 0.0438459
