2026-04-07 01:17:50.890 10 INFO neutron.api.wsgi [None req-a84117ab-017f-4a62-a61c-9be90c28b157 c8c0a7154cf34491a71aba2108693bdc 3d789ef1fe6543a6a2eb08aa1b2d3c3d - - default default] 10.0.0.138 "DELETE /v2.0/security-groups/dc69d5fe-bbd9-4549-8428-4a18225d1ef7 HTTP/1.1" status: 204 len: 168 time: 0.6927662 /var/lib/openstack/lib/python3.12/site-packages/pycadf/identifier.py:71: UserWarning: Invalid uuid: neutron. To ensure interoperability, identifiers should be a valid uuid. warnings.warn(('Invalid uuid: %s. To ensure interoperability, '
2026-04-07 01:17:50.909 10 INFO neutron.api.v2.resource [None req-851ca4ed-8240-495b-9891-7f7e45525c30 c8c0a7154cf34491a71aba2108693bdc 3d789ef1fe6543a6a2eb08aa1b2d3c3d - - default default] show failed (client error): The resource could not be found.
2026-04-07 01:17:50.909 10 INFO neutron.api.wsgi [None req-851ca4ed-8240-495b-9891-7f7e45525c30 c8c0a7154cf34491a71aba2108693bdc 3d789ef1fe6543a6a2eb08aa1b2d3c3d - - default default] 10.0.0.138 "GET /v2.0/security-groups/dc69d5fe-bbd9-4549-8428-4a18225d1ef7 HTTP/1.1" status: 404 len: 347 time: 0.0128064
2026-04-07 01:17:50.915 9 INFO neutron.api.wsgi [req-c1f66462-a75c-4d6e-a6dc-91212142f560 req-a625f919-cd19-44a9-a969-76d3ece5b9ab a846336fdd274255bb1080d3b350db62 c65d38dfb74b4fca8ed94030ed03ca8e - - default default] 10.0.0.34 "GET /v2.0/ports?device_id=7c89909d-7958-463a-a9a4-d748304bc778 HTTP/1.1" status: 200 len: 210 time: 0.0214851
2026-04-07 01:17:51.004 9 INFO neutron.api.wsgi [req-a98091c1-dab2-48eb-967a-ce765b9f9639 req-dec1f529-ba0a-477c-bc49-49fd14e2775b a846336fdd274255bb1080d3b350db62 c65d38dfb74b4fca8ed94030ed03ca8e - - default default] 10.0.0.34 "GET /v2.0/ports?device_id=7c89909d-7958-463a-a9a4-d748304bc778 HTTP/1.1" status: 200 len: 210 time: 0.0241928
2026-04-07 01:17:51.115 10 INFO neutron.db.ovn_revision_numbers_db [None req-5da8404a-9f71-477a-85ba-def6157af698 - - - - - -] Successfully bumped revision number for resource 18100de0-6061-42fd-97a6-c5b94006d337 (type: router_ports) to 1
2026-04-07 01:17:51.205 9 INFO neutron.api.wsgi [None req-8a6ba7ef-420b-49d5-a608-afc33f75e5e7 c8c0a7154cf34491a71aba2108693bdc 3d789ef1fe6543a6a2eb08aa1b2d3c3d - - default default] 10.0.0.138 "DELETE /v2.0/floatingips/ba03dadc-d5ff-48f1-bc3e-15734fee558f HTTP/1.1" status: 204 len: 168 time: 0.2893357
2026-04-07 01:17:51.263 10 INFO neutron.db.ovn_revision_numbers_db [None req-7090978d-52cb-4625-a9f7-b8afed488419 - - - - - -] Successfully bumped revision number for resource 18100de0-6061-42fd-97a6-c5b94006d337 (type: ports) to 2
2026-04-07 01:17:51.336 9 INFO neutron.api.wsgi [None req-d06c00b3-1e1a-4a31-90a1-82be0ae3524f c8c0a7154cf34491a71aba2108693bdc 3d789ef1fe6543a6a2eb08aa1b2d3c3d - - default default] 10.0.0.138 "DELETE /v2.0/security-groups/129ba26c-1a4e-4a02-b11d-372771234e28 HTTP/1.1" status: 204 len: 168 time: 0.1255496
2026-04-07 01:17:51.353 10 WARNING neutron.scheduler.dhcp_agent_scheduler [None req-5da8404a-9f71-477a-85ba-def6157af698 - - - - - -] No more DHCP agents
2026-04-07 01:17:51.355 10 WARNING neutron.api.rpc.agentnotifiers.dhcp_rpc_agent_api [None req-5da8404a-9f71-477a-85ba-def6157af698 - - - - - -] Unable to schedule network a866ec17-58c2-4fe8-8653-cb687a63caef: no agents available; will retry on subsequent port and subnet creation events.
2026-04-07 01:17:51.468 10 INFO neutron.db.ovn_revision_numbers_db [None req-5da8404a-9f71-477a-85ba-def6157af698 - - - - - -] Successfully bumped revision number for resource 807cb9d7-6ce3-4c1b-ad0f-267bb2c19b56 (type: ports) to 1
2026-04-07 01:17:51.678 10 INFO neutron.db.ovn_revision_numbers_db [None req-5da8404a-9f71-477a-85ba-def6157af698 - - - - - -] Successfully bumped revision number for resource 807cb9d7-6ce3-4c1b-ad0f-267bb2c19b56 (type: ports) to 3
2026-04-07 01:17:51.902 10 INFO neutron.api.wsgi [None req-10519c7e-2da8-4f5c-8dbd-e6493216bc92 43bd08f0402f46d8a28ce27ac145ea64 75f62beb1a244c1db1533da93fd16e95 - - default default] 10.0.0.138 "POST /v2.0/vpn/vpnservices HTTP/1.1" status: 201 len: 657 time: 4.5698910
2026-04-07 01:17:51.911 10 WARNING neutron_lib.context [None req-a235d693-3382-4388-a2ba-c21d67b30478 43bd08f0402f46d8a28ce27ac145ea64 75f62beb1a244c1db1533da93fd16e95 - - default default] Method 'is_advsvc' is deprecated since 2023.2 release (neutron-lib 3.8.0) and will be removed once support for the old RBAC API policies will be removed from Neutron. Please use method 'is_service_role' instead.
2026-04-07 01:17:52.108 9 WARNING neutron.plugins.ml2.drivers.ovn.mech_driver.ovsdb.ovn_client [None req-22c76d63-9731-4e4e-a8e0-433e5148cd6f - - - - - -] No hosting information found for port d10d3e63-69c8-4f60-b8b8-a7ba7b8b8d57: RuntimeError: No hosting information found for port d10d3e63-69c8-4f60-b8b8-a7ba7b8b8d57
2026-04-07 01:17:52.141 9 INFO neutron.api.wsgi [req-bced3b8d-ace1-4009-bad9-d23e76cc72cd req-4bb9f1dd-76a3-4fe4-8dce-21b44ffa566d a846336fdd274255bb1080d3b350db62 c65d38dfb74b4fca8ed94030ed03ca8e - - default default] 199.204.45.157 "GET /v2.0/networks?id=b348c81e-b630-4652-9c30-c2cce15801c6 HTTP/1.1" status: 200 len: 936 time: 0.0870154
2026-04-07 01:17:52.212 9 INFO neutron.api.wsgi [req-bced3b8d-ace1-4009-bad9-d23e76cc72cd req-8e4572d7-b0f1-4a10-b3e3-0935a95ad148 a846336fdd274255bb1080d3b350db62 c65d38dfb74b4fca8ed94030ed03ca8e - - default default] 199.204.45.157 "GET /v2.0/security-groups?fields=id&fields=name&tenant_id=c65d38dfb74b4fca8ed94030ed03ca8e HTTP/1.1" status: 200 len: 542 time: 0.0642004
2026-04-07 01:17:52.239 10 INFO neutron.api.wsgi [None req-a235d693-3382-4388-a2ba-c21d67b30478 43bd08f0402f46d8a28ce27ac145ea64 75f62beb1a244c1db1533da93fd16e95 - - default default] 10.0.0.138 "POST /v2.0/vpn/vpnservices HTTP/1.1" status: 201 len: 622 time: 0.3319924
2026-04-07 01:17:52.246 9 INFO neutron.db.ovn_revision_numbers_db [None req-22c76d63-9731-4e4e-a8e0-433e5148cd6f - - - - - -] Successfully bumped revision number for resource d10d3e63-69c8-4f60-b8b8-a7ba7b8b8d57 (type: router_ports) to 2
2026-04-07 01:17:52.246 10 WARNING neutron_lib.context [None req-6e05612b-2598-48f4-93d9-4ef3f5804b01 43bd08f0402f46d8a28ce27ac145ea64 75f62beb1a244c1db1533da93fd16e95 - - default default] Method 'is_advsvc' is deprecated since 2023.2 release (neutron-lib 3.8.0) and will be removed once support for the old RBAC API policies will be removed from Neutron. Please use method 'is_service_role' instead.
2026-04-07 01:17:52.276 10 INFO neutron.api.wsgi [None req-6e05612b-2598-48f4-93d9-4ef3f5804b01 43bd08f0402f46d8a28ce27ac145ea64 75f62beb1a244c1db1533da93fd16e95 - - default default] 10.0.0.138 "POST /v2.0/vpn/ikepolicies HTTP/1.1" status: 201 len: 601 time: 0.0330555
2026-04-07 01:17:52.284 10 WARNING neutron_lib.context [None req-84d65565-42e8-40b7-a185-47aa0a88b69e 43bd08f0402f46d8a28ce27ac145ea64 75f62beb1a244c1db1533da93fd16e95 - - default default] Method 'is_advsvc' is deprecated since 2023.2 release (neutron-lib 3.8.0) and will be removed once support for the old RBAC API policies will be removed from Neutron. Please use method 'is_service_role' instead.
2026-04-07 01:17:52.313 10 INFO neutron.api.wsgi [None req-84d65565-42e8-40b7-a185-47aa0a88b69e 43bd08f0402f46d8a28ce27ac145ea64 75f62beb1a244c1db1533da93fd16e95 - - default default] 10.0.0.138 "POST /v2.0/vpn/ipsecpolicies HTTP/1.1" status: 201 len: 612 time: 0.0321937
2026-04-07 01:17:52.321 10 WARNING neutron_lib.context [None req-ae3d700e-8a9e-4aea-b874-b03f8c649f60 43bd08f0402f46d8a28ce27ac145ea64 75f62beb1a244c1db1533da93fd16e95 - - default default] Method 'is_advsvc' is deprecated since 2023.2 release (neutron-lib 3.8.0) and will be removed once support for the old RBAC API policies will be removed from Neutron. Please use method 'is_service_role' instead.
2026-04-07 01:17:52.364 10 INFO neutron.api.wsgi [None req-ae3d700e-8a9e-4aea-b874-b03f8c649f60 43bd08f0402f46d8a28ce27ac145ea64 75f62beb1a244c1db1533da93fd16e95 - - default default] 10.0.0.138 "POST /v2.0/vpn/endpoint-groups HTTP/1.1" status: 201 len: 527 time: 0.0457020
2026-04-07 01:17:52.372 10 WARNING neutron_lib.context [None req-bf195a1e-dc20-4b3e-9592-528269336bdd 43bd08f0402f46d8a28ce27ac145ea64 75f62beb1a244c1db1533da93fd16e95 - - default default] Method 'is_advsvc' is deprecated since 2023.2 release (neutron-lib 3.8.0) and will be removed once support for the old RBAC API policies will be removed from Neutron. Please use method 'is_service_role' instead.
2026-04-07 01:17:52.398 10 INFO neutron.api.wsgi [None req-bf195a1e-dc20-4b3e-9592-528269336bdd 43bd08f0402f46d8a28ce27ac145ea64 75f62beb1a244c1db1533da93fd16e95 - - default default] 10.0.0.138 "POST /v2.0/vpn/endpoint-groups HTTP/1.1" status: 201 len: 518 time: 0.0290587
2026-04-07 01:17:52.406 10 WARNING neutron_lib.context [None req-d7f599d4-5074-4767-a11c-3d6ca4bf21f6 43bd08f0402f46d8a28ce27ac145ea64 75f62beb1a244c1db1533da93fd16e95 - - default default] Method 'is_advsvc' is deprecated since 2023.2 release (neutron-lib 3.8.0) and will be removed once support for the old RBAC API policies will be removed from Neutron. Please use method 'is_service_role' instead.
2026-04-07 01:17:52.501 9 WARNING neutron.scheduler.dhcp_agent_scheduler [req-bced3b8d-ace1-4009-bad9-d23e76cc72cd req-f1ed849d-35e9-4d34-a302-a3482a43f649 a846336fdd274255bb1080d3b350db62 c65d38dfb74b4fca8ed94030ed03ca8e - - default default] No more DHCP agents
2026-04-07 01:17:52.502 9 WARNING neutron.api.rpc.agentnotifiers.dhcp_rpc_agent_api [req-bced3b8d-ace1-4009-bad9-d23e76cc72cd req-f1ed849d-35e9-4d34-a302-a3482a43f649 a846336fdd274255bb1080d3b350db62 c65d38dfb74b4fca8ed94030ed03ca8e - - default default] Unable to schedule network b348c81e-b630-4652-9c30-c2cce15801c6: no agents available; will retry on subsequent port and subnet creation events.
2026-04-07 01:17:52.675 9 INFO neutron.db.ovn_revision_numbers_db [req-bced3b8d-ace1-4009-bad9-d23e76cc72cd req-f1ed849d-35e9-4d34-a302-a3482a43f649 a846336fdd274255bb1080d3b350db62 c65d38dfb74b4fca8ed94030ed03ca8e - - default default] Successfully bumped revision number for resource 8c0cca03-ec79-41dd-946c-16e76393a35c (type: ports) to 1
2026-04-07 01:17:52.691 9 INFO neutron.api.wsgi [None req-611cfa33-1806-4754-a7ad-089663f013a6 a846336fdd274255bb1080d3b350db62 c65d38dfb74b4fca8ed94030ed03ca8e - - default default] 10.0.0.138 "PUT /v2.0/routers/69c031a7-7e40-4fe0-b98f-687679b45750/remove_router_interface HTTP/1.1" status: 200 len: 503 time: 1.3188145
2026-04-07 01:17:52.706 9 INFO neutron.api.wsgi [req-bced3b8d-ace1-4009-bad9-d23e76cc72cd req-f1ed849d-35e9-4d34-a302-a3482a43f649 a846336fdd274255bb1080d3b350db62 c65d38dfb74b4fca8ed94030ed03ca8e - - default default] 199.204.45.157 "POST /v2.0/ports HTTP/1.1" status: 201 len: 1287 time: 0.4893191 /var/lib/openstack/lib/python3.12/site-packages/pycadf/identifier.py:71: UserWarning: Invalid uuid: neutron. To ensure interoperability, identifiers should be a valid uuid. warnings.warn(('Invalid uuid: %s. To ensure interoperability, '
2026-04-07 01:17:53.020 10 INFO neutron.db.ovn_revision_numbers_db [None req-d7f599d4-5074-4767-a11c-3d6ca4bf21f6 43bd08f0402f46d8a28ce27ac145ea64 75f62beb1a244c1db1533da93fd16e95 - - default default] Successfully bumped revision number for resource ddd4a9ac-ff8e-44dc-b4c6-f65109f6e4a2 (type: routers) to 5
2026-04-07 01:17:53.053 10 INFO neutron.api.wsgi [None req-d7f599d4-5074-4767-a11c-3d6ca4bf21f6 43bd08f0402f46d8a28ce27ac145ea64 75f62beb1a244c1db1533da93fd16e95 - - default default] 10.0.0.138 "POST /v2.0/vpn/ipsec-site-connections HTTP/1.1" status: 201 len: 1002 time: 0.6506183
2026-04-07 01:17:53.062 10 WARNING neutron_lib.context [None req-fff5ba2f-d7a4-4253-96e7-93d473a014e1 43bd08f0402f46d8a28ce27ac145ea64 75f62beb1a244c1db1533da93fd16e95 - - default default] Method 'is_advsvc' is deprecated since 2023.2 release (neutron-lib 3.8.0) and will be removed once support for the old RBAC API policies will be removed from Neutron. Please use method 'is_service_role' instead.
2026-04-07 01:17:53.065 9 INFO neutron.db.ovn_revision_numbers_db [req-bced3b8d-ace1-4009-bad9-d23e76cc72cd req-87cceea4-2aba-4982-9f26-42c2584744f6 7d0d2603bc434069ac4d5dffa9f56548 e79fd64fc181478fa706ac5a07b28d28 - - 7553c7f0a3af4487b0a34e18e6fb07f9 7553c7f0a3af4487b0a34e18e6fb07f9] Successfully bumped revision number for resource 8c0cca03-ec79-41dd-946c-16e76393a35c (type: ports) to 2
2026-04-07 01:17:53.105 10 INFO neutron.api.wsgi [None req-fff5ba2f-d7a4-4253-96e7-93d473a014e1 43bd08f0402f46d8a28ce27ac145ea64 75f62beb1a244c1db1533da93fd16e95 - - default default] 10.0.0.138 "POST /v2.0/vpn/endpoint-groups HTTP/1.1" status: 201 len: 488 time: 0.0451460 /var/lib/openstack/lib/python3.12/site-packages/pycadf/identifier.py:71: UserWarning: Invalid uuid: neutron. To ensure interoperability, identifiers should be a valid uuid. warnings.warn(('Invalid uuid: %s. To ensure interoperability, '
2026-04-07 01:17:53.150 9 INFO neutron.api.wsgi [None req-3277498c-bcda-4d3c-a211-e3d90c447b3e 43bd08f0402f46d8a28ce27ac145ea64 75f62beb1a244c1db1533da93fd16e95 - - default default] 10.0.0.138 "DELETE /v2.0/vpn/endpoint-groups/2b9080de-1508-4707-8ee7-e2229519f77a HTTP/1.1" status: 204 len: 168 time: 0.0392690
2026-04-07 01:17:53.165 10 INFO neutron.api.wsgi [None req-a359e68a-750d-4572-b8ce-29c3773be715 43bd08f0402f46d8a28ce27ac145ea64 75f62beb1a244c1db1533da93fd16e95 - - default default] 10.0.0.138 "GET /v2.0/vpn/endpoint-groups HTTP/1.1" status: 200 len: 826 time: 0.0107751
2026-04-07 01:17:53.178 10 INFO neutron.api.wsgi [None req-d990fe88-9ead-40d7-abab-c378e8d2f594 43bd08f0402f46d8a28ce27ac145ea64 75f62beb1a244c1db1533da93fd16e95 - - default default] 10.0.0.138 "GET /v2.0/vpn/endpoint-groups HTTP/1.1" status: 200 len: 826 time: 0.0065298
2026-04-07 01:17:53.288 9 INFO neutron.db.ovn_revision_numbers_db [req-bced3b8d-ace1-4009-bad9-d23e76cc72cd req-87cceea4-2aba-4982-9f26-42c2584744f6 7d0d2603bc434069ac4d5dffa9f56548 e79fd64fc181478fa706ac5a07b28d28 - - 7553c7f0a3af4487b0a34e18e6fb07f9 7553c7f0a3af4487b0a34e18e6fb07f9] Successfully bumped revision number for resource 8c0cca03-ec79-41dd-946c-16e76393a35c (type: ports) to 4
2026-04-07 01:17:53.305 9 INFO neutron.api.wsgi [req-bced3b8d-ace1-4009-bad9-d23e76cc72cd req-87cceea4-2aba-4982-9f26-42c2584744f6 7d0d2603bc434069ac4d5dffa9f56548 e79fd64fc181478fa706ac5a07b28d28 - - 7553c7f0a3af4487b0a34e18e6fb07f9 7553c7f0a3af4487b0a34e18e6fb07f9] 199.204.45.157 "PUT /v2.0/ports/8c0cca03-ec79-41dd-946c-16e76393a35c HTTP/1.1" status: 200 len: 1412 time: 0.5914392
2026-04-07 01:17:53.342 10 INFO neutron.api.wsgi [None req-7cbd48aa-b6cf-4d28-9537-5327692595e9 a846336fdd274255bb1080d3b350db62 c65d38dfb74b4fca8ed94030ed03ca8e - - default default] 10.0.0.138 "DELETE /v2.0/routers/69c031a7-7e40-4fe0-b98f-687679b45750 HTTP/1.1" status: 204 len: 168 time: 0.6446710
2026-04-07 01:17:53.344 9 INFO neutron.notifiers.nova [-] Nova event matching ['req-47f1c246-8225-4602-bad9-9257e4686d01'] response: {'name': 'network-changed', 'server_uuid': '7c89909d-7958-463a-a9a4-d748304bc778', 'tag': '8c0cca03-ec79-41dd-946c-16e76393a35c', 'status': 'completed', 'code': 200}
2026-04-07 01:17:53.504 10 INFO neutron.api.wsgi [None req-e0417253-0448-4edc-9c17-242f81447f68 a846336fdd274255bb1080d3b350db62 c65d38dfb74b4fca8ed94030ed03ca8e - - default default] 10.0.0.138 "DELETE /v2.0/subnets/61afd0ea-d42f-441c-b8c9-ca0c71e9250d HTTP/1.1" status: 204 len: 168 time: 0.1543384 /var/lib/openstack/lib/python3.12/site-packages/pycadf/identifier.py:71: UserWarning: Invalid uuid: neutron. To ensure interoperability, identifiers should be a valid uuid. warnings.warn(('Invalid uuid: %s. To ensure interoperability, '
2026-04-07 01:17:53.608 10 INFO neutron.api.wsgi [None req-49cc40a8-1d1e-46ad-afe4-156deb5806ac 60898aadcb7849f08ed169fb692c209b 2a6c51eda6cb4ba5abb13447b142a7df - - default default] 10.0.0.138 "POST /v2.0/vpn/ikepolicies HTTP/1.1" status: 201 len: 601 time: 0.1126502
2026-04-07 01:17:53.624 10 INFO neutron.api.wsgi [None req-4b359607-d38f-4d69-8a15-406655097d1a 43bd08f0402f46d8a28ce27ac145ea64 75f62beb1a244c1db1533da93fd16e95 - - default default] 10.0.0.138 "GET /v2.0/vpn/ikepolicies HTTP/1.1" status: 200 len: 989 time: 0.0078976
2026-04-07 01:17:53.657 10 INFO neutron.api.wsgi [None req-ef11d1d8-9285-4948-8d4d-3101acd7a8da 60898aadcb7849f08ed169fb692c209b 2a6c51eda6cb4ba5abb13447b142a7df - - default default] 10.0.0.138 "DELETE /v2.0/vpn/ikepolicies/65ba2084-5aea-4293-a525-b3ec10de319b HTTP/1.1" status: 204 len: 168 time: 0.0290492
2026-04-07 01:17:53.743 9 INFO neutron.api.wsgi [None req-60d6cf79-326c-4baf-9456-61d442b7826d 60898aadcb7849f08ed169fb692c209b 2a6c51eda6cb4ba5abb13447b142a7df - - default default] 10.0.0.138 "POST /v2.0/vpn/ipsecpolicies HTTP/1.1" status: 201 len: 611 time: 0.0699606
2026-04-07 01:17:53.758 10 INFO neutron.api.wsgi [None req-cc24e222-741a-4eb7-b5f3-9c2e20d1666a 43bd08f0402f46d8a28ce27ac145ea64 75f62beb1a244c1db1533da93fd16e95 - - default default] 10.0.0.138 "GET /v2.0/vpn/ipsecpolicies HTTP/1.1" status: 200 len: 1008 time: 0.0090151
2026-04-07 01:17:53.812 10 INFO neutron.api.wsgi [None req-0032fc9e-4dfe-4e4d-b234-e6d9ca6885c0 60898aadcb7849f08ed169fb692c209b 2a6c51eda6cb4ba5abb13447b142a7df - - default default] 10.0.0.138 "DELETE /v2.0/vpn/ipsecpolicies/9edbf0dc-616d-409a-89a1-1792d7d0a89c HTTP/1.1" status: 204 len: 168 time: 0.0488911
2026-04-07 01:17:53.822 10 WARNING neutron_lib.context [None req-65cd9b57-17c7-4ea1-9181-f64c5101eb41 43bd08f0402f46d8a28ce27ac145ea64 75f62beb1a244c1db1533da93fd16e95 - - default default] Method 'is_advsvc' is deprecated since 2023.2 release (neutron-lib 3.8.0) and will be removed once support for the old RBAC API policies will be removed from Neutron. Please use method 'is_service_role' instead.
2026-04-07 01:17:53.867 9 INFO neutron.services.segments.plugin [-] Segment e4c69f42-8eab-4803-aa21-dd6b0ab248d0 resource provider aggregate not found
2026-04-07 01:17:53.877 9 INFO neutron.services.segments.plugin [-] Segment e4c69f42-8eab-4803-aa21-dd6b0ab248d0 resource provider aggregate not found
2026-04-07 01:17:53.887 9 INFO neutron.services.segments.plugin [-] Segment e4c69f42-8eab-4803-aa21-dd6b0ab248d0 resource provider not found; error: Placement Client Error (4xx): {"errors": [{"status": 404, "title": "Not Found", "detail": "The resource could not be found.\n\n No resource provider with uuid e4c69f42-8eab-4803-aa21-dd6b0ab248d0 found for delete ", "request_id": "req-d8b50ca9-2b7f-4c58-84da-b25a9871e3a7"}]}
2026-04-07 01:17:53.899 9 INFO neutron.api.wsgi [req-9a95e173-1f88-410d-be3f-32b89c8d3a0b req-85f86c9d-a2e7-4a88-8b57-9eeb01e0a389 7d0d2603bc434069ac4d5dffa9f56548 e79fd64fc181478fa706ac5a07b28d28 - - 7553c7f0a3af4487b0a34e18e6fb07f9 7553c7f0a3af4487b0a34e18e6fb07f9] 199.204.45.157 "GET /v2.0/ports?tenant_id=c65d38dfb74b4fca8ed94030ed03ca8e&device_id=7c89909d-7958-463a-a9a4-d748304bc778 HTTP/1.1" status: 200 len: 1415 time: 0.0460422
2026-04-07 01:17:53.900 9 INFO neutron.services.segments.plugin [-] Segment e4c69f42-8eab-4803-aa21-dd6b0ab248d0 resource provider not found; error: Placement Client Error (4xx): {"errors": [{"status": 404, "title": "Not Found", "detail": "The resource could not be found.\n\n No resource provider with uuid e4c69f42-8eab-4803-aa21-dd6b0ab248d0 found for delete ", "request_id": "req-a445df48-dd4a-4702-bf74-773db256f39e"}]}
2026-04-07 01:17:53.909 10 INFO neutron.db.segments_db [None req-65cd9b57-17c7-4ea1-9181-f64c5101eb41 43bd08f0402f46d8a28ce27ac145ea64 75f62beb1a244c1db1533da93fd16e95 - - default default] Added segment d8d7cd37-5f0b-492a-b31a-58182f8939ff of type geneve for network f81e5bb6-04b6-466f-8766-f99887ea48fd
2026-04-07 01:17:53.930 9 INFO neutron.api.wsgi [None req-c93372e1-fe59-4d3c-9828-858ca72fabee a846336fdd274255bb1080d3b350db62 c65d38dfb74b4fca8ed94030ed03ca8e - - default default] 10.0.0.138 "DELETE /v2.0/networks/c28bea85-ef50-4cf1-a2fd-d02fe9763c8f HTTP/1.1" status: 204 len: 168 time: 0.4221725
2026-04-07 01:17:53.968 9 INFO neutron.api.wsgi [req-9a95e173-1f88-410d-be3f-32b89c8d3a0b req-f8bf8cc4-1602-4fae-90e7-db06c50bbb91 7d0d2603bc434069ac4d5dffa9f56548 e79fd64fc181478fa706ac5a07b28d28 - - 7553c7f0a3af4487b0a34e18e6fb07f9 7553c7f0a3af4487b0a34e18e6fb07f9] 199.204.45.157 "GET /v2.0/networks?tenant_id=c65d38dfb74b4fca8ed94030ed03ca8e&shared=False HTTP/1.1" status: 200 len: 936 time: 0.0612314
2026-04-07 01:17:54.031 9 INFO neutron.api.wsgi [req-9a95e173-1f88-410d-be3f-32b89c8d3a0b req-a152dfe3-bf69-47a9-90c7-4ab82ff5f376 7d0d2603bc434069ac4d5dffa9f56548 e79fd64fc181478fa706ac5a07b28d28 - - 7553c7f0a3af4487b0a34e18e6fb07f9 7553c7f0a3af4487b0a34e18e6fb07f9] 199.204.45.157 "GET /v2.0/networks?shared=True HTTP/1.1" status: 200 len: 952 time: 0.0512316
2026-04-07 01:17:54.037 10 INFO neutron.db.ovn_revision_numbers_db [None req-65cd9b57-17c7-4ea1-9181-f64c5101eb41 43bd08f0402f46d8a28ce27ac145ea64 75f62beb1a244c1db1533da93fd16e95 - - default default] Successfully bumped revision number for resource f81e5bb6-04b6-466f-8766-f99887ea48fd (type: networks) to 1
2026-04-07 01:17:54.069 9 INFO neutron.api.wsgi [req-cbf146bd-5f34-4a80-855a-7a20fd7e9339 req-741cbcba-4814-42a3-9132-40ea75b0f00f a846336fdd274255bb1080d3b350db62 c65d38dfb74b4fca8ed94030ed03ca8e - - default default] 10.0.0.34 "GET /v2.0/ports?device_id=7c89909d-7958-463a-a9a4-d748304bc778 HTTP/1.1" status: 200 len: 1415 time: 0.0361226
2026-04-07 01:17:54.119 9 INFO neutron.api.wsgi [req-cbf146bd-5f34-4a80-855a-7a20fd7e9339 req-a7b9dd96-e8db-4fd7-a332-871ee50111ce a846336fdd274255bb1080d3b350db62 c65d38dfb74b4fca8ed94030ed03ca8e - - default default] 10.0.0.34 "GET /v2.0/security-groups?id=052859f8-f363-4cd8-bdb7-d7f43ca62815&fields=id&fields=name HTTP/1.1" status: 200 len: 294 time: 0.0411024
2026-04-07 01:17:54.209 9 INFO neutron.api.wsgi [req-80ad2fc3-874d-4712-8df0-b80aa8804e58 req-b9dcb498-0653-4b7c-84a6-df853981137b a846336fdd274255bb1080d3b350db62 c65d38dfb74b4fca8ed94030ed03ca8e - - default default] 10.0.0.34 "GET /v2.0/ports?device_id=7c89909d-7958-463a-a9a4-d748304bc778 HTTP/1.1" status: 200 len: 1415 time: 0.0411053
2026-04-07 01:17:54.220 10 WARNING neutron.scheduler.dhcp_agent_scheduler [None req-65cd9b57-17c7-4ea1-9181-f64c5101eb41 43bd08f0402f46d8a28ce27ac145ea64 75f62beb1a244c1db1533da93fd16e95 - - default default] No more DHCP agents
2026-04-07 01:17:54.224 10 WARNING neutron.api.rpc.agentnotifiers.dhcp_rpc_agent_api [None req-65cd9b57-17c7-4ea1-9181-f64c5101eb41 43bd08f0402f46d8a28ce27ac145ea64 75f62beb1a244c1db1533da93fd16e95 - - default default] Unable to schedule network f81e5bb6-04b6-466f-8766-f99887ea48fd: no agents available; will retry on subsequent port and subnet creation events.
2026-04-07 01:17:54.303 10 INFO neutron.db.ovn_revision_numbers_db [None req-65cd9b57-17c7-4ea1-9181-f64c5101eb41 43bd08f0402f46d8a28ce27ac145ea64 75f62beb1a244c1db1533da93fd16e95 - - default default] Successfully bumped revision number for resource 1de2f8a4-22fb-418f-8928-6ff57433b835 (type: ports) to 1
2026-04-07 01:17:54.327 10 INFO neutron.api.wsgi [None req-65cd9b57-17c7-4ea1-9181-f64c5101eb41 43bd08f0402f46d8a28ce27ac145ea64 75f62beb1a244c1db1533da93fd16e95 - - default default] 10.0.0.138 "POST /v2.0/networks HTTP/1.1" status: 201 len: 831 time: 0.5086582
2026-04-07 01:17:54.337 10 WARNING neutron_lib.context [None req-5626c544-059c-404a-a2b9-da0a3e2aa23b 43bd08f0402f46d8a28ce27ac145ea64 75f62beb1a244c1db1533da93fd16e95 - - default default] Method 'is_advsvc' is deprecated since 2023.2 release (neutron-lib 3.8.0) and will be removed once support for the old RBAC API policies will be removed from Neutron. Please use method 'is_service_role' instead.
2026-04-07 01:17:54.519 10 WARNING neutron.scheduler.dhcp_agent_scheduler [None req-5626c544-059c-404a-a2b9-da0a3e2aa23b 43bd08f0402f46d8a28ce27ac145ea64 75f62beb1a244c1db1533da93fd16e95 - - default default] No more DHCP agents
2026-04-07 01:17:54.520 10 WARNING neutron.api.rpc.agentnotifiers.dhcp_rpc_agent_api [None req-5626c544-059c-404a-a2b9-da0a3e2aa23b 43bd08f0402f46d8a28ce27ac145ea64 75f62beb1a244c1db1533da93fd16e95 - - default default] Unable to schedule network f81e5bb6-04b6-466f-8766-f99887ea48fd: no agents available; will retry on subsequent port and subnet creation events.
2026-04-07 01:17:54.906 10 INFO neutron.db.ovn_revision_numbers_db [None req-e319a7e1-a1fa-45b8-be84-8e2adc5a3e36 - - - - - -] Successfully bumped revision number for resource 1de2f8a4-22fb-418f-8928-6ff57433b835 (type: ports) to 2
2026-04-07 01:17:54.935 10 INFO neutron.db.ovn_revision_numbers_db [None req-e319a7e1-a1fa-45b8-be84-8e2adc5a3e36 - - - - - -] Successfully bumped revision number for resource 0db26cbe-17af-4643-a8e2-c2209bbf3321 (type: subnets) to 0
2026-04-07 01:17:54.952 10 INFO neutron.api.wsgi [None req-5626c544-059c-404a-a2b9-da0a3e2aa23b 43bd08f0402f46d8a28ce27ac145ea64 75f62beb1a244c1db1533da93fd16e95 - - default default] 10.0.0.138 "POST /v2.0/subnets HTTP/1.1" status: 201 len: 828 time: 0.6193974
2026-04-07 01:17:54.961 10 WARNING neutron_lib.context [None req-80a07256-53fd-4685-8cc3-87aa0f3da730 43bd08f0402f46d8a28ce27ac145ea64 75f62beb1a244c1db1533da93fd16e95 - - default default] Method 'is_advsvc' is deprecated since 2023.2 release (neutron-lib 3.8.0) and will be removed once support for the old RBAC API policies will be removed from Neutron. Please use method 'is_service_role' instead.
2026-04-07 01:17:55.078 9 INFO neutron.api.wsgi [req-bced3b8d-ace1-4009-bad9-d23e76cc72cd req-f5df2385-e732-4ea8-97b6-ba0d9ed1c03a 7d0d2603bc434069ac4d5dffa9f56548 e79fd64fc181478fa706ac5a07b28d28 - - 7553c7f0a3af4487b0a34e18e6fb07f9 7553c7f0a3af4487b0a34e18e6fb07f9] 199.204.45.157 "GET /v2.0/ports?tenant_id=c65d38dfb74b4fca8ed94030ed03ca8e&device_id=7c89909d-7958-463a-a9a4-d748304bc778 HTTP/1.1" status: 200 len: 1415 time: 0.0339808
2026-04-07 01:17:55.134 9 INFO neutron.api.wsgi [req-bced3b8d-ace1-4009-bad9-d23e76cc72cd req-b48a4ffb-46e0-4ddd-b8b0-68954313c413 7d0d2603bc434069ac4d5dffa9f56548 e79fd64fc181478fa706ac5a07b28d28 - - 7553c7f0a3af4487b0a34e18e6fb07f9 7553c7f0a3af4487b0a34e18e6fb07f9] 199.204.45.157 "GET /v2.0/floatingips?fixed_ip_address=172.24.3.128&port_id=8c0cca03-ec79-41dd-946c-16e76393a35c HTTP/1.1" status: 200 len: 217 time: 0.0490429
2026-04-07 01:17:55.147 9 INFO neutron.api.wsgi [None req-26fb0af3-3277-4ccb-bedb-e1ecbef261e4 a846336fdd274255bb1080d3b350db62 c65d38dfb74b4fca8ed94030ed03ca8e - - default default] 10.0.0.138 "PUT /v2.0/routers/73778bf7-2f3f-4510-b109-93c39e140d4a/remove_router_interface HTTP/1.1" status: 200 len: 503 time: 1.2096236 /var/lib/openstack/lib/python3.12/site-packages/pycadf/identifier.py:71: UserWarning: Invalid uuid: neutron. To ensure interoperability, identifiers should be a valid uuid. warnings.warn(('Invalid uuid: %s. To ensure interoperability, '
2026-04-07 01:17:55.173 9 INFO neutron.api.wsgi [req-bced3b8d-ace1-4009-bad9-d23e76cc72cd req-c9b651b5-7ad5-438a-8db4-776bb533116d 7d0d2603bc434069ac4d5dffa9f56548 e79fd64fc181478fa706ac5a07b28d28 - - 7553c7f0a3af4487b0a34e18e6fb07f9 7553c7f0a3af4487b0a34e18e6fb07f9] 199.204.45.157 "GET /v2.0/subnets?id=cb5c452c-d36a-4e76-91c9-7da9b8ec408b HTTP/1.1" status: 200 len: 853 time: 0.0350988
2026-04-07 01:17:55.202 9 INFO neutron.api.wsgi [req-bced3b8d-ace1-4009-bad9-d23e76cc72cd req-85764a4d-ba6b-45fc-817e-7d1db23d87b3 7d0d2603bc434069ac4d5dffa9f56548 e79fd64fc181478fa706ac5a07b28d28 - - 7553c7f0a3af4487b0a34e18e6fb07f9 7553c7f0a3af4487b0a34e18e6fb07f9] 199.204.45.157 "GET /v2.0/ports?network_id=b348c81e-b630-4652-9c30-c2cce15801c6&device_owner=network%3Adhcp HTTP/1.1" status: 200 len: 210 time: 0.0225210
2026-04-07 01:17:55.258 9 INFO neutron.api.wsgi [req-bced3b8d-ace1-4009-bad9-d23e76cc72cd req-fb83470d-2001-40f3-b2fa-edbbcfa19fd8 7d0d2603bc434069ac4d5dffa9f56548 e79fd64fc181478fa706ac5a07b28d28 - - 7553c7f0a3af4487b0a34e18e6fb07f9 7553c7f0a3af4487b0a34e18e6fb07f9] 199.204.45.157 "GET /v2.0/networks/b348c81e-b630-4652-9c30-c2cce15801c6?fields=segments HTTP/1.1" status: 200 len: 212 time: 0.0505319
2026-04-07 01:17:55.308 9 INFO neutron.api.wsgi [req-bced3b8d-ace1-4009-bad9-d23e76cc72cd req-cb0594ae-424f-46d2-8b52-b0cab2401ee4 7d0d2603bc434069ac4d5dffa9f56548 e79fd64fc181478fa706ac5a07b28d28 - - 7553c7f0a3af4487b0a34e18e6fb07f9 7553c7f0a3af4487b0a34e18e6fb07f9] 199.204.45.157 "GET /v2.0/networks/b348c81e-b630-4652-9c30-c2cce15801c6?fields=provider%3Aphysical_network&fields=provider%3Anetwork_type HTTP/1.1" status: 200 len: 277 time: 0.0443618
2026-04-07 01:17:55.476 10 WARNING neutron.scheduler.dhcp_agent_scheduler [None req-80a07256-53fd-4685-8cc3-87aa0f3da730 43bd08f0402f46d8a28ce27ac145ea64 75f62beb1a244c1db1533da93fd16e95 - - default default] No more DHCP agents
2026-04-07 01:17:55.478 10 WARNING neutron.api.rpc.agentnotifiers.dhcp_rpc_agent_api [None req-80a07256-53fd-4685-8cc3-87aa0f3da730 43bd08f0402f46d8a28ce27ac145ea64 75f62beb1a244c1db1533da93fd16e95 - - default default] Unable to schedule network ec61ddbb-7eb1-4408-84d6-f654034c2325: no agents available; will retry on subsequent port and subnet creation events.
2026-04-07 01:17:55.665 10 INFO neutron.db.ovn_revision_numbers_db [None req-80a07256-53fd-4685-8cc3-87aa0f3da730 43bd08f0402f46d8a28ce27ac145ea64 75f62beb1a244c1db1533da93fd16e95 - - default default] Successfully bumped revision number for resource 2051739d-3d89-442c-81c9-349dde7c0698 (type: ports) to 1
2026-04-07 01:17:56.473 10 INFO neutron.api.wsgi [None req-17d4d55a-f141-45d7-8b46-656409e4ffe5 a846336fdd274255bb1080d3b350db62 c65d38dfb74b4fca8ed94030ed03ca8e - - default default] 10.0.0.138 "DELETE /v2.0/routers/73778bf7-2f3f-4510-b109-93c39e140d4a HTTP/1.1" status: 204 len: 168 time: 1.3172085
2026-04-07 01:17:56.636 10 WARNING neutron.plugins.ml2.drivers.ovn.mech_driver.ovsdb.ovn_client [None req-1cf724b6-7b2e-49c1-97fd-b0309ab56683 - - - - - -] No hosting information found for port 18100de0-6061-42fd-97a6-c5b94006d337: RuntimeError: No hosting information found for port 18100de0-6061-42fd-97a6-c5b94006d337
2026-04-07 01:17:56.661 9 INFO neutron.api.wsgi [None req-7bef0101-0149-4312-88d9-b49cdff3d5d2 a846336fdd274255bb1080d3b350db62 c65d38dfb74b4fca8ed94030ed03ca8e - - default default] 10.0.0.138 "DELETE /v2.0/subnets/8fde7fde-342c-4c70-bed7-71a2b5808dfc HTTP/1.1" status: 204 len: 168 time: 0.1836753
2026-04-07 01:17:56.743 10 INFO neutron.db.ovn_revision_numbers_db [None req-1cf724b6-7b2e-49c1-97fd-b0309ab56683 - - - - - -] Successfully bumped revision number for resource 18100de0-6061-42fd-97a6-c5b94006d337 (type: router_ports) to 2
2026-04-07 01:17:56.772 10 INFO neutron.plugins.ml2.drivers.ovn.mech_driver.ovsdb.commands [None req-f2a0174a-7ea2-48e3-afc5-326caf6f1631 - - - - - -] Schedule LRP lrp-2051739d-3d89-442c-81c9-349dde7c0698 on gateway dedb4208-68ee-43a9-b1d9-28a114a3ebd9 with priority 1
2026-04-07 01:17:56.807 10 INFO neutron.plugins.ml2.drivers.ovn.mech_driver.mech_driver [None req-1cf724b6-7b2e-49c1-97fd-b0309ab56683 - - - - - -] OVN reports status up for port: 2051739d-3d89-442c-81c9-349dde7c0698
2026-04-07 01:17:56.811 10 INFO neutron.db.ovn_revision_numbers_db [None req-80a07256-53fd-4685-8cc3-87aa0f3da730 43bd08f0402f46d8a28ce27ac145ea64 75f62beb1a244c1db1533da93fd16e95 - - default default] Successfully bumped revision number for resource 2051739d-3d89-442c-81c9-349dde7c0698 (type: router_ports) to 1
2026-04-07 01:17:56.812 10 INFO neutron.plugins.ml2.plugin [None req-1cf724b6-7b2e-49c1-97fd-b0309ab56683 - - - - - -] Attempt 1 to provision port 2051739d-3d89-442c-81c9-349dde7c0698
2026-04-07 01:17:56.874 10 INFO neutron.db.ovn_revision_numbers_db [None req-80a07256-53fd-4685-8cc3-87aa0f3da730 43bd08f0402f46d8a28ce27ac145ea64 75f62beb1a244c1db1533da93fd16e95 - - default default] Successfully bumped revision number for resource 0fc5564f-ff02-40b3-9ad1-894ebe5cb516 (type: routers) to 2
2026-04-07 01:17:56.898 10 INFO neutron.api.wsgi [None req-80a07256-53fd-4685-8cc3-87aa0f3da730 43bd08f0402f46d8a28ce27ac145ea64 75f62beb1a244c1db1533da93fd16e95 - - default default] 10.0.0.138 "POST /v2.0/routers HTTP/1.1" status: 201 len: 1136 time: 1.9423437
2026-04-07 01:17:56.971 9 INFO neutron.api.wsgi [req-92eef482-07d1-4aac-b74e-64f91171081d req-f49f17c6-3c3a-4f86-9de4-39baa69b20d9 a846336fdd274255bb1080d3b350db62 c65d38dfb74b4fca8ed94030ed03ca8e - - default default] 10.0.0.34 "GET /v2.0/ports?device_id=7c89909d-7958-463a-a9a4-d748304bc778 HTTP/1.1" status: 200 len: 1415 time: 0.0376682
2026-04-07 01:17:56.991 9 INFO neutron.services.segments.plugin [-] Segment acd577a4-75ad-45a4-8424-d152337fa7ac resource provider aggregate not found
2026-04-07 01:17:56.994 9 INFO neutron.services.segments.plugin [-] Segment acd577a4-75ad-45a4-8424-d152337fa7ac resource provider aggregate not found
2026-04-07 01:17:57.009 9 INFO neutron.services.segments.plugin [-] Segment acd577a4-75ad-45a4-8424-d152337fa7ac resource provider not found; error: Placement Client Error (4xx): {"errors": [{"status": 404, "title": "Not Found", "detail": "The resource could not be found.\n\n No resource provider with uuid acd577a4-75ad-45a4-8424-d152337fa7ac found for delete ", "request_id": "req-8fd93070-a79a-4750-a174-f8554e2131f3"}]}
2026-04-07 01:17:57.010 9 INFO neutron.services.segments.plugin [-] Segment acd577a4-75ad-45a4-8424-d152337fa7ac resource provider not found; error: Placement Client Error (4xx): {"errors": [{"status": 404, "title": "Not Found", "detail": "The resource could not be found.\n\n No resource provider with uuid acd577a4-75ad-45a4-8424-d152337fa7ac found for delete ", "request_id": "req-ec7372d4-6bd1-4367-a18a-c4bce1c4bdd4"}]}
2026-04-07 01:17:57.020 9 INFO neutron.api.wsgi [req-92eef482-07d1-4aac-b74e-64f91171081d req-ee83108e-5ac8-48ca-80e7-c9ca822e592a a846336fdd274255bb1080d3b350db62 c65d38dfb74b4fca8ed94030ed03ca8e - - default default] 10.0.0.34 "GET /v2.0/security-groups?id=052859f8-f363-4cd8-bdb7-d7f43ca62815&fields=id&fields=name HTTP/1.1" status: 200 len: 294 time: 0.0419381
2026-04-07 01:17:57.037 9 INFO neutron.api.wsgi [None req-976b1ae9-4001-4403-bbe3-02c1e9d42b94 a846336fdd274255bb1080d3b350db62 c65d38dfb74b4fca8ed94030ed03ca8e - - default default] 10.0.0.138 "DELETE /v2.0/networks/fa04ceb1-2803-46d1-88b7-255588ee7ea6 HTTP/1.1" status: 204 len: 168 time: 0.3697550
2026-04-07 01:17:57.109 9 INFO neutron.api.wsgi [req-12fe677e-c062-44a1-808b-dc333fa4e14c req-45b3d4f8-a87c-4cec-a999-6074ae0081bc a846336fdd274255bb1080d3b350db62 c65d38dfb74b4fca8ed94030ed03ca8e - - default default] 10.0.0.34 "GET /v2.0/ports?device_id=7c89909d-7958-463a-a9a4-d748304bc778 HTTP/1.1" status: 200 len: 1415 time: 0.0396059
2026-04-07 01:17:57.337 9 INFO neutron.api.wsgi [None req-06e2f161-255a-44c5-9b41-c48531df617c a846336fdd274255bb1080d3b350db62 c65d38dfb74b4fca8ed94030ed03ca8e - - default default] 10.0.0.138 "GET /v2.0/security-groups?tenant_id=21ea259e59af44f1bcc1854ea832f4c6&name=default HTTP/1.1" status: 200 len: 3120 time: 0.0349314
2026-04-07 01:17:57.427 10 WARNING neutron.scheduler.dhcp_agent_scheduler [None req-2e1221e5-6eed-471f-8eae-8d4a4c976a85 43bd08f0402f46d8a28ce27ac145ea64 75f62beb1a244c1db1533da93fd16e95 - - default default] No more DHCP agents
2026-04-07 01:17:57.430 10 WARNING neutron.api.rpc.agentnotifiers.dhcp_rpc_agent_api [None req-2e1221e5-6eed-471f-8eae-8d4a4c976a85 43bd08f0402f46d8a28ce27ac145ea64 75f62beb1a244c1db1533da93fd16e95 - - default default] Unable to schedule network f81e5bb6-04b6-466f-8766-f99887ea48fd: no agents available; will retry on subsequent port and subnet creation events.
2026-04-07 01:17:57.534 9 INFO neutron.api.wsgi [None req-75d74699-6638-4862-bd8c-108dcb06caa6 a846336fdd274255bb1080d3b350db62 c65d38dfb74b4fca8ed94030ed03ca8e - - default default] 10.0.0.138 "DELETE /v2.0/security-groups/42a15293-c49c-4407-8650-624d9b62d164 HTTP/1.1" status: 204 len: 168 time: 0.1931062
2026-04-07 01:17:57.557 10 INFO neutron.db.ovn_revision_numbers_db [None req-2e1221e5-6eed-471f-8eae-8d4a4c976a85 43bd08f0402f46d8a28ce27ac145ea64 75f62beb1a244c1db1533da93fd16e95 - - default default] Successfully bumped revision number for resource 735b9a81-c753-4248-89a2-52ff429719fb (type: ports) to 1
2026-04-07 01:17:57.700 9 INFO neutron.api.wsgi [None req-26c33956-94b9-4f7a-92fc-5b00ead7243d a846336fdd274255bb1080d3b350db62 c65d38dfb74b4fca8ed94030ed03ca8e - - default default] 10.0.0.138 "GET /v2.0/security-groups?tenant_id=3d789ef1fe6543a6a2eb08aa1b2d3c3d&name=default HTTP/1.1" status: 200 len: 3120 time: 0.0304577
2026-04-07 01:17:57.898 9 INFO neutron.api.wsgi [None req-50cecc54-9b01-48cd-a410-2b7f726f096d a846336fdd274255bb1080d3b350db62 c65d38dfb74b4fca8ed94030ed03ca8e - - default default] 10.0.0.138 "DELETE /v2.0/security-groups/26770e6c-c166-4b52-8d73-46a4076a4b32 HTTP/1.1" status: 204 len: 168 time: 0.1931291
2026-04-07 01:17:57.911 9 INFO neutron.plugins.ml2.drivers.ovn.mech_driver.mech_driver [None req-22c76d63-9731-4e4e-a8e0-433e5148cd6f - - - - - -] OVN reports status up for port: 71d4c5fd-3c70-48b6-926b-75364fab3926
2026-04-07 01:17:57.921 9 INFO neutron.plugins.ml2.plugin [None req-22c76d63-9731-4e4e-a8e0-433e5148cd6f - - - - - -] Attempt 1 to provision port 71d4c5fd-3c70-48b6-926b-75364fab3926
2026-04-07 01:17:58.093 9 INFO neutron.db.ovn_revision_numbers_db [None req-22c76d63-9731-4e4e-a8e0-433e5148cd6f - - - - - -] Successfully bumped revision number for resource 71d4c5fd-3c70-48b6-926b-75364fab3926 (type: ports) to 4
2026-04-07 01:17:58.146 10 INFO neutron.db.ovn_revision_numbers_db [None req-2e1221e5-6eed-471f-8eae-8d4a4c976a85 43bd08f0402f46d8a28ce27ac145ea64 75f62beb1a244c1db1533da93fd16e95 - - default default] Successfully bumped revision number for resource 735b9a81-c753-4248-89a2-52ff429719fb (type: ports) to 1
2026-04-07 01:17:58.176 9 INFO neutron.plugins.ml2.drivers.ovn.mech_driver.mech_driver [None req-e39023a8-c189-42f4-8aa7-d8ad5a3697c8 - - - - - -] OVN reports status up for port: 735b9a81-c753-4248-89a2-52ff429719fb
2026-04-07 01:17:58.185 9 INFO neutron.plugins.ml2.plugin [None req-e39023a8-c189-42f4-8aa7-d8ad5a3697c8 - - - - - -] Attempt 1 to provision port 735b9a81-c753-4248-89a2-52ff429719fb
2026-04-07 01:17:58.187 10 WARNING neutron.scheduler.dhcp_agent_scheduler [None req-2e1221e5-6eed-471f-8eae-8d4a4c976a85 43bd08f0402f46d8a28ce27ac145ea64 75f62beb1a244c1db1533da93fd16e95 - - default default] No more DHCP agents
2026-04-07 01:17:58.188 10 WARNING neutron.api.rpc.agentnotifiers.dhcp_rpc_agent_api [None req-2e1221e5-6eed-471f-8eae-8d4a4c976a85 43bd08f0402f46d8a28ce27ac145ea64 75f62beb1a244c1db1533da93fd16e95 - - default default] Unable to schedule network f81e5bb6-04b6-466f-8766-f99887ea48fd: no agents available; will retry on subsequent port and subnet creation events.
2026-04-07 01:17:58.462 9 INFO neutron.api.wsgi [req-5ec508ea-8740-43b4-b0a4-23afcb97dbf0 req-8c370d6d-ae1c-462b-ade2-ff7a8703c173 7d0d2603bc434069ac4d5dffa9f56548 e79fd64fc181478fa706ac5a07b28d28 - - 7553c7f0a3af4487b0a34e18e6fb07f9 7553c7f0a3af4487b0a34e18e6fb07f9] 199.204.45.157 "GET /v2.0/ports?device_id=7c89909d-7958-463a-a9a4-d748304bc778 HTTP/1.1" status: 200 len: 1415 time: 0.0394678
2026-04-07 01:17:58.470 10 INFO neutron.db.ovn_revision_numbers_db [None req-2e1221e5-6eed-471f-8eae-8d4a4c976a85 43bd08f0402f46d8a28ce27ac145ea64 75f62beb1a244c1db1533da93fd16e95 - - default default] Successfully bumped revision number for resource 735b9a81-c753-4248-89a2-52ff429719fb (type: router_ports) to 1
2026-04-07 01:17:58.475 10 INFO neutron.api.wsgi [None req-2e1221e5-6eed-471f-8eae-8d4a4c976a85 43bd08f0402f46d8a28ce27ac145ea64 75f62beb1a244c1db1533da93fd16e95 - - default default] 10.0.0.138 "PUT /v2.0/routers/0fc5564f-ff02-40b3-9ad1-894ebe5cb516/add_router_interface HTTP/1.1" status: 200 len: 503 time: 1.5714073
2026-04-07 01:17:58.506 9 INFO neutron.api.wsgi [req-5ec508ea-8740-43b4-b0a4-23afcb97dbf0 req-62c55169-245e-44cb-83e0-ae84e5906ddf 7d0d2603bc434069ac4d5dffa9f56548 e79fd64fc181478fa706ac5a07b28d28 - - 7553c7f0a3af4487b0a34e18e6fb07f9 7553c7f0a3af4487b0a34e18e6fb07f9] 199.204.45.157 "GET /v2.0/security-groups?id=052859f8-f363-4cd8-bdb7-d7f43ca62815&fields=id&fields=name HTTP/1.1" status: 200 len: 294 time: 0.0387375
2026-04-07 01:17:58.603 9 INFO neutron.db.ovn_revision_numbers_db [None req-e39023a8-c189-42f4-8aa7-d8ad5a3697c8 - - - - - -] Successfully bumped revision number for resource 735b9a81-c753-4248-89a2-52ff429719fb (type: ports) to 2
2026-04-07 01:17:59.054 10 WARNING neutron.scheduler.dhcp_agent_scheduler [None req-c0208975-fa3d-4329-b11a-bc514dfa7df3 - - - - - -] No more DHCP agents
2026-04-07 01:17:59.057 10 WARNING neutron.api.rpc.agentnotifiers.dhcp_rpc_agent_api [None req-c0208975-fa3d-4329-b11a-bc514dfa7df3 - - - - - -] Unable to schedule network ec61ddbb-7eb1-4408-84d6-f654034c2325: no agents available; will retry on subsequent port and subnet creation events.
2026-04-07 01:17:59.215 10 INFO neutron.db.ovn_revision_numbers_db [None req-c0208975-fa3d-4329-b11a-bc514dfa7df3 - - - - - -] Successfully bumped revision number for resource 44c13be1-a7cc-4532-935a-0e492a2148a1 (type: ports) to 1
2026-04-07 01:17:59.490 10 INFO neutron.db.ovn_revision_numbers_db [None req-c0208975-fa3d-4329-b11a-bc514dfa7df3 - - - - - -] Successfully bumped revision number for resource 44c13be1-a7cc-4532-935a-0e492a2148a1 (type: ports) to 3
2026-04-07 01:17:59.564 10 INFO neutron.db.segments_db [None req-c0208975-fa3d-4329-b11a-bc514dfa7df3 - - - - - -] Added segment d7bb5691-4526-4135-896a-80270590323d of type geneve for network 5cb16c74-7adc-4cfa-9b03-46cfa2713389
2026-04-07 01:17:59.707 10 INFO neutron.db.ovn_revision_numbers_db [None req-bbea1de3-93c1-4700-9f7e-c6c626d2d76e - - - - - -] Successfully bumped revision number for resource 5cb16c74-7adc-4cfa-9b03-46cfa2713389 (type: networks) to 1
2026-04-07 01:17:59.855 10 WARNING neutron.scheduler.dhcp_agent_scheduler [None req-bbea1de3-93c1-4700-9f7e-c6c626d2d76e - - - - - -] No more DHCP agents
2026-04-07 01:17:59.857 10 WARNING neutron.api.rpc.agentnotifiers.dhcp_rpc_agent_api [None req-bbea1de3-93c1-4700-9f7e-c6c626d2d76e - - - - - -] Unable to schedule network 5cb16c74-7adc-4cfa-9b03-46cfa2713389: no agents available; will retry on subsequent port and subnet creation events.
2026-04-07 01:17:59.912 10 INFO neutron.db.ovn_revision_numbers_db [None req-bbea1de3-93c1-4700-9f7e-c6c626d2d76e - - - - - -] Successfully bumped revision number for resource 7e540da6-a6d6-485b-98a9-ed87234c1147 (type: ports) to 1
2026-04-07 01:18:00.027 10 WARNING neutron.scheduler.dhcp_agent_scheduler [None req-bbea1de3-93c1-4700-9f7e-c6c626d2d76e - - - - - -] No more DHCP agents
2026-04-07 01:18:00.028 10 WARNING neutron.api.rpc.agentnotifiers.dhcp_rpc_agent_api [None req-bbea1de3-93c1-4700-9f7e-c6c626d2d76e - - - - - -] Unable to schedule network 5cb16c74-7adc-4cfa-9b03-46cfa2713389: no agents available; will retry on subsequent port and subnet creation events.
2026-04-07 01:18:00.049 10 INFO neutron.db.ovn_revision_numbers_db [None req-bbea1de3-93c1-4700-9f7e-c6c626d2d76e - - - - - -] Successfully bumped revision number for resource 62bec9ad-0c57-425c-83d8-ccd69b969a13 (type: subnets) to 0
2026-04-07 01:18:00.117 9 INFO neutron.api.wsgi [req-ae124b6d-79d5-46e7-bfae-0ee6678871d4 req-0d3ba14e-0eff-494d-80b4-d3f2b0685d27 a846336fdd274255bb1080d3b350db62 c65d38dfb74b4fca8ed94030ed03ca8e - - default default] 10.0.0.34 "GET /v2.0/ports?device_id=7c89909d-7958-463a-a9a4-d748304bc778 HTTP/1.1" status: 200 len: 1415 time: 0.0346701
2026-04-07 01:18:00.154 9 INFO neutron.api.wsgi [req-ae124b6d-79d5-46e7-bfae-0ee6678871d4 req-278432c4-628c-4fb0-bebf-2d42829ac70d a846336fdd274255bb1080d3b350db62 c65d38dfb74b4fca8ed94030ed03ca8e - - default default] 10.0.0.34 "GET /v2.0/security-groups?id=052859f8-f363-4cd8-bdb7-d7f43ca62815&fields=id&fields=name HTTP/1.1" status: 200 len: 294 time: 0.0294645
2026-04-07 01:18:00.232 9 INFO neutron.api.wsgi [req-3524ce01-d343-488d-b8b6-059643e6e7b4 req-b8d83ce0-9823-448f-811d-d7075e573b94 a846336fdd274255bb1080d3b350db62 c65d38dfb74b4fca8ed94030ed03ca8e - - default default] 10.0.0.34 "GET /v2.0/ports?device_id=7c89909d-7958-463a-a9a4-d748304bc778 HTTP/1.1" status: 200 len: 1415 time: 0.0370600
2026-04-07 01:18:00.447 10 WARNING neutron.scheduler.dhcp_agent_scheduler [None req-bbea1de3-93c1-4700-9f7e-c6c626d2d76e - - - - - -] No more DHCP agents
2026-04-07 01:18:00.448 10 WARNING neutron.api.rpc.agentnotifiers.dhcp_rpc_agent_api [None req-bbea1de3-93c1-4700-9f7e-c6c626d2d76e - - - - - -] Unable to schedule network 5cb16c74-7adc-4cfa-9b03-46cfa2713389: no agents available; will retry on subsequent port and subnet creation events.
2026-04-07 01:18:00.561 10 INFO neutron.db.ovn_revision_numbers_db [None req-bbea1de3-93c1-4700-9f7e-c6c626d2d76e - - - - - -] Successfully bumped revision number for resource dd3b1c2e-19e2-41c2-9082-b5e76e56422c (type: ports) to 1
2026-04-07 01:18:01.075 10 INFO neutron.db.ovn_revision_numbers_db [None req-bbea1de3-93c1-4700-9f7e-c6c626d2d76e - - - - - -] Successfully bumped revision number for resource dd3b1c2e-19e2-41c2-9082-b5e76e56422c (type: ports) to 1
2026-04-07 01:18:01.117 10 WARNING neutron.scheduler.dhcp_agent_scheduler [None req-bbea1de3-93c1-4700-9f7e-c6c626d2d76e - - - - - -] No more DHCP agents
2026-04-07 01:18:01.119 10 WARNING neutron.api.rpc.agentnotifiers.dhcp_rpc_agent_api [None req-bbea1de3-93c1-4700-9f7e-c6c626d2d76e - - - - - -] Unable to schedule network 5cb16c74-7adc-4cfa-9b03-46cfa2713389: no agents available; will retry on subsequent port and subnet creation events.
2026-04-07 01:18:01.669 10 INFO neutron.db.ovn_revision_numbers_db [None req-bbea1de3-93c1-4700-9f7e-c6c626d2d76e - - - - - -] Successfully bumped revision number for resource dd3b1c2e-19e2-41c2-9082-b5e76e56422c (type: router_ports) to 1
2026-04-07 01:18:01.861 10 WARNING neutron.scheduler.dhcp_agent_scheduler [None req-bbea1de3-93c1-4700-9f7e-c6c626d2d76e - - - - - -] No more DHCP agents
2026-04-07 01:18:01.862 10 WARNING neutron.api.rpc.agentnotifiers.dhcp_rpc_agent_api [None req-bbea1de3-93c1-4700-9f7e-c6c626d2d76e - - - - - -] Unable to schedule network 5cb16c74-7adc-4cfa-9b03-46cfa2713389: no agents available; will retry on subsequent port and subnet creation events.
2026-04-07 01:18:01.994 10 INFO neutron.db.ovn_revision_numbers_db [None req-bbea1de3-93c1-4700-9f7e-c6c626d2d76e - - - - - -] Successfully bumped revision number for resource 7a70c709-4c2f-417a-975f-54498193c124 (type: ports) to 1
2026-04-07 01:18:02.037 10 WARNING neutron.plugins.ml2.drivers.ovn.mech_driver.ovsdb.ovn_client [None req-1cf724b6-7b2e-49c1-97fd-b0309ab56683 - - - - - -] No hosting information found for port 2051739d-3d89-442c-81c9-349dde7c0698: RuntimeError: No hosting information found for port 2051739d-3d89-442c-81c9-349dde7c0698
2026-04-07 01:18:02.038 10 INFO neutron.plugins.ml2.drivers.ovn.mech_driver.mech_driver [None req-1cf724b6-7b2e-49c1-97fd-b0309ab56683 - - - - - -] OVN reports status up for port: 8c0cca03-ec79-41dd-946c-16e76393a35c
2026-04-07 01:18:02.052 10 INFO neutron.plugins.ml2.plugin [None req-1cf724b6-7b2e-49c1-97fd-b0309ab56683 - - - - - -] Attempt 1 to provision port 8c0cca03-ec79-41dd-946c-16e76393a35c
2026-04-07 01:18:02.133 9 WARNING neutron_lib.context [None req-4dfb2e87-58ca-4726-82a1-4aeaafb2b7e6 04418243f08a45ee904508bccd2bbe47 00bc908b1753474ca3f4535649120d30 - - default default] Method 'is_advsvc' is deprecated since 2023.2 release (neutron-lib 3.8.0) and will be removed once support for the old RBAC API policies will be removed from Neutron. Please use method 'is_service_role' instead.
2026-04-07 01:18:02.176 10 INFO neutron.notifiers.nova [-] Nova event matching ['req-90e605e8-750c-41e6-b782-e94e9e22da84'] response: {'server_uuid': '7c89909d-7958-463a-a9a4-d748304bc778', 'name': 'network-vif-plugged', 'status': 'completed', 'tag': '8c0cca03-ec79-41dd-946c-16e76393a35c', 'code': 200}
2026-04-07 01:18:02.272 10 INFO neutron.db.ovn_revision_numbers_db [None req-bbea1de3-93c1-4700-9f7e-c6c626d2d76e - - - - - -] Successfully bumped revision number for resource 7a70c709-4c2f-417a-975f-54498193c124 (type: ports) to 3
2026-04-07 01:18:02.296 9 INFO neutron.db.ovn_revision_numbers_db [None req-4dfb2e87-58ca-4726-82a1-4aeaafb2b7e6 04418243f08a45ee904508bccd2bbe47 00bc908b1753474ca3f4535649120d30 - - default default] Successfully bumped revision number for resource e0e74625-ddcd-46fc-b8a2-878f55c498b0 (type: security_groups) to 1
2026-04-07 01:18:02.314 9 INFO neutron.db.ovn_revision_numbers_db [None req-4dfb2e87-58ca-4726-82a1-4aeaafb2b7e6 04418243f08a45ee904508bccd2bbe47 00bc908b1753474ca3f4535649120d30 - - default default] Successfully bumped revision number for resource 1adf9dd0-e4c5-49c2-bf67-d0f8809be7e3 (type: security_group_rules) to 0
2026-04-07 01:18:02.332 9 INFO neutron.db.ovn_revision_numbers_db [None req-4dfb2e87-58ca-4726-82a1-4aeaafb2b7e6 04418243f08a45ee904508bccd2bbe47 00bc908b1753474ca3f4535649120d30 - - default default] Successfully bumped revision number for resource 25d757a5-2c81-47e9-b179-ac8fd2e6c340 (type: security_group_rules) to 0
2026-04-07 01:18:02.350 9 INFO neutron.db.ovn_revision_numbers_db [None req-4dfb2e87-58ca-4726-82a1-4aeaafb2b7e6 04418243f08a45ee904508bccd2bbe47 00bc908b1753474ca3f4535649120d30 - - default default] Successfully bumped revision number for resource 55b9e4f8-3f4b-4053-80bd-03a0e6cb9d0e (type: security_group_rules) to 0
2026-04-07 01:18:02.373 9 INFO neutron.db.ovn_revision_numbers_db [None req-4dfb2e87-58ca-4726-82a1-4aeaafb2b7e6 04418243f08a45ee904508bccd2bbe47 00bc908b1753474ca3f4535649120d30 - - default default] Successfully bumped revision number for resource eecd77f7-216e-4688-a4ed-b95530647991 (type: security_group_rules) to 0
2026-04-07 01:18:02.451 9 INFO neutron.db.segments_db [None req-4dfb2e87-58ca-4726-82a1-4aeaafb2b7e6 04418243f08a45ee904508bccd2bbe47 00bc908b1753474ca3f4535649120d30 - - default default] Added segment 5e281629-fb26-47ef-8be7-cf1147eecc16 of type geneve for network 5ba9eb06-25f7-45b5-ae00-55cdcfb17abf
