2026-04-07 01:14:06.152 9 INFO neutron.api.wsgi [req-1efa92d2-318d-44b8-96e1-2935a78a1815 req-6bef1f33-cdf7-424b-86f9-b196523635f8 5d1d5c78f15d4071be7ed443e906db8b b951c5383966400d8ee66ecbb39f338a - - default default] 199.204.45.157 "POST /v2.0/ports HTTP/1.1" status: 201 len: 1158 time: 0.7530637
2026-04-07 01:14:06.181 9 INFO neutron.api.wsgi [req-d555801b-f77d-4b44-9327-af1d1b13fe42 req-8490c55b-2bbb-45c6-b7a6-af595efa7dd1 5ec2fa5c407647659269c309368f01e3 01fce35b331149e6b85ff1a0180efeb9 - - default default] 10.0.0.34 "GET /v2.0/security-groups?id=3d353f7b-a65f-4757-8bcf-caa8524da2b5&fields=id&fields=name HTTP/1.1" status: 200 len: 313 time: 0.0352046
2026-04-07 01:14:06.237 10 WARNING neutron.scheduler.dhcp_agent_scheduler [None req-5785fa9c-61dc-4deb-9b36-5ae899f39fd0 a846336fdd274255bb1080d3b350db62 c65d38dfb74b4fca8ed94030ed03ca8e - - default default] No more DHCP agents
2026-04-07 01:14:06.238 10 WARNING neutron.api.rpc.agentnotifiers.dhcp_rpc_agent_api [None req-5785fa9c-61dc-4deb-9b36-5ae899f39fd0 a846336fdd274255bb1080d3b350db62 c65d38dfb74b4fca8ed94030ed03ca8e - - default default] Unable to schedule network 9d4d06d7-36e3-4e19-bd0b-29517772641e: no agents available; will retry on subsequent port and subnet creation events.
2026-04-07 01:14:06.375 9 INFO neutron.api.wsgi [req-0f2c560c-6b1a-4652-8a93-720ac7f17c66 req-35fb6bc1-3e16-4b33-b29d-28a7d9aaa172 5d1d5c78f15d4071be7ed443e906db8b b951c5383966400d8ee66ecbb39f338a - - default default] 10.0.0.34 "GET /v2.0/ports?device_id=9c2df6f5-ea67-405e-958f-82844877e803 HTTP/1.1" status: 200 len: 1156 time: 0.0710182
2026-04-07 01:14:06.416 9 INFO neutron.api.wsgi [req-0f2c560c-6b1a-4652-8a93-720ac7f17c66 req-54fe1bbf-d74e-4c45-a777-2bc414089bc9 5d1d5c78f15d4071be7ed443e906db8b b951c5383966400d8ee66ecbb39f338a - - default default] 10.0.0.34 "GET /v2.0/security-groups?id=445aa75f-3845-423b-ab99-e859e01eae90&fields=id&fields=name HTTP/1.1" status: 200 len: 312 time: 0.0352638
2026-04-07 01:14:06.489 9 INFO neutron.db.ovn_revision_numbers_db [req-1efa92d2-318d-44b8-96e1-2935a78a1815 req-94069a8f-5736-4f1a-b7ae-2169c32dda35 7d0d2603bc434069ac4d5dffa9f56548 e79fd64fc181478fa706ac5a07b28d28 - - 7553c7f0a3af4487b0a34e18e6fb07f9 7553c7f0a3af4487b0a34e18e6fb07f9] Successfully bumped revision number for resource 4be27edc-1cb9-4d6b-b953-f2f92180772c (type: ports) to 2
2026-04-07 01:14:06.674 10 INFO neutron.db.ovn_revision_numbers_db [None req-d56da22f-77bc-4f46-805e-7447972d5c4f - - - - - -] Successfully bumped revision number for resource e397474e-3c54-48b6-bdbd-09041eed75c5 (type: ports) to 2
2026-04-07 01:14:06.702 10 INFO neutron.db.ovn_revision_numbers_db [None req-d56da22f-77bc-4f46-805e-7447972d5c4f - - - - - -] Successfully bumped revision number for resource b77e29e3-5a8b-4d22-a4a7-d07aa0705c42 (type: subnets) to 0
2026-04-07 01:14:06.706 9 INFO neutron.db.ovn_revision_numbers_db [req-1efa92d2-318d-44b8-96e1-2935a78a1815 req-94069a8f-5736-4f1a-b7ae-2169c32dda35 7d0d2603bc434069ac4d5dffa9f56548 e79fd64fc181478fa706ac5a07b28d28 - - 7553c7f0a3af4487b0a34e18e6fb07f9 7553c7f0a3af4487b0a34e18e6fb07f9] Successfully bumped revision number for resource 4be27edc-1cb9-4d6b-b953-f2f92180772c (type: ports) to 4
2026-04-07 01:14:06.715 10 INFO neutron.api.wsgi [None req-5785fa9c-61dc-4deb-9b36-5ae899f39fd0 a846336fdd274255bb1080d3b350db62 c65d38dfb74b4fca8ed94030ed03ca8e - - default default] 10.0.0.138 "POST /v2.0/subnets HTTP/1.1" status: 201 len: 891 time: 0.6399994
2026-04-07 01:14:06.722 9 INFO neutron.api.wsgi [req-1efa92d2-318d-44b8-96e1-2935a78a1815 req-94069a8f-5736-4f1a-b7ae-2169c32dda35 7d0d2603bc434069ac4d5dffa9f56548 e79fd64fc181478fa706ac5a07b28d28 - - 7553c7f0a3af4487b0a34e18e6fb07f9 7553c7f0a3af4487b0a34e18e6fb07f9] 199.204.45.157 "PUT /v2.0/ports/4be27edc-1cb9-4d6b-b953-f2f92180772c HTTP/1.1" status: 200 len: 1404 time: 0.5635591 /var/lib/openstack/lib/python3.12/site-packages/pycadf/identifier.py:71: UserWarning: Invalid uuid: neutron. To ensure interoperability, identifiers should be a valid uuid. warnings.warn(('Invalid uuid: %s. To ensure interoperability, '
2026-04-07 01:14:07.019 9 INFO neutron.notifiers.nova [-] Nova event matching ['req-bea9d32e-bba4-4ad7-89e5-9ab7ff50276d'] response: {'name': 'network-changed', 'server_uuid': '9c2df6f5-ea67-405e-958f-82844877e803', 'tag': '4be27edc-1cb9-4d6b-b953-f2f92180772c', 'status': 'completed', 'code': 200}
2026-04-07 01:14:07.052 9 INFO neutron.api.wsgi [req-5368e77c-e6cd-4c72-9c42-6ecc239f8705 req-9b042b80-5a2b-4a7d-a2b7-37b6243f7361 7d0d2603bc434069ac4d5dffa9f56548 e79fd64fc181478fa706ac5a07b28d28 - - 7553c7f0a3af4487b0a34e18e6fb07f9 7553c7f0a3af4487b0a34e18e6fb07f9] 199.204.45.157 "GET /v2.0/ports?tenant_id=01fce35b331149e6b85ff1a0180efeb9&device_id=26bc7949-9fa5-40ef-8cbd-8296b8faa57b HTTP/1.1" status: 200 len: 1411 time: 0.0451589
2026-04-07 01:14:07.103 10 WARNING neutron.scheduler.dhcp_agent_scheduler [None req-ed50ea67-9308-47a6-9246-f81c7c103028 a846336fdd274255bb1080d3b350db62 c65d38dfb74b4fca8ed94030ed03ca8e - - default default] No more DHCP agents
2026-04-07 01:14:07.105 10 WARNING neutron.api.rpc.agentnotifiers.dhcp_rpc_agent_api [None req-ed50ea67-9308-47a6-9246-f81c7c103028 a846336fdd274255bb1080d3b350db62 c65d38dfb74b4fca8ed94030ed03ca8e - - default default] Unable to schedule network ec61ddbb-7eb1-4408-84d6-f654034c2325: no agents available; will retry on subsequent port and subnet creation events.
2026-04-07 01:14:07.113 9 INFO neutron.api.wsgi [req-5368e77c-e6cd-4c72-9c42-6ecc239f8705 req-e048ad47-17a6-4236-9ccb-75ab7325d8de 7d0d2603bc434069ac4d5dffa9f56548 e79fd64fc181478fa706ac5a07b28d28 - - 7553c7f0a3af4487b0a34e18e6fb07f9 7553c7f0a3af4487b0a34e18e6fb07f9] 199.204.45.157 "GET /v2.0/networks?id=7058624f-b701-41ed-bd08-e18affeac134 HTTP/1.1" status: 200 len: 982 time: 0.0522323
2026-04-07 01:14:07.138 9 INFO neutron.api.wsgi [req-5368e77c-e6cd-4c72-9c42-6ecc239f8705 req-a8048ae8-4ca0-445f-ba0a-725ee129695c 7d0d2603bc434069ac4d5dffa9f56548 e79fd64fc181478fa706ac5a07b28d28 - - 7553c7f0a3af4487b0a34e18e6fb07f9 7553c7f0a3af4487b0a34e18e6fb07f9] 199.204.45.157 "GET /v2.0/floatingips?fixed_ip_address=10.100.0.12&port_id=25ce0c81-653c-4d83-ab57-1fc9b3b96166 HTTP/1.1" status: 200 len: 217 time: 0.0189054
2026-04-07 01:14:07.169 9 INFO neutron.api.wsgi [req-5368e77c-e6cd-4c72-9c42-6ecc239f8705 req-313b6440-8e03-456a-a98b-e74b4e958691 7d0d2603bc434069ac4d5dffa9f56548 e79fd64fc181478fa706ac5a07b28d28 - - 7553c7f0a3af4487b0a34e18e6fb07f9 7553c7f0a3af4487b0a34e18e6fb07f9] 199.204.45.157 "GET /v2.0/subnets?id=3e11b1dc-b5f5-4d07-9bfc-9e81ff61c6df HTTP/1.1" status: 200 len: 901 time: 0.0263352
2026-04-07 01:14:07.201 9 INFO neutron.api.wsgi [req-5368e77c-e6cd-4c72-9c42-6ecc239f8705 req-77b15f54-c370-4a8b-b22b-f196afa83fb7 7d0d2603bc434069ac4d5dffa9f56548 e79fd64fc181478fa706ac5a07b28d28 - - 7553c7f0a3af4487b0a34e18e6fb07f9 7553c7f0a3af4487b0a34e18e6fb07f9] 199.204.45.157 "GET /v2.0/ports?network_id=7058624f-b701-41ed-bd08-e18affeac134&device_owner=network%3Adhcp HTTP/1.1" status: 200 len: 210 time: 0.0266070
2026-04-07 01:14:07.226 10 INFO neutron.db.ovn_revision_numbers_db [None req-ed50ea67-9308-47a6-9246-f81c7c103028 a846336fdd274255bb1080d3b350db62 c65d38dfb74b4fca8ed94030ed03ca8e - - default default] Successfully bumped revision number for resource 42034918-99ac-4d4c-ba08-3b5f54e46aa8 (type: ports) to 1
2026-04-07 01:14:07.251 9 INFO neutron.db.ovn_revision_numbers_db [None req-65c1699d-b89b-4353-b470-2f0bfc837d6b a846336fdd274255bb1080d3b350db62 c65d38dfb74b4fca8ed94030ed03ca8e - - default default] Successfully bumped revision number for resource 9eda3cc4-4143-4978-93ee-487722e8d767 (type: security_groups) to 1
2026-04-07 01:14:07.264 9 INFO neutron.api.wsgi [req-5368e77c-e6cd-4c72-9c42-6ecc239f8705 req-40ad85e0-ef8e-4138-8e4e-0262e219b408 7d0d2603bc434069ac4d5dffa9f56548 e79fd64fc181478fa706ac5a07b28d28 - - 7553c7f0a3af4487b0a34e18e6fb07f9 7553c7f0a3af4487b0a34e18e6fb07f9] 199.204.45.157 "GET /v2.0/networks/7058624f-b701-41ed-bd08-e18affeac134?fields=segments HTTP/1.1" status: 200 len: 212 time: 0.0552762
2026-04-07 01:14:07.291 9 INFO neutron.db.ovn_revision_numbers_db [None req-65c1699d-b89b-4353-b470-2f0bfc837d6b a846336fdd274255bb1080d3b350db62 c65d38dfb74b4fca8ed94030ed03ca8e - - default default] Successfully bumped revision number for resource 200debc8-1cf7-4435-b58d-d2ff0149d12a (type: security_group_rules) to 0
2026-04-07 01:14:07.298 9 INFO neutron.api.wsgi [req-f5f530d4-e189-4c49-868b-dddaae0dcb65 req-7c14dcae-c515-454a-9b8f-5858e477130a 5ec2fa5c407647659269c309368f01e3 01fce35b331149e6b85ff1a0180efeb9 - - default default] 10.0.0.34 "GET /v2.0/ports?device_id=26bc7949-9fa5-40ef-8cbd-8296b8faa57b HTTP/1.1" status: 200 len: 1172 time: 0.0479219
2026-04-07 01:14:07.309 9 INFO neutron.db.ovn_revision_numbers_db [None req-65c1699d-b89b-4353-b470-2f0bfc837d6b a846336fdd274255bb1080d3b350db62 c65d38dfb74b4fca8ed94030ed03ca8e - - default default] Successfully bumped revision number for resource 664076a9-d802-4465-a051-d6d059daf8ec (type: security_group_rules) to 0
2026-04-07 01:14:07.332 9 INFO neutron.api.wsgi [req-5368e77c-e6cd-4c72-9c42-6ecc239f8705 req-8e31c4dc-826c-4ac0-8f82-337b1e34827f 7d0d2603bc434069ac4d5dffa9f56548 e79fd64fc181478fa706ac5a07b28d28 - - 7553c7f0a3af4487b0a34e18e6fb07f9 7553c7f0a3af4487b0a34e18e6fb07f9] 199.204.45.157 "GET /v2.0/networks/7058624f-b701-41ed-bd08-e18affeac134?fields=provider%3Aphysical_network&fields=provider%3Anetwork_type HTTP/1.1" status: 200 len: 277 time: 0.0591753
2026-04-07 01:14:07.333 9 INFO neutron.db.ovn_revision_numbers_db [None req-65c1699d-b89b-4353-b470-2f0bfc837d6b a846336fdd274255bb1080d3b350db62 c65d38dfb74b4fca8ed94030ed03ca8e - - default default] Successfully bumped revision number for resource 755870c2-0d8b-4455-a875-73f27ed873e7 (type: security_group_rules) to 0
2026-04-07 01:14:07.346 9 INFO neutron.api.wsgi [req-f5f530d4-e189-4c49-868b-dddaae0dcb65 req-84f6c3dd-edf0-4c8c-9406-654a212cfc01 5ec2fa5c407647659269c309368f01e3 01fce35b331149e6b85ff1a0180efeb9 - - default default] 10.0.0.34 "GET /v2.0/security-groups?id=3d353f7b-a65f-4757-8bcf-caa8524da2b5&fields=id&fields=name HTTP/1.1" status: 200 len: 313 time: 0.0379789
2026-04-07 01:14:07.347 9 INFO neutron.db.ovn_revision_numbers_db [None req-65c1699d-b89b-4353-b470-2f0bfc837d6b a846336fdd274255bb1080d3b350db62 c65d38dfb74b4fca8ed94030ed03ca8e - - default default] Successfully bumped revision number for resource b707825f-6d31-4853-a70f-a68565967597 (type: security_group_rules) to 0
2026-04-07 01:14:07.380 9 INFO neutron.api.wsgi [None req-65c1699d-b89b-4353-b470-2f0bfc837d6b a846336fdd274255bb1080d3b350db62 c65d38dfb74b4fca8ed94030ed03ca8e - - default default] 10.0.0.138 "GET /v2.0/security-groups?tenant_id=695ecdb1e8ee44829b307126909c4d29&name=default HTTP/1.1" status: 200 len: 3120 time: 0.4491649
2026-04-07 01:14:07.515 9 INFO neutron.api.wsgi [req-e8622ba3-9c6a-47a2-97f4-99fd8d903afc req-9d41dabe-5251-4c36-8842-438a428d6302 5d1d5c78f15d4071be7ed443e906db8b b951c5383966400d8ee66ecbb39f338a - - default default] 10.0.0.34 "GET /v2.0/ports?device_id=9c2df6f5-ea67-405e-958f-82844877e803 HTTP/1.1" status: 200 len: 1168 time: 0.0366306
2026-04-07 01:14:07.565 9 INFO neutron.api.wsgi [req-04fbce9c-f6a0-49fb-a882-7c40a4bec407 req-0141392d-28a5-47f7-b104-8acaeee34de2 7d0d2603bc434069ac4d5dffa9f56548 e79fd64fc181478fa706ac5a07b28d28 - - 7553c7f0a3af4487b0a34e18e6fb07f9 7553c7f0a3af4487b0a34e18e6fb07f9] 199.204.45.157 "GET /v2.0/ports?tenant_id=b951c5383966400d8ee66ecbb39f338a&device_id=9c2df6f5-ea67-405e-958f-82844877e803 HTTP/1.1" status: 200 len: 1407 time: 0.0368078
2026-04-07 01:14:07.569 9 INFO neutron.api.wsgi [req-e8622ba3-9c6a-47a2-97f4-99fd8d903afc req-a7caeacd-a424-410e-993e-3d11f7049be1 5d1d5c78f15d4071be7ed443e906db8b b951c5383966400d8ee66ecbb39f338a - - default default] 10.0.0.34 "GET /v2.0/security-groups?id=445aa75f-3845-423b-ab99-e859e01eae90&fields=id&fields=name HTTP/1.1" status: 200 len: 312 time: 0.0469477
2026-04-07 01:14:07.602 9 INFO neutron.api.wsgi [req-04fbce9c-f6a0-49fb-a882-7c40a4bec407 req-c3d84c13-3527-4c93-a648-f7ba4128979e 7d0d2603bc434069ac4d5dffa9f56548 e79fd64fc181478fa706ac5a07b28d28 - - 7553c7f0a3af4487b0a34e18e6fb07f9 7553c7f0a3af4487b0a34e18e6fb07f9] 199.204.45.157 "GET /v2.0/networks?tenant_id=b951c5383966400d8ee66ecbb39f338a&shared=False HTTP/1.1" status: 200 len: 977 time: 0.0316367
2026-04-07 01:14:07.621 9 INFO neutron.api.wsgi [None req-a66c7c62-90c7-4ff3-9c2e-4ac1ea4d1fe0 a846336fdd274255bb1080d3b350db62 c65d38dfb74b4fca8ed94030ed03ca8e - - default default] 10.0.0.138 "DELETE /v2.0/security-groups/9eda3cc4-4143-4978-93ee-487722e8d767 HTTP/1.1" status: 204 len: 168 time: 0.2359004
2026-04-07 01:14:07.708 10 INFO neutron.plugins.ml2.drivers.ovn.mech_driver.ovsdb.commands [None req-f2a0174a-7ea2-48e3-afc5-326caf6f1631 - - - - - -] Schedule LRP lrp-42034918-99ac-4d4c-ba08-3b5f54e46aa8 on gateway dedb4208-68ee-43a9-b1d9-28a114a3ebd9 with priority 1
2026-04-07 01:14:07.717 10 INFO neutron.plugins.ml2.drivers.ovn.mech_driver.mech_driver [None req-005d7b86-1487-4b84-9792-1c01529d2279 - - - - - -] OVN reports status up for port: 42034918-99ac-4d4c-ba08-3b5f54e46aa8
2026-04-07 01:14:07.737 10 INFO neutron.plugins.ml2.plugin [None req-005d7b86-1487-4b84-9792-1c01529d2279 - - - - - -] Attempt 1 to provision port 42034918-99ac-4d4c-ba08-3b5f54e46aa8
2026-04-07 01:14:07.742 9 INFO neutron.plugins.ml2.drivers.ovn.mech_driver.ovsdb.ovsdb_monitor [-] Router 6e5e452f-77c0-4106-84b1-c6819bb47fe7 is bound to host instance
2026-04-07 01:14:07.764 10 INFO neutron.db.ovn_revision_numbers_db [None req-ed50ea67-9308-47a6-9246-f81c7c103028 a846336fdd274255bb1080d3b350db62 c65d38dfb74b4fca8ed94030ed03ca8e - - default default] Successfully bumped revision number for resource 42034918-99ac-4d4c-ba08-3b5f54e46aa8 (type: router_ports) to 1
2026-04-07 01:14:07.812 9 INFO neutron.api.wsgi [req-04fbce9c-f6a0-49fb-a882-7c40a4bec407 req-58dfecc8-96fa-44c9-92ae-de43a46b3b6f 7d0d2603bc434069ac4d5dffa9f56548 e79fd64fc181478fa706ac5a07b28d28 - - 7553c7f0a3af4487b0a34e18e6fb07f9 7553c7f0a3af4487b0a34e18e6fb07f9] 199.204.45.157 "GET /v2.0/networks?shared=True HTTP/1.1" status: 200 len: 952 time: 0.0946937
2026-04-07 01:14:07.821 10 INFO neutron.db.ovn_revision_numbers_db [None req-ed50ea67-9308-47a6-9246-f81c7c103028 a846336fdd274255bb1080d3b350db62 c65d38dfb74b4fca8ed94030ed03ca8e - - default default] Successfully bumped revision number for resource 6e5e452f-77c0-4106-84b1-c6819bb47fe7 (type: routers) to 2
2026-04-07 01:14:07.835 10 INFO neutron.api.wsgi [None req-ed50ea67-9308-47a6-9246-f81c7c103028 a846336fdd274255bb1080d3b350db62 c65d38dfb74b4fca8ed94030ed03ca8e - - default default] 10.0.0.138 "POST /v2.0/routers HTTP/1.1" status: 201 len: 1169 time: 1.1135569
2026-04-07 01:14:07.869 9 INFO neutron.db.ovn_revision_numbers_db [None req-8079470c-6482-42e6-9191-b0bb6df40c27 a846336fdd274255bb1080d3b350db62 c65d38dfb74b4fca8ed94030ed03ca8e - - default default] Successfully bumped revision number for resource 07e81f9c-68a5-4c52-8c6f-61f98acdf498 (type: security_groups) to 1
2026-04-07 01:14:07.884 9 INFO neutron.db.ovn_revision_numbers_db [None req-8079470c-6482-42e6-9191-b0bb6df40c27 a846336fdd274255bb1080d3b350db62 c65d38dfb74b4fca8ed94030ed03ca8e - - default default] Successfully bumped revision number for resource 20ea52ef-5a36-47f0-9827-81990326bc4c (type: security_group_rules) to 0
2026-04-07 01:14:07.899 9 INFO neutron.db.ovn_revision_numbers_db [None req-8079470c-6482-42e6-9191-b0bb6df40c27 a846336fdd274255bb1080d3b350db62 c65d38dfb74b4fca8ed94030ed03ca8e - - default default] Successfully bumped revision number for resource 70632b57-5fbd-4a15-8e28-3d85c2367b2d (type: security_group_rules) to 0
2026-04-07 01:14:07.913 9 INFO neutron.db.ovn_revision_numbers_db [None req-8079470c-6482-42e6-9191-b0bb6df40c27 a846336fdd274255bb1080d3b350db62 c65d38dfb74b4fca8ed94030ed03ca8e - - default default] Successfully bumped revision number for resource 854528be-ec17-4600-a1bd-8b01521cb739 (type: security_group_rules) to 0
2026-04-07 01:14:07.927 9 INFO neutron.db.ovn_revision_numbers_db [None req-8079470c-6482-42e6-9191-b0bb6df40c27 a846336fdd274255bb1080d3b350db62 c65d38dfb74b4fca8ed94030ed03ca8e - - default default] Successfully bumped revision number for resource ac25fbf1-1a13-4d1e-94a5-e5e570ed67c1 (type: security_group_rules) to 0
2026-04-07 01:14:07.970 9 INFO neutron.api.wsgi [None req-8079470c-6482-42e6-9191-b0bb6df40c27 a846336fdd274255bb1080d3b350db62 c65d38dfb74b4fca8ed94030ed03ca8e - - default default] 10.0.0.138 "GET /v2.0/security-groups?tenant_id=8651e44817a048bfbcc5950ae01e994c&name=default HTTP/1.1" status: 200 len: 3120 time: 0.2693622
2026-04-07 01:14:08.150 9 INFO neutron.db.ovn_revision_numbers_db [None req-2edc1a3a-4733-4456-bd9d-097fc1148c7f - - - - - -] Successfully bumped revision number for resource 42034918-99ac-4d4c-ba08-3b5f54e46aa8 (type: ports) to 1
2026-04-07 01:14:08.277 10 WARNING neutron.scheduler.dhcp_agent_scheduler [None req-e4b18809-7071-4699-a9d3-a00bb1f244be a846336fdd274255bb1080d3b350db62 c65d38dfb74b4fca8ed94030ed03ca8e - - default default] No more DHCP agents
2026-04-07 01:14:08.279 10 WARNING neutron.api.rpc.agentnotifiers.dhcp_rpc_agent_api [None req-e4b18809-7071-4699-a9d3-a00bb1f244be a846336fdd274255bb1080d3b350db62 c65d38dfb74b4fca8ed94030ed03ca8e - - default default] Unable to schedule network 9d4d06d7-36e3-4e19-bd0b-29517772641e: no agents available; will retry on subsequent port and subnet creation events.
2026-04-07 01:14:08.317 10 INFO neutron.api.wsgi [None req-4b8772f3-4b82-4560-9634-a08ee770c408 a846336fdd274255bb1080d3b350db62 c65d38dfb74b4fca8ed94030ed03ca8e - - default default] 10.0.0.138 "DELETE /v2.0/security-groups/07e81f9c-68a5-4c52-8c6f-61f98acdf498 HTTP/1.1" status: 204 len: 168 time: 0.3403208
2026-04-07 01:14:08.407 10 INFO neutron.db.ovn_revision_numbers_db [None req-e4b18809-7071-4699-a9d3-a00bb1f244be a846336fdd274255bb1080d3b350db62 c65d38dfb74b4fca8ed94030ed03ca8e - - default default] Successfully bumped revision number for resource b5eb7b4c-9666-49be-a394-5d0ee99deaa1 (type: ports) to 1
2026-04-07 01:14:08.456 9 INFO neutron.api.wsgi [req-8c12ff0a-38c2-4099-9e14-337d9c0ca259 req-6926d6a3-8001-4f0a-8b89-65614ee15af2 5ec2fa5c407647659269c309368f01e3 01fce35b331149e6b85ff1a0180efeb9 - - default default] 10.0.0.34 "GET /v2.0/ports?device_id=26bc7949-9fa5-40ef-8cbd-8296b8faa57b HTTP/1.1" status: 200 len: 1172 time: 0.0317216
2026-04-07 01:14:08.457 9 INFO neutron.db.ovn_revision_numbers_db [None req-2edc1a3a-4733-4456-bd9d-097fc1148c7f - - - - - -] Successfully bumped revision number for resource 42034918-99ac-4d4c-ba08-3b5f54e46aa8 (type: ports) to 4
2026-04-07 01:14:08.497 9 INFO neutron.api.wsgi [req-8c12ff0a-38c2-4099-9e14-337d9c0ca259 req-d92b8513-7be1-41d8-9e83-4d27f14f24be 5ec2fa5c407647659269c309368f01e3 01fce35b331149e6b85ff1a0180efeb9 - - default default] 10.0.0.34 "GET /v2.0/security-groups?id=3d353f7b-a65f-4757-8bcf-caa8524da2b5&fields=id&fields=name HTTP/1.1" status: 200 len: 313 time: 0.0344174
2026-04-07 01:14:08.693 9 INFO neutron.api.wsgi [req-22a91116-a1bc-4e62-ae3c-4c4e6f7beded req-5056262d-db52-45c3-b7af-a6f15c10727a 5d1d5c78f15d4071be7ed443e906db8b b951c5383966400d8ee66ecbb39f338a - - default default] 10.0.0.34 "GET /v2.0/ports?device_id=9c2df6f5-ea67-405e-958f-82844877e803 HTTP/1.1" status: 200 len: 1168 time: 0.0429363
2026-04-07 01:14:08.742 9 INFO neutron.api.wsgi [req-22a91116-a1bc-4e62-ae3c-4c4e6f7beded req-e48d9835-68ff-4bed-858a-42b51aaf2b32 5d1d5c78f15d4071be7ed443e906db8b b951c5383966400d8ee66ecbb39f338a - - default default] 10.0.0.34 "GET /v2.0/security-groups?id=445aa75f-3845-423b-ab99-e859e01eae90&fields=id&fields=name HTTP/1.1" status: 200 len: 312 time: 0.0435460
2026-04-07 01:14:08.770 9 INFO neutron.db.ovn_revision_numbers_db [None req-2edc1a3a-4733-4456-bd9d-097fc1148c7f - - - - - -] Successfully bumped revision number for resource 42034918-99ac-4d4c-ba08-3b5f54e46aa8 (type: ports) to 5
2026-04-07 01:14:08.852 9 INFO neutron.api.wsgi [req-1efa92d2-318d-44b8-96e1-2935a78a1815 req-f2d762ec-8d78-4cde-b75a-b74425247e62 7d0d2603bc434069ac4d5dffa9f56548 e79fd64fc181478fa706ac5a07b28d28 - - 7553c7f0a3af4487b0a34e18e6fb07f9 7553c7f0a3af4487b0a34e18e6fb07f9] 199.204.45.157 "GET /v2.0/ports?tenant_id=b951c5383966400d8ee66ecbb39f338a&device_id=9c2df6f5-ea67-405e-958f-82844877e803 HTTP/1.1" status: 200 len: 1407 time: 0.0231578
2026-04-07 01:14:08.869 9 INFO neutron.api.wsgi [req-1efa92d2-318d-44b8-96e1-2935a78a1815 req-13b1c0bf-049d-402d-84d2-b6eba76bc211 7d0d2603bc434069ac4d5dffa9f56548 e79fd64fc181478fa706ac5a07b28d28 - - 7553c7f0a3af4487b0a34e18e6fb07f9 7553c7f0a3af4487b0a34e18e6fb07f9] 199.204.45.157 "GET /v2.0/floatingips?fixed_ip_address=10.100.0.8&port_id=4be27edc-1cb9-4d6b-b953-f2f92180772c HTTP/1.1" status: 200 len: 217 time: 0.0117013
2026-04-07 01:14:08.902 9 INFO neutron.api.wsgi [req-1efa92d2-318d-44b8-96e1-2935a78a1815 req-dbf19ee2-9aa7-4a5e-aa79-e443fa9c329e 7d0d2603bc434069ac4d5dffa9f56548 e79fd64fc181478fa706ac5a07b28d28 - - 7553c7f0a3af4487b0a34e18e6fb07f9 7553c7f0a3af4487b0a34e18e6fb07f9] 199.204.45.157 "GET /v2.0/subnets?id=bcbf2465-6432-4cf2-997c-00db222cea65 HTTP/1.1" status: 200 len: 897 time: 0.0275061
2026-04-07 01:14:08.917 9 INFO neutron.api.wsgi [req-1efa92d2-318d-44b8-96e1-2935a78a1815 req-268292d7-798c-4fd6-ae0c-d92fd95b084d 7d0d2603bc434069ac4d5dffa9f56548 e79fd64fc181478fa706ac5a07b28d28 - - 7553c7f0a3af4487b0a34e18e6fb07f9 7553c7f0a3af4487b0a34e18e6fb07f9] 199.204.45.157 "GET /v2.0/ports?network_id=4889335c-c4ec-426c-bf7b-c1188ab45edb&device_owner=network%3Adhcp HTTP/1.1" status: 200 len: 210 time: 0.0106385
2026-04-07 01:14:08.950 10 INFO neutron.db.ovn_revision_numbers_db [None req-e4b18809-7071-4699-a9d3-a00bb1f244be a846336fdd274255bb1080d3b350db62 c65d38dfb74b4fca8ed94030ed03ca8e - - default default] Successfully bumped revision number for resource b5eb7b4c-9666-49be-a394-5d0ee99deaa1 (type: ports) to 1
2026-04-07 01:14:08.966 9 INFO neutron.api.wsgi [req-1efa92d2-318d-44b8-96e1-2935a78a1815 req-565b6522-ed65-49dc-ad42-3c69569b368b 7d0d2603bc434069ac4d5dffa9f56548 e79fd64fc181478fa706ac5a07b28d28 - - 7553c7f0a3af4487b0a34e18e6fb07f9 7553c7f0a3af4487b0a34e18e6fb07f9] 199.204.45.157 "GET /v2.0/networks/4889335c-c4ec-426c-bf7b-c1188ab45edb?fields=segments HTTP/1.1" status: 200 len: 212 time: 0.0396283
2026-04-07 01:14:08.997 9 INFO neutron.api.wsgi [req-1efa92d2-318d-44b8-96e1-2935a78a1815 req-2381425f-8e45-4eb5-866e-b81feceacd78 7d0d2603bc434069ac4d5dffa9f56548 e79fd64fc181478fa706ac5a07b28d28 - - 7553c7f0a3af4487b0a34e18e6fb07f9 7553c7f0a3af4487b0a34e18e6fb07f9] 199.204.45.157 "GET /v2.0/networks/4889335c-c4ec-426c-bf7b-c1188ab45edb?fields=provider%3Aphysical_network&fields=provider%3Anetwork_type HTTP/1.1" status: 200 len: 277 time: 0.0264094
2026-04-07 01:14:08.998 10 WARNING neutron.scheduler.dhcp_agent_scheduler [None req-e4b18809-7071-4699-a9d3-a00bb1f244be a846336fdd274255bb1080d3b350db62 c65d38dfb74b4fca8ed94030ed03ca8e - - default default] No more DHCP agents
2026-04-07 01:14:08.999 10 WARNING neutron.api.rpc.agentnotifiers.dhcp_rpc_agent_api [None req-e4b18809-7071-4699-a9d3-a00bb1f244be a846336fdd274255bb1080d3b350db62 c65d38dfb74b4fca8ed94030ed03ca8e - - default default] Unable to schedule network 9d4d06d7-36e3-4e19-bd0b-29517772641e: no agents available; will retry on subsequent port and subnet creation events.
2026-04-07 01:14:09.651 10 INFO neutron.db.ovn_revision_numbers_db [None req-e4b18809-7071-4699-a9d3-a00bb1f244be a846336fdd274255bb1080d3b350db62 c65d38dfb74b4fca8ed94030ed03ca8e - - default default] Successfully bumped revision number for resource b5eb7b4c-9666-49be-a394-5d0ee99deaa1 (type: router_ports) to 1
2026-04-07 01:14:09.656 9 INFO neutron.api.wsgi [req-7cef1c5d-e530-4037-ac12-33edbcf864a0 req-f4e79d33-0279-4415-988b-1dd386001331 5ec2fa5c407647659269c309368f01e3 01fce35b331149e6b85ff1a0180efeb9 - - default default] 10.0.0.34 "GET /v2.0/ports?device_id=26bc7949-9fa5-40ef-8cbd-8296b8faa57b HTTP/1.1" status: 200 len: 1172 time: 0.0826056
2026-04-07 01:14:09.658 10 INFO neutron.api.wsgi [None req-e4b18809-7071-4699-a9d3-a00bb1f244be a846336fdd274255bb1080d3b350db62 c65d38dfb74b4fca8ed94030ed03ca8e - - default default] 10.0.0.138 "PUT /v2.0/routers/6e5e452f-77c0-4106-84b1-c6819bb47fe7/add_router_interface HTTP/1.1" status: 200 len: 503 time: 1.8146317
2026-04-07 01:14:09.693 9 INFO neutron.api.wsgi [req-7cef1c5d-e530-4037-ac12-33edbcf864a0 req-60eafef8-c76a-40f3-aa99-7ce353a97507 5ec2fa5c407647659269c309368f01e3 01fce35b331149e6b85ff1a0180efeb9 - - default default] 10.0.0.34 "GET /v2.0/security-groups?id=3d353f7b-a65f-4757-8bcf-caa8524da2b5&fields=id&fields=name HTTP/1.1" status: 200 len: 313 time: 0.0313895
2026-04-07 01:14:09.859 9 INFO neutron.api.wsgi [req-751344dc-b50d-448c-b325-85beaded524b req-4de116a1-4d7b-4098-857d-1cd26df22931 5d1d5c78f15d4071be7ed443e906db8b b951c5383966400d8ee66ecbb39f338a - - default default] 10.0.0.34 "GET /v2.0/ports?device_id=9c2df6f5-ea67-405e-958f-82844877e803 HTTP/1.1" status: 200 len: 1168 time: 0.0380859
2026-04-07 01:14:09.897 9 INFO neutron.api.wsgi [req-751344dc-b50d-448c-b325-85beaded524b req-32d8a20e-97fb-4583-a5a5-b32989b994e3 5d1d5c78f15d4071be7ed443e906db8b b951c5383966400d8ee66ecbb39f338a - - default default] 10.0.0.34 "GET /v2.0/security-groups?id=445aa75f-3845-423b-ab99-e859e01eae90&fields=id&fields=name HTTP/1.1" status: 200 len: 312 time: 0.0321555
2026-04-07 01:14:10.217 9 WARNING neutron_lib.context [req-d6311559-3eb5-4ebc-af51-b038e8605cfb req-4810015e-1fe6-436b-a1ed-62de3ccd2549 8c83968fab3745a587d4c884fb57ffe0 ebd6f285286b445d83745ac7d8d5a2f8 - - default default] Method 'is_advsvc' is deprecated since 2023.2 release (neutron-lib 3.8.0) and will be removed once support for the old RBAC API policies will be removed from Neutron. Please use method 'is_service_role' instead.
2026-04-07 01:14:10.297 9 INFO neutron.db.ovn_revision_numbers_db [req-d6311559-3eb5-4ebc-af51-b038e8605cfb req-4810015e-1fe6-436b-a1ed-62de3ccd2549 8c83968fab3745a587d4c884fb57ffe0 ebd6f285286b445d83745ac7d8d5a2f8 - - default default] Successfully bumped revision number for resource 20dd77ac-c33d-439a-a464-5b1c50b3f5c8 (type: security_groups) to 1
2026-04-07 01:14:10.307 9 INFO neutron.db.ovn_revision_numbers_db [req-d6311559-3eb5-4ebc-af51-b038e8605cfb req-4810015e-1fe6-436b-a1ed-62de3ccd2549 8c83968fab3745a587d4c884fb57ffe0 ebd6f285286b445d83745ac7d8d5a2f8 - - default default] Successfully bumped revision number for resource 59989fcc-9558-4608-b8af-6ef6068e6cdb (type: security_group_rules) to 0
2026-04-07 01:14:10.317 9 INFO neutron.db.ovn_revision_numbers_db [req-d6311559-3eb5-4ebc-af51-b038e8605cfb req-4810015e-1fe6-436b-a1ed-62de3ccd2549 8c83968fab3745a587d4c884fb57ffe0 ebd6f285286b445d83745ac7d8d5a2f8 - - default default] Successfully bumped revision number for resource 9411c559-bcaa-40e5-8d70-f3e424bbe5d2 (type: security_group_rules) to 0
2026-04-07 01:14:10.320 10 INFO neutron.plugins.ml2.drivers.ovn.mech_driver.mech_driver [None req-005d7b86-1487-4b84-9792-1c01529d2279 - - - - - -] OVN reports status up for port: b5eb7b4c-9666-49be-a394-5d0ee99deaa1
2026-04-07 01:14:10.326 10 INFO neutron.plugins.ml2.plugin [None req-005d7b86-1487-4b84-9792-1c01529d2279 - - - - - -] Attempt 1 to provision port b5eb7b4c-9666-49be-a394-5d0ee99deaa1
2026-04-07 01:14:10.342 9 INFO neutron.api.wsgi [req-d6311559-3eb5-4ebc-af51-b038e8605cfb req-4810015e-1fe6-436b-a1ed-62de3ccd2549 8c83968fab3745a587d4c884fb57ffe0 ebd6f285286b445d83745ac7d8d5a2f8 - - default default] 10.0.0.34 "POST /v2.0/security-groups HTTP/1.1" status: 201 len: 1886 time: 0.1329229
2026-04-07 01:14:10.372 9 WARNING neutron_lib.context [req-8b24b2cd-563f-4d44-9b53-96c88f911bf5 req-09f715e6-65fa-4e65-9199-3c6831392883 8c83968fab3745a587d4c884fb57ffe0 ebd6f285286b445d83745ac7d8d5a2f8 - - default default] Method 'is_advsvc' is deprecated since 2023.2 release (neutron-lib 3.8.0) and will be removed once support for the old RBAC API policies will be removed from Neutron. Please use method 'is_service_role' instead.
2026-04-07 01:14:10.478 9 INFO neutron.db.ovn_revision_numbers_db [req-8b24b2cd-563f-4d44-9b53-96c88f911bf5 req-09f715e6-65fa-4e65-9199-3c6831392883 8c83968fab3745a587d4c884fb57ffe0 ebd6f285286b445d83745ac7d8d5a2f8 - - default default] Successfully bumped revision number for resource 2d2ebf7c-23a0-4866-9067-fbb6b83dee01 (type: security_groups) to 1
2026-04-07 01:14:10.488 9 INFO neutron.db.ovn_revision_numbers_db [req-8b24b2cd-563f-4d44-9b53-96c88f911bf5 req-09f715e6-65fa-4e65-9199-3c6831392883 8c83968fab3745a587d4c884fb57ffe0 ebd6f285286b445d83745ac7d8d5a2f8 - - default default] Successfully bumped revision number for resource 5cde49fb-ac9b-4cf8-a797-f9704cbb54a7 (type: security_group_rules) to 0
2026-04-07 01:14:10.501 9 INFO neutron.db.ovn_revision_numbers_db [req-8b24b2cd-563f-4d44-9b53-96c88f911bf5 req-09f715e6-65fa-4e65-9199-3c6831392883 8c83968fab3745a587d4c884fb57ffe0 ebd6f285286b445d83745ac7d8d5a2f8 - - default default] Successfully bumped revision number for resource 6b8e7959-3b8a-47ea-9cca-a38432b8e1d3 (type: security_group_rules) to 0
2026-04-07 01:14:10.529 9 INFO neutron.api.wsgi [req-8b24b2cd-563f-4d44-9b53-96c88f911bf5 req-09f715e6-65fa-4e65-9199-3c6831392883 8c83968fab3745a587d4c884fb57ffe0 ebd6f285286b445d83745ac7d8d5a2f8 - - default default] 10.0.0.34 "POST /v2.0/security-groups HTTP/1.1" status: 201 len: 1884 time: 0.1606863
2026-04-07 01:14:10.559 9 WARNING neutron_lib.context [req-db2a498e-d115-4d7f-8bb2-f18e7aeb9edf req-f77baef6-69b4-4b00-b890-04000b74f4e6 8c83968fab3745a587d4c884fb57ffe0 ebd6f285286b445d83745ac7d8d5a2f8 - - default default] Method 'is_advsvc' is deprecated since 2023.2 release (neutron-lib 3.8.0) and will be removed once support for the old RBAC API policies will be removed from Neutron. Please use method 'is_service_role' instead.
2026-04-07 01:14:10.668 10 INFO neutron.db.ovn_revision_numbers_db [None req-005d7b86-1487-4b84-9792-1c01529d2279 - - - - - -] Successfully bumped revision number for resource b5eb7b4c-9666-49be-a394-5d0ee99deaa1 (type: ports) to 2
2026-04-07 01:14:10.677 9 INFO neutron.db.ovn_revision_numbers_db [req-db2a498e-d115-4d7f-8bb2-f18e7aeb9edf req-f77baef6-69b4-4b00-b890-04000b74f4e6 8c83968fab3745a587d4c884fb57ffe0 ebd6f285286b445d83745ac7d8d5a2f8 - - default default] Successfully bumped revision number for resource e4df597a-e378-4020-9acd-a20e8a3ec3f9 (type: security_groups) to 1
2026-04-07 01:14:10.688 9 INFO neutron.db.ovn_revision_numbers_db [req-db2a498e-d115-4d7f-8bb2-f18e7aeb9edf req-f77baef6-69b4-4b00-b890-04000b74f4e6 8c83968fab3745a587d4c884fb57ffe0 ebd6f285286b445d83745ac7d8d5a2f8 - - default default] Successfully bumped revision number for resource 3d36f25a-0f09-4bdd-b620-7c3d4b7ab3a8 (type: security_group_rules) to 0
2026-04-07 01:14:10.700 9 INFO neutron.db.ovn_revision_numbers_db [req-db2a498e-d115-4d7f-8bb2-f18e7aeb9edf req-f77baef6-69b4-4b00-b890-04000b74f4e6 8c83968fab3745a587d4c884fb57ffe0 ebd6f285286b445d83745ac7d8d5a2f8 - - default default] Successfully bumped revision number for resource 972b2919-340b-46c9-9f3e-c83e043d86de (type: security_group_rules) to 0
2026-04-07 01:14:10.733 9 INFO neutron.api.wsgi [req-db2a498e-d115-4d7f-8bb2-f18e7aeb9edf req-f77baef6-69b4-4b00-b890-04000b74f4e6 8c83968fab3745a587d4c884fb57ffe0 ebd6f285286b445d83745ac7d8d5a2f8 - - default default] 10.0.0.34 "POST /v2.0/security-groups HTTP/1.1" status: 201 len: 1886 time: 0.1780918
2026-04-07 01:14:10.795 9 INFO neutron.api.wsgi [req-b3df0ee5-7149-4984-9f2d-76944021a3c1 req-a5f867e8-3a85-4557-8fbb-774cfd37343a 5ec2fa5c407647659269c309368f01e3 01fce35b331149e6b85ff1a0180efeb9 - - default default] 10.0.0.34 "GET /v2.0/ports?device_id=26bc7949-9fa5-40ef-8cbd-8296b8faa57b HTTP/1.1" status: 200 len: 1172 time: 0.0432532
2026-04-07 01:14:10.814 9 INFO neutron.api.wsgi [req-76cf9163-c5e8-4e41-867e-621d19c955f5 req-25483c90-e75f-44cc-ad8b-b70d52e623d6 8c83968fab3745a587d4c884fb57ffe0 ebd6f285286b445d83745ac7d8d5a2f8 - - default default] 10.0.0.34 "GET /v2.0/security-groups?tenant_id=ebd6f285286b445d83745ac7d8d5a2f8 HTTP/1.1" status: 200 len: 8106 time: 0.0611272
2026-04-07 01:14:10.854 9 INFO neutron.api.wsgi [req-b3df0ee5-7149-4984-9f2d-76944021a3c1 req-6552b4cf-8c18-4d01-a717-0e2744258049 5ec2fa5c407647659269c309368f01e3 01fce35b331149e6b85ff1a0180efeb9 - - default default] 10.0.0.34 "GET /v2.0/security-groups?id=3d353f7b-a65f-4757-8bcf-caa8524da2b5&fields=id&fields=name HTTP/1.1" status: 200 len: 313 time: 0.0523179
2026-04-07 01:14:10.856 9 INFO neutron.api.wsgi [req-76cf9163-c5e8-4e41-867e-621d19c955f5 req-2bb5d617-22c0-4cb1-9e26-7a3d62f656e7 8c83968fab3745a587d4c884fb57ffe0 ebd6f285286b445d83745ac7d8d5a2f8 - - default default] 10.0.0.34 "GET /v2.0/security-groups/7d5466d3-1feb-4c42-9f72-1ded6f31a2f6 HTTP/1.1" status: 200 len: 3122 time: 0.0370567
2026-04-07 01:14:10.893 9 INFO neutron.api.wsgi [req-76cf9163-c5e8-4e41-867e-621d19c955f5 req-07857652-e6c2-4baf-a2f4-279cff44e347 8c83968fab3745a587d4c884fb57ffe0 ebd6f285286b445d83745ac7d8d5a2f8 - - default default] 10.0.0.34 "GET /v2.0/security-groups/7d5466d3-1feb-4c42-9f72-1ded6f31a2f6 HTTP/1.1" status: 200 len: 3122 time: 0.0313625
2026-04-07 01:14:10.941 9 INFO neutron.api.wsgi [req-e45fd92b-8e61-4756-8ada-c2ca7cb4084b req-0a877819-ff26-47db-9925-8e4c823a440e 8c83968fab3745a587d4c884fb57ffe0 ebd6f285286b445d83745ac7d8d5a2f8 - - default default] 10.0.0.34 "GET /v2.0/security-groups/20dd77ac-c33d-439a-a464-5b1c50b3f5c8 HTTP/1.1" status: 200 len: 1881 time: 0.0225816
2026-04-07 01:14:10.970 10 INFO neutron.db.ovn_revision_numbers_db [None req-daa57ebb-daae-4a74-9e4b-182ee32fedf5 a846336fdd274255bb1080d3b350db62 c65d38dfb74b4fca8ed94030ed03ca8e - - default default] Successfully bumped revision number for resource f510c63d-727f-48de-8816-d28a8c676ce7 (type: security_groups) to 1
2026-04-07 01:14:10.981 10 INFO neutron.db.ovn_revision_numbers_db [None req-daa57ebb-daae-4a74-9e4b-182ee32fedf5 a846336fdd274255bb1080d3b350db62 c65d38dfb74b4fca8ed94030ed03ca8e - - default default] Successfully bumped revision number for resource 495ae284-b04e-41b0-97a9-89a7b6e458b5 (type: security_group_rules) to 0
2026-04-07 01:14:10.985 9 INFO neutron.api.wsgi [req-aa334241-a70b-47db-b826-d42783b8ec62 req-09be0562-564f-470f-a088-92d364d05149 5d1d5c78f15d4071be7ed443e906db8b b951c5383966400d8ee66ecbb39f338a - - default default] 10.0.0.34 "GET /v2.0/ports?device_id=9c2df6f5-ea67-405e-958f-82844877e803 HTTP/1.1" status: 200 len: 1168 time: 0.0311956
2026-04-07 01:14:10.991 10 INFO neutron.db.ovn_revision_numbers_db [None req-daa57ebb-daae-4a74-9e4b-182ee32fedf5 a846336fdd274255bb1080d3b350db62 c65d38dfb74b4fca8ed94030ed03ca8e - - default default] Successfully bumped revision number for resource c44b6e31-9a1f-46ca-a7d0-3cb0364f7ec0 (type: security_group_rules) to 0
2026-04-07 01:14:11.002 10 INFO neutron.db.ovn_revision_numbers_db [None req-daa57ebb-daae-4a74-9e4b-182ee32fedf5 a846336fdd274255bb1080d3b350db62 c65d38dfb74b4fca8ed94030ed03ca8e - - default default] Successfully bumped revision number for resource da630c06-0863-4dd8-b382-678dba2c3648 (type: security_group_rules) to 0
2026-04-07 01:14:11.014 10 INFO neutron.db.ovn_revision_numbers_db [None req-daa57ebb-daae-4a74-9e4b-182ee32fedf5 a846336fdd274255bb1080d3b350db62 c65d38dfb74b4fca8ed94030ed03ca8e - - default default] Successfully bumped revision number for resource e6a244e0-96df-414f-85bc-65bad457f457 (type: security_group_rules) to 0
2026-04-07 01:14:11.024 9 INFO neutron.api.wsgi [req-aa334241-a70b-47db-b826-d42783b8ec62 req-ee9197db-6f2c-4904-86ca-2c65c63c826f 5d1d5c78f15d4071be7ed443e906db8b b951c5383966400d8ee66ecbb39f338a - - default default] 10.0.0.34 "GET /v2.0/security-groups?id=445aa75f-3845-423b-ab99-e859e01eae90&fields=id&fields=name HTTP/1.1" status: 200 len: 312 time: 0.0330575
2026-04-07 01:14:11.049 10 INFO neutron.api.wsgi [None req-daa57ebb-daae-4a74-9e4b-182ee32fedf5 a846336fdd274255bb1080d3b350db62 c65d38dfb74b4fca8ed94030ed03ca8e - - default default] 10.0.0.138 "GET /v2.0/security-groups?tenant_id=75ea5dbbbdf641aca1ae7a4773ce06df&name=default HTTP/1.1" status: 200 len: 3120 time: 0.3169208
2026-04-07 01:14:11.053 9 INFO neutron.api.wsgi [req-e45fd92b-8e61-4756-8ada-c2ca7cb4084b req-b9e8c45c-bbdd-462b-8034-23a9b52f0aef 8c83968fab3745a587d4c884fb57ffe0 ebd6f285286b445d83745ac7d8d5a2f8 - - default default] 10.0.0.34 "DELETE /v2.0/security-groups/20dd77ac-c33d-439a-a464-5b1c50b3f5c8 HTTP/1.1" status: 204 len: 173 time: 0.1065195
2026-04-07 01:14:11.088 9 INFO neutron.api.v2.resource [req-0b432b2d-3949-454c-adb1-7344d25414e0 req-ebff0760-db43-4daf-9a2a-e4401c13a3fe 8c83968fab3745a587d4c884fb57ffe0 ebd6f285286b445d83745ac7d8d5a2f8 - - default default] show failed (client error): The resource could not be found.
2026-04-07 01:14:11.089 9 INFO neutron.api.wsgi [req-0b432b2d-3949-454c-adb1-7344d25414e0 req-ebff0760-db43-4daf-9a2a-e4401c13a3fe 8c83968fab3745a587d4c884fb57ffe0 ebd6f285286b445d83745ac7d8d5a2f8 - - default default] 10.0.0.34 "GET /v2.0/security-groups/20dd77ac-c33d-439a-a464-5b1c50b3f5c8 HTTP/1.1" status: 404 len: 352 time: 0.0147104
2026-04-07 01:14:11.093 9 INFO neutron.plugins.ml2.drivers.ovn.mech_driver.mech_driver [None req-342cbde3-381d-4b75-82ae-01d27627835a - - - - - -] OVN reports status up for port: 25ce0c81-653c-4d83-ab57-1fc9b3b96166
2026-04-07 01:14:11.104 9 INFO neutron.plugins.ml2.plugin [None req-342cbde3-381d-4b75-82ae-01d27627835a - - - - - -] Attempt 1 to provision port 25ce0c81-653c-4d83-ab57-1fc9b3b96166
2026-04-07 01:14:11.135 9 INFO neutron.api.wsgi [req-00bc1273-2381-4f8e-9b5c-105e3d724a20 req-c71efa9b-b38c-47d3-b5bc-2f302e8fde09 8c83968fab3745a587d4c884fb57ffe0 ebd6f285286b445d83745ac7d8d5a2f8 - - default default] 10.0.0.34 "GET /v2.0/security-groups/2d2ebf7c-23a0-4866-9067-fbb6b83dee01 HTTP/1.1" status: 200 len: 1879 time: 0.0243397
2026-04-07 01:14:11.262 9 INFO neutron.notifiers.nova [-] Nova event matching ['req-8bb68ee6-fbba-4940-bf2f-58c1c86230ac'] response: {'server_uuid': '26bc7949-9fa5-40ef-8cbd-8296b8faa57b', 'name': 'network-vif-plugged', 'status': 'completed', 'tag': '25ce0c81-653c-4d83-ab57-1fc9b3b96166', 'code': 200}
2026-04-07 01:14:11.288 10 INFO neutron.api.wsgi [None req-fde10cd6-04f6-4fd1-83b2-9e57da850765 a846336fdd274255bb1080d3b350db62 c65d38dfb74b4fca8ed94030ed03ca8e - - default default] 10.0.0.138 "DELETE /v2.0/security-groups/f510c63d-727f-48de-8816-d28a8c676ce7 HTTP/1.1" status: 204 len: 168 time: 0.2339113
2026-04-07 01:14:11.307 9 INFO neutron.api.wsgi [req-00bc1273-2381-4f8e-9b5c-105e3d724a20 req-c4d0d469-cf12-4ea7-9d37-a135b39a94ff 8c83968fab3745a587d4c884fb57ffe0 ebd6f285286b445d83745ac7d8d5a2f8 - - default default] 10.0.0.34 "DELETE /v2.0/security-groups/2d2ebf7c-23a0-4866-9067-fbb6b83dee01 HTTP/1.1" status: 204 len: 173 time: 0.1665897
2026-04-07 01:14:11.341 9 INFO neutron.api.v2.resource [req-a41c9a8c-8f34-4b41-91ba-61dadd916236 req-2aff06e5-b6d2-4e3a-9594-98a966a4c03d 8c83968fab3745a587d4c884fb57ffe0 ebd6f285286b445d83745ac7d8d5a2f8 - - default default] show failed (client error): The resource could not be found.
2026-04-07 01:14:11.342 9 INFO neutron.api.wsgi [req-a41c9a8c-8f34-4b41-91ba-61dadd916236 req-2aff06e5-b6d2-4e3a-9594-98a966a4c03d 8c83968fab3745a587d4c884fb57ffe0 ebd6f285286b445d83745ac7d8d5a2f8 - - default default] 10.0.0.34 "GET /v2.0/security-groups/2d2ebf7c-23a0-4866-9067-fbb6b83dee01 HTTP/1.1" status: 404 len: 352 time: 0.0127573
2026-04-07 01:14:11.373 9 INFO neutron.db.ovn_revision_numbers_db [None req-342cbde3-381d-4b75-82ae-01d27627835a - - - - - -] Successfully bumped revision number for resource 25ce0c81-653c-4d83-ab57-1fc9b3b96166 (type: ports) to 5
2026-04-07 01:14:11.384 9 INFO neutron.api.wsgi [req-a22bc50c-ddcd-4069-9ebe-f9bc820c1fb6 req-535306a2-7cd4-4b1b-9d79-d19e12b45501 8c83968fab3745a587d4c884fb57ffe0 ebd6f285286b445d83745ac7d8d5a2f8 - - default default] 10.0.0.34 "GET /v2.0/security-groups/e4df597a-e378-4020-9acd-a20e8a3ec3f9 HTTP/1.1" status: 200 len: 1881 time: 0.0205762
2026-04-07 01:14:11.496 9 INFO neutron.api.wsgi [req-a22bc50c-ddcd-4069-9ebe-f9bc820c1fb6 req-a3f40eff-6449-404c-8a40-260cd4c6db88 8c83968fab3745a587d4c884fb57ffe0 ebd6f285286b445d83745ac7d8d5a2f8 - - default default] 10.0.0.34 "DELETE /v2.0/security-groups/e4df597a-e378-4020-9acd-a20e8a3ec3f9 HTTP/1.1" status: 204 len: 173 time: 0.1063678 /var/lib/openstack/lib/python3.12/site-packages/pycadf/identifier.py:71: UserWarning: Invalid uuid: neutron. To ensure interoperability, identifiers should be a valid uuid. warnings.warn(('Invalid uuid: %s. To ensure interoperability, '
2026-04-07 01:14:11.533 9 INFO neutron.api.v2.resource [req-6abcbb4e-1279-433c-ab99-c97e032322c9 req-3cb9d2f9-d87d-48b5-8b21-ad141371f02d 8c83968fab3745a587d4c884fb57ffe0 ebd6f285286b445d83745ac7d8d5a2f8 - - default default] show failed (client error): The resource could not be found.
2026-04-07 01:14:11.534 9 INFO neutron.api.wsgi [req-6abcbb4e-1279-433c-ab99-c97e032322c9 req-3cb9d2f9-d87d-48b5-8b21-ad141371f02d 8c83968fab3745a587d4c884fb57ffe0 ebd6f285286b445d83745ac7d8d5a2f8 - - default default] 10.0.0.34 "GET /v2.0/security-groups/e4df597a-e378-4020-9acd-a20e8a3ec3f9 HTTP/1.1" status: 404 len: 352 time: 0.0141730
2026-04-07 01:14:11.594 9 INFO neutron.api.wsgi [req-e4177127-4da0-483a-8a97-6d1072caad79 req-7de56e39-5abf-4437-979a-dbc7c43fdcfb 8c83968fab3745a587d4c884fb57ffe0 ebd6f285286b445d83745ac7d8d5a2f8 - - default default] 10.0.0.34 "GET /v2.0/security-groups?tenant_id=ebd6f285286b445d83745ac7d8d5a2f8 HTTP/1.1" status: 200 len: 3125 time: 0.0392866
2026-04-07 01:14:11.694 9 INFO neutron.api.wsgi [req-e4177127-4da0-483a-8a97-6d1072caad79 req-57e62330-d372-43ba-879e-4b0c17b19353 8c83968fab3745a587d4c884fb57ffe0 ebd6f285286b445d83745ac7d8d5a2f8 - - default default] 10.0.0.34 "GET /v2.0/security-groups/7d5466d3-1feb-4c42-9f72-1ded6f31a2f6 HTTP/1.1" status: 200 len: 3122 time: 0.0948961
2026-04-07 01:14:11.732 9 INFO neutron.api.wsgi [req-e4177127-4da0-483a-8a97-6d1072caad79 req-6c2895b5-059c-4186-9542-201db0d2d680 8c83968fab3745a587d4c884fb57ffe0 ebd6f285286b445d83745ac7d8d5a2f8 - - default default] 10.0.0.34 "GET /v2.0/security-groups/7d5466d3-1feb-4c42-9f72-1ded6f31a2f6 HTTP/1.1" status: 200 len: 3122 time: 0.0308628
2026-04-07 01:14:11.770 9 INFO neutron.api.v2.resource [req-e8d92185-f7de-41eb-a7f8-fcd0f86d1744 req-7027496c-6b2b-404d-9ac8-b2654c2a4bbb 8c83968fab3745a587d4c884fb57ffe0 ebd6f285286b445d83745ac7d8d5a2f8 - - default default] show failed (client error): The resource could not be found.
2026-04-07 01:14:11.771 9 INFO neutron.api.wsgi [req-e8d92185-f7de-41eb-a7f8-fcd0f86d1744 req-7027496c-6b2b-404d-9ac8-b2654c2a4bbb 8c83968fab3745a587d4c884fb57ffe0 ebd6f285286b445d83745ac7d8d5a2f8 - - default default] 10.0.0.34 "GET /v2.0/security-groups/e4df597a-e378-4020-9acd-a20e8a3ec3f9 HTTP/1.1" status: 404 len: 352 time: 0.0167575
2026-04-07 01:14:11.809 9 INFO neutron.api.v2.resource [req-f4e606ad-9887-487e-b426-260ca2194d90 req-9ad56acb-1f97-4d63-8d2e-5393771bf67c 8c83968fab3745a587d4c884fb57ffe0 ebd6f285286b445d83745ac7d8d5a2f8 - - default default] show failed (client error): The resource could not be found.
2026-04-07 01:14:11.810 9 INFO neutron.api.wsgi [req-f4e606ad-9887-487e-b426-260ca2194d90 req-9ad56acb-1f97-4d63-8d2e-5393771bf67c 8c83968fab3745a587d4c884fb57ffe0 ebd6f285286b445d83745ac7d8d5a2f8 - - default default] 10.0.0.34 "GET /v2.0/security-groups/2d2ebf7c-23a0-4866-9067-fbb6b83dee01 HTTP/1.1" status: 404 len: 352 time: 0.0199983
2026-04-07 01:14:11.842 9 INFO neutron.api.v2.resource [req-594c2811-7a4c-4be9-8f2b-901ab5aa1971 req-11c5197f-0729-4c4a-89a3-e730171ad773 8c83968fab3745a587d4c884fb57ffe0 ebd6f285286b445d83745ac7d8d5a2f8 - - default default] show failed (client error): The resource could not be found.
2026-04-07 01:14:11.843 9 INFO neutron.api.wsgi [req-594c2811-7a4c-4be9-8f2b-901ab5aa1971 req-11c5197f-0729-4c4a-89a3-e730171ad773 8c83968fab3745a587d4c884fb57ffe0 ebd6f285286b445d83745ac7d8d5a2f8 - - default default] 10.0.0.34 "GET /v2.0/security-groups/20dd77ac-c33d-439a-a464-5b1c50b3f5c8 HTTP/1.1" status: 404 len: 352 time: 0.0138350
2026-04-07 01:14:11.993 9 INFO neutron.api.wsgi [req-6082ad80-f7d7-4184-b5bd-63205063ca39 req-b55a2067-ec4e-48a7-9a5b-ffefc1cca623 5ec2fa5c407647659269c309368f01e3 01fce35b331149e6b85ff1a0180efeb9 - - default default] 10.0.0.34 "GET /v2.0/ports?device_id=26bc7949-9fa5-40ef-8cbd-8296b8faa57b HTTP/1.1" status: 200 len: 1174 time: 0.0606606
2026-04-07 01:14:12.236 9 INFO neutron.api.wsgi [req-6082ad80-f7d7-4184-b5bd-63205063ca39 req-22c7498c-54f3-4bd3-98a7-b9693d8287dd 5ec2fa5c407647659269c309368f01e3 01fce35b331149e6b85ff1a0180efeb9 - - default default] 10.0.0.34 "GET /v2.0/security-groups?id=3d353f7b-a65f-4757-8bcf-caa8524da2b5&fields=id&fields=name HTTP/1.1" status: 200 len: 313 time: 0.2279220
2026-04-07 01:14:12.313 9 INFO neutron.api.wsgi [req-c3764c5c-798b-479c-8676-e75f36183628 req-539f0ffa-980f-4b90-8369-ad2565945719 5d1d5c78f15d4071be7ed443e906db8b b951c5383966400d8ee66ecbb39f338a - - default default] 10.0.0.34 "GET /v2.0/ports?device_id=9c2df6f5-ea67-405e-958f-82844877e803 HTTP/1.1" status: 200 len: 1168 time: 0.1122830
2026-04-07 01:14:12.350 9 INFO neutron.api.wsgi [req-c3764c5c-798b-479c-8676-e75f36183628 req-eb636a4d-7c48-48b5-9853-e2e4d0907328 5d1d5c78f15d4071be7ed443e906db8b b951c5383966400d8ee66ecbb39f338a - - default default] 10.0.0.34 "GET /v2.0/security-groups?id=445aa75f-3845-423b-ab99-e859e01eae90&fields=id&fields=name HTTP/1.1" status: 200 len: 312 time: 0.0309105
2026-04-07 01:14:13.282 9 INFO neutron.api.wsgi [None req-fdaf9fb6-68db-4976-a60d-0489eb572432 a846336fdd274255bb1080d3b350db62 c65d38dfb74b4fca8ed94030ed03ca8e - - default default] 10.0.0.138 "PUT /v2.0/routers/6e5e452f-77c0-4106-84b1-c6819bb47fe7/remove_router_interface HTTP/1.1" status: 200 len: 503 time: 1.4288907
2026-04-07 01:14:13.299 9 INFO neutron.notifiers.nova [-] Nova event matching ['req-f6392f6e-b33c-4fdd-b932-980638264841'] response: {'server_uuid': '26bc7949-9fa5-40ef-8cbd-8296b8faa57b', 'name': 'network-vif-plugged', 'status': 'completed', 'tag': '25ce0c81-653c-4d83-ab57-1fc9b3b96166', 'code': 200} /var/lib/openstack/lib/python3.12/site-packages/pycadf/identifier.py:71: UserWarning: Invalid uuid: neutron. To ensure interoperability, identifiers should be a valid uuid. warnings.warn(('Invalid uuid: %s. To ensure interoperability, '
2026-04-07 01:14:13.350 9 INFO neutron.api.wsgi [req-0763c1f9-f541-4c1b-b404-7769836f88e5 req-2989ee45-f3f8-461e-962a-8e5f35cf6805 5ec2fa5c407647659269c309368f01e3 01fce35b331149e6b85ff1a0180efeb9 - - default default] 10.0.0.34 "GET /v2.0/ports?device_id=26bc7949-9fa5-40ef-8cbd-8296b8faa57b HTTP/1.1" status: 200 len: 1174 time: 0.0373542
2026-04-07 01:14:13.405 9 INFO neutron.api.wsgi [req-0763c1f9-f541-4c1b-b404-7769836f88e5 req-3b3101ab-98bf-4080-9629-e66bd9edd3b0 5ec2fa5c407647659269c309368f01e3 01fce35b331149e6b85ff1a0180efeb9 - - default default] 10.0.0.34 "GET /v2.0/security-groups?id=3d353f7b-a65f-4757-8bcf-caa8524da2b5&fields=id&fields=name HTTP/1.1" status: 200 len: 313 time: 0.0493934
2026-04-07 01:14:13.441 9 INFO neutron.api.wsgi [req-014d87b6-8846-4539-84a6-623e1e066c55 req-75cae8a2-de66-4a41-b4a5-61249cc9bb5d 5d1d5c78f15d4071be7ed443e906db8b b951c5383966400d8ee66ecbb39f338a - - default default] 10.0.0.34 "GET /v2.0/ports?device_id=9c2df6f5-ea67-405e-958f-82844877e803 HTTP/1.1" status: 200 len: 1168 time: 0.0348761
2026-04-07 01:14:13.483 9 INFO neutron.api.wsgi [req-014d87b6-8846-4539-84a6-623e1e066c55 req-292d88eb-581a-4252-ac63-65ad8b27b3a8 5d1d5c78f15d4071be7ed443e906db8b b951c5383966400d8ee66ecbb39f338a - - default default] 10.0.0.34 "GET /v2.0/security-groups?id=445aa75f-3845-423b-ab99-e859e01eae90&fields=id&fields=name HTTP/1.1" status: 200 len: 312 time: 0.0343299
2026-04-07 01:14:13.523 9 INFO neutron.api.wsgi [req-ed98ea29-2958-45a8-bd04-8bae5fc802fd req-f82fc9ce-41d9-4b1f-b344-63152d817814 5ec2fa5c407647659269c309368f01e3 01fce35b331149e6b85ff1a0180efeb9 - - default default] 10.0.0.34 "GET /v2.0/ports?device_id=26bc7949-9fa5-40ef-8cbd-8296b8faa57b HTTP/1.1" status: 200 len: 1174 time: 0.0400620
2026-04-07 01:14:13.567 9 INFO neutron.plugins.ml2.drivers.ovn.mech_driver.mech_driver [None req-902f8157-2b97-4d83-ba3f-ebbf271b3761 - - - - - -] OVN reports status up for port: 4be27edc-1cb9-4d6b-b953-f2f92180772c
2026-04-07 01:14:13.590 9 INFO neutron.plugins.ml2.plugin [None req-902f8157-2b97-4d83-ba3f-ebbf271b3761 - - - - - -] Attempt 1 to provision port 4be27edc-1cb9-4d6b-b953-f2f92180772c
2026-04-07 01:14:14.119 10 INFO neutron.api.wsgi [None req-f4958883-4381-4581-9a75-9a12b3f0f04d a846336fdd274255bb1080d3b350db62 c65d38dfb74b4fca8ed94030ed03ca8e - - default default] 10.0.0.138 "DELETE /v2.0/routers/6e5e452f-77c0-4106-84b1-c6819bb47fe7 HTTP/1.1" status: 204 len: 168 time: 0.8324015
2026-04-07 01:14:14.245 9 INFO neutron.db.ovn_revision_numbers_db [None req-902f8157-2b97-4d83-ba3f-ebbf271b3761 - - - - - -] Successfully bumped revision number for resource 4be27edc-1cb9-4d6b-b953-f2f92180772c (type: ports) to 5
2026-04-07 01:14:14.288 10 INFO neutron.api.wsgi [None req-9b18d249-a8df-4f3a-8045-cf908d701e52 a846336fdd274255bb1080d3b350db62 c65d38dfb74b4fca8ed94030ed03ca8e - - default default] 10.0.0.138 "DELETE /v2.0/subnets/b77e29e3-5a8b-4d22-a4a7-d07aa0705c42 HTTP/1.1" status: 204 len: 168 time: 0.1634009
2026-04-07 01:14:14.533 10 INFO neutron.services.segments.plugin [-] Segment 5c3006b7-afd3-4d2e-b9db-d6e8dbd65dba resource provider aggregate not found
2026-04-07 01:14:14.535 9 INFO neutron.db.ovn_revision_numbers_db [None req-78e3a94e-fc9e-49aa-8c18-d33dc27318f9 5ec2fa5c407647659269c309368f01e3 01fce35b331149e6b85ff1a0180efeb9 - - default default] Successfully bumped revision number for resource 5e51147b-eea7-4984-b2c9-5f1eea0a2cfa (type: floatingips) to 1
